173.252.83.7 - - [25/Feb/2023:11:14:05 -0800] "GET /princeton/forrestalmap2.jpg HTTP/1.1" 200 54761 "-" "facebookexternalhit/1.1 (+http://www.facebook.com/externalhit_uatext.php)" "ysfine.com"
192.99.7.70 - - [25/Feb/2023:11:14:06 -0800] "GET /world/baltic/kalin08.jpg HTTP/1.1" 200 122454 "-" "Mozilla/5.0 (compatible; MJ12bot/v1.4.8; http://mj12bot.com/)" "www.ysfine.com"
192.99.7.70 - - [25/Feb/2023:11:14:08 -0800] "GET /world/baltic/kalin09.jpg HTTP/1.1" 200 93205 "-" "Mozilla/5.0 (compatible; MJ12bot/v1.4.8; http://mj12bot.com/)" "www.ysfine.com"
192.99.7.70 - - [25/Feb/2023:11:14:10 -0800] "GET /world/baltic/kalin11.jpg HTTP/1.1" 200 62846 "-" "Mozilla/5.0 (compatible; MJ12bot/v1.4.8; http://mj12bot.com/)" "www.ysfine.com"
192.99.7.70 - - [25/Feb/2023:11:14:12 -0800] "GET /world/baltic/kalin13.jpg HTTP/1.1" 200 87598 "-" "Mozilla/5.0 (compatible; MJ12bot/v1.4.8; http://mj12bot.com/)" "www.ysfine.com"
192.99.7.70 - - [25/Feb/2023:11:14:15 -0800] "GET /world/baltic/kalin15.jpg HTTP/1.1" 200 89905 "-" "Mozilla/5.0 (compatible; MJ12bot/v1.4.8; http://mj12bot.com/)" "www.ysfine.com"
192.99.7.70 - - [25/Feb/2023:11:14:17 -0800] "GET /world/baltic/kalin16.jpg HTTP/1.1" 200 89716 "-" "Mozilla/5.0 (compatible; MJ12bot/v1.4.8; http://mj12bot.com/)" "www.ysfine.com"
216.244.66.229 - - [25/Feb/2023:11:14:19 -0800] "GET /sbk/2018mos09.jpg HTTP/1.1" 200 194216 "-" "Mozilla/5.0 (compatible; DotBot/1.2; +https://opensiteexplorer.org/dotbot; help@moz.com)" "ysfine.com"
192.99.7.70 - - [25/Feb/2023:11:14:20 -0800] "GET /world/baltic/kalin18.jpg HTTP/1.1" 200 66935 "-" "Mozilla/5.0 (compatible; MJ12bot/v1.4.8; http://mj12bot.com/)" "www.ysfine.com"
192.99.7.70 - - [25/Feb/2023:11:14:21 -0800] "GET /world/baltic/kalin19.jpg HTTP/1.1" 200 74948 "-" "Mozilla/5.0 (compatible; MJ12bot/v1.4.8; http://mj12bot.com/)" "www.ysfine.com"
192.99.7.70 - - [25/Feb/2023:11:14:23 -0800] "GET /world/baltic/kalin20.jpg HTTP/1.1" 200 93096 "-" "Mozilla/5.0 (compatible; MJ12bot/v1.4.8; http://mj12bot.com/)" "www.ysfine.com"
192.99.7.70 - - [25/Feb/2023:11:14:25 -0800] "GET /world/baltic/kalin21.jpg HTTP/1.1" 200 86494 "-" "Mozilla/5.0 (compatible; MJ12bot/v1.4.8; http://mj12bot.com/)" "www.ysfine.com"
192.99.7.70 - - [25/Feb/2023:11:14:29 -0800] "GET /world/baltic/kalin22.jpg HTTP/1.1" 200 152819 "-" "Mozilla/5.0 (compatible; MJ12bot/v1.4.8; http://mj12bot.com/)" "www.ysfine.com"
192.99.7.70 - - [25/Feb/2023:11:14:31 -0800] "GET /world/baltic/kalin23.jpg HTTP/1.1" 200 97433 "-" "Mozilla/5.0 (compatible; MJ12bot/v1.4.8; http://mj12bot.com/)" "www.ysfine.com"
192.99.7.70 - - [25/Feb/2023:11:14:34 -0800] "GET /world/baltic/kalin26.jpg HTTP/1.1" 200 77396 "-" "Mozilla/5.0 (compatible; MJ12bot/v1.4.8; http://mj12bot.com/)" "www.ysfine.com"
207.46.13.212 - - [25/Feb/2023:11:14:36 -0800] "GET /wigner/gim/gimn63b.jpg HTTP/1.1" 200 31560 "-" "Mozilla/5.0 AppleWebKit/537.36 (KHTML, like Gecko; compatible; bingbot/2.0; +http://www.bing.com/bingbot.htm) Chrome/103.0.5060.134 Safari/537.36" "ysfine.com"
192.99.7.70 - - [25/Feb/2023:11:14:37 -0800] "GET /world/baltic/kalin27.jpg HTTP/1.1" 200 57395 "-" "Mozilla/5.0 (compatible; MJ12bot/v1.4.8; http://mj12bot.com/)" "www.ysfine.com"
192.99.7.70 - - [25/Feb/2023:11:14:40 -0800] "GET /world/baltic/kalin28.jpg HTTP/1.1" 200 95941 "-" "Mozilla/5.0 (compatible; MJ12bot/v1.4.8; http://mj12bot.com/)" "www.ysfine.com"
192.99.7.70 - - [25/Feb/2023:11:14:43 -0800] "GET /world/baltic/kalin29.jpg HTTP/1.1" 200 94643 "-" "Mozilla/5.0 (compatible; MJ12bot/v1.4.8; http://mj12bot.com/)" "www.ysfine.com"
192.99.7.70 - - [25/Feb/2023:11:14:45 -0800] "GET /world/baltic/kalin30.jpg HTTP/1.1" 200 94863 "-" "Mozilla/5.0 (compatible; MJ12bot/v1.4.8; http://mj12bot.com/)" "www.ysfine.com"
192.99.7.70 - - [25/Feb/2023:11:14:48 -0800] "GET /world/baltic/kalin36.jpg HTTP/1.1" 200 180404 "-" "Mozilla/5.0 (compatible; MJ12bot/v1.4.8; http://mj12bot.com/)" "www.ysfine.com"
192.99.7.70 - - [25/Feb/2023:11:14:51 -0800] "GET /world/baltic/kalin37.jpg HTTP/1.1" 200 85104 "-" "Mozilla/5.0 (compatible; MJ12bot/v1.4.8; http://mj12bot.com/)" "www.ysfine.com"
192.99.7.70 - - [25/Feb/2023:11:14:53 -0800] "GET /world/baltic/kalin38.jpg HTTP/1.1" 200 54861 "-" "Mozilla/5.0 (compatible; MJ12bot/v1.4.8; http://mj12bot.com/)" "www.ysfine.com"
192.99.7.70 - - [25/Feb/2023:11:14:57 -0800] "GET /world/baltic/kalinamber01.jpg HTTP/1.1" 200 62838 "-" "Mozilla/5.0 (compatible; MJ12bot/v1.4.8; http://mj12bot.com/)" "www.ysfine.com"
64.124.8.50 - - [25/Feb/2023:11:14:58 -0800] "GET /ysbio/world/ital/stcroce09.jpg HTTP/1.1" 404 88 "-" "Mozilla/5.0 (Macintosh; Intel Mac OS X 10_15_7) AppleWebKit/537.36 (KHTML, like Gecko) Chrome/107.0.0.0 Safari/537.36" "ysfine.com"
192.99.7.70 - - [25/Feb/2023:11:14:59 -0800] "GET /world/baltic/kalinamber02.jpg HTTP/1.1" 200 40685 "-" "Mozilla/5.0 (compatible; MJ12bot/v1.4.8; http://mj12bot.com/)" "www.ysfine.com"
192.99.7.70 - - [25/Feb/2023:11:15:01 -0800] "GET /world/baltic/kalinamber03.jpg HTTP/1.1" 200 97209 "-" "Mozilla/5.0 (compatible; MJ12bot/v1.4.8; http://mj12bot.com/)" "www.ysfine.com"
192.99.7.70 - - [25/Feb/2023:11:15:03 -0800] "GET /world/baltic/kalinbeach.jpg HTTP/1.1" 200 55631 "-" "Mozilla/5.0 (compatible; MJ12bot/v1.4.8; http://mj12bot.com/)" "www.ysfine.com"
216.244.66.229 - - [25/Feb/2023:11:15:03 -0800] "GET /world/scandi/sto003.jpg HTTP/1.1" 200 68598 "-" "Mozilla/5.0 (compatible; DotBot/1.2; +https://opensiteexplorer.org/dotbot; help@moz.com)" "ysfine.com"
192.99.7.70 - - [25/Feb/2023:11:15:06 -0800] "GET /world/baltic/kalinchurch.jpg HTTP/1.1" 200 149379 "-" "Mozilla/5.0 (compatible; MJ12bot/v1.4.8; http://mj12bot.com/)" "www.ysfine.com"
192.99.7.70 - - [25/Feb/2023:11:15:09 -0800] "GET /world/baltic/kalinfamily.jpg HTTP/1.1" 200 80965 "-" "Mozilla/5.0 (compatible; MJ12bot/v1.4.8; http://mj12bot.com/)" "www.ysfine.com"
192.99.7.70 - - [25/Feb/2023:11:15:10 -0800] "GET /world/baltic/kalinho22.jpg HTTP/1.1" 200 145864 "-" "Mozilla/5.0 (compatible; MJ12bot/v1.4.8; http://mj12bot.com/)" "www.ysfine.com"
192.99.7.70 - - [25/Feb/2023:11:15:14 -0800] "GET /world/baltic/kalinhouse.jpg HTTP/1.1" 200 128792 "-" "Mozilla/5.0 (compatible; MJ12bot/v1.4.8; http://mj12bot.com/)" "www.ysfine.com"
192.99.7.70 - - [25/Feb/2023:11:15:16 -0800] "GET /world/baltic/kalinmap22.jpg HTTP/1.1" 200 53761 "-" "Mozilla/5.0 (compatible; MJ12bot/v1.4.8; http://mj12bot.com/)" "www.ysfine.com"
192.99.7.70 - - [25/Feb/2023:11:15:20 -0800] "GET /world/baltic/kalinmap99.jpg HTTP/1.1" 200 104807 "-" "Mozilla/5.0 (compatible; MJ12bot/v1.4.8; http://mj12bot.com/)" "www.ysfine.com"
192.99.7.70 - - [25/Feb/2023:11:15:22 -0800] "GET /world/baltic/kalinstamp.jpg HTTP/1.1" 200 104263 "-" "Mozilla/5.0 (compatible; MJ12bot/v1.4.8; http://mj12bot.com/)" "www.ysfine.com"
192.99.7.70 - - [25/Feb/2023:11:15:27 -0800] "GET /world/baltic/kantbooks.jpg HTTP/1.1" 200 77805 "-" "Mozilla/5.0 (compatible; MJ12bot/v1.4.8; http://mj12bot.com/)" "www.ysfine.com"
192.99.7.70 - - [25/Feb/2023:11:15:30 -0800] "GET /world/baltic/kantcather.jpg HTTP/1.1" 200 101240 "-" "Mozilla/5.0 (compatible; MJ12bot/v1.4.8; http://mj12bot.com/)" "www.ysfine.com"
192.99.7.70 - - [25/Feb/2023:11:15:33 -0800] "GET /world/baltic/kantm08.jpg HTTP/1.1" 200 111853 "-" "Mozilla/5.0 (compatible; MJ12bot/v1.4.8; http://mj12bot.com/)" "www.ysfine.com"
192.99.7.70 - - [25/Feb/2023:11:15:35 -0800] "GET /world/baltic/kantm09.jpg HTTP/1.1" 200 132684 "-" "Mozilla/5.0 (compatible; MJ12bot/v1.4.8; http://mj12bot.com/)" "www.ysfine.com"
192.99.7.70 - - [25/Feb/2023:11:15:38 -0800] "GET /world/baltic/kantmuse.jpg HTTP/1.1" 200 85993 "-" "Mozilla/5.0 (compatible; MJ12bot/v1.4.8; http://mj12bot.com/)" "www.ysfine.com"
192.99.7.70 - - [25/Feb/2023:11:15:41 -0800] "GET /world/baltic/kantmuse22.jpg HTTP/1.1" 200 82332 "-" "Mozilla/5.0 (compatible; MJ12bot/v1.4.8; http://mj12bot.com/)" "www.ysfine.com"
192.99.7.70 - - [25/Feb/2023:11:15:43 -0800] "GET /world/baltic/kantruss.jpg HTTP/1.1" 200 106585 "-" "Mozilla/5.0 (compatible; MJ12bot/v1.4.8; http://mj12bot.com/)" "www.ysfine.com"
192.99.7.70 - - [25/Feb/2023:11:15:46 -0800] "GET /world/baltic/kantstatue.jpg HTTP/1.1" 200 108698 "-" "Mozilla/5.0 (compatible; MJ12bot/v1.4.8; http://mj12bot.com/)" "www.ysfine.com"
66.23.225.248 - - [25/Feb/2023:11:16:20 -0800] "POST / HTTP/1.1" 200 5300 "-" "Mozilla/5.0 (X11; Linux x86_64) AppleWebKit/537.36 (KHTML, like Gecko) Chrome/81.0.4044.129 Safari/537.36" "ysfine.com"
64.124.8.57 - - [25/Feb/2023:11:16:29 -0800] "GET /world/russ/kiev001.jpg HTTP/1.1" 200 170854 "-" "Mozilla/5.0 (Macintosh; Intel Mac OS X 10_15_7) AppleWebKit/537.36 (KHTML, like Gecko) Chrome/107.0.0.0 Safari/537.36" "ysfine.com"
207.46.13.220 - - [25/Feb/2023:11:16:47 -0800] "GET /kowar/kimis53.jpg HTTP/1.1" 200 159563 "-" "Mozilla/5.0 AppleWebKit/537.36 (KHTML, like Gecko; compatible; bingbot/2.0; +http://www.bing.com/bingbot.htm) Chrome/103.0.5060.134 Safari/537.36" "ysfine.com"
198.16.66.157 - - [25/Feb/2023:11:16:54 -0800] "GET /kowar/tanks/tank54.jpg HTTP/1.1" 200 76330 "https://uk.images.search.yahoo.com/search/images;_ylt=AwrFF7mPXfpjeBQaL3lNBQx.;_ylu=c2VjA3NlYXJjaARzbGsDYnV0dG9u;_ylc=X1MDMjExNDcxNzAwNQRfcgMyBGZyA21jYWZlZQRmcjIDcDpzLHY6aSxtOnNiLXRvcARncHJpZANJYk1tbER2b1EuLkJxd01xTzlDUW5BBG5fcnNsdAMwBG5fc3VnZwMxMARvcmlnaW4DdWsuaW1hZ2VzLnNlYXJjaC55YWhvby5jb20EcG9zAzAEcHFzdHIDBHBxc3RybAMwBHFzdHJsAzUEcXVlcnkDdGFuayUyMAR0X3N0bXADMTY3NzM1MjU0MA--?p=tank+&fr=mcafee&fr2=p%3As%2Cv%3Ai%2Cm%3Asb-top&ei=UTF-8&x=wrt&type=E211GB885G0" "Mozilla/5.0 (Windows NT 10.0; Win64; x64) AppleWebKit/537.36 (KHTML, like Gecko) Chrome/110.0.0.0 Safari/537.36" "ysfine.com"
76.176.210.144 - - [25/Feb/2023:11:17:32 -0800] "GET /kowar/panmun04.jpg HTTP/1.1" 200 126386 "https://www.google.com/" "Mozilla/5.0 (Windows NT 10.0; Win64; x64) AppleWebKit/537.36 (KHTML, like Gecko) Chrome/110.0.0.0 Safari/537.36" "ysfine.com"
40.77.167.178 - - [25/Feb/2023:11:17:33 -0800] "GET /newyork/colum12.jpg HTTP/1.1" 200 105871 "-" "Mozilla/5.0 AppleWebKit/537.36 (KHTML, like Gecko; compatible; bingbot/2.0; +http://www.bing.com/bingbot.htm) Chrome/103.0.5060.134 Safari/537.36" "ysfine.com"
173.252.83.1 - - [25/Feb/2023:11:17:37 -0800] "GET /ffriends/aline/jal24b.jpg HTTP/1.1" 200 36191 "-" "facebookexternalhit/1.1 (+http://www.facebook.com/externalhit_uatext.php)" "ysfine.com"
49.7.21.101 - - [25/Feb/2023:11:17:59 -0800] "GET / HTTP/1.1" 200 5300 "-" "Sogou web spider/4.0(+http://www.sogou.com/docs/help/webmasters.htm#07)" "ysfine.com"
64.124.8.50 - - [25/Feb/2023:11:18:16 -0800] "GET /world/germany/goetting07.jpg HTTP/1.1" 200 102104 "-" "Mozilla/5.0 (Macintosh; Intel Mac OS X 10_15_7) AppleWebKit/537.36 (KHTML, like Gecko) Chrome/107.0.0.0 Safari/537.36" "ysfine.com"
64.124.8.55 - - [25/Feb/2023:11:19:18 -0800] "GET /world/ital/verona18.jpg HTTP/1.1" 200 90809 "-" "Mozilla/5.0 (Macintosh; Intel Mac OS X 10_15_7) AppleWebKit/537.36 (KHTML, like Gecko) Chrome/107.0.0.0 Safari/537.36" "www.ysfine.com"
64.124.8.49 - - [25/Feb/2023:11:20:25 -0800] "GET /world/brit/embassy04.jpg HTTP/1.1" 200 137563 "-" "Mozilla/5.0 (Macintosh; Intel Mac OS X 10_15_7) AppleWebKit/537.36 (KHTML, like Gecko) Chrome/107.0.0.0 Safari/537.36" "www.ysfine.com"
64.124.8.49 - - [25/Feb/2023:11:20:36 -0800] "GET /world/germany/hegel10.jpg HTTP/1.1" 200 78856 "-" "Mozilla/5.0 (Macintosh; Intel Mac OS X 10_15_7) AppleWebKit/537.36 (KHTML, like Gecko) Chrome/107.0.0.0 Safari/537.36" "ysfine.com"
64.124.8.48 - - [25/Feb/2023:11:21:00 -0800] "GET /kowar/tanks/midget.jpg HTTP/1.1" 200 117480 "-" "Mozilla/5.0 (Macintosh; Intel Mac OS X 10_15_7) AppleWebKit/537.36 (KHTML, like Gecko) Chrome/107.0.0.0 Safari/537.36" "www.ysfine.com"
64.124.8.49 - - [25/Feb/2023:11:22:20 -0800] "GET /ysbio/world/germany/vienna15.jpg HTTP/1.1" 404 88 "-" "Mozilla/5.0 (Macintosh; Intel Mac OS X 10_15_7) AppleWebKit/537.36 (KHTML, like Gecko) Chrome/107.0.0.0 Safari/537.36" "www.ysfine.com"
64.124.8.57 - - [25/Feb/2023:11:22:29 -0800] "GET /ysbio/world/brit/dunf08.jpg HTTP/1.1" 404 88 "-" "Mozilla/5.0 (Macintosh; Intel Mac OS X 10_15_7) AppleWebKit/537.36 (KHTML, like Gecko) Chrome/107.0.0.0 Safari/537.36" "www.ysfine.com"
3.225.155.134 - - [25/Feb/2023:11:22:32 -0800] "HEAD /world/russ/czar10.jpg HTTP/1.1" 200 - "-" "PostmanRuntime/7.26.5" "ysfine.com"
3.225.155.134 - - [25/Feb/2023:11:22:32 -0800] "HEAD /world/russ/czar10.jpg HTTP/1.1" 200 - "-" "PostmanRuntime/7.26.5" "ysfine.com"
3.225.155.134 - - [25/Feb/2023:11:22:32 -0800] "GET /world/russ/czar10.jpg HTTP/1.1" 200 170239 "-" "PostmanRuntime/7.26.5" "ysfine.com"
3.225.155.134 - - [25/Feb/2023:11:22:32 -0800] "GET /world/russ/czar10.jpg HTTP/1.1" 200 170239 "-" "PostmanRuntime/7.26.5" "ysfine.com"
64.124.8.48 - - [25/Feb/2023:11:22:40 -0800] "GET /ysbio/world/germany/hegel08.jpg HTTP/1.1" 404 88 "-" "Mozilla/5.0 (Macintosh; Intel Mac OS X 10_15_7) AppleWebKit/537.36 (KHTML, like Gecko) Chrome/107.0.0.0 Safari/537.36" "www.ysfine.com"
64.124.8.48 - - [25/Feb/2023:11:22:56 -0800] "GET /kowar/tanks/stalinorg.jpg HTTP/1.1" 200 135642 "-" "Mozilla/5.0 (Macintosh; Intel Mac OS X 10_15_7) AppleWebKit/537.36 (KHTML, like Gecko) Chrome/107.0.0.0 Safari/537.36" "www.ysfine.com"
34.208.112.176 - - [25/Feb/2023:11:23:14 -0800] "GET /world/latina/rio104.jpg HTTP/1.1" 200 184383 "-" "Mozilla/5.0 (Windows NT 10.0; Win64; x64) AppleWebKit/537.36 (KHTML, like Gecko) Chrome/89.0.4389.114 Safari/537.36" "ysfine.com"
40.77.167.178 - - [25/Feb/2023:11:23:34 -0800] "GET /style/xiangran66b.jpg HTTP/1.1" 200 30098 "-" "Mozilla/5.0 AppleWebKit/537.36 (KHTML, like Gecko; compatible; bingbot/2.0; +http://www.bing.com/bingbot.htm) Chrome/103.0.5060.134 Safari/537.36" "www.ysfine.com"
216.244.66.229 - - [25/Feb/2023:11:23:59 -0800] "GET /class54/class5470/total_data/sub_730.htm HTTP/1.1" 200 13429 "-" "Mozilla/5.0 (compatible; DotBot/1.2; +https://opensiteexplorer.org/dotbot; help@moz.com)" "www.ysfine.com"
216.244.66.229 - - [25/Feb/2023:11:24:04 -0800] "GET /class54/pics/g126.jpg HTTP/1.1" 200 174278 "-" "Mozilla/5.0 (compatible; DotBot/1.2; +https://opensiteexplorer.org/dotbot; help@moz.com)" "www.ysfine.com"
52.167.144.62 - - [25/Feb/2023:11:24:06 -0800] "GET /dirac/dirac84.jpg HTTP/1.1" 200 67390 "-" "Mozilla/5.0 AppleWebKit/537.36 (KHTML, like Gecko; compatible; bingbot/2.0; +http://www.bing.com/bingbot.htm) Chrome/103.0.5060.134 Safari/537.36" "www.ysfine.com"
64.124.8.48 - - [25/Feb/2023:11:24:17 -0800] "GET /wdc/loc05.jpg HTTP/1.1" 200 121845 "-" "Mozilla/5.0 (Macintosh; Intel Mac OS X 10_15_7) AppleWebKit/537.36 (KHTML, like Gecko) Chrome/107.0.0.0 Safari/537.36" "www.ysfine.com"
216.244.66.229 - - [25/Feb/2023:11:24:31 -0800] "GET /ffriends/frsp05.jpg HTTP/1.1" 200 214208 "-" "Mozilla/5.0 (compatible; DotBot/1.2; +https://opensiteexplorer.org/dotbot; help@moz.com)" "www.ysfine.com"
216.244.66.229 - - [25/Feb/2023:11:25:16 -0800] "GET /ffriends/thaigold.jpg HTTP/1.1" 200 138938 "-" "Mozilla/5.0 (compatible; DotBot/1.2; +https://opensiteexplorer.org/dotbot; help@moz.com)" "www.ysfine.com"
64.124.8.57 - - [25/Feb/2023:11:25:50 -0800] "GET /world/france/stras32.jpg HTTP/1.1" 200 137994 "-" "Mozilla/5.0 (Macintosh; Intel Mac OS X 10_15_7) AppleWebKit/537.36 (KHTML, like Gecko) Chrome/107.0.0.0 Safari/537.36" "www.ysfine.com"
216.244.66.229 - - [25/Feb/2023:11:25:58 -0800] "GET /houses/waterg11.jpg HTTP/1.1" 200 103746 "-" "Mozilla/5.0 (compatible; DotBot/1.2; +https://opensiteexplorer.org/dotbot; help@moz.com)" "www.ysfine.com"
64.124.8.29 - - [25/Feb/2023:11:26:27 -0800] "GET /ysbio/world/germany/vienna01.jpg HTTP/1.1" 404 88 "-" "Mozilla/5.0 (Macintosh; Intel Mac OS X 10_15_7) AppleWebKit/537.36 (KHTML, like Gecko) Chrome/107.0.0.0 Safari/537.36" "ysfine.com"
178.208.67.55 - - [25/Feb/2023:11:26:30 -0800] "GET /wp-cc.php HTTP/1.1" 404 73 "-" "-" "ysfine.com"
178.208.67.55 - - [25/Feb/2023:11:26:30 -0800] "GET /wp-commentin.php HTTP/1.1" 404 73 "-" "Mozilla/5.0 (Linux; arm_64; Android 8.0.0; ZE520KL) AppleWebKit/537.36 (KHTML, like Gecko) Chrome/88.0.4324.182 YaBrowser/21.2.0.223.00 SA/3 Mobile Safari/537.36" "ysfine.com"
52.226.220.150 - - [25/Feb/2023:11:26:32 -0800] "GET /robots.txt HTTP/1.1" 404 88 "-" "YouBot (+http://www.you.com)" "ysfine.com"
178.208.67.7 - - [25/Feb/2023:11:26:32 -0800] "GET /wp-cc.php HTTP/1.1" 404 73 "-" "Mozilla/5.0 (Linux; Android 11; SM-A125F) AppleWebKit/537.36 (KHTML, like Gecko) Chrome/89.0.4389.105 Mobile Safari/537.36 OPR/63.3.3216.58675" "ysfine.com"
178.208.67.7 - - [25/Feb/2023:11:26:32 -0800] "GET /wp-commentin.php HTTP/1.1" 404 73 "-" "Mozilla/5.0 (Windows NT 10.0; Win64; x64) AppleWebKit/537.36 (KHTML, like Gecko) Chrome/87.0.4280.88 Safari/537.36" "ysfine.com"
52.226.220.150 - - [25/Feb/2023:11:26:32 -0800] "GET /maga/bohrdc.html HTTP/1.1" 200 4181 "-" "YouBot (+http://www.you.com)" "ysfine.com"
216.244.66.229 - - [25/Feb/2023:11:26:49 -0800] "GET /kowar/myname01.jpg HTTP/1.1" 200 56315 "-" "Mozilla/5.0 (compatible; DotBot/1.2; +https://opensiteexplorer.org/dotbot; help@moz.com)" "www.ysfine.com"
173.252.83.4 - - [25/Feb/2023:11:26:57 -0800] "GET /ffriends/aline/turkair01b.jpg HTTP/1.1" 200 40670 "-" "facebookexternalhit/1.1 (+http://www.facebook.com/externalhit_uatext.php)" "ysfine.com"
89.199.118.102 - - [25/Feb/2023:11:27:09 -0800] "GET /robots.txt HTTP/1.1" 404 88 "-" "Mozilla/5.0 (iPad; CPU OS 8_4_1 like Mac OS X) AppleWebKit/600.1.4.17.9 (KHTML, like Gecko) Version/5.1 Mobile/9B206 Safari/7534.48.3" "ysfine.com"
91.133.240.117 - - [25/Feb/2023:11:27:10 -0800] "GET / HTTP/1.1" 200 5300 "-" "Mozilla/5.0 (iPad; CPU OS 8_1_3 like Mac OS X) AppleWebKit/600.1.4 (KHTML, like Gecko) GSA/7.0.55539 Mobile/12B466 Safari/600.1.4" "ysfine.com"
216.244.66.229 - - [25/Feb/2023:11:27:30 -0800] "GET /princeton/wilsonpr.html HTTP/1.1" 200 5978 "-" "Mozilla/5.0 (compatible; DotBot/1.2; +https://opensiteexplorer.org/dotbot; help@moz.com)" "www.ysfine.com"
98.115.91.46 - - [25/Feb/2023:11:27:32 -0800] "GET /feynman/feychin.jpg HTTP/1.1" 200 33472 "https://www.google.com/" "Mozilla/5.0 (Macintosh; Intel Mac OS X 10_15_7) AppleWebKit/605.1.15 (KHTML, like Gecko) Version/16.3 Safari/605.1.15" "ysfine.com"
98.115.91.46 - - [25/Feb/2023:11:27:32 -0800] "GET /feynman/feynman.jpg HTTP/1.1" 200 40536 "https://www.google.com/" "Mozilla/5.0 (Macintosh; Intel Mac OS X 10_15_7) AppleWebKit/605.1.15 (KHTML, like Gecko) Version/16.3 Safari/605.1.15" "ysfine.com"
216.244.66.229 - - [25/Feb/2023:11:27:59 -0800] "GET /world/baltic/kalin40.jpg HTTP/1.1" 200 86649 "-" "Mozilla/5.0 (compatible; DotBot/1.2; +https://opensiteexplorer.org/dotbot; help@moz.com)" "www.ysfine.com"
52.167.144.62 - - [25/Feb/2023:11:28:16 -0800] "GET /bio/style/proschanie.html HTTP/1.1" 404 88 "-" "Mozilla/5.0 AppleWebKit/537.36 (KHTML, like Gecko; compatible; bingbot/2.0; +http://www.bing.com/bingbot.htm) Chrome/103.0.5060.134 Safari/537.36" "ysfine.com"
216.244.66.229 - - [25/Feb/2023:11:28:30 -0800] "GET /world/baltic/kantbooks11b.jpg HTTP/1.1" 200 29847 "-" "Mozilla/5.0 (compatible; DotBot/1.2; +https://opensiteexplorer.org/dotbot; help@moz.com)" "www.ysfine.com"
103.87.205.7 - - [25/Feb/2023:11:28:31 -0800] "GET /maga/boltzmann.html HTTP/1.1" 200 6052 "https://www.google.com/" "Mozilla/5.0 (Macintosh; Intel Mac OS X 10_15_7) AppleWebKit/537.36 (KHTML, like Gecko) Chrome/109.0.0.0 Safari/537.36" "ysfine.com"
103.87.205.7 - - [25/Feb/2023:11:28:31 -0800] "GET /world/germany/johannstra00b.jpg HTTP/1.1" 200 49436 "https://ysfine.com/maga/boltzmann.html" "Mozilla/5.0 (Macintosh; Intel Mac OS X 10_15_7) AppleWebKit/537.36 (KHTML, like Gecko) Chrome/109.0.0.0 Safari/537.36" "ysfine.com"
103.87.205.7 - - [25/Feb/2023:11:28:31 -0800] "GET /world/germany/vienna71b.jpg HTTP/1.1" 200 46089 "https://ysfine.com/maga/boltzmann.html" "Mozilla/5.0 (Macintosh; Intel Mac OS X 10_15_7) AppleWebKit/537.36 (KHTML, like Gecko) Chrome/109.0.0.0 Safari/537.36" "ysfine.com"
103.87.205.7 - - [25/Feb/2023:11:28:31 -0800] "GET /feynman/feybongo77b.jpg HTTP/1.1" 200 29724 "https://ysfine.com/maga/boltzmann.html" "Mozilla/5.0 (Macintosh; Intel Mac OS X 10_15_7) AppleWebKit/537.36 (KHTML, like Gecko) Chrome/109.0.0.0 Safari/537.36" "ysfine.com"
103.87.205.7 - - [25/Feb/2023:11:28:31 -0800] "GET /maga/boltz/boltz22b.jpg HTTP/1.1" 200 30861 "https://ysfine.com/maga/boltzmann.html" "Mozilla/5.0 (Macintosh; Intel Mac OS X 10_15_7) AppleWebKit/537.36 (KHTML, like Gecko) Chrome/109.0.0.0 Safari/537.36" "ysfine.com"
103.87.205.7 - - [25/Feb/2023:11:28:31 -0800] "GET /maga/boltz/maxrel11b.jpg HTTP/1.1" 200 28313 "https://ysfine.com/maga/boltzmann.html" "Mozilla/5.0 (Macintosh; Intel Mac OS X 10_15_7) AppleWebKit/537.36 (KHTML, like Gecko) Chrome/109.0.0.0 Safari/537.36" "ysfine.com"
103.87.205.7 - - [25/Feb/2023:11:28:31 -0800] "GET /home/yscoup11b.jpg HTTP/1.1" 200 34138 "https://ysfine.com/maga/boltzmann.html" "Mozilla/5.0 (Macintosh; Intel Mac OS X 10_15_7) AppleWebKit/537.36 (KHTML, like Gecko) Chrome/109.0.0.0 Safari/537.36" "ysfine.com"
103.87.205.7 - - [25/Feb/2023:11:28:31 -0800] "GET /wigner/lunch91b.jpg HTTP/1.1" 200 52318 "https://ysfine.com/maga/boltzmann.html" "Mozilla/5.0 (Macintosh; Intel Mac OS X 10_15_7) AppleWebKit/537.36 (KHTML, like Gecko) Chrome/109.0.0.0 Safari/537.36" "ysfine.com"
103.87.205.7 - - [25/Feb/2023:11:28:31 -0800] "GET /wigner/isomor66b.jpg HTTP/1.1" 200 60963 "https://ysfine.com/maga/boltzmann.html" "Mozilla/5.0 (Macintosh; Intel Mac OS X 10_15_7) AppleWebKit/537.36 (KHTML, like Gecko) Chrome/109.0.0.0 Safari/537.36" "ysfine.com"
103.87.205.7 - - [25/Feb/2023:11:28:31 -0800] "GET /maga/boltz/boost11.jpg HTTP/1.1" 200 34116 "https://ysfine.com/maga/boltzmann.html" "Mozilla/5.0 (Macintosh; Intel Mac OS X 10_15_7) AppleWebKit/537.36 (KHTML, like Gecko) Chrome/109.0.0.0 Safari/537.36" "ysfine.com"
103.87.205.7 - - [25/Feb/2023:11:28:31 -0800] "GET /maga/boltz/restof22a.jpg HTTP/1.1" 200 41645 "https://ysfine.com/maga/boltzmann.html" "Mozilla/5.0 (Macintosh; Intel Mac OS X 10_15_7) AppleWebKit/537.36 (KHTML, like Gecko) Chrome/109.0.0.0 Safari/537.36" "ysfine.com"
103.87.205.7 - - [25/Feb/2023:11:28:31 -0800] "GET /einstein/bohradius11b.jpg HTTP/1.1" 200 39999 "https://ysfine.com/maga/boltzmann.html" "Mozilla/5.0 (Macintosh; Intel Mac OS X 10_15_7) AppleWebKit/537.36 (KHTML, like Gecko) Chrome/109.0.0.0 Safari/537.36" "ysfine.com"
103.87.205.7 - - [25/Feb/2023:11:28:31 -0800] "GET /maga/boltz/restof11.jpg HTTP/1.1" 200 39679 "https://ysfine.com/maga/boltzmann.html" "Mozilla/5.0 (Macintosh; Intel Mac OS X 10_15_7) AppleWebKit/537.36 (KHTML, like Gecko) Chrome/109.0.0.0 Safari/537.36" "ysfine.com"
103.87.205.7 - - [25/Feb/2023:11:28:31 -0800] "GET /maga/phys/vnm01b.jpg HTTP/1.1" 200 35878 "https://ysfine.com/maga/boltzmann.html" "Mozilla/5.0 (Macintosh; Intel Mac OS X 10_15_7) AppleWebKit/537.36 (KHTML, like Gecko) Chrome/109.0.0.0 Safari/537.36" "ysfine.com"
103.87.205.7 - - [25/Feb/2023:11:28:31 -0800] "GET /maga/boltz/qboil66a.jpg HTTP/1.1" 200 64414 "https://ysfine.com/maga/boltzmann.html" "Mozilla/5.0 (Macintosh; Intel Mac OS X 10_15_7) AppleWebKit/537.36 (KHTML, like Gecko) Chrome/109.0.0.0 Safari/537.36" "ysfine.com"
103.87.205.7 - - [25/Feb/2023:11:28:31 -0800] "GET /maga/boltz/gauss22a.jpg HTTP/1.1" 200 33642 "https://ysfine.com/maga/boltzmann.html" "Mozilla/5.0 (Macintosh; Intel Mac OS X 10_15_7) AppleWebKit/537.36 (KHTML, like Gecko) Chrome/109.0.0.0 Safari/537.36" "ysfine.com"
103.87.205.7 - - [25/Feb/2023:11:28:31 -0800] "GET /maga/boltz/gauss11a.jpg HTTP/1.1" 200 22192 "https://ysfine.com/maga/boltzmann.html" "Mozilla/5.0 (Macintosh; Intel Mac OS X 10_15_7) AppleWebKit/537.36 (KHTML, like Gecko) Chrome/109.0.0.0 Safari/537.36" "ysfine.com"
103.87.205.7 - - [25/Feb/2023:11:28:31 -0800] "GET /kobak/taylor33c.jpg HTTP/1.1" 200 39951 "https://ysfine.com/maga/boltzmann.html" "Mozilla/5.0 (Macintosh; Intel Mac OS X 10_15_7) AppleWebKit/537.36 (KHTML, like Gecko) Chrome/109.0.0.0 Safari/537.36" "ysfine.com"
103.87.205.7 - - [25/Feb/2023:11:28:31 -0800] "GET /eink/pwk19c.jpg HTTP/1.1" 200 57759 "https://ysfine.com/maga/boltzmann.html" "Mozilla/5.0 (Macintosh; Intel Mac OS X 10_15_7) AppleWebKit/537.36 (KHTML, like Gecko) Chrome/109.0.0.0 Safari/537.36" "ysfine.com"
103.87.205.7 - - [25/Feb/2023:11:28:31 -0800] "GET /einstein/einbohr11b.jpg HTTP/1.1" 200 37538 "https://ysfine.com/maga/boltzmann.html" "Mozilla/5.0 (Macintosh; Intel Mac OS X 10_15_7) AppleWebKit/537.36 (KHTML, like Gecko) Chrome/109.0.0.0 Safari/537.36" "ysfine.com"
103.87.205.7 - - [25/Feb/2023:11:28:31 -0800] "GET /wigner/wigsharp2.jpg HTTP/1.1" 200 34860 "https://ysfine.com/maga/boltzmann.html" "Mozilla/5.0 (Macintosh; Intel Mac OS X 10_15_7) AppleWebKit/537.36 (KHTML, like Gecko) Chrome/109.0.0.0 Safari/537.36" "ysfine.com"
103.87.205.7 - - [25/Feb/2023:11:28:31 -0800] "GET /maga/boltz/entro22b.jpg HTTP/1.1" 200 581794 "https://ysfine.com/maga/boltzmann.html" "Mozilla/5.0 (Macintosh; Intel Mac OS X 10_15_7) AppleWebKit/537.36 (KHTML, like Gecko) Chrome/109.0.0.0 Safari/537.36" "ysfine.com"
64.124.8.50 - - [25/Feb/2023:11:28:58 -0800] "GET /world/russ/minsk038.jpg HTTP/1.1" 200 103081 "-" "Mozilla/5.0 (Macintosh; Intel Mac OS X 10_15_7) AppleWebKit/537.36 (KHTML, like Gecko) Chrome/107.0.0.0 Safari/537.36" "ysfine.com"
216.244.66.229 - - [25/Feb/2023:11:28:59 -0800] "GET /world/baltic/lithu03b.jpg HTTP/1.1" 200 49235 "-" "Mozilla/5.0 (compatible; DotBot/1.2; +https://opensiteexplorer.org/dotbot; help@moz.com)" "www.ysfine.com"
216.244.66.229 - - [25/Feb/2023:11:29:29 -0800] "GET /world/baltic/lithuf10.jpg HTTP/1.1" 200 96321 "-" "Mozilla/5.0 (compatible; DotBot/1.2; +https://opensiteexplorer.org/dotbot; help@moz.com)" "www.ysfine.com"
173.252.83.13 - - [25/Feb/2023:11:30:06 -0800] "GET /eink/einhouse11c.jpg HTTP/1.1" 200 32610 "-" "facebookexternalhit/1.1 (+http://www.facebook.com/externalhit_uatext.php)" "ysfine.com"
216.244.66.229 - - [25/Feb/2023:11:30:19 -0800] "GET /world/china/nanjing65.jpg HTTP/1.1" 200 153498 "-" "Mozilla/5.0 (compatible; DotBot/1.2; +https://opensiteexplorer.org/dotbot; help@moz.com)" "www.ysfine.com"
64.124.8.50 - - [25/Feb/2023:11:30:25 -0800] "GET /wdc/jeffm03.jpg HTTP/1.1" 200 71008 "-" "Mozilla/5.0 (Macintosh; Intel Mac OS X 10_15_7) AppleWebKit/537.36 (KHTML, like Gecko) Chrome/107.0.0.0 Safari/537.36" "ysfine.com"
216.244.66.229 - - [25/Feb/2023:11:31:09 -0800] "GET /world/ital/bologf02.jpg HTTP/1.1" 200 167502 "-" "Mozilla/5.0 (compatible; DotBot/1.2; +https://opensiteexplorer.org/dotbot; help@moz.com)" "www.ysfine.com"
64.124.8.28 - - [25/Feb/2023:11:31:16 -0800] "GET /style/cameras/1996ys11.jpg HTTP/1.1" 200 88805 "-" "Mozilla/5.0 (Macintosh; Intel Mac OS X 10_15_7) AppleWebKit/537.36 (KHTML, like Gecko) Chrome/107.0.0.0 Safari/537.36" "www.ysfine.com"
173.252.83.15 - - [25/Feb/2023:11:31:28 -0800] "GET /ffriends/aline/united06c.jpg HTTP/1.1" 200 27002 "-" "facebookexternalhit/1.1 (+http://www.facebook.com/externalhit_uatext.php)" "ysfine.com"
64.124.8.57 - - [25/Feb/2023:11:31:28 -0800] "GET /world/ital/vatim20.jpg HTTP/1.1" 200 94898 "-" "Mozilla/5.0 (Macintosh; Intel Mac OS X 10_15_7) AppleWebKit/537.36 (KHTML, like Gecko) Chrome/107.0.0.0 Safari/537.36" "ysfine.com"
91.133.235.28 - - [25/Feb/2023:11:31:35 -0800] "GET / HTTP/1.1" 200 5300 "-" "Mozilla/5.0 (iPad; CPU OS 6_0 like Mac OS X) AppleWebKit/536.26 (KHTML, like Gecko) Version/6.0 Mobile/10A403 Safari/8536.25" "ysfine.com"
5.210.153.45 - - [25/Feb/2023:11:31:40 -0800] "GET /robots.txt HTTP/1.1" 404 88 "-" "Mozilla/5.0 (iPad; CPU OS 8_1_1 like Mac OS X) AppleWebKit/600.1.4 (KHTML, like Gecko) Version/8.0 Mobile/12B435 Safari/600.1.4" "ysfine.com"
216.244.66.229 - - [25/Feb/2023:11:32:00 -0800] "GET /world/ital/flor030b.jpg HTTP/1.1" 200 41933 "-" "Mozilla/5.0 (compatible; DotBot/1.2; +https://opensiteexplorer.org/dotbot; help@moz.com)" "www.ysfine.com"
64.124.8.54 - - [25/Feb/2023:11:32:15 -0800] "GET /world/scandi/wignob07.jpg HTTP/1.1" 200 103208 "-" "Mozilla/5.0 (Macintosh; Intel Mac OS X 10_15_7) AppleWebKit/537.36 (KHTML, like Gecko) Chrome/107.0.0.0 Safari/537.36" "www.ysfine.com"
216.244.66.229 - - [25/Feb/2023:11:32:31 -0800] "GET /world/ital/genoa01.jpg HTTP/1.1" 200 80742 "-" "Mozilla/5.0 (compatible; DotBot/1.2; +https://opensiteexplorer.org/dotbot; help@moz.com)" "www.ysfine.com"
216.244.66.229 - - [25/Feb/2023:11:33:04 -0800] "GET /world/ital/milvio04b.jpg HTTP/1.1" 200 33950 "-" "Mozilla/5.0 (compatible; DotBot/1.2; +https://opensiteexplorer.org/dotbot; help@moz.com)" "www.ysfine.com"
40.77.167.178 - - [25/Feb/2023:11:33:15 -0800] "GET /world/germany/johannstra33.jpg HTTP/1.1" 200 137743 "-" "Mozilla/5.0 AppleWebKit/537.36 (KHTML, like Gecko; compatible; bingbot/2.0; +http://www.bing.com/bingbot.htm) Chrome/103.0.5060.134 Safari/537.36" "ysfine.com"
216.244.66.229 - - [25/Feb/2023:11:33:35 -0800] "GET /world/ital/pitti2.jpg HTTP/1.1" 200 40891 "-" "Mozilla/5.0 (compatible; DotBot/1.2; +https://opensiteexplorer.org/dotbot; help@moz.com)" "www.ysfine.com"
216.244.66.229 - - [25/Feb/2023:11:34:05 -0800] "GET /world/ital/rome030.jpg HTTP/1.1" 200 109936 "-" "Mozilla/5.0 (compatible; DotBot/1.2; +https://opensiteexplorer.org/dotbot; help@moz.com)" "www.ysfine.com"
64.124.8.48 - - [25/Feb/2023:11:34:11 -0800] "GET /maga/phys/yukadirac53.jpg HTTP/1.1" 200 72355 "-" "Mozilla/5.0 (Macintosh; Intel Mac OS X 10_15_7) AppleWebKit/537.36 (KHTML, like Gecko) Chrome/107.0.0.0 Safari/537.36" "www.ysfine.com"
89.199.166.221 - - [25/Feb/2023:11:34:26 -0800] "GET / HTTP/1.1" 200 5300 "-" "Mozilla/5.0 (U;) AppleWebKit/532.0 (KHTML, like Gecko) Iron/3.0.197.0 Safari/532.0" "ysfine.com"
91.133.131.22 - - [25/Feb/2023:11:34:27 -0800] "GET /robots.txt HTTP/1.1" 404 88 "-" "Mozilla/5.0 (Linux; Android 4.4.2; SM-T530NU Build/KOT49H) AppleWebKit/537.36 (KHTML, like Gecko) Chrome/45.0.2454.84 Safari/537.36" "ysfine.com"
216.244.66.229 - - [25/Feb/2023:11:34:48 -0800] "GET /world/ital/rome035.jpg HTTP/1.1" 200 98662 "-" "Mozilla/5.0 (compatible; DotBot/1.2; +https://opensiteexplorer.org/dotbot; help@moz.com)" "www.ysfine.com"
173.252.83.12 - - [25/Feb/2023:11:34:51 -0800] "GET /ffriends/russit33a.jpg HTTP/1.1" 200 71966 "-" "facebookexternalhit/1.1 (+http://www.facebook.com/externalhit_uatext.php)" "ysfine.com"
91.133.237.155 - - [25/Feb/2023:11:35:28 -0800] "GET / HTTP/1.1" 200 5300 "-" "Mozilla/5.0 (Linux; Android 4.4.4; en-us; SAMSUNG SM-N910T Build/KTU84P) AppleWebKit/537.36 (KHTML, like Gecko) Version/2.0 Chrome/34.0.1847.76 Mobile Safari/537.36" "ysfine.com"
216.244.66.229 - - [25/Feb/2023:11:35:29 -0800] "GET /world/russ/kazan039.jpg HTTP/1.1" 200 67150 "-" "Mozilla/5.0 (compatible; DotBot/1.2; +https://opensiteexplorer.org/dotbot; help@moz.com)" "www.ysfine.com"
91.133.186.240 - - [25/Feb/2023:11:35:29 -0800] "GET /robots.txt HTTP/1.1" 404 88 "-" "Mozilla/5.0 (iPad; U; CPU OS 5_0 like Mac OS X) AppleWebKit/534.46 (KHTML, like Gecko) Version/5.1 Mobile/9A334 Safari/7534.48.3" "ysfine.com"
64.124.8.54 - - [25/Feb/2023:11:35:41 -0800] "GET /world/china/hongkong71.jpg HTTP/1.1" 200 72156 "-" "Mozilla/5.0 (Macintosh; Intel Mac OS X 10_15_7) AppleWebKit/537.36 (KHTML, like Gecko) Chrome/107.0.0.0 Safari/537.36" "ysfine.com"
216.244.66.229 - - [25/Feb/2023:11:35:59 -0800] "GET /world/russ/kazan083.jpg HTTP/1.1" 200 56528 "-" "Mozilla/5.0 (compatible; DotBot/1.2; +https://opensiteexplorer.org/dotbot; help@moz.com)" "www.ysfine.com"
52.167.144.62 - - [25/Feb/2023:11:36:17 -0800] "GET /kowar/tanks/tank54b.jpg HTTP/1.1" 200 38354 "-" "Mozilla/5.0 AppleWebKit/537.36 (KHTML, like Gecko; compatible; bingbot/2.0; +http://www.bing.com/bingbot.htm) Chrome/103.0.5060.134 Safari/537.36" "www.ysfine.com"
40.64.105.247 - - [25/Feb/2023:11:36:17 -0800] "GET /world/russ/kazanmap22.jpg HTTP/1.1" 200 129761 "-" "DuckDuckBot/1.1; (+http://duckduckgo.com/duckduckbot.html)" "www.ysfine.com"
216.244.66.229 - - [25/Feb/2023:11:36:28 -0800] "GET /class54/nhk11.jpg HTTP/1.1" 200 99514 "-" "Mozilla/5.0 (compatible; DotBot/1.2; +https://opensiteexplorer.org/dotbot; help@moz.com)" "ysfine.com"
103.87.205.7 - - [25/Feb/2023:11:36:54 -0800] "GET /feynman/fstat72.jpg HTTP/1.1" 200 66306 "https://ysfine.com/maga/boltzmann.html" "Mozilla/5.0 (Macintosh; Intel Mac OS X 10_15_7) AppleWebKit/537.36 (KHTML, like Gecko) Chrome/109.0.0.0 Safari/537.36" "ysfine.com"
216.244.66.229 - - [25/Feb/2023:11:37:00 -0800] "GET /ffriends/mexmodel.jpg HTTP/1.1" 200 147687 "-" "Mozilla/5.0 (compatible; DotBot/1.2; +https://opensiteexplorer.org/dotbot; help@moz.com)" "ysfine.com"
216.244.66.229 - - [25/Feb/2023:11:37:27 -0800] "GET /ffriends/polmil11.jpg HTTP/1.1" 200 820265 "-" "Mozilla/5.0 (compatible; DotBot/1.2; +https://opensiteexplorer.org/dotbot; help@moz.com)" "ysfine.com"
64.124.8.48 - - [25/Feb/2023:11:37:56 -0800] "GET /ysbio/world/france/champbenz08.jpg HTTP/1.1" 404 88 "-" "Mozilla/5.0 (Macintosh; Intel Mac OS X 10_15_7) AppleWebKit/537.36 (KHTML, like Gecko) Chrome/107.0.0.0 Safari/537.36" "www.ysfine.com"
216.244.66.229 - - [25/Feb/2023:11:38:17 -0800] "GET /ffriends/russlon02.jpg HTTP/1.1" 200 96342 "-" "Mozilla/5.0 (compatible; DotBot/1.2; +https://opensiteexplorer.org/dotbot; help@moz.com)" "ysfine.com"
95.108.213.141 - - [25/Feb/2023:11:38:47 -0800] "GET /robots.txt HTTP/1.1" 404 73 "-" "Mozilla/5.0 (compatible; YandexBot/3.0; +http://yandex.com/bots)" "www.ysfine.com"
95.108.213.206 - - [25/Feb/2023:11:38:48 -0800] "GET /newyork/queensboro44.jpg HTTP/1.1" 200 131531 "-" "Mozilla/5.0 (compatible; YandexImages/3.0; +http://yandex.com/bots)" "www.ysfine.com"
216.244.66.229 - - [25/Feb/2023:11:38:53 -0800] "GET /folks/sbt.html HTTP/1.1" 200 992 "-" "Mozilla/5.0 (compatible; DotBot/1.2; +https://opensiteexplorer.org/dotbot; help@moz.com)" "ysfine.com"
216.244.66.229 - - [25/Feb/2023:11:39:21 -0800] "GET /people/glauber05.jpg HTTP/1.1" 200 220705 "-" "Mozilla/5.0 (compatible; DotBot/1.2; +https://opensiteexplorer.org/dotbot; help@moz.com)" "ysfine.com"
216.244.66.229 - - [25/Feb/2023:11:39:50 -0800] "GET /people/noz.jpg HTTP/1.1" 200 63695 "-" "Mozilla/5.0 (compatible; DotBot/1.2; +https://opensiteexplorer.org/dotbot; help@moz.com)" "ysfine.com"
216.244.66.229 - - [25/Feb/2023:11:40:16 -0800] "GET /sbk/1980xmas.jpg HTTP/1.1" 200 225103 "-" "Mozilla/5.0 (compatible; DotBot/1.2; +https://opensiteexplorer.org/dotbot; help@moz.com)" "ysfine.com"
64.124.8.29 - - [25/Feb/2023:11:40:25 -0800] "GET /world/baltic/riga31.jpg HTTP/1.1" 200 79386 "-" "Mozilla/5.0 (Macintosh; Intel Mac OS X 10_15_7) AppleWebKit/537.36 (KHTML, like Gecko) Chrome/107.0.0.0 Safari/537.36" "ysfine.com"
216.244.66.229 - - [25/Feb/2023:11:40:47 -0800] "GET /world/baltic/rigaf15.jpg HTTP/1.1" 200 64742 "-" "Mozilla/5.0 (compatible; DotBot/1.2; +https://opensiteexplorer.org/dotbot; help@moz.com)" "ysfine.com"
64.124.8.28 - - [25/Feb/2023:11:40:50 -0800] "GET /world/baltic/riga03.jpg HTTP/1.1" 200 104704 "-" "Mozilla/5.0 (Macintosh; Intel Mac OS X 10_15_7) AppleWebKit/537.36 (KHTML, like Gecko) Chrome/107.0.0.0 Safari/537.36" "ysfine.com"
3.211.110.80 - - [25/Feb/2023:11:40:52 -0800] "GET /feynman/ptoday89.jpg HTTP/1.1" 200 101842 "-" "Mozilla/5.0 (X11; Ubuntu; Linux x86_64; rv:72.0) Gecko/20100101 Firefox/72.0" "ysfine.com"
216.244.66.229 - - [25/Feb/2023:11:41:11 -0800] "GET /world/baltic/tallin80a.jpg HTTP/1.1" 200 54208 "-" "Mozilla/5.0 (compatible; DotBot/1.2; +https://opensiteexplorer.org/dotbot; help@moz.com)" "ysfine.com"
64.124.8.53 - - [25/Feb/2023:11:41:17 -0800] "GET /usca/norl/napo10.jpg HTTP/1.1" 200 150271 "-" "Mozilla/5.0 (Macintosh; Intel Mac OS X 10_15_7) AppleWebKit/537.36 (KHTML, like Gecko) Chrome/107.0.0.0 Safari/537.36" "ysfine.com"
173.252.83.5 - - [25/Feb/2023:11:41:34 -0800] "GET /world/france/parisf01c.jpg HTTP/1.1" 200 40935 "-" "facebookexternalhit/1.1 (+http://www.facebook.com/externalhit_uatext.php)" "ysfine.com"
216.244.66.229 - - [25/Feb/2023:11:41:35 -0800] "GET /world/ital/murano11b.jpg HTTP/1.1" 200 28602 "-" "Mozilla/5.0 (compatible; DotBot/1.2; +https://opensiteexplorer.org/dotbot; help@moz.com)" "ysfine.com"
64.124.8.48 - - [25/Feb/2023:11:41:44 -0800] "GET /ysbio/folks/amkor/kostu09.jpg HTTP/1.1" 404 88 "-" "Mozilla/5.0 (Macintosh; Intel Mac OS X 10_15_7) AppleWebKit/537.36 (KHTML, like Gecko) Chrome/107.0.0.0 Safari/537.36" "www.ysfine.com"
216.244.66.229 - - [25/Feb/2023:11:41:58 -0800] "GET /world/ital/museo01b.jpg HTTP/1.1" 200 41524 "-" "Mozilla/5.0 (compatible; DotBot/1.2; +https://opensiteexplorer.org/dotbot; help@moz.com)" "ysfine.com"
207.46.13.220 - - [25/Feb/2023:11:42:20 -0800] "GET /world/france/montpar03.jpg HTTP/1.1" 200 108206 "-" "Mozilla/5.0 AppleWebKit/537.36 (KHTML, like Gecko; compatible; bingbot/2.0; +http://www.bing.com/bingbot.htm) Chrome/103.0.5060.134 Safari/537.36" "www.ysfine.com"
51.222.253.18 - - [25/Feb/2023:11:42:25 -0800] "GET /home/harmoarchi.html HTTP/1.1" 200 3686 "-" "Mozilla/5.0 (compatible; AhrefsBot/7.0; +http://ahrefs.com/robot/)" "www.ysfine.com"
72.14.201.206 - - [25/Feb/2023:11:42:26 -0800] "GET /einstein/einbohr.html HTTP/1.1" 200 6142 "-" "Mozilla/5.0 (Linux; Android 10; K) AppleWebKit/537.36 (KHTML, like Gecko) Chrome/110.0.0.0 Mobile Safari/537.36" "ysfine.com"
51.222.253.6 - - [25/Feb/2023:11:42:28 -0800] "GET /wdc/jeffm02b.jpg HTTP/1.1" 200 32468 "-" "Mozilla/5.0 (compatible; AhrefsBot/7.0; +http://ahrefs.com/robot/)" "www.ysfine.com"
51.222.253.13 - - [25/Feb/2023:11:42:28 -0800] "GET /style/venus11a.jpg HTTP/1.1" 200 76598 "-" "Mozilla/5.0 (compatible; AhrefsBot/7.0; +http://ahrefs.com/robot/)" "www.ysfine.com"
51.222.253.5 - - [25/Feb/2023:11:42:29 -0800] "GET /world/ital/vicenza04b.jpg HTTP/1.1" 200 45148 "-" "Mozilla/5.0 (compatible; AhrefsBot/7.0; +http://ahrefs.com/robot/)" "www.ysfine.com"
64.124.8.29 - - [25/Feb/2023:11:42:29 -0800] "GET /kowar/tanks/sherman50.jpg HTTP/1.1" 200 69232 "-" "Mozilla/5.0 (Macintosh; Intel Mac OS X 10_15_7) AppleWebKit/537.36 (KHTML, like Gecko) Chrome/107.0.0.0 Safari/537.36" "www.ysfine.com"
80.189.134.47 - - [25/Feb/2023:11:43:00 -0800] "GET /kowar/tanks/gmc03.jpg HTTP/1.1" 200 121801 "https://www.google.com/" "Mozilla/5.0 (Linux; Android 13; SM-A336B) AppleWebKit/537.36 (KHTML, like Gecko) Chrome/110.0.0.0 Mobile Safari/537.36" "ysfine.com"
118.184.177.49 - - [25/Feb/2023:11:43:06 -0800] "GET / HTTP/1.1" 200 5300 "-" "Sogou web spider/4.0(+http://www.sogou.com/docs/help/webmasters.htm#07)" "www.ysfine.com"
173.252.83.1 - - [25/Feb/2023:11:43:18 -0800] "GET /ffriends/morocco07c.jpg HTTP/1.1" 200 30625 "-" "facebookexternalhit/1.1 (+http://www.facebook.com/externalhit_uatext.php)" "ysfine.com"
64.124.8.28 - - [25/Feb/2023:11:44:19 -0800] "GET /world/ital/termini09.jpg HTTP/1.1" 200 100643 "-" "Mozilla/5.0 (Macintosh; Intel Mac OS X 10_15_7) AppleWebKit/537.36 (KHTML, like Gecko) Chrome/107.0.0.0 Safari/537.36" "www.ysfine.com"
64.124.8.53 - - [25/Feb/2023:11:44:20 -0800] "GET /ysbio/world/baltic/riga55.jpg HTTP/1.1" 404 88 "-" "Mozilla/5.0 (Macintosh; Intel Mac OS X 10_15_7) AppleWebKit/537.36 (KHTML, like Gecko) Chrome/107.0.0.0 Safari/537.36" "ysfine.com"
40.77.167.178 - - [25/Feb/2023:11:45:35 -0800] "GET /world/brit/bond05.jpg HTTP/1.1" 200 106243 "-" "Mozilla/5.0 AppleWebKit/537.36 (KHTML, like Gecko; compatible; bingbot/2.0; +http://www.bing.com/bingbot.htm) Chrome/103.0.5060.134 Safari/537.36" "ysfine.com"
64.124.8.53 - - [25/Feb/2023:11:45:37 -0800] "GET /world/germany/berlin003.jpg HTTP/1.1" 200 80764 "-" "Mozilla/5.0 (Macintosh; Intel Mac OS X 10_15_7) AppleWebKit/537.36 (KHTML, like Gecko) Chrome/107.0.0.0 Safari/537.36" "ysfine.com"
64.124.8.50 - - [25/Feb/2023:11:46:25 -0800] "GET /world/germany/salzmo07.jpg HTTP/1.1" 200 82295 "-" "Mozilla/5.0 (Macintosh; Intel Mac OS X 10_15_7) AppleWebKit/537.36 (KHTML, like Gecko) Chrome/107.0.0.0 Safari/537.36" "ysfine.com"
52.167.144.35 - - [25/Feb/2023:11:46:32 -0800] "GET /world/ital/florf01b.jpg HTTP/1.1" 200 38979 "-" "Mozilla/5.0 AppleWebKit/537.36 (KHTML, like Gecko; compatible; bingbot/2.0; +http://www.bing.com/bingbot.htm) Chrome/103.0.5060.134 Safari/537.36" "ysfine.com"
51.222.253.15 - - [25/Feb/2023:11:46:35 -0800] "GET /feynman/feygell.html HTTP/1.1" 200 4714 "-" "Mozilla/5.0 (compatible; AhrefsBot/7.0; +http://ahrefs.com/robot/)" "www.ysfine.com"
51.222.253.5 - - [25/Feb/2023:11:46:36 -0800] "GET /feynman/feygell22c.jpg HTTP/1.1" 200 28834 "-" "Mozilla/5.0 (compatible; AhrefsBot/7.0; +http://ahrefs.com/robot/)" "www.ysfine.com"
51.222.253.11 - - [25/Feb/2023:11:46:37 -0800] "GET /home/comet01c.jpg HTTP/1.1" 200 54311 "-" "Mozilla/5.0 (compatible; AhrefsBot/7.0; +http://ahrefs.com/robot/)" "www.ysfine.com"
51.222.253.7 - - [25/Feb/2023:11:46:37 -0800] "GET /feynman/feygell66c.jpg HTTP/1.1" 200 32056 "-" "Mozilla/5.0 (compatible; AhrefsBot/7.0; +http://ahrefs.com/robot/)" "www.ysfine.com"
51.222.253.10 - - [25/Feb/2023:11:46:38 -0800] "GET /feynman/feydirak11c.jpg HTTP/1.1" 200 34952 "-" "Mozilla/5.0 (compatible; AhrefsBot/7.0; +http://ahrefs.com/robot/)" "www.ysfine.com"
51.222.253.15 - - [25/Feb/2023:11:47:43 -0800] "GET /wigner/neumann.html HTTP/1.1" 200 1332 "-" "Mozilla/5.0 (compatible; AhrefsBot/7.0; +http://ahrefs.com/robot/)" "www.ysfine.com"
64.124.8.28 - - [25/Feb/2023:11:48:29 -0800] "GET /home/tollwig11.jpg HTTP/1.1" 200 124000 "-" "Mozilla/5.0 (Macintosh; Intel Mac OS X 10_15_7) AppleWebKit/537.36 (KHTML, like Gecko) Chrome/107.0.0.0 Safari/537.36" "ysfine.com"
64.124.8.49 - - [25/Feb/2023:11:49:02 -0800] "GET /world/hungary/buda212.jpg HTTP/1.1" 200 95002 "-" "Mozilla/5.0 (Macintosh; Intel Mac OS X 10_15_7) AppleWebKit/537.36 (KHTML, like Gecko) Chrome/107.0.0.0 Safari/537.36" "www.ysfine.com"
51.222.253.4 - - [25/Feb/2023:11:49:06 -0800] "GET /feynman/restof.html HTTP/1.1" 200 4709 "-" "Mozilla/5.0 (compatible; AhrefsBot/7.0; +http://ahrefs.com/robot/)" "www.ysfine.com"
51.222.253.5 - - [25/Feb/2023:11:49:09 -0800] "GET /feynman/restof05b.jpg HTTP/1.1" 200 20819 "-" "Mozilla/5.0 (compatible; AhrefsBot/7.0; +http://ahrefs.com/robot/)" "www.ysfine.com"
51.222.253.14 - - [25/Feb/2023:11:49:10 -0800] "GET /feynman/feygell66b.jpg HTTP/1.1" 200 28843 "-" "Mozilla/5.0 (compatible; AhrefsBot/7.0; +http://ahrefs.com/robot/)" "www.ysfine.com"
51.222.253.12 - - [25/Feb/2023:11:49:10 -0800] "GET /feynman/restof51a.jpg HTTP/1.1" 200 33080 "-" "Mozilla/5.0 (compatible; AhrefsBot/7.0; +http://ahrefs.com/robot/)" "www.ysfine.com"
51.222.253.19 - - [25/Feb/2023:11:49:10 -0800] "GET /feynman/feyn70b.jpg HTTP/1.1" 200 17231 "-" "Mozilla/5.0 (compatible; AhrefsBot/7.0; +http://ahrefs.com/robot/)" "www.ysfine.com"
51.222.253.8 - - [25/Feb/2023:11:49:11 -0800] "GET /feynman/canlo11a.jpg HTTP/1.1" 200 35567 "-" "Mozilla/5.0 (compatible; AhrefsBot/7.0; +http://ahrefs.com/robot/)" "www.ysfine.com"
51.222.253.20 - - [25/Feb/2023:11:49:11 -0800] "GET /feynman/restof11a.jpg HTTP/1.1" 200 51846 "-" "Mozilla/5.0 (compatible; AhrefsBot/7.0; +http://ahrefs.com/robot/)" "www.ysfine.com"
51.222.253.19 - - [25/Feb/2023:11:49:12 -0800] "GET /feynman/tsepa11b.jpg HTTP/1.1" 200 26869 "-" "Mozilla/5.0 (compatible; AhrefsBot/7.0; +http://ahrefs.com/robot/)" "www.ysfine.com"
51.222.253.2 - - [25/Feb/2023:11:49:12 -0800] "GET /feynman/restof52a.jpg HTTP/1.1" 200 34318 "-" "Mozilla/5.0 (compatible; AhrefsBot/7.0; +http://ahrefs.com/robot/)" "www.ysfine.com"
51.222.253.18 - - [25/Feb/2023:11:49:12 -0800] "GET /feynman/ptoday89b.jpg HTTP/1.1" 200 46537 "-" "Mozilla/5.0 (compatible; AhrefsBot/7.0; +http://ahrefs.com/robot/)" "www.ysfine.com"
88.121.162.246 - - [25/Feb/2023:11:49:34 -0800] "GET /wdc/whouse11b.jpg HTTP/1.1" 200 49591 "https://www.bing.com/" "Mozilla/5.0 (Windows NT 10.0; Win64; x64) AppleWebKit/537.36 (KHTML, like Gecko) Chrome/110.0.0.0 Safari/537.36 Edg/110.0.1587.50" "www.ysfine.com"
64.124.8.50 - - [25/Feb/2023:11:49:39 -0800] "GET /ysbio/fotos/ys53.jpg HTTP/1.1" 404 88 "-" "Mozilla/5.0 (Macintosh; Intel Mac OS X 10_15_7) AppleWebKit/537.36 (KHTML, like Gecko) Chrome/107.0.0.0 Safari/537.36" "www.ysfine.com"
216.244.66.229 - - [25/Feb/2023:11:49:42 -0800] "GET /robots.txt HTTP/1.1" 404 73 "-" "Mozilla/5.0 (compatible; DotBot/1.2; +https://opensiteexplorer.org/dotbot; help@moz.com)" "ysfine.com"
216.244.66.229 - - [25/Feb/2023:11:49:42 -0800] "GET /robots.txt HTTP/1.1" 404 73 "-" "Mozilla/5.0 (compatible; DotBot/1.2; +https://opensiteexplorer.org/dotbot; help@moz.com)" "www.ysfine.com"
51.222.253.9 - - [25/Feb/2023:11:50:14 -0800] "GET /kowar/war00.html HTTP/1.1" 200 4851 "-" "Mozilla/5.0 (compatible; AhrefsBot/7.0; +http://ahrefs.com/robot/)" "www.ysfine.com"
51.222.253.9 - - [25/Feb/2023:11:50:15 -0800] "GET /kowar/myname01b.jpg HTTP/1.1" 200 32552 "-" "Mozilla/5.0 (compatible; AhrefsBot/7.0; +http://ahrefs.com/robot/)" "www.ysfine.com"
51.222.253.8 - - [25/Feb/2023:11:50:16 -0800] "GET /kowar/panmun03b.jpg HTTP/1.1" 200 50667 "-" "Mozilla/5.0 (compatible; AhrefsBot/7.0; +http://ahrefs.com/robot/)" "www.ysfine.com"
51.222.253.10 - - [25/Feb/2023:11:50:16 -0800] "GET /kowar/gi002b.jpg HTTP/1.1" 200 42820 "-" "Mozilla/5.0 (compatible; AhrefsBot/7.0; +http://ahrefs.com/robot/)" "www.ysfine.com"
51.222.253.15 - - [25/Feb/2023:11:50:17 -0800] "GET /kobak/rheetr11b.jpg HTTP/1.1" 200 43503 "-" "Mozilla/5.0 (compatible; AhrefsBot/7.0; +http://ahrefs.com/robot/)" "www.ysfine.com"
51.222.253.8 - - [25/Feb/2023:11:50:17 -0800] "GET /kowar/mac01b.jpg HTTP/1.1" 200 45952 "-" "Mozilla/5.0 (compatible; AhrefsBot/7.0; +http://ahrefs.com/robot/)" "www.ysfine.com"
51.222.253.5 - - [25/Feb/2023:11:50:17 -0800] "GET /kowar/panmun04b.jpg HTTP/1.1" 200 49952 "-" "Mozilla/5.0 (compatible; AhrefsBot/7.0; +http://ahrefs.com/robot/)" "www.ysfine.com"
64.124.8.28 - - [25/Feb/2023:11:50:32 -0800] "GET /world/brit/eton09.jpg HTTP/1.1" 200 102035 "-" "Mozilla/5.0 (Macintosh; Intel Mac OS X 10_15_7) AppleWebKit/537.36 (KHTML, like Gecko) Chrome/107.0.0.0 Safari/537.36" "ysfine.com"
51.222.253.5 - - [25/Feb/2023:11:51:08 -0800] "GET /maga/lorenuni.html HTTP/1.1" 200 2365 "-" "Mozilla/5.0 (compatible; AhrefsBot/7.0; +http://ahrefs.com/robot/)" "www.ysfine.com"
64.124.8.54 - - [25/Feb/2023:11:51:36 -0800] "GET /world/ital/padova21.jpg HTTP/1.1" 200 118572 "-" "Mozilla/5.0 (Macintosh; Intel Mac OS X 10_15_7) AppleWebKit/537.36 (KHTML, like Gecko) Chrome/107.0.0.0 Safari/537.36" "www.ysfine.com"
207.46.13.220 - - [25/Feb/2023:11:51:43 -0800] "GET /world/france/orsaym32.jpg HTTP/1.1" 200 93129 "-" "Mozilla/5.0 AppleWebKit/537.36 (KHTML, like Gecko; compatible; bingbot/2.0; +http://www.bing.com/bingbot.htm) Chrome/103.0.5060.134 Safari/537.36" "ysfine.com"
52.167.144.62 - - [25/Feb/2023:11:51:48 -0800] "GET /wdc/tyson54a.jpg HTTP/1.1" 200 55094 "-" "Mozilla/5.0 AppleWebKit/537.36 (KHTML, like Gecko; compatible; bingbot/2.0; +http://www.bing.com/bingbot.htm) Chrome/103.0.5060.134 Safari/537.36" "ysfine.com"
52.167.144.35 - - [25/Feb/2023:11:52:02 -0800] "GET /bio/style/artlove.html HTTP/1.1" 404 88 "-" "Mozilla/5.0 AppleWebKit/537.36 (KHTML, like Gecko; compatible; bingbot/2.0; +http://www.bing.com/bingbot.htm) Chrome/103.0.5060.134 Safari/537.36" "ysfine.com"
52.167.144.62 - - [25/Feb/2023:11:52:07 -0800] "GET /saram/d008.jpg HTTP/1.1" 200 97161 "-" "Mozilla/5.0 AppleWebKit/537.36 (KHTML, like Gecko; compatible; bingbot/2.0; +http://www.bing.com/bingbot.htm) Chrome/103.0.5060.134 Safari/537.36" "www.ysfine.com"
216.244.66.229 - - [25/Feb/2023:11:52:18 -0800] "GET /auto/fotos/photo12.jpg HTTP/1.1" 200 154897 "-" "Mozilla/5.0 (compatible; DotBot/1.2; +https://opensiteexplorer.org/dotbot; help@moz.com)" "www.ysfine.com"
64.124.8.29 - - [25/Feb/2023:11:52:20 -0800] "GET /world/baltic/kalin31.jpg HTTP/1.1" 200 113831 "-" "Mozilla/5.0 (Macintosh; Intel Mac OS X 10_15_7) AppleWebKit/537.36 (KHTML, like Gecko) Chrome/107.0.0.0 Safari/537.36" "ysfine.com"
216.244.66.229 - - [25/Feb/2023:11:52:42 -0800] "GET /home/home/canal22.jpg HTTP/1.1" 404 73 "-" "Mozilla/5.0 (compatible; DotBot/1.2; +https://opensiteexplorer.org/dotbot; help@moz.com)" "www.ysfine.com"
87.236.176.160 - - [25/Feb/2023:11:52:57 -0800] "GET / HTTP/1.1" 200 5300 "-" "Mozilla/5.0 (compatible; InternetMeasurement/1.0; +https://internet-measurement.com/)" "www.ysfine.com"
51.222.253.1 - - [25/Feb/2023:11:52:59 -0800] "GET /dirac/diracpol.html HTTP/1.1" 200 3380 "-" "Mozilla/5.0 (compatible; AhrefsBot/7.0; +http://ahrefs.com/robot/)" "www.ysfine.com"
64.124.8.50 - - [25/Feb/2023:11:53:01 -0800] "GET /world/germany/berlin159.jpg HTTP/1.1" 200 131790 "-" "Mozilla/5.0 (Macintosh; Intel Mac OS X 10_15_7) AppleWebKit/537.36 (KHTML, like Gecko) Chrome/107.0.0.0 Safari/537.36" "www.ysfine.com"
216.244.66.229 - - [25/Feb/2023:11:53:01 -0800] "GET /folks/amkor/iraida11.jpg HTTP/1.1" 200 124687 "-" "Mozilla/5.0 (compatible; DotBot/1.2; +https://opensiteexplorer.org/dotbot; help@moz.com)" "ysfine.com"
51.222.253.20 - - [25/Feb/2023:11:53:03 -0800] "GET /dirac/aspects2.jpg HTTP/1.1" 200 27429 "-" "Mozilla/5.0 (compatible; AhrefsBot/7.0; +http://ahrefs.com/robot/)" "www.ysfine.com"
51.222.253.11 - - [25/Feb/2023:11:53:03 -0800] "GET /dirac/goldhaber2.jpg HTTP/1.1" 200 37078 "-" "Mozilla/5.0 (compatible; AhrefsBot/7.0; +http://ahrefs.com/robot/)" "www.ysfine.com"
51.222.253.13 - - [25/Feb/2023:11:53:04 -0800] "GET /dirac/dirwig240.jpg HTTP/1.1" 200 35198 "-" "Mozilla/5.0 (compatible; AhrefsBot/7.0; +http://ahrefs.com/robot/)" "www.ysfine.com"
40.77.167.178 - - [25/Feb/2023:11:53:10 -0800] "GET /world/poland/polstu16.jpg HTTP/1.1" 200 89524 "-" "Mozilla/5.0 AppleWebKit/537.36 (KHTML, like Gecko; compatible; bingbot/2.0; +http://www.bing.com/bingbot.htm) Chrome/103.0.5060.134 Safari/537.36" "www.ysfine.com"
64.124.8.50 - - [25/Feb/2023:11:53:13 -0800] "GET /people/facu63.jpg HTTP/1.1" 200 255387 "-" "Mozilla/5.0 (Macintosh; Intel Mac OS X 10_15_7) AppleWebKit/537.36 (KHTML, like Gecko) Chrome/107.0.0.0 Safari/537.36" "ysfine.com"
64.124.8.50 - - [25/Feb/2023:11:53:17 -0800] "GET /ysbio/world/russ/arbat01.jpg HTTP/1.1" 404 88 "-" "Mozilla/5.0 (Macintosh; Intel Mac OS X 10_15_7) AppleWebKit/537.36 (KHTML, like Gecko) Chrome/107.0.0.0 Safari/537.36" "ysfine.com"
