52.167.144.62 - - [25/Feb/2023:02:16:43 -0800] "GET /fdx/index.html HTTP/1.1" 401 90 "-" "Mozilla/5.0 AppleWebKit/537.36 (KHTML, like Gecko; compatible; bingbot/2.0; +http://www.bing.com/bingbot.htm) Chrome/103.0.5060.134 Safari/537.36" "ysfine.com"
64.124.8.49 - - [25/Feb/2023:02:16:53 -0800] "GET /style/musee/britmu26.jpg HTTP/1.1" 200 102339 "-" "Mozilla/5.0 (Macintosh; Intel Mac OS X 10_15_7) AppleWebKit/537.36 (KHTML, like Gecko) Chrome/107.0.0.0 Safari/537.36" "ysfine.com"
91.133.197.49 - - [25/Feb/2023:02:16:56 -0800] "GET / HTTP/1.1" 200 5295 "-" "Mozilla/5.0 (Linux; Android 5.0; SAMSUNG-SM-G900A Build/LRX21T) AppleWebKit/537.36 (KHTML, like Gecko) Chrome/45.0.2454.84 Mobile Safari/537.36" "ysfine.com"
91.133.135.32 - - [25/Feb/2023:02:16:56 -0800] "GET /robots.txt HTTP/1.1" 404 88 "-" "Mozilla/5.0 (X11; CrOS armv7l 7077.111.0) AppleWebKit/537.36 (KHTML, like Gecko) Chrome/44.0.2403.125 Safari/537.36" "ysfine.com"
79.202.34.34 - - [25/Feb/2023:02:17:51 -0800] "GET /wigner/wiglittle.pdf HTTP/1.1" 200 2659296 "https://www.google.com/" "Mozilla/5.0 (Windows NT 10.0; Win64; x64) AppleWebKit/537.36 (KHTML, like Gecko) Chrome/110.0.0.0 Safari/537.36" "ysfine.com"
79.202.34.34 - - [25/Feb/2023:02:17:52 -0800] "GET /favicon.ico HTTP/1.1" 404 88 "https://ysfine.com/wigner/wiglittle.pdf" "Mozilla/5.0 (Windows NT 10.0; Win64; x64) AppleWebKit/537.36 (KHTML, like Gecko) Chrome/110.0.0.0 Safari/537.36" "ysfine.com"
95.163.255.81 - - [25/Feb/2023:02:19:14 -0800] "GET /usca/pitt/pnc.html HTTP/1.1" 200 909 "http://go.mail.ru/search_images" "Mozilla/5.0 (compatible; Linux x86_64; Mail.RU_Bot/Img/2.0; +https://help.mail.ru/webmaster/indexing/robots)" "ysfine.com"
207.46.13.220 - - [25/Feb/2023:02:19:25 -0800] "GET /world/latina/cancun22.jpg HTTP/1.1" 200 83082 "-" "Mozilla/5.0 AppleWebKit/537.36 (KHTML, like Gecko; compatible; bingbot/2.0; +http://www.bing.com/bingbot.htm) Chrome/103.0.5060.134 Safari/537.36" "ysfine.com"
31.2.245.201 - - [25/Feb/2023:02:20:05 -0800] "GET /robots.txt HTTP/1.1" 404 88 "-" "Mozilla/5.0 (Linux; U; Android 4.4.3; en-us; KFSAWA Build/KTU84M) AppleWebKit/537.36 (KHTML, like Gecko) Silk/3.68 like Chrome/39.0.2171.93 Safari/537.36" "ysfine.com"
5.210.91.252 - - [25/Feb/2023:02:20:15 -0800] "GET / HTTP/1.1" 200 5295 "-" "Mozilla/5.0 (Linux; Android 5.0.1; SAMSUNG-SM-N910A Build/LRX22C) AppleWebKit/537.36 (KHTML, like Gecko) SamsungBrowser/2.1 Chrome/34.0.1847.76 Mobile Safari/537.36" "ysfine.com"
64.124.8.50 - - [25/Feb/2023:02:21:02 -0800] "GET /world/ital/sapienza16.jpg HTTP/1.1" 200 103901 "-" "Mozilla/5.0 (Macintosh; Intel Mac OS X 10_15_7) AppleWebKit/537.36 (KHTML, like Gecko) Chrome/107.0.0.0 Safari/537.36" "ysfine.com"
44.204.250.114 - - [25/Feb/2023:02:22:20 -0800] "GET /robots.txt HTTP/1.1" 404 88 "-" "Apache-HttpClient/4.5.3 (Java/1.8.0_292)" "ysfine.com"
64.124.8.49 - - [25/Feb/2023:02:22:21 -0800] "GET /world/russ/engels90.jpg HTTP/1.1" 200 78698 "-" "Mozilla/5.0 (Macintosh; Intel Mac OS X 10_15_7) AppleWebKit/537.36 (KHTML, like Gecko) Chrome/107.0.0.0 Safari/537.36" "ysfine.com"
34.205.85.214 - - [25/Feb/2023:02:22:24 -0800] "GET / HTTP/1.1" 200 5295 "-" "Mozilla/5.0 (compatible; Newslitbot/0.1; +https://www.newslit.co)" "ysfine.com"
52.167.144.35 - - [25/Feb/2023:02:22:32 -0800] "GET /usca/pitt/pitcn02.jpg HTTP/1.1" 200 210652 "-" "Mozilla/5.0 AppleWebKit/537.36 (KHTML, like Gecko; compatible; bingbot/2.0; +http://www.bing.com/bingbot.htm) Chrome/103.0.5060.134 Safari/537.36" "ysfine.com"
64.124.8.52 - - [25/Feb/2023:02:23:30 -0800] "GET /ysbio/world/baltic/kantm08.jpg HTTP/1.1" 404 88 "-" "Mozilla/5.0 (Macintosh; Intel Mac OS X 10_15_7) AppleWebKit/537.36 (KHTML, like Gecko) Chrome/107.0.0.0 Safari/537.36" "ysfine.com"
52.167.144.62 - - [25/Feb/2023:02:23:33 -0800] "GET /world/germany/berlin001.jpg HTTP/1.1" 200 88297 "-" "Mozilla/5.0 AppleWebKit/537.36 (KHTML, like Gecko; compatible; bingbot/2.0; +http://www.bing.com/bingbot.htm) Chrome/103.0.5060.134 Safari/537.36" "ysfine.com"
80.208.69.241 - - [25/Feb/2023:02:24:05 -0800] "GET /wigner/neum/pvn03.jpg HTTP/1.1" 200 83757 "https://www.google.com/" "Mozilla/5.0 (Windows NT 10.0; Win64; x64) AppleWebKit/537.36 (KHTML, like Gecko) Chrome/110.0.0.0 Safari/537.36" "ysfine.com"
72.14.201.151 - - [25/Feb/2023:02:24:21 -0800] "GET /world/brit/etonharrow.html HTTP/1.1" 200 4544 "-" "Mozilla/5.0 (Linux; Android 10; K) AppleWebKit/537.36 (KHTML, like Gecko) Chrome/110.0.0.0 Mobile Safari/537.36" "ysfine.com"
64.124.8.54 - - [25/Feb/2023:02:24:25 -0800] "GET /wdc/xmasparty.jpg HTTP/1.1" 200 82912 "-" "Mozilla/5.0 (Macintosh; Intel Mac OS X 10_15_7) AppleWebKit/537.36 (KHTML, like Gecko) Chrome/107.0.0.0 Safari/537.36" "ysfine.com"
91.133.167.240 - - [25/Feb/2023:02:24:36 -0800] "GET / HTTP/1.1" 200 5295 "-" "Mozilla/5.0 (Linux; Android 4.4.2; RCT6773W22 Build/KOT49H) AppleWebKit/537.36 (KHTML, like Gecko) Chrome/45.0.2454.84 Safari/537.36" "ysfine.com"
91.133.252.160 - - [25/Feb/2023:02:24:36 -0800] "GET /robots.txt HTTP/1.1" 404 88 "-" "Mozilla/5.0 (iPhone; CPU iPhone OS 7_0_4 like Mac OS X) AppleWebKit/537.51.1 (KHTML, like Gecko) Version/7.0 Mobile/11B554a Safari/9537.53" "ysfine.com"
91.133.141.190 - - [25/Feb/2023:02:25:32 -0800] "GET /robots.txt HTTP/1.1" 404 88 "-" "Mozilla/5.0 (X11; Linux x86_64) AppleWebKit/534.34 (KHTML, like Gecko) Qt/4.8.1 Safari/534.34" "ysfine.com"
5.210.242.232 - - [25/Feb/2023:02:25:32 -0800] "GET / HTTP/1.1" 200 5295 "-" "Mozilla/5.0 (iPad; CPU OS 8_4_1 like Mac OS X) AppleWebKit/600.1.4 (KHTML, like Gecko) GSA/7.0.55539 Mobile/12H321 Safari/600.1.4" "ysfine.com"
64.124.8.48 - - [25/Feb/2023:02:25:37 -0800] "GET /ysbio/world/baltic/lithu03.jpg HTTP/1.1" 404 88 "-" "Mozilla/5.0 (Macintosh; Intel Mac OS X 10_15_7) AppleWebKit/537.36 (KHTML, like Gecko) Chrome/107.0.0.0 Safari/537.36" "www.ysfine.com"
173.252.83.17 - - [25/Feb/2023:02:26:01 -0800] "GET /ffriends/italistan11b.jpg HTTP/1.1" 200 35066 "-" "facebookexternalhit/1.1 (+http://www.facebook.com/externalhit_uatext.php)" "ysfine.com"
71.178.208.102 - - [25/Feb/2023:02:26:21 -0800] "GET /class54/index.html HTTP/1.1" 200 2554 "https://www.bing.com/" "Mozilla/5.0 (Windows NT 10.0; Win64; x64; rv:109.0) Gecko/20100101 Firefox/110.0" "www.ysfine.com"
71.178.208.102 - - [25/Feb/2023:02:26:21 -0800] "GET /class54/tallm03b.jpg HTTP/1.1" 200 41459 "https://www.ysfine.com/class54/index.html" "Mozilla/5.0 (Windows NT 10.0; Win64; x64; rv:109.0) Gecko/20100101 Firefox/110.0" "www.ysfine.com"
71.178.208.102 - - [25/Feb/2023:02:26:21 -0800] "GET /class54/tallm06b.jpg HTTP/1.1" 200 55344 "https://www.ysfine.com/class54/index.html" "Mozilla/5.0 (Windows NT 10.0; Win64; x64; rv:109.0) Gecko/20100101 Firefox/110.0" "www.ysfine.com"
71.178.208.102 - - [25/Feb/2023:02:26:21 -0800] "GET /class54/tallm02b.jpg HTTP/1.1" 200 46210 "https://www.ysfine.com/class54/index.html" "Mozilla/5.0 (Windows NT 10.0; Win64; x64; rv:109.0) Gecko/20100101 Firefox/110.0" "www.ysfine.com"
71.178.208.102 - - [25/Feb/2023:02:26:21 -0800] "GET /class54/tallm09b.jpg HTTP/1.1" 200 43676 "https://www.ysfine.com/class54/index.html" "Mozilla/5.0 (Windows NT 10.0; Win64; x64; rv:109.0) Gecko/20100101 Firefox/110.0" "www.ysfine.com"
71.178.208.102 - - [25/Feb/2023:02:26:21 -0800] "GET /home/ewk86k.jpg HTTP/1.1" 200 103090 "https://www.ysfine.com/class54/index.html" "Mozilla/5.0 (Windows NT 10.0; Win64; x64; rv:109.0) Gecko/20100101 Firefox/110.0" "www.ysfine.com"
71.178.208.102 - - [25/Feb/2023:02:26:21 -0800] "GET /class54/tallm08b.jpg HTTP/1.1" 200 43331 "https://www.ysfine.com/class54/index.html" "Mozilla/5.0 (Windows NT 10.0; Win64; x64; rv:109.0) Gecko/20100101 Firefox/110.0" "www.ysfine.com"
71.178.208.102 - - [25/Feb/2023:02:26:27 -0800] "GET /auto/home/eink54f.jpg HTTP/1.1" 404 88 "https://www.ysfine.com/auto/bio54.html" "Mozilla/5.0 (Windows NT 10.0; Win64; x64; rv:109.0) Gecko/20100101 Firefox/110.0" "www.ysfine.com"
71.178.208.102 - - [25/Feb/2023:02:26:27 -0800] "GET /auto/home/eward33f.jpg HTTP/1.1" 404 88 "https://www.ysfine.com/auto/bio54.html" "Mozilla/5.0 (Windows NT 10.0; Win64; x64; rv:109.0) Gecko/20100101 Firefox/110.0" "www.ysfine.com"
64.124.8.50 - - [25/Feb/2023:02:26:41 -0800] "GET /world/poland/jablo13.jpg HTTP/1.1" 200 64557 "-" "Mozilla/5.0 (Macintosh; Intel Mac OS X 10_15_7) AppleWebKit/537.36 (KHTML, like Gecko) Chrome/107.0.0.0 Safari/537.36" "www.ysfine.com"
64.124.8.28 - - [25/Feb/2023:02:27:03 -0800] "GET /princeton/tiger2.jpg HTTP/1.1" 200 89035 "-" "Mozilla/5.0 (Macintosh; Intel Mac OS X 10_15_7) AppleWebKit/537.36 (KHTML, like Gecko) Chrome/107.0.0.0 Safari/537.36" "ysfine.com"
66.249.66.35 - - [25/Feb/2023:02:27:16 -0800] "GET /dongio/japanese.html HTTP/1.1" 404 88 "-" "Mozilla/5.0 (Linux; Android 6.0.1; Nexus 5X Build/MMB29P) AppleWebKit/537.36 (KHTML, like Gecko) Chrome/110.0.5481.100 Mobile Safari/537.36 (compatible; Googlebot/2.1; +http://www.google.com/bot.html)" "ysfine.com"
207.46.13.219 - - [25/Feb/2023:02:27:19 -0800] "GET /world/france/champ9601b.jpg HTTP/1.1" 200 42039 "-" "Mozilla/5.0 AppleWebKit/537.36 (KHTML, like Gecko; compatible; bingbot/2.0; +http://www.bing.com/bingbot.htm) Chrome/103.0.5060.134 Safari/537.36" "ysfine.com"
66.249.66.34 - - [25/Feb/2023:02:27:26 -0800] "GET /dongio/japanese.html HTTP/1.1" 404 88 "-" "Mozilla/5.0 (compatible; Googlebot/2.1; +http://www.google.com/bot.html)" "ysfine.com"
64.124.8.48 - - [25/Feb/2023:02:27:27 -0800] "GET /style/cameras/sony7.jpg HTTP/1.1" 200 91648 "-" "Mozilla/5.0 (Macintosh; Intel Mac OS X 10_15_7) AppleWebKit/537.36 (KHTML, like Gecko) Chrome/107.0.0.0 Safari/537.36" "ysfine.com"
207.46.13.223 - - [25/Feb/2023:02:27:48 -0800] "GET /feynman/feyheg11.jpg HTTP/1.1" 200 185393 "-" "Mozilla/5.0 AppleWebKit/537.36 (KHTML, like Gecko; compatible; bingbot/2.0; +http://www.bing.com/bingbot.htm) Chrome/103.0.5060.134 Safari/537.36" "ysfine.com"
207.46.13.223 - - [25/Feb/2023:02:27:57 -0800] "GET /world/brit/bond02b.jpg HTTP/1.1" 200 38608 "-" "Mozilla/5.0 AppleWebKit/537.36 (KHTML, like Gecko; compatible; bingbot/2.0; +http://www.bing.com/bingbot.htm) Chrome/103.0.5060.134 Safari/537.36" "ysfine.com"
64.124.8.50 - - [25/Feb/2023:02:27:59 -0800] "GET /world/scandi/sto032.jpg HTTP/1.1" 200 56551 "-" "Mozilla/5.0 (Macintosh; Intel Mac OS X 10_15_7) AppleWebKit/537.36 (KHTML, like Gecko) Chrome/107.0.0.0 Safari/537.36" "ysfine.com"
85.31.186.210 - - [25/Feb/2023:02:28:25 -0800] "GET /robots.txt HTTP/1.1" 404 88 "-" "Mozilla/5.0 (compatible; InfoTigerBot/1.9; +https://infotiger.com/bot)" "ysfine.com"
85.31.186.210 - - [25/Feb/2023:02:28:25 -0800] "GET /style/songs.html HTTP/1.1" 200 31567 "-" "Mozilla/5.0 (compatible; InfoTigerBot/1.9; +https://infotiger.com/bot)" "ysfine.com"
207.46.13.220 - - [25/Feb/2023:02:28:27 -0800] "GET /princeton/class2007c.jpg HTTP/1.1" 200 37045 "-" "Mozilla/5.0 AppleWebKit/537.36 (KHTML, like Gecko; compatible; bingbot/2.0; +http://www.bing.com/bingbot.htm) Chrome/103.0.5060.134 Safari/537.36" "ysfine.com"
207.46.13.220 - - [25/Feb/2023:02:28:27 -0800] "GET /princeton/nasshall03.jpg HTTP/1.1" 200 147463 "-" "Mozilla/5.0 AppleWebKit/537.36 (KHTML, like Gecko; compatible; bingbot/2.0; +http://www.bing.com/bingbot.htm) Chrome/103.0.5060.134 Safari/537.36" "ysfine.com"
71.178.208.102 - - [25/Feb/2023:02:29:20 -0800] "GET / HTTP/1.1" 200 5295 "https://www.bing.com/" "Mozilla/5.0 (Windows NT 10.0; Win64; x64; rv:109.0) Gecko/20100101 Firefox/110.0" "www.ysfine.com"
71.178.208.102 - - [25/Feb/2023:02:29:26 -0800] "GET /bio.html HTTP/1.1" 200 18260 "-" "Mozilla/5.0 (Windows NT 10.0; Win64; x64; rv:109.0) Gecko/20100101 Firefox/110.0" "ysfine.com"
71.178.208.102 - - [25/Feb/2023:02:29:26 -0800] "GET /kobak/taylor11c.jpg HTTP/1.1" 200 37695 "https://ysfine.com/bio.html" "Mozilla/5.0 (Windows NT 10.0; Win64; x64; rv:109.0) Gecko/20100101 Firefox/110.0" "ysfine.com"
71.178.208.102 - - [25/Feb/2023:02:29:26 -0800] "GET /home/fotos/korjap03c.jpg HTTP/1.1" 200 24308 "https://ysfine.com/bio.html" "Mozilla/5.0 (Windows NT 10.0; Win64; x64; rv:109.0) Gecko/20100101 Firefox/110.0" "ysfine.com"
71.178.208.102 - - [25/Feb/2023:02:29:26 -0800] "GET /princeton/ysrhee33c.jpg HTTP/1.1" 200 26817 "https://ysfine.com/bio.html" "Mozilla/5.0 (Windows NT 10.0; Win64; x64; rv:109.0) Gecko/20100101 Firefox/110.0" "ysfine.com"
71.178.208.102 - - [25/Feb/2023:02:29:26 -0800] "GET /home/bew22f.jpg HTTP/1.1" 200 124596 "https://ysfine.com/bio.html" "Mozilla/5.0 (Windows NT 10.0; Win64; x64; rv:109.0) Gecko/20100101 Firefox/110.0" "ysfine.com"
71.178.208.102 - - [25/Feb/2023:02:29:26 -0800] "GET /home/fotos/photo00c.jpg HTTP/1.1" 200 34216 "https://ysfine.com/bio.html" "Mozilla/5.0 (Windows NT 10.0; Win64; x64; rv:109.0) Gecko/20100101 Firefox/110.0" "ysfine.com"
71.178.208.102 - - [25/Feb/2023:02:29:26 -0800] "GET /wdc/eindc03c.jpg HTTP/1.1" 200 48446 "https://ysfine.com/bio.html" "Mozilla/5.0 (Windows NT 10.0; Win64; x64; rv:109.0) Gecko/20100101 Firefox/110.0" "ysfine.com"
71.178.208.102 - - [25/Feb/2023:02:29:26 -0800] "GET /home/fotos/campus06c.jpg HTTP/1.1" 200 49136 "https://ysfine.com/bio.html" "Mozilla/5.0 (Windows NT 10.0; Win64; x64; rv:109.0) Gecko/20100101 Firefox/110.0" "ysfine.com"
71.178.208.102 - - [25/Feb/2023:02:29:26 -0800] "GET /home/canal55c.jpg HTTP/1.1" 200 41665 "https://ysfine.com/bio.html" "Mozilla/5.0 (Windows NT 10.0; Win64; x64; rv:109.0) Gecko/20100101 Firefox/110.0" "ysfine.com"
71.178.208.102 - - [25/Feb/2023:02:29:26 -0800] "GET /fotos/photo04c.jpg HTTP/1.1" 200 39964 "https://ysfine.com/bio.html" "Mozilla/5.0 (Windows NT 10.0; Win64; x64; rv:109.0) Gecko/20100101 Firefox/110.0" "ysfine.com"
71.178.208.102 - - [25/Feb/2023:02:29:26 -0800] "GET /home/ewk86f.jpg HTTP/1.1" 200 123121 "https://ysfine.com/bio.html" "Mozilla/5.0 (Windows NT 10.0; Win64; x64; rv:109.0) Gecko/20100101 Firefox/110.0" "ysfine.com"
71.178.208.102 - - [25/Feb/2023:02:29:26 -0800] "GET /dirac/truck/truck18c.jpg HTTP/1.1" 200 32663 "https://ysfine.com/bio.html" "Mozilla/5.0 (Windows NT 10.0; Win64; x64; rv:109.0) Gecko/20100101 Firefox/110.0" "ysfine.com"
71.178.208.102 - - [25/Feb/2023:02:29:26 -0800] "GET /home/eink77c.jpg HTTP/1.1" 200 47471 "https://ysfine.com/bio.html" "Mozilla/5.0 (Windows NT 10.0; Win64; x64; rv:109.0) Gecko/20100101 Firefox/110.0" "ysfine.com"
71.178.208.102 - - [25/Feb/2023:02:29:26 -0800] "GET /fotos/photo09c.jpg HTTP/1.1" 200 25413 "https://ysfine.com/bio.html" "Mozilla/5.0 (Windows NT 10.0; Win64; x64; rv:109.0) Gecko/20100101 Firefox/110.0" "ysfine.com"
71.178.208.102 - - [25/Feb/2023:02:29:26 -0800] "GET /dirac/dirbust22c.jpg HTTP/1.1" 200 36029 "https://ysfine.com/bio.html" "Mozilla/5.0 (Windows NT 10.0; Win64; x64; rv:109.0) Gecko/20100101 Firefox/110.0" "ysfine.com"
71.178.208.102 - - [25/Feb/2023:02:29:26 -0800] "GET /home/resonance33c.jpg HTTP/1.1" 200 36247 "https://ysfine.com/bio.html" "Mozilla/5.0 (Windows NT 10.0; Win64; x64; rv:109.0) Gecko/20100101 Firefox/110.0" "ysfine.com"
71.178.208.102 - - [25/Feb/2023:02:29:26 -0800] "GET /home/sq600c.jpg HTTP/1.1" 200 18492 "https://ysfine.com/bio.html" "Mozilla/5.0 (Windows NT 10.0; Win64; x64; rv:109.0) Gecko/20100101 Firefox/110.0" "ysfine.com"
71.178.208.102 - - [25/Feb/2023:02:29:26 -0800] "GET /home/comet40c.jpg HTTP/1.1" 200 41188 "https://ysfine.com/bio.html" "Mozilla/5.0 (Windows NT 10.0; Win64; x64; rv:109.0) Gecko/20100101 Firefox/110.0" "ysfine.com"
71.178.208.102 - - [25/Feb/2023:02:29:26 -0800] "GET /fotos/house99d.jpg HTTP/1.1" 200 38264 "https://ysfine.com/bio.html" "Mozilla/5.0 (Windows NT 10.0; Win64; x64; rv:109.0) Gecko/20100101 Firefox/110.0" "ysfine.com"
71.178.208.102 - - [25/Feb/2023:02:29:26 -0800] "GET /fotos/photo12c.jpg HTTP/1.1" 200 31719 "https://ysfine.com/bio.html" "Mozilla/5.0 (Windows NT 10.0; Win64; x64; rv:109.0) Gecko/20100101 Firefox/110.0" "ysfine.com"
71.178.208.102 - - [25/Feb/2023:02:29:26 -0800] "GET /fotos/wsj450.jpg HTTP/1.1" 200 68132 "https://ysfine.com/bio.html" "Mozilla/5.0 (Windows NT 10.0; Win64; x64; rv:109.0) Gecko/20100101 Firefox/110.0" "ysfine.com"
71.178.208.102 - - [25/Feb/2023:02:29:26 -0800] "GET /kobak/underw03c.jpg HTTP/1.1" 200 26805 "https://ysfine.com/bio.html" "Mozilla/5.0 (Windows NT 10.0; Win64; x64; rv:109.0) Gecko/20100101 Firefox/110.0" "ysfine.com"
71.178.208.102 - - [25/Feb/2023:02:29:26 -0800] "GET /wigner/tollwig11c.jpg HTTP/1.1" 304 - "https://ysfine.com/bio.html" "Mozilla/5.0 (Windows NT 10.0; Win64; x64; rv:109.0) Gecko/20100101 Firefox/110.0" "ysfine.com"
71.178.208.102 - - [25/Feb/2023:02:29:26 -0800] "GET /home/fotos/gongdae54f.jpg HTTP/1.1" 200 88096 "https://ysfine.com/bio.html" "Mozilla/5.0 (Windows NT 10.0; Win64; x64; rv:109.0) Gecko/20100101 Firefox/110.0" "ysfine.com"
71.178.208.102 - - [25/Feb/2023:02:29:26 -0800] "GET /home/yskim10c.jpg HTTP/1.1" 200 88826 "https://ysfine.com/bio.html" "Mozilla/5.0 (Windows NT 10.0; Win64; x64; rv:109.0) Gecko/20100101 Firefox/110.0" "ysfine.com"
71.178.208.102 - - [25/Feb/2023:02:29:26 -0800] "GET /princeton/yspr61c.jpg HTTP/1.1" 200 27257 "https://ysfine.com/bio.html" "Mozilla/5.0 (Windows NT 10.0; Win64; x64; rv:109.0) Gecko/20100101 Firefox/110.0" "ysfine.com"
71.178.208.102 - - [25/Feb/2023:02:29:26 -0800] "GET /kobak/swr51c.jpg HTTP/1.1" 200 35677 "https://ysfine.com/bio.html" "Mozilla/5.0 (Windows NT 10.0; Win64; x64; rv:109.0) Gecko/20100101 Firefox/110.0" "ysfine.com"
71.178.208.102 - - [25/Feb/2023:02:29:26 -0800] "GET /fotos/101c.jpg HTTP/1.1" 200 37079 "https://ysfine.com/bio.html" "Mozilla/5.0 (Windows NT 10.0; Win64; x64; rv:109.0) Gecko/20100101 Firefox/110.0" "ysfine.com"
71.178.208.102 - - [25/Feb/2023:02:29:26 -0800] "GET /fotos/103c.jpg HTTP/1.1" 200 32825 "https://ysfine.com/bio.html" "Mozilla/5.0 (Windows NT 10.0; Win64; x64; rv:109.0) Gecko/20100101 Firefox/110.0" "ysfine.com"
71.178.208.102 - - [25/Feb/2023:02:29:26 -0800] "GET /fotos/photo06c.jpg HTTP/1.1" 200 40796 "https://ysfine.com/bio.html" "Mozilla/5.0 (Windows NT 10.0; Win64; x64; rv:109.0) Gecko/20100101 Firefox/110.0" "ysfine.com"
71.178.208.102 - - [25/Feb/2023:02:29:26 -0800] "GET /fotos/kids20f.jpg HTTP/1.1" 200 103189 "https://ysfine.com/bio.html" "Mozilla/5.0 (Windows NT 10.0; Win64; x64; rv:109.0) Gecko/20100101 Firefox/110.0" "ysfine.com"
71.178.208.102 - - [25/Feb/2023:02:29:26 -0800] "GET /home/facu63c.jpg HTTP/1.1" 200 41710 "https://ysfine.com/bio.html" "Mozilla/5.0 (Windows NT 10.0; Win64; x64; rv:109.0) Gecko/20100101 Firefox/110.0" "ysfine.com"
71.178.208.102 - - [25/Feb/2023:02:29:26 -0800] "GET /home/fotos/seoul50f.jpg HTTP/1.1" 200 127542 "https://ysfine.com/bio.html" "Mozilla/5.0 (Windows NT 10.0; Win64; x64; rv:109.0) Gecko/20100101 Firefox/110.0" "ysfine.com"
71.178.208.102 - - [25/Feb/2023:02:29:26 -0800] "GET /fotos/photo05c.jpg HTTP/1.1" 200 39109 "https://ysfine.com/bio.html" "Mozilla/5.0 (Windows NT 10.0; Win64; x64; rv:109.0) Gecko/20100101 Firefox/110.0" "ysfine.com"
71.178.208.102 - - [25/Feb/2023:02:29:26 -0800] "GET /home/fotos/einhaus450.jpg HTTP/1.1" 200 65369 "https://ysfine.com/bio.html" "Mozilla/5.0 (Windows NT 10.0; Win64; x64; rv:109.0) Gecko/20100101 Firefox/110.0" "ysfine.com"
71.178.208.102 - - [25/Feb/2023:02:29:26 -0800] "GET /fotos/photo03c.jpg HTTP/1.1" 200 23013 "https://ysfine.com/bio.html" "Mozilla/5.0 (Windows NT 10.0; Win64; x64; rv:109.0) Gecko/20100101 Firefox/110.0" "ysfine.com"
71.178.208.102 - - [25/Feb/2023:02:29:26 -0800] "GET /fotos/photo08c.jpg HTTP/1.1" 200 28474 "https://ysfine.com/bio.html" "Mozilla/5.0 (Windows NT 10.0; Win64; x64; rv:109.0) Gecko/20100101 Firefox/110.0" "ysfine.com"
71.178.208.102 - - [25/Feb/2023:02:29:26 -0800] "GET /fotos/dirfeyn62c.jpg HTTP/1.1" 200 52150 "https://ysfine.com/bio.html" "Mozilla/5.0 (Windows NT 10.0; Win64; x64; rv:109.0) Gecko/20100101 Firefox/110.0" "ysfine.com"
71.178.208.102 - - [25/Feb/2023:02:29:26 -0800] "GET /sbk/1987pr22d.jpg HTTP/1.1" 200 69031 "https://ysfine.com/bio.html" "Mozilla/5.0 (Windows NT 10.0; Win64; x64; rv:109.0) Gecko/20100101 Firefox/110.0" "ysfine.com"
71.178.208.102 - - [25/Feb/2023:02:29:26 -0800] "GET /home/family66f.jpg HTTP/1.1" 200 102254 "https://ysfine.com/bio.html" "Mozilla/5.0 (Windows NT 10.0; Win64; x64; rv:109.0) Gecko/20100101 Firefox/110.0" "ysfine.com"
71.178.208.102 - - [25/Feb/2023:02:29:26 -0800] "GET /home/top21c.jpg HTTP/1.1" 200 53120 "https://ysfine.com/bio.html" "Mozilla/5.0 (Windows NT 10.0; Win64; x64; rv:109.0) Gecko/20100101 Firefox/110.0" "ysfine.com"
71.178.208.102 - - [25/Feb/2023:02:29:26 -0800] "GET /yspapers/iop20c.jpg HTTP/1.1" 200 29134 "https://ysfine.com/bio.html" "Mozilla/5.0 (Windows NT 10.0; Win64; x64; rv:109.0) Gecko/20100101 Firefox/110.0" "ysfine.com"
71.178.208.102 - - [25/Feb/2023:02:29:26 -0800] "GET /fotos/104c.jpg HTTP/1.1" 200 35089 "https://ysfine.com/bio.html" "Mozilla/5.0 (Windows NT 10.0; Win64; x64; rv:109.0) Gecko/20100101 Firefox/110.0" "ysfine.com"
71.178.208.102 - - [25/Feb/2023:02:29:26 -0800] "GET /fotos/105c.jpg HTTP/1.1" 200 41825 "https://ysfine.com/bio.html" "Mozilla/5.0 (Windows NT 10.0; Win64; x64; rv:109.0) Gecko/20100101 Firefox/110.0" "ysfine.com"
71.178.208.102 - - [25/Feb/2023:02:29:26 -0800] "GET /wdc/jeffm02c.jpg HTTP/1.1" 200 27659 "https://ysfine.com/bio.html" "Mozilla/5.0 (Windows NT 10.0; Win64; x64; rv:109.0) Gecko/20100101 Firefox/110.0" "ysfine.com"
71.178.208.102 - - [25/Feb/2023:02:29:26 -0800] "GET /style/bstring33c.jpg HTTP/1.1" 200 28940 "https://ysfine.com/bio.html" "Mozilla/5.0 (Windows NT 10.0; Win64; x64; rv:109.0) Gecko/20100101 Firefox/110.0" "ysfine.com"
71.178.208.102 - - [25/Feb/2023:02:29:26 -0800] "GET /fotos/marxlon02c.jpg HTTP/1.1" 200 47919 "https://ysfine.com/bio.html" "Mozilla/5.0 (Windows NT 10.0; Win64; x64; rv:109.0) Gecko/20100101 Firefox/110.0" "ysfine.com"
64.124.8.48 - - [25/Feb/2023:02:29:34 -0800] "GET /world/brit/cam16.jpg HTTP/1.1" 200 181054 "-" "Mozilla/5.0 (Macintosh; Intel Mac OS X 10_15_7) AppleWebKit/537.36 (KHTML, like Gecko) Chrome/107.0.0.0 Safari/537.36" "www.ysfine.com"
173.252.83.2 - - [25/Feb/2023:02:29:47 -0800] "GET /world/russ/mosf04b.jpg HTTP/1.1" 200 37076 "-" "facebookexternalhit/1.1 (+http://www.facebook.com/externalhit_uatext.php)" "ysfine.com"
52.167.144.62 - - [25/Feb/2023:02:29:54 -0800] "GET /home/comet10b.jpg HTTP/1.1" 200 63249 "-" "Mozilla/5.0 AppleWebKit/537.36 (KHTML, like Gecko; compatible; bingbot/2.0; +http://www.bing.com/bingbot.htm) Chrome/103.0.5060.134 Safari/537.36" "ysfine.com"
66.249.66.36 - - [25/Feb/2023:02:30:05 -0800] "GET /kobak/draftreg33b.jpg HTTP/1.1" 304 - "-" "Googlebot-Image/1.0" "ysfine.com"
52.167.144.62 - - [25/Feb/2023:02:30:13 -0800] "GET /fdx/index.html HTTP/1.1" 401 90 "-" "Mozilla/5.0 AppleWebKit/537.36 (KHTML, like Gecko; compatible; bingbot/2.0; +http://www.bing.com/bingbot.htm) Chrome/103.0.5060.134 Safari/537.36" "ysfine.com"
179.76.47.174 - - [25/Feb/2023:02:30:14 -0800] "GET /wigner/neum/vnc01.jpg HTTP/1.1" 200 133641 "-" "Mozilla/5.0 (Linux; Android 6.0.1; SM-G532MT) AppleWebKit/537.36 (KHTML, like Gecko) Chrome/79.0.3945.79 Mobile Safari/537.36" "ysfine.com"
113.253.88.239 - - [25/Feb/2023:02:30:18 -0800] "GET /world/china/shanghai001b.jpg HTTP/1.1" 200 38685 "https://www.google.com.hk/" "Mozilla/5.0 (Windows NT 10.0; Win64; x64) AppleWebKit/537.36 (KHTML, like Gecko) Chrome/110.0.0.0 Safari/537.36" "ysfine.com"
64.124.8.53 - - [25/Feb/2023:02:30:37 -0800] "GET /ysbio/world/latina/rio024.jpg HTTP/1.1" 404 88 "-" "Mozilla/5.0 (Macintosh; Intel Mac OS X 10_15_7) AppleWebKit/537.36 (KHTML, like Gecko) Chrome/107.0.0.0 Safari/537.36" "ysfine.com"
173.252.83.117 - - [25/Feb/2023:02:30:38 -0800] "GET /princeton/pcomm01b.jpg HTTP/1.1" 200 46796 "-" "facebookexternalhit/1.1 (+http://www.facebook.com/externalhit_uatext.php)" "ysfine.com"
87.250.224.239 - - [25/Feb/2023:02:30:46 -0800] "GET /world/brit/lonstore15.jpg HTTP/1.1" 200 95306 "-" "Mozilla/5.0 (compatible; YandexImages/3.0; +http://yandex.com/bots)" "www.ysfine.com"
54.36.148.176 - - [25/Feb/2023:02:31:15 -0800] "GET /robots.txt HTTP/1.1" 404 88 "-" "Mozilla/5.0 (compatible; AhrefsBot/7.0; +http://ahrefs.com/robot/)" "www.ysfine.com"
71.178.208.102 - - [25/Feb/2023:02:32:17 -0800] "GET /index.html HTTP/1.1" 200 5300 "-" "Mozilla/5.0 (Windows NT 10.0; Win64; x64) AppleWebKit/537.36 (KHTML, like Gecko) Chrome/110.0.0.0 Safari/537.36 Edg/110.0.1587.50" "ysfine.com"
71.178.208.102 - - [25/Feb/2023:02:32:17 -0800] "GET /home/eink450.jpg HTTP/1.1" 304 - "https://ysfine.com/index.html" "Mozilla/5.0 (Windows NT 10.0; Win64; x64) AppleWebKit/537.36 (KHTML, like Gecko) Chrome/110.0.0.0 Safari/537.36 Edg/110.0.1587.50" "ysfine.com"
71.178.208.102 - - [25/Feb/2023:02:32:20 -0800] "GET /index.html HTTP/1.1" 304 - "-" "Mozilla/5.0 (Windows NT 10.0; Win64; x64) AppleWebKit/537.36 (KHTML, like Gecko) Chrome/110.0.0.0 Safari/537.36 Edg/110.0.1587.50" "ysfine.com"
71.178.208.102 - - [25/Feb/2023:02:32:24 -0800] "GET /auto/bio.html HTTP/1.1" 304 - "-" "Mozilla/5.0 (Windows NT 10.0; Win64; x64) AppleWebKit/537.36 (KHTML, like Gecko) Chrome/110.0.0.0 Safari/537.36 Edg/110.0.1587.50" "ysfine.com"
71.178.208.102 - - [25/Feb/2023:02:32:24 -0800] "GET /home/ewk86f.jpg HTTP/1.1" 304 - "https://ysfine.com/auto/bio.html" "Mozilla/5.0 (Windows NT 10.0; Win64; x64) AppleWebKit/537.36 (KHTML, like Gecko) Chrome/110.0.0.0 Safari/537.36 Edg/110.0.1587.50" "ysfine.com"
64.124.8.55 - - [25/Feb/2023:02:32:25 -0800] "GET /usca/norl/fm04.jpg HTTP/1.1" 200 111102 "-" "Mozilla/5.0 (Macintosh; Intel Mac OS X 10_15_7) AppleWebKit/537.36 (KHTML, like Gecko) Chrome/107.0.0.0 Safari/537.36" "www.ysfine.com"
64.124.8.49 - - [25/Feb/2023:02:32:28 -0800] "GET /world/china/shenyang13.jpg HTTP/1.1" 200 100178 "-" "Mozilla/5.0 (Macintosh; Intel Mac OS X 10_15_7) AppleWebKit/537.36 (KHTML, like Gecko) Chrome/107.0.0.0 Safari/537.36" "www.ysfine.com"
71.178.208.102 - - [25/Feb/2023:02:32:35 -0800] "GET /home/sing.html HTTP/1.1" 200 2927 "https://ysfine.com/auto/bio.html" "Mozilla/5.0 (Windows NT 10.0; Win64; x64) AppleWebKit/537.36 (KHTML, like Gecko) Chrome/110.0.0.0 Safari/537.36 Edg/110.0.1587.50" "ysfine.com"
71.178.208.102 - - [25/Feb/2023:02:32:35 -0800] "GET /home/wigner62c.jpg HTTP/1.1" 200 41727 "https://ysfine.com/home/sing.html" "Mozilla/5.0 (Windows NT 10.0; Win64; x64) AppleWebKit/537.36 (KHTML, like Gecko) Chrome/110.0.0.0 Safari/537.36 Edg/110.0.1587.50" "ysfine.com"
71.178.208.102 - - [25/Feb/2023:02:32:35 -0800] "GET /home/ewk86a.jpg HTTP/1.1" 200 86008 "https://ysfine.com/home/sing.html" "Mozilla/5.0 (Windows NT 10.0; Win64; x64) AppleWebKit/537.36 (KHTML, like Gecko) Chrome/110.0.0.0 Safari/537.36 Edg/110.0.1587.50" "ysfine.com"
5.188.210.80 - - [25/Feb/2023:02:32:43 -0800] "GET /world/visas.html HTTP/1.1" 200 7643 "https://www.ysfine.com/world/visas.html" "Mozilla/5.0 (Windows NT 10.0; Win64; x64) AppleWebKit/537.36 (KHTML, like Gecko) Chrome/90.0.4430.72 Safari/537.36 Edg/90.0.818.42" "www.ysfine.com"
71.178.208.102 - - [25/Feb/2023:02:32:43 -0800] "GET /auto/bio17.html HTTP/1.1" 200 22138 "https://ysfine.com/auto/bio.html" "Mozilla/5.0 (Windows NT 10.0; Win64; x64) AppleWebKit/537.36 (KHTML, like Gecko) Chrome/110.0.0.0 Safari/537.36 Edg/110.0.1587.50" "ysfine.com"
71.178.208.102 - - [25/Feb/2023:02:32:55 -0800] "GET /auto/bio17.html HTTP/1.1" 304 - "https://ysfine.com/auto/bio.html" "Mozilla/5.0 (Windows NT 10.0; Win64; x64) AppleWebKit/537.36 (KHTML, like Gecko) Chrome/110.0.0.0 Safari/537.36 Edg/110.0.1587.50" "ysfine.com"
71.178.208.102 - - [25/Feb/2023:02:33:03 -0800] "GET /auto/bio17.html HTTP/1.1" 304 - "https://ysfine.com/auto/bio.html" "Mozilla/5.0 (Windows NT 10.0; Win64; x64) AppleWebKit/537.36 (KHTML, like Gecko) Chrome/110.0.0.0 Safari/537.36 Edg/110.0.1587.50" "ysfine.com"
71.178.208.102 - - [25/Feb/2023:02:33:42 -0800] "GET /auto/bio17.html HTTP/1.1" 304 - "https://ysfine.com/auto/bio.html" "Mozilla/5.0 (Windows NT 10.0; Win64; x64) AppleWebKit/537.36 (KHTML, like Gecko) Chrome/110.0.0.0 Safari/537.36 Edg/110.0.1587.50" "ysfine.com"
64.124.8.52 - - [25/Feb/2023:02:33:58 -0800] "GET /wigner/neum/vnc02.jpg HTTP/1.1" 200 122957 "-" "Mozilla/5.0 (Macintosh; Intel Mac OS X 10_15_7) AppleWebKit/537.36 (KHTML, like Gecko) Chrome/107.0.0.0 Safari/537.36" "ysfine.com"
64.124.8.55 - - [25/Feb/2023:02:34:02 -0800] "GET /style/guggen33.jpg HTTP/1.1" 200 130857 "-" "Mozilla/5.0 (Macintosh; Intel Mac OS X 10_15_7) AppleWebKit/537.36 (KHTML, like Gecko) Chrome/107.0.0.0 Safari/537.36" "www.ysfine.com"
71.178.208.102 - - [25/Feb/2023:02:34:11 -0800] "GET /kobak/taylor400.jpg HTTP/1.1" 304 - "https://ysfine.com/awards/index.html" "Mozilla/5.0 (Windows NT 10.0; Win64; x64) AppleWebKit/537.36 (KHTML, like Gecko) Chrome/110.0.0.0 Safari/537.36 Edg/110.0.1587.50" "ysfine.com"
71.178.208.102 - - [25/Feb/2023:02:34:11 -0800] "GET /awards/marq/hemis21f.jpg HTTP/1.1" 304 - "https://ysfine.com/awards/index.html" "Mozilla/5.0 (Windows NT 10.0; Win64; x64) AppleWebKit/537.36 (KHTML, like Gecko) Chrome/110.0.0.0 Safari/537.36 Edg/110.0.1587.50" "ysfine.com"
52.167.144.62 - - [25/Feb/2023:02:34:15 -0800] "GET /world/ital/aquinas03.jpg HTTP/1.1" 200 183095 "-" "Mozilla/5.0 AppleWebKit/537.36 (KHTML, like Gecko; compatible; bingbot/2.0; +http://www.bing.com/bingbot.htm) Chrome/103.0.5060.134 Safari/537.36" "ysfine.com"
71.178.208.102 - - [25/Feb/2023:02:34:22 -0800] "GET /auto/bio.html HTTP/1.1" 304 - "-" "Mozilla/5.0 (Windows NT 10.0; Win64; x64) AppleWebKit/537.36 (KHTML, like Gecko) Chrome/110.0.0.0 Safari/537.36 Edg/110.0.1587.50" "ysfine.com"
71.178.208.102 - - [25/Feb/2023:02:34:26 -0800] "GET /auto/bio17.html HTTP/1.1" 304 - "https://ysfine.com/auto/bio.html" "Mozilla/5.0 (Windows NT 10.0; Win64; x64) AppleWebKit/537.36 (KHTML, like Gecko) Chrome/110.0.0.0 Safari/537.36 Edg/110.0.1587.50" "ysfine.com"
71.178.208.102 - - [25/Feb/2023:02:34:34 -0800] "GET /auto/bio17.html HTTP/1.1" 304 - "https://ysfine.com/auto/bio.html" "Mozilla/5.0 (Windows NT 10.0; Win64; x64) AppleWebKit/537.36 (KHTML, like Gecko) Chrome/110.0.0.0 Safari/537.36 Edg/110.0.1587.50" "ysfine.com"
64.124.8.50 - - [25/Feb/2023:02:35:05 -0800] "GET /world/france/matisse52.jpg HTTP/1.1" 200 127081 "-" "Mozilla/5.0 (Macintosh; Intel Mac OS X 10_15_7) AppleWebKit/537.36 (KHTML, like Gecko) Chrome/107.0.0.0 Safari/537.36" "ysfine.com"
44.227.118.60 - - [25/Feb/2023:02:35:23 -0800] "GET /feynman/feygell66b.jpg HTTP/1.1" 200 28843 "-" "Mozilla/5.0 (X11; Ubuntu; Linux x86_64; rv:72.0) Gecko/20100101 Firefox/72.0" "ysfine.com"
64.124.8.50 - - [25/Feb/2023:02:35:23 -0800] "GET /einstein/places/einha11.jpg HTTP/1.1" 200 123426 "-" "Mozilla/5.0 (Macintosh; Intel Mac OS X 10_15_7) AppleWebKit/537.36 (KHTML, like Gecko) Chrome/107.0.0.0 Safari/537.36" "ysfine.com"
121.81.231.245 - - [25/Feb/2023:02:35:54 -0800] "GET /style/cameras/fed39b.jpg HTTP/1.1" 200 33493 "https://www.bing.com/" "Mozilla/5.0 (Windows NT 10.0; Win64; x64) AppleWebKit/537.36 (KHTML, like Gecko) Chrome/110.0.0.0 Safari/537.36 Edg/110.0.1587.50" "www.ysfine.com"
71.178.208.102 - - [25/Feb/2023:02:36:11 -0800] "GET /auto/bio.html HTTP/1.1" 200 18439 "-" "Mozilla/5.0 (Windows NT 10.0; Win64; x64) AppleWebKit/537.36 (KHTML, like Gecko) Chrome/110.0.0.0 Safari/537.36 Edg/110.0.1587.50" "ysfine.com"
71.178.208.102 - - [25/Feb/2023:02:36:14 -0800] "GET /auto/bio20.html HTTP/1.1" 200 10912 "https://ysfine.com/auto/bio.html" "Mozilla/5.0 (Windows NT 10.0; Win64; x64) AppleWebKit/537.36 (KHTML, like Gecko) Chrome/110.0.0.0 Safari/537.36 Edg/110.0.1587.50" "ysfine.com"
71.178.208.102 - - [25/Feb/2023:02:36:14 -0800] "GET /auto/home/bedk22f.jpg HTTP/1.1" 404 88 "https://ysfine.com/auto/bio20.html" "Mozilla/5.0 (Windows NT 10.0; Win64; x64) AppleWebKit/537.36 (KHTML, like Gecko) Chrome/110.0.0.0 Safari/537.36 Edg/110.0.1587.50" "ysfine.com"
71.178.208.102 - - [25/Feb/2023:02:36:14 -0800] "GET /auto/home/yspr61d.jpg HTTP/1.1" 404 88 "https://ysfine.com/auto/bio20.html" "Mozilla/5.0 (Windows NT 10.0; Win64; x64) AppleWebKit/537.36 (KHTML, like Gecko) Chrome/110.0.0.0 Safari/537.36 Edg/110.0.1587.50" "ysfine.com"
71.178.208.102 - - [25/Feb/2023:02:36:14 -0800] "GET /auto/eink/eink54f.jpg HTTP/1.1" 404 88 "https://ysfine.com/auto/bio20.html" "Mozilla/5.0 (Windows NT 10.0; Win64; x64) AppleWebKit/537.36 (KHTML, like Gecko) Chrome/110.0.0.0 Safari/537.36 Edg/110.0.1587.50" "ysfine.com"
71.178.208.102 - - [25/Feb/2023:02:36:22 -0800] "GET /auto/eink/eink54f.jpg HTTP/1.1" 404 88 "https://ysfine.com/auto/bio20.html" "Mozilla/5.0 (Windows NT 10.0; Win64; x64) AppleWebKit/537.36 (KHTML, like Gecko) Chrome/110.0.0.0 Safari/537.36 Edg/110.0.1587.50" "ysfine.com"
71.178.208.102 - - [25/Feb/2023:02:36:22 -0800] "GET /auto/home/bedk22f.jpg HTTP/1.1" 404 88 "https://ysfine.com/auto/bio20.html" "Mozilla/5.0 (Windows NT 10.0; Win64; x64) AppleWebKit/537.36 (KHTML, like Gecko) Chrome/110.0.0.0 Safari/537.36 Edg/110.0.1587.50" "ysfine.com"
71.178.208.102 - - [25/Feb/2023:02:36:22 -0800] "GET /auto/home/yspr61d.jpg HTTP/1.1" 404 88 "https://ysfine.com/auto/bio20.html" "Mozilla/5.0 (Windows NT 10.0; Win64; x64) AppleWebKit/537.36 (KHTML, like Gecko) Chrome/110.0.0.0 Safari/537.36 Edg/110.0.1587.50" "ysfine.com"
216.244.66.229 - - [25/Feb/2023:02:36:55 -0800] "GET /robots.txt HTTP/1.1" 404 73 "-" "Mozilla/5.0 (compatible; DotBot/1.2; +https://opensiteexplorer.org/dotbot; help@moz.com)" "ysfine.com"
216.244.66.229 - - [25/Feb/2023:02:36:55 -0800] "GET /robots.txt HTTP/1.1" 404 73 "-" "Mozilla/5.0 (compatible; DotBot/1.2; +https://opensiteexplorer.org/dotbot; help@moz.com)" "www.ysfine.com"
64.124.8.28 - - [25/Feb/2023:02:37:01 -0800] "GET /ysbio/kobak/church02.jpg HTTP/1.1" 404 88 "-" "Mozilla/5.0 (Macintosh; Intel Mac OS X 10_15_7) AppleWebKit/537.36 (KHTML, like Gecko) Chrome/107.0.0.0 Safari/537.36" "www.ysfine.com"
173.252.83.1 - - [25/Feb/2023:02:37:13 -0800] "GET /wigner/wighome2.jpg HTTP/1.1" 200 48701 "-" "facebookexternalhit/1.1 (+http://www.facebook.com/externalhit_uatext.php)" "ysfine.com"
77.75.77.119 - - [25/Feb/2023:02:37:40 -0800] "GET /feynman/partons.html HTTP/1.1" 304 - "-" "Mozilla/5.0 (compatible; SeznamBot/4.0-RC1; +http://napoveda.seznam.cz/seznambot-intro/)" "ysfine.com"
71.178.208.102 - - [25/Feb/2023:02:37:51 -0800] "GET /awards/marq/marq22.jpg HTTP/1.1" 200 243193 "https://ysfine.com/auto/bio20.html" "Mozilla/5.0 (Windows NT 10.0; Win64; x64) AppleWebKit/537.36 (KHTML, like Gecko) Chrome/110.0.0.0 Safari/537.36 Edg/110.0.1587.50" "ysfine.com"
71.178.208.102 - - [25/Feb/2023:02:38:13 -0800] "GET /ys22/dondon.html HTTP/1.1" 401 90 "https://ysfine.com/ys11/" "Mozilla/5.0 (Windows NT 10.0; Win64; x64) AppleWebKit/537.36 (KHTML, like Gecko) Chrome/110.0.0.0 Safari/537.36 Edg/110.0.1587.50" "ysfine.com"
52.167.144.35 - - [25/Feb/2023:02:38:44 -0800] "GET /einstein/newton11b.jpg HTTP/1.1" 200 61151 "-" "Mozilla/5.0 AppleWebKit/537.36 (KHTML, like Gecko; compatible; bingbot/2.0; +http://www.bing.com/bingbot.htm) Chrome/103.0.5060.134 Safari/537.36" "ysfine.com"
64.124.8.48 - - [25/Feb/2023:02:39:13 -0800] "GET /einstein/newton55.jpg HTTP/1.1" 200 43959 "-" "Mozilla/5.0 (Macintosh; Intel Mac OS X 10_15_7) AppleWebKit/537.36 (KHTML, like Gecko) Chrome/107.0.0.0 Safari/537.36" "www.ysfine.com"
216.244.66.229 - - [25/Feb/2023:02:39:23 -0800] "GET /auto/awards/fortune21.jpg HTTP/1.1" 404 73 "-" "Mozilla/5.0 (compatible; DotBot/1.2; +https://opensiteexplorer.org/dotbot; help@moz.com)" "www.ysfine.com"
52.167.144.35 - - [25/Feb/2023:02:39:23 -0800] "GET /wdc/gtown26.jpg HTTP/1.1" 200 54564 "-" "Mozilla/5.0 AppleWebKit/537.36 (KHTML, like Gecko; compatible; bingbot/2.0; +http://www.bing.com/bingbot.htm) Chrome/103.0.5060.134 Safari/537.36" "ysfine.com"
64.124.8.48 - - [25/Feb/2023:02:39:24 -0800] "GET /ysbio/wdc/washmo02.jpg HTTP/1.1" 404 88 "-" "Mozilla/5.0 (Macintosh; Intel Mac OS X 10_15_7) AppleWebKit/537.36 (KHTML, like Gecko) Chrome/107.0.0.0 Safari/537.36" "ysfine.com"
216.244.66.229 - - [25/Feb/2023:02:39:28 -0800] "GET /auto/fotos/package11.jpg HTTP/1.1" 200 88827 "-" "Mozilla/5.0 (compatible; DotBot/1.2; +https://opensiteexplorer.org/dotbot; help@moz.com)" "www.ysfine.com"
216.244.66.229 - - [25/Feb/2023:02:39:32 -0800] "GET /folks/amkor/victork22.jpg HTTP/1.1" 200 52095 "-" "Mozilla/5.0 (compatible; DotBot/1.2; +https://opensiteexplorer.org/dotbot; help@moz.com)" "ysfine.com"
91.133.249.144 - - [25/Feb/2023:02:40:15 -0800] "GET /robots.txt HTTP/1.1" 404 88 "-" "Mozilla/5.0 (X11; CrOS armv7l 7077.111.0) AppleWebKit/537.36 (KHTML, like Gecko) Chrome/44.0.2403.125 Safari/537.36" "ysfine.com"
91.133.158.252 - - [25/Feb/2023:02:40:15 -0800] "GET / HTTP/1.1" 200 5300 "-" "Mozilla/5.0 (Linux; Android 5.0.2; SM-T550 Build/LRX22G) AppleWebKit/537.36 (KHTML, like Gecko) Chrome/45.0.2454.84 Safari/537.36" "ysfine.com"
52.226.220.150 - - [25/Feb/2023:02:40:58 -0800] "GET /robots.txt HTTP/1.1" 404 88 "-" "YouBot (+http://www.you.com)" "ysfine.com"
52.226.220.150 - - [25/Feb/2023:02:41:01 -0800] "GET /einstein/einbohr.html HTTP/1.1" 200 6142 "-" "YouBot (+http://www.you.com)" "ysfine.com"
52.167.144.35 - - [25/Feb/2023:02:42:05 -0800] "GET /bio/style/artlove.html HTTP/1.1" 404 88 "-" "Mozilla/5.0 AppleWebKit/537.36 (KHTML, like Gecko; compatible; bingbot/2.0; +http://www.bing.com/bingbot.htm) Chrome/103.0.5060.134 Safari/537.36" "ysfine.com"
52.167.144.35 - - [25/Feb/2023:02:42:06 -0800] "GET /bio/kobak/yskor.html HTTP/1.1" 404 88 "-" "Mozilla/5.0 AppleWebKit/537.36 (KHTML, like Gecko; compatible; bingbot/2.0; +http://www.bing.com/bingbot.htm) Chrome/103.0.5060.134 Safari/537.36" "ysfine.com"
64.124.8.29 - - [25/Feb/2023:02:43:22 -0800] "GET /world/russ/mosf18.jpg HTTP/1.1" 200 98759 "-" "Mozilla/5.0 (Macintosh; Intel Mac OS X 10_15_7) AppleWebKit/537.36 (KHTML, like Gecko) Chrome/107.0.0.0 Safari/537.36" "ysfine.com"
64.124.8.50 - - [25/Feb/2023:02:43:57 -0800] "GET /usca/pitt/machinery11.jpg HTTP/1.1" 200 99617 "-" "Mozilla/5.0 (Macintosh; Intel Mac OS X 10_15_7) AppleWebKit/537.36 (KHTML, like Gecko) Chrome/107.0.0.0 Safari/537.36" "www.ysfine.com"
52.167.144.62 - - [25/Feb/2023:02:45:47 -0800] "GET /bio/style/proschanie.html HTTP/1.1" 404 88 "-" "Mozilla/5.0 AppleWebKit/537.36 (KHTML, like Gecko; compatible; bingbot/2.0; +http://www.bing.com/bingbot.htm) Chrome/103.0.5060.134 Safari/537.36" "ysfine.com"
64.124.8.49 - - [25/Feb/2023:02:46:13 -0800] "GET /world/france/champ9607.jpg HTTP/1.1" 200 122780 "-" "Mozilla/5.0 (Macintosh; Intel Mac OS X 10_15_7) AppleWebKit/537.36 (KHTML, like Gecko) Chrome/107.0.0.0 Safari/537.36" "ysfine.com"
207.46.13.219 - - [25/Feb/2023:02:47:01 -0800] "GET /world/russ/minsk078.jpg HTTP/1.1" 200 90700 "-" "Mozilla/5.0 AppleWebKit/537.36 (KHTML, like Gecko; compatible; bingbot/2.0; +http://www.bing.com/bingbot.htm) Chrome/103.0.5060.134 Safari/537.36" "ysfine.com"
64.124.8.55 - - [25/Feb/2023:02:47:05 -0800] "GET /ysbio/world/russ/bachkova11.jpg HTTP/1.1" 404 88 "-" "Mozilla/5.0 (Macintosh; Intel Mac OS X 10_15_7) AppleWebKit/537.36 (KHTML, like Gecko) Chrome/107.0.0.0 Safari/537.36" "ysfine.com"
64.124.8.54 - - [25/Feb/2023:02:47:31 -0800] "GET /world/hungary/buda205.jpg HTTP/1.1" 200 184047 "-" "Mozilla/5.0 (Macintosh; Intel Mac OS X 10_15_7) AppleWebKit/537.36 (KHTML, like Gecko) Chrome/107.0.0.0 Safari/537.36" "www.ysfine.com"
64.124.8.48 - - [25/Feb/2023:02:47:34 -0800] "GET /world/spain/cordo25.jpg HTTP/1.1" 200 353818 "-" "Mozilla/5.0 (Macintosh; Intel Mac OS X 10_15_7) AppleWebKit/537.36 (KHTML, like Gecko) Chrome/107.0.0.0 Safari/537.36" "ysfine.com"
52.167.144.62 - - [25/Feb/2023:02:47:56 -0800] "GET /home/sq600c.jpg HTTP/1.1" 200 18492 "-" "Mozilla/5.0 AppleWebKit/537.36 (KHTML, like Gecko; compatible; bingbot/2.0; +http://www.bing.com/bingbot.htm) Chrome/103.0.5060.134 Safari/537.36" "www.ysfine.com"
52.167.144.62 - - [25/Feb/2023:02:48:06 -0800] "GET /auto/bio20.html HTTP/1.1" 200 10912 "-" "Mozilla/5.0 AppleWebKit/537.36 (KHTML, like Gecko; compatible; bingbot/2.0; +http://www.bing.com/bingbot.htm) Chrome/103.0.5060.134 Safari/537.36" "www.ysfine.com"
64.124.8.49 - - [25/Feb/2023:02:48:12 -0800] "GET /wigner/neum/vnc02.jpg HTTP/1.1" 200 122957 "-" "Mozilla/5.0 (Macintosh; Intel Mac OS X 10_15_7) AppleWebKit/537.36 (KHTML, like Gecko) Chrome/107.0.0.0 Safari/537.36" "www.ysfine.com"
207.46.13.220 - - [25/Feb/2023:02:48:18 -0800] "GET /auto/bio.html HTTP/1.1" 200 18439 "-" "Mozilla/5.0 AppleWebKit/537.36 (KHTML, like Gecko; compatible; bingbot/2.0; +http://www.bing.com/bingbot.htm) Chrome/103.0.5060.134 Safari/537.36" "ysfine.com"
207.46.13.1 - - [25/Feb/2023:02:48:44 -0800] "GET /awards/marq/marq22.jpg HTTP/1.1" 200 243193 "-" "Mozilla/5.0 AppleWebKit/537.36 (KHTML, like Gecko; compatible; bingbot/2.0; +http://www.bing.com/bingbot.htm) Chrome/103.0.5060.134 Safari/537.36" "www.ysfine.com"
207.46.13.1 - - [25/Feb/2023:02:48:44 -0800] "GET /awards/lasvegas11.jpg HTTP/1.1" 200 367133 "-" "Mozilla/5.0 AppleWebKit/537.36 (KHTML, like Gecko; compatible; bingbot/2.0; +http://www.bing.com/bingbot.htm) Chrome/103.0.5060.134 Safari/537.36" "www.ysfine.com"
207.46.13.220 - - [25/Feb/2023:02:48:49 -0800] "GET /saram/g142.jpg HTTP/1.1" 200 160538 "-" "Mozilla/5.0 AppleWebKit/537.36 (KHTML, like Gecko; compatible; bingbot/2.0; +http://www.bing.com/bingbot.htm) Chrome/103.0.5060.134 Safari/537.36" "www.ysfine.com"
207.46.13.228 - - [25/Feb/2023:02:48:53 -0800] "GET /awards/wsj21.jpg HTTP/1.1" 200 260984 "-" "Mozilla/5.0 AppleWebKit/537.36 (KHTML, like Gecko; compatible; bingbot/2.0; +http://www.bing.com/bingbot.htm) Chrome/103.0.5060.134 Safari/537.36" "www.ysfine.com"
207.46.13.228 - - [25/Feb/2023:02:48:54 -0800] "GET /awards/dirbust22.jpg HTTP/1.1" 200 88173 "-" "Mozilla/5.0 AppleWebKit/537.36 (KHTML, like Gecko; compatible; bingbot/2.0; +http://www.bing.com/bingbot.htm) Chrome/103.0.5060.134 Safari/537.36" "www.ysfine.com"
207.46.13.228 - - [25/Feb/2023:02:48:54 -0800] "GET /awards/ysnr11.jpg HTTP/1.1" 200 141084 "-" "Mozilla/5.0 AppleWebKit/537.36 (KHTML, like Gecko; compatible; bingbot/2.0; +http://www.bing.com/bingbot.htm) Chrome/103.0.5060.134 Safari/537.36" "www.ysfine.com"
173.252.83.8 - - [25/Feb/2023:02:49:22 -0800] "GET /ffriends/aline/northwes01c.jpg HTTP/1.1" 200 28216 "-" "facebookexternalhit/1.1 (+http://www.facebook.com/externalhit_uatext.php)" "ysfine.com"
207.46.13.219 - - [25/Feb/2023:02:49:42 -0800] "GET /world/brit/victoria07.jpg HTTP/1.1" 200 122008 "-" "Mozilla/5.0 AppleWebKit/537.36 (KHTML, like Gecko; compatible; bingbot/2.0; +http://www.bing.com/bingbot.htm) Chrome/103.0.5060.134 Safari/537.36" "www.ysfine.com"
207.46.13.219 - - [25/Feb/2023:02:49:51 -0800] "GET /world/istanbul.html HTTP/1.1" 304 - "-" "Mozilla/5.0 AppleWebKit/537.36 (KHTML, like Gecko; compatible; bingbot/2.0; +http://www.bing.com/bingbot.htm) Chrome/103.0.5060.134 Safari/537.36" "www.ysfine.com"
87.250.224.239 - - [25/Feb/2023:02:49:56 -0800] "GET /ffriends/scan.html HTTP/1.1" 200 7336 "-" "Mozilla/5.0 (compatible; YandexBot/3.0; +http://yandex.com/bots)" "www.ysfine.com"
207.46.13.220 - - [25/Feb/2023:02:50:01 -0800] "GET /home/philo/sisfa12/keirigh.html HTTP/1.1" 200 2033 "-" "Mozilla/5.0 AppleWebKit/537.36 (KHTML, like Gecko; compatible; bingbot/2.0; +http://www.bing.com/bingbot.htm) Chrome/103.0.5060.134 Safari/537.36" "ysfine.com"
64.124.8.53 - - [25/Feb/2023:02:50:56 -0800] "GET /ysbio/usca/norl/fm10.jpg HTTP/1.1" 404 88 "-" "Mozilla/5.0 (Macintosh; Intel Mac OS X 10_15_7) AppleWebKit/537.36 (KHTML, like Gecko) Chrome/107.0.0.0 Safari/537.36" "ysfine.com"
64.124.8.54 - - [25/Feb/2023:02:52:51 -0800] "GET /manko/giaco01.jpg HTTP/1.1" 200 43226 "-" "Mozilla/5.0 (Macintosh; Intel Mac OS X 10_15_7) AppleWebKit/537.36 (KHTML, like Gecko) Chrome/107.0.0.0 Safari/537.36" "ysfine.com"
64.124.8.55 - - [25/Feb/2023:02:53:50 -0800] "GET /yspapers/o32inho22.jpg HTTP/1.1" 200 215421 "-" "Mozilla/5.0 (Macintosh; Intel Mac OS X 10_15_7) AppleWebKit/537.36 (KHTML, like Gecko) Chrome/107.0.0.0 Safari/537.36" "ysfine.com"
183.100.149.20 - - [25/Feb/2023:02:54:09 -0800] "GET /kobak/rheeh.jpg HTTP/1.1" 200 268963 "https://www.google.com/" "Mozilla/5.0 (Linux; Android 12; SM-G975U) AppleWebKit/537.36 (KHTML, like Gecko) Chrome/110.0.0.0 Mobile Safari/537.36" "ysfine.com"
52.167.144.62 - - [25/Feb/2023:02:54:15 -0800] "GET /princeton/stevenson33.jpg HTTP/1.1" 200 54494 "-" "Mozilla/5.0 AppleWebKit/537.36 (KHTML, like Gecko; compatible; bingbot/2.0; +http://www.bing.com/bingbot.htm) Chrome/103.0.5060.134 Safari/537.36" "ysfine.com"
52.167.144.62 - - [25/Feb/2023:02:54:16 -0800] "GET /fdx/index.html HTTP/1.1" 401 90 "-" "Mozilla/5.0 AppleWebKit/537.36 (KHTML, like Gecko; compatible; bingbot/2.0; +http://www.bing.com/bingbot.htm) Chrome/103.0.5060.134 Safari/537.36" "ysfine.com"
64.124.8.53 - - [25/Feb/2023:02:54:29 -0800] "GET /world/france/montpar19.jpg HTTP/1.1" 200 193308 "-" "Mozilla/5.0 (Macintosh; Intel Mac OS X 10_15_7) AppleWebKit/537.36 (KHTML, like Gecko) Chrome/107.0.0.0 Safari/537.36" "www.ysfine.com"
52.167.144.62 - - [25/Feb/2023:02:55:06 -0800] "GET /world/ital/rome046b.jpg HTTP/1.1" 200 38586 "-" "Mozilla/5.0 AppleWebKit/537.36 (KHTML, like Gecko; compatible; bingbot/2.0; +http://www.bing.com/bingbot.htm) Chrome/103.0.5060.134 Safari/537.36" "ysfine.com"
64.124.8.55 - - [25/Feb/2023:02:55:33 -0800] "GET /world/russ/minsk019.jpg HTTP/1.1" 200 142323 "-" "Mozilla/5.0 (Macintosh; Intel Mac OS X 10_15_7) AppleWebKit/537.36 (KHTML, like Gecko) Chrome/107.0.0.0 Safari/537.36" "ysfine.com"
91.133.142.75 - - [25/Feb/2023:02:55:36 -0800] "GET /robots.txt HTTP/1.1" 404 88 "-" "Mozilla/5.0 AppleWebKit/999.0 (KHTML, like Gecko) Chrome/99.0 Safari/999.0" "ysfine.com"
91.133.166.182 - - [25/Feb/2023:02:55:36 -0800] "GET / HTTP/1.1" 200 5300 "-" "Mozilla/5.0 (iPad; CPU OS 7_1_2 like Mac OS X) AppleWebKit/537.51.2 (KHTML, like Gecko) GSA/6.0.51363 Mobile/11D257 Safari/9537.53" "ysfine.com"
64.124.8.57 - - [25/Feb/2023:02:55:42 -0800] "GET /world/hungary/buda104.jpg HTTP/1.1" 200 143172 "-" "Mozilla/5.0 (Macintosh; Intel Mac OS X 10_15_7) AppleWebKit/537.36 (KHTML, like Gecko) Chrome/107.0.0.0 Safari/537.36" "www.ysfine.com"
173.252.83.18 - - [25/Feb/2023:02:56:21 -0800] "GET /ffriends/israel02b.jpg HTTP/1.1" 200 42031 "-" "facebookexternalhit/1.1 (+http://www.facebook.com/externalhit_uatext.php)" "ysfine.com"
40.77.167.178 - - [25/Feb/2023:02:56:47 -0800] "GET /world/germany/vienna21.jpg HTTP/1.1" 200 158348 "-" "Mozilla/5.0 AppleWebKit/537.36 (KHTML, like Gecko; compatible; bingbot/2.0; +http://www.bing.com/bingbot.htm) Chrome/103.0.5060.134 Safari/537.36" "www.ysfine.com"
213.93.58.78 - - [25/Feb/2023:02:57:28 -0800] "GET /dirac/dirac63.jpg HTTP/1.1" 200 83306 "https://www.google.de/" "Mozilla/5.0 (Linux; Android 12; SAMSUNG SM-A515F) AppleWebKit/537.36 (KHTML, like Gecko) SamsungBrowser/20.0 Chrome/106.0.5249.126 Mobile Safari/537.36" "ysfine.com"
207.46.13.223 - - [25/Feb/2023:02:57:31 -0800] "GET /world/france/notre19.jpg HTTP/1.1" 200 113379 "-" "Mozilla/5.0 AppleWebKit/537.36 (KHTML, like Gecko; compatible; bingbot/2.0; +http://www.bing.com/bingbot.htm) Chrome/103.0.5060.134 Safari/537.36" "www.ysfine.com"
71.178.208.102 - - [25/Feb/2023:02:57:34 -0800] "GET /auto/bio20.html HTTP/1.1" 200 10912 "https://www.ysfine.com/ys11/index.html" "Mozilla/5.0 (Windows NT 10.0; Win64; x64; rv:109.0) Gecko/20100101 Firefox/110.0" "www.ysfine.com"
71.178.208.102 - - [25/Feb/2023:02:57:34 -0800] "GET /awards/dirbust22d.jpg HTTP/1.1" 200 53775 "https://www.ysfine.com/auto/bio20.html" "Mozilla/5.0 (Windows NT 10.0; Win64; x64; rv:109.0) Gecko/20100101 Firefox/110.0" "www.ysfine.com"
71.178.208.102 - - [25/Feb/2023:02:57:34 -0800] "GET /awards/iaotp152d.jpg HTTP/1.1" 200 54105 "https://www.ysfine.com/auto/bio20.html" "Mozilla/5.0 (Windows NT 10.0; Win64; x64; rv:109.0) Gecko/20100101 Firefox/110.0" "www.ysfine.com"
71.178.208.102 - - [25/Feb/2023:02:57:34 -0800] "GET /auto/home/bedk22f.jpg HTTP/1.1" 404 88 "https://www.ysfine.com/auto/bio20.html" "Mozilla/5.0 (Windows NT 10.0; Win64; x64; rv:109.0) Gecko/20100101 Firefox/110.0" "www.ysfine.com"
71.178.208.102 - - [25/Feb/2023:02:57:34 -0800] "GET /awards/marq/marq22d.jpg HTTP/1.1" 200 59171 "https://www.ysfine.com/auto/bio20.html" "Mozilla/5.0 (Windows NT 10.0; Win64; x64; rv:109.0) Gecko/20100101 Firefox/110.0" "www.ysfine.com"
71.178.208.102 - - [25/Feb/2023:02:57:34 -0800] "GET /auto/eink/eink54f.jpg HTTP/1.1" 404 88 "https://www.ysfine.com/auto/bio20.html" "Mozilla/5.0 (Windows NT 10.0; Win64; x64; rv:109.0) Gecko/20100101 Firefox/110.0" "www.ysfine.com"
71.178.208.102 - - [25/Feb/2023:02:57:34 -0800] "GET /auto/home/yspr61d.jpg HTTP/1.1" 404 88 "https://www.ysfine.com/auto/bio20.html" "Mozilla/5.0 (Windows NT 10.0; Win64; x64; rv:109.0) Gecko/20100101 Firefox/110.0" "www.ysfine.com"
216.244.66.229 - - [25/Feb/2023:02:58:14 -0800] "GET /wdc/kennedyc19.jpg HTTP/1.1" 200 107769 "-" "Mozilla/5.0 (compatible; DotBot/1.2; +https://opensiteexplorer.org/dotbot; help@moz.com)" "ysfine.com"
52.167.144.35 - - [25/Feb/2023:02:58:35 -0800] "GET /world/france/sorbonne15.jpg HTTP/1.1" 200 102545 "-" "Mozilla/5.0 AppleWebKit/537.36 (KHTML, like Gecko; compatible; bingbot/2.0; +http://www.bing.com/bingbot.htm) Chrome/103.0.5060.134 Safari/537.36" "ysfine.com"
216.244.66.229 - - [25/Feb/2023:02:59:05 -0800] "GET /world/brit/imperialc07.jpg HTTP/1.1" 200 80001 "-" "Mozilla/5.0 (compatible; DotBot/1.2; +https://opensiteexplorer.org/dotbot; help@moz.com)" "ysfine.com"
207.46.13.220 - - [25/Feb/2023:02:59:10 -0800] "GET /style/musee/louvre13.jpg HTTP/1.1" 200 64632 "-" "Mozilla/5.0 AppleWebKit/537.36 (KHTML, like Gecko; compatible; bingbot/2.0; +http://www.bing.com/bingbot.htm) Chrome/103.0.5060.134 Safari/537.36" "ysfine.com"
40.77.167.178 - - [25/Feb/2023:03:00:06 -0800] "GET /sbk/2009wdc11.jpg HTTP/1.1" 200 123825 "-" "Mozilla/5.0 AppleWebKit/537.36 (KHTML, like Gecko; compatible; bingbot/2.0; +http://www.bing.com/bingbot.htm) Chrome/103.0.5060.134 Safari/537.36" "ysfine.com"
71.178.208.102 - - [25/Feb/2023:03:00:34 -0800] "GET /home/yshome.html HTTP/1.1" 200 5639 "-" "Mozilla/5.0 (Windows NT 10.0; Win64; x64; rv:109.0) Gecko/20100101 Firefox/110.0" "ysfine.com"
