173.252.83.5 - - [24/Feb/2023:22:40:15 -0800] "GET /world/poland/sienkiew07b.jpg HTTP/1.1" 200 60060 "-" "facebookexternalhit/1.1 (+http://www.facebook.com/externalhit_uatext.php)" "ysfine.com"
52.4.143.42 - - [24/Feb/2023:22:40:47 -0800] "GET /confer/listall.html HTTP/1.1" 200 6460 "-" "Mozilla/5.0 (Windows NT 10.0; Win64; x64) AppleWebKit/537.36 (KHTML, like Gecko) Chrome/80.0.3987.163 Safari/537.36" "ysfine.com"
64.124.8.50 - - [24/Feb/2023:22:41:27 -0800] "GET /feynman/feygell22.jpg HTTP/1.1" 200 61564 "-" "Mozilla/5.0 (Macintosh; Intel Mac OS X 10_15_7) AppleWebKit/537.36 (KHTML, like Gecko) Chrome/107.0.0.0 Safari/537.36" "www.ysfine.com"
64.124.8.28 - - [24/Feb/2023:22:41:32 -0800] "GET /wigner/wiggriff.jpg HTTP/1.1" 200 94506 "-" "Mozilla/5.0 (Macintosh; Intel Mac OS X 10_15_7) AppleWebKit/537.36 (KHTML, like Gecko) Chrome/107.0.0.0 Safari/537.36" "ysfine.com"
216.244.66.229 - - [24/Feb/2023:22:42:34 -0800] "GET /folks/india06.jpg HTTP/1.1" 200 60843 "-" "Mozilla/5.0 (compatible; DotBot/1.2; +https://opensiteexplorer.org/dotbot; help@moz.com)" "ysfine.com"
216.244.66.229 - - [24/Feb/2023:22:42:40 -0800] "GET /home/bio06.html HTTP/1.1" 404 73 "-" "Mozilla/5.0 (compatible; DotBot/1.2; +https://opensiteexplorer.org/dotbot; help@moz.com)" "www.ysfine.com"
216.244.66.229 - - [24/Feb/2023:22:42:44 -0800] "GET /folks/latvia11.jpg HTTP/1.1" 200 275936 "-" "Mozilla/5.0 (compatible; DotBot/1.2; +https://opensiteexplorer.org/dotbot; help@moz.com)" "ysfine.com"
217.182.175.162 - - [24/Feb/2023:22:43:03 -0800] "HEAD /yspapers/iopbook22.pdf HTTP/1.1" 200 - "-" "Mozilla/5.0 (Macintosh; Intel Mac OS X 10_14_0) AppleWebKit/537.36 (KHTML, like Gecko) Chrome/70.0.3538.67 Safari/537.36" "ysfine.com"
216.244.66.229 - - [24/Feb/2023:22:43:27 -0800] "GET /auto/awards/wsj21.jpg HTTP/1.1" 404 73 "-" "Mozilla/5.0 (compatible; DotBot/1.2; +https://opensiteexplorer.org/dotbot; help@moz.com)" "www.ysfine.com"
207.46.13.223 - - [24/Feb/2023:22:43:38 -0800] "GET /awards/fortune22a.jpg HTTP/1.1" 200 158845 "-" "Mozilla/5.0 AppleWebKit/537.36 (KHTML, like Gecko; compatible; bingbot/2.0; +http://www.bing.com/bingbot.htm) Chrome/103.0.5060.134 Safari/537.36" "ysfine.com"
123.149.78.31 - - [24/Feb/2023:22:43:45 -0800] "GET /robots.txt HTTP/1.1" 404 88 "-" "Mozilla/5.0 (Windows NT 10.0; Win64; x64) AppleWebKit/537.36 (KHTML, like Gecko) Chrome/92.0.4515.159 Safari/537.36" "www.ysfine.com"
216.244.66.229 - - [24/Feb/2023:22:43:56 -0800] "GET /auto/einnstein/bern.html HTTP/1.1" 404 73 "-" "Mozilla/5.0 (compatible; DotBot/1.2; +https://opensiteexplorer.org/dotbot; help@moz.com)" "www.ysfine.com"
173.252.83.118 - - [24/Feb/2023:22:44:04 -0800] "GET /home/ys90b.jpg HTTP/1.1" 200 29164 "-" "facebookexternalhit/1.1 (+http://www.facebook.com/externalhit_uatext.php)" "ysfine.com"
54.161.41.102 - - [24/Feb/2023:22:44:16 -0800] "GET /robots.txt HTTP/1.1" 404 88 "-" "Mozilla/5.0 (compatible; Neevabot/1.0; +https://neeva.com/neevabot)" "ysfine.com"
216.244.66.229 - - [24/Feb/2023:22:44:24 -0800] "GET /folks/turkarmen.jpg HTTP/1.1" 200 74770 "-" "Mozilla/5.0 (compatible; DotBot/1.2; +https://opensiteexplorer.org/dotbot; help@moz.com)" "ysfine.com"
64.124.8.52 - - [24/Feb/2023:22:44:32 -0800] "GET /world/germany/leipzig57.jpg HTTP/1.1" 200 142407 "-" "Mozilla/5.0 (Macintosh; Intel Mac OS X 10_15_7) AppleWebKit/537.36 (KHTML, like Gecko) Chrome/107.0.0.0 Safari/537.36" "ysfine.com"
40.77.167.226 - - [24/Feb/2023:22:44:38 -0800] "GET /world/ital/palermo05.jpg HTTP/1.1" 200 119457 "-" "Mozilla/5.0 AppleWebKit/537.36 (KHTML, like Gecko; compatible; bingbot/2.0; +http://www.bing.com/bingbot.htm) Chrome/103.0.5060.134 Safari/537.36" "ysfine.com"
54.161.41.102 - - [24/Feb/2023:22:44:38 -0800] "GET /dirac/dart/dirac45a.pdf HTTP/1.1" 200 2115116 "-" "Mozilla/5.0 (compatible; Neevabot/1.0; +https://neeva.com/neevabot)" "ysfine.com"
216.244.66.229 - - [24/Feb/2023:22:44:52 -0800] "GET /folks/amkor/canberlin01.jpg HTTP/1.1" 200 132957 "-" "Mozilla/5.0 (compatible; DotBot/1.2; +https://opensiteexplorer.org/dotbot; help@moz.com)" "ysfine.com"
52.167.144.62 - - [24/Feb/2023:22:44:54 -0800] "GET /world/latina/cancun23.jpg HTTP/1.1" 200 119252 "-" "Mozilla/5.0 AppleWebKit/537.36 (KHTML, like Gecko; compatible; bingbot/2.0; +http://www.bing.com/bingbot.htm) Chrome/103.0.5060.134 Safari/537.36" "www.ysfine.com"
40.77.167.226 - - [24/Feb/2023:22:45:17 -0800] "GET /bio09.html HTTP/1.1" 304 - "-" "Mozilla/5.0 AppleWebKit/537.36 (KHTML, like Gecko; compatible; bingbot/2.0; +http://www.bing.com/bingbot.htm) Chrome/103.0.5060.134 Safari/537.36" "www.ysfine.com"
216.244.66.229 - - [24/Feb/2023:22:45:25 -0800] "GET /auto/fotos/chuseok11.jpg HTTP/1.1" 200 221476 "-" "Mozilla/5.0 (compatible; DotBot/1.2; +https://opensiteexplorer.org/dotbot; help@moz.com)" "ysfine.com"
207.46.13.223 - - [24/Feb/2023:22:45:29 -0800] "GET /usca/pitt/pittcath01b.jpg HTTP/1.1" 200 44385 "-" "Mozilla/5.0 AppleWebKit/537.36 (KHTML, like Gecko; compatible; bingbot/2.0; +http://www.bing.com/bingbot.htm) Chrome/103.0.5060.134 Safari/537.36" "www.ysfine.com"
64.124.8.55 - - [24/Feb/2023:22:45:36 -0800] "GET /world/ital/verona16.jpg HTTP/1.1" 200 116788 "-" "Mozilla/5.0 (Macintosh; Intel Mac OS X 10_15_7) AppleWebKit/537.36 (KHTML, like Gecko) Chrome/107.0.0.0 Safari/537.36" "www.ysfine.com"
216.244.66.229 - - [24/Feb/2023:22:45:55 -0800] "GET /feynman/feygell66.jpg HTTP/1.1" 200 115723 "-" "Mozilla/5.0 (compatible; DotBot/1.2; +https://opensiteexplorer.org/dotbot; help@moz.com)" "ysfine.com"
64.124.8.49 - - [24/Feb/2023:22:46:09 -0800] "GET /world/hungary/buda042.jpg HTTP/1.1" 200 92186 "-" "Mozilla/5.0 (Macintosh; Intel Mac OS X 10_15_7) AppleWebKit/537.36 (KHTML, like Gecko) Chrome/107.0.0.0 Safari/537.36" "ysfine.com"
64.124.8.48 - - [24/Feb/2023:22:46:14 -0800] "GET /ysbio/wigner/neum/pvn07.jpg HTTP/1.1" 404 88 "-" "Mozilla/5.0 (Macintosh; Intel Mac OS X 10_15_7) AppleWebKit/537.36 (KHTML, like Gecko) Chrome/107.0.0.0 Safari/537.36" "ysfine.com"
216.244.66.229 - - [24/Feb/2023:22:46:21 -0800] "GET /ffriends/amkor/koharp05.jpg HTTP/1.1" 200 171052 "-" "Mozilla/5.0 (compatible; DotBot/1.2; +https://opensiteexplorer.org/dotbot; help@moz.com)" "ysfine.com"
64.124.8.57 - - [24/Feb/2023:22:46:30 -0800] "GET /world/ital/sapienza15.jpg HTTP/1.1" 200 113706 "-" "Mozilla/5.0 (Macintosh; Intel Mac OS X 10_15_7) AppleWebKit/537.36 (KHTML, like Gecko) Chrome/107.0.0.0 Safari/537.36" "www.ysfine.com"
64.124.8.53 - - [24/Feb/2023:22:46:32 -0800] "GET /ysbio/world/brit/cam30.jpg HTTP/1.1" 404 88 "-" "Mozilla/5.0 (Macintosh; Intel Mac OS X 10_15_7) AppleWebKit/537.36 (KHTML, like Gecko) Chrome/107.0.0.0 Safari/537.36" "ysfine.com"
216.244.66.229 - - [24/Feb/2023:22:46:45 -0800] "GET /newyork/rocke03.jpg HTTP/1.1" 200 172948 "-" "Mozilla/5.0 (compatible; DotBot/1.2; +https://opensiteexplorer.org/dotbot; help@moz.com)" "ysfine.com"
207.46.13.220 - - [24/Feb/2023:22:46:53 -0800] "GET /style/akiko.jpg HTTP/1.1" 200 73954 "-" "Mozilla/5.0 AppleWebKit/537.36 (KHTML, like Gecko; compatible; bingbot/2.0; +http://www.bing.com/bingbot.htm) Chrome/103.0.5060.134 Safari/537.36" "www.ysfine.com"
95.108.213.156 - - [24/Feb/2023:22:47:10 -0800] "GET /newyork/nyharbor42.jpg HTTP/1.1" 200 127037 "-" "Mozilla/5.0 (compatible; YandexImages/3.0; +http://yandex.com/bots)" "www.ysfine.com"
207.46.13.223 - - [24/Feb/2023:22:47:19 -0800] "GET /folks/philipine01.jpg HTTP/1.1" 200 74896 "-" "Mozilla/5.0 AppleWebKit/537.36 (KHTML, like Gecko; compatible; bingbot/2.0; +http://www.bing.com/bingbot.htm) Chrome/103.0.5060.134 Safari/537.36" "ysfine.com"
216.244.66.229 - - [24/Feb/2023:22:47:24 -0800] "GET /newyork/trump02.jpg HTTP/1.1" 200 149904 "-" "Mozilla/5.0 (compatible; DotBot/1.2; +https://opensiteexplorer.org/dotbot; help@moz.com)" "ysfine.com"
64.124.8.50 - - [24/Feb/2023:22:48:00 -0800] "GET /einstein/places/einha22.jpg HTTP/1.1" 200 85727 "-" "Mozilla/5.0 (Macintosh; Intel Mac OS X 10_15_7) AppleWebKit/537.36 (KHTML, like Gecko) Chrome/107.0.0.0 Safari/537.36" "www.ysfine.com"
216.244.66.229 - - [24/Feb/2023:22:48:02 -0800] "GET /princeton/mediter11.jpg HTTP/1.1" 200 165936 "-" "Mozilla/5.0 (compatible; DotBot/1.2; +https://opensiteexplorer.org/dotbot; help@moz.com)" "ysfine.com"
216.244.66.229 - - [24/Feb/2023:22:48:41 -0800] "GET /sbk/2011maine11.jpg HTTP/1.1" 200 118573 "-" "Mozilla/5.0 (compatible; DotBot/1.2; +https://opensiteexplorer.org/dotbot; help@moz.com)" "ysfine.com"
173.252.83.10 - - [24/Feb/2023:22:48:42 -0800] "GET /world/france/frstu03b.jpg HTTP/1.1" 200 40739 "-" "facebookexternalhit/1.1 (+http://www.facebook.com/externalhit_uatext.php)" "ysfine.com"
216.244.66.229 - - [24/Feb/2023:22:49:20 -0800] "GET /style/xiangran33.jpg HTTP/1.1" 200 71896 "-" "Mozilla/5.0 (compatible; DotBot/1.2; +https://opensiteexplorer.org/dotbot; help@moz.com)" "ysfine.com"
173.252.83.23 - - [24/Feb/2023:22:49:20 -0800] "GET /ffriends/italistan11b.jpg HTTP/1.1" 200 35066 "-" "facebookexternalhit/1.1 (+http://www.facebook.com/externalhit_uatext.php)" "ysfine.com"
64.124.8.50 - - [24/Feb/2023:22:49:24 -0800] "GET /world/russ/gum01.jpg HTTP/1.1" 200 130934 "-" "Mozilla/5.0 (Macintosh; Intel Mac OS X 10_15_7) AppleWebKit/537.36 (KHTML, like Gecko) Chrome/107.0.0.0 Safari/537.36" "ysfine.com"
173.252.83.14 - - [24/Feb/2023:22:49:47 -0800] "GET /maga/invent/kdka2.jpg HTTP/1.1" 200 39453 "-" "facebookexternalhit/1.1 (+http://www.facebook.com/externalhit_uatext.php)" "ysfine.com"
216.244.66.229 - - [24/Feb/2023:22:49:53 -0800] "GET /wdc/lincoln14.jpg HTTP/1.1" 200 56842 "-" "Mozilla/5.0 (compatible; DotBot/1.2; +https://opensiteexplorer.org/dotbot; help@moz.com)" "ysfine.com"
216.244.66.229 - - [24/Feb/2023:22:50:25 -0800] "GET /wdc/redcross22.jpg HTTP/1.1" 200 164281 "-" "Mozilla/5.0 (compatible; DotBot/1.2; +https://opensiteexplorer.org/dotbot; help@moz.com)" "ysfine.com"
64.124.8.55 - - [24/Feb/2023:22:51:12 -0800] "GET /usca/norl/fq11.jpg HTTP/1.1" 200 94323 "-" "Mozilla/5.0 (Macintosh; Intel Mac OS X 10_15_7) AppleWebKit/537.36 (KHTML, like Gecko) Chrome/107.0.0.0 Safari/537.36" "ysfine.com"
216.244.66.229 - - [24/Feb/2023:22:51:16 -0800] "GET /wdc/sakura20.jpg HTTP/1.1" 200 98935 "-" "Mozilla/5.0 (compatible; DotBot/1.2; +https://opensiteexplorer.org/dotbot; help@moz.com)" "ysfine.com"
64.124.8.29 - - [24/Feb/2023:22:51:31 -0800] "GET /style/cameras/blackwhite01.jpg HTTP/1.1" 200 154395 "-" "Mozilla/5.0 (Macintosh; Intel Mac OS X 10_15_7) AppleWebKit/537.36 (KHTML, like Gecko) Chrome/107.0.0.0 Safari/537.36" "ysfine.com"
64.124.8.49 - - [24/Feb/2023:22:51:32 -0800] "GET /world/latina/rio062.jpg HTTP/1.1" 200 78896 "-" "Mozilla/5.0 (Macintosh; Intel Mac OS X 10_15_7) AppleWebKit/537.36 (KHTML, like Gecko) Chrome/107.0.0.0 Safari/537.36" "www.ysfine.com"
40.77.167.178 - - [24/Feb/2023:22:51:35 -0800] "GET /world/china/china044b.jpg HTTP/1.1" 200 43025 "-" "Mozilla/5.0 AppleWebKit/537.36 (KHTML, like Gecko; compatible; bingbot/2.0; +http://www.bing.com/bingbot.htm) Chrome/103.0.5060.134 Safari/537.36" "ysfine.com"
216.244.66.229 - - [24/Feb/2023:22:51:58 -0800] "GET /wisdom/mongoinv.html HTTP/1.1" 200 2101 "-" "Mozilla/5.0 (compatible; DotBot/1.2; +https://opensiteexplorer.org/dotbot; help@moz.com)" "ysfine.com"
207.46.13.219 - - [24/Feb/2023:22:52:05 -0800] "GET /wigner/gim/gimn08.jpg HTTP/1.1" 200 92205 "-" "Mozilla/5.0 AppleWebKit/537.36 (KHTML, like Gecko; compatible; bingbot/2.0; +http://www.bing.com/bingbot.htm) Chrome/103.0.5060.134 Safari/537.36" "ysfine.com"
52.167.144.62 - - [24/Feb/2023:22:52:24 -0800] "GET /bio/einstein/world/yspapers/kno79.pdf HTTP/1.1" 404 88 "-" "Mozilla/5.0 AppleWebKit/537.36 (KHTML, like Gecko; compatible; bingbot/2.0; +http://www.bing.com/bingbot.htm) Chrome/103.0.5060.134 Safari/537.36" "ysfine.com"
216.244.66.229 - - [24/Feb/2023:22:52:28 -0800] "GET /world/japan/tokyof02.jpg HTTP/1.1" 200 125996 "-" "Mozilla/5.0 (compatible; DotBot/1.2; +https://opensiteexplorer.org/dotbot; help@moz.com)" "ysfine.com"
216.244.66.229 - - [24/Feb/2023:22:53:19 -0800] "GET /world/russ/minskf33.jpg HTTP/1.1" 200 149143 "-" "Mozilla/5.0 (compatible; DotBot/1.2; +https://opensiteexplorer.org/dotbot; help@moz.com)" "ysfine.com"
64.124.8.28 - - [24/Feb/2023:22:53:32 -0800] "GET /world/russ/roskei94.jpg HTTP/1.1" 200 108504 "-" "Mozilla/5.0 (Macintosh; Intel Mac OS X 10_15_7) AppleWebKit/537.36 (KHTML, like Gecko) Chrome/107.0.0.0 Safari/537.36" "ysfine.com"
173.252.83.120 - - [24/Feb/2023:22:54:04 -0800] "GET /princeton/gcollege05b.jpg HTTP/1.1" 200 49944 "-" "facebookexternalhit/1.1 (+http://www.facebook.com/externalhit_uatext.php)" "ysfine.com"
216.244.66.229 - - [24/Feb/2023:22:54:09 -0800] "GET /ffriends/russkor02.jpg HTTP/1.1" 200 182519 "-" "Mozilla/5.0 (compatible; DotBot/1.2; +https://opensiteexplorer.org/dotbot; help@moz.com)" "ysfine.com"
64.124.8.57 - - [24/Feb/2023:22:54:21 -0800] "GET /world/brit/cam21.jpg HTTP/1.1" 200 106618 "-" "Mozilla/5.0 (Macintosh; Intel Mac OS X 10_15_7) AppleWebKit/537.36 (KHTML, like Gecko) Chrome/107.0.0.0 Safari/537.36" "www.ysfine.com"
216.244.66.229 - - [24/Feb/2023:22:54:59 -0800] "GET /folks/jgriffin.jpg HTTP/1.1" 200 110098 "-" "Mozilla/5.0 (compatible; DotBot/1.2; +https://opensiteexplorer.org/dotbot; help@moz.com)" "ysfine.com"
91.133.249.230 - - [24/Feb/2023:22:55:03 -0800] "GET / HTTP/1.1" 200 5295 "-" "Mozilla/5.0 (iPod; U; CPU iPhone OS 4_3_3 like Mac OS X; ja-jp) AppleWebKit/533.17.9 (KHTML, like Gecko) Version/5.0.2 Mobile/8J2 Safari/6533.18.5" "ysfine.com"
5.52.234.71 - - [24/Feb/2023:22:55:03 -0800] "GET /robots.txt HTTP/1.1" 404 88 "-" "Mozilla/5.0 (iPad;U;CPU OS 5_1_1 like Mac OS X; zh-cn)AppleWebKit/534.46.0(KHTML, like Gecko)CriOS/19.0.1084.60 Mobile/9B206 Safari/7534.48.3" "ysfine.com"
216.244.66.229 - - [24/Feb/2023:22:55:43 -0800] "GET /maga/phil/sartre66.jpg HTTP/1.1" 200 239329 "-" "Mozilla/5.0 (compatible; DotBot/1.2; +https://opensiteexplorer.org/dotbot; help@moz.com)" "ysfine.com"
216.244.66.229 - - [24/Feb/2023:22:56:34 -0800] "GET /remote/wigner111/frame40.html HTTP/1.1" 200 870 "-" "Mozilla/5.0 (compatible; DotBot/1.2; +https://opensiteexplorer.org/dotbot; help@moz.com)" "ysfine.com"
212.237.126.112 - - [24/Feb/2023:22:56:41 -0800] "GET /wisdom/korart03.jpg HTTP/1.1" 200 222876 "https://www.google.com/" "Mozilla/5.0 (Windows NT 10.0; Win64; x64) AppleWebKit/537.36 (KHTML, like Gecko) Chrome/110.0.0.0 Safari/537.36" "ysfine.com"
216.244.66.229 - - [24/Feb/2023:22:57:03 -0800] "GET /world/china/guang03.jpg HTTP/1.1" 200 158605 "-" "Mozilla/5.0 (compatible; DotBot/1.2; +https://opensiteexplorer.org/dotbot; help@moz.com)" "ysfine.com"
64.124.8.57 - - [24/Feb/2023:22:57:12 -0800] "GET /world/france/matisse08.jpg HTTP/1.1" 200 72277 "-" "Mozilla/5.0 (Macintosh; Intel Mac OS X 10_15_7) AppleWebKit/537.36 (KHTML, like Gecko) Chrome/107.0.0.0 Safari/537.36" "ysfine.com"
173.252.83.15 - - [24/Feb/2023:22:57:18 -0800] "GET /princeton/pcomm01b.jpg HTTP/1.1" 200 46796 "-" "facebookexternalhit/1.1 (+http://www.facebook.com/externalhit_uatext.php)" "ysfine.com"
64.124.8.29 - - [24/Feb/2023:22:57:52 -0800] "GET /ffriends/aline/delta03.jpg HTTP/1.1" 200 58661 "-" "Mozilla/5.0 (Macintosh; Intel Mac OS X 10_15_7) AppleWebKit/537.36 (KHTML, like Gecko) Chrome/107.0.0.0 Safari/537.36" "ysfine.com"
216.244.66.229 - - [24/Feb/2023:22:57:53 -0800] "GET /world/france/picassomp09.jpg HTTP/1.1" 200 79481 "-" "Mozilla/5.0 (compatible; DotBot/1.2; +https://opensiteexplorer.org/dotbot; help@moz.com)" "ysfine.com"
173.252.83.18 - - [24/Feb/2023:22:57:56 -0800] "GET /world/baltic/kantname11b.jpg HTTP/1.1" 200 23369 "-" "facebookexternalhit/1.1 (+http://www.facebook.com/externalhit_uatext.php)" "ysfine.com"
64.124.8.52 - - [24/Feb/2023:22:58:01 -0800] "GET /world/balkan/istan008.jpg HTTP/1.1" 200 108782 "-" "Mozilla/5.0 (Macintosh; Intel Mac OS X 10_15_7) AppleWebKit/537.36 (KHTML, like Gecko) Chrome/107.0.0.0 Safari/537.36" "ysfine.com"
216.244.66.229 - - [24/Feb/2023:22:58:35 -0800] "GET /world/germany/berlinf23.jpg HTTP/1.1" 200 108273 "-" "Mozilla/5.0 (compatible; DotBot/1.2; +https://opensiteexplorer.org/dotbot; help@moz.com)" "ysfine.com"
64.124.8.49 - - [24/Feb/2023:22:59:05 -0800] "GET /style/musee/britmu30.jpg HTTP/1.1" 200 93611 "-" "Mozilla/5.0 (Macintosh; Intel Mac OS X 10_15_7) AppleWebKit/537.36 (KHTML, like Gecko) Chrome/107.0.0.0 Safari/537.36" "ysfine.com"
72.21.217.188 - - [24/Feb/2023:22:59:09 -0800] "GET /robots.txt HTTP/1.1" 404 88 "-" "Mozilla/5.0 (compatible; AmazonAdBot/1.0; +https://adbot.amazon.com)" "ysfine.com"
72.21.217.188 - - [24/Feb/2023:22:59:09 -0800] "GET /robots.txt HTTP/1.1" 404 88 "-" "Mozilla/5.0 (compatible; AmazonAdBot/1.0; +https://adbot.amazon.com)" "ysfine.com"
3.238.193.157 - - [24/Feb/2023:22:59:24 -0800] "GET /kowar/war53.html HTTP/1.1" 200 18211 "-" "Mozilla/5.0 (compatible; AmazonAdBot/1.0; +https://adbot.amazon.com)" "ysfine.com"
216.244.66.229 - - [24/Feb/2023:22:59:26 -0800] "GET /world/germany/mucu01.jpg HTTP/1.1" 200 131717 "-" "Mozilla/5.0 (compatible; DotBot/1.2; +https://opensiteexplorer.org/dotbot; help@moz.com)" "ysfine.com"
2.132.176.136 - - [24/Feb/2023:22:59:53 -0800] "GET /kowar/tanks/tank03.jpg HTTP/1.1" 200 106726 "https://www.google.com/" "Mozilla/5.0 (Windows NT 10.0; Win64; x64) AppleWebKit/537.36 (KHTML, like Gecko) Chrome/110.0.0.0 Safari/537.36" "ysfine.com"
40.77.167.178 - - [24/Feb/2023:22:59:56 -0800] "GET /wdc/obelisk44.jpg HTTP/1.1" 200 85775 "-" "Mozilla/5.0 AppleWebKit/537.36 (KHTML, like Gecko; compatible; bingbot/2.0; +http://www.bing.com/bingbot.htm) Chrome/103.0.5060.134 Safari/537.36" "ysfine.com"
216.244.66.229 - - [24/Feb/2023:23:00:04 -0800] "GET /world/latina/brazbuenos01.jpg HTTP/1.1" 200 84043 "-" "Mozilla/5.0 (compatible; DotBot/1.2; +https://opensiteexplorer.org/dotbot; help@moz.com)" "ysfine.com"
216.244.66.229 - - [24/Feb/2023:23:00:47 -0800] "GET /world/russ/spbb11.jpg HTTP/1.1" 200 125114 "-" "Mozilla/5.0 (compatible; DotBot/1.2; +https://opensiteexplorer.org/dotbot; help@moz.com)" "ysfine.com"
173.252.83.116 - - [24/Feb/2023:23:01:06 -0800] "GET /ffriends/iran01b.jpg HTTP/1.1" 200 39788 "-" "facebookexternalhit/1.1 (+http://www.facebook.com/externalhit_uatext.php)" "ysfine.com"
64.124.8.55 - - [24/Feb/2023:23:01:18 -0800] "GET /ysbio/feynman/bial.jpg HTTP/1.1" 404 88 "-" "Mozilla/5.0 (Macintosh; Intel Mac OS X 10_15_7) AppleWebKit/537.36 (KHTML, like Gecko) Chrome/107.0.0.0 Safari/537.36" "ysfine.com"
64.124.8.54 - - [24/Feb/2023:23:01:33 -0800] "GET /world/ital/venice15.jpg HTTP/1.1" 200 199497 "-" "Mozilla/5.0 (Macintosh; Intel Mac OS X 10_15_7) AppleWebKit/537.36 (KHTML, like Gecko) Chrome/107.0.0.0 Safari/537.36" "www.ysfine.com"
64.124.8.50 - - [24/Feb/2023:23:01:37 -0800] "GET /ysbio/world/poland/jablo18.jpg HTTP/1.1" 404 88 "-" "Mozilla/5.0 (Macintosh; Intel Mac OS X 10_15_7) AppleWebKit/537.36 (KHTML, like Gecko) Chrome/107.0.0.0 Safari/537.36" "ysfine.com"
216.244.66.229 - - [24/Feb/2023:23:01:38 -0800] "GET /world/russ/volga13.jpg HTTP/1.1" 200 75090 "-" "Mozilla/5.0 (compatible; DotBot/1.2; +https://opensiteexplorer.org/dotbot; help@moz.com)" "ysfine.com"
66.249.66.36 - - [24/Feb/2023:23:01:43 -0800] "GET /feynman/feynma2.jpg HTTP/1.1" 304 - "-" "Googlebot-Image/1.0" "ysfine.com"
91.133.178.129 - - [24/Feb/2023:23:01:55 -0800] "GET /robots.txt HTTP/1.1" 404 88 "-" "Mozilla/5.0 (Linux; Android 4.4.2; SM-T310 Build/KOT49H) AppleWebKit/537.36 (KHTML, like Gecko) Chrome/45.0.2454.84 Safari/537.36" "ysfine.com"
91.133.155.57 - - [24/Feb/2023:23:01:56 -0800] "GET / HTTP/1.1" 200 5295 "-" "Mozilla/5.0 (iPhone; U; Linux i686; pt-br) AppleWebKit/532+ (KHTML, like Gecko) Version/3.0 Mobile/1A538b Safari/419.3 Midori/0.2.0" "ysfine.com"
216.244.66.229 - - [24/Feb/2023:23:02:12 -0800] "GET /class54/class5470/total_data/sub_8160.htm HTTP/1.1" 200 15749 "-" "Mozilla/5.0 (compatible; DotBot/1.2; +https://opensiteexplorer.org/dotbot; help@moz.com)" "ysfine.com"
216.244.66.229 - - [24/Feb/2023:23:02:41 -0800] "GET /class54/class5470/total_data/sub_858.htm HTTP/1.1" 200 15796 "-" "Mozilla/5.0 (compatible; DotBot/1.2; +https://opensiteexplorer.org/dotbot; help@moz.com)" "ysfine.com"
216.244.66.229 - - [24/Feb/2023:23:03:10 -0800] "GET /world/france/nicef22.jpg HTTP/1.1" 200 94444 "-" "Mozilla/5.0 (compatible; DotBot/1.2; +https://opensiteexplorer.org/dotbot; help@moz.com)" "ysfine.com"
207.46.13.220 - - [24/Feb/2023:23:03:28 -0800] "GET /ysbio/friends/russian.html HTTP/1.1" 404 88 "-" "Mozilla/5.0 AppleWebKit/537.36 (KHTML, like Gecko; compatible; bingbot/2.0; +http://www.bing.com/bingbot.htm) Chrome/103.0.5060.134 Safari/537.36" "ysfine.com"
95.108.213.82 - - [24/Feb/2023:23:04:05 -0800] "GET /robots.txt HTTP/1.1" 404 73 "-" "Mozilla/5.0 (compatible; YandexBot/3.0; +http://yandex.com/bots)" "www.ysfine.com"
213.180.203.142 - - [24/Feb/2023:23:04:06 -0800] "GET /robots.txt HTTP/1.1" 404 73 "-" "Mozilla/5.0 (compatible; YandexBot/3.0; +http://yandex.com/bots)" "www.ysfine.com"
213.180.203.111 - - [24/Feb/2023:23:04:07 -0800] "GET /feynman/feyjad11.jpg HTTP/1.1" 200 459525 "-" "Mozilla/5.0 (compatible; YandexImages/3.0; +http://yandex.com/bots)" "www.ysfine.com"
52.167.144.62 - - [24/Feb/2023:23:04:10 -0800] "GET /bio/style/proschanie.html HTTP/1.1" 404 88 "-" "Mozilla/5.0 AppleWebKit/537.36 (KHTML, like Gecko; compatible; bingbot/2.0; +http://www.bing.com/bingbot.htm) Chrome/103.0.5060.134 Safari/537.36" "ysfine.com"
52.167.144.62 - - [24/Feb/2023:23:04:11 -0800] "GET /home/philo/ewk.html HTTP/1.1" 200 1816 "-" "Mozilla/5.0 AppleWebKit/537.36 (KHTML, like Gecko; compatible; bingbot/2.0; +http://www.bing.com/bingbot.htm) Chrome/103.0.5060.134 Safari/537.36" "ysfine.com"
91.133.129.58 - - [24/Feb/2023:23:04:25 -0800] "GET /robots.txt HTTP/1.1" 404 88 "-" "Mozilla/5.0 Slackware/13.37 (X11; U; Linux x86_64; en-US) AppleWebKit/534.16 (KHTML, like Gecko) Chrome/12.0.742.91" "ysfine.com"
91.133.220.74 - - [24/Feb/2023:23:04:25 -0800] "GET / HTTP/1.1" 200 5295 "-" "Mozilla/5.0 (Linux; Android 5.0; SAMSUNG-SM-G900A Build/LRX21T) AppleWebKit/537.36 (KHTML, like Gecko) Chrome/45.0.2454.84 Mobile Safari/537.36" "ysfine.com"
64.124.8.54 - - [24/Feb/2023:23:04:35 -0800] "GET /world/brit/harrod06.jpg HTTP/1.1" 200 90349 "-" "Mozilla/5.0 (Macintosh; Intel Mac OS X 10_15_7) AppleWebKit/537.36 (KHTML, like Gecko) Chrome/107.0.0.0 Safari/537.36" "ysfine.com"
64.124.8.49 - - [24/Feb/2023:23:04:56 -0800] "GET /world/russ/basil22.jpg HTTP/1.1" 200 134130 "-" "Mozilla/5.0 (Macintosh; Intel Mac OS X 10_15_7) AppleWebKit/537.36 (KHTML, like Gecko) Chrome/107.0.0.0 Safari/537.36" "ysfine.com"
207.46.13.220 - - [24/Feb/2023:23:04:56 -0800] "GET /world/germany/mucu05.jpg HTTP/1.1" 200 66694 "-" "Mozilla/5.0 AppleWebKit/537.36 (KHTML, like Gecko; compatible; bingbot/2.0; +http://www.bing.com/bingbot.htm) Chrome/103.0.5060.134 Safari/537.36" "www.ysfine.com"
64.124.8.28 - - [24/Feb/2023:23:04:59 -0800] "GET /style/3graces/indilis01.jpg HTTP/1.1" 200 415747 "-" "Mozilla/5.0 (Macintosh; Intel Mac OS X 10_15_7) AppleWebKit/537.36 (KHTML, like Gecko) Chrome/107.0.0.0 Safari/537.36" "www.ysfine.com"
64.124.8.29 - - [24/Feb/2023:23:05:22 -0800] "GET /world/russ/kiev044.jpg HTTP/1.1" 200 98327 "-" "Mozilla/5.0 (Macintosh; Intel Mac OS X 10_15_7) AppleWebKit/537.36 (KHTML, like Gecko) Chrome/107.0.0.0 Safari/537.36" "ysfine.com"
91.133.205.15 - - [24/Feb/2023:23:05:57 -0800] "GET /robots.txt HTTP/1.1" 404 88 "-" "Mozilla/5.0 (iPad; U; CPU OS 3_2 like Mac OS X; en-us) AppleWebKit/531.21.10 (KHTML, like Gecko) Version/4.0.4 Mobile/7B367 Safari/531.21.10" "ysfine.com"
91.133.226.10 - - [24/Feb/2023:23:05:57 -0800] "GET / HTTP/1.1" 200 5295 "-" "Mozilla/5.0 (Linux; Android 4.0.4; BNTV600 Build/IMM76L) AppleWebKit/537.36 (KHTML, like Gecko) Chrome/42.0.2311.111 Safari/537.36" "ysfine.com"
64.124.8.57 - - [24/Feb/2023:23:06:14 -0800] "GET /world/germany/berlin176.jpg HTTP/1.1" 200 118236 "-" "Mozilla/5.0 (Macintosh; Intel Mac OS X 10_15_7) AppleWebKit/537.36 (KHTML, like Gecko) Chrome/107.0.0.0 Safari/537.36" "ysfine.com"
64.124.8.50 - - [24/Feb/2023:23:06:15 -0800] "GET /style/cameras/comedians.jpg HTTP/1.1" 200 159639 "-" "Mozilla/5.0 (Macintosh; Intel Mac OS X 10_15_7) AppleWebKit/537.36 (KHTML, like Gecko) Chrome/107.0.0.0 Safari/537.36" "ysfine.com"
64.124.8.54 - - [24/Feb/2023:23:06:33 -0800] "GET /archives/proceedings/ff3/bbus.jpg HTTP/1.1" 200 66675 "-" "Mozilla/5.0 (Macintosh; Intel Mac OS X 10_15_7) AppleWebKit/537.36 (KHTML, like Gecko) Chrome/107.0.0.0 Safari/537.36" "ysfine.com"
64.124.8.48 - - [24/Feb/2023:23:06:49 -0800] "GET /world/ital/rome125.jpg HTTP/1.1" 200 98963 "-" "Mozilla/5.0 (Macintosh; Intel Mac OS X 10_15_7) AppleWebKit/537.36 (KHTML, like Gecko) Chrome/107.0.0.0 Safari/537.36" "www.ysfine.com"
50.24.1.58 - - [24/Feb/2023:23:07:24 -0800] "GET /princeton/alexan22.jpg HTTP/1.1" 200 175436 "https://www.google.com/" "Mozilla/5.0 (iPhone; CPU iPhone OS 15_6_1 like Mac OS X) AppleWebKit/605.1.15 (KHTML, like Gecko) Version/15.6.1 Mobile/15E148 Safari/604.1" "ysfine.com"
135.181.212.177 - - [24/Feb/2023:23:07:28 -0800] "GET /robots.txt HTTP/1.1" 404 73 "-" "Mozilla/5.0 (compatible; MJ12bot/v1.4.8; http://mj12bot.com/)" "ysfine.com"
135.181.212.177 - - [24/Feb/2023:23:07:32 -0800] "GET /einstein/ HTTP/1.1" 200 135 "-" "Mozilla/5.0 (compatible; MJ12bot/v1.4.8; http://mj12bot.com/)" "ysfine.com"
135.181.212.177 - - [24/Feb/2023:23:07:34 -0800] "GET /einstein/ HTTP/1.1" 200 135 "-" "Mozilla/5.0 (compatible; MJ12bot/v1.4.8; http://mj12bot.com/)" "ysfine.com"
135.181.212.177 - - [24/Feb/2023:23:07:36 -0800] "GET /einstein/einbot.html HTTP/1.1" 200 126 "-" "Mozilla/5.0 (compatible; MJ12bot/v1.4.8; http://mj12bot.com/)" "ysfine.com"
135.181.212.177 - - [24/Feb/2023:23:07:39 -0800] "GET /friends/fdbot.html HTTP/1.1" 404 88 "-" "Mozilla/5.0 (compatible; MJ12bot/v1.4.8; http://mj12bot.com/)" "ysfine.com"
135.181.212.177 - - [24/Feb/2023:23:07:43 -0800] "GET /friends/russian.html HTTP/1.1" 404 88 "-" "Mozilla/5.0 (compatible; MJ12bot/v1.4.8; http://mj12bot.com/)" "ysfine.com"
64.124.8.54 - - [24/Feb/2023:23:07:44 -0800] "GET /friends/jpsto.jpg HTTP/1.1" 404 88 "-" "Mozilla/5.0 (Macintosh; Intel Mac OS X 10_15_7) AppleWebKit/537.36 (KHTML, like Gecko) Chrome/107.0.0.0 Safari/537.36" "www.ysfine.com"
135.181.212.177 - - [24/Feb/2023:23:07:46 -0800] "GET /kobak/kobbot.html HTTP/1.1" 200 137 "-" "Mozilla/5.0 (compatible; MJ12bot/v1.4.8; http://mj12bot.com/)" "ysfine.com"
173.252.83.13 - - [24/Feb/2023:23:07:49 -0800] "GET /ffriends/aline/northwes01c.jpg HTTP/1.1" 200 28216 "-" "facebookexternalhit/1.1 (+http://www.facebook.com/externalhit_uatext.php)" "ysfine.com"
135.181.212.177 - - [24/Feb/2023:23:07:50 -0800] "GET /kobak/kobleft.html HTTP/1.1" 200 641 "-" "Mozilla/5.0 (compatible; MJ12bot/v1.4.8; http://mj12bot.com/)" "ysfine.com"
207.46.13.223 - - [24/Feb/2023:23:07:51 -0800] "GET /auto/bio21.html HTTP/1.1" 304 - "-" "Mozilla/5.0 AppleWebKit/537.36 (KHTML, like Gecko; compatible; bingbot/2.0; +http://www.bing.com/bingbot.htm) Chrome/103.0.5060.134 Safari/537.36" "www.ysfine.com"
135.181.212.177 - - [24/Feb/2023:23:07:52 -0800] "GET /kobak/kobleft.html HTTP/1.1" 200 641 "-" "Mozilla/5.0 (compatible; MJ12bot/v1.4.8; http://mj12bot.com/)" "ysfine.com"
135.181.212.177 - - [24/Feb/2023:23:07:56 -0800] "GET /kobak/kobtop.html HTTP/1.1" 200 467 "-" "Mozilla/5.0 (compatible; MJ12bot/v1.4.8; http://mj12bot.com/)" "ysfine.com"
64.124.8.52 - - [24/Feb/2023:23:07:56 -0800] "GET /world/poland/psoldier03.jpg HTTP/1.1" 200 112329 "-" "Mozilla/5.0 (Macintosh; Intel Mac OS X 10_15_7) AppleWebKit/537.36 (KHTML, like Gecko) Chrome/107.0.0.0 Safari/537.36" "www.ysfine.com"
135.181.212.177 - - [24/Feb/2023:23:07:58 -0800] "GET /kobak/kobtop.html HTTP/1.1" 200 467 "-" "Mozilla/5.0 (compatible; MJ12bot/v1.4.8; http://mj12bot.com/)" "ysfine.com"
135.181.212.177 - - [24/Feb/2023:23:08:01 -0800] "GET /kobak/rheetr.html HTTP/1.1" 200 838 "-" "Mozilla/5.0 (compatible; MJ12bot/v1.4.8; http://mj12bot.com/)" "ysfine.com"
135.181.212.177 - - [24/Feb/2023:23:08:03 -0800] "GET /kobak/rheetr.html HTTP/1.1" 200 838 "-" "Mozilla/5.0 (compatible; MJ12bot/v1.4.8; http://mj12bot.com/)" "ysfine.com"
135.181.212.177 - - [24/Feb/2023:23:08:07 -0800] "GET /kobak/taylor.html HTTP/1.1" 200 384 "-" "Mozilla/5.0 (compatible; MJ12bot/v1.4.8; http://mj12bot.com/)" "ysfine.com"
135.181.212.177 - - [24/Feb/2023:23:08:11 -0800] "GET /maga/hugo.html HTTP/1.1" 200 4000 "-" "Mozilla/5.0 (compatible; MJ12bot/v1.4.8; http://mj12bot.com/)" "ysfine.com"
135.181.212.177 - - [24/Feb/2023:23:08:13 -0800] "GET /maga/hugo.html HTTP/1.1" 200 4000 "-" "Mozilla/5.0 (compatible; MJ12bot/v1.4.8; http://mj12bot.com/)" "ysfine.com"
135.181.212.177 - - [24/Feb/2023:23:08:15 -0800] "GET /princeton/pleft.html HTTP/1.1" 200 670 "-" "Mozilla/5.0 (compatible; MJ12bot/v1.4.8; http://mj12bot.com/)" "ysfine.com"
135.181.212.177 - - [24/Feb/2023:23:08:18 -0800] "GET /princeton/prbot.html HTTP/1.1" 200 140 "-" "Mozilla/5.0 (compatible; MJ12bot/v1.4.8; http://mj12bot.com/)" "ysfine.com"
135.181.212.177 - - [24/Feb/2023:23:08:20 -0800] "GET /princeton/prbot.html HTTP/1.1" 200 140 "-" "Mozilla/5.0 (compatible; MJ12bot/v1.4.8; http://mj12bot.com/)" "ysfine.com"
135.181.212.177 - - [24/Feb/2023:23:08:23 -0800] "GET /princeton/prigh.html HTTP/1.1" 200 5290 "-" "Mozilla/5.0 (compatible; MJ12bot/v1.4.8; http://mj12bot.com/)" "ysfine.com"
135.181.212.177 - - [24/Feb/2023:23:08:24 -0800] "GET /remote/wigner111/frame12.html HTTP/1.1" 200 923 "-" "Mozilla/5.0 (compatible; MJ12bot/v1.4.8; http://mj12bot.com/)" "ysfine.com"
135.181.212.177 - - [24/Feb/2023:23:08:26 -0800] "GET /remote/wigner111/frame13.html HTTP/1.1" 200 987 "-" "Mozilla/5.0 (compatible; MJ12bot/v1.4.8; http://mj12bot.com/)" "ysfine.com"
135.181.212.177 - - [24/Feb/2023:23:08:28 -0800] "GET /remote/wigner111/frame14.html HTTP/1.1" 200 728 "-" "Mozilla/5.0 (compatible; MJ12bot/v1.4.8; http://mj12bot.com/)" "ysfine.com"
135.181.212.177 - - [24/Feb/2023:23:08:30 -0800] "GET /remote/wigner111/frame43.html HTTP/1.1" 200 372 "-" "Mozilla/5.0 (compatible; MJ12bot/v1.4.8; http://mj12bot.com/)" "ysfine.com"
135.181.212.177 - - [24/Feb/2023:23:08:32 -0800] "GET /remote/wigner111/frame60.html HTTP/1.1" 200 562 "-" "Mozilla/5.0 (compatible; MJ12bot/v1.4.8; http://mj12bot.com/)" "ysfine.com"
135.181.212.177 - - [24/Feb/2023:23:08:36 -0800] "GET /remote/wigner111/goto.html HTTP/1.1" 200 632 "-" "Mozilla/5.0 (compatible; MJ12bot/v1.4.8; http://mj12bot.com/)" "ysfine.com"
135.181.212.177 - - [24/Feb/2023:23:08:40 -0800] "GET /sbk/1990.html HTTP/1.1" 200 3990 "-" "Mozilla/5.0 (compatible; MJ12bot/v1.4.8; http://mj12bot.com/)" "ysfine.com"
135.181.212.177 - - [24/Feb/2023:23:08:41 -0800] "GET /sbk/1990.html HTTP/1.1" 200 3990 "-" "Mozilla/5.0 (compatible; MJ12bot/v1.4.8; http://mj12bot.com/)" "ysfine.com"
135.181.212.177 - - [24/Feb/2023:23:08:45 -0800] "GET /style/ HTTP/1.1" 200 129 "-" "Mozilla/5.0 (compatible; MJ12bot/v1.4.8; http://mj12bot.com/)" "ysfine.com"
135.181.212.177 - - [24/Feb/2023:23:08:47 -0800] "GET /style/ HTTP/1.1" 200 129 "-" "Mozilla/5.0 (compatible; MJ12bot/v1.4.8; http://mj12bot.com/)" "ysfine.com"
135.181.212.177 - - [24/Feb/2023:23:08:49 -0800] "GET /wdc/washmobird.html HTTP/1.1" 200 367 "-" "Mozilla/5.0 (compatible; MJ12bot/v1.4.8; http://mj12bot.com/)" "ysfine.com"
5.210.136.226 - - [24/Feb/2023:23:08:50 -0800] "GET /robots.txt HTTP/1.1" 404 88 "-" "Mozilla/5.0 (iPhone; U; CPU iPhone OS 4_3 like Mac OS X; fr-fr) AppleWebKit/533.17.9 (KHTML, like Gecko) Version/5.0.2 Mobile/8F190 Safari/6533.18.5" "ysfine.com"
5.210.165.211 - - [24/Feb/2023:23:08:50 -0800] "GET / HTTP/1.1" 200 5295 "-" "Mozilla/5.0 (Linux; Android 5.0; SM-G900P Build/LRX21T) AppleWebKit/537.36 (KHTML, like Gecko) Chrome/45.0.2454.84 Mobile Safari/537.36" "ysfine.com"
91.133.209.249 - - [24/Feb/2023:23:08:50 -0800] "GET /robots.txt HTTP/1.1" 404 88 "-" "Mozilla/5.0 (X11; CrOS x86_64 6946.63.0) AppleWebKit/537.36 (KHTML, like Gecko) Chrome/43.0.2357.130 Safari/537.36" "ysfine.com"
5.210.252.200 - - [24/Feb/2023:23:08:50 -0800] "GET / HTTP/1.1" 200 5295 "-" "Mozilla/5.0 (Linux; Android 5.0.2; SAMSUNG SM-T530NU Build/LRX22G) AppleWebKit/537.36 (KHTML, like Gecko) SamsungBrowser/3.2 Chrome/38.0.2125.102 Safari/537.36" "ysfine.com"
135.181.212.177 - - [24/Feb/2023:23:08:51 -0800] "GET /wisdom/korart.html HTTP/1.1" 200 3719 "-" "Mozilla/5.0 (compatible; MJ12bot/v1.4.8; http://mj12bot.com/)" "ysfine.com"
135.181.212.177 - - [24/Feb/2023:23:08:53 -0800] "GET /wisdom/lastrain.html HTTP/1.1" 200 1843 "-" "Mozilla/5.0 (compatible; MJ12bot/v1.4.8; http://mj12bot.com/)" "ysfine.com"
135.181.212.177 - - [24/Feb/2023:23:08:57 -0800] "GET /world/adam.html HTTP/1.1" 404 88 "-" "Mozilla/5.0 (compatible; MJ12bot/v1.4.8; http://mj12bot.com/)" "ysfine.com"
135.181.212.177 - - [24/Feb/2023:23:09:00 -0800] "GET /world/balticw.html HTTP/1.1" 200 15785 "-" "Mozilla/5.0 (compatible; MJ12bot/v1.4.8; http://mj12bot.com/)" "ysfine.com"
135.181.212.177 - - [24/Feb/2023:23:09:03 -0800] "GET /world/balticw.html HTTP/1.1" 200 15785 "-" "Mozilla/5.0 (compatible; MJ12bot/v1.4.8; http://mj12bot.com/)" "ysfine.com"
135.181.212.177 - - [24/Feb/2023:23:09:06 -0800] "GET /world/edin.html HTTP/1.1" 200 6751 "-" "Mozilla/5.0 (compatible; MJ12bot/v1.4.8; http://mj12bot.com/)" "ysfine.com"
64.124.8.57 - - [24/Feb/2023:23:09:07 -0800] "GET /wdc/kennedyc06.jpg HTTP/1.1" 200 85403 "-" "Mozilla/5.0 (Macintosh; Intel Mac OS X 10_15_7) AppleWebKit/537.36 (KHTML, like Gecko) Chrome/107.0.0.0 Safari/537.36" "ysfine.com"
135.181.212.177 - - [24/Feb/2023:23:09:08 -0800] "GET /world/edin.html HTTP/1.1" 200 6751 "-" "Mozilla/5.0 (compatible; MJ12bot/v1.4.8; http://mj12bot.com/)" "ysfine.com"
135.181.212.177 - - [24/Feb/2023:23:09:12 -0800] "GET /world/greece.html HTTP/1.1" 200 291 "-" "Mozilla/5.0 (compatible; MJ12bot/v1.4.8; http://mj12bot.com/)" "ysfine.com"
135.181.212.177 - - [24/Feb/2023:23:09:14 -0800] "GET /world/greece.html HTTP/1.1" 200 291 "-" "Mozilla/5.0 (compatible; MJ12bot/v1.4.8; http://mj12bot.com/)" "ysfine.com"
135.181.212.177 - - [24/Feb/2023:23:09:16 -0800] "GET /world/veneto.html HTTP/1.1" 200 6676 "-" "Mozilla/5.0 (compatible; MJ12bot/v1.4.8; http://mj12bot.com/)" "ysfine.com"
135.181.212.177 - - [24/Feb/2023:23:09:17 -0800] "GET /robots.txt HTTP/1.1" 404 73 "-" "Mozilla/5.0 (compatible; MJ12bot/v1.4.8; http://mj12bot.com/)" "www.ysfine.com"
135.181.212.177 - - [24/Feb/2023:23:09:19 -0800] "GET /class54/weheard628.html HTTP/1.1" 200 1613 "-" "Mozilla/5.0 (compatible; MJ12bot/v1.4.8; http://mj12bot.com/)" "www.ysfine.com"
135.181.212.177 - - [24/Feb/2023:23:09:21 -0800] "GET /dirac/bankers.html HTTP/1.1" 200 4453 "-" "Mozilla/5.0 (compatible; MJ12bot/v1.4.8; http://mj12bot.com/)" "www.ysfine.com"
135.181.212.177 - - [24/Feb/2023:23:09:22 -0800] "GET /robots.txt HTTP/1.1" 404 73 "-" "Mozilla/5.0 (compatible; MJ12bot/v1.4.8; http://mj12bot.com/)" "www.ysfine.com"
135.181.212.177 - - [24/Feb/2023:23:09:26 -0800] "GET /eink/mose.html HTTP/1.1" 200 14315 "-" "Mozilla/5.0 (compatible; MJ12bot/v1.4.8; http://mj12bot.com/)" "www.ysfine.com"
135.181.212.177 - - [24/Feb/2023:23:09:28 -0800] "GET /home/different.html HTTP/1.1" 200 2354 "-" "Mozilla/5.0 (compatible; MJ12bot/v1.4.8; http://mj12bot.com/)" "www.ysfine.com"
135.181.212.177 - - [24/Feb/2023:23:09:30 -0800] "GET /home/easy.html HTTP/1.1" 200 7877 "-" "Mozilla/5.0 (compatible; MJ12bot/v1.4.8; http://mj12bot.com/)" "www.ysfine.com"
135.181.212.177 - - [24/Feb/2023:23:09:32 -0800] "GET /maga/aquinas.html HTTP/1.1" 200 3433 "-" "Mozilla/5.0 (compatible; MJ12bot/v1.4.8; http://mj12bot.com/)" "www.ysfine.com"
135.181.212.177 - - [24/Feb/2023:23:09:34 -0800] "GET /maga/boltzmann.html HTTP/1.1" 200 6052 "-" "Mozilla/5.0 (compatible; MJ12bot/v1.4.8; http://mj12bot.com/)" "www.ysfine.com"
135.181.212.177 - - [24/Feb/2023:23:09:36 -0800] "GET /maga/hermite.html HTTP/1.1" 200 4102 "-" "Mozilla/5.0 (compatible; MJ12bot/v1.4.8; http://mj12bot.com/)" "www.ysfine.com"
135.181.212.177 - - [24/Feb/2023:23:09:38 -0800] "GET /maga/huygens.html HTTP/1.1" 200 5039 "-" "Mozilla/5.0 (compatible; MJ12bot/v1.4.8; http://mj12bot.com/)" "www.ysfine.com"
135.181.212.177 - - [24/Feb/2023:23:09:42 -0800] "GET /maga/index.html HTTP/1.1" 200 6127 "-" "Mozilla/5.0 (compatible; MJ12bot/v1.4.8; http://mj12bot.com/)" "www.ysfine.com"
135.181.212.177 - - [24/Feb/2023:23:09:44 -0800] "GET /maga/index.html HTTP/1.1" 200 6127 "-" "Mozilla/5.0 (compatible; MJ12bot/v1.4.8; http://mj12bot.com/)" "www.ysfine.com"
135.181.212.177 - - [24/Feb/2023:23:09:46 -0800] "GET /maga/lorenuni.html HTTP/1.1" 200 2365 "-" "Mozilla/5.0 (compatible; MJ12bot/v1.4.8; http://mj12bot.com/)" "www.ysfine.com"
135.181.212.177 - - [24/Feb/2023:23:09:48 -0800] "GET /maga/sanchez.html HTTP/1.1" 200 1278 "-" "Mozilla/5.0 (compatible; MJ12bot/v1.4.8; http://mj12bot.com/)" "www.ysfine.com"
64.124.8.52 - - [24/Feb/2023:23:09:48 -0800] "GET /world/germany/trier41.jpg HTTP/1.1" 200 189592 "-" "Mozilla/5.0 (Macintosh; Intel Mac OS X 10_15_7) AppleWebKit/537.36 (KHTML, like Gecko) Chrome/107.0.0.0 Safari/537.36" "www.ysfine.com"
135.181.212.177 - - [24/Feb/2023:23:09:50 -0800] "GET /maga/schrodein.html HTTP/1.1" 200 5672 "-" "Mozilla/5.0 (compatible; MJ12bot/v1.4.8; http://mj12bot.com/)" "www.ysfine.com"
135.181.212.177 - - [24/Feb/2023:23:09:51 -0800] "GET /maga/schroedinger.html HTTP/1.1" 200 6325 "-" "Mozilla/5.0 (compatible; MJ12bot/v1.4.8; http://mj12bot.com/)" "www.ysfine.com"
135.181.212.177 - - [24/Feb/2023:23:09:53 -0800] "GET /maga/twobytwo.html HTTP/1.1" 200 1998 "-" "Mozilla/5.0 (compatible; MJ12bot/v1.4.8; http://mj12bot.com/)" "www.ysfine.com"
135.181.212.177 - - [24/Feb/2023:23:09:56 -0800] "GET /maga/weyl.html HTTP/1.1" 200 4239 "-" "Mozilla/5.0 (compatible; MJ12bot/v1.4.8; http://mj12bot.com/)" "www.ysfine.com"
135.181.212.177 - - [24/Feb/2023:23:09:58 -0800] "GET /maga/wright.html HTTP/1.1" 200 1927 "-" "Mozilla/5.0 (compatible; MJ12bot/v1.4.8; http://mj12bot.com/)" "www.ysfine.com"
135.181.212.177 - - [24/Feb/2023:23:10:01 -0800] "GET /newyork/nycity.html HTTP/1.1" 404 88 "-" "Mozilla/5.0 (compatible; MJ12bot/v1.4.8; http://mj12bot.com/)" "www.ysfine.com"
135.181.212.177 - - [24/Feb/2023:23:10:05 -0800] "GET /style/physmusic.html HTTP/1.1" 404 88 "-" "Mozilla/5.0 (compatible; MJ12bot/v1.4.8; http://mj12bot.com/)" "www.ysfine.com"
207.46.13.220 - - [24/Feb/2023:23:10:05 -0800] "GET /world/france/montmar16.jpg HTTP/1.1" 200 193398 "-" "Mozilla/5.0 AppleWebKit/537.36 (KHTML, like Gecko; compatible; bingbot/2.0; +http://www.bing.com/bingbot.htm) Chrome/103.0.5060.134 Safari/537.36" "www.ysfine.com"
135.181.212.177 - - [24/Feb/2023:23:10:08 -0800] "GET /style/songs22.html HTTP/1.1" 200 39419 "-" "Mozilla/5.0 (compatible; MJ12bot/v1.4.8; http://mj12bot.com/)" "www.ysfine.com"
135.181.212.177 - - [24/Feb/2023:23:10:11 -0800] "GET /style/songs22.html HTTP/1.1" 200 39419 "-" "Mozilla/5.0 (compatible; MJ12bot/v1.4.8; http://mj12bot.com/)" "www.ysfine.com"
135.181.212.177 - - [24/Feb/2023:23:10:15 -0800] "GET /world/kalinin.html HTTP/1.1" 200 9595 "-" "Mozilla/5.0 (compatible; MJ12bot/v1.4.8; http://mj12bot.com/)" "www.ysfine.com"
135.181.212.177 - - [24/Feb/2023:23:10:17 -0800] "GET /world/kalinin.html HTTP/1.1" 200 9595 "-" "Mozilla/5.0 (compatible; MJ12bot/v1.4.8; http://mj12bot.com/)" "www.ysfine.com"
135.181.212.177 - - [24/Feb/2023:23:10:20 -0800] "GET /world/scanw.html HTTP/1.1" 200 8407 "-" "Mozilla/5.0 (compatible; MJ12bot/v1.4.8; http://mj12bot.com/)" "www.ysfine.com"
52.226.220.150 - - [24/Feb/2023:23:10:22 -0800] "GET /robots.txt HTTP/1.1" 404 88 "-" "YouBot (+http://www.you.com)" "ysfine.com"
135.181.212.177 - - [24/Feb/2023:23:10:22 -0800] "GET /world/scanw.html HTTP/1.1" 200 8407 "-" "Mozilla/5.0 (compatible; MJ12bot/v1.4.8; http://mj12bot.com/)" "www.ysfine.com"
52.226.220.150 - - [24/Feb/2023:23:10:23 -0800] "GET /style/songs.html HTTP/1.1" 200 31567 "-" "YouBot (+http://www.you.com)" "ysfine.com"
173.252.83.1 - - [24/Feb/2023:23:10:25 -0800] "GET /kowar/treaty53b.jpg HTTP/1.1" 200 27177 "-" "facebookexternalhit/1.1 (+http://www.facebook.com/externalhit_uatext.php)" "ysfine.com"
135.181.212.177 - - [24/Feb/2023:23:10:26 -0800] "GET /archives/pcatal.html HTTP/1.1" 404 88 "-" "Mozilla/5.0 (compatible; MJ12bot/v1.4.8; http://mj12bot.com/)" "www.ysfine.com"
135.181.212.177 - - [24/Feb/2023:23:10:30 -0800] "GET /archives/proceedings/ff1/ff1proc.html HTTP/1.1" 200 135 "-" "Mozilla/5.0 (compatible; MJ12bot/v1.4.8; http://mj12bot.com/)" "www.ysfine.com"
135.181.212.177 - - [24/Feb/2023:23:10:32 -0800] "GET /archives/proceedings/ff1/ff1proc.html HTTP/1.1" 200 135 "-" "Mozilla/5.0 (compatible; MJ12bot/v1.4.8; http://mj12bot.com/)" "www.ysfine.com"
135.181.212.177 - - [24/Feb/2023:23:10:34 -0800] "GET /archives/proceedings/ff1/fp1top.html HTTP/1.1" 200 356 "-" "Mozilla/5.0 (compatible; MJ12bot/v1.4.8; http://mj12bot.com/)" "www.ysfine.com"
191.96.33.248 - - [24/Feb/2023:23:10:34 -0800] "GET /maga/entro.pdf HTTP/1.1" 404 88 "-" "Mozilla/5.0 (Windows NT 10.0; Win64; x64) AppleWebKit/537.36 (KHTML, like Gecko) Chrome/96.0.4664.45 Safari/537.36" "www.ysfine.com"
64.124.8.28 - - [24/Feb/2023:23:10:35 -0800] "GET /world/latina/rio072.jpg HTTP/1.1" 200 127884 "-" "Mozilla/5.0 (Macintosh; Intel Mac OS X 10_15_7) AppleWebKit/537.36 (KHTML, like Gecko) Chrome/107.0.0.0 Safari/537.36" "www.ysfine.com"
135.181.212.177 - - [24/Feb/2023:23:10:36 -0800] "GET /archives/proceedings/ff2/ff2proc.html HTTP/1.1" 200 134 "-" "Mozilla/5.0 (compatible; MJ12bot/v1.4.8; http://mj12bot.com/)" "www.ysfine.com"
135.181.212.177 - - [24/Feb/2023:23:10:38 -0800] "GET /archives/proceedings/ff2/fp2top.html HTTP/1.1" 200 356 "-" "Mozilla/5.0 (compatible; MJ12bot/v1.4.8; http://mj12bot.com/)" "www.ysfine.com"
135.181.212.177 - - [24/Feb/2023:23:10:41 -0800] "GET /archives/proceedings/ff3/index.html HTTP/1.1" 200 133 "-" "Mozilla/5.0 (compatible; MJ12bot/v1.4.8; http://mj12bot.com/)" "www.ysfine.com"
135.181.212.177 - - [24/Feb/2023:23:10:43 -0800] "GET /archives/proceedings/ff3/index.html HTTP/1.1" 200 133 "-" "Mozilla/5.0 (compatible; MJ12bot/v1.4.8; http://mj12bot.com/)" "www.ysfine.com"
64.124.8.28 - - [24/Feb/2023:23:10:47 -0800] "GET /ysbio/fotos/photo03.jpg HTTP/1.1" 404 88 "-" "Mozilla/5.0 (Macintosh; Intel Mac OS X 10_15_7) AppleWebKit/537.36 (KHTML, like Gecko) Chrome/107.0.0.0 Safari/537.36" "ysfine.com"
135.181.212.177 - - [24/Feb/2023:23:10:47 -0800] "GET /archives/proceedings/wpro01/wpro01.html HTTP/1.1" 200 119 "-" "Mozilla/5.0 (compatible; MJ12bot/v1.4.8; http://mj12bot.com/)" "www.ysfine.com"
135.181.212.177 - - [24/Feb/2023:23:10:49 -0800] "GET /archives/proceedings/wpro01/wpro01.html HTTP/1.1" 200 119 "-" "Mozilla/5.0 (compatible; MJ12bot/v1.4.8; http://mj12bot.com/)" "www.ysfine.com"
135.181.212.177 - - [24/Feb/2023:23:10:53 -0800] "GET /maga/phil/ewk.html HTTP/1.1" 200 1816 "-" "Mozilla/5.0 (compatible; MJ12bot/v1.4.8; http://mj12bot.com/)" "www.ysfine.com"
135.181.212.177 - - [24/Feb/2023:23:10:55 -0800] "GET /maga/phil/ewk.html HTTP/1.1" 200 1816 "-" "Mozilla/5.0 (compatible; MJ12bot/v1.4.8; http://mj12bot.com/)" "www.ysfine.com"
135.181.212.177 - - [24/Feb/2023:23:10:59 -0800] "GET /maga/phil/sisfa12/frame02.html HTTP/1.1" 200 320 "-" "Mozilla/5.0 (compatible; MJ12bot/v1.4.8; http://mj12bot.com/)" "www.ysfine.com"
135.181.212.177 - - [24/Feb/2023:23:11:01 -0800] "GET /maga/phil/sisfa12/frame02.html HTTP/1.1" 200 320 "-" "Mozilla/5.0 (compatible; MJ12bot/v1.4.8; http://mj12bot.com/)" "www.ysfine.com"
135.181.212.177 - - [24/Feb/2023:23:11:04 -0800] "GET /maga/phil/sisfa12/frame05.html HTTP/1.1" 200 320 "-" "Mozilla/5.0 (compatible; MJ12bot/v1.4.8; http://mj12bot.com/)" "www.ysfine.com"
135.181.212.177 - - [24/Feb/2023:23:11:06 -0800] "GET /maga/phil/sisfa12/frame05.html HTTP/1.1" 200 320 "-" "Mozilla/5.0 (compatible; MJ12bot/v1.4.8; http://mj12bot.com/)" "www.ysfine.com"
135.181.212.177 - - [24/Feb/2023:23:11:10 -0800] "GET /maga/phil/sisfa12/frame07.html HTTP/1.1" 200 320 "-" "Mozilla/5.0 (compatible; MJ12bot/v1.4.8; http://mj12bot.com/)" "www.ysfine.com"
135.181.212.177 - - [24/Feb/2023:23:11:12 -0800] "GET /maga/phil/sisfa12/frame07.html HTTP/1.1" 200 320 "-" "Mozilla/5.0 (compatible; MJ12bot/v1.4.8; http://mj12bot.com/)" "www.ysfine.com"
135.181.212.177 - - [24/Feb/2023:23:11:16 -0800] "GET /newyork/ HTTP/1.1" 200 132 "-" "Mozilla/5.0 (compatible; MJ12bot/v1.4.8; http://mj12bot.com/)" "www.ysfine.com"
64.124.8.52 - - [24/Feb/2023:23:11:16 -0800] "GET /world/france/sorbonne27.jpg HTTP/1.1" 200 109007 "-" "Mozilla/5.0 (Macintosh; Intel Mac OS X 10_15_7) AppleWebKit/537.36 (KHTML, like Gecko) Chrome/107.0.0.0 Safari/537.36" "ysfine.com"
135.181.212.177 - - [24/Feb/2023:23:11:18 -0800] "GET /newyork/ HTTP/1.1" 200 132 "-" "Mozilla/5.0 (compatible; MJ12bot/v1.4.8; http://mj12bot.com/)" "www.ysfine.com"
135.181.212.177 - - [24/Feb/2023:23:11:21 -0800] "GET /wdc/ HTTP/1.1" 200 141 "-" "Mozilla/5.0 (compatible; MJ12bot/v1.4.8; http://mj12bot.com/)" "www.ysfine.com"
207.46.13.223 - - [24/Feb/2023:23:11:22 -0800] "GET /world/russ/petergr01.jpg HTTP/1.1" 200 94667 "-" "Mozilla/5.0 AppleWebKit/537.36 (KHTML, like Gecko; compatible; bingbot/2.0; +http://www.bing.com/bingbot.htm) Chrome/103.0.5060.134 Safari/537.36" "ysfine.com"
135.181.212.177 - - [24/Feb/2023:23:11:23 -0800] "GET /wdc/ HTTP/1.1" 200 141 "-" "Mozilla/5.0 (compatible; MJ12bot/v1.4.8; http://mj12bot.com/)" "www.ysfine.com"
64.124.8.53 - - [24/Feb/2023:23:11:34 -0800] "GET /ysbio/world/hungary/buda232.jpg HTTP/1.1" 404 88 "-" "Mozilla/5.0 (Macintosh; Intel Mac OS X 10_15_7) AppleWebKit/537.36 (KHTML, like Gecko) Chrome/107.0.0.0 Safari/537.36" "ysfine.com"
52.167.144.62 - - [24/Feb/2023:23:12:55 -0800] "GET /world/france/pariso15b.jpg HTTP/1.1" 200 37033 "-" "Mozilla/5.0 AppleWebKit/537.36 (KHTML, like Gecko; compatible; bingbot/2.0; +http://www.bing.com/bingbot.htm) Chrome/103.0.5060.134 Safari/537.36" "www.ysfine.com"
64.124.8.48 - - [24/Feb/2023:23:13:03 -0800] "GET /ysbio/feynman/fstat72.jpg HTTP/1.1" 404 88 "-" "Mozilla/5.0 (Macintosh; Intel Mac OS X 10_15_7) AppleWebKit/537.36 (KHTML, like Gecko) Chrome/107.0.0.0 Safari/537.36" "www.ysfine.com"
64.124.8.54 - - [24/Feb/2023:23:13:06 -0800] "GET /world/spain/cordoc19.jpg HTTP/1.1" 200 261289 "-" "Mozilla/5.0 (Macintosh; Intel Mac OS X 10_15_7) AppleWebKit/537.36 (KHTML, like Gecko) Chrome/107.0.0.0 Safari/537.36" "ysfine.com"
64.124.8.52 - - [24/Feb/2023:23:13:40 -0800] "GET /kowar/tanks/tank08.jpg HTTP/1.1" 200 111663 "-" "Mozilla/5.0 (Macintosh; Intel Mac OS X 10_15_7) AppleWebKit/537.36 (KHTML, like Gecko) Chrome/107.0.0.0 Safari/537.36" "www.ysfine.com"
64.124.8.55 - - [24/Feb/2023:23:14:01 -0800] "GET /world/baltic/riga24.jpg HTTP/1.1" 200 80670 "-" "Mozilla/5.0 (Macintosh; Intel Mac OS X 10_15_7) AppleWebKit/537.36 (KHTML, like Gecko) Chrome/107.0.0.0 Safari/537.36" "ysfine.com"
216.244.66.229 - - [24/Feb/2023:23:14:42 -0800] "GET /awards/timessq33.jpg HTTP/1.1" 200 257708 "-" "Mozilla/5.0 (compatible; DotBot/1.2; +https://opensiteexplorer.org/dotbot; help@moz.com)" "ysfine.com"
211.243.242.157 - - [24/Feb/2023:23:14:53 -0800] "GET /newyork/colum05.jpg HTTP/1.1" 200 116037 "https://m.blog.naver.com/kiceany/221522272401" "Mozilla/5.0 (Linux; Android 13; SM-F721N Build/TP1A.220624.014; wv) AppleWebKit/537.36 (KHTML, like Gecko) Version/4.0 Chrome/102.0.5005.189 Whale/1.0.0.0 Crosswalk/27.102.0.11 Mobile Safari/537.36 NAVER(inapp; search; 1010; 11.20.2)" "ysfine.com"
64.124.8.54 - - [24/Feb/2023:23:14:56 -0800] "GET /world/scandi/sto032.jpg HTTP/1.1" 200 56551 "-" "Mozilla/5.0 (Macintosh; Intel Mac OS X 10_15_7) AppleWebKit/537.36 (KHTML, like Gecko) Chrome/107.0.0.0 Safari/537.36" "ysfine.com"
64.124.8.29 - - [24/Feb/2023:23:15:00 -0800] "GET /philo/marxlon08.jpg HTTP/1.1" 200 155783 "-" "Mozilla/5.0 (Macintosh; Intel Mac OS X 10_15_7) AppleWebKit/537.36 (KHTML, like Gecko) Chrome/107.0.0.0 Safari/537.36" "ysfine.com"
95.163.255.101 - - [24/Feb/2023:23:15:05 -0800] "GET /robots.txt HTTP/1.1" 404 73 "-" "Mozilla/5.0 (compatible; Linux x86_64; Mail.RU_Bot/Img/2.0; +https://help.mail.ru/webmaster/indexing/robots)" "www.ysfine.com"
216.244.66.229 - - [24/Feb/2023:23:15:07 -0800] "GET /class54/class5470/total_data/sub_259.htm HTTP/1.1" 200 14483 "-" "Mozilla/5.0 (compatible; DotBot/1.2; +https://opensiteexplorer.org/dotbot; help@moz.com)" "ysfine.com"
64.124.8.52 - - [24/Feb/2023:23:15:10 -0800] "GET /princeton/goheen11.jpg HTTP/1.1" 200 282893 "-" "Mozilla/5.0 (Macintosh; Intel Mac OS X 10_15_7) AppleWebKit/537.36 (KHTML, like Gecko) Chrome/107.0.0.0 Safari/537.36" "ysfine.com"
216.244.66.229 - - [24/Feb/2023:23:15:10 -0800] "GET /ffriends/gatti13.jpg HTTP/1.1" 200 137297 "-" "Mozilla/5.0 (compatible; DotBot/1.2; +https://opensiteexplorer.org/dotbot; help@moz.com)" "ysfine.com"
207.46.13.223 - - [24/Feb/2023:23:15:13 -0800] "GET /world/poland/gdnu52b.jpg HTTP/1.1" 200 44288 "-" "Mozilla/5.0 AppleWebKit/537.36 (KHTML, like Gecko; compatible; bingbot/2.0; +http://www.bing.com/bingbot.htm) Chrome/103.0.5060.134 Safari/537.36" "ysfine.com"
136.52.23.168 - - [24/Feb/2023:23:15:15 -0800] "GET /people/noz75.jpg HTTP/1.1" 200 77158 "https://www.google.com/" "Mozilla/5.0 (Windows NT 10.0; Win64; x64; rv:109.0) Gecko/20100101 Firefox/110.0" "ysfine.com"
64.124.8.49 - - [24/Feb/2023:23:15:20 -0800] "GET /ysbio/style/cameras/ducks.jpg HTTP/1.1" 404 88 "-" "Mozilla/5.0 (Macintosh; Intel Mac OS X 10_15_7) AppleWebKit/537.36 (KHTML, like Gecko) Chrome/107.0.0.0 Safari/537.36" "ysfine.com"
52.167.144.35 - - [24/Feb/2023:23:15:35 -0800] "GET /wigner/wigphoto.html HTTP/1.1" 200 3234 "-" "Mozilla/5.0 AppleWebKit/537.36 (KHTML, like Gecko; compatible; bingbot/2.0; +http://www.bing.com/bingbot.htm) Chrome/103.0.5060.134 Safari/537.36" "www.ysfine.com"
216.244.66.229 - - [24/Feb/2023:23:15:38 -0800] "GET /ffriends/pollon05.jpg HTTP/1.1" 200 56322 "-" "Mozilla/5.0 (compatible; DotBot/1.2; +https://opensiteexplorer.org/dotbot; help@moz.com)" "ysfine.com"
