71.178.208.102 - - [25/Feb/2023:03:08:49 -0800] "GET /world/france/eiffel15c.jpg HTTP/1.1" 200 36995 "https://www.ysfine.com/auto/bio15.html" "Mozilla/5.0 (Windows NT 10.0; Win64; x64; rv:109.0) Gecko/20100101 Firefox/110.0" "www.ysfine.com"
71.178.208.102 - - [25/Feb/2023:03:08:49 -0800] "GET /world/germany/berlin001c.jpg HTTP/1.1" 200 33153 "https://www.ysfine.com/auto/bio15.html" "Mozilla/5.0 (Windows NT 10.0; Win64; x64; rv:109.0) Gecko/20100101 Firefox/110.0" "www.ysfine.com"
71.178.208.102 - - [25/Feb/2023:03:08:49 -0800] "GET /world/ital/coloss04c.jpg HTTP/1.1" 200 37017 "https://www.ysfine.com/auto/bio15.html" "Mozilla/5.0 (Windows NT 10.0; Win64; x64; rv:109.0) Gecko/20100101 Firefox/110.0" "www.ysfine.com"
71.178.208.102 - - [25/Feb/2023:03:08:49 -0800] "GET /home/taylor400.jpg HTTP/1.1" 200 56181 "https://www.ysfine.com/auto/bio15.html" "Mozilla/5.0 (Windows NT 10.0; Win64; x64; rv:109.0) Gecko/20100101 Firefox/110.0" "www.ysfine.com"
71.178.208.102 - - [25/Feb/2023:03:08:49 -0800] "GET /eink/pawkim19c.jpg HTTP/1.1" 200 53195 "https://www.ysfine.com/auto/bio15.html" "Mozilla/5.0 (Windows NT 10.0; Win64; x64; rv:109.0) Gecko/20100101 Firefox/110.0" "www.ysfine.com"
71.178.208.102 - - [25/Feb/2023:03:08:49 -0800] "GET /world/russ/basil08c.jpg HTTP/1.1" 200 40070 "https://www.ysfine.com/auto/bio15.html" "Mozilla/5.0 (Windows NT 10.0; Win64; x64; rv:109.0) Gecko/20100101 Firefox/110.0" "www.ysfine.com"
71.178.208.102 - - [25/Feb/2023:03:09:01 -0800] "GET /ys11/index.html HTTP/1.1" 200 3508 "-" "Mozilla/5.0 (Windows NT 10.0; Win64; x64; rv:109.0) Gecko/20100101 Firefox/110.0" "www.ysfine.com"
71.178.208.102 - - [25/Feb/2023:03:09:04 -0800] "GET /auto/bio15.html HTTP/1.1" 304 - "https://www.ysfine.com/auto/bio.html" "Mozilla/5.0 (Windows NT 10.0; Win64; x64; rv:109.0) Gecko/20100101 Firefox/110.0" "www.ysfine.com"
216.244.66.229 - - [25/Feb/2023:03:09:04 -0800] "GET /world/brit/britmu32.jpg HTTP/1.1" 200 93547 "-" "Mozilla/5.0 (compatible; DotBot/1.2; +https://opensiteexplorer.org/dotbot; help@moz.com)" "ysfine.com"
71.178.208.102 - - [25/Feb/2023:03:09:08 -0800] "GET /auto/bio16.html HTTP/1.1" 200 3567 "https://www.ysfine.com/auto/bio.html" "Mozilla/5.0 (Windows NT 10.0; Win64; x64; rv:109.0) Gecko/20100101 Firefox/110.0" "www.ysfine.com"
71.178.208.102 - - [25/Feb/2023:03:09:08 -0800] "GET /home/eward11c.jpg HTTP/1.1" 200 48989 "https://www.ysfine.com/auto/bio16.html" "Mozilla/5.0 (Windows NT 10.0; Win64; x64; rv:109.0) Gecko/20100101 Firefox/110.0" "www.ysfine.com"
71.178.208.102 - - [25/Feb/2023:03:09:08 -0800] "GET /home/philo/kant33c.jpg HTTP/1.1" 200 47218 "https://www.ysfine.com/auto/bio16.html" "Mozilla/5.0 (Windows NT 10.0; Win64; x64; rv:109.0) Gecko/20100101 Firefox/110.0" "www.ysfine.com"
71.178.208.102 - - [25/Feb/2023:03:09:08 -0800] "GET /home/philo/hegelhaus11c.jpg HTTP/1.1" 200 37063 "https://www.ysfine.com/auto/bio16.html" "Mozilla/5.0 (Windows NT 10.0; Win64; x64; rv:109.0) Gecko/20100101 Firefox/110.0" "www.ysfine.com"
71.178.208.102 - - [25/Feb/2023:03:09:08 -0800] "GET /auto/figs/keigel66a.jpg HTTP/1.1" 200 46958 "https://www.ysfine.com/auto/bio16.html" "Mozilla/5.0 (Windows NT 10.0; Win64; x64; rv:109.0) Gecko/20100101 Firefox/110.0" "www.ysfine.com"
71.178.208.102 - - [25/Feb/2023:03:09:08 -0800] "GET /auto/fotos/reagan52c.jpg HTTP/1.1" 200 32391 "https://www.ysfine.com/auto/bio16.html" "Mozilla/5.0 (Windows NT 10.0; Win64; x64; rv:109.0) Gecko/20100101 Firefox/110.0" "www.ysfine.com"
52.167.144.62 - - [25/Feb/2023:03:09:18 -0800] "GET /ys22/dondon.html HTTP/1.1" 401 90 "-" "Mozilla/5.0 AppleWebKit/537.36 (KHTML, like Gecko; compatible; bingbot/2.0; +http://www.bing.com/bingbot.htm) Chrome/103.0.5060.134 Safari/537.36" "ysfine.com"
71.178.208.102 - - [25/Feb/2023:03:09:19 -0800] "GET /auto/home/yspr61d.jpg HTTP/1.1" 404 88 "https://www.ysfine.com/auto/bio20.html" "Mozilla/5.0 (Windows NT 10.0; Win64; x64; rv:109.0) Gecko/20100101 Firefox/110.0" "www.ysfine.com"
71.178.208.102 - - [25/Feb/2023:03:09:19 -0800] "GET /auto/eink/eink54f.jpg HTTP/1.1" 404 88 "https://www.ysfine.com/auto/bio20.html" "Mozilla/5.0 (Windows NT 10.0; Win64; x64; rv:109.0) Gecko/20100101 Firefox/110.0" "www.ysfine.com"
71.178.208.102 - - [25/Feb/2023:03:09:19 -0800] "GET /auto/home/bedk22f.jpg HTTP/1.1" 404 88 "https://www.ysfine.com/auto/bio20.html" "Mozilla/5.0 (Windows NT 10.0; Win64; x64; rv:109.0) Gecko/20100101 Firefox/110.0" "www.ysfine.com"
71.178.208.102 - - [25/Feb/2023:03:09:22 -0800] "GET /favicon.ico HTTP/1.1" 404 88 "https://www.ysfine.com/auto/bio.html" "Mozilla/5.0 (Windows NT 10.0; Win64; x64; rv:109.0) Gecko/20100101 Firefox/110.0" "www.ysfine.com"
207.46.13.220 - - [25/Feb/2023:03:09:31 -0800] "GET /wdc/shoreham11.jpg HTTP/1.1" 200 127258 "-" "Mozilla/5.0 AppleWebKit/537.36 (KHTML, like Gecko; compatible; bingbot/2.0; +http://www.bing.com/bingbot.htm) Chrome/103.0.5060.134 Safari/537.36" "ysfine.com"
71.178.208.102 - - [25/Feb/2023:03:09:33 -0800] "GET /auto/bio18.html HTTP/1.1" 200 16013 "https://www.ysfine.com/auto/bio.html" "Mozilla/5.0 (Windows NT 10.0; Win64; x64; rv:109.0) Gecko/20100101 Firefox/110.0" "www.ysfine.com"
71.178.208.102 - - [25/Feb/2023:03:09:33 -0800] "GET /style/musee/pradom02c.jpg HTTP/1.1" 200 63809 "https://www.ysfine.com/auto/bio18.html" "Mozilla/5.0 (Windows NT 10.0; Win64; x64; rv:109.0) Gecko/20100101 Firefox/110.0" "www.ysfine.com"
71.178.208.102 - - [25/Feb/2023:03:09:33 -0800] "GET /style/nga33c.jpg HTTP/1.1" 200 44503 "https://www.ysfine.com/auto/bio18.html" "Mozilla/5.0 (Windows NT 10.0; Win64; x64; rv:109.0) Gecko/20100101 Firefox/110.0" "www.ysfine.com"
71.178.208.102 - - [25/Feb/2023:03:09:33 -0800] "GET /style/musee/orsaym01c.jpg HTTP/1.1" 200 43934 "https://www.ysfine.com/auto/bio18.html" "Mozilla/5.0 (Windows NT 10.0; Win64; x64; rv:109.0) Gecko/20100101 Firefox/110.0" "www.ysfine.com"
71.178.208.102 - - [25/Feb/2023:03:09:33 -0800] "GET /style/guggen33c.jpg HTTP/1.1" 200 37941 "https://www.ysfine.com/auto/bio18.html" "Mozilla/5.0 (Windows NT 10.0; Win64; x64; rv:109.0) Gecko/20100101 Firefox/110.0" "www.ysfine.com"
71.178.208.102 - - [25/Feb/2023:03:09:33 -0800] "GET /style/musee/pradom03c.jpg HTTP/1.1" 200 37152 "https://www.ysfine.com/auto/bio18.html" "Mozilla/5.0 (Windows NT 10.0; Win64; x64; rv:109.0) Gecko/20100101 Firefox/110.0" "www.ysfine.com"
71.178.208.102 - - [25/Feb/2023:03:09:33 -0800] "GET /style/musee/britmu03c.jpg HTTP/1.1" 200 33045 "https://www.ysfine.com/auto/bio18.html" "Mozilla/5.0 (Windows NT 10.0; Win64; x64; rv:109.0) Gecko/20100101 Firefox/110.0" "www.ysfine.com"
71.178.208.102 - - [25/Feb/2023:03:09:33 -0800] "GET /style/musee/berlinmus21b.jpg HTTP/1.1" 200 35257 "https://www.ysfine.com/auto/bio18.html" "Mozilla/5.0 (Windows NT 10.0; Win64; x64; rv:109.0) Gecko/20100101 Firefox/110.0" "www.ysfine.com"
71.178.208.102 - - [25/Feb/2023:03:09:33 -0800] "GET /style/socrates55c.jpg HTTP/1.1" 200 38192 "https://www.ysfine.com/auto/bio18.html" "Mozilla/5.0 (Windows NT 10.0; Win64; x64; rv:109.0) Gecko/20100101 Firefox/110.0" "www.ysfine.com"
71.178.208.102 - - [25/Feb/2023:03:09:33 -0800] "GET /style/nga66c.jpg HTTP/1.1" 200 35103 "https://www.ysfine.com/auto/bio18.html" "Mozilla/5.0 (Windows NT 10.0; Win64; x64; rv:109.0) Gecko/20100101 Firefox/110.0" "www.ysfine.com"
71.178.208.102 - - [25/Feb/2023:03:09:33 -0800] "GET /style/musee/berlinmus36b.jpg HTTP/1.1" 200 36317 "https://www.ysfine.com/auto/bio18.html" "Mozilla/5.0 (Windows NT 10.0; Win64; x64; rv:109.0) Gecko/20100101 Firefox/110.0" "www.ysfine.com"
71.178.208.102 - - [25/Feb/2023:03:09:33 -0800] "GET /style/musee/perga15b.jpg HTTP/1.1" 200 35319 "https://www.ysfine.com/auto/bio18.html" "Mozilla/5.0 (Windows NT 10.0; Win64; x64; rv:109.0) Gecko/20100101 Firefox/110.0" "www.ysfine.com"
71.178.208.102 - - [25/Feb/2023:03:09:33 -0800] "GET /style/musee/ath030b.jpg HTTP/1.1" 200 48681 "https://www.ysfine.com/auto/bio18.html" "Mozilla/5.0 (Windows NT 10.0; Win64; x64; rv:109.0) Gecko/20100101 Firefox/110.0" "www.ysfine.com"
71.178.208.102 - - [25/Feb/2023:03:09:33 -0800] "GET /style/musee/ath003b.jpg HTTP/1.1" 200 32318 "https://www.ysfine.com/auto/bio18.html" "Mozilla/5.0 (Windows NT 10.0; Win64; x64; rv:109.0) Gecko/20100101 Firefox/110.0" "www.ysfine.com"
71.178.208.102 - - [25/Feb/2023:03:09:33 -0800] "GET /style/musee/ath000b.jpg HTTP/1.1" 200 46554 "https://www.ysfine.com/auto/bio18.html" "Mozilla/5.0 (Windows NT 10.0; Win64; x64; rv:109.0) Gecko/20100101 Firefox/110.0" "www.ysfine.com"
71.178.208.102 - - [25/Feb/2023:03:09:33 -0800] "GET /style/musee/ath033b.jpg HTTP/1.1" 200 43338 "https://www.ysfine.com/auto/bio18.html" "Mozilla/5.0 (Windows NT 10.0; Win64; x64; rv:109.0) Gecko/20100101 Firefox/110.0" "www.ysfine.com"
71.178.208.102 - - [25/Feb/2023:03:09:33 -0800] "GET /style/musee/ath007b.jpg HTTP/1.1" 200 33406 "https://www.ysfine.com/auto/bio18.html" "Mozilla/5.0 (Windows NT 10.0; Win64; x64; rv:109.0) Gecko/20100101 Firefox/110.0" "www.ysfine.com"
71.178.208.102 - - [25/Feb/2023:03:09:33 -0800] "GET /style/musee/uffizi12b.jpg HTTP/1.1" 200 49310 "https://www.ysfine.com/auto/bio18.html" "Mozilla/5.0 (Windows NT 10.0; Win64; x64; rv:109.0) Gecko/20100101 Firefox/110.0" "www.ysfine.com"
71.178.208.102 - - [25/Feb/2023:03:09:33 -0800] "GET /style/musee/vatim10b.jpg HTTP/1.1" 200 35185 "https://www.ysfine.com/auto/bio18.html" "Mozilla/5.0 (Windows NT 10.0; Win64; x64; rv:109.0) Gecko/20100101 Firefox/110.0" "www.ysfine.com"
71.178.208.102 - - [25/Feb/2023:03:09:33 -0800] "GET /style/musee/britmu09c.jpg HTTP/1.1" 200 36146 "https://www.ysfine.com/auto/bio18.html" "Mozilla/5.0 (Windows NT 10.0; Win64; x64; rv:109.0) Gecko/20100101 Firefox/110.0" "www.ysfine.com"
71.178.208.102 - - [25/Feb/2023:03:09:33 -0800] "GET /style/vangogh01c.jpg HTTP/1.1" 200 37311 "https://www.ysfine.com/auto/bio18.html" "Mozilla/5.0 (Windows NT 10.0; Win64; x64; rv:109.0) Gecko/20100101 Firefox/110.0" "www.ysfine.com"
71.178.208.102 - - [25/Feb/2023:03:09:33 -0800] "GET /style/picasspr22b.jpg HTTP/1.1" 200 67766 "https://www.ysfine.com/auto/bio18.html" "Mozilla/5.0 (Windows NT 10.0; Win64; x64; rv:109.0) Gecko/20100101 Firefox/110.0" "www.ysfine.com"
71.178.208.102 - - [25/Feb/2023:03:09:33 -0800] "GET /style/musee/beijing061c.jpg HTTP/1.1" 200 29885 "https://www.ysfine.com/auto/bio18.html" "Mozilla/5.0 (Windows NT 10.0; Win64; x64; rv:109.0) Gecko/20100101 Firefox/110.0" "www.ysfine.com"
71.178.208.102 - - [25/Feb/2023:03:09:33 -0800] "GET /style/musee/vatim20b.jpg HTTP/1.1" 200 40016 "https://www.ysfine.com/auto/bio18.html" "Mozilla/5.0 (Windows NT 10.0; Win64; x64; rv:109.0) Gecko/20100101 Firefox/110.0" "www.ysfine.com"
71.178.208.102 - - [25/Feb/2023:03:09:33 -0800] "GET /kobak/taylor33c.jpg HTTP/1.1" 200 39951 "https://www.ysfine.com/auto/bio18.html" "Mozilla/5.0 (Windows NT 10.0; Win64; x64; rv:109.0) Gecko/20100101 Firefox/110.0" "www.ysfine.com"
71.178.208.102 - - [25/Feb/2023:03:09:33 -0800] "GET /style/musee/aix03b.jpg HTTP/1.1" 200 41709 "https://www.ysfine.com/auto/bio18.html" "Mozilla/5.0 (Windows NT 10.0; Win64; x64; rv:109.0) Gecko/20100101 Firefox/110.0" "www.ysfine.com"
71.178.208.102 - - [25/Feb/2023:03:09:33 -0800] "GET /style/musee/minsk040b.jpg HTTP/1.1" 200 41302 "https://www.ysfine.com/auto/bio18.html" "Mozilla/5.0 (Windows NT 10.0; Win64; x64; rv:109.0) Gecko/20100101 Firefox/110.0" "www.ysfine.com"
71.178.208.102 - - [25/Feb/2023:03:09:33 -0800] "GET /style/musee/uffizi02b.jpg HTTP/1.1" 200 53042 "https://www.ysfine.com/auto/bio18.html" "Mozilla/5.0 (Windows NT 10.0; Win64; x64; rv:109.0) Gecko/20100101 Firefox/110.0" "www.ysfine.com"
71.178.208.102 - - [25/Feb/2023:03:09:33 -0800] "GET /style/musee/picassomp10c.jpg HTTP/1.1" 200 36243 "https://www.ysfine.com/auto/bio18.html" "Mozilla/5.0 (Windows NT 10.0; Win64; x64; rv:109.0) Gecko/20100101 Firefox/110.0" "www.ysfine.com"
71.178.208.102 - - [25/Feb/2023:03:09:33 -0800] "GET /style/musee/vatim09b.jpg HTTP/1.1" 200 30206 "https://www.ysfine.com/auto/bio18.html" "Mozilla/5.0 (Windows NT 10.0; Win64; x64; rv:109.0) Gecko/20100101 Firefox/110.0" "www.ysfine.com"
71.178.208.102 - - [25/Feb/2023:03:09:33 -0800] "GET /style/musee/vatim01b.jpg HTTP/1.1" 200 49800 "https://www.ysfine.com/auto/bio18.html" "Mozilla/5.0 (Windows NT 10.0; Win64; x64; rv:109.0) Gecko/20100101 Firefox/110.0" "www.ysfine.com"
71.178.208.102 - - [25/Feb/2023:03:09:33 -0800] "GET /style/musee/minsk072b.jpg HTTP/1.1" 200 32308 "https://www.ysfine.com/auto/bio18.html" "Mozilla/5.0 (Windows NT 10.0; Win64; x64; rv:109.0) Gecko/20100101 Firefox/110.0" "www.ysfine.com"
71.178.208.102 - - [25/Feb/2023:03:09:33 -0800] "GET /style/monet01b.jpg HTTP/1.1" 200 42056 "https://www.ysfine.com/auto/bio18.html" "Mozilla/5.0 (Windows NT 10.0; Win64; x64; rv:109.0) Gecko/20100101 Firefox/110.0" "www.ysfine.com"
71.178.208.102 - - [25/Feb/2023:03:09:33 -0800] "GET /style/cezanne01b.jpg HTTP/1.1" 200 45494 "https://www.ysfine.com/auto/bio18.html" "Mozilla/5.0 (Windows NT 10.0; Win64; x64; rv:109.0) Gecko/20100101 Firefox/110.0" "www.ysfine.com"
71.178.208.102 - - [25/Feb/2023:03:09:33 -0800] "GET /style/picassony2.jpg HTTP/1.1" 200 39639 "https://www.ysfine.com/auto/bio18.html" "Mozilla/5.0 (Windows NT 10.0; Win64; x64; rv:109.0) Gecko/20100101 Firefox/110.0" "www.ysfine.com"
71.178.208.102 - - [25/Feb/2023:03:09:33 -0800] "GET /style/elena03c.jpg HTTP/1.1" 200 24695 "https://www.ysfine.com/auto/bio18.html" "Mozilla/5.0 (Windows NT 10.0; Win64; x64; rv:109.0) Gecko/20100101 Firefox/110.0" "www.ysfine.com"
71.178.208.102 - - [25/Feb/2023:03:09:33 -0800] "GET /style/musee/vatim08b.jpg HTTP/1.1" 200 39260 "https://www.ysfine.com/auto/bio18.html" "Mozilla/5.0 (Windows NT 10.0; Win64; x64; rv:109.0) Gecko/20100101 Firefox/110.0" "www.ysfine.com"
71.178.208.102 - - [25/Feb/2023:03:09:33 -0800] "GET /style/musee/picassomp04c.jpg HTTP/1.1" 200 36261 "https://www.ysfine.com/auto/bio18.html" "Mozilla/5.0 (Windows NT 10.0; Win64; x64; rv:109.0) Gecko/20100101 Firefox/110.0" "www.ysfine.com"
71.178.208.102 - - [25/Feb/2023:03:09:33 -0800] "GET /style/musee/minsk034b.jpg HTTP/1.1" 200 40968 "https://www.ysfine.com/auto/bio18.html" "Mozilla/5.0 (Windows NT 10.0; Win64; x64; rv:109.0) Gecko/20100101 Firefox/110.0" "www.ysfine.com"
71.178.208.102 - - [25/Feb/2023:03:09:33 -0800] "GET /style/musee/egypmu02b.jpg HTTP/1.1" 200 31047 "https://www.ysfine.com/auto/bio18.html" "Mozilla/5.0 (Windows NT 10.0; Win64; x64; rv:109.0) Gecko/20100101 Firefox/110.0" "www.ysfine.com"
71.178.208.102 - - [25/Feb/2023:03:09:33 -0800] "GET /style/musee/perga26b.jpg HTTP/1.1" 200 35624 "https://www.ysfine.com/auto/bio18.html" "Mozilla/5.0 (Windows NT 10.0; Win64; x64; rv:109.0) Gecko/20100101 Firefox/110.0" "www.ysfine.com"
71.178.208.102 - - [25/Feb/2023:03:09:33 -0800] "GET /style/monet07b.jpg HTTP/1.1" 200 49425 "https://www.ysfine.com/auto/bio18.html" "Mozilla/5.0 (Windows NT 10.0; Win64; x64; rv:109.0) Gecko/20100101 Firefox/110.0" "www.ysfine.com"
71.178.208.102 - - [25/Feb/2023:03:09:33 -0800] "GET /style/musee/perga06b.jpg HTTP/1.1" 200 40224 "https://www.ysfine.com/auto/bio18.html" "Mozilla/5.0 (Windows NT 10.0; Win64; x64; rv:109.0) Gecko/20100101 Firefox/110.0" "www.ysfine.com"
71.178.208.102 - - [25/Feb/2023:03:09:33 -0800] "GET /style/musee/matisse11c.jpg HTTP/1.1" 200 31112 "https://www.ysfine.com/auto/bio18.html" "Mozilla/5.0 (Windows NT 10.0; Win64; x64; rv:109.0) Gecko/20100101 Firefox/110.0" "www.ysfine.com"
71.178.208.102 - - [25/Feb/2023:03:09:33 -0800] "GET /style/musee/uffizi22b.jpg HTTP/1.1" 200 42665 "https://www.ysfine.com/auto/bio18.html" "Mozilla/5.0 (Windows NT 10.0; Win64; x64; rv:109.0) Gecko/20100101 Firefox/110.0" "www.ysfine.com"
71.178.208.102 - - [25/Feb/2023:03:09:33 -0800] "GET /style/musee/beijing056c.jpg HTTP/1.1" 200 38578 "https://www.ysfine.com/auto/bio18.html" "Mozilla/5.0 (Windows NT 10.0; Win64; x64; rv:109.0) Gecko/20100101 Firefox/110.0" "www.ysfine.com"
71.178.208.102 - - [25/Feb/2023:03:09:33 -0800] "GET /princeton/pumu11b.jpg HTTP/1.1" 200 46659 "https://www.ysfine.com/auto/bio18.html" "Mozilla/5.0 (Windows NT 10.0; Win64; x64; rv:109.0) Gecko/20100101 Firefox/110.0" "www.ysfine.com"
71.178.208.102 - - [25/Feb/2023:03:09:33 -0800] "GET /style/musee/ams002c.jpg HTTP/1.1" 200 39979 "https://www.ysfine.com/auto/bio18.html" "Mozilla/5.0 (Windows NT 10.0; Win64; x64; rv:109.0) Gecko/20100101 Firefox/110.0" "www.ysfine.com"
71.178.208.102 - - [25/Feb/2023:03:09:33 -0800] "GET /style/musee/athf07b.jpg HTTP/1.1" 200 54094 "https://www.ysfine.com/auto/bio18.html" "Mozilla/5.0 (Windows NT 10.0; Win64; x64; rv:109.0) Gecko/20100101 Firefox/110.0" "www.ysfine.com"
71.178.208.102 - - [25/Feb/2023:03:09:33 -0800] "GET /style/musee/aix02b.jpg HTTP/1.1" 200 50746 "https://www.ysfine.com/auto/bio18.html" "Mozilla/5.0 (Windows NT 10.0; Win64; x64; rv:109.0) Gecko/20100101 Firefox/110.0" "www.ysfine.com"
71.178.208.102 - - [25/Feb/2023:03:09:33 -0800] "GET /style/musee/picassomp14c.jpg HTTP/1.1" 200 42414 "https://www.ysfine.com/auto/bio18.html" "Mozilla/5.0 (Windows NT 10.0; Win64; x64; rv:109.0) Gecko/20100101 Firefox/110.0" "www.ysfine.com"
71.178.208.102 - - [25/Feb/2023:03:09:33 -0800] "GET /style/musee/picassomp02c.jpg HTTP/1.1" 200 31690 "https://www.ysfine.com/auto/bio18.html" "Mozilla/5.0 (Windows NT 10.0; Win64; x64; rv:109.0) Gecko/20100101 Firefox/110.0" "www.ysfine.com"
71.178.208.102 - - [25/Feb/2023:03:09:33 -0800] "GET /style/musee/vatican13b.jpg HTTP/1.1" 200 55016 "https://www.ysfine.com/auto/bio18.html" "Mozilla/5.0 (Windows NT 10.0; Win64; x64; rv:109.0) Gecko/20100101 Firefox/110.0" "www.ysfine.com"
71.178.208.102 - - [25/Feb/2023:03:09:33 -0800] "GET /style/musee/vatican33b.jpg HTTP/1.1" 200 38167 "https://www.ysfine.com/auto/bio18.html" "Mozilla/5.0 (Windows NT 10.0; Win64; x64; rv:109.0) Gecko/20100101 Firefox/110.0" "www.ysfine.com"
216.244.66.229 - - [25/Feb/2023:03:09:36 -0800] "GET /world/brit/oxlon31.jpg HTTP/1.1" 200 109478 "-" "Mozilla/5.0 (compatible; DotBot/1.2; +https://opensiteexplorer.org/dotbot; help@moz.com)" "ysfine.com"
216.244.66.229 - - [25/Feb/2023:03:10:08 -0800] "GET /world/china/dandongbr01.jpg HTTP/1.1" 200 111775 "-" "Mozilla/5.0 (compatible; DotBot/1.2; +https://opensiteexplorer.org/dotbot; help@moz.com)" "ysfine.com"
216.244.66.229 - - [25/Feb/2023:03:10:46 -0800] "GET /world/china/hongkong05.jpg HTTP/1.1" 200 114406 "-" "Mozilla/5.0 (compatible; DotBot/1.2; +https://opensiteexplorer.org/dotbot; help@moz.com)" "ysfine.com"
173.252.83.22 - - [25/Feb/2023:03:10:47 -0800] "GET /world/ital/vicenza07b.jpg HTTP/1.1" 200 51871 "-" "facebookexternalhit/1.1 (+http://www.facebook.com/externalhit_uatext.php)" "ysfine.com"
216.244.66.229 - - [25/Feb/2023:03:11:30 -0800] "GET /world/france/montmar15.jpg HTTP/1.1" 200 100281 "-" "Mozilla/5.0 (compatible; DotBot/1.2; +https://opensiteexplorer.org/dotbot; help@moz.com)" "ysfine.com"
207.46.13.223 - - [25/Feb/2023:03:11:52 -0800] "GET /world/israel/tlv01.jpg HTTP/1.1" 200 206082 "-" "Mozilla/5.0 AppleWebKit/537.36 (KHTML, like Gecko; compatible; bingbot/2.0; +http://www.bing.com/bingbot.htm) Chrome/103.0.5060.134 Safari/537.36" "ysfine.com"
216.244.66.229 - - [25/Feb/2023:03:12:05 -0800] "GET /world/france/notre27.jpg HTTP/1.1" 200 182506 "-" "Mozilla/5.0 (compatible; DotBot/1.2; +https://opensiteexplorer.org/dotbot; help@moz.com)" "ysfine.com"
54.245.56.92 - - [25/Feb/2023:03:13:24 -0800] "GET /newyork/trumpmap11.jpg HTTP/1.1" 200 89520 "-" "Mozilla/5.0 (X11; Ubuntu; Linux x86_64; rv:72.0) Gecko/20100101 Firefox/72.0" "ysfine.com"
64.124.8.48 - - [25/Feb/2023:03:13:54 -0800] "GET /ysbio/maga/phys/schrod37.jpg HTTP/1.1" 404 88 "-" "Mozilla/5.0 (Macintosh; Intel Mac OS X 10_15_7) AppleWebKit/537.36 (KHTML, like Gecko) Chrome/107.0.0.0 Safari/537.36" "www.ysfine.com"
173.252.83.20 - - [25/Feb/2023:03:13:58 -0800] "GET /world/russ/minskf09.jpg HTTP/1.1" 200 114517 "-" "facebookexternalhit/1.1 (+http://www.facebook.com/externalhit_uatext.php)" "ysfine.com"
64.124.8.29 - - [25/Feb/2023:03:14:00 -0800] "GET /world/france/arles01.jpg HTTP/1.1" 200 91930 "-" "Mozilla/5.0 (Macintosh; Intel Mac OS X 10_15_7) AppleWebKit/537.36 (KHTML, like Gecko) Chrome/107.0.0.0 Safari/537.36" "ysfine.com"
64.124.8.52 - - [25/Feb/2023:03:14:21 -0800] "GET /usca/pitt/knee33.jpg HTTP/1.1" 200 73465 "-" "Mozilla/5.0 (Macintosh; Intel Mac OS X 10_15_7) AppleWebKit/537.36 (KHTML, like Gecko) Chrome/107.0.0.0 Safari/537.36" "www.ysfine.com"
114.119.145.5 - - [25/Feb/2023:03:14:34 -0800] "GET /robots.txt HTTP/1.1" 404 88 "-" "Mozilla/5.0 (compatible;PetalBot;+https://webmaster.petalsearch.com/site/petalbot)" "ysfine.com"
207.46.13.220 - - [25/Feb/2023:03:14:40 -0800] "GET /wdc/anna09.jpg HTTP/1.1" 200 103182 "-" "Mozilla/5.0 AppleWebKit/537.36 (KHTML, like Gecko; compatible; bingbot/2.0; +http://www.bing.com/bingbot.htm) Chrome/103.0.5060.134 Safari/537.36" "www.ysfine.com"
71.178.208.102 - - [25/Feb/2023:03:15:19 -0800] "GET /auto/bio.html HTTP/1.1" 200 18439 "-" "Mozilla/5.0 (Windows NT 10.0; Win64; x64; rv:109.0) Gecko/20100101 Firefox/110.0" "www.ysfine.com"
71.178.208.102 - - [25/Feb/2023:03:15:21 -0800] "GET /auto/bio.html HTTP/1.1" 304 - "-" "Mozilla/5.0 (Windows NT 10.0; Win64; x64; rv:109.0) Gecko/20100101 Firefox/110.0" "www.ysfine.com"
71.178.208.102 - - [25/Feb/2023:03:15:22 -0800] "GET /auto/bio.html HTTP/1.1" 304 - "-" "Mozilla/5.0 (Windows NT 10.0; Win64; x64; rv:109.0) Gecko/20100101 Firefox/110.0" "www.ysfine.com"
64.124.8.55 - - [25/Feb/2023:03:15:29 -0800] "GET /world/russ/kiev005.jpg HTTP/1.1" 200 109885 "-" "Mozilla/5.0 (Macintosh; Intel Mac OS X 10_15_7) AppleWebKit/537.36 (KHTML, like Gecko) Chrome/107.0.0.0 Safari/537.36" "ysfine.com"
20.246.72.39 - - [25/Feb/2023:03:15:38 -0800] "GET /heisen/einheisen54.html HTTP/1.1" 200 12708 "-" "Mozilla/5.0 (Windows NT 6.3; Win64; x64) AppleWebKit/537.36 (KHTML, like Gecko) Chrome/75.0.3770.100 Safari/537.36" "ysfine.com"
64.124.8.52 - - [25/Feb/2023:03:16:03 -0800] "GET /world/russ/ruble11.jpg HTTP/1.1" 200 180849 "-" "Mozilla/5.0 (Macintosh; Intel Mac OS X 10_15_7) AppleWebKit/537.36 (KHTML, like Gecko) Chrome/107.0.0.0 Safari/537.36" "ysfine.com"
31.2.166.166 - - [25/Feb/2023:03:16:15 -0800] "GET / HTTP/1.1" 200 5300 "-" "Mozilla/5.0 (Linux; Android 5.0; SAMSUNG SM-N900T Build/LRX21V) AppleWebKit/537.36 (KHTML, like Gecko) SamsungBrowser/2.1 Chrome/34.0.1847.76 Mobile Safari/537.36" "ysfine.com"
91.133.180.76 - - [25/Feb/2023:03:16:15 -0800] "GET /robots.txt HTTP/1.1" 404 88 "-" "Mozilla/5.0 (iPad; CPU OS 8_1_1 like Mac OS X) AppleWebKit/600.1.4 (KHTML, like Gecko) Version/8.0 Mobile/12B436 Safari/600.1.4" "ysfine.com"
207.46.13.220 - - [25/Feb/2023:03:16:21 -0800] "GET /world/china/nanjing02.jpg HTTP/1.1" 200 158426 "-" "Mozilla/5.0 AppleWebKit/537.36 (KHTML, like Gecko; compatible; bingbot/2.0; +http://www.bing.com/bingbot.htm) Chrome/103.0.5060.134 Safari/537.36" "www.ysfine.com"
71.178.208.102 - - [25/Feb/2023:03:16:22 -0800] "GET /auto/bio.html HTTP/1.1" 304 - "-" "Mozilla/5.0 (Windows NT 10.0; Win64; x64; rv:109.0) Gecko/20100101 Firefox/110.0" "www.ysfine.com"
207.46.13.220 - - [25/Feb/2023:03:17:32 -0800] "GET /ysbio/maga/marx.html HTTP/1.1" 404 88 "-" "Mozilla/5.0 AppleWebKit/537.36 (KHTML, like Gecko; compatible; bingbot/2.0; +http://www.bing.com/bingbot.htm) Chrome/103.0.5060.134 Safari/537.36" "ysfine.com"
207.46.13.219 - - [25/Feb/2023:03:18:23 -0800] "GET /world/poland/krch04.jpg HTTP/1.1" 200 113514 "-" "Mozilla/5.0 AppleWebKit/537.36 (KHTML, like Gecko; compatible; bingbot/2.0; +http://www.bing.com/bingbot.htm) Chrome/103.0.5060.134 Safari/537.36" "ysfine.com"
52.167.144.54 - - [25/Feb/2023:03:18:27 -0800] "GET /robots.txt HTTP/1.1" 404 88 "-" "Mozilla/5.0 AppleWebKit/537.36 (KHTML, like Gecko; compatible; bingbot/2.0; +http://www.bing.com/bingbot.htm) Chrome/103.0.5060.134 Safari/537.36" "ysfine.com"
207.46.13.223 - - [25/Feb/2023:03:18:28 -0800] "GET /class54/class5470/total_data/img/menu01_on.gif HTTP/1.1" 200 688 "-" "Mozilla/5.0 AppleWebKit/537.36 (KHTML, like Gecko; compatible; bingbot/2.0; +http://www.bing.com/bingbot.htm) Chrome/103.0.5060.134 Safari/537.36" "ysfine.com"
66.249.84.45 - - [25/Feb/2023:03:19:04 -0800] "GET /world/baltic/kalinmap55.jpg HTTP/1.1" 200 110614 "-" "Mozilla/5.0 (Windows NT 5.1; rv:11.0) Gecko Firefox/11.0 (via ggpht.com GoogleImageProxy)" "ysfine.com"
64.124.8.52 - - [25/Feb/2023:03:19:39 -0800] "GET /style/alexandrov44.jpg HTTP/1.1" 200 92546 "-" "Mozilla/5.0 (Macintosh; Intel Mac OS X 10_15_7) AppleWebKit/537.36 (KHTML, like Gecko) Chrome/107.0.0.0 Safari/537.36" "ysfine.com"
64.124.8.48 - - [25/Feb/2023:03:19:54 -0800] "GET /world/china/shanghai050.jpg HTTP/1.1" 200 84807 "-" "Mozilla/5.0 (Macintosh; Intel Mac OS X 10_15_7) AppleWebKit/537.36 (KHTML, like Gecko) Chrome/107.0.0.0 Safari/537.36" "www.ysfine.com"
64.124.8.54 - - [25/Feb/2023:03:21:30 -0800] "GET /princeton/wilson02.jpg HTTP/1.1" 200 104220 "-" "Mozilla/5.0 (Macintosh; Intel Mac OS X 10_15_7) AppleWebKit/537.36 (KHTML, like Gecko) Chrome/107.0.0.0 Safari/537.36" "ysfine.com"
64.124.8.48 - - [25/Feb/2023:03:21:44 -0800] "GET /world/france/flore08.jpg HTTP/1.1" 200 88762 "-" "Mozilla/5.0 (Macintosh; Intel Mac OS X 10_15_7) AppleWebKit/537.36 (KHTML, like Gecko) Chrome/107.0.0.0 Safari/537.36" "ysfine.com"
64.124.8.53 - - [25/Feb/2023:03:21:49 -0800] "GET /wigner/gim/gimn01.jpg HTTP/1.1" 200 83478 "-" "Mozilla/5.0 (Macintosh; Intel Mac OS X 10_15_7) AppleWebKit/537.36 (KHTML, like Gecko) Chrome/107.0.0.0 Safari/537.36" "www.ysfine.com"
64.124.8.50 - - [25/Feb/2023:03:22:35 -0800] "GET /einstein/places/einha17.jpg HTTP/1.1" 200 76725 "-" "Mozilla/5.0 (Macintosh; Intel Mac OS X 10_15_7) AppleWebKit/537.36 (KHTML, like Gecko) Chrome/107.0.0.0 Safari/537.36" "www.ysfine.com"
216.244.66.229 - - [25/Feb/2023:03:23:05 -0800] "GET /robots.txt HTTP/1.1" 404 73 "-" "Mozilla/5.0 (compatible; DotBot/1.2; +https://opensiteexplorer.org/dotbot; help@moz.com)" "ysfine.com"
216.244.66.229 - - [25/Feb/2023:03:23:05 -0800] "GET /robots.txt HTTP/1.1" 404 73 "-" "Mozilla/5.0 (compatible; DotBot/1.2; +https://opensiteexplorer.org/dotbot; help@moz.com)" "www.ysfine.com"
64.124.8.55 - - [25/Feb/2023:03:23:22 -0800] "GET /world/brit/cam09.jpg HTTP/1.1" 200 127934 "-" "Mozilla/5.0 (Macintosh; Intel Mac OS X 10_15_7) AppleWebKit/537.36 (KHTML, like Gecko) Chrome/107.0.0.0 Safari/537.36" "ysfine.com"
20.191.45.212 - - [25/Feb/2023:03:23:52 -0800] "GET / HTTP/1.1" 200 5300 "https://www.ysfine.com/" "Mozilla/5.0 (compatible; DuckDuckGo-Favicons-Bot/1.0; +http://duckduckgo.com)" "www.ysfine.com"
20.191.45.212 - - [25/Feb/2023:03:23:52 -0800] "GET /favicon.ico HTTP/1.1" 404 88 "https://www.ysfine.com/favicon.ico" "Mozilla/5.0 (compatible; DuckDuckGo-Favicons-Bot/1.0; +http://duckduckgo.com)" "www.ysfine.com"
173.252.83.8 - - [25/Feb/2023:03:24:19 -0800] "GET /home/pgh/pnc01.jpg HTTP/1.1" 200 65328 "-" "facebookexternalhit/1.1 (+http://www.facebook.com/externalhit_uatext.php)" "ysfine.com"
66.249.66.36 - - [25/Feb/2023:03:24:26 -0800] "GET /world/latina/sambario08.jpg HTTP/1.1" 304 - "-" "Googlebot-Image/1.0" "ysfine.com"
52.167.144.35 - - [25/Feb/2023:03:24:29 -0800] "GET /bio/kobak/yskor.html HTTP/1.1" 404 88 "-" "Mozilla/5.0 AppleWebKit/537.36 (KHTML, like Gecko; compatible; bingbot/2.0; +http://www.bing.com/bingbot.htm) Chrome/103.0.5060.134 Safari/537.36" "ysfine.com"
52.167.144.35 - - [25/Feb/2023:03:24:47 -0800] "GET /einstein/places/ulm01c.jpg HTTP/1.1" 200 26617 "-" "Mozilla/5.0 AppleWebKit/537.36 (KHTML, like Gecko; compatible; bingbot/2.0; +http://www.bing.com/bingbot.htm) Chrome/103.0.5060.134 Safari/537.36" "www.ysfine.com"
125.209.235.186 - - [25/Feb/2023:03:25:04 -0800] "GET / HTTP/1.1" 200 5300 "-" "Mozilla/5.0 (iPhone; CPU iPhone OS 9_1 like Mac OS X) AppleWebKit/601.1.46 (KHTML, like Gecko) Version/9.0 Mobile/13B143 Safari/601.1" "www.ysfine.com"
125.209.235.170 - - [25/Feb/2023:03:25:05 -0800] "GET /eink/ewk86f.jpg HTTP/1.1" 200 122173 "https://www.ysfine.com/" "Mozilla/5.0 (iPhone; CPU iPhone OS 9_1 like Mac OS X) AppleWebKit/601.1.46 (KHTML, like Gecko) Version/9.0 Mobile/13B143 Safari/601.1" "ysfine.com"
125.209.235.174 - - [25/Feb/2023:03:25:05 -0800] "GET /home/facu450.jpg HTTP/1.1" 200 74535 "https://www.ysfine.com/" "Mozilla/5.0 (iPhone; CPU iPhone OS 9_1 like Mac OS X) AppleWebKit/601.1.46 (KHTML, like Gecko) Version/9.0 Mobile/13B143 Safari/601.1" "ysfine.com"
125.209.235.179 - - [25/Feb/2023:03:25:05 -0800] "GET /home/top21d.jpg HTTP/1.1" 200 74409 "https://www.ysfine.com/" "Mozilla/5.0 (iPhone; CPU iPhone OS 9_1 like Mac OS X) AppleWebKit/601.1.46 (KHTML, like Gecko) Version/9.0 Mobile/13B143 Safari/601.1" "ysfine.com"
125.209.235.174 - - [25/Feb/2023:03:25:05 -0800] "GET /home/truck450.jpg HTTP/1.1" 200 42871 "https://www.ysfine.com/" "Mozilla/5.0 (iPhone; CPU iPhone OS 9_1 like Mac OS X) AppleWebKit/601.1.46 (KHTML, like Gecko) Version/9.0 Mobile/13B143 Safari/601.1" "ysfine.com"
125.209.235.173 - - [25/Feb/2023:03:25:05 -0800] "GET /home/goodbad450.jpg HTTP/1.1" 200 32258 "https://www.ysfine.com/" "Mozilla/5.0 (iPhone; CPU iPhone OS 9_1 like Mac OS X) AppleWebKit/601.1.46 (KHTML, like Gecko) Version/9.0 Mobile/13B143 Safari/601.1" "ysfine.com"
125.209.235.183 - - [25/Feb/2023:03:25:05 -0800] "GET /home/eink450.jpg HTTP/1.1" 200 66794 "https://www.ysfine.com/" "Mozilla/5.0 (iPhone; CPU iPhone OS 9_1 like Mac OS X) AppleWebKit/601.1.46 (KHTML, like Gecko) Version/9.0 Mobile/13B143 Safari/601.1" "ysfine.com"
125.209.235.180 - - [25/Feb/2023:03:25:06 -0800] "GET /home/eindc03d.jpg HTTP/1.1" 200 95860 "https://www.ysfine.com/" "Mozilla/5.0 (iPhone; CPU iPhone OS 9_1 like Mac OS X) AppleWebKit/601.1.46 (KHTML, like Gecko) Version/9.0 Mobile/13B143 Safari/601.1" "ysfine.com"
125.209.235.186 - - [25/Feb/2023:03:25:06 -0800] "GET /home/washmo23d.jpg HTTP/1.1" 200 32142 "https://www.ysfine.com/" "Mozilla/5.0 (iPhone; CPU iPhone OS 9_1 like Mac OS X) AppleWebKit/601.1.46 (KHTML, like Gecko) Version/9.0 Mobile/13B143 Safari/601.1" "ysfine.com"
125.209.235.168 - - [25/Feb/2023:03:25:07 -0800] "GET /home/1987pr22d.jpg HTTP/1.1" 200 66428 "https://www.ysfine.com/" "Mozilla/5.0 (iPhone; CPU iPhone OS 9_1 like Mac OS X) AppleWebKit/601.1.46 (KHTML, like Gecko) Version/9.0 Mobile/13B143 Safari/601.1" "ysfine.com"
125.209.235.186 - - [25/Feb/2023:03:25:07 -0800] "GET /eink/einhaus33c.jpg HTTP/1.1" 200 23792 "https://www.ysfine.com/" "Mozilla/5.0 (iPhone; CPU iPhone OS 9_1 like Mac OS X) AppleWebKit/601.1.46 (KHTML, like Gecko) Version/9.0 Mobile/13B143 Safari/601.1" "ysfine.com"
125.209.235.175 - - [25/Feb/2023:03:25:07 -0800] "GET /eink/einhaus11c.jpg HTTP/1.1" 200 42522 "https://www.ysfine.com/" "Mozilla/5.0 (iPhone; CPU iPhone OS 9_1 like Mac OS X) AppleWebKit/601.1.46 (KHTML, like Gecko) Version/9.0 Mobile/13B143 Safari/601.1" "ysfine.com"
125.209.235.167 - - [25/Feb/2023:03:25:07 -0800] "GET /home/taylor500.jpg HTTP/1.1" 200 79197 "https://www.ysfine.com/" "Mozilla/5.0 (iPhone; CPU iPhone OS 9_1 like Mac OS X) AppleWebKit/601.1.46 (KHTML, like Gecko) Version/9.0 Mobile/13B143 Safari/601.1" "ysfine.com"
125.209.235.176 - - [25/Feb/2023:03:25:08 -0800] "GET /home/eink54f.jpg HTTP/1.1" 200 96332 "https://www.ysfine.com/" "Mozilla/5.0 (iPhone; CPU iPhone OS 9_1 like Mac OS X) AppleWebKit/601.1.46 (KHTML, like Gecko) Version/9.0 Mobile/13B143 Safari/601.1" "ysfine.com"
125.209.235.176 - - [25/Feb/2023:03:25:08 -0800] "GET /home/eward55f.jpg HTTP/1.1" 200 122802 "https://www.ysfine.com/" "Mozilla/5.0 (iPhone; CPU iPhone OS 9_1 like Mac OS X) AppleWebKit/601.1.46 (KHTML, like Gecko) Version/9.0 Mobile/13B143 Safari/601.1" "ysfine.com"
64.124.8.53 - - [25/Feb/2023:03:25:15 -0800] "GET /world/france/metz08.jpg HTTP/1.1" 200 90160 "-" "Mozilla/5.0 (Macintosh; Intel Mac OS X 10_15_7) AppleWebKit/537.36 (KHTML, like Gecko) Chrome/107.0.0.0 Safari/537.36" "www.ysfine.com"
125.209.235.183 - - [25/Feb/2023:03:25:16 -0800] "GET / HTTP/1.1" 200 5300 "-" "Mozilla/5.0 (Windows NT 6.1; WOW64) AppleWebKit/537.36 (KHTML, like Gecko) Chrome/52.0.2743.116 Safari/537.36" "www.ysfine.com"
216.244.66.229 - - [25/Feb/2023:03:25:19 -0800] "GET /home/ys54.jpg HTTP/1.1" 200 61834 "-" "Mozilla/5.0 (compatible; DotBot/1.2; +https://opensiteexplorer.org/dotbot; help@moz.com)" "www.ysfine.com"
216.244.66.229 - - [25/Feb/2023:03:25:27 -0800] "GET /auto/kobak/namdae.html HTTP/1.1" 404 73 "-" "Mozilla/5.0 (compatible; DotBot/1.2; +https://opensiteexplorer.org/dotbot; help@moz.com)" "www.ysfine.com"
216.244.66.229 - - [25/Feb/2023:03:25:31 -0800] "GET /home/home/sq600.jpg HTTP/1.1" 404 73 "-" "Mozilla/5.0 (compatible; DotBot/1.2; +https://opensiteexplorer.org/dotbot; help@moz.com)" "www.ysfine.com"
207.46.13.219 - - [25/Feb/2023:03:26:04 -0800] "GET /folks/amkor/kgirls07.jpg HTTP/1.1" 200 174753 "-" "Mozilla/5.0 AppleWebKit/537.36 (KHTML, like Gecko; compatible; bingbot/2.0; +http://www.bing.com/bingbot.htm) Chrome/103.0.5060.134 Safari/537.36" "ysfine.com"
64.124.8.48 - - [25/Feb/2023:03:26:09 -0800] "GET /ysbio/world/latina/rio003.jpg HTTP/1.1" 404 88 "-" "Mozilla/5.0 (Macintosh; Intel Mac OS X 10_15_7) AppleWebKit/537.36 (KHTML, like Gecko) Chrome/107.0.0.0 Safari/537.36" "ysfine.com"
216.244.66.229 - - [25/Feb/2023:03:26:11 -0800] "GET /wigner/yswig.html HTTP/1.1" 200 21384 "-" "Mozilla/5.0 (compatible; DotBot/1.2; +https://opensiteexplorer.org/dotbot; help@moz.com)" "www.ysfine.com"
216.244.66.229 - - [25/Feb/2023:03:26:14 -0800] "GET /home/yspr61.jpg HTTP/1.1" 200 217844 "-" "Mozilla/5.0 (compatible; DotBot/1.2; +https://opensiteexplorer.org/dotbot; help@moz.com)" "ysfine.com"
216.244.66.229 - - [25/Feb/2023:03:26:28 -0800] "GET /usca/pitt/mtwash03.jpg HTTP/1.1" 200 57468 "-" "Mozilla/5.0 (compatible; DotBot/1.2; +https://opensiteexplorer.org/dotbot; help@moz.com)" "ysfine.com"
216.244.66.229 - - [25/Feb/2023:03:26:29 -0800] "GET /usca/pitt/sbk57.jpg HTTP/1.1" 200 193322 "-" "Mozilla/5.0 (compatible; DotBot/1.2; +https://opensiteexplorer.org/dotbot; help@moz.com)" "ysfine.com"
216.244.66.229 - - [25/Feb/2023:03:27:02 -0800] "GET /usca/pitt/sbk57a.jpg HTTP/1.1" 200 67468 "-" "Mozilla/5.0 (compatible; DotBot/1.2; +https://opensiteexplorer.org/dotbot; help@moz.com)" "ysfine.com"
52.167.144.35 - - [25/Feb/2023:03:27:18 -0800] "GET /bio/style/artlove.html HTTP/1.1" 404 88 "-" "Mozilla/5.0 AppleWebKit/537.36 (KHTML, like Gecko; compatible; bingbot/2.0; +http://www.bing.com/bingbot.htm) Chrome/103.0.5060.134 Safari/537.36" "ysfine.com"
216.244.66.229 - - [25/Feb/2023:03:27:28 -0800] "GET /usca/pitt/yspgh55.jpg HTTP/1.1" 200 64416 "-" "Mozilla/5.0 (compatible; DotBot/1.2; +https://opensiteexplorer.org/dotbot; help@moz.com)" "ysfine.com"
173.252.83.21 - - [25/Feb/2023:03:27:36 -0800] "GET /home/fotos/photo00c.jpg HTTP/1.1" 200 34216 "-" "facebookexternalhit/1.1 (+http://www.facebook.com/externalhit_uatext.php)" "ysfine.com"
52.167.144.62 - - [25/Feb/2023:03:27:49 -0800] "GET /princeton/yspr.html HTTP/1.1" 200 5470 "-" "Mozilla/5.0 AppleWebKit/537.36 (KHTML, like Gecko; compatible; bingbot/2.0; +http://www.bing.com/bingbot.htm) Chrome/103.0.5060.134 Safari/537.36" "www.ysfine.com"
44.201.251.42 - - [25/Feb/2023:03:27:49 -0800] "GET /sitemap.xml HTTP/1.1" 304 - "https://www.google.com/" "Mozilla/5.0 (Windows NT 10.0; Win64; x64) AppleWebKit/537.36 (KHTML, like Gecko) Chrome/79.0.3945.130 Safari/537.36" "ysfine.com"
216.244.66.229 - - [25/Feb/2023:03:27:55 -0800] "GET /wdc/fedreserv33.jpg HTTP/1.1" 200 81476 "-" "Mozilla/5.0 (compatible; DotBot/1.2; +https://opensiteexplorer.org/dotbot; help@moz.com)" "www.ysfine.com"
64.124.8.54 - - [25/Feb/2023:03:28:16 -0800] "GET /sbk/1994harv22.jpg HTTP/1.1" 200 185044 "-" "Mozilla/5.0 (Macintosh; Intel Mac OS X 10_15_7) AppleWebKit/537.36 (KHTML, like Gecko) Chrome/107.0.0.0 Safari/537.36" "ysfine.com"
71.178.208.102 - - [25/Feb/2023:03:28:20 -0800] "GET /auto/bio.html HTTP/1.1" 304 - "-" "Mozilla/5.0 (Windows NT 10.0; Win64; x64) AppleWebKit/537.36 (KHTML, like Gecko) Chrome/110.0.0.0 Safari/537.36 Edg/110.0.1587.50" "ysfine.com"
216.244.66.229 - - [25/Feb/2023:03:28:25 -0800] "GET /world/sfrance.html HTTP/1.1" 200 24924 "-" "Mozilla/5.0 (compatible; DotBot/1.2; +https://opensiteexplorer.org/dotbot; help@moz.com)" "www.ysfine.com"
64.124.8.29 - - [25/Feb/2023:03:28:27 -0800] "GET /world/ital/padova32.jpg HTTP/1.1" 200 142431 "-" "Mozilla/5.0 (Macintosh; Intel Mac OS X 10_15_7) AppleWebKit/537.36 (KHTML, like Gecko) Chrome/107.0.0.0 Safari/537.36" "www.ysfine.com"
64.124.8.28 - - [25/Feb/2023:03:28:28 -0800] "GET /ysbio/wdc/nga07.jpg HTTP/1.1" 404 88 "-" "Mozilla/5.0 (Macintosh; Intel Mac OS X 10_15_7) AppleWebKit/537.36 (KHTML, like Gecko) Chrome/107.0.0.0 Safari/537.36" "www.ysfine.com"
71.178.208.102 - - [25/Feb/2023:03:28:34 -0800] "GET /auto/bio14.html HTTP/1.1" 304 - "https://ysfine.com/auto/bio.html" "Mozilla/5.0 (Windows NT 10.0; Win64; x64) AppleWebKit/537.36 (KHTML, like Gecko) Chrome/110.0.0.0 Safari/537.36 Edg/110.0.1587.50" "ysfine.com"
71.178.208.102 - - [25/Feb/2023:03:28:44 -0800] "GET /auto/bio15.html HTTP/1.1" 200 3303 "https://ysfine.com/auto/bio.html" "Mozilla/5.0 (Windows NT 10.0; Win64; x64) AppleWebKit/537.36 (KHTML, like Gecko) Chrome/110.0.0.0 Safari/537.36 Edg/110.0.1587.50" "ysfine.com"
71.178.208.102 - - [25/Feb/2023:03:28:44 -0800] "GET /world/coke800.jpg HTTP/1.1" 200 60600 "https://ysfine.com/auto/bio15.html" "Mozilla/5.0 (Windows NT 10.0; Win64; x64) AppleWebKit/537.36 (KHTML, like Gecko) Chrome/110.0.0.0 Safari/537.36 Edg/110.0.1587.50" "ysfine.com"
71.178.208.102 - - [25/Feb/2023:03:28:45 -0800] "GET /home/taylor400.jpg HTTP/1.1" 200 56181 "https://ysfine.com/auto/bio15.html" "Mozilla/5.0 (Windows NT 10.0; Win64; x64) AppleWebKit/537.36 (KHTML, like Gecko) Chrome/110.0.0.0 Safari/537.36 Edg/110.0.1587.50" "ysfine.com"
71.178.208.102 - - [25/Feb/2023:03:28:45 -0800] "GET /eink/pawkim19c.jpg HTTP/1.1" 200 53195 "https://ysfine.com/auto/bio15.html" "Mozilla/5.0 (Windows NT 10.0; Win64; x64) AppleWebKit/537.36 (KHTML, like Gecko) Chrome/110.0.0.0 Safari/537.36 Edg/110.0.1587.50" "ysfine.com"
71.178.208.102 - - [25/Feb/2023:03:28:45 -0800] "GET /world/russ/basil08c.jpg HTTP/1.1" 200 40070 "https://ysfine.com/auto/bio15.html" "Mozilla/5.0 (Windows NT 10.0; Win64; x64) AppleWebKit/537.36 (KHTML, like Gecko) Chrome/110.0.0.0 Safari/537.36 Edg/110.0.1587.50" "ysfine.com"
71.178.208.102 - - [25/Feb/2023:03:28:45 -0800] "GET /world/balkan/ath001c.jpg HTTP/1.1" 200 34419 "https://ysfine.com/auto/bio15.html" "Mozilla/5.0 (Windows NT 10.0; Win64; x64) AppleWebKit/537.36 (KHTML, like Gecko) Chrome/110.0.0.0 Safari/537.36 Edg/110.0.1587.50" "ysfine.com"
71.178.208.102 - - [25/Feb/2023:03:28:45 -0800] "GET /world/brit/towerbr11c.jpg HTTP/1.1" 200 31376 "https://ysfine.com/auto/bio15.html" "Mozilla/5.0 (Windows NT 10.0; Win64; x64) AppleWebKit/537.36 (KHTML, like Gecko) Chrome/110.0.0.0 Safari/537.36 Edg/110.0.1587.50" "ysfine.com"
71.178.208.102 - - [25/Feb/2023:03:28:44 -0800] "GET /world/balkan/istan001c.jpg HTTP/1.1" 200 34566 "https://ysfine.com/auto/bio15.html" "Mozilla/5.0 (Windows NT 10.0; Win64; x64) AppleWebKit/537.36 (KHTML, like Gecko) Chrome/110.0.0.0 Safari/537.36 Edg/110.0.1587.50" "ysfine.com"
71.178.208.102 - - [25/Feb/2023:03:28:45 -0800] "GET /world/ital/coloss04c.jpg HTTP/1.1" 200 37017 "https://ysfine.com/auto/bio15.html" "Mozilla/5.0 (Windows NT 10.0; Win64; x64) AppleWebKit/537.36 (KHTML, like Gecko) Chrome/110.0.0.0 Safari/537.36 Edg/110.0.1587.50" "ysfine.com"
71.178.208.102 - - [25/Feb/2023:03:28:45 -0800] "GET /world/france/eiffel15c.jpg HTTP/1.1" 200 36995 "https://ysfine.com/auto/bio15.html" "Mozilla/5.0 (Windows NT 10.0; Win64; x64) AppleWebKit/537.36 (KHTML, like Gecko) Chrome/110.0.0.0 Safari/537.36 Edg/110.0.1587.50" "ysfine.com"
71.178.208.102 - - [25/Feb/2023:03:28:45 -0800] "GET /world/china/beijing101c.jpg HTTP/1.1" 200 41830 "https://ysfine.com/auto/bio15.html" "Mozilla/5.0 (Windows NT 10.0; Win64; x64) AppleWebKit/537.36 (KHTML, like Gecko) Chrome/110.0.0.0 Safari/537.36 Edg/110.0.1587.50" "ysfine.com"
71.178.208.102 - - [25/Feb/2023:03:28:45 -0800] "GET /world/germany/berlin001c.jpg HTTP/1.1" 200 33153 "https://ysfine.com/auto/bio15.html" "Mozilla/5.0 (Windows NT 10.0; Win64; x64) AppleWebKit/537.36 (KHTML, like Gecko) Chrome/110.0.0.0 Safari/537.36 Edg/110.0.1587.50" "ysfine.com"
216.244.66.229 - - [25/Feb/2023:03:28:47 -0800] "GET /world/spain/sevi026.jpg HTTP/1.1" 200 185294 "-" "Mozilla/5.0 (compatible; DotBot/1.2; +https://opensiteexplorer.org/dotbot; help@moz.com)" "www.ysfine.com"
71.178.208.102 - - [25/Feb/2023:03:28:50 -0800] "GET /auto/bio.html HTTP/1.1" 304 - "-" "Mozilla/5.0 (Windows NT 10.0; Win64; x64) AppleWebKit/537.36 (KHTML, like Gecko) Chrome/110.0.0.0 Safari/537.36 Edg/110.0.1587.50" "ysfine.com"
52.167.144.62 - - [25/Feb/2023:03:29:00 -0800] "GET /world/germany/franko11.jpg HTTP/1.1" 200 71379 "-" "Mozilla/5.0 AppleWebKit/537.36 (KHTML, like Gecko; compatible; bingbot/2.0; +http://www.bing.com/bingbot.htm) Chrome/103.0.5060.134 Safari/537.36" "ysfine.com"
64.124.8.53 - - [25/Feb/2023:03:29:13 -0800] "GET /world/balkan/istan102.jpg HTTP/1.1" 200 100634 "-" "Mozilla/5.0 (Macintosh; Intel Mac OS X 10_15_7) AppleWebKit/537.36 (KHTML, like Gecko) Chrome/107.0.0.0 Safari/537.36" "ysfine.com"
52.167.144.35 - - [25/Feb/2023:03:29:18 -0800] "GET /world/baltic/tallin04.jpg HTTP/1.1" 200 215715 "-" "Mozilla/5.0 AppleWebKit/537.36 (KHTML, like Gecko; compatible; bingbot/2.0; +http://www.bing.com/bingbot.htm) Chrome/103.0.5060.134 Safari/537.36" "ysfine.com"
216.244.66.229 - - [25/Feb/2023:03:29:19 -0800] "GET /usca/pitt/bushhotel22.jpg HTTP/1.1" 200 46667 "-" "Mozilla/5.0 (compatible; DotBot/1.2; +https://opensiteexplorer.org/dotbot; help@moz.com)" "ysfine.com"
207.46.13.219 - - [25/Feb/2023:03:29:25 -0800] "GET /world/ital/rome067.jpg HTTP/1.1" 200 84673 "-" "Mozilla/5.0 AppleWebKit/537.36 (KHTML, like Gecko; compatible; bingbot/2.0; +http://www.bing.com/bingbot.htm) Chrome/103.0.5060.134 Safari/537.36" "ysfine.com"
64.124.8.57 - - [25/Feb/2023:03:29:27 -0800] "GET /friends/spastu02.jpg HTTP/1.1" 404 88 "-" "Mozilla/5.0 (Macintosh; Intel Mac OS X 10_15_7) AppleWebKit/537.36 (KHTML, like Gecko) Chrome/107.0.0.0 Safari/537.36" "www.ysfine.com"
71.178.208.102 - - [25/Feb/2023:03:29:40 -0800] "GET /auto/bio.html HTTP/1.1" 304 - "-" "Mozilla/5.0 (Windows NT 10.0; Win64; x64) AppleWebKit/537.36 (KHTML, like Gecko) Chrome/110.0.0.0 Safari/537.36 Edg/110.0.1587.50" "ysfine.com"
216.244.66.229 - - [25/Feb/2023:03:29:43 -0800] "GET /world/germany/leipzig02.jpg HTTP/1.1" 200 122245 "-" "Mozilla/5.0 (compatible; DotBot/1.2; +https://opensiteexplorer.org/dotbot; help@moz.com)" "ysfine.com"
71.178.208.102 - - [25/Feb/2023:03:29:45 -0800] "GET /auto/bio14.html HTTP/1.1" 304 - "https://ysfine.com/auto/bio.html" "Mozilla/5.0 (Windows NT 10.0; Win64; x64) AppleWebKit/537.36 (KHTML, like Gecko) Chrome/110.0.0.0 Safari/537.36 Edg/110.0.1587.50" "ysfine.com"
64.124.8.28 - - [25/Feb/2023:03:29:48 -0800] "GET /einstein/places/ulm28.jpg HTTP/1.1" 200 105515 "-" "Mozilla/5.0 (Macintosh; Intel Mac OS X 10_15_7) AppleWebKit/537.36 (KHTML, like Gecko) Chrome/107.0.0.0 Safari/537.36" "www.ysfine.com"
207.46.13.223 - - [25/Feb/2023:03:29:54 -0800] "GET /awards/acs96.jpg HTTP/1.1" 200 174599 "-" "Mozilla/5.0 AppleWebKit/537.36 (KHTML, like Gecko; compatible; bingbot/2.0; +http://www.bing.com/bingbot.htm) Chrome/103.0.5060.134 Safari/537.36" "ysfine.com"
71.178.208.102 - - [25/Feb/2023:03:29:57 -0800] "GET /auto/bio11.html HTTP/1.1" 200 4674 "https://ysfine.com/auto/bio.html" "Mozilla/5.0 (Windows NT 10.0; Win64; x64) AppleWebKit/537.36 (KHTML, like Gecko) Chrome/110.0.0.0 Safari/537.36 Edg/110.0.1587.50" "ysfine.com"
64.124.8.54 - - [25/Feb/2023:03:30:02 -0800] "GET /ysbio/world/poland/polstu11.jpg HTTP/1.1" 404 88 "-" "Mozilla/5.0 (Macintosh; Intel Mac OS X 10_15_7) AppleWebKit/537.36 (KHTML, like Gecko) Chrome/107.0.0.0 Safari/537.36" "www.ysfine.com"
64.124.8.52 - - [25/Feb/2023:03:30:06 -0800] "GET /wdc/washmo24.jpg HTTP/1.1" 200 104435 "-" "Mozilla/5.0 (Macintosh; Intel Mac OS X 10_15_7) AppleWebKit/537.36 (KHTML, like Gecko) Chrome/107.0.0.0 Safari/537.36" "www.ysfine.com"
71.178.208.102 - - [25/Feb/2023:03:30:07 -0800] "GET /auto/bio14.html HTTP/1.1" 304 - "https://ysfine.com/auto/bio.html" "Mozilla/5.0 (Windows NT 10.0; Win64; x64) AppleWebKit/537.36 (KHTML, like Gecko) Chrome/110.0.0.0 Safari/537.36 Edg/110.0.1587.50" "ysfine.com"
52.167.144.62 - - [25/Feb/2023:03:30:10 -0800] "GET /bio/style/proschanie.html HTTP/1.1" 404 88 "-" "Mozilla/5.0 AppleWebKit/537.36 (KHTML, like Gecko; compatible; bingbot/2.0; +http://www.bing.com/bingbot.htm) Chrome/103.0.5060.134 Safari/537.36" "ysfine.com"
71.178.208.102 - - [25/Feb/2023:03:30:12 -0800] "GET /auto/bio.html HTTP/1.1" 304 - "-" "Mozilla/5.0 (Windows NT 10.0; Win64; x64) AppleWebKit/537.36 (KHTML, like Gecko) Chrome/110.0.0.0 Safari/537.36 Edg/110.0.1587.50" "ysfine.com"
173.252.83.4 - - [25/Feb/2023:03:30:18 -0800] "GET /world/hungary/hunstu01b.jpg HTTP/1.1" 200 33165 "-" "facebookexternalhit/1.1 (+http://www.facebook.com/externalhit_uatext.php)" "ysfine.com"
64.124.8.29 - - [25/Feb/2023:03:30:20 -0800] "GET /ysbio/world/brit/eton02.jpg HTTP/1.1" 404 88 "-" "Mozilla/5.0 (Macintosh; Intel Mac OS X 10_15_7) AppleWebKit/537.36 (KHTML, like Gecko) Chrome/107.0.0.0 Safari/537.36" "ysfine.com"
216.244.66.229 - - [25/Feb/2023:03:30:32 -0800] "GET /remote/wigner111/frame21.html HTTP/1.1" 200 1747 "-" "Mozilla/5.0 (compatible; DotBot/1.2; +https://opensiteexplorer.org/dotbot; help@moz.com)" "www.ysfine.com"
216.244.66.229 - - [25/Feb/2023:03:30:53 -0800] "GET /kobak/kimjap.html HTTP/1.1" 200 5298 "-" "Mozilla/5.0 (compatible; DotBot/1.2; +https://opensiteexplorer.org/dotbot; help@moz.com)" "www.ysfine.com"
216.244.66.229 - - [25/Feb/2023:03:31:14 -0800] "GET /wdc/whxmas15.jpg HTTP/1.1" 200 77737 "-" "Mozilla/5.0 (compatible; DotBot/1.2; +https://opensiteexplorer.org/dotbot; help@moz.com)" "www.ysfine.com"
216.244.66.229 - - [25/Feb/2023:03:31:34 -0800] "GET /world/brit/firew.html HTTP/1.1" 200 725 "-" "Mozilla/5.0 (compatible; DotBot/1.2; +https://opensiteexplorer.org/dotbot; help@moz.com)" "www.ysfine.com"
64.124.8.49 - - [25/Feb/2023:03:31:43 -0800] "GET /world/france/stras32.jpg HTTP/1.1" 200 137994 "-" "Mozilla/5.0 (Macintosh; Intel Mac OS X 10_15_7) AppleWebKit/537.36 (KHTML, like Gecko) Chrome/107.0.0.0 Safari/537.36" "ysfine.com"
46.34.227.161 - - [25/Feb/2023:03:31:49 -0800] "GET /maga/histo/oscar33.jpg HTTP/1.1" 200 140181 "https://www.google.com/" "Mozilla/5.0 (Windows NT 10.0; Win64; x64) AppleWebKit/537.36 (KHTML, like Gecko) Chrome/109.0.5414.120 Safari/537.36 Avast/109.0.19987.120" "ysfine.com"
216.244.66.229 - - [25/Feb/2023:03:31:52 -0800] "GET /world/brit/picca43.jpg HTTP/1.1" 200 112941 "-" "Mozilla/5.0 (compatible; DotBot/1.2; +https://opensiteexplorer.org/dotbot; help@moz.com)" "www.ysfine.com"
216.244.66.229 - - [25/Feb/2023:03:32:12 -0800] "GET /world/france/sorbonne26.jpg HTTP/1.1" 200 100773 "-" "Mozilla/5.0 (compatible; DotBot/1.2; +https://opensiteexplorer.org/dotbot; help@moz.com)" "www.ysfine.com"
43.139.47.39 - - [25/Feb/2023:03:32:14 -0800] "GET /xmlrpc.php HTTP/1.1" 404 88 "-" "Mozilla/5.0 (Windows NT 6.1; WOW64; rv:45.0) Gecko/20100101 Firefox/45.0" "ysfine.com"
71.178.208.102 - - [25/Feb/2023:03:32:27 -0800] "GET /auto/bio.html HTTP/1.1" 200 18458 "-" "Mozilla/5.0 (Windows NT 10.0; Win64; x64) AppleWebKit/537.36 (KHTML, like Gecko) Chrome/110.0.0.0 Safari/537.36 Edg/110.0.1587.50" "ysfine.com"
71.178.208.102 - - [25/Feb/2023:03:32:29 -0800] "GET /auto/bio13.html HTTP/1.1" 200 1847 "https://ysfine.com/auto/bio.html" "Mozilla/5.0 (Windows NT 10.0; Win64; x64) AppleWebKit/537.36 (KHTML, like Gecko) Chrome/110.0.0.0 Safari/537.36 Edg/110.0.1587.50" "ysfine.com"
71.178.208.102 - - [25/Feb/2023:03:32:34 -0800] "GET /auto/bio14.html HTTP/1.1" 304 - "https://ysfine.com/auto/bio.html" "Mozilla/5.0 (Windows NT 10.0; Win64; x64) AppleWebKit/537.36 (KHTML, like Gecko) Chrome/110.0.0.0 Safari/537.36 Edg/110.0.1587.50" "ysfine.com"
122.133.165.29 - - [25/Feb/2023:03:32:42 -0800] "GET /einstein/newton55.jpg HTTP/1.1" 200 43959 "https://www.google.com/" "Mozilla/5.0 (Windows NT 10.0; Win64; x64) AppleWebKit/537.36 (KHTML, like Gecko) Chrome/110.0.0.0 Safari/537.36" "ysfine.com"
216.244.66.229 - - [25/Feb/2023:03:32:52 -0800] "GET /world/germany/semper22.jpg HTTP/1.1" 200 103362 "-" "Mozilla/5.0 (compatible; DotBot/1.2; +https://opensiteexplorer.org/dotbot; help@moz.com)" "www.ysfine.com"
216.244.66.229 - - [25/Feb/2023:03:33:22 -0800] "GET /world/latina/cancun21.jpg HTTP/1.1" 200 102681 "-" "Mozilla/5.0 (compatible; DotBot/1.2; +https://opensiteexplorer.org/dotbot; help@moz.com)" "www.ysfine.com"
216.244.66.229 - - [25/Feb/2023:03:33:56 -0800] "GET /class54/class5470/total_data/sub_847.htm HTTP/1.1" 200 15796 "-" "Mozilla/5.0 (compatible; DotBot/1.2; +https://opensiteexplorer.org/dotbot; help@moz.com)" "ysfine.com"
64.124.8.48 - - [25/Feb/2023:03:33:59 -0800] "GET /world/brit/eton08.jpg HTTP/1.1" 200 122783 "-" "Mozilla/5.0 (Macintosh; Intel Mac OS X 10_15_7) AppleWebKit/537.36 (KHTML, like Gecko) Chrome/107.0.0.0 Safari/537.36" "www.ysfine.com"
125.209.235.179 - - [25/Feb/2023:03:34:09 -0800] "GET / HTTP/1.1" 200 5300 "-" "Mozilla/5.0 (iPhone; CPU iPhone OS 9_1 like Mac OS X) AppleWebKit/601.1.46 (KHTML, like Gecko) Version/9.0 Mobile/13B143 Safari/601.1" "ysfine.com"
64.124.8.48 - - [25/Feb/2023:03:34:15 -0800] "GET /ysbio/maga/phys/inclined11.jpg HTTP/1.1" 404 88 "-" "Mozilla/5.0 (Macintosh; Intel Mac OS X 10_15_7) AppleWebKit/537.36 (KHTML, like Gecko) Chrome/107.0.0.0 Safari/537.36" "ysfine.com"
125.209.235.167 - - [25/Feb/2023:03:34:15 -0800] "GET / HTTP/1.1" 200 5300 "-" "Mozilla/5.0 (Windows NT 6.1; WOW64) AppleWebKit/537.36 (KHTML, like Gecko) Chrome/52.0.2743.116 Safari/537.36" "ysfine.com"
