216.244.66.229 - - [25/Feb/2023:12:38:40 -0800] "GET /folks/india03.jpg HTTP/1.1" 200 126676 "-" "Mozilla/5.0 (compatible; DotBot/1.2; +https://opensiteexplorer.org/dotbot; help@moz.com)" "ysfine.com"
64.124.8.49 - - [25/Feb/2023:12:38:46 -0800] "GET /ysbio/world/russ/tashkent33.jpg HTTP/1.1" 404 88 "-" "Mozilla/5.0 (Macintosh; Intel Mac OS X 10_15_7) AppleWebKit/537.36 (KHTML, like Gecko) Chrome/107.0.0.0 Safari/537.36" "www.ysfine.com"
64.124.8.53 - - [25/Feb/2023:12:39:04 -0800] "GET /world/russ/kiev005.jpg HTTP/1.1" 200 109885 "-" "Mozilla/5.0 (Macintosh; Intel Mac OS X 10_15_7) AppleWebKit/537.36 (KHTML, like Gecko) Chrome/107.0.0.0 Safari/537.36" "ysfine.com"
173.252.83.20 - - [25/Feb/2023:12:39:27 -0800] "GET /world/russ/dnepro11b.jpg HTTP/1.1" 200 34233 "-" "facebookexternalhit/1.1 (+http://www.facebook.com/externalhit_uatext.php)" "ysfine.com"
91.133.227.209 - - [25/Feb/2023:12:40:01 -0800] "GET /robots.txt HTTP/1.1" 404 88 "-" "Mozilla/5.0 (iPad; CPU OS 8_0_2 like Mac OS X) AppleWebKit/600.1.4 (KHTML, like Gecko) Version/8.0 Mobile/12A405 Safari/600.1.4" "ysfine.com"
91.133.144.132 - - [25/Feb/2023:12:40:01 -0800] "GET / HTTP/1.1" 200 5300 "-" "Mozilla/5.0 (Linux; Android 5.0.2; SAMSUNG-SM-G920A Build/LRX22G) AppleWebKit/537.36 (KHTML, like Gecko) SamsungBrowser/3.0 Chrome/38.0.2125.102 Mobile Safari/537.36" "ysfine.com"
64.124.8.29 - - [25/Feb/2023:12:40:22 -0800] "GET /world/germany/berlin171.jpg HTTP/1.1" 200 163978 "-" "Mozilla/5.0 (Macintosh; Intel Mac OS X 10_15_7) AppleWebKit/537.36 (KHTML, like Gecko) Chrome/107.0.0.0 Safari/537.36" "www.ysfine.com"
52.167.144.35 - - [25/Feb/2023:12:40:26 -0800] "GET /bio/kobak/yskor.html HTTP/1.1" 404 88 "-" "Mozilla/5.0 AppleWebKit/537.36 (KHTML, like Gecko; compatible; bingbot/2.0; +http://www.bing.com/bingbot.htm) Chrome/103.0.5060.134 Safari/537.36" "ysfine.com"
216.244.66.229 - - [25/Feb/2023:12:41:11 -0800] "GET /ffriends/korean.html HTTP/1.1" 200 49600 "-" "Mozilla/5.0 (compatible; DotBot/1.2; +https://opensiteexplorer.org/dotbot; help@moz.com)" "ysfine.com"
91.133.218.171 - - [25/Feb/2023:12:41:26 -0800] "GET /robots.txt HTTP/1.1" 404 88 "-" "Mozilla/5.0 (iPad; CPU OS 8_3 like Mac OS X) AppleWebKit/600.1.4 (KHTML, like Gecko) GSA/8.0.57838 Mobile/12F69 Safari/600.1.4" "ysfine.com"
91.133.147.58 - - [25/Feb/2023:12:41:26 -0800] "GET / HTTP/1.1" 200 5300 "-" "Mozilla/5.0 (iPhone; U; CPU iPhone OS 4_2_1 like Mac OS X; nb-no) AppleWebKit/533.17.9 (KHTML, like Gecko) Version/5.0.2 Mobile/8C148a Safari/6533.18.5" "ysfine.com"
64.124.8.48 - - [25/Feb/2023:12:41:38 -0800] "GET /world/china/beijing050.jpg HTTP/1.1" 200 106252 "-" "Mozilla/5.0 (Macintosh; Intel Mac OS X 10_15_7) AppleWebKit/537.36 (KHTML, like Gecko) Chrome/107.0.0.0 Safari/537.36" "ysfine.com"
40.77.167.178 - - [25/Feb/2023:12:42:21 -0800] "GET /maga/phys/osc66.jpg HTTP/1.1" 200 36937 "-" "Mozilla/5.0 AppleWebKit/537.36 (KHTML, like Gecko; compatible; bingbot/2.0; +http://www.bing.com/bingbot.htm) Chrome/103.0.5060.134 Safari/537.36" "ysfine.com"
173.252.83.2 - - [25/Feb/2023:12:42:35 -0800] "GET /ffriends/aline/mexicana11c.jpg HTTP/1.1" 200 36097 "-" "facebookexternalhit/1.1 (+http://www.facebook.com/externalhit_uatext.php)" "ysfine.com"
64.124.8.53 - - [25/Feb/2023:12:42:39 -0800] "GET /ysbio/world/russ/minsk004.jpg HTTP/1.1" 404 88 "-" "Mozilla/5.0 (Macintosh; Intel Mac OS X 10_15_7) AppleWebKit/537.36 (KHTML, like Gecko) Chrome/107.0.0.0 Safari/537.36" "www.ysfine.com"
64.124.8.28 - - [25/Feb/2023:12:42:51 -0800] "GET /dongio/amkor/kboys01.jpg HTTP/1.1" 404 88 "-" "Mozilla/5.0 (Macintosh; Intel Mac OS X 10_15_7) AppleWebKit/537.36 (KHTML, like Gecko) Chrome/107.0.0.0 Safari/537.36" "ysfine.com"
40.77.167.178 - - [25/Feb/2023:12:43:51 -0800] "GET /figs/keigel66.jpg HTTP/1.1" 200 83269 "-" "Mozilla/5.0 AppleWebKit/537.36 (KHTML, like Gecko; compatible; bingbot/2.0; +http://www.bing.com/bingbot.htm) Chrome/103.0.5060.134 Safari/537.36" "ysfine.com"
188.115.7.123 - - [25/Feb/2023:12:44:21 -0800] "GET /maga/phys/landau35b.jpg HTTP/1.1" 200 26143 "https://www.google.lu/" "Mozilla/5.0 (iPhone; CPU iPhone OS 16_3_1 like Mac OS X) AppleWebKit/605.1.15 (KHTML, like Gecko) Version/16.3 Mobile/15E148 Safari/604.1" "ysfine.com"
52.167.144.62 - - [25/Feb/2023:12:44:43 -0800] "GET /folks/korean.html HTTP/1.1" 200 15128 "-" "Mozilla/5.0 AppleWebKit/537.36 (KHTML, like Gecko; compatible; bingbot/2.0; +http://www.bing.com/bingbot.htm) Chrome/103.0.5060.134 Safari/537.36" "ysfine.com"
82.36.39.214 - - [25/Feb/2023:12:45:19 -0800] "GET /maga/phys/psphere01.jpg HTTP/1.1" 200 133024 "https://www.google.com/" "Mozilla/5.0 (Windows NT 10.0; Win64; x64) AppleWebKit/537.36 (KHTML, like Gecko) Chrome/110.0.0.0 Safari/537.36" "ysfine.com"
64.124.8.57 - - [25/Feb/2023:12:45:20 -0800] "GET /einstein/places/einmu61.jpg HTTP/1.1" 200 73487 "-" "Mozilla/5.0 (Macintosh; Intel Mac OS X 10_15_7) AppleWebKit/537.36 (KHTML, like Gecko) Chrome/107.0.0.0 Safari/537.36" "www.ysfine.com"
64.124.8.55 - - [25/Feb/2023:12:45:34 -0800] "GET /ysbio/maga/phys/farad22.jpg HTTP/1.1" 404 88 "-" "Mozilla/5.0 (Macintosh; Intel Mac OS X 10_15_7) AppleWebKit/537.36 (KHTML, like Gecko) Chrome/107.0.0.0 Safari/537.36" "ysfine.com"
92.45.221.222 - - [25/Feb/2023:12:46:31 -0800] "GET /maga/phys/schrod22.jpg HTTP/1.1" 200 41352 "https://www.google.com.tr/" "Mozilla/5.0 (iPhone; CPU iPhone OS 16_0 like Mac OS X) AppleWebKit/605.1.15 (KHTML, like Gecko) Version/16.0 Mobile/15E148 Safari/604.1" "ysfine.com"
82.1.131.45 - - [25/Feb/2023:12:46:43 -0800] "GET /feynman/feydirac.jpg HTTP/1.1" 200 98378 "https://www.google.co.uk/" "Mozilla/5.0 (iPhone; CPU iPhone OS 16_0 like Mac OS X) AppleWebKit/605.1.15 (KHTML, like Gecko) Version/16.0 Mobile/15E148 Safari/604.1" "ysfine.com"
207.46.13.220 - - [25/Feb/2023:12:46:54 -0800] "GET /bio.html HTTP/1.1" 200 18260 "-" "Mozilla/5.0 AppleWebKit/537.36 (KHTML, like Gecko; compatible; bingbot/2.0; +http://www.bing.com/bingbot.htm) Chrome/103.0.5060.134 Safari/537.36" "ysfine.com"
5.210.242.232 - - [25/Feb/2023:12:47:04 -0800] "GET /robots.txt HTTP/1.1" 404 88 "-" "Mozilla/5.0 (Linux; Android 4.4.3; KFTHWI Build/KTU84M) AppleWebKit/537.36 (KHTML, like Gecko) Version/4.0 Chrome/34.0.0.0 Safari/537.36" "ysfine.com"
5.210.126.77 - - [25/Feb/2023:12:47:04 -0800] "GET / HTTP/1.1" 200 5300 "-" "Mozilla/5.0 (X11; Linux x86_64) AppleWebKit/534.24 (KHTML, like Gecko) Chrome/33.0.0.0 Safari/534.24" "ysfine.com"
64.124.8.48 - - [25/Feb/2023:12:47:39 -0800] "GET /world/brit/cam23.jpg HTTP/1.1" 200 135127 "-" "Mozilla/5.0 (Macintosh; Intel Mac OS X 10_15_7) AppleWebKit/537.36 (KHTML, like Gecko) Chrome/107.0.0.0 Safari/537.36" "ysfine.com"
40.77.167.178 - - [25/Feb/2023:12:48:21 -0800] "GET /feynman/ppic/hyperell01c.jpg HTTP/1.1" 200 26491 "-" "Mozilla/5.0 AppleWebKit/537.36 (KHTML, like Gecko; compatible; bingbot/2.0; +http://www.bing.com/bingbot.htm) Chrome/103.0.5060.134 Safari/537.36" "www.ysfine.com"
216.244.66.229 - - [25/Feb/2023:12:48:34 -0800] "GET /home/truck/truck20.jpg HTTP/1.1" 200 118871 "-" "Mozilla/5.0 (compatible; DotBot/1.2; +https://opensiteexplorer.org/dotbot; help@moz.com)" "ysfine.com"
216.244.66.229 - - [25/Feb/2023:12:48:59 -0800] "GET /world HTTP/1.1" 301 3200 "-" "Mozilla/5.0 (compatible; DotBot/1.2; +https://opensiteexplorer.org/dotbot; help@moz.com)" "ysfine.com"
40.77.167.238 - - [25/Feb/2023:12:49:47 -0800] "GET /wisdom/mil/tank02b.jpg HTTP/1.1" 200 30002 "-" "Mozilla/5.0 AppleWebKit/537.36 (KHTML, like Gecko; compatible; bingbot/2.0; +http://www.bing.com/bingbot.htm) Chrome/103.0.5060.134 Safari/537.36" "ysfine.com"
20.69.245.183 - - [25/Feb/2023:12:50:00 -0800] "POST / HTTP/1.1" 200 5300 "-" "Mozlila/5.0 (Linux; Android 7.0; SM-G892A Bulid/NRD90M; wv) AppleWebKit/537.36 (KHTML, like Gecko) Version/4.0 Chrome/60.0.3112.107 Moblie Safari/537.36" "ysfine.com"
20.69.245.183 - - [25/Feb/2023:12:50:00 -0800] "GET /public/client/planinfo HTTP/1.1" 404 88 "-" "Mozlila/5.0 (Linux; Android 7.0; SM-G892A Bulid/NRD90M; wv) AppleWebKit/537.36 (KHTML, like Gecko) Version/4.0 Chrome/60.0.3112.107 Moblie Safari/537.36" "ysfine.com"
20.69.245.183 - - [25/Feb/2023:12:50:00 -0800] "GET /_profiler/phpinfo HTTP/1.1" 404 88 "-" "Mozlila/5.0 (Linux; Android 7.0; SM-G892A Bulid/NRD90M; wv) AppleWebKit/537.36 (KHTML, like Gecko) Version/4.0 Chrome/60.0.3112.107 Moblie Safari/537.36" "ysfine.com"
20.69.245.183 - - [25/Feb/2023:12:50:00 -0800] "GET /phpinfo.php HTTP/1.1" 404 88 "-" "Mozlila/5.0 (Linux; Android 7.0; SM-G892A Bulid/NRD90M; wv) AppleWebKit/537.36 (KHTML, like Gecko) Version/4.0 Chrome/60.0.3112.107 Moblie Safari/537.36" "ysfine.com"
20.69.245.183 - - [25/Feb/2023:12:50:00 -0800] "GET /info.php HTTP/1.1" 404 88 "-" "Mozlila/5.0 (Linux; Android 7.0; SM-G892A Bulid/NRD90M; wv) AppleWebKit/537.36 (KHTML, like Gecko) Version/4.0 Chrome/60.0.3112.107 Moblie Safari/537.36" "ysfine.com"
20.69.245.183 - - [25/Feb/2023:12:50:00 -0800] "GET /aws.yml HTTP/1.1" 404 88 "-" "Mozlila/5.0 (Linux; Android 7.0; SM-G892A Bulid/NRD90M; wv) AppleWebKit/537.36 (KHTML, like Gecko) Version/4.0 Chrome/60.0.3112.107 Moblie Safari/537.36" "ysfine.com"
20.69.245.183 - - [25/Feb/2023:12:50:00 -0800] "GET /config/aws.yml HTTP/1.1" 404 88 "-" "Mozlila/5.0 (Linux; Android 7.0; SM-G892A Bulid/NRD90M; wv) AppleWebKit/537.36 (KHTML, like Gecko) Version/4.0 Chrome/60.0.3112.107 Moblie Safari/537.36" "ysfine.com"
20.69.245.183 - - [25/Feb/2023:12:50:00 -0800] "GET /symfony/_profiler/phpinfo HTTP/1.1" 404 88 "-" "Mozlila/5.0 (Linux; Android 7.0; SM-G892A Bulid/NRD90M; wv) AppleWebKit/537.36 (KHTML, like Gecko) Version/4.0 Chrome/60.0.3112.107 Moblie Safari/537.36" "ysfine.com"
20.69.245.183 - - [25/Feb/2023:12:50:00 -0800] "GET /phpinfo HTTP/1.1" 404 88 "-" "Mozlila/5.0 (Linux; Android 7.0; SM-G892A Bulid/NRD90M; wv) AppleWebKit/537.36 (KHTML, like Gecko) Version/4.0 Chrome/60.0.3112.107 Moblie Safari/537.36" "ysfine.com"
20.69.245.183 - - [25/Feb/2023:12:50:00 -0800] "GET /login?pp=enable&pp=env HTTP/1.1" 404 88 "-" "Mozlila/5.0 (Linux; Android 7.0; SM-G892A Bulid/NRD90M; wv) AppleWebKit/537.36 (KHTML, like Gecko) Version/4.0 Chrome/60.0.3112.107 Moblie Safari/537.36" "ysfine.com"
20.69.245.183 - - [25/Feb/2023:12:50:00 -0800] "GET /?pp=enable&pp=env HTTP/1.1" 200 5300 "-" "Mozlila/5.0 (Linux; Android 7.0; SM-G892A Bulid/NRD90M; wv) AppleWebKit/537.36 (KHTML, like Gecko) Version/4.0 Chrome/60.0.3112.107 Moblie Safari/537.36" "ysfine.com"
20.69.245.183 - - [25/Feb/2023:12:50:00 -0800] "GET /?pp=env&pp=env HTTP/1.1" 200 5300 "-" "Mozlila/5.0 (Linux; Android 7.0; SM-G892A Bulid/NRD90M; wv) AppleWebKit/537.36 (KHTML, like Gecko) Version/4.0 Chrome/60.0.3112.107 Moblie Safari/537.36" "ysfine.com"
20.69.245.183 - - [25/Feb/2023:12:50:00 -0800] "GET /config.js HTTP/1.1" 404 88 "-" "Mozlila/5.0 (Linux; Android 7.0; SM-G892A Bulid/NRD90M; wv) AppleWebKit/537.36 (KHTML, like Gecko) Version/4.0 Chrome/60.0.3112.107 Moblie Safari/537.36" "ysfine.com"
20.69.245.183 - - [25/Feb/2023:12:50:00 -0800] "GET /helpers/utility.js HTTP/1.1" 404 88 "-" "Mozlila/5.0 (Linux; Android 7.0; SM-G892A Bulid/NRD90M; wv) AppleWebKit/537.36 (KHTML, like Gecko) Version/4.0 Chrome/60.0.3112.107 Moblie Safari/537.36" "ysfine.com"
20.69.245.183 - - [25/Feb/2023:12:50:01 -0800] "GET /config/config.json HTTP/1.1" 404 88 "-" "Mozlila/5.0 (Linux; Android 7.0; SM-G892A Bulid/NRD90M; wv) AppleWebKit/537.36 (KHTML, like Gecko) Version/4.0 Chrome/60.0.3112.107 Moblie Safari/537.36" "ysfine.com"
20.69.245.183 - - [25/Feb/2023:12:50:01 -0800] "GET /wp-config.php.bak HTTP/1.1" 404 88 "-" "Mozlila/5.0 (Linux; Android 7.0; SM-G892A Bulid/NRD90M; wv) AppleWebKit/537.36 (KHTML, like Gecko) Version/4.0 Chrome/60.0.3112.107 Moblie Safari/537.36" "ysfine.com"
20.69.245.183 - - [25/Feb/2023:12:50:01 -0800] "GET /wp-config.php.old HTTP/1.1" 404 88 "-" "Mozlila/5.0 (Linux; Android 7.0; SM-G892A Bulid/NRD90M; wv) AppleWebKit/537.36 (KHTML, like Gecko) Version/4.0 Chrome/60.0.3112.107 Moblie Safari/537.36" "ysfine.com"
20.106.78.219 - - [25/Feb/2023:12:50:30 -0800] "GET /wp-content/themes/seotheme/db.php?u HTTP/1.1" 404 88 "http://ysfine.com//wp-content/themes/seotheme/db.php?u" "Go-http-client/2.0" "ysfine.com"
20.106.78.219 - - [25/Feb/2023:12:50:30 -0800] "GET /wp-content/plugins/seoplugins/mar.php HTTP/1.1" 404 88 "http://ysfine.com//wp-content/plugins/seoplugins/mar.php" "Go-http-client/2.0" "ysfine.com"
20.106.78.219 - - [25/Feb/2023:12:50:30 -0800] "GET /wp-content/themes/seotheme/mar.php HTTP/1.1" 404 88 "http://ysfine.com//wp-content/themes/seotheme/mar.php" "Go-http-client/2.0" "ysfine.com"
95.108.213.148 - - [25/Feb/2023:12:51:04 -0800] "GET /class54/emailed.html HTTP/1.1" 200 11414 "-" "Mozilla/5.0 (compatible; YandexBot/3.0; +http://yandex.com/bots)" "www.ysfine.com"
52.167.144.35 - - [25/Feb/2023:12:51:06 -0800] "GET /wdc/umdbarn09.jpg HTTP/1.1" 200 105704 "-" "Mozilla/5.0 AppleWebKit/537.36 (KHTML, like Gecko; compatible; bingbot/2.0; +http://www.bing.com/bingbot.htm) Chrome/103.0.5060.134 Safari/537.36" "ysfine.com"
151.235.100.24 - - [25/Feb/2023:12:51:20 -0800] "GET /maga/hegel.html HTTP/1.1" 200 4700 "https://www.google.com/" "Mozilla/5.0 (Windows NT 10.0; Win64; x64) AppleWebKit/537.36 (KHTML, like Gecko) Chrome/109.0.0.0 Safari/537.36" "ysfine.com"
151.235.100.24 - - [25/Feb/2023:12:51:25 -0800] "GET /einstein/eins47b.jpg HTTP/1.1" 200 48772 "https://ysfine.com/maga/hegel.html" "Mozilla/5.0 (Windows NT 10.0; Win64; x64) AppleWebKit/537.36 (KHTML, like Gecko) Chrome/109.0.0.0 Safari/537.36" "ysfine.com"
151.235.100.24 - - [25/Feb/2023:12:51:25 -0800] "GET /world/germany/hegel03b.jpg HTTP/1.1" 200 61436 "https://ysfine.com/maga/hegel.html" "Mozilla/5.0 (Windows NT 10.0; Win64; x64) AppleWebKit/537.36 (KHTML, like Gecko) Chrome/109.0.0.0 Safari/537.36" "ysfine.com"
151.235.100.24 - - [25/Feb/2023:12:51:25 -0800] "GET /maga/phys/maxwell02b.jpg HTTP/1.1" 200 43279 "https://ysfine.com/maga/hegel.html" "Mozilla/5.0 (Windows NT 10.0; Win64; x64) AppleWebKit/537.36 (KHTML, like Gecko) Chrome/109.0.0.0 Safari/537.36" "ysfine.com"
151.235.100.24 - - [25/Feb/2023:12:51:31 -0800] "GET /people/sbtwein2.jpg HTTP/1.1" 200 30398 "https://ysfine.com/maga/hegel.html" "Mozilla/5.0 (Windows NT 10.0; Win64; x64) AppleWebKit/537.36 (KHTML, like Gecko) Chrome/109.0.0.0 Safari/537.36" "ysfine.com"
151.235.100.24 - - [25/Feb/2023:12:51:33 -0800] "GET /feynman/feyn86b.jpg HTTP/1.1" 200 26190 "https://ysfine.com/maga/hegel.html" "Mozilla/5.0 (Windows NT 10.0; Win64; x64) AppleWebKit/537.36 (KHTML, like Gecko) Chrome/109.0.0.0 Safari/537.36" "ysfine.com"
151.235.100.24 - - [25/Feb/2023:12:51:36 -0800] "GET /home/comet01b.jpg HTTP/1.1" 200 53465 "https://ysfine.com/maga/hegel.html" "Mozilla/5.0 (Windows NT 10.0; Win64; x64) AppleWebKit/537.36 (KHTML, like Gecko) Chrome/109.0.0.0 Safari/537.36" "ysfine.com"
151.235.100.24 - - [25/Feb/2023:12:51:36 -0800] "GET /world/germany/hegel04b.jpg HTTP/1.1" 200 45635 "https://ysfine.com/maga/hegel.html" "Mozilla/5.0 (Windows NT 10.0; Win64; x64) AppleWebKit/537.36 (KHTML, like Gecko) Chrome/109.0.0.0 Safari/537.36" "ysfine.com"
151.235.100.24 - - [25/Feb/2023:12:51:39 -0800] "GET /world/germany/hegel01b.jpg HTTP/1.1" 200 31600 "https://ysfine.com/maga/hegel.html" "Mozilla/5.0 (Windows NT 10.0; Win64; x64) AppleWebKit/537.36 (KHTML, like Gecko) Chrome/109.0.0.0 Safari/537.36" "ysfine.com"
151.235.100.24 - - [25/Feb/2023:12:51:39 -0800] "GET /world/germany/hegel21b.jpg HTTP/1.1" 200 52348 "https://ysfine.com/maga/hegel.html" "Mozilla/5.0 (Windows NT 10.0; Win64; x64) AppleWebKit/537.36 (KHTML, like Gecko) Chrome/109.0.0.0 Safari/537.36" "ysfine.com"
151.235.100.24 - - [25/Feb/2023:12:51:41 -0800] "GET /world/germany/hegel09b.jpg HTTP/1.1" 200 46010 "https://ysfine.com/maga/hegel.html" "Mozilla/5.0 (Windows NT 10.0; Win64; x64) AppleWebKit/537.36 (KHTML, like Gecko) Chrome/109.0.0.0 Safari/537.36" "ysfine.com"
151.235.100.24 - - [25/Feb/2023:12:51:41 -0800] "GET /eink/eink61b.jpg HTTP/1.1" 200 28018 "https://ysfine.com/maga/hegel.html" "Mozilla/5.0 (Windows NT 10.0; Win64; x64) AppleWebKit/537.36 (KHTML, like Gecko) Chrome/109.0.0.0 Safari/537.36" "ysfine.com"
151.235.100.24 - - [25/Feb/2023:12:51:43 -0800] "GET /favicon.ico HTTP/1.1" 404 88 "https://ysfine.com/maga/hegel.html" "Mozilla/5.0 (Windows NT 10.0; Win64; x64) AppleWebKit/537.36 (KHTML, like Gecko) Chrome/109.0.0.0 Safari/537.36" "ysfine.com"
91.133.250.253 - - [25/Feb/2023:12:52:10 -0800] "GET / HTTP/1.1" 200 5300 "-" "Mozilla/5.0 (Windows; U; ; cs-CZ) AppleWebKit/532+ (KHTML, like Gecko, Safari/532.0) Lunascape/5.1.2.3" "ysfine.com"
91.133.218.171 - - [25/Feb/2023:12:52:10 -0800] "GET /robots.txt HTTP/1.1" 404 88 "-" "Mozilla/5.0 (Windows; U; ; en-NZ) AppleWebKit/527+ (KHTML, like Gecko, Safari/419.3) Arora/0.8.0" "ysfine.com"
64.124.8.29 - - [25/Feb/2023:12:52:13 -0800] "GET /world/germany/berlin155.jpg HTTP/1.1" 200 117615 "-" "Mozilla/5.0 (Macintosh; Intel Mac OS X 10_15_7) AppleWebKit/537.36 (KHTML, like Gecko) Chrome/107.0.0.0 Safari/537.36" "ysfine.com"
64.124.8.28 - - [25/Feb/2023:12:52:32 -0800] "GET /ysbio/kobak/kostu04.jpg HTTP/1.1" 404 88 "-" "Mozilla/5.0 (Macintosh; Intel Mac OS X 10_15_7) AppleWebKit/537.36 (KHTML, like Gecko) Chrome/107.0.0.0 Safari/537.36" "ysfine.com"
207.46.13.220 - - [25/Feb/2023:12:53:00 -0800] "GET /style/metny22.jpg HTTP/1.1" 200 82501 "-" "Mozilla/5.0 AppleWebKit/537.36 (KHTML, like Gecko; compatible; bingbot/2.0; +http://www.bing.com/bingbot.htm) Chrome/103.0.5060.134 Safari/537.36" "ysfine.com"
173.252.83.23 - - [25/Feb/2023:12:53:28 -0800] "GET /world/poland/polstu16b.jpg HTTP/1.1" 200 29745 "-" "facebookexternalhit/1.1 (+http://www.facebook.com/externalhit_uatext.php)" "ysfine.com"
216.244.66.229 - - [25/Feb/2023:12:53:33 -0800] "GET /ffriends/chinstu05.jpg HTTP/1.1" 200 126016 "-" "Mozilla/5.0 (compatible; DotBot/1.2; +https://opensiteexplorer.org/dotbot; help@moz.com)" "ysfine.com"
91.133.235.102 - - [25/Feb/2023:12:53:41 -0800] "GET /robots.txt HTTP/1.1" 404 88 "-" "Mozilla/5.0 (Linux; U; Android 4.0.4; en-us; KFJWI Build/IMM76D) AppleWebKit/537.36 (KHTML, like Gecko) Silk/3.68 like Chrome/39.0.2171.93 Safari/537.36" "ysfine.com"
5.210.121.33 - - [25/Feb/2023:12:53:41 -0800] "GET / HTTP/1.1" 200 5300 "-" "Mozilla/5.0 (iPad; CPU OS 8_4_1 like Mac OS X) AppleWebKit/600.1.4 (KHTML, like Gecko) Mobile/12H321 Safari" "ysfine.com"
64.124.8.50 - - [25/Feb/2023:12:53:59 -0800] "GET /world/brit/queensw06.jpg HTTP/1.1" 404 88 "-" "Mozilla/5.0 (Macintosh; Intel Mac OS X 10_15_7) AppleWebKit/537.36 (KHTML, like Gecko) Chrome/107.0.0.0 Safari/537.36" "www.ysfine.com"
216.244.66.229 - - [25/Feb/2023:12:54:19 -0800] "GET /home/wigner22.jpg HTTP/1.1" 200 150069 "-" "Mozilla/5.0 (compatible; DotBot/1.2; +https://opensiteexplorer.org/dotbot; help@moz.com)" "ysfine.com"
216.244.66.229 - - [25/Feb/2023:12:55:10 -0800] "GET /world/germany/hofbrau66.jpg HTTP/1.1" 200 115336 "-" "Mozilla/5.0 (compatible; DotBot/1.2; +https://opensiteexplorer.org/dotbot; help@moz.com)" "ysfine.com"
216.244.66.229 - - [25/Feb/2023:12:55:53 -0800] "GET /world/russ/kazan090.jpg HTTP/1.1" 200 72790 "-" "Mozilla/5.0 (compatible; DotBot/1.2; +https://opensiteexplorer.org/dotbot; help@moz.com)" "ysfine.com"
52.167.144.62 - - [25/Feb/2023:12:56:34 -0800] "GET /sbk/2008mrs22.jpg HTTP/1.1" 200 182600 "-" "Mozilla/5.0 AppleWebKit/537.36 (KHTML, like Gecko; compatible; bingbot/2.0; +http://www.bing.com/bingbot.htm) Chrome/103.0.5060.134 Safari/537.36" "www.ysfine.com"
64.124.8.53 - - [25/Feb/2023:12:56:55 -0800] "GET /kobak/yoonhm.jpg HTTP/1.1" 200 150232 "-" "Mozilla/5.0 (Macintosh; Intel Mac OS X 10_15_7) AppleWebKit/537.36 (KHTML, like Gecko) Chrome/107.0.0.0 Safari/537.36" "www.ysfine.com"
52.167.144.35 - - [25/Feb/2023:12:56:58 -0800] "GET /world/france/antibes03.jpg HTTP/1.1" 200 147752 "-" "Mozilla/5.0 AppleWebKit/537.36 (KHTML, like Gecko; compatible; bingbot/2.0; +http://www.bing.com/bingbot.htm) Chrome/103.0.5060.134 Safari/537.36" "ysfine.com"
64.124.8.57 - - [25/Feb/2023:12:57:11 -0800] "GET /world/germany/leipzig22.jpg HTTP/1.1" 200 323214 "-" "Mozilla/5.0 (Macintosh; Intel Mac OS X 10_15_7) AppleWebKit/537.36 (KHTML, like Gecko) Chrome/107.0.0.0 Safari/537.36" "ysfine.com"
31.2.165.88 - - [25/Feb/2023:12:57:41 -0800] "GET /robots.txt HTTP/1.1" 404 88 "-" "Mozilla/5.0(iPad; U; CPU iPhone OS 3_2 like Mac OS X; en-us) AppleWebKit/531.21.10 (KHTML, like Gecko) Version/4.0.4 Mobile/7B314 Safari/123" "ysfine.com"
91.133.129.106 - - [25/Feb/2023:12:57:41 -0800] "GET / HTTP/1.1" 200 5300 "-" "Mozilla/5.0 (Windows; U;) AppleWebKit/532.0 (KHTML, like Gecko) Iron" "ysfine.com"
64.124.8.54 - - [25/Feb/2023:12:57:43 -0800] "GET /world/latina/rio065.jpg HTTP/1.1" 200 66370 "-" "Mozilla/5.0 (Macintosh; Intel Mac OS X 10_15_7) AppleWebKit/537.36 (KHTML, like Gecko) Chrome/107.0.0.0 Safari/537.36" "www.ysfine.com"
52.167.144.62 - - [25/Feb/2023:12:57:45 -0800] "GET /bio/style/proschanie.html HTTP/1.1" 404 88 "-" "Mozilla/5.0 AppleWebKit/537.36 (KHTML, like Gecko; compatible; bingbot/2.0; +http://www.bing.com/bingbot.htm) Chrome/103.0.5060.134 Safari/537.36" "ysfine.com"
173.252.83.8 - - [25/Feb/2023:12:58:10 -0800] "GET /ffriends/amkor/kgirls22a.jpg HTTP/1.1" 200 89811 "-" "facebookexternalhit/1.1 (+http://www.facebook.com/externalhit_uatext.php)" "ysfine.com"
173.252.83.117 - - [25/Feb/2023:12:58:57 -0800] "GET /kobak/rhee10b.jpg HTTP/1.1" 200 29337 "-" "facebookexternalhit/1.1 (+http://www.facebook.com/externalhit_uatext.php)" "ysfine.com"
64.124.8.29 - - [25/Feb/2023:13:00:16 -0800] "GET /kobak/underw81.jpg HTTP/1.1" 200 260820 "-" "Mozilla/5.0 (Macintosh; Intel Mac OS X 10_15_7) AppleWebKit/537.36 (KHTML, like Gecko) Chrome/107.0.0.0 Safari/537.36" "www.ysfine.com"
64.124.8.55 - - [25/Feb/2023:13:00:39 -0800] "GET /world/spain/cordoc18.jpg HTTP/1.1" 200 326187 "-" "Mozilla/5.0 (Macintosh; Intel Mac OS X 10_15_7) AppleWebKit/537.36 (KHTML, like Gecko) Chrome/107.0.0.0 Safari/537.36" "ysfine.com"
64.124.8.55 - - [25/Feb/2023:13:01:54 -0800] "GET /world/france/champ1213.jpg HTTP/1.1" 200 90062 "-" "Mozilla/5.0 (Macintosh; Intel Mac OS X 10_15_7) AppleWebKit/537.36 (KHTML, like Gecko) Chrome/107.0.0.0 Safari/537.36" "www.ysfine.com"
162.210.247.204 - - [25/Feb/2023:13:02:01 -0800] "GET /einstein/eins05.jpg HTTP/1.1" 200 45707 "https://www.google.com/" "Mozilla/5.0 (Macintosh; Intel Mac OS X 10_15_7) AppleWebKit/605.1.15 (KHTML, like Gecko) Version/16.3 Safari/605.1.15" "ysfine.com"
91.133.193.26 - - [25/Feb/2023:13:02:37 -0800] "GET / HTTP/1.1" 200 5300 "-" "Mozilla/5.0 (Linux; Android 5.0.2; SM-T350 Build/LRX22G) AppleWebKit/537.36 (KHTML, like Gecko) Chrome/45.0.2454.84 Safari/537.36" "ysfine.com"
91.133.232.87 - - [25/Feb/2023:13:02:37 -0800] "GET /robots.txt HTTP/1.1" 404 88 "-" "Mozilla/5.0 (Windows; U; ; cs-CZ) AppleWebKit/528+ (KHTML, like Gecko, Safari/528.0) Lunascape/5.1.2.0" "ysfine.com"
173.252.83.10 - - [25/Feb/2023:13:03:19 -0800] "GET /ffriends/aline/airfr08c.jpg HTTP/1.1" 200 36038 "-" "facebookexternalhit/1.1 (+http://www.facebook.com/externalhit_uatext.php)" "ysfine.com"
64.124.8.50 - - [25/Feb/2023:13:04:08 -0800] "GET /ysbio/world/france/flore05.jpg HTTP/1.1" 404 88 "-" "Mozilla/5.0 (Macintosh; Intel Mac OS X 10_15_7) AppleWebKit/537.36 (KHTML, like Gecko) Chrome/107.0.0.0 Safari/537.36" "ysfine.com"
52.167.144.62 - - [25/Feb/2023:13:04:16 -0800] "GET /world/china/beijing012.jpg HTTP/1.1" 200 80696 "-" "Mozilla/5.0 AppleWebKit/537.36 (KHTML, like Gecko; compatible; bingbot/2.0; +http://www.bing.com/bingbot.htm) Chrome/103.0.5060.134 Safari/537.36" "www.ysfine.com"
89.64.48.88 - - [25/Feb/2023:13:05:17 -0800] "GET /kobak/1014c.jpg HTTP/1.1" 200 164928 "https://www.google.com/" "Mozilla/5.0 (Windows NT 10.0; Win64; x64) AppleWebKit/537.36 (KHTML, like Gecko) Chrome/110.0.0.0 Safari/537.36" "ysfine.com"
89.64.48.88 - - [25/Feb/2023:13:05:23 -0800] "GET /kobak/kimc.html HTTP/1.1" 200 4345 "https://www.google.com/" "Mozilla/5.0 (Windows NT 10.0; Win64; x64) AppleWebKit/537.36 (KHTML, like Gecko) Chrome/110.0.0.0 Safari/537.36" "ysfine.com"
89.64.48.88 - - [25/Feb/2023:13:05:23 -0800] "GET /kobak/feb8b.jpg HTTP/1.1" 200 37892 "https://ysfine.com/kobak/kimc.html" "Mozilla/5.0 (Windows NT 10.0; Win64; x64) AppleWebKit/537.36 (KHTML, like Gecko) Chrome/110.0.0.0 Safari/537.36" "ysfine.com"
89.64.48.88 - - [25/Feb/2023:13:05:23 -0800] "GET /kobak/kimjap22b.jpg HTTP/1.1" 200 48280 "https://ysfine.com/kobak/kimc.html" "Mozilla/5.0 (Windows NT 10.0; Win64; x64) AppleWebKit/537.36 (KHTML, like Gecko) Chrome/110.0.0.0 Safari/537.36" "ysfine.com"
89.64.48.88 - - [25/Feb/2023:13:05:23 -0800] "GET /kobak/kimjap11b.jpg HTTP/1.1" 200 63075 "https://ysfine.com/kobak/kimc.html" "Mozilla/5.0 (Windows NT 10.0; Win64; x64) AppleWebKit/537.36 (KHTML, like Gecko) Chrome/110.0.0.0 Safari/537.36" "ysfine.com"
89.64.48.88 - - [25/Feb/2023:13:05:24 -0800] "GET /kobak/chomansik11b.jpg HTTP/1.1" 200 36831 "https://ysfine.com/kobak/kimc.html" "Mozilla/5.0 (Windows NT 10.0; Win64; x64) AppleWebKit/537.36 (KHTML, like Gecko) Chrome/110.0.0.0 Safari/537.36" "ysfine.com"
89.64.48.88 - - [25/Feb/2023:13:05:24 -0800] "GET /kobak/1014b.jpg HTTP/1.1" 200 42115 "https://ysfine.com/kobak/kimc.html" "Mozilla/5.0 (Windows NT 10.0; Win64; x64) AppleWebKit/537.36 (KHTML, like Gecko) Chrome/110.0.0.0 Safari/537.36" "ysfine.com"
89.64.48.88 - - [25/Feb/2023:13:05:24 -0800] "GET /kobak/1014c270.jpg HTTP/1.1" 200 56853 "https://ysfine.com/kobak/kimc.html" "Mozilla/5.0 (Windows NT 10.0; Win64; x64) AppleWebKit/537.36 (KHTML, like Gecko) Chrome/110.0.0.0 Safari/537.36" "ysfine.com"
89.64.48.88 - - [25/Feb/2023:13:05:25 -0800] "GET /kobak/dabrow11b.jpg HTTP/1.1" 200 58281 "https://ysfine.com/kobak/kimc.html" "Mozilla/5.0 (Windows NT 10.0; Win64; x64) AppleWebKit/537.36 (KHTML, like Gecko) Chrome/110.0.0.0 Safari/537.36" "ysfine.com"
89.64.48.88 - - [25/Feb/2023:13:05:25 -0800] "GET /eink/eink61c.jpg HTTP/1.1" 200 34119 "https://ysfine.com/kobak/kimc.html" "Mozilla/5.0 (Windows NT 10.0; Win64; x64) AppleWebKit/537.36 (KHTML, like Gecko) Chrome/110.0.0.0 Safari/537.36" "ysfine.com"
89.64.48.88 - - [25/Feb/2023:13:05:26 -0800] "GET /favicon.ico HTTP/1.1" 404 88 "https://ysfine.com/kobak/kimc.html" "Mozilla/5.0 (Windows NT 10.0; Win64; x64) AppleWebKit/537.36 (KHTML, like Gecko) Chrome/110.0.0.0 Safari/537.36" "ysfine.com"
64.124.8.28 - - [25/Feb/2023:13:05:28 -0800] "GET /people/klauder06.jpg HTTP/1.1" 200 127431 "-" "Mozilla/5.0 (Macintosh; Intel Mac OS X 10_15_7) AppleWebKit/537.36 (KHTML, like Gecko) Chrome/107.0.0.0 Safari/537.36" "www.ysfine.com"
64.124.8.54 - - [25/Feb/2023:13:05:49 -0800] "GET /ysbio/world/balkan/istan010.jpg HTTP/1.1" 404 88 "-" "Mozilla/5.0 (Macintosh; Intel Mac OS X 10_15_7) AppleWebKit/537.36 (KHTML, like Gecko) Chrome/107.0.0.0 Safari/537.36" "www.ysfine.com"
207.46.13.220 - - [25/Feb/2023:13:05:50 -0800] "GET /world/ital/flor062b.jpg HTTP/1.1" 200 49181 "-" "Mozilla/5.0 AppleWebKit/537.36 (KHTML, like Gecko; compatible; bingbot/2.0; +http://www.bing.com/bingbot.htm) Chrome/103.0.5060.134 Safari/537.36" "ysfine.com"
207.46.13.220 - - [25/Feb/2023:13:05:52 -0800] "GET /princeton/econ22.jpg HTTP/1.1" 200 127405 "-" "Mozilla/5.0 AppleWebKit/537.36 (KHTML, like Gecko; compatible; bingbot/2.0; +http://www.bing.com/bingbot.htm) Chrome/103.0.5060.134 Safari/537.36" "ysfine.com"
64.124.8.49 - - [25/Feb/2023:13:06:01 -0800] "GET /wdc/usna15.jpg HTTP/1.1" 200 83669 "-" "Mozilla/5.0 (Macintosh; Intel Mac OS X 10_15_7) AppleWebKit/537.36 (KHTML, like Gecko) Chrome/107.0.0.0 Safari/537.36" "ysfine.com"
207.46.13.220 - - [25/Feb/2023:13:06:20 -0800] "GET /ffriends/aline/airfr12.jpg HTTP/1.1" 200 99884 "-" "Mozilla/5.0 AppleWebKit/537.36 (KHTML, like Gecko; compatible; bingbot/2.0; +http://www.bing.com/bingbot.htm) Chrome/103.0.5060.134 Safari/537.36" "ysfine.com"
52.167.144.62 - - [25/Feb/2023:13:06:24 -0800] "GET /world/germany/oktf03.jpg HTTP/1.1" 200 108768 "-" "Mozilla/5.0 AppleWebKit/537.36 (KHTML, like Gecko; compatible; bingbot/2.0; +http://www.bing.com/bingbot.htm) Chrome/103.0.5060.134 Safari/537.36" "www.ysfine.com"
89.64.48.88 - - [25/Feb/2023:13:06:24 -0800] "GET /kobak/feb8.jpg HTTP/1.1" 200 117260 "https://ysfine.com/kobak/kimc.html" "Mozilla/5.0 (Windows NT 10.0; Win64; x64) AppleWebKit/537.36 (KHTML, like Gecko) Chrome/110.0.0.0 Safari/537.36" "ysfine.com"
91.133.188.44 - - [25/Feb/2023:13:06:55 -0800] "GET / HTTP/1.1" 200 5300 "-" "Mozilla/5.0 (Linux; Android 4.2.2; GT-P5113 Build/JDQ39) AppleWebKit/537.36 (KHTML, like Gecko) Chrome/45.0.2454.84 Safari/537.36" "ysfine.com"
91.133.239.178 - - [25/Feb/2023:13:06:55 -0800] "GET /robots.txt HTTP/1.1" 404 88 "-" "Mozilla/5.0 (iPhone; CPU iPhone OS 9_0 like Mac OS X) AppleWebKit/601.1.46 (KHTML, like Gecko) Version/9.0 Mobile/13A4325c Safari/601.1" "ysfine.com"
207.46.13.223 - - [25/Feb/2023:13:07:19 -0800] "GET /world/russ/gum10b.jpg HTTP/1.1" 200 42080 "-" "Mozilla/5.0 AppleWebKit/537.36 (KHTML, like Gecko; compatible; bingbot/2.0; +http://www.bing.com/bingbot.htm) Chrome/103.0.5060.134 Safari/537.36" "ysfine.com"
64.124.8.29 - - [25/Feb/2023:13:07:59 -0800] "GET /ysbio/princeton/blair11.jpg HTTP/1.1" 404 88 "-" "Mozilla/5.0 (Macintosh; Intel Mac OS X 10_15_7) AppleWebKit/537.36 (KHTML, like Gecko) Chrome/107.0.0.0 Safari/537.36" "ysfine.com"
207.46.13.223 - - [25/Feb/2023:13:08:39 -0800] "GET /people/masalov11.jpg HTTP/1.1" 200 98828 "-" "Mozilla/5.0 AppleWebKit/537.36 (KHTML, like Gecko; compatible; bingbot/2.0; +http://www.bing.com/bingbot.htm) Chrome/103.0.5060.134 Safari/537.36" "ysfine.com"
95.108.213.148 - - [25/Feb/2023:13:08:52 -0800] "GET /world/kazan.html HTTP/1.1" 200 13929 "-" "Mozilla/5.0 (compatible; YandexBot/3.0; +http://yandex.com/bots)" "www.ysfine.com"
173.252.83.12 - - [25/Feb/2023:13:10:04 -0800] "GET /world/russ/itep44b.jpg HTTP/1.1" 200 44429 "-" "facebookexternalhit/1.1 (+http://www.facebook.com/externalhit_uatext.php)" "ysfine.com"
64.124.8.57 - - [25/Feb/2023:13:10:40 -0800] "GET /world/france/concorde12.jpg HTTP/1.1" 200 83759 "-" "Mozilla/5.0 (Macintosh; Intel Mac OS X 10_15_7) AppleWebKit/537.36 (KHTML, like Gecko) Chrome/107.0.0.0 Safari/537.36" "ysfine.com"
173.252.83.23 - - [25/Feb/2023:13:11:30 -0800] "GET /robots.txt HTTP/1.1" 404 88 "-" "facebookexternalhit/1.1 (+http://www.facebook.com/externalhit_uatext.php)" "ysfine.com"
52.167.144.35 - - [25/Feb/2023:13:11:49 -0800] "GET /world/germany/tubw31.jpg HTTP/1.1" 200 143342 "-" "Mozilla/5.0 AppleWebKit/537.36 (KHTML, like Gecko; compatible; bingbot/2.0; +http://www.bing.com/bingbot.htm) Chrome/103.0.5060.134 Safari/537.36" "ysfine.com"
155.94.185.106 - - [25/Feb/2023:13:11:51 -0800] "GET /style/leica.html HTTP/1.1" 200 17158 "-" "Mozilla/5.0 (Windows NT 10.0; Win64; x64; rv:102.0) Gecko/20100101 Firefox/102.0" "ysfine.com"
89.199.47.93 - - [25/Feb/2023:13:12:01 -0800] "GET /robots.txt HTTP/1.1" 404 88 "-" "Mozilla/5.0 (Linux; Android 4.4.2; QTAQZ3 Build/KOT49H) AppleWebKit/537.36 (KHTML, like Gecko) Chrome/45.0.2454.84 Safari/537.36" "ysfine.com"
89.199.75.53 - - [25/Feb/2023:13:12:01 -0800] "GET /robots.txt HTTP/1.1" 404 88 "-" "Mozilla/5.0 (Windows 8) AppleWebKit/534.30 (KHTML, like Gecko) Chrome/12.0.742.112 Safari/534.30" "ysfine.com"
86.55.78.63 - - [25/Feb/2023:13:12:01 -0800] "GET / HTTP/1.1" 200 5300 "-" "Mozilla/5.0 (iPhone; U; CPU iPhone OS 4_3 like Mac OS X; en-gb) AppleWebKit/533.17.9 (KHTML, like Gecko) Version/5.0.2 Mobile/8F190 Safari/6533.18.5" "ysfine.com"
86.55.239.73 - - [25/Feb/2023:13:12:01 -0800] "GET / HTTP/1.1" 200 5300 "-" "Mozilla/5.0 (iPad; CPU OS 8_4 like Mac OS X) AppleWebKit/600.1.4 (KHTML, like Gecko) GSA/7.0.55539 Mobile/12H143 Safari/600.1.4" "ysfine.com"
216.244.66.229 - - [25/Feb/2023:13:12:10 -0800] "GET /fbook/kor.html HTTP/1.1" 200 15063 "-" "Mozilla/5.0 (compatible; DotBot/1.2; +https://opensiteexplorer.org/dotbot; help@moz.com)" "ysfine.com"
216.244.66.229 - - [25/Feb/2023:13:12:10 -0800] "GET /kobak/namdae01.jpg HTTP/1.1" 200 234546 "-" "Mozilla/5.0 (compatible; DotBot/1.2; +https://opensiteexplorer.org/dotbot; help@moz.com)" "ysfine.com"
216.244.66.229 - - [25/Feb/2023:13:12:13 -0800] "GET /newyork/radioci10.jpg HTTP/1.1" 200 113050 "-" "Mozilla/5.0 (compatible; DotBot/1.2; +https://opensiteexplorer.org/dotbot; help@moz.com)" "ysfine.com"
216.244.66.229 - - [25/Feb/2023:13:12:15 -0800] "GET /newyork/trump35.jpg HTTP/1.1" 200 100732 "-" "Mozilla/5.0 (compatible; DotBot/1.2; +https://opensiteexplorer.org/dotbot; help@moz.com)" "ysfine.com"
216.244.66.229 - - [25/Feb/2023:13:12:16 -0800] "GET /people/lipkin02.jpg HTTP/1.1" 200 77424 "-" "Mozilla/5.0 (compatible; DotBot/1.2; +https://opensiteexplorer.org/dotbot; help@moz.com)" "ysfine.com"
216.244.66.229 - - [25/Feb/2023:13:12:18 -0800] "GET /princeton/mudd22.jpg HTTP/1.1" 200 97933 "-" "Mozilla/5.0 (compatible; DotBot/1.2; +https://opensiteexplorer.org/dotbot; help@moz.com)" "ysfine.com"
64.124.8.50 - - [25/Feb/2023:13:12:18 -0800] "GET /world/germany/leipzif07.jpg HTTP/1.1" 200 154147 "-" "Mozilla/5.0 (Macintosh; Intel Mac OS X 10_15_7) AppleWebKit/537.36 (KHTML, like Gecko) Chrome/107.0.0.0 Safari/537.36" "ysfine.com"
216.244.66.229 - - [25/Feb/2023:13:12:19 -0800] "GET /remote/wigner111/frame02.html HTTP/1.1" 200 1782 "-" "Mozilla/5.0 (compatible; DotBot/1.2; +https://opensiteexplorer.org/dotbot; help@moz.com)" "ysfine.com"
216.244.66.229 - - [25/Feb/2023:13:12:20 -0800] "GET /sbk/2008viln22.jpg HTTP/1.1" 200 201541 "-" "Mozilla/5.0 (compatible; DotBot/1.2; +https://opensiteexplorer.org/dotbot; help@moz.com)" "ysfine.com"
81.183.98.171 - - [25/Feb/2023:13:12:22 -0800] "GET /world/germany/berlin051.jpg HTTP/1.1" 200 104542 "https://www.bing.com/" "Mozilla/5.0 (Windows NT 10.0; Win64; x64) AppleWebKit/537.36 (KHTML, like Gecko) Chrome/110.0.0.0 Safari/537.36 Edg/110.0.1587.50" "www.ysfine.com"
216.244.66.229 - - [25/Feb/2023:13:12:22 -0800] "GET /sbk/2009zako11.jpg HTTP/1.1" 200 120709 "-" "Mozilla/5.0 (compatible; DotBot/1.2; +https://opensiteexplorer.org/dotbot; help@moz.com)" "ysfine.com"
216.244.66.229 - - [25/Feb/2023:13:12:24 -0800] "GET /sbk/2012paris66.jpg HTTP/1.1" 200 124670 "-" "Mozilla/5.0 (compatible; DotBot/1.2; +https://opensiteexplorer.org/dotbot; help@moz.com)" "ysfine.com"
216.244.66.229 - - [25/Feb/2023:13:12:26 -0800] "GET /sbk/2013buda05.jpg HTTP/1.1" 200 90405 "-" "Mozilla/5.0 (compatible; DotBot/1.2; +https://opensiteexplorer.org/dotbot; help@moz.com)" "ysfine.com"
216.244.66.229 - - [25/Feb/2023:13:12:27 -0800] "GET /style/musee/picassomp16.jpg HTTP/1.1" 200 72159 "-" "Mozilla/5.0 (compatible; DotBot/1.2; +https://opensiteexplorer.org/dotbot; help@moz.com)" "ysfine.com"
216.244.66.229 - - [25/Feb/2023:13:12:28 -0800] "GET /world/france/champ1203.jpg HTTP/1.1" 200 126645 "-" "Mozilla/5.0 (compatible; DotBot/1.2; +https://opensiteexplorer.org/dotbot; help@moz.com)" "ysfine.com"
216.244.66.229 - - [25/Feb/2023:13:12:30 -0800] "GET /world/russ/afanasiev01.jpg HTTP/1.1" 200 72839 "-" "Mozilla/5.0 (compatible; DotBot/1.2; +https://opensiteexplorer.org/dotbot; help@moz.com)" "ysfine.com"
64.124.8.55 - - [25/Feb/2023:13:12:31 -0800] "GET /maga/invent/wright03.jpg HTTP/1.1" 200 123402 "-" "Mozilla/5.0 (Macintosh; Intel Mac OS X 10_15_7) AppleWebKit/537.36 (KHTML, like Gecko) Chrome/107.0.0.0 Safari/537.36" "ysfine.com"
216.244.66.229 - - [25/Feb/2023:13:12:31 -0800] "GET /world/russ/volga26.jpg HTTP/1.1" 200 82727 "-" "Mozilla/5.0 (compatible; DotBot/1.2; +https://opensiteexplorer.org/dotbot; help@moz.com)" "www.ysfine.com"
216.244.66.229 - - [25/Feb/2023:13:12:32 -0800] "GET /eink/dirackn33.jpg HTTP/1.1" 200 98181 "-" "Mozilla/5.0 (compatible; DotBot/1.2; +https://opensiteexplorer.org/dotbot; help@moz.com)" "ysfine.com"
216.244.66.229 - - [25/Feb/2023:13:12:34 -0800] "GET /einstein/math/sp2tab11.jpg HTTP/1.1" 200 73958 "-" "Mozilla/5.0 (compatible; DotBot/1.2; +https://opensiteexplorer.org/dotbot; help@moz.com)" "ysfine.com"
216.244.66.229 - - [25/Feb/2023:13:12:35 -0800] "GET /ffriends/albania99.jpg HTTP/1.1" 200 92185 "-" "Mozilla/5.0 (compatible; DotBot/1.2; +https://opensiteexplorer.org/dotbot; help@moz.com)" "ysfine.com"
216.244.66.229 - - [25/Feb/2023:13:12:36 -0800] "GET /ffriends/armen05.jpg HTTP/1.1" 200 172126 "-" "Mozilla/5.0 (compatible; DotBot/1.2; +https://opensiteexplorer.org/dotbot; help@moz.com)" "ysfine.com"
216.244.66.229 - - [25/Feb/2023:13:12:38 -0800] "GET /ffriends/calver22.jpg HTTP/1.1" 200 85461 "-" "Mozilla/5.0 (compatible; DotBot/1.2; +https://opensiteexplorer.org/dotbot; help@moz.com)" "ysfine.com"
216.244.66.229 - - [25/Feb/2023:13:12:40 -0800] "GET /style/cameras/lumixfan11.jpg HTTP/1.1" 200 81585 "-" "Mozilla/5.0 (compatible; DotBot/1.2; +https://opensiteexplorer.org/dotbot; help@moz.com)" "ysfine.com"
216.244.66.229 - - [25/Feb/2023:13:12:41 -0800] "GET /style/franko11.jpg HTTP/1.1" 200 71379 "-" "Mozilla/5.0 (compatible; DotBot/1.2; +https://opensiteexplorer.org/dotbot; help@moz.com)" "ysfine.com"
216.244.66.229 - - [25/Feb/2023:13:12:42 -0800] "GET /usca/pitt/westifn.html HTTP/1.1" 200 3217 "-" "Mozilla/5.0 (compatible; DotBot/1.2; +https://opensiteexplorer.org/dotbot; help@moz.com)" "ysfine.com"
216.244.66.229 - - [25/Feb/2023:13:12:43 -0800] "GET /world/china/chongking10.jpg HTTP/1.1" 200 155874 "-" "Mozilla/5.0 (compatible; DotBot/1.2; +https://opensiteexplorer.org/dotbot; help@moz.com)" "ysfine.com"
173.252.83.2 - - [25/Feb/2023:13:12:58 -0800] "GET /world/china/shanghai059b.jpg HTTP/1.1" 200 41798 "-" "facebookexternalhit/1.1 (+http://www.facebook.com/externalhit_uatext.php)" "ysfine.com"
95.163.255.80 - - [25/Feb/2023:13:13:56 -0800] "GET /robots.txt HTTP/1.1" 404 73 "-" "Mozilla/5.0 (compatible; Linux x86_64; Mail.RU_Bot/Img/2.0; +https://help.mail.ru/webmaster/indexing/robots)" "www.ysfine.com"
52.167.144.35 - - [25/Feb/2023:13:14:08 -0800] "GET /world/baltic/riga19.jpg HTTP/1.1" 200 61857 "-" "Mozilla/5.0 AppleWebKit/537.36 (KHTML, like Gecko; compatible; bingbot/2.0; +http://www.bing.com/bingbot.htm) Chrome/103.0.5060.134 Safari/537.36" "ysfine.com"
173.252.83.20 - - [25/Feb/2023:13:14:20 -0800] "GET /wdc/washmo01b.jpg HTTP/1.1" 200 24586 "-" "facebookexternalhit/1.1 (+http://www.facebook.com/externalhit_uatext.php)" "ysfine.com"
52.167.144.39 - - [25/Feb/2023:13:15:29 -0800] "GET /style/musee/ath010.jpg HTTP/1.1" 200 135911 "-" "Mozilla/5.0 AppleWebKit/537.36 (KHTML, like Gecko; compatible; bingbot/2.0; +http://www.bing.com/bingbot.htm) Chrome/103.0.5060.134 Safari/537.36" "ysfine.com"
52.167.144.62 - - [25/Feb/2023:13:15:55 -0800] "GET /people/sbt85.jpg HTTP/1.1" 200 144903 "-" "Mozilla/5.0 AppleWebKit/537.36 (KHTML, like Gecko; compatible; bingbot/2.0; +http://www.bing.com/bingbot.htm) Chrome/103.0.5060.134 Safari/537.36" "ysfine.com"
80.187.117.112 - - [25/Feb/2023:13:16:00 -0800] "GET /world/germany/leipzig41.jpg HTTP/1.1" 200 247799 "https://www.bing.com/" "Mozilla/5.0 (Windows NT 10.0; Win64; x64) AppleWebKit/537.36 (KHTML, like Gecko) Chrome/110.0.0.0 Safari/537.36 Edg/110.0.1587.56" "www.ysfine.com"
64.124.8.55 - - [25/Feb/2023:13:16:02 -0800] "GET /world/ital/milan011.jpg HTTP/1.1" 200 103984 "-" "Mozilla/5.0 (Macintosh; Intel Mac OS X 10_15_7) AppleWebKit/537.36 (KHTML, like Gecko) Chrome/107.0.0.0 Safari/537.36" "ysfine.com"
64.124.8.57 - - [25/Feb/2023:13:16:23 -0800] "GET /ysbio/dirac/dirbust11.jpg HTTP/1.1" 404 88 "-" "Mozilla/5.0 (Macintosh; Intel Mac OS X 10_15_7) AppleWebKit/537.36 (KHTML, like Gecko) Chrome/107.0.0.0 Safari/537.36" "ysfine.com"
173.252.83.15 - - [25/Feb/2023:13:17:34 -0800] "GET /eink/einhaus33c.jpg HTTP/1.1" 200 23792 "-" "facebookexternalhit/1.1 (+http://www.facebook.com/externalhit_uatext.php)" "ysfine.com"
40.77.167.178 - - [25/Feb/2023:13:17:43 -0800] "GET /yspapers/eintao22.jpg HTTP/1.1" 200 162143 "-" "Mozilla/5.0 AppleWebKit/537.36 (KHTML, like Gecko; compatible; bingbot/2.0; +http://www.bing.com/bingbot.htm) Chrome/103.0.5060.134 Safari/537.36" "www.ysfine.com"
91.133.202.162 - - [25/Feb/2023:13:18:10 -0800] "GET /robots.txt HTTP/1.1" 404 88 "-" "Mozilla/5.0 (X11; Linux x86_64) AppleWebKit/537.36 (KHTML, like Gecko) Chrome/45.0.2454.84 Safari/537.36" "ysfine.com"
31.2.222.53 - - [25/Feb/2023:13:18:17 -0800] "GET / HTTP/1.1" 200 5300 "-" "Mozilla/5.0 (iPhone; CPU iPhone OS 8_0 like Mac OS X) AppleWebKit/600.1.4 (KHTML, like Gecko) Version/8.0 Mobile/12A365 Safari/600.1.4" "ysfine.com"
64.124.8.48 - - [25/Feb/2023:13:18:25 -0800] "GET /world/brit/dunf10.jpg HTTP/1.1" 200 103585 "-" "Mozilla/5.0 (Macintosh; Intel Mac OS X 10_15_7) AppleWebKit/537.36 (KHTML, like Gecko) Chrome/107.0.0.0 Safari/537.36" "www.ysfine.com"
64.124.8.54 - - [25/Feb/2023:13:18:27 -0800] "GET /style/music/salzmo14.jpg HTTP/1.1" 200 115748 "-" "Mozilla/5.0 (Macintosh; Intel Mac OS X 10_15_7) AppleWebKit/537.36 (KHTML, like Gecko) Chrome/107.0.0.0 Safari/537.36" "www.ysfine.com"
52.167.144.39 - - [25/Feb/2023:13:19:00 -0800] "GET /wdc/obelisk22.jpg HTTP/1.1" 200 101572 "-" "Mozilla/5.0 AppleWebKit/537.36 (KHTML, like Gecko; compatible; bingbot/2.0; +http://www.bing.com/bingbot.htm) Chrome/103.0.5060.134 Safari/537.36" "www.ysfine.com"
40.77.167.240 - - [25/Feb/2023:13:19:10 -0800] "GET /feynman/jacdrum11c.jpg HTTP/1.1" 200 39178 "-" "Mozilla/5.0 AppleWebKit/537.36 (KHTML, like Gecko; compatible; bingbot/2.0; +http://www.bing.com/bingbot.htm) Chrome/103.0.5060.134 Safari/537.36" "ysfine.com"
64.124.8.50 - - [25/Feb/2023:13:19:19 -0800] "GET /ysbio/world/russ/kiev023.jpg HTTP/1.1" 404 88 "-" "Mozilla/5.0 (Macintosh; Intel Mac OS X 10_15_7) AppleWebKit/537.36 (KHTML, like Gecko) Chrome/107.0.0.0 Safari/537.36" "ysfine.com"
64.124.8.50 - - [25/Feb/2023:13:19:20 -0800] "GET /princeton/brownhall.jpg HTTP/1.1" 404 88 "-" "Mozilla/5.0 (Macintosh; Intel Mac OS X 10_15_7) AppleWebKit/537.36 (KHTML, like Gecko) Chrome/107.0.0.0 Safari/537.36" "www.ysfine.com"
95.163.255.71 - - [25/Feb/2023:13:19:38 -0800] "GET /einstein/eindcmap.html HTTP/1.1" 200 1176 "http://go.mail.ru/search_images" "Mozilla/5.0 (compatible; Linux x86_64; Mail.RU_Bot/Img/2.0; +https://help.mail.ru/webmaster/indexing/robots)" "www.ysfine.com"
64.124.8.54 - - [25/Feb/2023:13:19:42 -0800] "GET /ysbio/newyork/columbus01.jpg HTTP/1.1" 404 88 "-" "Mozilla/5.0 (Macintosh; Intel Mac OS X 10_15_7) AppleWebKit/537.36 (KHTML, like Gecko) Chrome/107.0.0.0 Safari/537.36" "ysfine.com"
40.77.167.238 - - [25/Feb/2023:13:19:59 -0800] "GET /home/fotos/106c.jpg HTTP/1.1" 200 33663 "-" "Mozilla/5.0 AppleWebKit/537.36 (KHTML, like Gecko; compatible; bingbot/2.0; +http://www.bing.com/bingbot.htm) Chrome/103.0.5060.134 Safari/537.36" "ysfine.com"
64.124.8.48 - - [25/Feb/2023:13:20:07 -0800] "GET /kowar/tanks/gmc01.jpg HTTP/1.1" 200 118766 "-" "Mozilla/5.0 (Macintosh; Intel Mac OS X 10_15_7) AppleWebKit/537.36 (KHTML, like Gecko) Chrome/107.0.0.0 Safari/537.36" "www.ysfine.com"
40.77.167.238 - - [25/Feb/2023:13:20:30 -0800] "GET /wigner/wigheis33.jpg HTTP/1.1" 200 120687 "-" "Mozilla/5.0 AppleWebKit/537.36 (KHTML, like Gecko; compatible; bingbot/2.0; +http://www.bing.com/bingbot.htm) Chrome/103.0.5060.134 Safari/537.36" "ysfine.com"
216.244.66.229 - - [25/Feb/2023:13:20:30 -0800] "GET /robots.txt HTTP/1.1" 404 73 "-" "Mozilla/5.0 (compatible; DotBot/1.2; +https://opensiteexplorer.org/dotbot; help@moz.com)" "ysfine.com"
216.244.66.229 - - [25/Feb/2023:13:20:30 -0800] "GET /robots.txt HTTP/1.1" 404 73 "-" "Mozilla/5.0 (compatible; DotBot/1.2; +https://opensiteexplorer.org/dotbot; help@moz.com)" "www.ysfine.com"
108.26.166.163 - - [25/Feb/2023:13:20:35 -0800] "GET /world/russ/kazanmap22.jpg HTTP/1.1" 200 129761 "https://images.search.yahoo.com/yhs/search;_ylt=AwrEbe1we_pjJT8bFDgPxQt.;_ylu=Y29sbwNiZjEEcG9zAzEEdnRpZAMEc2VjA3Nj?p=kazan+russia+map&type=fc_A30C76C6185_s58_g_e_d100122_n1005_c24&param1=7&param2=eJw1i9kKgzAQRX9lHi1IzGJSi5%2FRpyI%2BpCaNIdGIC5Z%2BfccuDBfOucN13jR1e70xSoUoRZO3IzqaRDRfZJyjdCi8RPDTp64IV4SpI8fM2YT1tiBuGmlILx%2BjLiShkO1%2BNGlfYFyBUUJrwEKVNTxVeQI9TdHu9h78WkhxJkJBFvp1iDlEHyw424V0gq6f02ALRi%2BEHgeLfujZ%2FyfWuN%2BPSVYRKd9E0T8O&hsimp=yhs-2212&hspart=fc&ei=UTF-8&fr=yhs-fc-2212" "Mozilla/5.0 (Windows NT 10.0; Win64; x64) AppleWebKit/537.36 (KHTML, like Gecko) Chrome/109.0.0.0 Safari/537.36 Edg/109.0.1518.55" "ysfine.com"
64.124.8.57 - - [25/Feb/2023:13:20:49 -0800] "GET /princeton/wilcox.jpg HTTP/1.1" 200 220928 "-" "Mozilla/5.0 (Macintosh; Intel Mac OS X 10_15_7) AppleWebKit/537.36 (KHTML, like Gecko) Chrome/107.0.0.0 Safari/537.36" "www.ysfine.com"
173.252.83.118 - - [25/Feb/2023:13:21:52 -0800] "GET /world/russ/minskf14b.jpg HTTP/1.1" 200 34560 "-" "facebookexternalhit/1.1 (+http://www.facebook.com/externalhit_uatext.php)" "ysfine.com"
52.167.144.35 - - [25/Feb/2023:13:22:02 -0800] "GET /bio/style/artlove.html HTTP/1.1" 404 88 "-" "Mozilla/5.0 AppleWebKit/537.36 (KHTML, like Gecko; compatible; bingbot/2.0; +http://www.bing.com/bingbot.htm) Chrome/103.0.5060.134 Safari/537.36" "ysfine.com"
51.222.253.6 - - [25/Feb/2023:13:22:09 -0800] "GET /robots.txt HTTP/1.1" 404 88 "-" "Mozilla/5.0 (compatible; AhrefsBot/7.0; +http://ahrefs.com/robot/)" "ysfine.com"
64.124.8.28 - - [25/Feb/2023:13:22:26 -0800] "GET /world/germany/goetting02.jpg HTTP/1.1" 200 86243 "-" "Mozilla/5.0 (Macintosh; Intel Mac OS X 10_15_7) AppleWebKit/537.36 (KHTML, like Gecko) Chrome/107.0.0.0 Safari/537.36" "ysfine.com"
52.167.144.62 - - [25/Feb/2023:13:22:36 -0800] "GET /maga/herod.html HTTP/1.1" 200 4341 "-" "Mozilla/5.0 AppleWebKit/537.36 (KHTML, like Gecko; compatible; bingbot/2.0; +http://www.bing.com/bingbot.htm) Chrome/103.0.5060.134 Safari/537.36" "www.ysfine.com"
52.167.144.62 - - [25/Feb/2023:13:22:36 -0800] "GET /dirac/dirk62.html HTTP/1.1" 200 3949 "-" "Mozilla/5.0 AppleWebKit/537.36 (KHTML, like Gecko; compatible; bingbot/2.0; +http://www.bing.com/bingbot.htm) Chrome/103.0.5060.134 Safari/537.36" "www.ysfine.com"
52.167.144.62 - - [25/Feb/2023:13:22:36 -0800] "GET /style/mushalls.html HTTP/1.1" 200 21398 "-" "Mozilla/5.0 AppleWebKit/537.36 (KHTML, like Gecko; compatible; bingbot/2.0; +http://www.bing.com/bingbot.htm) Chrome/103.0.5060.134 Safari/537.36" "www.ysfine.com"
207.46.13.223 - - [25/Feb/2023:13:22:41 -0800] "GET /world/polandk.html HTTP/1.1" 200 5994 "-" "Mozilla/5.0 AppleWebKit/537.36 (KHTML, like Gecko; compatible; bingbot/2.0; +http://www.bing.com/bingbot.htm) Chrome/103.0.5060.134 Safari/537.36" "www.ysfine.com"
173.252.83.15 - - [25/Feb/2023:13:22:45 -0800] "GET /world/germany/berlinf35b.jpg HTTP/1.1" 200 40574 "-" "facebookexternalhit/1.1 (+http://www.facebook.com/externalhit_uatext.php)" "ysfine.com"
207.46.13.220 - - [25/Feb/2023:13:22:45 -0800] "GET /dirac/dirfeyn.html HTTP/1.1" 200 6341 "-" "Mozilla/5.0 AppleWebKit/537.36 (KHTML, like Gecko; compatible; bingbot/2.0; +http://www.bing.com/bingbot.htm) Chrome/103.0.5060.134 Safari/537.36" "www.ysfine.com"
207.46.13.220 - - [25/Feb/2023:13:22:45 -0800] "GET /kowar/tanks.html HTTP/1.1" 200 8699 "-" "Mozilla/5.0 AppleWebKit/537.36 (KHTML, like Gecko; compatible; bingbot/2.0; +http://www.bing.com/bingbot.htm) Chrome/103.0.5060.134 Safari/537.36" "www.ysfine.com"
40.77.167.178 - - [25/Feb/2023:13:22:45 -0800] "GET /philo/helena.html HTTP/1.1" 200 6350 "-" "Mozilla/5.0 AppleWebKit/537.36 (KHTML, like Gecko; compatible; bingbot/2.0; +http://www.bing.com/bingbot.htm) Chrome/103.0.5060.134 Safari/537.36" "www.ysfine.com"
40.77.167.178 - - [25/Feb/2023:13:22:55 -0800] "GET /wdc/wasdc.html HTTP/1.1" 200 13715 "-" "Mozilla/5.0 AppleWebKit/537.36 (KHTML, like Gecko; compatible; bingbot/2.0; +http://www.bing.com/bingbot.htm) Chrome/103.0.5060.134 Safari/537.36" "www.ysfine.com"
40.77.167.238 - - [25/Feb/2023:13:23:01 -0800] "GET /einstein/einbohr.html HTTP/1.1" 200 6142 "-" "Mozilla/5.0 AppleWebKit/537.36 (KHTML, like Gecko; compatible; bingbot/2.0; +http://www.bing.com/bingbot.htm) Chrome/103.0.5060.134 Safari/537.36" "www.ysfine.com"
216.244.66.229 - - [25/Feb/2023:13:23:15 -0800] "GET /auto/photo11.jpg HTTP/1.1" 200 188473 "-" "Mozilla/5.0 (compatible; DotBot/1.2; +https://opensiteexplorer.org/dotbot; help@moz.com)" "www.ysfine.com"
5.188.210.42 - - [25/Feb/2023:13:23:33 -0800] "GET /world/visas.html HTTP/1.1" 200 7643 "https://www.ysfine.com/world/visas.html" "Mozilla/5.0 (Windows NT 6.1; WOW64) AppleWebKit/537.36 (KHTML, like Gecko) Chrome/90.0.4430.72 Safari/537.36" "www.ysfine.com"
64.124.8.49 - - [25/Feb/2023:13:23:44 -0800] "GET /world/france/matisse04.jpg HTTP/1.1" 200 119796 "-" "Mozilla/5.0 (Macintosh; Intel Mac OS X 10_15_7) AppleWebKit/537.36 (KHTML, like Gecko) Chrome/107.0.0.0 Safari/537.36" "ysfine.com"
64.124.8.55 - - [25/Feb/2023:13:23:52 -0800] "GET /ysbio/style/musee/britmu35.jpg HTTP/1.1" 404 88 "-" "Mozilla/5.0 (Macintosh; Intel Mac OS X 10_15_7) AppleWebKit/537.36 (KHTML, like Gecko) Chrome/107.0.0.0 Safari/537.36" "ysfine.com"
64.124.8.57 - - [25/Feb/2023:13:24:00 -0800] "GET /ysbio/folks/wheejac.jpg HTTP/1.1" 404 88 "-" "Mozilla/5.0 (Macintosh; Intel Mac OS X 10_15_7) AppleWebKit/537.36 (KHTML, like Gecko) Chrome/107.0.0.0 Safari/537.36" "ysfine.com"
216.244.66.229 - - [25/Feb/2023:13:24:04 -0800] "GET /auto/sbk/1987brooke11.jpg HTTP/1.1" 404 73 "-" "Mozilla/5.0 (compatible; DotBot/1.2; +https://opensiteexplorer.org/dotbot; help@moz.com)" "www.ysfine.com"
64.124.8.28 - - [25/Feb/2023:13:24:09 -0800] "GET /ysbio/feynman/ppic/temp33.jpg HTTP/1.1" 404 88 "-" "Mozilla/5.0 (Macintosh; Intel Mac OS X 10_15_7) AppleWebKit/537.36 (KHTML, like Gecko) Chrome/107.0.0.0 Safari/537.36" "ysfine.com"
52.167.144.35 - - [25/Feb/2023:13:24:50 -0800] "GET /bio/kobak/yskor.html HTTP/1.1" 404 88 "-" "Mozilla/5.0 AppleWebKit/537.36 (KHTML, like Gecko; compatible; bingbot/2.0; +http://www.bing.com/bingbot.htm) Chrome/103.0.5060.134 Safari/537.36" "ysfine.com"
95.163.255.71 - - [25/Feb/2023:13:25:06 -0800] "GET /philo/marxphil.html HTTP/1.1" 404 88 "http://go.mail.ru/search_images" "Mozilla/5.0 (compatible; Linux x86_64; Mail.RU_Bot/Img/2.0; +https://help.mail.ru/webmaster/indexing/robots)" "www.ysfine.com"
