64.124.8.55 - - [25/Feb/2023:15:31:51 -0800] "GET /wdc/whxmas/whxmas15.jpg HTTP/1.1" 200 62841 "-" "Mozilla/5.0 (Macintosh; Intel Mac OS X 10_15_7) AppleWebKit/537.36 (KHTML, like Gecko) Chrome/107.0.0.0 Safari/537.36" "ysfine.com"
185.184.157.94 - - [25/Feb/2023:15:32:07 -0800] "GET /robots.txt HTTP/1.1" 404 88 "-" "Mozilla/5.0 (compatible; linkdexbot/2.0; +http://www.linkdex.com/bots/)" "ysfine.com"
185.184.157.94 - - [25/Feb/2023:15:32:07 -0800] "GET /style/shops.html HTTP/1.1" 200 2829 "-" "Mozilla/5.0 (compatible; linkdexbot/2.0; +http://www.linkdex.com/bots/)" "ysfine.com"
185.184.157.94 - - [25/Feb/2023:15:32:07 -0800] "GET /robots.txt HTTP/1.1" 404 88 "-" "Mozilla/5.0 (compatible; linkdexbot/2.0; +http://www.linkdex.com/bots/)" "www.ysfine.com"
114.119.151.174 - - [25/Feb/2023:15:32:11 -0800] "GET /ys22/dondon.html HTTP/1.1" 401 90 "-" "Mozilla/5.0 (Linux; Android 7.0;) AppleWebKit/537.36 (KHTML, like Gecko) Mobile Safari/537.36 (compatible; PetalBot;+https://webmaster.petalsearch.com/site/petalbot)" "ysfine.com"
72.14.201.202 - - [25/Feb/2023:15:32:18 -0800] "GET /dirac/dirfeyn.html HTTP/1.1" 200 6341 "-" "Mozilla/5.0 (Linux; Android 10; K) AppleWebKit/537.36 (KHTML, like Gecko) Chrome/110.0.0.0 Mobile Safari/537.36" "ysfine.com"
64.124.8.50 - - [25/Feb/2023:15:32:19 -0800] "GET /ysbio/world/baltic/riga41.jpg HTTP/1.1" 404 88 "-" "Mozilla/5.0 (Macintosh; Intel Mac OS X 10_15_7) AppleWebKit/537.36 (KHTML, like Gecko) Chrome/107.0.0.0 Safari/537.36" "www.ysfine.com"
72.14.201.202 - - [25/Feb/2023:15:32:19 -0800] "GET /dirac/dirfeyn22.html HTTP/1.1" 200 2329 "-" "Mozilla/5.0 (Linux; Android 10; K) AppleWebKit/537.36 (KHTML, like Gecko) Chrome/110.0.0.0 Mobile Safari/537.36" "ysfine.com"
91.133.146.9 - - [25/Feb/2023:15:32:32 -0800] "GET /robots.txt HTTP/1.1" 404 88 "-" "Mozilla/5.0 (X11; Linux i686) AppleWebKit/537.36 (KHTML, like Gecko) Chrome/45.0.2454.85 Safari/537.36" "ysfine.com"
89.199.166.221 - - [25/Feb/2023:15:32:33 -0800] "GET / HTTP/1.1" 200 5300 "-" "Mozilla/5.0 (Linux; Android 4.4.3; KFTHWI Build/KTU84M) AppleWebKit/537.36 (KHTML, like Gecko) Version/4.0 Chrome/34.0.0.0 Safari/537.36" "ysfine.com"
64.124.8.50 - - [25/Feb/2023:15:32:33 -0800] "GET /ffriends/amkor/santa01.jpg HTTP/1.1" 200 119815 "-" "Mozilla/5.0 (Macintosh; Intel Mac OS X 10_15_7) AppleWebKit/537.36 (KHTML, like Gecko) Chrome/107.0.0.0 Safari/537.36" "ysfine.com"
177.25.156.46 - - [25/Feb/2023:15:32:39 -0800] "GET /dirac/feydirac300.jpg HTTP/1.1" 200 38223 "https://ysfine.com/dirac/dirfeyn.html" "Mozilla/5.0 (Linux; Android 10; LM-K510) AppleWebKit/537.36 (KHTML, like Gecko) Chrome/110.0.0.0 Mobile Safari/537.36" "ysfine.com"
177.25.156.46 - - [25/Feb/2023:15:32:39 -0800] "GET /dirac/sq73c.jpg HTTP/1.1" 200 35501 "https://ysfine.com/dirac/dirfeyn.html" "Mozilla/5.0 (Linux; Android 10; LM-K510) AppleWebKit/537.36 (KHTML, like Gecko) Chrome/110.0.0.0 Mobile Safari/537.36" "ysfine.com"
177.25.156.46 - - [25/Feb/2023:15:32:39 -0800] "GET /dirac/2osc22c.jpg HTTP/1.1" 200 28929 "https://ysfine.com/dirac/dirfeyn.html" "Mozilla/5.0 (Linux; Android 10; LM-K510) AppleWebKit/537.36 (KHTML, like Gecko) Chrome/110.0.0.0 Mobile Safari/537.36" "ysfine.com"
177.25.156.46 - - [25/Feb/2023:15:32:39 -0800] "GET /dirac/dfkim11c.jpg HTTP/1.1" 200 34801 "https://ysfine.com/dirac/dirfeyn.html" "Mozilla/5.0 (Linux; Android 10; LM-K510) AppleWebKit/537.36 (KHTML, like Gecko) Chrome/110.0.0.0 Mobile Safari/537.36" "ysfine.com"
177.25.156.46 - - [25/Feb/2023:15:32:39 -0800] "GET /dirac/nicodem11c.jpg HTTP/1.1" 200 72684 "https://ysfine.com/dirac/dirfeyn.html" "Mozilla/5.0 (Linux; Android 10; LM-K510) AppleWebKit/537.36 (KHTML, like Gecko) Chrome/110.0.0.0 Mobile Safari/537.36" "ysfine.com"
177.25.156.46 - - [25/Feb/2023:15:32:39 -0800] "GET /dirac/dirackn33c.jpg HTTP/1.1" 200 50420 "https://ysfine.com/dirac/dirfeyn.html" "Mozilla/5.0 (Linux; Android 10; LM-K510) AppleWebKit/537.36 (KHTML, like Gecko) Chrome/110.0.0.0 Mobile Safari/537.36" "ysfine.com"
177.25.156.46 - - [25/Feb/2023:15:32:39 -0800] "GET /feynman/jacdrum11c.jpg HTTP/1.1" 200 39178 "https://ysfine.com/dirac/dirfeyn.html" "Mozilla/5.0 (Linux; Android 10; LM-K510) AppleWebKit/537.36 (KHTML, like Gecko) Chrome/110.0.0.0 Mobile Safari/537.36" "ysfine.com"
177.25.156.46 - - [25/Feb/2023:15:32:39 -0800] "GET /wigner/isomor66c.jpg HTTP/1.1" 200 47632 "https://ysfine.com/dirac/dirfeyn.html" "Mozilla/5.0 (Linux; Android 10; LM-K510) AppleWebKit/537.36 (KHTML, like Gecko) Chrome/110.0.0.0 Mobile Safari/537.36" "ysfine.com"
177.25.156.46 - - [25/Feb/2023:15:32:39 -0800] "GET /eink/eink61c.jpg HTTP/1.1" 200 34119 "https://ysfine.com/dirac/dirfeyn.html" "Mozilla/5.0 (Linux; Android 10; LM-K510) AppleWebKit/537.36 (KHTML, like Gecko) Chrome/110.0.0.0 Mobile Safari/537.36" "ysfine.com"
177.25.156.46 - - [25/Feb/2023:15:32:39 -0800] "GET /wigner/wigkim11c.jpg HTTP/1.1" 200 30443 "https://ysfine.com/dirac/dirfeyn.html" "Mozilla/5.0 (Linux; Android 10; LM-K510) AppleWebKit/537.36 (KHTML, like Gecko) Chrome/110.0.0.0 Mobile Safari/537.36" "ysfine.com"
177.25.156.46 - - [25/Feb/2023:15:32:39 -0800] "GET /people/sbt11c.jpg HTTP/1.1" 200 31479 "https://ysfine.com/dirac/dirfeyn.html" "Mozilla/5.0 (Linux; Android 10; LM-K510) AppleWebKit/537.36 (KHTML, like Gecko) Chrome/110.0.0.0 Mobile Safari/537.36" "ysfine.com"
177.25.156.46 - - [25/Feb/2023:15:32:40 -0800] "GET /favicon.ico HTTP/1.1" 404 88 "https://ysfine.com/dirac/dirfeyn.html" "Mozilla/5.0 (Linux; Android 10; LM-K510) AppleWebKit/537.36 (KHTML, like Gecko) Chrome/110.0.0.0 Mobile Safari/537.36" "ysfine.com"
64.124.8.28 - - [25/Feb/2023:15:32:41 -0800] "GET /sbk/2002nasa05.jpg HTTP/1.1" 200 154040 "-" "Mozilla/5.0 (Macintosh; Intel Mac OS X 10_15_7) AppleWebKit/537.36 (KHTML, like Gecko) Chrome/107.0.0.0 Safari/537.36" "ysfine.com"
3.15.39.19 - - [25/Feb/2023:15:32:58 -0800] "GET /ads.txt HTTP/1.1" 404 88 "http://ysfine.com/ads.txt" "AdsTxtCrawler/1.0; +https://github.com/InteractiveAdvertisingBureau/adstxtcrawler" "ysfine.com"
114.119.132.135 - - [25/Feb/2023:15:33:32 -0800] "GET /remote/wigner111/frame07.html HTTP/1.1" 200 459 "https://www.ysfine.com/remote/wigner111/frame06.html" "Mozilla/5.0 (Linux; Android 7.0;) AppleWebKit/537.36 (KHTML, like Gecko) Mobile Safari/537.36 (compatible; PetalBot;+https://webmaster.petalsearch.com/site/petalbot)" "www.ysfine.com"
64.124.8.50 - - [25/Feb/2023:15:33:54 -0800] "GET /ysbio/world/brit/sebiro07.jpg HTTP/1.1" 404 88 "-" "Mozilla/5.0 (Macintosh; Intel Mac OS X 10_15_7) AppleWebKit/537.36 (KHTML, like Gecko) Chrome/107.0.0.0 Safari/537.36" "ysfine.com"
204.18.190.118 - - [25/Feb/2023:15:34:03 -0800] "GET /robots.txt HTTP/1.1" 404 88 "-" "Mozilla/5.0 (Linux; Android 4.4.4; Z970 Build/KTU84P) AppleWebKit/537.36 (KHTML, like Gecko) Version/4.0 Chrome/30.0.0.0 Mobile Safari/537.36" "ysfine.com"
91.133.132.147 - - [25/Feb/2023:15:34:04 -0800] "GET / HTTP/1.1" 200 5300 "-" "Mozilla/5.0 (iPad; CPU OS 8_4 like Mac OS X) AppleWebKit/600.1.4 (KHTML, like Gecko) CriOS/45.0.2454.68 Mobile/12H143 Safari/600.1.4" "ysfine.com"
177.25.156.46 - - [25/Feb/2023:15:34:06 -0800] "GET /dirac/feydirac.jpg HTTP/1.1" 404 88 "https://ysfine.com/dirac/dirfeyn.html" "Mozilla/5.0 (Linux; Android 10; LM-K510) AppleWebKit/537.36 (KHTML, like Gecko) Chrome/110.0.0.0 Mobile Safari/537.36" "ysfine.com"
198.140.203.139 - - [25/Feb/2023:15:34:16 -0800] "GET /princeton/alexan22.jpg HTTP/1.1" 200 175436 "https://www.google.com/" "Mozilla/5.0 (Macintosh; Intel Mac OS X 10_15_7) AppleWebKit/537.36 (KHTML, like Gecko) Chrome/110.0.0.0 Safari/537.36" "ysfine.com"
177.25.156.46 - - [25/Feb/2023:15:34:48 -0800] "GET /dirac/dirfeyn.html HTTP/1.1" 200 6341 "https://www.google.com/" "Mozilla/5.0 (Linux; Android 10; LM-K510) AppleWebKit/537.36 (KHTML, like Gecko) Chrome/110.0.0.0 Mobile Safari/537.36" "ysfine.com"
114.119.157.24 - - [25/Feb/2023:15:34:50 -0800] "GET /home/home/fotos/seoul50k.jpg HTTP/1.1" 404 88 "https://www.ysfine.com/home/photobio.html" "Mozilla/5.0 (Linux; Android 7.0;) AppleWebKit/537.36 (KHTML, like Gecko) Mobile Safari/537.36 (compatible; PetalBot;+https://webmaster.petalsearch.com/site/petalbot)" "www.ysfine.com"
3.211.110.80 - - [25/Feb/2023:15:34:53 -0800] "GET /feynman/feynman.jpg HTTP/1.1" 200 40536 "-" "Mozilla/5.0 (X11; Ubuntu; Linux x86_64; rv:72.0) Gecko/20100101 Firefox/72.0" "ysfine.com"
64.124.8.54 - - [25/Feb/2023:15:35:48 -0800] "GET /dirac/quantum01.jpg HTTP/1.1" 200 40781 "-" "Mozilla/5.0 (Macintosh; Intel Mac OS X 10_15_7) AppleWebKit/537.36 (KHTML, like Gecko) Chrome/107.0.0.0 Safari/537.36" "www.ysfine.com"
216.244.66.229 - - [25/Feb/2023:15:35:48 -0800] "GET /robots.txt HTTP/1.1" 404 73 "-" "Mozilla/5.0 (compatible; DotBot/1.2; +https://opensiteexplorer.org/dotbot; help@moz.com)" "ysfine.com"
216.244.66.229 - - [25/Feb/2023:15:35:49 -0800] "GET /robots.txt HTTP/1.1" 404 73 "-" "Mozilla/5.0 (compatible; DotBot/1.2; +https://opensiteexplorer.org/dotbot; help@moz.com)" "www.ysfine.com"
40.77.167.178 - - [25/Feb/2023:15:36:26 -0800] "GET /world/france/sartsq03.jpg HTTP/1.1" 200 103524 "-" "Mozilla/5.0 AppleWebKit/537.36 (KHTML, like Gecko; compatible; bingbot/2.0; +http://www.bing.com/bingbot.htm) Chrome/103.0.5060.134 Safari/537.36" "www.ysfine.com"
97.83.0.67 - - [25/Feb/2023:15:36:29 -0800] "GET /princeton/nasshall01.jpg HTTP/1.1" 200 169242 "https://www.google.com/" "Mozilla/5.0 (Macintosh; Intel Mac OS X 10_15_7) AppleWebKit/605.1.15 (KHTML, like Gecko) Version/16.3 Safari/605.1.15" "ysfine.com"
40.77.167.240 - - [25/Feb/2023:15:36:33 -0800] "GET /usca/pitt/heinzfld03b.jpg HTTP/1.1" 200 604034 "-" "Mozilla/5.0 AppleWebKit/537.36 (KHTML, like Gecko; compatible; bingbot/2.0; +http://www.bing.com/bingbot.htm) Chrome/103.0.5060.134 Safari/537.36" "www.ysfine.com"
64.124.8.28 - - [25/Feb/2023:15:36:41 -0800] "GET /style/musee/pradom06.jpg HTTP/1.1" 200 252665 "-" "Mozilla/5.0 (Macintosh; Intel Mac OS X 10_15_7) AppleWebKit/537.36 (KHTML, like Gecko) Chrome/107.0.0.0 Safari/537.36" "www.ysfine.com"
40.77.167.238 - - [25/Feb/2023:15:37:41 -0800] "GET /dirac/wigsis.html HTTP/1.1" 304 - "-" "Mozilla/5.0 AppleWebKit/537.36 (KHTML, like Gecko; compatible; bingbot/2.0; +http://www.bing.com/bingbot.htm) Chrome/103.0.5060.134 Safari/537.36" "www.ysfine.com"
52.167.144.35 - - [25/Feb/2023:15:38:14 -0800] "GET /bio/style/artlove.html HTTP/1.1" 404 88 "-" "Mozilla/5.0 AppleWebKit/537.36 (KHTML, like Gecko; compatible; bingbot/2.0; +http://www.bing.com/bingbot.htm) Chrome/103.0.5060.134 Safari/537.36" "ysfine.com"
185.184.157.94 - - [25/Feb/2023:15:38:15 -0800] "GET /robots.txt HTTP/1.1" 404 88 "-" "Mozilla/5.0 (compatible; linkdexbot/2.0; +http://www.linkdex.com/bots/)" "ysfine.com"
185.184.157.94 - - [25/Feb/2023:15:38:15 -0800] "GET /style/shops.html HTTP/1.1" 200 2829 "-" "Mozilla/5.0 (compatible; linkdexbot/2.0; +http://www.linkdex.com/bots/)" "www.ysfine.com"
185.184.157.94 - - [25/Feb/2023:15:38:15 -0800] "GET /robots.txt HTTP/1.1" 404 88 "-" "Mozilla/5.0 (compatible; linkdexbot/2.0; +http://www.linkdex.com/bots/)" "www.ysfine.com"
64.124.8.49 - - [25/Feb/2023:15:38:28 -0800] "GET /world/baltic/kantruss.jpg HTTP/1.1" 200 106585 "-" "Mozilla/5.0 (Macintosh; Intel Mac OS X 10_15_7) AppleWebKit/537.36 (KHTML, like Gecko) Chrome/107.0.0.0 Safari/537.36" "ysfine.com"
37.6.165.33 - - [25/Feb/2023:15:39:20 -0800] "GET /maga/phys/landau44.jpg HTTP/1.1" 200 38430 "https://www.google.com/" "Mozilla/5.0 (Windows NT 10.0; Win64; x64) AppleWebKit/537.36 (KHTML, like Gecko) Chrome/109.0.0.0 Safari/537.36" "ysfine.com"
149.202.87.164 - - [25/Feb/2023:15:39:27 -0800] "GET /robots.txt HTTP/1.1" 404 73 "-" "Mozilla/5.0 (compatible; MJ12bot/v1.4.8; http://mj12bot.com/)" "ysfine.com"
64.124.8.50 - - [25/Feb/2023:15:39:31 -0800] "GET /ysbio/wdc/anna09.jpg HTTP/1.1" 404 88 "-" "Mozilla/5.0 (Macintosh; Intel Mac OS X 10_15_7) AppleWebKit/537.36 (KHTML, like Gecko) Chrome/107.0.0.0 Safari/537.36" "ysfine.com"
216.244.66.229 - - [25/Feb/2023:15:39:52 -0800] "GET /wdc/umd02.jpg HTTP/1.1" 200 113373 "-" "Mozilla/5.0 (compatible; DotBot/1.2; +https://opensiteexplorer.org/dotbot; help@moz.com)" "www.ysfine.com"
216.244.66.229 - - [25/Feb/2023:15:40:07 -0800] "GET /world/china/qingdao03.jpg HTTP/1.1" 200 163329 "-" "Mozilla/5.0 (compatible; DotBot/1.2; +https://opensiteexplorer.org/dotbot; help@moz.com)" "ysfine.com"
64.124.8.28 - - [25/Feb/2023:15:40:21 -0800] "GET /world/france/champbenz06.jpg HTTP/1.1" 200 124813 "-" "Mozilla/5.0 (Macintosh; Intel Mac OS X 10_15_7) AppleWebKit/537.36 (KHTML, like Gecko) Chrome/107.0.0.0 Safari/537.36" "ysfine.com"
52.167.144.35 - - [25/Feb/2023:15:40:23 -0800] "GET /bio/kobak/yskor.html HTTP/1.1" 404 88 "-" "Mozilla/5.0 AppleWebKit/537.36 (KHTML, like Gecko; compatible; bingbot/2.0; +http://www.bing.com/bingbot.htm) Chrome/103.0.5060.134 Safari/537.36" "ysfine.com"
149.202.87.164 - - [25/Feb/2023:15:40:25 -0800] "GET /bio/tables/tab33.jpg HTTP/1.1" 404 88 "-" "Mozilla/5.0 (compatible; MJ12bot/v1.4.8; http://mj12bot.com/)" "ysfine.com"
216.244.66.229 - - [25/Feb/2023:15:40:27 -0800] "GET /world/germany/berlinf05.jpg HTTP/1.1" 200 78896 "-" "Mozilla/5.0 (compatible; DotBot/1.2; +https://opensiteexplorer.org/dotbot; help@moz.com)" "ysfine.com"
216.244.66.229 - - [25/Feb/2023:15:41:00 -0800] "GET /newyork/wallst09.jpg HTTP/1.1" 200 145745 "-" "Mozilla/5.0 (compatible; DotBot/1.2; +https://opensiteexplorer.org/dotbot; help@moz.com)" "www.ysfine.com"
40.77.167.240 - - [25/Feb/2023:15:41:01 -0800] "GET / HTTP/1.1" 200 5300 "-" "Mozilla/5.0 AppleWebKit/537.36 (KHTML, like Gecko; compatible; bingbot/2.0; +http://www.bing.com/bingbot.htm) Chrome/103.0.5060.134 Safari/537.36" "www.ysfine.com"
64.124.8.55 - - [25/Feb/2023:15:41:15 -0800] "GET /style/cameras/canonae11.jpg HTTP/1.1" 200 94219 "-" "Mozilla/5.0 (Macintosh; Intel Mac OS X 10_15_7) AppleWebKit/537.36 (KHTML, like Gecko) Chrome/107.0.0.0 Safari/537.36" "www.ysfine.com"
216.244.66.229 - - [25/Feb/2023:15:41:50 -0800] "GET /style/curie.jpg HTTP/1.1" 200 104666 "-" "Mozilla/5.0 (compatible; DotBot/1.2; +https://opensiteexplorer.org/dotbot; help@moz.com)" "www.ysfine.com"
64.124.8.28 - - [25/Feb/2023:15:41:56 -0800] "GET /ysbio/world/russ/krem06.jpg HTTP/1.1" 404 88 "-" "Mozilla/5.0 (Macintosh; Intel Mac OS X 10_15_7) AppleWebKit/537.36 (KHTML, like Gecko) Chrome/107.0.0.0 Safari/537.36" "ysfine.com"
173.252.83.2 - - [25/Feb/2023:15:42:19 -0800] "GET /fotos/photo06c.jpg HTTP/1.1" 200 40796 "-" "facebookexternalhit/1.1 (+http://www.facebook.com/externalhit_uatext.php)" "ysfine.com"
216.244.66.229 - - [25/Feb/2023:15:42:20 -0800] "GET /world/brit/oxlon25.jpg HTTP/1.1" 200 135280 "-" "Mozilla/5.0 (compatible; DotBot/1.2; +https://opensiteexplorer.org/dotbot; help@moz.com)" "www.ysfine.com"
216.244.66.229 - - [25/Feb/2023:15:42:49 -0800] "GET /class54/class5470/total_data/sub_8148.htm HTTP/1.1" 200 15749 "-" "Mozilla/5.0 (compatible; DotBot/1.2; +https://opensiteexplorer.org/dotbot; help@moz.com)" "ysfine.com"
216.244.66.229 - - [25/Feb/2023:15:43:16 -0800] "GET /class54/class5470/total_data/sub_8153.htm HTTP/1.1" 200 15748 "-" "Mozilla/5.0 (compatible; DotBot/1.2; +https://opensiteexplorer.org/dotbot; help@moz.com)" "ysfine.com"
95.108.213.166 - - [25/Feb/2023:15:43:24 -0800] "GET /robots.txt HTTP/1.1" 404 73 "-" "Mozilla/5.0 (compatible; YandexBot/3.0; +http://yandex.com/bots)" "ysfine.com"
95.108.213.186 - - [25/Feb/2023:15:43:25 -0800] "GET /princeton/forbesc11.jpg HTTP/1.1" 200 114657 "-" "Mozilla/5.0 (compatible; YandexImages/3.0; +http://yandex.com/bots)" "ysfine.com"
185.184.157.94 - - [25/Feb/2023:15:43:29 -0800] "GET /style/shops.html HTTP/1.1" 200 2829 "-" "Mozilla/5.0 (compatible; linkdexbot/2.0; +http://www.linkdex.com/bots/)" "ysfine.com"
185.184.157.94 - - [25/Feb/2023:15:43:29 -0800] "GET /robots.txt HTTP/1.1" 404 88 "-" "Mozilla/5.0 (compatible; linkdexbot/2.0; +http://www.linkdex.com/bots/)" "ysfine.com"
185.184.157.94 - - [25/Feb/2023:15:43:29 -0800] "GET /robots.txt HTTP/1.1" 404 88 "-" "Mozilla/5.0 (compatible; linkdexbot/2.0; +http://www.linkdex.com/bots/)" "www.ysfine.com"
216.244.66.229 - - [25/Feb/2023:15:43:43 -0800] "GET /class54/class5470/total_data/sub_826.htm HTTP/1.1" 200 16174 "-" "Mozilla/5.0 (compatible; DotBot/1.2; +https://opensiteexplorer.org/dotbot; help@moz.com)" "ysfine.com"
216.244.66.229 - - [25/Feb/2023:15:44:08 -0800] "GET /world/germany/trier41.jpg HTTP/1.1" 200 189592 "-" "Mozilla/5.0 (compatible; DotBot/1.2; +https://opensiteexplorer.org/dotbot; help@moz.com)" "ysfine.com"
71.82.137.252 - - [25/Feb/2023:15:44:09 -0800] "GET /style/smithonian.jpg HTTP/1.1" 200 88645 "https://www.google.com/" "Mozilla/5.0 (Windows NT 10.0; Win64; x64) AppleWebKit/537.36 (KHTML, like Gecko) Chrome/109.0.0.0 Safari/537.36" "ysfine.com"
89.199.153.231 - - [25/Feb/2023:15:44:10 -0800] "GET /robots.txt HTTP/1.1" 404 88 "-" "Mozilla/5.0 (iPhone; CPU iPhone OS 7_0 like Mac OS X) AppleWebKit/537.51.1 (KHTML, like Gecko) Version/7.0 Mobile/11A465 Safari/9537.53 BingPreview/1.0b" "ysfine.com"
91.133.159.209 - - [25/Feb/2023:15:44:10 -0800] "GET / HTTP/1.1" 200 5300 "-" "Mozilla/5.0 (iPhone; CPU iPhone OS 8_1 like Mac OS X) AppleWebKit/600.1.4 (KHTML, like Gecko) Version/8.0 Mobile/12B411 Safari/600.1.4" "ysfine.com"
186.218.0.19 - - [25/Feb/2023:15:44:19 -0800] "GET /kowar/tanks/tank03.jpg HTTP/1.1" 200 106726 "https://www.google.com/" "Mozilla/5.0 (Windows NT 10.0; Win64; x64) AppleWebKit/537.36 (KHTML, like Gecko) Chrome/110.0.0.0 Safari/537.36" "ysfine.com"
71.82.137.252 - - [25/Feb/2023:15:44:33 -0800] "GET /wdc/wasdc.html HTTP/1.1" 200 13715 "https://www.google.com/" "Mozilla/5.0 (Windows NT 10.0; Win64; x64) AppleWebKit/537.36 (KHTML, like Gecko) Chrome/109.0.0.0 Safari/537.36" "ysfine.com"
71.82.137.252 - - [25/Feb/2023:15:44:33 -0800] "GET /wdc/capitol02b.jpg HTTP/1.1" 200 30351 "https://ysfine.com/wdc/wasdc.html" "Mozilla/5.0 (Windows NT 10.0; Win64; x64) AppleWebKit/537.36 (KHTML, like Gecko) Chrome/109.0.0.0 Safari/537.36" "ysfine.com"
71.82.137.252 - - [25/Feb/2023:15:44:33 -0800] "GET /wdc/loc01b.jpg HTTP/1.1" 200 59811 "https://ysfine.com/wdc/wasdc.html" "Mozilla/5.0 (Windows NT 10.0; Win64; x64) AppleWebKit/537.36 (KHTML, like Gecko) Chrome/109.0.0.0 Safari/537.36" "ysfine.com"
71.82.137.252 - - [25/Feb/2023:15:44:33 -0800] "GET /wdc/umd06b.jpg HTTP/1.1" 200 34590 "https://ysfine.com/wdc/wasdc.html" "Mozilla/5.0 (Windows NT 10.0; Win64; x64) AppleWebKit/537.36 (KHTML, like Gecko) Chrome/109.0.0.0 Safari/537.36" "ysfine.com"
71.82.137.252 - - [25/Feb/2023:15:44:33 -0800] "GET /wdc/capitol07b.jpg HTTP/1.1" 200 47839 "https://ysfine.com/wdc/wasdc.html" "Mozilla/5.0 (Windows NT 10.0; Win64; x64) AppleWebKit/537.36 (KHTML, like Gecko) Chrome/109.0.0.0 Safari/537.36" "ysfine.com"
71.82.137.252 - - [25/Feb/2023:15:44:33 -0800] "GET /wdc/lafpark02b.jpg HTTP/1.1" 200 40860 "https://ysfine.com/wdc/wasdc.html" "Mozilla/5.0 (Windows NT 10.0; Win64; x64) AppleWebKit/537.36 (KHTML, like Gecko) Chrome/109.0.0.0 Safari/537.36" "ysfine.com"
71.82.137.252 - - [25/Feb/2023:15:44:33 -0800] "GET /wdc/whouse02b.jpg HTTP/1.1" 200 30118 "https://ysfine.com/wdc/wasdc.html" "Mozilla/5.0 (Windows NT 10.0; Win64; x64) AppleWebKit/537.36 (KHTML, like Gecko) Chrome/109.0.0.0 Safari/537.36" "ysfine.com"
71.82.137.252 - - [25/Feb/2023:15:44:33 -0800] "GET /wdc/supreme02b.jpg HTTP/1.1" 200 37198 "https://ysfine.com/wdc/wasdc.html" "Mozilla/5.0 (Windows NT 10.0; Win64; x64) AppleWebKit/537.36 (KHTML, like Gecko) Chrome/109.0.0.0 Safari/537.36" "ysfine.com"
71.82.137.252 - - [25/Feb/2023:15:44:33 -0800] "GET /wdc/nga05b.jpg HTTP/1.1" 200 40747 "https://ysfine.com/wdc/wasdc.html" "Mozilla/5.0 (Windows NT 10.0; Win64; x64) AppleWebKit/537.36 (KHTML, like Gecko) Chrome/109.0.0.0 Safari/537.36" "ysfine.com"
71.82.137.252 - - [25/Feb/2023:15:44:33 -0800] "GET /wdc/corco33b.jpg HTTP/1.1" 200 31692 "https://ysfine.com/wdc/wasdc.html" "Mozilla/5.0 (Windows NT 10.0; Win64; x64) AppleWebKit/537.36 (KHTML, like Gecko) Chrome/109.0.0.0 Safari/537.36" "ysfine.com"
71.82.137.252 - - [25/Feb/2023:15:44:33 -0800] "GET /wdc/reagan44b.jpg HTTP/1.1" 200 36340 "https://ysfine.com/wdc/wasdc.html" "Mozilla/5.0 (Windows NT 10.0; Win64; x64) AppleWebKit/537.36 (KHTML, like Gecko) Chrome/109.0.0.0 Safari/537.36" "ysfine.com"
71.82.137.252 - - [25/Feb/2023:15:44:33 -0800] "GET /wdc/reagan55b.jpg HTTP/1.1" 200 32608 "https://ysfine.com/wdc/wasdc.html" "Mozilla/5.0 (Windows NT 10.0; Win64; x64) AppleWebKit/537.36 (KHTML, like Gecko) Chrome/109.0.0.0 Safari/537.36" "ysfine.com"
71.82.137.252 - - [25/Feb/2023:15:44:33 -0800] "GET /wdc/heyadams22b.jpg HTTP/1.1" 200 40428 "https://ysfine.com/wdc/wasdc.html" "Mozilla/5.0 (Windows NT 10.0; Win64; x64) AppleWebKit/537.36 (KHTML, like Gecko) Chrome/109.0.0.0 Safari/537.36" "ysfine.com"
71.82.137.252 - - [25/Feb/2023:15:44:33 -0800] "GET /wdc/washmo01b.jpg HTTP/1.1" 200 24586 "https://ysfine.com/wdc/wasdc.html" "Mozilla/5.0 (Windows NT 10.0; Win64; x64) AppleWebKit/537.36 (KHTML, like Gecko) Chrome/109.0.0.0 Safari/537.36" "ysfine.com"
71.82.137.252 - - [25/Feb/2023:15:44:33 -0800] "GET /wdc/sherman11b.jpg HTTP/1.1" 200 27477 "https://ysfine.com/wdc/wasdc.html" "Mozilla/5.0 (Windows NT 10.0; Win64; x64) AppleWebKit/537.36 (KHTML, like Gecko) Chrome/109.0.0.0 Safari/537.36" "ysfine.com"
71.82.137.252 - - [25/Feb/2023:15:44:33 -0800] "GET /wdc/nga02b.jpg HTTP/1.1" 200 42789 "https://ysfine.com/wdc/wasdc.html" "Mozilla/5.0 (Windows NT 10.0; Win64; x64) AppleWebKit/537.36 (KHTML, like Gecko) Chrome/109.0.0.0 Safari/537.36" "ysfine.com"
71.82.137.252 - - [25/Feb/2023:15:44:33 -0800] "GET /style/alexandrov44b.jpg HTTP/1.1" 200 38881 "https://ysfine.com/wdc/wasdc.html" "Mozilla/5.0 (Windows NT 10.0; Win64; x64) AppleWebKit/537.36 (KHTML, like Gecko) Chrome/109.0.0.0 Safari/537.36" "ysfine.com"
71.82.137.252 - - [25/Feb/2023:15:44:33 -0800] "GET /wdc/lafpark05b.jpg HTTP/1.1" 200 40496 "https://ysfine.com/wdc/wasdc.html" "Mozilla/5.0 (Windows NT 10.0; Win64; x64) AppleWebKit/537.36 (KHTML, like Gecko) Chrome/109.0.0.0 Safari/537.36" "ysfine.com"
71.82.137.252 - - [25/Feb/2023:15:44:33 -0800] "GET /wdc/ndu11b.jpg HTTP/1.1" 200 33978 "https://ysfine.com/wdc/wasdc.html" "Mozilla/5.0 (Windows NT 10.0; Win64; x64) AppleWebKit/537.36 (KHTML, like Gecko) Chrome/109.0.0.0 Safari/537.36" "ysfine.com"
71.82.137.252 - - [25/Feb/2023:15:44:33 -0800] "GET /wdc/koreaw33b.jpg HTTP/1.1" 200 39262 "https://ysfine.com/wdc/wasdc.html" "Mozilla/5.0 (Windows NT 10.0; Win64; x64) AppleWebKit/537.36 (KHTML, like Gecko) Chrome/109.0.0.0 Safari/537.36" "ysfine.com"
71.82.137.252 - - [25/Feb/2023:15:44:33 -0800] "GET /wdc/ww2m66b.jpg HTTP/1.1" 200 32234 "https://ysfine.com/wdc/wasdc.html" "Mozilla/5.0 (Windows NT 10.0; Win64; x64) AppleWebKit/537.36 (KHTML, like Gecko) Chrome/109.0.0.0 Safari/537.36" "ysfine.com"
71.82.137.252 - - [25/Feb/2023:15:44:33 -0800] "GET /wdc/sakura10b.jpg HTTP/1.1" 200 43136 "https://ysfine.com/wdc/wasdc.html" "Mozilla/5.0 (Windows NT 10.0; Win64; x64) AppleWebKit/537.36 (KHTML, like Gecko) Chrome/109.0.0.0 Safari/537.36" "ysfine.com"
71.82.137.252 - - [25/Feb/2023:15:44:33 -0800] "GET /wdc/jeffm02b.jpg HTTP/1.1" 200 32468 "https://ysfine.com/wdc/wasdc.html" "Mozilla/5.0 (Windows NT 10.0; Win64; x64) AppleWebKit/537.36 (KHTML, like Gecko) Chrome/109.0.0.0 Safari/537.36" "ysfine.com"
71.82.137.252 - - [25/Feb/2023:15:44:33 -0800] "GET /wdc/dar11b.jpg HTTP/1.1" 200 37978 "https://ysfine.com/wdc/wasdc.html" "Mozilla/5.0 (Windows NT 10.0; Win64; x64) AppleWebKit/537.36 (KHTML, like Gecko) Chrome/109.0.0.0 Safari/537.36" "ysfine.com"
71.82.137.252 - - [25/Feb/2023:15:44:33 -0800] "GET /wdc/pulaski01b.jpg HTTP/1.1" 200 43884 "https://ysfine.com/wdc/wasdc.html" "Mozilla/5.0 (Windows NT 10.0; Win64; x64) AppleWebKit/537.36 (KHTML, like Gecko) Chrome/109.0.0.0 Safari/537.36" "ysfine.com"
71.82.137.252 - - [25/Feb/2023:15:44:33 -0800] "GET /style/kirovken22b.jpg HTTP/1.1" 200 36856 "https://ysfine.com/wdc/wasdc.html" "Mozilla/5.0 (Windows NT 10.0; Win64; x64) AppleWebKit/537.36 (KHTML, like Gecko) Chrome/109.0.0.0 Safari/537.36" "ysfine.com"
71.82.137.252 - - [25/Feb/2023:15:44:33 -0800] "GET /wdc/gtown03b.jpg HTTP/1.1" 200 50421 "https://ysfine.com/wdc/wasdc.html" "Mozilla/5.0 (Windows NT 10.0; Win64; x64) AppleWebKit/537.36 (KHTML, like Gecko) Chrome/109.0.0.0 Safari/537.36" "ysfine.com"
71.82.137.252 - - [25/Feb/2023:15:44:33 -0800] "GET /wdc/gtown32c.jpg HTTP/1.1" 200 40837 "https://ysfine.com/wdc/wasdc.html" "Mozilla/5.0 (Windows NT 10.0; Win64; x64) AppleWebKit/537.36 (KHTML, like Gecko) Chrome/109.0.0.0 Safari/537.36" "ysfine.com"
71.82.137.252 - - [25/Feb/2023:15:44:33 -0800] "GET /wdc/kennedyc17b.jpg HTTP/1.1" 200 38708 "https://ysfine.com/wdc/wasdc.html" "Mozilla/5.0 (Windows NT 10.0; Win64; x64) AppleWebKit/537.36 (KHTML, like Gecko) Chrome/109.0.0.0 Safari/537.36" "ysfine.com"
71.82.137.252 - - [25/Feb/2023:15:44:33 -0800] "GET /wdc/obelisk11b.jpg HTTP/1.1" 200 30019 "https://ysfine.com/wdc/wasdc.html" "Mozilla/5.0 (Windows NT 10.0; Win64; x64) AppleWebKit/537.36 (KHTML, like Gecko) Chrome/109.0.0.0 Safari/537.36" "ysfine.com"
71.82.137.252 - - [25/Feb/2023:15:44:33 -0800] "GET /wdc/kennedyc06b.jpg HTTP/1.1" 200 32476 "https://ysfine.com/wdc/wasdc.html" "Mozilla/5.0 (Windows NT 10.0; Win64; x64) AppleWebKit/537.36 (KHTML, like Gecko) Chrome/109.0.0.0 Safari/537.36" "ysfine.com"
71.82.137.252 - - [25/Feb/2023:15:44:33 -0800] "GET /wdc/gtown37c.jpg HTTP/1.1" 200 49301 "https://ysfine.com/wdc/wasdc.html" "Mozilla/5.0 (Windows NT 10.0; Win64; x64) AppleWebKit/537.36 (KHTML, like Gecko) Chrome/109.0.0.0 Safari/537.36" "ysfine.com"
71.82.137.252 - - [25/Feb/2023:15:44:33 -0800] "GET /wdc/whxmas/whxmas01b.jpg HTTP/1.1" 200 22089 "https://ysfine.com/wdc/wasdc.html" "Mozilla/5.0 (Windows NT 10.0; Win64; x64) AppleWebKit/537.36 (KHTML, like Gecko) Chrome/109.0.0.0 Safari/537.36" "ysfine.com"
71.82.137.252 - - [25/Feb/2023:15:44:33 -0800] "GET /maga/invent/marconi03b.jpg HTTP/1.1" 200 47650 "https://ysfine.com/wdc/wasdc.html" "Mozilla/5.0 (Windows NT 10.0; Win64; x64) AppleWebKit/537.36 (KHTML, like Gecko) Chrome/109.0.0.0 Safari/537.36" "ysfine.com"
71.82.137.252 - - [25/Feb/2023:15:44:33 -0800] "GET /wdc/gtown21b.jpg HTTP/1.1" 200 46138 "https://ysfine.com/wdc/wasdc.html" "Mozilla/5.0 (Windows NT 10.0; Win64; x64) AppleWebKit/537.36 (KHTML, like Gecko) Chrome/109.0.0.0 Safari/537.36" "ysfine.com"
71.82.137.252 - - [25/Feb/2023:15:44:33 -0800] "GET /wdc/willard33b.jpg HTTP/1.1" 200 42340 "https://ysfine.com/wdc/wasdc.html" "Mozilla/5.0 (Windows NT 10.0; Win64; x64) AppleWebKit/537.36 (KHTML, like Gecko) Chrome/109.0.0.0 Safari/537.36" "ysfine.com"
71.82.137.252 - - [25/Feb/2023:15:44:33 -0800] "GET /wdc/kennedyc05b.jpg HTTP/1.1" 200 26902 "https://ysfine.com/wdc/wasdc.html" "Mozilla/5.0 (Windows NT 10.0; Win64; x64) AppleWebKit/537.36 (KHTML, like Gecko) Chrome/109.0.0.0 Safari/537.36" "ysfine.com"
71.82.137.252 - - [25/Feb/2023:15:44:33 -0800] "GET /wdc/gtown24b.jpg HTTP/1.1" 200 35392 "https://ysfine.com/wdc/wasdc.html" "Mozilla/5.0 (Windows NT 10.0; Win64; x64) AppleWebKit/537.36 (KHTML, like Gecko) Chrome/109.0.0.0 Safari/537.36" "ysfine.com"
71.82.137.252 - - [25/Feb/2023:15:44:33 -0800] "GET /wdc/washmo07b.jpg HTTP/1.1" 200 34166 "https://ysfine.com/wdc/wasdc.html" "Mozilla/5.0 (Windows NT 10.0; Win64; x64) AppleWebKit/537.36 (KHTML, like Gecko) Chrome/109.0.0.0 Safari/537.36" "ysfine.com"
71.82.137.252 - - [25/Feb/2023:15:44:33 -0800] "GET /wdc/lincoln02b.jpg HTTP/1.1" 200 27630 "https://ysfine.com/wdc/wasdc.html" "Mozilla/5.0 (Windows NT 10.0; Win64; x64) AppleWebKit/537.36 (KHTML, like Gecko) Chrome/109.0.0.0 Safari/537.36" "ysfine.com"
71.82.137.252 - - [25/Feb/2023:15:44:33 -0800] "GET /wdc/eindc03b.jpg HTTP/1.1" 200 54447 "https://ysfine.com/wdc/wasdc.html" "Mozilla/5.0 (Windows NT 10.0; Win64; x64) AppleWebKit/537.36 (KHTML, like Gecko) Chrome/109.0.0.0 Safari/537.36" "ysfine.com"
71.82.137.252 - - [25/Feb/2023:15:44:33 -0800] "GET /wdc/gtown08b.jpg HTTP/1.1" 200 55792 "https://ysfine.com/wdc/wasdc.html" "Mozilla/5.0 (Windows NT 10.0; Win64; x64) AppleWebKit/537.36 (KHTML, like Gecko) Chrome/109.0.0.0 Safari/537.36" "ysfine.com"
71.82.137.252 - - [25/Feb/2023:15:44:33 -0800] "GET /wdc/anna05b.jpg HTTP/1.1" 200 39615 "https://ysfine.com/wdc/wasdc.html" "Mozilla/5.0 (Windows NT 10.0; Win64; x64) AppleWebKit/537.36 (KHTML, like Gecko) Chrome/109.0.0.0 Safari/537.36" "ysfine.com"
71.82.137.252 - - [25/Feb/2023:15:44:33 -0800] "GET /wdc/gtown15b.jpg HTTP/1.1" 200 38625 "https://ysfine.com/wdc/wasdc.html" "Mozilla/5.0 (Windows NT 10.0; Win64; x64) AppleWebKit/537.36 (KHTML, like Gecko) Chrome/109.0.0.0 Safari/537.36" "ysfine.com"
71.82.137.252 - - [25/Feb/2023:15:44:33 -0800] "GET /wdc/gtown23b.jpg HTTP/1.1" 200 37749 "https://ysfine.com/wdc/wasdc.html" "Mozilla/5.0 (Windows NT 10.0; Win64; x64) AppleWebKit/537.36 (KHTML, like Gecko) Chrome/109.0.0.0 Safari/537.36" "ysfine.com"
71.82.137.252 - - [25/Feb/2023:15:44:33 -0800] "GET /wdc/ncath11c.jpg HTTP/1.1" 200 27058 "https://ysfine.com/wdc/wasdc.html" "Mozilla/5.0 (Windows NT 10.0; Win64; x64) AppleWebKit/537.36 (KHTML, like Gecko) Chrome/109.0.0.0 Safari/537.36" "ysfine.com"
71.82.137.252 - - [25/Feb/2023:15:44:37 -0800] "GET /favicon.ico HTTP/1.1" 404 88 "https://ysfine.com/wdc/wasdc.html" "Mozilla/5.0 (Windows NT 10.0; Win64; x64) AppleWebKit/537.36 (KHTML, like Gecko) Chrome/109.0.0.0 Safari/537.36" "ysfine.com"
64.124.8.29 - - [25/Feb/2023:15:44:42 -0800] "GET /world/russ/protvi01.jpg HTTP/1.1" 200 102406 "-" "Mozilla/5.0 (Macintosh; Intel Mac OS X 10_15_7) AppleWebKit/537.36 (KHTML, like Gecko) Chrome/107.0.0.0 Safari/537.36" "www.ysfine.com"
216.244.66.229 - - [25/Feb/2023:15:44:47 -0800] "GET /world/russ/spbf21.jpg HTTP/1.1" 200 277590 "-" "Mozilla/5.0 (compatible; DotBot/1.2; +https://opensiteexplorer.org/dotbot; help@moz.com)" "ysfine.com"
3.145.140.92 - - [25/Feb/2023:15:44:58 -0800] "GET /ads.txt HTTP/1.1" 404 88 "http://ysfine.com/ads.txt" "AdsTxtCrawler/1.0; +https://github.com/InteractiveAdvertisingBureau/adstxtcrawler" "ysfine.com"
207.46.13.223 - - [25/Feb/2023:15:45:24 -0800] "GET /princeton/brooke56.jpg HTTP/1.1" 200 105139 "-" "Mozilla/5.0 AppleWebKit/537.36 (KHTML, like Gecko; compatible; bingbot/2.0; +http://www.bing.com/bingbot.htm) Chrome/103.0.5060.134 Safari/537.36" "www.ysfine.com"
216.244.66.229 - - [25/Feb/2023:15:45:37 -0800] "GET /world/russ/zul22.jpg HTTP/1.1" 200 76345 "-" "Mozilla/5.0 (compatible; DotBot/1.2; +https://opensiteexplorer.org/dotbot; help@moz.com)" "ysfine.com"
64.124.8.53 - - [25/Feb/2023:15:45:45 -0800] "GET /ysbio/world/russ/kazan004.jpg HTTP/1.1" 404 88 "-" "Mozilla/5.0 (Macintosh; Intel Mac OS X 10_15_7) AppleWebKit/537.36 (KHTML, like Gecko) Chrome/107.0.0.0 Safari/537.36" "ysfine.com"
64.124.8.55 - - [25/Feb/2023:15:45:58 -0800] "GET /ysbio/world/russ/masha55.jpg HTTP/1.1" 404 88 "-" "Mozilla/5.0 (Macintosh; Intel Mac OS X 10_15_7) AppleWebKit/537.36 (KHTML, like Gecko) Chrome/107.0.0.0 Safari/537.36" "www.ysfine.com"
216.244.66.229 - - [25/Feb/2023:15:46:28 -0800] "GET /yspapers/little22.pdf HTTP/1.1" 200 2659296 "-" "Mozilla/5.0 (compatible; DotBot/1.2; +https://opensiteexplorer.org/dotbot; help@moz.com)" "ysfine.com"
71.82.137.252 - - [25/Feb/2023:15:46:33 -0800] "GET /style/smithonian.jpg HTTP/1.1" 200 88645 "https://www.google.com/" "Mozilla/5.0 (Windows NT 10.0; Win64; x64) AppleWebKit/537.36 (KHTML, like Gecko) Chrome/109.0.0.0 Safari/537.36" "ysfine.com"
64.124.8.50 - - [25/Feb/2023:15:46:41 -0800] "GET /ysbio/world/scandi/vaxfree22.jpg HTTP/1.1" 404 88 "-" "Mozilla/5.0 (Macintosh; Intel Mac OS X 10_15_7) AppleWebKit/537.36 (KHTML, like Gecko) Chrome/107.0.0.0 Safari/537.36" "www.ysfine.com"
216.244.66.229 - - [25/Feb/2023:15:47:18 -0800] "GET /yspapers/newphys75.pdf HTTP/1.1" 200 264527 "-" "Mozilla/5.0 (compatible; DotBot/1.2; +https://opensiteexplorer.org/dotbot; help@moz.com)" "ysfine.com"
52.167.144.35 - - [25/Feb/2023:15:47:23 -0800] "GET /world/brit/embassy05.jpg HTTP/1.1" 200 181983 "-" "Mozilla/5.0 AppleWebKit/537.36 (KHTML, like Gecko; compatible; bingbot/2.0; +http://www.bing.com/bingbot.htm) Chrome/103.0.5060.134 Safari/537.36" "ysfine.com"
64.124.8.48 - - [25/Feb/2023:15:47:47 -0800] "GET /world/scandi/sto028.jpg HTTP/1.1" 200 72632 "-" "Mozilla/5.0 (Macintosh; Intel Mac OS X 10_15_7) AppleWebKit/537.36 (KHTML, like Gecko) Chrome/107.0.0.0 Safari/537.36" "www.ysfine.com"
216.244.66.229 - - [25/Feb/2023:15:48:08 -0800] "GET /class54/class5470/total_data/sub_219.htm HTTP/1.1" 200 14811 "-" "Mozilla/5.0 (compatible; DotBot/1.2; +https://opensiteexplorer.org/dotbot; help@moz.com)" "www.ysfine.com"
86.55.101.167 - - [25/Feb/2023:15:48:33 -0800] "GET / HTTP/1.1" 200 5300 "-" "Mozilla/5.0 (iPhone; CPU iPhone OS 6_1_3 like Mac OS X) AppleWebKit/536.26 (KHTML, like Gecko) Version/6.0 Mobile/10B329 Safari/8536.25" "ysfine.com"
31.2.220.130 - - [25/Feb/2023:15:48:33 -0800] "GET /robots.txt HTTP/1.1" 404 88 "-" "Mozilla/5.0 (Linux; Android 4.4.3; KFAPWI Build/KTU84M) AppleWebKit/537.36 (KHTML, like Gecko) Silk/44.1.81 like Chrome/44.0.2403.128 Safari/537.36" "ysfine.com"
216.244.66.229 - - [25/Feb/2023:15:48:38 -0800] "GET /class54/class5470/total_data/sub_289.htm HTTP/1.1" 200 14469 "-" "Mozilla/5.0 (compatible; DotBot/1.2; +https://opensiteexplorer.org/dotbot; help@moz.com)" "www.ysfine.com"
216.244.66.229 - - [25/Feb/2023:15:49:06 -0800] "GET /dirac/hazi.jpg HTTP/1.1" 200 68959 "-" "Mozilla/5.0 (compatible; DotBot/1.2; +https://opensiteexplorer.org/dotbot; help@moz.com)" "www.ysfine.com"
173.252.83.10 - - [25/Feb/2023:15:49:17 -0800] "GET /world/france/parisf01c.jpg HTTP/1.1" 200 40935 "-" "facebookexternalhit/1.1 (+http://www.facebook.com/externalhit_uatext.php)" "ysfine.com"
64.124.8.48 - - [25/Feb/2023:15:49:22 -0800] "GET /ffriends/ukrabuda01.jpg HTTP/1.1" 200 111465 "-" "Mozilla/5.0 (Macintosh; Intel Mac OS X 10_15_7) AppleWebKit/537.36 (KHTML, like Gecko) Chrome/107.0.0.0 Safari/537.36" "ysfine.com"
84.115.209.129 - - [25/Feb/2023:15:49:36 -0800] "GET /einstein/einbohr33.jpg HTTP/1.1" 200 87797 "https://www.google.com/" "Mozilla/5.0 (X11; Ubuntu; Linux x86_64; rv:109.0) Gecko/20100101 Firefox/110.0" "ysfine.com"
71.82.137.252 - - [25/Feb/2023:15:49:40 -0800] "GET /wdc/jeffm02.jpg HTTP/1.1" 200 56769 "https://ysfine.com/wdc/wasdc.html" "Mozilla/5.0 (Windows NT 10.0; Win64; x64) AppleWebKit/537.36 (KHTML, like Gecko) Chrome/109.0.0.0 Safari/537.36" "ysfine.com"
40.77.167.238 - - [25/Feb/2023:15:50:05 -0800] "GET /kowar/war02.html HTTP/1.1" 200 9935 "-" "Mozilla/5.0 AppleWebKit/537.36 (KHTML, like Gecko; compatible; bingbot/2.0; +http://www.bing.com/bingbot.htm) Chrome/103.0.5060.134 Safari/537.36" "ysfine.com"
207.46.13.223 - - [25/Feb/2023:15:50:35 -0800] "GET /world/index.html HTTP/1.1" 200 123 "-" "Mozilla/5.0 AppleWebKit/537.36 (KHTML, like Gecko; compatible; bingbot/2.0; +http://www.bing.com/bingbot.htm) Chrome/103.0.5060.134 Safari/537.36" "ysfine.com"
64.124.8.29 - - [25/Feb/2023:15:50:42 -0800] "GET /wdc/kobell15.jpg HTTP/1.1" 200 101977 "-" "Mozilla/5.0 (Macintosh; Intel Mac OS X 10_15_7) AppleWebKit/537.36 (KHTML, like Gecko) Chrome/107.0.0.0 Safari/537.36" "ysfine.com"
173.252.83.116 - - [25/Feb/2023:15:50:43 -0800] "GET /usca/pitt/carnlab11b.jpg HTTP/1.1" 200 32622 "-" "facebookexternalhit/1.1 (+http://www.facebook.com/externalhit_uatext.php)" "ysfine.com"
40.77.167.178 - - [25/Feb/2023:15:50:48 -0800] "GET /world/wdtop.html HTTP/1.1" 200 388 "-" "Mozilla/5.0 AppleWebKit/537.36 (KHTML, like Gecko; compatible; bingbot/2.0; +http://www.bing.com/bingbot.htm) Chrome/103.0.5060.134 Safari/537.36" "ysfine.com"
207.46.13.220 - - [25/Feb/2023:15:50:53 -0800] "GET /world/wdbot.html HTTP/1.1" 200 131 "-" "Mozilla/5.0 AppleWebKit/537.36 (KHTML, like Gecko; compatible; bingbot/2.0; +http://www.bing.com/bingbot.htm) Chrome/103.0.5060.134 Safari/537.36" "ysfine.com"
31.2.136.31 - - [25/Feb/2023:15:51:00 -0800] "GET /robots.txt HTTP/1.1" 404 88 "-" "Mozilla/5.0 ArchLinux (X11; U; Linux x86_64; en-US) AppleWebKit/534.30 (KHTML, like Gecko) Chrome/12.0.742.100 Safari/534.30" "ysfine.com"
91.133.214.111 - - [25/Feb/2023:15:51:01 -0800] "GET / HTTP/1.1" 200 5300 "-" "Mozilla/5.0 (Linux; Android 4.4.3; KFAPWI Build/KTU84M) AppleWebKit/537.36 (KHTML, like Gecko) Silk/44.1.81 like Chrome/44.0.2403.128 Safari/537.36" "ysfine.com"
64.124.8.54 - - [25/Feb/2023:15:51:26 -0800] "GET /ysbio/world/israel/jeru03.jpg HTTP/1.1" 404 88 "-" "Mozilla/5.0 (Macintosh; Intel Mac OS X 10_15_7) AppleWebKit/537.36 (KHTML, like Gecko) Chrome/107.0.0.0 Safari/537.36" "www.ysfine.com"
64.124.8.57 - - [25/Feb/2023:15:51:33 -0800] "GET /kobak/church02.jpg HTTP/1.1" 200 89726 "-" "Mozilla/5.0 (Macintosh; Intel Mac OS X 10_15_7) AppleWebKit/537.36 (KHTML, like Gecko) Chrome/107.0.0.0 Safari/537.36" "ysfine.com"
173.252.83.117 - - [25/Feb/2023:15:51:53 -0800] "GET /wdc/whouse05.jpg HTTP/1.1" 200 75352 "-" "facebookexternalhit/1.1 (+http://www.facebook.com/externalhit_uatext.php)" "ysfine.com"
40.77.167.238 - - [25/Feb/2023:15:52:35 -0800] "GET /world/china/china018b.jpg HTTP/1.1" 200 38858 "-" "Mozilla/5.0 AppleWebKit/537.36 (KHTML, like Gecko; compatible; bingbot/2.0; +http://www.bing.com/bingbot.htm) Chrome/103.0.5060.134 Safari/537.36" "ysfine.com"
64.124.8.50 - - [25/Feb/2023:15:53:32 -0800] "GET /world/france/stras30.jpg HTTP/1.1" 200 161782 "-" "Mozilla/5.0 (Macintosh; Intel Mac OS X 10_15_7) AppleWebKit/537.36 (KHTML, like Gecko) Chrome/107.0.0.0 Safari/537.36" "ysfine.com"
64.124.8.28 - - [25/Feb/2023:15:53:47 -0800] "GET /world/russ/mosf54.jpg HTTP/1.1" 200 205674 "-" "Mozilla/5.0 (Macintosh; Intel Mac OS X 10_15_7) AppleWebKit/537.36 (KHTML, like Gecko) Chrome/107.0.0.0 Safari/537.36" "ysfine.com"
64.124.8.49 - - [25/Feb/2023:15:53:51 -0800] "GET /einstein/places/einha26.jpg HTTP/1.1" 200 108152 "-" "Mozilla/5.0 (Macintosh; Intel Mac OS X 10_15_7) AppleWebKit/537.36 (KHTML, like Gecko) Chrome/107.0.0.0 Safari/537.36" "ysfine.com"
64.124.8.28 - - [25/Feb/2023:15:53:57 -0800] "GET /world/germany/benz13.jpg HTTP/1.1" 200 103872 "-" "Mozilla/5.0 (Macintosh; Intel Mac OS X 10_15_7) AppleWebKit/537.36 (KHTML, like Gecko) Chrome/107.0.0.0 Safari/537.36" "ysfine.com"
64.124.8.54 - - [25/Feb/2023:15:54:07 -0800] "GET /ysbio/world/france/sartsq07.jpg HTTP/1.1" 404 88 "-" "Mozilla/5.0 (Macintosh; Intel Mac OS X 10_15_7) AppleWebKit/537.36 (KHTML, like Gecko) Chrome/107.0.0.0 Safari/537.36" "www.ysfine.com"
5.52.245.119 - - [25/Feb/2023:15:54:43 -0800] "GET /robots.txt HTTP/1.1" 404 88 "-" "Mozilla/5.0 (X11; Linux i686) AppleWebKit/537.36 (KHTML, like Gecko) Ubuntu Chromium/37.0.2062.120 Chrome/37.0.2062.120 Safari/537.36" "ysfine.com"
5.52.222.148 - - [25/Feb/2023:15:54:43 -0800] "GET / HTTP/1.1" 200 5300 "-" "Mozilla/5.0 (iPad; CPU OS 8_4 like Mac OS X) AppleWebKit/600.1.4 (KHTML, like Gecko) GSA/7.0.55539 Mobile/12H143 Safari/600.1.4" "ysfine.com"
64.124.8.53 - - [25/Feb/2023:15:55:26 -0800] "GET /newyork/gwbr88.jpg HTTP/1.1" 200 611859 "-" "Mozilla/5.0 (Macintosh; Intel Mac OS X 10_15_7) AppleWebKit/537.36 (KHTML, like Gecko) Chrome/107.0.0.0 Safari/537.36" "www.ysfine.com"
73.166.246.206 - - [25/Feb/2023:15:55:41 -0800] "GET /world/china/china006b.gif HTTP/1.1" 200 16880 "https://images.search.yahoo.com/search/images;_ylt=Awrij3lAn_pjHUwdaTOJzbkF;_ylu=c2VjA3NlYXJjaARzbGsDYnV0dG9u;_ylc=X1MDOTYwNjI4NTcEX3IDMgRmcgNtY2FmZWUEZnIyA3A6cyx2OmksbTpzYi10b3AEZ3ByaWQDY1plZ2t1R1hTYzJpdWY2eHJYVmMwQQRuX3JzbHQDMARuX3N1Z2cDMwRvcmlnaW4DaW1hZ2VzLnNlYXJjaC55YWhvby5jb20EcG9zAzAEcHFzdHIDBHBxc3RybAMwBHFzdHJsAzI5BHF1ZXJ5A3doZXJlJTIwaXMlMjBncmFuZCUyMGNhbmFsJTIwb24lMjBhJTIwbWFvBHRfc3RtcAMxNjc3MzY5MzI4?p=where+is+grand+canal+on+a+mao&fr=mcafee&fr2=p%3As%2Cv%3Ai%2Cm%3Asb-top&ei=UTF-8&x=wrt&type=E211US1250G0" "Mozilla/5.0 (Windows NT 10.0; Win64; x64) AppleWebKit/537.36 (KHTML, like Gecko) Chrome/110.0.0.0 Safari/537.36" "ysfine.com"
185.184.157.94 - - [25/Feb/2023:15:55:54 -0800] "GET / HTTP/1.1" 200 5300 "-" "Mozilla/5.0 (compatible; linkdexbot/2.0; +http://www.linkdex.com/bots/)" "ysfine.com"
64.124.8.50 - - [25/Feb/2023:15:56:50 -0800] "GET /ysbio/maga/phys/farad11.jpg HTTP/1.1" 404 88 "-" "Mozilla/5.0 (Macintosh; Intel Mac OS X 10_15_7) AppleWebKit/537.36 (KHTML, like Gecko) Chrome/107.0.0.0 Safari/537.36" "ysfine.com"
20.73.202.147 - - [25/Feb/2023:15:56:52 -0800] "GET /wigner/neum/ymath.jpg HTTP/1.1" 200 64930 "-" "DuckDuckBot/1.1; (+http://duckduckgo.com/duckduckbot.html)" "ysfine.com"
64.124.8.50 - - [25/Feb/2023:15:57:03 -0800] "GET /usca/pitt/cmall04a.jpg HTTP/1.1" 200 77666 "-" "Mozilla/5.0 (Macintosh; Intel Mac OS X 10_15_7) AppleWebKit/537.36 (KHTML, like Gecko) Chrome/107.0.0.0 Safari/537.36" "ysfine.com"
52.167.144.62 - - [25/Feb/2023:15:58:21 -0800] "GET /bio/style/proschanie.html HTTP/1.1" 404 88 "-" "Mozilla/5.0 AppleWebKit/537.36 (KHTML, like Gecko; compatible; bingbot/2.0; +http://www.bing.com/bingbot.htm) Chrome/103.0.5060.134 Safari/537.36" "ysfine.com"
173.252.83.118 - - [25/Feb/2023:15:59:14 -0800] "GET /kobak/arisaka99b.jpg HTTP/1.1" 200 48028 "-" "facebookexternalhit/1.1 (+http://www.facebook.com/externalhit_uatext.php)" "ysfine.com"
64.124.8.55 - - [25/Feb/2023:16:00:13 -0800] "GET /maga/phys/yukadance.jpg HTTP/1.1" 200 202149 "-" "Mozilla/5.0 (Macintosh; Intel Mac OS X 10_15_7) AppleWebKit/537.36 (KHTML, like Gecko) Chrome/107.0.0.0 Safari/537.36" "www.ysfine.com"
67.243.220.234 - - [25/Feb/2023:16:00:13 -0800] "GET /world/brit/etonharrow.html HTTP/1.1" 200 4544 "https://www.google.com/" "Mozilla/5.0 (Windows NT 10.0; Win64; x64) AppleWebKit/537.36 (KHTML, like Gecko) Chrome/109.0.0.0 Safari/537.36" "ysfine.com"
67.243.220.234 - - [25/Feb/2023:16:00:13 -0800] "GET /world/brit/nehru11b.jpg HTTP/1.1" 200 43052 "https://ysfine.com/world/brit/etonharrow.html" "Mozilla/5.0 (Windows NT 10.0; Win64; x64) AppleWebKit/537.36 (KHTML, like Gecko) Chrome/109.0.0.0 Safari/537.36" "ysfine.com"
67.243.220.234 - - [25/Feb/2023:16:00:13 -0800] "GET /world/brit/winston01b.jpg HTTP/1.1" 200 38436 "https://ysfine.com/world/brit/etonharrow.html" "Mozilla/5.0 (Windows NT 10.0; Win64; x64) AppleWebKit/537.36 (KHTML, like Gecko) Chrome/109.0.0.0 Safari/537.36" "ysfine.com"
67.243.220.234 - - [25/Feb/2023:16:00:13 -0800] "GET /kobak/kwk11b.jpg HTTP/1.1" 200 46888 "https://ysfine.com/world/brit/etonharrow.html" "Mozilla/5.0 (Windows NT 10.0; Win64; x64) AppleWebKit/537.36 (KHTML, like Gecko) Chrome/109.0.0.0 Safari/537.36" "ysfine.com"
67.243.220.234 - - [25/Feb/2023:16:00:13 -0800] "GET /world/brit/windsor02b.jpg HTTP/1.1" 200 40724 "https://ysfine.com/world/brit/etonharrow.html" "Mozilla/5.0 (Windows NT 10.0; Win64; x64) AppleWebKit/537.36 (KHTML, like Gecko) Chrome/109.0.0.0 Safari/537.36" "ysfine.com"
67.243.220.234 - - [25/Feb/2023:16:00:13 -0800] "GET /world/brit/harrow01b.jpg HTTP/1.1" 200 54632 "https://ysfine.com/world/brit/etonharrow.html" "Mozilla/5.0 (Windows NT 10.0; Win64; x64) AppleWebKit/537.36 (KHTML, like Gecko) Chrome/109.0.0.0 Safari/537.36" "ysfine.com"
67.243.220.234 - - [25/Feb/2023:16:00:14 -0800] "GET /eink/pwk19c.jpg HTTP/1.1" 200 57759 "https://ysfine.com/world/brit/etonharrow.html" "Mozilla/5.0 (Windows NT 10.0; Win64; x64) AppleWebKit/537.36 (KHTML, like Gecko) Chrome/109.0.0.0 Safari/537.36" "ysfine.com"
67.243.220.234 - - [25/Feb/2023:16:00:14 -0800] "GET /kobak/taylor33c.jpg HTTP/1.1" 200 39951 "https://ysfine.com/world/brit/etonharrow.html" "Mozilla/5.0 (Windows NT 10.0; Win64; x64) AppleWebKit/537.36 (KHTML, like Gecko) Chrome/109.0.0.0 Safari/537.36" "ysfine.com"
67.243.220.234 - - [25/Feb/2023:16:00:14 -0800] "GET /world/brit/harrow09b.jpg HTTP/1.1" 200 48797 "https://ysfine.com/world/brit/etonharrow.html" "Mozilla/5.0 (Windows NT 10.0; Win64; x64) AppleWebKit/537.36 (KHTML, like Gecko) Chrome/109.0.0.0 Safari/537.36" "ysfine.com"
67.243.220.234 - - [25/Feb/2023:16:00:13 -0800] "GET /world/brit/eton03b.jpg HTTP/1.1" 200 45141 "https://ysfine.com/world/brit/etonharrow.html" "Mozilla/5.0 (Windows NT 10.0; Win64; x64) AppleWebKit/537.36 (KHTML, like Gecko) Chrome/109.0.0.0 Safari/537.36" "ysfine.com"
67.243.220.234 - - [25/Feb/2023:16:00:13 -0800] "GET /world/brit/eton01b.jpg HTTP/1.1" 200 47771 "https://ysfine.com/world/brit/etonharrow.html" "Mozilla/5.0 (Windows NT 10.0; Win64; x64) AppleWebKit/537.36 (KHTML, like Gecko) Chrome/109.0.0.0 Safari/537.36" "ysfine.com"
67.243.220.234 - - [25/Feb/2023:16:00:14 -0800] "GET /world/brit/eton07b.jpg HTTP/1.1" 200 36566 "https://ysfine.com/world/brit/etonharrow.html" "Mozilla/5.0 (Windows NT 10.0; Win64; x64) AppleWebKit/537.36 (KHTML, like Gecko) Chrome/109.0.0.0 Safari/537.36" "ysfine.com"
67.243.220.234 - - [25/Feb/2023:16:00:14 -0800] "GET /world/brit/eton02b.jpg HTTP/1.1" 200 39432 "https://ysfine.com/world/brit/etonharrow.html" "Mozilla/5.0 (Windows NT 10.0; Win64; x64) AppleWebKit/537.36 (KHTML, like Gecko) Chrome/109.0.0.0 Safari/537.36" "ysfine.com"
67.243.220.234 - - [25/Feb/2023:16:00:14 -0800] "GET /world/brit/harrow11b.jpg HTTP/1.1" 200 42533 "https://ysfine.com/world/brit/etonharrow.html" "Mozilla/5.0 (Windows NT 10.0; Win64; x64) AppleWebKit/537.36 (KHTML, like Gecko) Chrome/109.0.0.0 Safari/537.36" "ysfine.com"
67.243.220.234 - - [25/Feb/2023:16:00:14 -0800] "GET /world/brit/harrow12b.jpg HTTP/1.1" 200 45104 "https://ysfine.com/world/brit/etonharrow.html" "Mozilla/5.0 (Windows NT 10.0; Win64; x64) AppleWebKit/537.36 (KHTML, like Gecko) Chrome/109.0.0.0 Safari/537.36" "ysfine.com"
67.243.220.234 - - [25/Feb/2023:16:00:14 -0800] "GET /world/brit/harrow04b.jpg HTTP/1.1" 200 48004 "https://ysfine.com/world/brit/etonharrow.html" "Mozilla/5.0 (Windows NT 10.0; Win64; x64) AppleWebKit/537.36 (KHTML, like Gecko) Chrome/109.0.0.0 Safari/537.36" "ysfine.com"
67.243.220.234 - - [25/Feb/2023:16:00:14 -0800] "GET /favicon.ico HTTP/1.1" 404 88 "https://ysfine.com/world/brit/etonharrow.html" "Mozilla/5.0 (Windows NT 10.0; Win64; x64) AppleWebKit/537.36 (KHTML, like Gecko) Chrome/109.0.0.0 Safari/537.36" "ysfine.com"
71.178.208.102 - - [25/Feb/2023:16:00:29 -0800] "GET /fdx/chungwha23.jpg HTTP/1.1" 401 90 "-" "Mozilla/5.0 (Linux; Android 5.1.1; KFSUWI) AppleWebKit/537.36 (KHTML, like Gecko) Silk/108.2.18 like Chrome/108.0.5359.220 Safari/537.36" "ysfine.com"
71.178.208.102 - jakd [25/Feb/2023:16:00:52 -0800] "GET /fdx/chungwha23.jpg HTTP/1.1" 401 90 "-" "Mozilla/5.0 (Linux; Android 5.1.1; KFSUWI) AppleWebKit/537.36 (KHTML, like Gecko) Silk/108.2.18 like Chrome/108.0.5359.220 Safari/537.36" "ysfine.com"
71.178.208.102 - jake [25/Feb/2023:16:01:20 -0800] "GET /fdx/chungwha23.jpg HTTP/1.1" 200 173020 "-" "Mozilla/5.0 (Linux; Android 5.1.1; KFSUWI) AppleWebKit/537.36 (KHTML, like Gecko) Silk/108.2.18 like Chrome/108.0.5359.220 Safari/537.36" "ysfine.com"
64.124.8.55 - - [25/Feb/2023:16:01:37 -0800] "GET /sbk/1968rocky11.jpg HTTP/1.1" 200 147901 "-" "Mozilla/5.0 (Macintosh; Intel Mac OS X 10_15_7) AppleWebKit/537.36 (KHTML, like Gecko) Chrome/107.0.0.0 Safari/537.36" "www.ysfine.com"
64.124.8.55 - - [25/Feb/2023:16:01:52 -0800] "GET /world/scandi/copen038.jpg HTTP/1.1" 200 102032 "-" "Mozilla/5.0 (Macintosh; Intel Mac OS X 10_15_7) AppleWebKit/537.36 (KHTML, like Gecko) Chrome/107.0.0.0 Safari/537.36" "www.ysfine.com"
67.243.220.234 - - [25/Feb/2023:16:01:57 -0800] "GET / HTTP/1.1" 200 5300 "-" "Mozilla/5.0 (Windows NT 10.0; Win64; x64) AppleWebKit/537.36 (KHTML, like Gecko) Chrome/109.0.0.0 Safari/537.36" "ysfine.com"
67.243.220.234 - - [25/Feb/2023:16:01:57 -0800] "GET /home/eink450.jpg HTTP/1.1" 200 66794 "https://ysfine.com/" "Mozilla/5.0 (Windows NT 10.0; Win64; x64) AppleWebKit/537.36 (KHTML, like Gecko) Chrome/109.0.0.0 Safari/537.36" "ysfine.com"
67.243.220.234 - - [25/Feb/2023:16:01:57 -0800] "GET /home/top21d.jpg HTTP/1.1" 200 74409 "https://ysfine.com/" "Mozilla/5.0 (Windows NT 10.0; Win64; x64) AppleWebKit/537.36 (KHTML, like Gecko) Chrome/109.0.0.0 Safari/537.36" "ysfine.com"
67.243.220.234 - - [25/Feb/2023:16:01:58 -0800] "GET /eink/ewk86f.jpg HTTP/1.1" 200 122173 "https://ysfine.com/" "Mozilla/5.0 (Windows NT 10.0; Win64; x64) AppleWebKit/537.36 (KHTML, like Gecko) Chrome/109.0.0.0 Safari/537.36" "ysfine.com"
67.243.220.234 - - [25/Feb/2023:16:01:58 -0800] "GET /home/facu450.jpg HTTP/1.1" 200 74535 "https://ysfine.com/" "Mozilla/5.0 (Windows NT 10.0; Win64; x64) AppleWebKit/537.36 (KHTML, like Gecko) Chrome/109.0.0.0 Safari/537.36" "ysfine.com"
67.243.220.234 - - [25/Feb/2023:16:01:58 -0800] "GET /home/eindc03d.jpg HTTP/1.1" 200 95860 "https://ysfine.com/" "Mozilla/5.0 (Windows NT 10.0; Win64; x64) AppleWebKit/537.36 (KHTML, like Gecko) Chrome/109.0.0.0 Safari/537.36" "ysfine.com"
67.243.220.234 - - [25/Feb/2023:16:01:58 -0800] "GET /home/1987pr22d.jpg HTTP/1.1" 200 66428 "https://ysfine.com/" "Mozilla/5.0 (Windows NT 10.0; Win64; x64) AppleWebKit/537.36 (KHTML, like Gecko) Chrome/109.0.0.0 Safari/537.36" "ysfine.com"
67.243.220.234 - - [25/Feb/2023:16:01:58 -0800] "GET /home/goodbad450.jpg HTTP/1.1" 200 32258 "https://ysfine.com/" "Mozilla/5.0 (Windows NT 10.0; Win64; x64) AppleWebKit/537.36 (KHTML, like Gecko) Chrome/109.0.0.0 Safari/537.36" "ysfine.com"
67.243.220.234 - - [25/Feb/2023:16:01:58 -0800] "GET /home/truck450.jpg HTTP/1.1" 200 42871 "https://ysfine.com/" "Mozilla/5.0 (Windows NT 10.0; Win64; x64) AppleWebKit/537.36 (KHTML, like Gecko) Chrome/109.0.0.0 Safari/537.36" "ysfine.com"
67.243.220.234 - - [25/Feb/2023:16:01:58 -0800] "GET /home/washmo23d.jpg HTTP/1.1" 200 32142 "https://ysfine.com/" "Mozilla/5.0 (Windows NT 10.0; Win64; x64) AppleWebKit/537.36 (KHTML, like Gecko) Chrome/109.0.0.0 Safari/537.36" "ysfine.com"
67.243.220.234 - - [25/Feb/2023:16:01:58 -0800] "GET /home/eink54f.jpg HTTP/1.1" 200 96332 "https://ysfine.com/" "Mozilla/5.0 (Windows NT 10.0; Win64; x64) AppleWebKit/537.36 (KHTML, like Gecko) Chrome/109.0.0.0 Safari/537.36" "ysfine.com"
67.243.220.234 - - [25/Feb/2023:16:01:58 -0800] "GET /home/taylor500.jpg HTTP/1.1" 200 79197 "https://ysfine.com/" "Mozilla/5.0 (Windows NT 10.0; Win64; x64) AppleWebKit/537.36 (KHTML, like Gecko) Chrome/109.0.0.0 Safari/537.36" "ysfine.com"
