51.222.253.5 - - [25/Feb/2023:18:53:26 -0800] "GET /einstein/fantova/fantova.html HTTP/1.1" 200 6506 "-" "Mozilla/5.0 (compatible; AhrefsBot/7.0; +http://ahrefs.com/robot/)" "www.ysfine.com"
51.222.253.19 - - [25/Feb/2023:18:53:28 -0800] "GET /einstein/fantova/fanto11.jpg HTTP/1.1" 200 16170 "-" "Mozilla/5.0 (compatible; AhrefsBot/7.0; +http://ahrefs.com/robot/)" "www.ysfine.com"
51.222.253.15 - - [25/Feb/2023:18:53:28 -0800] "GET /einstein/fantova/07.gif HTTP/1.1" 200 3320 "-" "Mozilla/5.0 (compatible; AhrefsBot/7.0; +http://ahrefs.com/robot/)" "www.ysfine.com"
51.222.253.20 - - [25/Feb/2023:18:53:29 -0800] "GET /einstein/fantova/Princeton%20-%20Weekly%20Bulletin%2004-26-04%20-%20Newly%20discovered%20diary%20chronicles%20Einstein's%20last%20years_files/pwb.css HTTP/1.1" 404 88 "-" "Mozilla/5.0 (compatible; AhrefsBot/7.0; +http://ahrefs.com/robot/)" "www.ysfine.com"
51.222.253.11 - - [25/Feb/2023:18:53:30 -0800] "GET /einstein/fantova/s06.gif HTTP/1.1" 200 940 "-" "Mozilla/5.0 (compatible; AhrefsBot/7.0; +http://ahrefs.com/robot/)" "www.ysfine.com"
64.124.8.28 - - [25/Feb/2023:18:53:31 -0800] "GET /ysbio/princeton/nasshall03.jpg HTTP/1.1" 404 88 "-" "Mozilla/5.0 (Macintosh; Intel Mac OS X 10_15_7) AppleWebKit/537.36 (KHTML, like Gecko) Chrome/107.0.0.0 Safari/537.36" "ysfine.com"
216.244.66.229 - - [25/Feb/2023:18:53:33 -0800] "GET /usca/pitt/fortpitt03.jpg HTTP/1.1" 200 141783 "-" "Mozilla/5.0 (compatible; DotBot/1.2; +https://opensiteexplorer.org/dotbot; help@moz.com)" "ysfine.com"
64.124.8.57 - - [25/Feb/2023:18:54:13 -0800] "GET /world/brit/dunf11.jpg HTTP/1.1" 200 85074 "-" "Mozilla/5.0 (Macintosh; Intel Mac OS X 10_15_7) AppleWebKit/537.36 (KHTML, like Gecko) Chrome/107.0.0.0 Safari/537.36" "ysfine.com"
52.167.144.62 - - [25/Feb/2023:18:54:17 -0800] "GET /bio/articles/illusf.pdf HTTP/1.1" 404 88 "-" "Mozilla/5.0 AppleWebKit/537.36 (KHTML, like Gecko; compatible; bingbot/2.0; +http://www.bing.com/bingbot.htm) Chrome/103.0.5060.134 Safari/537.36" "www.ysfine.com"
216.244.66.229 - - [25/Feb/2023:18:54:23 -0800] "GET /world/russ/volga16.jpg HTTP/1.1" 200 107744 "-" "Mozilla/5.0 (compatible; DotBot/1.2; +https://opensiteexplorer.org/dotbot; help@moz.com)" "ysfine.com"
173.252.83.8 - - [25/Feb/2023:18:55:06 -0800] "GET /ffriends/austristu01b.jpg HTTP/1.1" 200 63435 "-" "facebookexternalhit/1.1 (+http://www.facebook.com/externalhit_uatext.php)" "ysfine.com"
216.244.66.229 - - [25/Feb/2023:18:55:14 -0800] "GET /wdc/usna24.jpg HTTP/1.1" 200 127186 "-" "Mozilla/5.0 (compatible; DotBot/1.2; +https://opensiteexplorer.org/dotbot; help@moz.com)" "www.ysfine.com"
64.124.8.54 - - [25/Feb/2023:18:55:16 -0800] "GET /ffriends/russberlin02.jpg HTTP/1.1" 200 128537 "-" "Mozilla/5.0 (Macintosh; Intel Mac OS X 10_15_7) AppleWebKit/537.36 (KHTML, like Gecko) Chrome/107.0.0.0 Safari/537.36" "ysfine.com"
173.252.83.10 - - [25/Feb/2023:18:55:31 -0800] "GET /world/france/nice302b.jpg HTTP/1.1" 200 52446 "-" "facebookexternalhit/1.1 (+http://www.facebook.com/externalhit_uatext.php)" "ysfine.com"
52.167.144.35 - - [25/Feb/2023:18:55:41 -0800] "GET /ysbio/philo/marxphil.html HTTP/1.1" 404 88 "-" "Mozilla/5.0 AppleWebKit/537.36 (KHTML, like Gecko; compatible; bingbot/2.0; +http://www.bing.com/bingbot.htm) Chrome/103.0.5060.134 Safari/537.36" "ysfine.com"
64.124.8.49 - - [25/Feb/2023:18:55:47 -0800] "GET /world/ital/aquinas01.jpg HTTP/1.1" 200 178962 "-" "Mozilla/5.0 (Macintosh; Intel Mac OS X 10_15_7) AppleWebKit/537.36 (KHTML, like Gecko) Chrome/107.0.0.0 Safari/537.36" "ysfine.com"
216.244.66.229 - - [25/Feb/2023:18:55:50 -0800] "GET /world/france/stras11.jpg HTTP/1.1" 200 107903 "-" "Mozilla/5.0 (compatible; DotBot/1.2; +https://opensiteexplorer.org/dotbot; help@moz.com)" "www.ysfine.com"
52.167.144.62 - - [25/Feb/2023:18:56:28 -0800] "GET /bio/style/proschanie.html HTTP/1.1" 404 88 "-" "Mozilla/5.0 AppleWebKit/537.36 (KHTML, like Gecko; compatible; bingbot/2.0; +http://www.bing.com/bingbot.htm) Chrome/103.0.5060.134 Safari/537.36" "ysfine.com"
216.244.66.229 - - [25/Feb/2023:18:56:41 -0800] "GET /world/france/stras12.jpg HTTP/1.1" 200 157118 "-" "Mozilla/5.0 (compatible; DotBot/1.2; +https://opensiteexplorer.org/dotbot; help@moz.com)" "www.ysfine.com"
64.124.8.54 - - [25/Feb/2023:18:56:45 -0800] "GET /princeton/pcomm02.jpg HTTP/1.1" 200 55458 "-" "Mozilla/5.0 (Macintosh; Intel Mac OS X 10_15_7) AppleWebKit/537.36 (KHTML, like Gecko) Chrome/107.0.0.0 Safari/537.36" "ysfine.com"
207.46.13.220 - - [25/Feb/2023:18:56:47 -0800] "GET /yspapers/newphys68.pdf HTTP/1.1" 304 - "-" "Mozilla/5.0 AppleWebKit/537.36 (KHTML, like Gecko; compatible; bingbot/2.0; +http://www.bing.com/bingbot.htm) Chrome/103.0.5060.134 Safari/537.36" "ysfine.com"
31.2.138.10 - - [25/Feb/2023:18:56:49 -0800] "GET / HTTP/1.1" 200 5300 "-" "Mozilla/5.0 (iPad; CPU OS 8_3 like Mac OS X) AppleWebKit/600.1.4 (KHTML, like Gecko) CriOS/44.0.2403.67 Mobile/12F69 Safari/600.1.4" "ysfine.com"
91.133.170.113 - - [25/Feb/2023:18:56:49 -0800] "GET /robots.txt HTTP/1.1" 404 88 "-" "Mozilla/5.0 (Linux; U; en-US) AppleWebKit/525.13 (KHTML, like Gecko) Chrome/0.2.149.27 Safari/525.13" "ysfine.com"
216.244.66.229 - - [25/Feb/2023:18:57:31 -0800] "GET /class54/ewk86.jpg HTTP/1.1" 200 188473 "-" "Mozilla/5.0 (compatible; DotBot/1.2; +https://opensiteexplorer.org/dotbot; help@moz.com)" "ysfine.com"
91.133.206.166 - - [25/Feb/2023:18:57:34 -0800] "GET / HTTP/1.1" 200 5300 "-" "Mozilla/5.0 (iPod; U; CPU iPhone OS 4_2_1 like Mac OS X; he-il) AppleWebKit/533.17.9 (KHTML, like Gecko) Version/5.0.2 Mobile/8C148 Safari/6533.18.5" "ysfine.com"
91.133.179.94 - - [25/Feb/2023:18:57:34 -0800] "GET /robots.txt HTTP/1.1" 404 88 "-" "Mozilla/5.0 (iPad; CPU OS 7_1 like Mac OS X) AppleWebKit/537.51.2 (KHTML, like Gecko) Version/7.0 Mobile/11D167 Safari/9537.53" "ysfine.com"
216.244.66.229 - - [25/Feb/2023:18:58:21 -0800] "GET /newyork/trump57.jpg HTTP/1.1" 200 225779 "-" "Mozilla/5.0 (compatible; DotBot/1.2; +https://opensiteexplorer.org/dotbot; help@moz.com)" "ysfine.com"
216.244.66.229 - - [25/Feb/2023:18:59:08 -0800] "GET /sbk/2008mrs11.jpg HTTP/1.1" 200 164737 "-" "Mozilla/5.0 (compatible; DotBot/1.2; +https://opensiteexplorer.org/dotbot; help@moz.com)" "ysfine.com"
173.252.83.9 - - [25/Feb/2023:18:59:42 -0800] "GET /class54/busan22c.jpg HTTP/1.1" 200 23692 "-" "facebookexternalhit/1.1 (+http://www.facebook.com/externalhit_uatext.php)" "ysfine.com"
173.252.83.13 - - [25/Feb/2023:18:59:47 -0800] "GET /people/wheemaine2.jpg HTTP/1.1" 200 34617 "-" "facebookexternalhit/1.1 (+http://www.facebook.com/externalhit_uatext.php)" "ysfine.com"
216.244.66.229 - - [25/Feb/2023:18:59:53 -0800] "GET /sbk/2011igu11.jpg HTTP/1.1" 200 127786 "-" "Mozilla/5.0 (compatible; DotBot/1.2; +https://opensiteexplorer.org/dotbot; help@moz.com)" "ysfine.com"
216.244.66.229 - - [25/Feb/2023:19:00:43 -0800] "GET /wdc/fedreserv33.jpg HTTP/1.1" 200 81476 "-" "Mozilla/5.0 (compatible; DotBot/1.2; +https://opensiteexplorer.org/dotbot; help@moz.com)" "ysfine.com"
40.77.167.238 - - [25/Feb/2023:19:01:03 -0800] "GET /people/peoleft.html HTTP/1.1" 200 293 "-" "Mozilla/5.0 AppleWebKit/537.36 (KHTML, like Gecko; compatible; bingbot/2.0; +http://www.bing.com/bingbot.htm) Chrome/103.0.5060.134 Safari/537.36" "ysfine.com"
216.244.66.229 - - [25/Feb/2023:19:01:18 -0800] "GET /wdc/heyadams44.jpg HTTP/1.1" 200 109411 "-" "Mozilla/5.0 (compatible; DotBot/1.2; +https://opensiteexplorer.org/dotbot; help@moz.com)" "ysfine.com"
173.252.83.14 - - [25/Feb/2023:19:01:35 -0800] "GET /ffriends/chinvien11b.jpg HTTP/1.1" 200 45727 "-" "facebookexternalhit/1.1 (+http://www.facebook.com/externalhit_uatext.php)" "ysfine.com"
216.244.66.229 - - [25/Feb/2023:19:01:56 -0800] "GET /wdc/lafpark04.jpg HTTP/1.1" 200 116110 "-" "Mozilla/5.0 (compatible; DotBot/1.2; +https://opensiteexplorer.org/dotbot; help@moz.com)" "ysfine.com"
52.167.144.62 - - [25/Feb/2023:19:02:29 -0800] "GET /home/philo/ewk.html HTTP/1.1" 200 1816 "-" "Mozilla/5.0 AppleWebKit/537.36 (KHTML, like Gecko; compatible; bingbot/2.0; +http://www.bing.com/bingbot.htm) Chrome/103.0.5060.134 Safari/537.36" "ysfine.com"
216.244.66.229 - - [25/Feb/2023:19:02:46 -0800] "GET /world/balkan/ephe01.jpg HTTP/1.1" 200 161260 "-" "Mozilla/5.0 (compatible; DotBot/1.2; +https://opensiteexplorer.org/dotbot; help@moz.com)" "ysfine.com"
64.124.8.29 - - [25/Feb/2023:19:02:59 -0800] "GET /einstein/places/einha39.jpg HTTP/1.1" 200 123066 "-" "Mozilla/5.0 (Macintosh; Intel Mac OS X 10_15_7) AppleWebKit/537.36 (KHTML, like Gecko) Chrome/107.0.0.0 Safari/537.36" "ysfine.com"
216.244.66.229 - - [25/Feb/2023:19:03:29 -0800] "GET /world/germany/salzmo13.jpg HTTP/1.1" 200 111564 "-" "Mozilla/5.0 (compatible; DotBot/1.2; +https://opensiteexplorer.org/dotbot; help@moz.com)" "ysfine.com"
216.244.66.229 - - [25/Feb/2023:19:04:10 -0800] "GET /world/russ/kazanmap11.jpg HTTP/1.1" 200 73185 "-" "Mozilla/5.0 (compatible; DotBot/1.2; +https://opensiteexplorer.org/dotbot; help@moz.com)" "ysfine.com"
216.244.66.229 - - [25/Feb/2023:19:04:40 -0800] "GET /sbk/2012wdc11.jpg HTTP/1.1" 200 181185 "-" "Mozilla/5.0 (compatible; DotBot/1.2; +https://opensiteexplorer.org/dotbot; help@moz.com)" "www.ysfine.com"
216.244.66.229 - - [25/Feb/2023:19:05:30 -0800] "GET /wigner/wigkim650.html HTTP/1.1" 200 731 "-" "Mozilla/5.0 (compatible; DotBot/1.2; +https://opensiteexplorer.org/dotbot; help@moz.com)" "www.ysfine.com"
216.244.66.229 - - [25/Feb/2023:19:06:00 -0800] "GET /maga/invent/inductmo.jpg HTTP/1.1" 200 100995 "-" "Mozilla/5.0 (compatible; DotBot/1.2; +https://opensiteexplorer.org/dotbot; help@moz.com)" "ysfine.com"
216.244.66.229 - - [25/Feb/2023:19:06:33 -0800] "GET /philo/pontdg10.jpg HTTP/1.1" 200 321219 "-" "Mozilla/5.0 (compatible; DotBot/1.2; +https://opensiteexplorer.org/dotbot; help@moz.com)" "ysfine.com"
64.124.8.29 - - [25/Feb/2023:19:06:49 -0800] "GET /world/china/shanghai103.jpg HTTP/1.1" 200 100003 "-" "Mozilla/5.0 (Macintosh; Intel Mac OS X 10_15_7) AppleWebKit/537.36 (KHTML, like Gecko) Chrome/107.0.0.0 Safari/537.36" "www.ysfine.com"
216.244.66.229 - - [25/Feb/2023:19:07:17 -0800] "GET /remote/wigner111/frame25.html HTTP/1.1" 200 1008 "-" "Mozilla/5.0 (compatible; DotBot/1.2; +https://opensiteexplorer.org/dotbot; help@moz.com)" "ysfine.com"
95.163.255.64 - - [25/Feb/2023:19:07:29 -0800] "GET /robots.txt HTTP/1.1" 404 73 "-" "Mozilla/5.0 (compatible; Linux x86_64; Mail.RU_Bot/2.0; +https://help.mail.ru/webmaster/indexing/robots)" "ysfine.com"
216.244.66.229 - - [25/Feb/2023:19:07:46 -0800] "GET /wigner/neum/vnc01b.jpg HTTP/1.1" 200 47516 "-" "Mozilla/5.0 (compatible; DotBot/1.2; +https://opensiteexplorer.org/dotbot; help@moz.com)" "ysfine.com"
207.46.13.220 - - [25/Feb/2023:19:07:53 -0800] "GET /dirac/dirfeyn.html HTTP/1.1" 200 6341 "-" "Mozilla/5.0 AppleWebKit/537.36 (KHTML, like Gecko; compatible; bingbot/2.0; +http://www.bing.com/bingbot.htm) Chrome/103.0.5060.134 Safari/537.36" "www.ysfine.com"
216.244.66.229 - - [25/Feb/2023:19:08:15 -0800] "GET /wigner/neum/vnc03.jpg HTTP/1.1" 200 80421 "-" "Mozilla/5.0 (compatible; DotBot/1.2; +https://opensiteexplorer.org/dotbot; help@moz.com)" "ysfine.com"
173.252.83.22 - - [25/Feb/2023:19:08:39 -0800] "GET /ffriends/aline/airfr03c.jpg HTTP/1.1" 200 28768 "-" "facebookexternalhit/1.1 (+http://www.facebook.com/externalhit_uatext.php)" "ysfine.com"
216.244.66.229 - - [25/Feb/2023:19:08:43 -0800] "GET /world/brit/sebiro22.jpg HTTP/1.1" 200 80986 "-" "Mozilla/5.0 (compatible; DotBot/1.2; +https://opensiteexplorer.org/dotbot; help@moz.com)" "ysfine.com"
216.244.66.229 - - [25/Feb/2023:19:09:14 -0800] "GET /world/russ/kazan077.jpg HTTP/1.1" 200 51836 "-" "Mozilla/5.0 (compatible; DotBot/1.2; +https://opensiteexplorer.org/dotbot; help@moz.com)" "ysfine.com"
64.124.8.55 - - [25/Feb/2023:19:09:38 -0800] "GET /sbk/2012lon22.jpg HTTP/1.1" 200 229089 "-" "Mozilla/5.0 (Macintosh; Intel Mac OS X 10_15_7) AppleWebKit/537.36 (KHTML, like Gecko) Chrome/107.0.0.0 Safari/537.36" "ysfine.com"
216.244.66.229 - - [25/Feb/2023:19:09:40 -0800] "GET /world/russ/spbf31.jpg HTTP/1.1" 200 110453 "-" "Mozilla/5.0 (compatible; DotBot/1.2; +https://opensiteexplorer.org/dotbot; help@moz.com)" "ysfine.com"
64.124.8.55 - - [25/Feb/2023:19:09:51 -0800] "GET /world/germany/berlin177.jpg HTTP/1.1" 200 141572 "-" "Mozilla/5.0 (Macintosh; Intel Mac OS X 10_15_7) AppleWebKit/537.36 (KHTML, like Gecko) Chrome/107.0.0.0 Safari/537.36" "www.ysfine.com"
95.163.255.66 - - [25/Feb/2023:19:10:20 -0800] "GET /ffriends/israel02.jpg HTTP/1.1" 200 183719 "-" "Mozilla/5.0 (compatible; Linux x86_64; Mail.RU_Bot/2.0; +https://help.mail.ru/webmaster/indexing/robots)" "ysfine.com"
216.244.66.229 - - [25/Feb/2023:19:10:34 -0800] "GET /princeton/nassin05.jpg HTTP/1.1" 200 141257 "-" "Mozilla/5.0 (compatible; DotBot/1.2; +https://opensiteexplorer.org/dotbot; help@moz.com)" "ysfine.com"
64.124.8.57 - - [25/Feb/2023:19:10:52 -0800] "GET /world/israel/jeru22.jpg HTTP/1.1" 200 210034 "-" "Mozilla/5.0 (Macintosh; Intel Mac OS X 10_15_7) AppleWebKit/537.36 (KHTML, like Gecko) Chrome/107.0.0.0 Safari/537.36" "ysfine.com"
31.2.198.83 - - [25/Feb/2023:19:10:57 -0800] "GET /robots.txt HTTP/1.1" 404 88 "-" "Mozilla/5.0 (iPad; CPU OS 6_1_2 like Mac OS X) AppleWebKit/536.26 (KHTML, like Gecko) Version/6.0 Mobile/10B146 Safari/8536.25" "ysfine.com"
91.133.182.147 - - [25/Feb/2023:19:10:57 -0800] "GET / HTTP/1.1" 200 5300 "-" "Mozilla/5.0 (Linux; U; Android 4.4.3; en-us; KFAPWI Build/KTU84M) AppleWebKit/537.36 (KHTML, like Gecko) Silk/3.68 like Chrome/39.0.2171.93 Safari/537.36" "ysfine.com"
64.124.8.50 - - [25/Feb/2023:19:11:08 -0800] "GET /world/germany/benz04.jpg HTTP/1.1" 200 159211 "-" "Mozilla/5.0 (Macintosh; Intel Mac OS X 10_15_7) AppleWebKit/537.36 (KHTML, like Gecko) Chrome/107.0.0.0 Safari/537.36" "ysfine.com"
64.124.8.49 - - [25/Feb/2023:19:11:10 -0800] "GET /world/france/chagall17.jpg HTTP/1.1" 200 112257 "-" "Mozilla/5.0 (Macintosh; Intel Mac OS X 10_15_7) AppleWebKit/537.36 (KHTML, like Gecko) Chrome/107.0.0.0 Safari/537.36" "ysfine.com"
91.133.226.95 - - [25/Feb/2023:19:12:27 -0800] "GET / HTTP/1.1" 200 5300 "-" "Mozilla/5.0 (iPad; CPU OS 8_1_3 like Mac OS X) AppleWebKit/600.1.4 (KHTML, like Gecko) GSA/8.0.57838 Mobile/12B466 Safari/600.1.4" "ysfine.com"
86.55.189.82 - - [25/Feb/2023:19:12:27 -0800] "GET /robots.txt HTTP/1.1" 404 88 "-" "Mozilla/5.0 (Linux; Android 4.4.4; Z970 Build/KTU84P) AppleWebKit/537.36 (KHTML, like Gecko) Version/4.0 Chrome/30.0.0.0 Mobile Safari/537.36" "ysfine.com"
64.124.8.49 - - [25/Feb/2023:19:12:52 -0800] "GET /ysbio/world/france/champ9603.jpg HTTP/1.1" 404 88 "-" "Mozilla/5.0 (Macintosh; Intel Mac OS X 10_15_7) AppleWebKit/537.36 (KHTML, like Gecko) Chrome/107.0.0.0 Safari/537.36" "ysfine.com"
173.252.83.4 - - [25/Feb/2023:19:13:21 -0800] "GET /people/giacobino03b.jpg HTTP/1.1" 200 35593 "-" "facebookexternalhit/1.1 (+http://www.facebook.com/externalhit_uatext.php)" "ysfine.com"
64.124.8.57 - - [25/Feb/2023:19:13:53 -0800] "GET /world/ital/venice02.jpg HTTP/1.1" 200 113781 "-" "Mozilla/5.0 (Macintosh; Intel Mac OS X 10_15_7) AppleWebKit/537.36 (KHTML, like Gecko) Chrome/107.0.0.0 Safari/537.36" "ysfine.com"
64.124.8.28 - - [25/Feb/2023:19:14:21 -0800] "GET /ysbio/wigner/seitz.jpg HTTP/1.1" 404 88 "-" "Mozilla/5.0 (Macintosh; Intel Mac OS X 10_15_7) AppleWebKit/537.36 (KHTML, like Gecko) Chrome/107.0.0.0 Safari/537.36" "ysfine.com"
64.124.8.53 - - [25/Feb/2023:19:14:24 -0800] "GET /people/froissart.jpg HTTP/1.1" 200 83055 "-" "Mozilla/5.0 (Macintosh; Intel Mac OS X 10_15_7) AppleWebKit/537.36 (KHTML, like Gecko) Chrome/107.0.0.0 Safari/537.36" "www.ysfine.com"
64.124.8.50 - - [25/Feb/2023:19:14:46 -0800] "GET /ffriends/amkor/kostu05.jpg HTTP/1.1" 200 90522 "-" "Mozilla/5.0 (Macintosh; Intel Mac OS X 10_15_7) AppleWebKit/537.36 (KHTML, like Gecko) Chrome/107.0.0.0 Safari/537.36" "www.ysfine.com"
207.46.13.220 - - [25/Feb/2023:19:15:54 -0800] "GET /maga/phys/schrod03.pptx HTTP/1.1" 200 375521 "-" "Mozilla/5.0 AppleWebKit/537.36 (KHTML, like Gecko; compatible; bingbot/2.0; +http://www.bing.com/bingbot.htm) Chrome/103.0.5060.134 Safari/537.36" "www.ysfine.com"
64.124.8.57 - - [25/Feb/2023:19:16:36 -0800] "GET /world/brit/cam08.jpg HTTP/1.1" 200 198050 "-" "Mozilla/5.0 (Macintosh; Intel Mac OS X 10_15_7) AppleWebKit/537.36 (KHTML, like Gecko) Chrome/107.0.0.0 Safari/537.36" "www.ysfine.com"
173.252.83.16 - - [25/Feb/2023:19:16:36 -0800] "GET /world/china/qingdao15b.jpg HTTP/1.1" 200 49499 "-" "facebookexternalhit/1.1 (+http://www.facebook.com/externalhit_uatext.php)" "ysfine.com"
52.167.144.35 - - [25/Feb/2023:19:18:24 -0800] "GET /bio/style/artlove.html HTTP/1.1" 404 88 "-" "Mozilla/5.0 AppleWebKit/537.36 (KHTML, like Gecko; compatible; bingbot/2.0; +http://www.bing.com/bingbot.htm) Chrome/103.0.5060.134 Safari/537.36" "ysfine.com"
91.133.214.111 - - [25/Feb/2023:19:19:41 -0800] "GET / HTTP/1.1" 200 5300 "-" "Mozilla/5.0 (X11; Linux x86_64) AppleWebKit/534.34 (KHTML, like Gecko) Qt/4.8.1 Safari/534.34" "ysfine.com"
91.133.209.64 - - [25/Feb/2023:19:19:41 -0800] "GET /robots.txt HTTP/1.1" 404 88 "-" "Mozilla/5.0 (Linux; U; Android 4.0.3; en-us; KFOT Build/IML74K) AppleWebKit/537.36 (KHTML, like Gecko) Silk/3.68 like Chrome/39.0.2171.93 Safari/537.36" "ysfine.com"
64.124.8.29 - - [25/Feb/2023:19:20:35 -0800] "GET /world/baltic/lithu20.jpg HTTP/1.1" 200 135004 "-" "Mozilla/5.0 (Macintosh; Intel Mac OS X 10_15_7) AppleWebKit/537.36 (KHTML, like Gecko) Chrome/107.0.0.0 Safari/537.36" "ysfine.com"
136.158.50.232 - - [25/Feb/2023:19:21:21 -0800] "GET /princeton/campus.html HTTP/1.1" 200 15141 "https://www.google.com/" "Mozilla/5.0 (iPhone; CPU iPhone OS 16_3 like Mac OS X) AppleWebKit/605.1.15 (KHTML, like Gecko) GSA/252.0.509949674 Mobile/15E148 Safari/604.1" "ysfine.com"
136.158.50.232 - - [25/Feb/2023:19:21:22 -0800] "GET /princeton/nasshall01b.jpg HTTP/1.1" 200 60879 "https://ysfine.com/princeton/campus.html" "Mozilla/5.0 (iPhone; CPU iPhone OS 16_3 like Mac OS X) AppleWebKit/605.1.15 (KHTML, like Gecko) GSA/252.0.509949674 Mobile/15E148 Safari/604.1" "ysfine.com"
136.158.50.232 - - [25/Feb/2023:19:21:22 -0800] "GET /princeton/withers01b.jpg HTTP/1.1" 200 53277 "https://ysfine.com/princeton/campus.html" "Mozilla/5.0 (iPhone; CPU iPhone OS 16_3 like Mac OS X) AppleWebKit/605.1.15 (KHTML, like Gecko) GSA/252.0.509949674 Mobile/15E148 Safari/604.1" "ysfine.com"
136.158.50.232 - - [25/Feb/2023:19:21:22 -0800] "GET /princeton/pcomm01b.jpg HTTP/1.1" 200 46796 "https://ysfine.com/princeton/campus.html" "Mozilla/5.0 (iPhone; CPU iPhone OS 16_3 like Mac OS X) AppleWebKit/605.1.15 (KHTML, like Gecko) GSA/252.0.509949674 Mobile/15E148 Safari/604.1" "ysfine.com"
136.158.50.232 - - [25/Feb/2023:19:21:22 -0800] "GET /princeton/alexan22b.jpg HTTP/1.1" 200 55817 "https://ysfine.com/princeton/campus.html" "Mozilla/5.0 (iPhone; CPU iPhone OS 16_3 like Mac OS X) AppleWebKit/605.1.15 (KHTML, like Gecko) GSA/252.0.509949674 Mobile/15E148 Safari/604.1" "ysfine.com"
136.158.50.232 - - [25/Feb/2023:19:21:27 -0800] "GET /princeton/firestone11b.jpg HTTP/1.1" 200 54060 "https://ysfine.com/princeton/campus.html" "Mozilla/5.0 (iPhone; CPU iPhone OS 16_3 like Mac OS X) AppleWebKit/605.1.15 (KHTML, like Gecko) GSA/252.0.509949674 Mobile/15E148 Safari/604.1" "ysfine.com"
136.158.50.232 - - [25/Feb/2023:19:21:27 -0800] "GET /style/picasspr22b.jpg HTTP/1.1" 200 67766 "https://ysfine.com/princeton/campus.html" "Mozilla/5.0 (iPhone; CPU iPhone OS 16_3 like Mac OS X) AppleWebKit/605.1.15 (KHTML, like Gecko) GSA/252.0.509949674 Mobile/15E148 Safari/604.1" "ysfine.com"
136.158.50.232 - - [25/Feb/2023:19:21:27 -0800] "GET /princeton/pgarden11b.jpg HTTP/1.1" 200 46683 "https://ysfine.com/princeton/campus.html" "Mozilla/5.0 (iPhone; CPU iPhone OS 16_3 like Mac OS X) AppleWebKit/605.1.15 (KHTML, like Gecko) GSA/252.0.509949674 Mobile/15E148 Safari/604.1" "ysfine.com"
136.158.50.232 - - [25/Feb/2023:19:21:27 -0800] "GET /princeton/prospectg33b.jpg HTTP/1.1" 200 39510 "https://ysfine.com/princeton/campus.html" "Mozilla/5.0 (iPhone; CPU iPhone OS 16_3 like Mac OS X) AppleWebKit/605.1.15 (KHTML, like Gecko) GSA/252.0.509949674 Mobile/15E148 Safari/604.1" "ysfine.com"
136.158.50.232 - - [25/Feb/2023:19:21:27 -0800] "GET /princeton/nassinf01b.jpg HTTP/1.1" 200 45562 "https://ysfine.com/princeton/campus.html" "Mozilla/5.0 (iPhone; CPU iPhone OS 16_3 like Mac OS X) AppleWebKit/605.1.15 (KHTML, like Gecko) GSA/252.0.509949674 Mobile/15E148 Safari/604.1" "ysfine.com"
136.158.50.232 - - [25/Feb/2023:19:21:27 -0800] "GET /princeton/sabat11b.jpg HTTP/1.1" 200 56760 "https://ysfine.com/princeton/campus.html" "Mozilla/5.0 (iPhone; CPU iPhone OS 16_3 like Mac OS X) AppleWebKit/605.1.15 (KHTML, like Gecko) GSA/252.0.509949674 Mobile/15E148 Safari/604.1" "ysfine.com"
136.158.50.232 - - [25/Feb/2023:19:21:27 -0800] "GET /kobak/taylor400.jpg HTTP/1.1" 200 56181 "https://ysfine.com/princeton/campus.html" "Mozilla/5.0 (iPhone; CPU iPhone OS 16_3 like Mac OS X) AppleWebKit/605.1.15 (KHTML, like Gecko) GSA/252.0.509949674 Mobile/15E148 Safari/604.1" "ysfine.com"
136.158.50.232 - - [25/Feb/2023:19:21:27 -0800] "GET /princeton/ustore33b.jpg HTTP/1.1" 200 54240 "https://ysfine.com/princeton/campus.html" "Mozilla/5.0 (iPhone; CPU iPhone OS 16_3 like Mac OS X) AppleWebKit/605.1.15 (KHTML, like Gecko) GSA/252.0.509949674 Mobile/15E148 Safari/604.1" "ysfine.com"
136.158.50.232 - - [25/Feb/2023:19:21:27 -0800] "GET /princeton/palmerlab11b.jpg HTTP/1.1" 200 40956 "https://ysfine.com/princeton/campus.html" "Mozilla/5.0 (iPhone; CPU iPhone OS 16_3 like Mac OS X) AppleWebKit/605.1.15 (KHTML, like Gecko) GSA/252.0.509949674 Mobile/15E148 Safari/604.1" "ysfine.com"
136.158.50.232 - - [25/Feb/2023:19:21:27 -0800] "GET /princeton/wilson02b.jpg HTTP/1.1" 200 38092 "https://ysfine.com/princeton/campus.html" "Mozilla/5.0 (iPhone; CPU iPhone OS 16_3 like Mac OS X) AppleWebKit/605.1.15 (KHTML, like Gecko) GSA/252.0.509949674 Mobile/15E148 Safari/604.1" "ysfine.com"
136.158.50.232 - - [25/Feb/2023:19:21:27 -0800] "GET /maga/invent/sarnoffco11b.jpg HTTP/1.1" 200 31031 "https://ysfine.com/princeton/campus.html" "Mozilla/5.0 (iPhone; CPU iPhone OS 16_3 like Mac OS X) AppleWebKit/605.1.15 (KHTML, like Gecko) GSA/252.0.509949674 Mobile/15E148 Safari/604.1" "ysfine.com"
136.158.50.232 - - [25/Feb/2023:19:21:27 -0800] "GET /princeton/forrestalmap2.jpg HTTP/1.1" 200 54761 "https://ysfine.com/princeton/campus.html" "Mozilla/5.0 (iPhone; CPU iPhone OS 16_3 like Mac OS X) AppleWebKit/605.1.15 (KHTML, like Gecko) GSA/252.0.509949674 Mobile/15E148 Safari/604.1" "ysfine.com"
136.158.50.232 - - [25/Feb/2023:19:21:27 -0800] "GET /princeton/nassinf03b.jpg HTTP/1.1" 200 33593 "https://ysfine.com/princeton/campus.html" "Mozilla/5.0 (iPhone; CPU iPhone OS 16_3 like Mac OS X) AppleWebKit/605.1.15 (KHTML, like Gecko) GSA/252.0.509949674 Mobile/15E148 Safari/604.1" "ysfine.com"
136.158.50.232 - - [25/Feb/2023:19:21:27 -0800] "GET /princeton/econ11b.jpg HTTP/1.1" 200 37872 "https://ysfine.com/princeton/campus.html" "Mozilla/5.0 (iPhone; CPU iPhone OS 16_3 like Mac OS X) AppleWebKit/605.1.15 (KHTML, like Gecko) GSA/252.0.509949674 Mobile/15E148 Safari/604.1" "ysfine.com"
136.158.50.232 - - [25/Feb/2023:19:21:27 -0800] "GET /princeton/mediter22b.jpg HTTP/1.1" 200 34241 "https://ysfine.com/princeton/campus.html" "Mozilla/5.0 (iPhone; CPU iPhone OS 16_3 like Mac OS X) AppleWebKit/605.1.15 (KHTML, like Gecko) GSA/252.0.509949674 Mobile/15E148 Safari/604.1" "ysfine.com"
136.158.50.232 - - [25/Feb/2023:19:21:27 -0800] "GET /princeton/rheepr01b.jpg HTTP/1.1" 200 35236 "https://ysfine.com/princeton/campus.html" "Mozilla/5.0 (iPhone; CPU iPhone OS 16_3 like Mac OS X) AppleWebKit/605.1.15 (KHTML, like Gecko) GSA/252.0.509949674 Mobile/15E148 Safari/604.1" "ysfine.com"
136.158.50.232 - - [25/Feb/2023:19:21:27 -0800] "GET /princeton/nassin05b.jpg HTTP/1.1" 200 45166 "https://ysfine.com/princeton/campus.html" "Mozilla/5.0 (iPhone; CPU iPhone OS 16_3 like Mac OS X) AppleWebKit/605.1.15 (KHTML, like Gecko) GSA/252.0.509949674 Mobile/15E148 Safari/604.1" "ysfine.com"
136.158.50.232 - - [25/Feb/2023:19:21:27 -0800] "GET /princeton/nassin08b.jpg HTTP/1.1" 200 55747 "https://ysfine.com/princeton/campus.html" "Mozilla/5.0 (iPhone; CPU iPhone OS 16_3 like Mac OS X) AppleWebKit/605.1.15 (KHTML, like Gecko) GSA/252.0.509949674 Mobile/15E148 Safari/604.1" "ysfine.com"
136.158.50.232 - - [25/Feb/2023:19:21:27 -0800] "GET /princeton/cleve11b.jpg HTTP/1.1" 200 42431 "https://ysfine.com/princeton/campus.html" "Mozilla/5.0 (iPhone; CPU iPhone OS 16_3 like Mac OS X) AppleWebKit/605.1.15 (KHTML, like Gecko) GSA/252.0.509949674 Mobile/15E148 Safari/604.1" "ysfine.com"
136.158.50.232 - - [25/Feb/2023:19:21:27 -0800] "GET /einstein/eins47b.jpg HTTP/1.1" 200 48772 "https://ysfine.com/princeton/campus.html" "Mozilla/5.0 (iPhone; CPU iPhone OS 16_3 like Mac OS X) AppleWebKit/605.1.15 (KHTML, like Gecko) GSA/252.0.509949674 Mobile/15E148 Safari/604.1" "ysfine.com"
136.158.50.232 - - [25/Feb/2023:19:21:27 -0800] "GET /princeton/nassinf35b.jpg HTTP/1.1" 200 45853 "https://ysfine.com/princeton/campus.html" "Mozilla/5.0 (iPhone; CPU iPhone OS 16_3 like Mac OS X) AppleWebKit/605.1.15 (KHTML, like Gecko) GSA/252.0.509949674 Mobile/15E148 Safari/604.1" "ysfine.com"
136.158.50.232 - - [25/Feb/2023:19:21:27 -0800] "GET /princeton/annex11b.jpg HTTP/1.1" 200 39639 "https://ysfine.com/princeton/campus.html" "Mozilla/5.0 (iPhone; CPU iPhone OS 16_3 like Mac OS X) AppleWebKit/605.1.15 (KHTML, like Gecko) GSA/252.0.509949674 Mobile/15E148 Safari/604.1" "ysfine.com"
136.158.50.232 - - [25/Feb/2023:19:21:27 -0800] "GET /einstein/eincurie11b.jpg HTTP/1.1" 200 42944 "https://ysfine.com/princeton/campus.html" "Mozilla/5.0 (iPhone; CPU iPhone OS 16_3 like Mac OS X) AppleWebKit/605.1.15 (KHTML, like Gecko) GSA/252.0.509949674 Mobile/15E148 Safari/604.1" "ysfine.com"
136.158.50.232 - - [25/Feb/2023:19:21:27 -0800] "GET /princeton/brownh11b.jpg HTTP/1.1" 200 52347 "https://ysfine.com/princeton/campus.html" "Mozilla/5.0 (iPhone; CPU iPhone OS 16_3 like Mac OS X) AppleWebKit/605.1.15 (KHTML, like Gecko) GSA/252.0.509949674 Mobile/15E148 Safari/604.1" "ysfine.com"
136.158.50.232 - - [25/Feb/2023:19:21:27 -0800] "GET /princeton/gcollege05b.jpg HTTP/1.1" 200 49944 "https://ysfine.com/princeton/campus.html" "Mozilla/5.0 (iPhone; CPU iPhone OS 16_3 like Mac OS X) AppleWebKit/605.1.15 (KHTML, like Gecko) GSA/252.0.509949674 Mobile/15E148 Safari/604.1" "ysfine.com"
136.158.50.232 - - [25/Feb/2023:19:21:27 -0800] "GET /princeton/wilson01b.jpg HTTP/1.1" 200 39141 "https://ysfine.com/princeton/campus.html" "Mozilla/5.0 (iPhone; CPU iPhone OS 16_3 like Mac OS X) AppleWebKit/605.1.15 (KHTML, like Gecko) GSA/252.0.509949674 Mobile/15E148 Safari/604.1" "ysfine.com"
136.158.50.232 - - [25/Feb/2023:19:21:27 -0800] "GET /princeton/lahiere11b.jpg HTTP/1.1" 200 53024 "https://ysfine.com/princeton/campus.html" "Mozilla/5.0 (iPhone; CPU iPhone OS 16_3 like Mac OS X) AppleWebKit/605.1.15 (KHTML, like Gecko) GSA/252.0.509949674 Mobile/15E148 Safari/604.1" "ysfine.com"
136.158.50.232 - - [25/Feb/2023:19:21:27 -0800] "GET /einstein/einhouse11b.jpg HTTP/1.1" 200 42717 "https://ysfine.com/princeton/campus.html" "Mozilla/5.0 (iPhone; CPU iPhone OS 16_3 like Mac OS X) AppleWebKit/605.1.15 (KHTML, like Gecko) GSA/252.0.509949674 Mobile/15E148 Safari/604.1" "ysfine.com"
136.158.50.232 - - [25/Feb/2023:19:21:27 -0800] "GET /princeton/hyatt33b.jpg HTTP/1.1" 200 34135 "https://ysfine.com/princeton/campus.html" "Mozilla/5.0 (iPhone; CPU iPhone OS 16_3 like Mac OS X) AppleWebKit/605.1.15 (KHTML, like Gecko) GSA/252.0.509949674 Mobile/15E148 Safari/604.1" "ysfine.com"
136.158.50.232 - - [25/Feb/2023:19:21:27 -0800] "GET /princeton/blair11b.jpg HTTP/1.1" 200 46260 "https://ysfine.com/princeton/campus.html" "Mozilla/5.0 (iPhone; CPU iPhone OS 16_3 like Mac OS X) AppleWebKit/605.1.15 (KHTML, like Gecko) GSA/252.0.509949674 Mobile/15E148 Safari/604.1" "ysfine.com"
136.158.50.232 - - [25/Feb/2023:19:21:27 -0800] "GET /world/russ/kazan035b.jpg HTTP/1.1" 200 41723 "https://ysfine.com/princeton/campus.html" "Mozilla/5.0 (iPhone; CPU iPhone OS 16_3 like Mac OS X) AppleWebKit/605.1.15 (KHTML, like Gecko) GSA/252.0.509949674 Mobile/15E148 Safari/604.1" "ysfine.com"
136.158.50.232 - - [25/Feb/2023:19:21:27 -0800] "GET /eink/pwk19c.jpg HTTP/1.1" 200 57759 "https://ysfine.com/princeton/campus.html" "Mozilla/5.0 (iPhone; CPU iPhone OS 16_3 like Mac OS X) AppleWebKit/605.1.15 (KHTML, like Gecko) GSA/252.0.509949674 Mobile/15E148 Safari/604.1" "ysfine.com"
136.158.50.232 - - [25/Feb/2023:19:21:27 -0800] "GET /princeton/pseminary11b.jpg HTTP/1.1" 200 53421 "https://ysfine.com/princeton/campus.html" "Mozilla/5.0 (iPhone; CPU iPhone OS 16_3 like Mac OS X) AppleWebKit/605.1.15 (KHTML, like Gecko) GSA/252.0.509949674 Mobile/15E148 Safari/604.1" "ysfine.com"
136.158.50.232 - - [25/Feb/2023:19:21:27 -0800] "GET /princeton/nordisk11b.jpg HTTP/1.1" 200 30945 "https://ysfine.com/princeton/campus.html" "Mozilla/5.0 (iPhone; CPU iPhone OS 16_3 like Mac OS X) AppleWebKit/605.1.15 (KHTML, like Gecko) GSA/252.0.509949674 Mobile/15E148 Safari/604.1" "ysfine.com"
136.158.50.232 - - [25/Feb/2023:19:21:27 -0800] "GET /princeton/palmersq11b.jpg HTTP/1.1" 200 36231 "https://ysfine.com/princeton/campus.html" "Mozilla/5.0 (iPhone; CPU iPhone OS 16_3 like Mac OS X) AppleWebKit/605.1.15 (KHTML, like Gecko) GSA/252.0.509949674 Mobile/15E148 Safari/604.1" "ysfine.com"
136.158.50.232 - - [25/Feb/2023:19:21:27 -0800] "GET /princeton/hyatt66b.jpg HTTP/1.1" 200 45208 "https://ysfine.com/princeton/campus.html" "Mozilla/5.0 (iPhone; CPU iPhone OS 16_3 like Mac OS X) AppleWebKit/605.1.15 (KHTML, like Gecko) GSA/252.0.509949674 Mobile/15E148 Safari/604.1" "ysfine.com"
136.158.50.232 - - [25/Feb/2023:19:21:27 -0800] "GET /princeton/gcollege21b.jpg HTTP/1.1" 200 50053 "https://ysfine.com/princeton/campus.html" "Mozilla/5.0 (iPhone; CPU iPhone OS 16_3 like Mac OS X) AppleWebKit/605.1.15 (KHTML, like Gecko) GSA/252.0.509949674 Mobile/15E148 Safari/604.1" "ysfine.com"
136.158.50.232 - - [25/Feb/2023:19:21:27 -0800] "GET /princeton/jj03b.jpg HTTP/1.1" 200 46731 "https://ysfine.com/princeton/campus.html" "Mozilla/5.0 (iPhone; CPU iPhone OS 16_3 like Mac OS X) AppleWebKit/605.1.15 (KHTML, like Gecko) GSA/252.0.509949674 Mobile/15E148 Safari/604.1" "ysfine.com"
136.158.50.232 - - [25/Feb/2023:19:21:27 -0800] "GET /princeton/brooke66b.jpg HTTP/1.1" 200 44674 "https://ysfine.com/princeton/campus.html" "Mozilla/5.0 (iPhone; CPU iPhone OS 16_3 like Mac OS X) AppleWebKit/605.1.15 (KHTML, like Gecko) GSA/252.0.509949674 Mobile/15E148 Safari/604.1" "ysfine.com"
136.158.50.232 - - [25/Feb/2023:19:21:27 -0800] "GET /princeton/eng01b.jpg HTTP/1.1" 200 35847 "https://ysfine.com/princeton/campus.html" "Mozilla/5.0 (iPhone; CPU iPhone OS 16_3 like Mac OS X) AppleWebKit/605.1.15 (KHTML, like Gecko) GSA/252.0.509949674 Mobile/15E148 Safari/604.1" "ysfine.com"
136.158.50.232 - - [25/Feb/2023:19:21:27 -0800] "GET /princeton/pstadium22b.jpg HTTP/1.1" 200 40166 "https://ysfine.com/princeton/campus.html" "Mozilla/5.0 (iPhone; CPU iPhone OS 16_3 like Mac OS X) AppleWebKit/605.1.15 (KHTML, like Gecko) GSA/252.0.509949674 Mobile/15E148 Safari/604.1" "ysfine.com"
136.158.50.232 - - [25/Feb/2023:19:21:27 -0800] "GET /princeton/orren11b.jpg HTTP/1.1" 200 32972 "https://ysfine.com/princeton/campus.html" "Mozilla/5.0 (iPhone; CPU iPhone OS 16_3 like Mac OS X) AppleWebKit/605.1.15 (KHTML, like Gecko) GSA/252.0.509949674 Mobile/15E148 Safari/604.1" "ysfine.com"
136.158.50.232 - - [25/Feb/2023:19:21:27 -0800] "GET /princeton/nassinf32b.jpg HTTP/1.1" 200 40214 "https://ysfine.com/princeton/campus.html" "Mozilla/5.0 (iPhone; CPU iPhone OS 16_3 like Mac OS X) AppleWebKit/605.1.15 (KHTML, like Gecko) GSA/252.0.509949674 Mobile/15E148 Safari/604.1" "ysfine.com"
136.158.50.232 - - [25/Feb/2023:19:21:27 -0800] "GET /princeton/hamilton11b.jpg HTTP/1.1" 200 55404 "https://ysfine.com/princeton/campus.html" "Mozilla/5.0 (iPhone; CPU iPhone OS 16_3 like Mac OS X) AppleWebKit/605.1.15 (KHTML, like Gecko) GSA/252.0.509949674 Mobile/15E148 Safari/604.1" "ysfine.com"
136.158.50.232 - - [25/Feb/2023:19:21:27 -0800] "GET /princeton/pumu11b.jpg HTTP/1.1" 200 46659 "https://ysfine.com/princeton/campus.html" "Mozilla/5.0 (iPhone; CPU iPhone OS 16_3 like Mac OS X) AppleWebKit/605.1.15 (KHTML, like Gecko) GSA/252.0.509949674 Mobile/15E148 Safari/604.1" "ysfine.com"
52.167.144.35 - - [25/Feb/2023:19:21:36 -0800] "GET /ysbio/world/ital/uffizi02.html HTTP/1.1" 404 88 "-" "Mozilla/5.0 AppleWebKit/537.36 (KHTML, like Gecko; compatible; bingbot/2.0; +http://www.bing.com/bingbot.htm) Chrome/103.0.5060.134 Safari/537.36" "ysfine.com"
64.124.8.54 - - [25/Feb/2023:19:21:45 -0800] "GET /wdc/kobell16.jpg HTTP/1.1" 200 163649 "-" "Mozilla/5.0 (Macintosh; Intel Mac OS X 10_15_7) AppleWebKit/537.36 (KHTML, like Gecko) Chrome/107.0.0.0 Safari/537.36" "ysfine.com"
185.184.157.102 - - [25/Feb/2023:19:22:32 -0800] "GET /world/travel.html HTTP/1.1" 200 1633 "-" "Mozilla/5.0 (compatible; linkdexbot/2.0; +http://www.linkdex.com/bots/)" "ysfine.com"
185.184.157.102 - - [25/Feb/2023:19:22:32 -0800] "GET /robots.txt HTTP/1.1" 404 88 "-" "Mozilla/5.0 (compatible; linkdexbot/2.0; +http://www.linkdex.com/bots/)" "ysfine.com"
185.184.157.102 - - [25/Feb/2023:19:22:32 -0800] "GET /robots.txt HTTP/1.1" 404 88 "-" "Mozilla/5.0 (compatible; linkdexbot/2.0; +http://www.linkdex.com/bots/)" "www.ysfine.com"
64.124.8.53 - - [25/Feb/2023:19:22:40 -0800] "GET /world/hungary/buda019.jpg HTTP/1.1" 200 111887 "-" "Mozilla/5.0 (Macintosh; Intel Mac OS X 10_15_7) AppleWebKit/537.36 (KHTML, like Gecko) Chrome/107.0.0.0 Safari/537.36" "www.ysfine.com"
173.252.83.7 - - [25/Feb/2023:19:22:57 -0800] "GET /ffriends/aline/contin01c.jpg HTTP/1.1" 200 34475 "-" "facebookexternalhit/1.1 (+http://www.facebook.com/externalhit_uatext.php)" "ysfine.com"
47.20.148.251 - - [25/Feb/2023:19:23:16 -0800] "GET /feynman/chapline2.jpg HTTP/1.1" 200 36026 "-" "Mozilla/5.0 (Linux; Android 10; Pixel 3a XL Build/QQ2A.200405.005; wv) AppleWebKit/537.36 (KHTML, like Gecko) Version/4.0 Chrome/74.0.3729.186 Mobile Safari/537.36 Viber/15.1.0.3" "ysfine.com"
91.133.147.25 - - [25/Feb/2023:19:23:17 -0800] "GET /robots.txt HTTP/1.1" 404 88 "-" "Mozilla/5.0 (iPhone; CPU iPhone OS 8_4_1 like Mac OS X) AppleWebKit/600.1.4 (KHTML, like Gecko) Mobile/12H321" "ysfine.com"
91.133.214.221 - - [25/Feb/2023:19:23:17 -0800] "GET / HTTP/1.1" 200 5300 "-" "Mozilla/5.0 (Linux; U; Android 4.4.3; en-us; KFSOWI Build/KTU84M) AppleWebKit/537.36 (KHTML, like Gecko) Silk/3.68 like Chrome/39.0.2171.93 Safari/537.36" "ysfine.com"
52.167.144.62 - - [25/Feb/2023:19:23:39 -0800] "GET /home/kowis33.html HTTP/1.1" 304 - "-" "Mozilla/5.0 AppleWebKit/537.36 (KHTML, like Gecko; compatible; bingbot/2.0; +http://www.bing.com/bingbot.htm) Chrome/103.0.5060.134 Safari/537.36" "www.ysfine.com"
213.180.203.117 - - [25/Feb/2023:19:23:42 -0800] "GET /newyork/radioci04a.jpg HTTP/1.1" 200 107672 "-" "Mozilla/5.0 (compatible; YandexImages/3.0; +http://yandex.com/bots)" "www.ysfine.com"
207.46.13.220 - - [25/Feb/2023:19:24:00 -0800] "GET /class54/emailed01.html HTTP/1.1" 200 27721 "-" "Mozilla/5.0 AppleWebKit/537.36 (KHTML, like Gecko; compatible; bingbot/2.0; +http://www.bing.com/bingbot.htm) Chrome/103.0.5060.134 Safari/537.36" "ysfine.com"
207.46.13.220 - - [25/Feb/2023:19:24:00 -0800] "GET /bio.html HTTP/1.1" 200 18260 "-" "Mozilla/5.0 AppleWebKit/537.36 (KHTML, like Gecko; compatible; bingbot/2.0; +http://www.bing.com/bingbot.htm) Chrome/103.0.5060.134 Safari/537.36" "ysfine.com"
173.252.83.10 - - [25/Feb/2023:19:24:07 -0800] "GET /eink/einbohr900.jpg HTTP/1.1" 200 62710 "-" "facebookexternalhit/1.1 (+http://www.facebook.com/externalhit_uatext.php)" "ysfine.com"
91.133.155.123 - - [25/Feb/2023:19:24:09 -0800] "GET / HTTP/1.1" 200 5300 "-" "Mozilla/5.0 (iPhone; U; CPU iPhone OS 4_1 like Mac OS X; en-us) AppleWebKit/532.9 (KHTML, like Gecko) Version/4.0.5 Mobile/8B117 Safari/6531.22.7" "ysfine.com"
91.133.181.11 - - [25/Feb/2023:19:24:09 -0800] "GET /robots.txt HTTP/1.1" 404 88 "-" "Mozilla/5.0 (Linux; Android 4.4.2; SM-T230NU Build/KOT49H) AppleWebKit/537.36 (KHTML, like Gecko) Chrome/45.0.2454.84 Safari/537.36" "ysfine.com"
64.124.8.54 - - [25/Feb/2023:19:25:00 -0800] "GET /ysbio/usca/pitt/margmor.jpg HTTP/1.1" 404 88 "-" "Mozilla/5.0 (Macintosh; Intel Mac OS X 10_15_7) AppleWebKit/537.36 (KHTML, like Gecko) Chrome/107.0.0.0 Safari/537.36" "www.ysfine.com"
64.124.8.49 - - [25/Feb/2023:19:25:00 -0800] "GET /ysbio/maga/phys/huy27.jpg HTTP/1.1" 404 88 "-" "Mozilla/5.0 (Macintosh; Intel Mac OS X 10_15_7) AppleWebKit/537.36 (KHTML, like Gecko) Chrome/107.0.0.0 Safari/537.36" "ysfine.com"
40.77.167.238 - - [25/Feb/2023:19:25:02 -0800] "GET /ysbio/beau/admire.html HTTP/1.1" 404 88 "-" "Mozilla/5.0 AppleWebKit/537.36 (KHTML, like Gecko; compatible; bingbot/2.0; +http://www.bing.com/bingbot.htm) Chrome/103.0.5060.134 Safari/537.36" "ysfine.com"
64.124.8.57 - - [25/Feb/2023:19:25:56 -0800] "GET /ffriends/aline/delta26.jpg HTTP/1.1" 200 157084 "-" "Mozilla/5.0 (Macintosh; Intel Mac OS X 10_15_7) AppleWebKit/537.36 (KHTML, like Gecko) Chrome/107.0.0.0 Safari/537.36" "ysfine.com"
216.244.66.229 - - [25/Feb/2023:19:27:13 -0800] "GET /robots.txt HTTP/1.1" 404 73 "-" "Mozilla/5.0 (compatible; DotBot/1.2; +https://opensiteexplorer.org/dotbot; help@moz.com)" "ysfine.com"
216.244.66.229 - - [25/Feb/2023:19:27:13 -0800] "GET /robots.txt HTTP/1.1" 404 73 "-" "Mozilla/5.0 (compatible; DotBot/1.2; +https://opensiteexplorer.org/dotbot; help@moz.com)" "www.ysfine.com"
64.124.8.28 - - [25/Feb/2023:19:27:42 -0800] "GET /wdc/redcross11.jpg HTTP/1.1" 200 100007 "-" "Mozilla/5.0 (Macintosh; Intel Mac OS X 10_15_7) AppleWebKit/537.36 (KHTML, like Gecko) Chrome/107.0.0.0 Safari/537.36" "ysfine.com"
173.252.83.13 - - [25/Feb/2023:19:27:57 -0800] "GET /ffriends/aline/ana11c.jpg HTTP/1.1" 200 35072 "-" "facebookexternalhit/1.1 (+http://www.facebook.com/externalhit_uatext.php)" "ysfine.com"
67.188.143.47 - - [25/Feb/2023:19:27:58 -0800] "GET /style/cameras/skagen11c.jpg HTTP/1.1" 200 45803 "https://www.google.com/" "Mozilla/5.0 (iPhone; CPU iPhone OS 16_3_1 like Mac OS X) AppleWebKit/605.1.15 (KHTML, like Gecko) Version/16.3 Mobile/15E148 Safari/604.1" "ysfine.com"
95.163.255.71 - - [25/Feb/2023:19:28:09 -0800] "GET /robots.txt HTTP/1.1" 404 73 "-" "Mozilla/5.0 (compatible; Linux x86_64; Mail.RU_Bot/Img/2.0; +https://help.mail.ru/webmaster/indexing/robots)" "www.ysfine.com"
64.124.8.29 - - [25/Feb/2023:19:28:42 -0800] "GET /world/spain/cordo03.jpg HTTP/1.1" 200 336171 "-" "Mozilla/5.0 (Macintosh; Intel Mac OS X 10_15_7) AppleWebKit/537.36 (KHTML, like Gecko) Chrome/107.0.0.0 Safari/537.36" "ysfine.com"
40.77.167.238 - - [25/Feb/2023:19:28:57 -0800] "GET / HTTP/1.1" 200 5300 "-" "Mozilla/5.0 AppleWebKit/537.36 (KHTML, like Gecko; compatible; bingbot/2.0; +http://www.bing.com/bingbot.htm) Chrome/103.0.5060.134 Safari/537.36" "www.ysfine.com"
173.252.83.8 - - [25/Feb/2023:19:29:06 -0800] "GET /maga/invent/armstrong2.jpg HTTP/1.1" 200 79616 "-" "facebookexternalhit/1.1 (+http://www.facebook.com/externalhit_uatext.php)" "ysfine.com"
64.124.8.53 - - [25/Feb/2023:19:29:20 -0800] "GET /world/brit/kensington02.jpg HTTP/1.1" 200 95240 "-" "Mozilla/5.0 (Macintosh; Intel Mac OS X 10_15_7) AppleWebKit/537.36 (KHTML, like Gecko) Chrome/107.0.0.0 Safari/537.36" "ysfine.com"
207.46.13.220 - - [25/Feb/2023:19:29:26 -0800] "GET /world/china22.html HTTP/1.1" 200 12827 "-" "Mozilla/5.0 AppleWebKit/537.36 (KHTML, like Gecko; compatible; bingbot/2.0; +http://www.bing.com/bingbot.htm) Chrome/103.0.5060.134 Safari/537.36" "ysfine.com"
207.46.13.223 - - [25/Feb/2023:19:29:30 -0800] "GET /bio10.html HTTP/1.1" 200 4664 "-" "Mozilla/5.0 AppleWebKit/537.36 (KHTML, like Gecko; compatible; bingbot/2.0; +http://www.bing.com/bingbot.htm) Chrome/103.0.5060.134 Safari/537.36" "ysfine.com"
207.46.13.223 - - [25/Feb/2023:19:29:30 -0800] "GET /style/shops.html HTTP/1.1" 200 2829 "-" "Mozilla/5.0 AppleWebKit/537.36 (KHTML, like Gecko; compatible; bingbot/2.0; +http://www.bing.com/bingbot.htm) Chrome/103.0.5060.134 Safari/537.36" "ysfine.com"
40.77.167.238 - - [25/Feb/2023:19:29:46 -0800] "GET /world/trier.html HTTP/1.1" 200 6488 "-" "Mozilla/5.0 AppleWebKit/537.36 (KHTML, like Gecko; compatible; bingbot/2.0; +http://www.bing.com/bingbot.htm) Chrome/103.0.5060.134 Safari/537.36" "ysfine.com"
52.167.144.62 - - [25/Feb/2023:19:30:11 -0800] "GET /home/yspapers/phpr.pdf HTTP/1.1" 200 132409 "-" "Mozilla/5.0 AppleWebKit/537.36 (KHTML, like Gecko; compatible; bingbot/2.0; +http://www.bing.com/bingbot.htm) Chrome/103.0.5060.134 Safari/537.36" "ysfine.com"
64.124.8.49 - - [25/Feb/2023:19:30:24 -0800] "GET /world/china/shenyang03.jpg HTTP/1.1" 200 150633 "-" "Mozilla/5.0 (Macintosh; Intel Mac OS X 10_15_7) AppleWebKit/537.36 (KHTML, like Gecko) Chrome/107.0.0.0 Safari/537.36" "ysfine.com"
52.167.144.35 - - [25/Feb/2023:19:30:25 -0800] "GET /bio/kobak/yskor.html HTTP/1.1" 404 88 "-" "Mozilla/5.0 AppleWebKit/537.36 (KHTML, like Gecko; compatible; bingbot/2.0; +http://www.bing.com/bingbot.htm) Chrome/103.0.5060.134 Safari/537.36" "ysfine.com"
64.124.8.29 - - [25/Feb/2023:19:30:28 -0800] "GET /ysbio/usca/pitt/kerry11.jpg HTTP/1.1" 404 88 "-" "Mozilla/5.0 (Macintosh; Intel Mac OS X 10_15_7) AppleWebKit/537.36 (KHTML, like Gecko) Chrome/107.0.0.0 Safari/537.36" "ysfine.com"
173.252.83.7 - - [25/Feb/2023:19:30:38 -0800] "GET /ffriends/safrica11c.jpg HTTP/1.1" 200 26881 "-" "facebookexternalhit/1.1 (+http://www.facebook.com/externalhit_uatext.php)" "ysfine.com"
216.244.66.229 - - [25/Feb/2023:19:30:43 -0800] "GET /auto/home%5Ceink54.jpg HTTP/1.1" 404 73 "-" "Mozilla/5.0 (compatible; DotBot/1.2; +https://opensiteexplorer.org/dotbot; help@moz.com)" "www.ysfine.com"
64.124.8.54 - - [25/Feb/2023:19:30:47 -0800] "GET /world/china/china102.jpg HTTP/1.1" 200 55690 "-" "Mozilla/5.0 (Macintosh; Intel Mac OS X 10_15_7) AppleWebKit/537.36 (KHTML, like Gecko) Chrome/107.0.0.0 Safari/537.36" "ysfine.com"
216.244.66.229 - - [25/Feb/2023:19:30:51 -0800] "GET /auto/class54/math06.jpg HTTP/1.1" 404 73 "-" "Mozilla/5.0 (compatible; DotBot/1.2; +https://opensiteexplorer.org/dotbot; help@moz.com)" "www.ysfine.com"
216.244.66.229 - - [25/Feb/2023:19:30:54 -0800] "GET /home/home/more.html HTTP/1.1" 404 73 "-" "Mozilla/5.0 (compatible; DotBot/1.2; +https://opensiteexplorer.org/dotbot; help@moz.com)" "www.ysfine.com"
216.244.66.229 - - [25/Feb/2023:19:31:03 -0800] "GET /auto/wigner/gim/map02.jpg HTTP/1.1" 404 73 "-" "Mozilla/5.0 (compatible; DotBot/1.2; +https://opensiteexplorer.org/dotbot; help@moz.com)" "www.ysfine.com"
40.88.21.235 - - [25/Feb/2023:19:31:08 -0800] "GET / HTTP/1.1" 200 5300 "https://ysfine.com/" "Mozilla/5.0 (compatible; DuckDuckGo-Favicons-Bot/1.0; +http://duckduckgo.com)" "ysfine.com"
40.88.21.235 - - [25/Feb/2023:19:31:08 -0800] "GET /favicon.ico HTTP/1.1" 404 88 "https://ysfine.com/favicon.ico" "Mozilla/5.0 (compatible; DuckDuckGo-Favicons-Bot/1.0; +http://duckduckgo.com)" "ysfine.com"
40.88.21.235 - - [25/Feb/2023:19:31:08 -0800] "GET /favicon.ico HTTP/1.1" 404 88 "https://ysfine.com/favicon.ico" "Mozilla/5.0 (compatible; DuckDuckGo-Favicons-Bot/1.0; +http://duckduckgo.com)" "ysfine.com"
173.252.83.4 - - [25/Feb/2023:19:31:47 -0800] "GET /world/baltic/kalin01b.jpg HTTP/1.1" 200 49696 "-" "facebookexternalhit/1.1 (+http://www.facebook.com/externalhit_uatext.php)" "ysfine.com"
123.125.109.62 - - [25/Feb/2023:19:31:49 -0800] "GET / HTTP/1.1" 200 5300 "-" "Sogou web spider/4.0(+http://www.sogou.com/docs/help/webmasters.htm#07)" "www.ysfine.com"
64.124.8.55 - - [25/Feb/2023:19:31:55 -0800] "GET /home/wheestat11.jpg HTTP/1.1" 200 80309 "http://ysfine.com/home/wheestat11.jpg" "Mozilla/5.0 (Macintosh; Intel Mac OS X 10_15_7) AppleWebKit/537.36 (KHTML, like Gecko) Chrome/107.0.0.0 Safari/537.36" "ysfine.com"
5.210.19.44 - - [25/Feb/2023:19:33:16 -0800] "GET /robots.txt HTTP/1.1" 404 88 "-" "Mozilla/5.0 (X11; Linux x86_64) AppleWebKit/537.36 (KHTML, like Gecko) Ubuntu Chromium/44.0.2403.89 Chrome/44.0.2403.89 Safari/537.36" "ysfine.com"
91.133.152.153 - - [25/Feb/2023:19:33:17 -0800] "GET / HTTP/1.1" 200 5300 "-" "Mozilla/5.0 (Linux; U; Android 4.4.3; en-us; KFARWI Build/KTU84M) AppleWebKit/537.36 (KHTML, like Gecko) Silk/3.68 like Chrome/39.0.2171.93 Safari/537.36" "ysfine.com"
89.199.97.82 - - [25/Feb/2023:19:33:19 -0800] "GET /robots.txt HTTP/1.1" 404 88 "-" "Mozilla/5.0 (Unknown; Linux i686) AppleWebKit/534.34 (KHTML, like Gecko) Chrome/20.0.1132.57 Safari/534.34" "ysfine.com"
91.133.223.67 - - [25/Feb/2023:19:33:19 -0800] "GET / HTTP/1.1" 200 5300 "-" "Mozilla/5.0 (Linux; Android 5.1.1; Nexus 7 Build/LMY47V) AppleWebKit/537.36 (KHTML, like Gecko) Chrome/45.0.2454.84 Safari/537.36" "ysfine.com"
173.252.83.7 - - [25/Feb/2023:19:33:27 -0800] "GET /world/china/shanghai058b.jpg HTTP/1.1" 200 39131 "-" "facebookexternalhit/1.1 (+http://www.facebook.com/externalhit_uatext.php)" "ysfine.com"
64.124.8.48 - - [25/Feb/2023:19:33:43 -0800] "GET /world/ital/vatim05.jpg HTTP/1.1" 200 63084 "-" "Mozilla/5.0 (Macintosh; Intel Mac OS X 10_15_7) AppleWebKit/537.36 (KHTML, like Gecko) Chrome/107.0.0.0 Safari/537.36" "www.ysfine.com"
185.184.157.102 - - [25/Feb/2023:19:33:45 -0800] "GET /robots.txt HTTP/1.1" 404 88 "-" "Mozilla/5.0 (compatible; linkdexbot/2.0; +http://www.linkdex.com/bots/)" "ysfine.com"
185.184.157.102 - - [25/Feb/2023:19:33:45 -0800] "GET /ys11/index.html HTTP/1.1" 200 3516 "-" "Mozilla/5.0 (compatible; linkdexbot/2.0; +http://www.linkdex.com/bots/)" "www.ysfine.com"
185.184.157.102 - - [25/Feb/2023:19:33:45 -0800] "GET /robots.txt HTTP/1.1" 404 88 "-" "Mozilla/5.0 (compatible; linkdexbot/2.0; +http://www.linkdex.com/bots/)" "www.ysfine.com"
64.124.8.53 - - [25/Feb/2023:19:34:34 -0800] "GET /world/scandi/sto009.jpg HTTP/1.1" 200 107915 "http://ysfine.com/world/scandi/sto009.jpg" "Mozilla/5.0 (Macintosh; Intel Mac OS X 10_15_7) AppleWebKit/537.36 (KHTML, like Gecko) Chrome/107.0.0.0 Safari/537.36" "ysfine.com"
65.109.8.119 - - [25/Feb/2023:19:34:36 -0800] "GET /world/russ/spbm23.jpg HTTP/1.1" 200 78843 "-" "Mozilla/5.0 (X11; Fedora; Linux x86_64) AppleWebKit/537.36 (KHTML, like Gecko) Chrome/79.0.3945.117 Safari/537.36" "www.ysfine.com"
64.124.8.28 - - [25/Feb/2023:19:35:38 -0800] "GET /world/balkan/istan021.jpg HTTP/1.1" 200 106648 "-" "Mozilla/5.0 (Macintosh; Intel Mac OS X 10_15_7) AppleWebKit/537.36 (KHTML, like Gecko) Chrome/107.0.0.0 Safari/537.36" "www.ysfine.com"
64.124.8.54 - - [25/Feb/2023:19:35:39 -0800] "GET /wdc/wasopera22.jpg HTTP/1.1" 200 74426 "-" "Mozilla/5.0 (Macintosh; Intel Mac OS X 10_15_7) AppleWebKit/537.36 (KHTML, like Gecko) Chrome/107.0.0.0 Safari/537.36" "ysfine.com"
64.124.8.54 - - [25/Feb/2023:19:36:00 -0800] "GET /ysbio/newyork/colum09.jpg HTTP/1.1" 404 88 "-" "Mozilla/5.0 (Macintosh; Intel Mac OS X 10_15_7) AppleWebKit/537.36 (KHTML, like Gecko) Chrome/107.0.0.0 Safari/537.36" "www.ysfine.com"
95.163.255.61 - - [25/Feb/2023:19:36:14 -0800] "GET /einstein/einqm.html HTTP/1.1" 200 4504 "http://go.mail.ru/search_images" "Mozilla/5.0 (compatible; Linux x86_64; Mail.RU_Bot/Img/2.0; +https://help.mail.ru/webmaster/indexing/robots)" "www.ysfine.com"
64.124.8.50 - - [25/Feb/2023:19:36:56 -0800] "GET /princeton/mudd22.jpg HTTP/1.1" 200 97933 "-" "Mozilla/5.0 (Macintosh; Intel Mac OS X 10_15_7) AppleWebKit/537.36 (KHTML, like Gecko) Chrome/107.0.0.0 Safari/537.36" "ysfine.com"
91.133.249.230 - - [25/Feb/2023:19:37:07 -0800] "GET /robots.txt HTTP/1.1" 404 88 "-" "Mozilla/5.0 (Linux; Android 4.4.2; GT-N5110 Build/KOT49H) AppleWebKit/537.36 (KHTML, like Gecko) Chrome/45.0.2454.84 Safari/537.36" "ysfine.com"
5.210.105.111 - - [25/Feb/2023:19:37:07 -0800] "GET / HTTP/1.1" 200 5300 "-" "Mozilla/5.0 (Linux; Android 5.1.1; Nexus 7 Build/LMY47V) AppleWebKit/537.36 (KHTML, like Gecko) Chrome/45.0.2454.84 Safari/537.36" "ysfine.com"
216.244.66.229 - - [25/Feb/2023:19:37:25 -0800] "GET /world/france/stras20.jpg HTTP/1.1" 200 101030 "-" "Mozilla/5.0 (compatible; DotBot/1.2; +https://opensiteexplorer.org/dotbot; help@moz.com)" "www.ysfine.com"
78.46.220.75 - - [25/Feb/2023:19:37:26 -0800] "GET /feynman/jf1.jpg HTTP/1.1" 200 13411 "-" "Mozilla/5.0 (X11; Fedora; Linux x86_64) AppleWebKit/537.36 (KHTML, like Gecko) Chrome/79.0.3945.117 Safari/537.36" "ysfine.com"
216.244.66.229 - - [25/Feb/2023:19:38:02 -0800] "GET /world/russ/novik55.jpg HTTP/1.1" 200 143102 "-" "Mozilla/5.0 (compatible; DotBot/1.2; +https://opensiteexplorer.org/dotbot; help@moz.com)" "www.ysfine.com"
64.124.8.48 - - [25/Feb/2023:19:38:14 -0800] "GET /ysbio/wdc/treasury01.jpg HTTP/1.1" 404 88 "-" "Mozilla/5.0 (Macintosh; Intel Mac OS X 10_15_7) AppleWebKit/537.36 (KHTML, like Gecko) Chrome/107.0.0.0 Safari/537.36" "www.ysfine.com"
64.124.8.49 - - [25/Feb/2023:19:38:40 -0800] "GET /world/spain/cordo11.jpg HTTP/1.1" 200 233828 "-" "Mozilla/5.0 (Macintosh; Intel Mac OS X 10_15_7) AppleWebKit/537.36 (KHTML, like Gecko) Chrome/107.0.0.0 Safari/537.36" "ysfine.com"
173.252.83.23 - - [25/Feb/2023:19:38:52 -0800] "GET /ffriends/kuwait01b.jpg HTTP/1.1" 200 47955 "-" "facebookexternalhit/1.1 (+http://www.facebook.com/externalhit_uatext.php)" "ysfine.com"
216.244.66.229 - - [25/Feb/2023:19:38:52 -0800] "GET /world/spain/cordoc05.jpg HTTP/1.1" 200 341303 "-" "Mozilla/5.0 (compatible; DotBot/1.2; +https://opensiteexplorer.org/dotbot; help@moz.com)" "www.ysfine.com"
64.124.8.50 - - [25/Feb/2023:19:39:06 -0800] "GET /people/rocek.jpg HTTP/1.1" 200 79154 "-" "Mozilla/5.0 (Macintosh; Intel Mac OS X 10_15_7) AppleWebKit/537.36 (KHTML, like Gecko) Chrome/107.0.0.0 Safari/537.36" "ysfine.com"
64.124.8.28 - - [25/Feb/2023:19:39:07 -0800] "GET /style/cameras/nasalake.jpg HTTP/1.1" 200 68754 "-" "Mozilla/5.0 (Macintosh; Intel Mac OS X 10_15_7) AppleWebKit/537.36 (KHTML, like Gecko) Chrome/107.0.0.0 Safari/537.36" "www.ysfine.com"
