51.222.253.11 - - [25/Feb/2023:11:53:45 -0800] "GET /dirac/lorendir.html HTTP/1.1" 200 2426 "-" "Mozilla/5.0 (compatible; AhrefsBot/7.0; +http://ahrefs.com/robot/)" "www.ysfine.com"
40.77.167.178 - - [25/Feb/2023:11:53:51 -0800] "GET /usca/pitt/cyclo2.jpg HTTP/1.1" 200 37426 "-" "Mozilla/5.0 AppleWebKit/537.36 (KHTML, like Gecko; compatible; bingbot/2.0; +http://www.bing.com/bingbot.htm) Chrome/103.0.5060.134 Safari/537.36" "ysfine.com"
51.222.253.12 - - [25/Feb/2023:11:53:55 -0800] "GET /dirac/diracbul270.jpg HTTP/1.1" 200 37621 "-" "Mozilla/5.0 (compatible; AhrefsBot/7.0; +http://ahrefs.com/robot/)" "www.ysfine.com"
51.222.253.11 - - [25/Feb/2023:11:53:55 -0800] "GET /dirac/licone600b.jpg HTTP/1.1" 200 29974 "-" "Mozilla/5.0 (compatible; AhrefsBot/7.0; +http://ahrefs.com/robot/)" "www.ysfine.com"
64.124.8.55 - - [25/Feb/2023:11:54:15 -0800] "GET /newyork/centralp09.jpg HTTP/1.1" 200 303806 "-" "Mozilla/5.0 (Macintosh; Intel Mac OS X 10_15_7) AppleWebKit/537.36 (KHTML, like Gecko) Chrome/107.0.0.0 Safari/537.36" "ysfine.com"
52.167.144.35 - - [25/Feb/2023:11:54:24 -0800] "GET /bio/kobak/yskor.html HTTP/1.1" 404 88 "-" "Mozilla/5.0 AppleWebKit/537.36 (KHTML, like Gecko; compatible; bingbot/2.0; +http://www.bing.com/bingbot.htm) Chrome/103.0.5060.134 Safari/537.36" "ysfine.com"
31.2.188.96 - - [25/Feb/2023:11:54:39 -0800] "GET /robots.txt HTTP/1.1" 404 88 "-" "Mozilla/5.0 (iPhone; CPU iPhone OS 8_1_3 like Mac OS X) AppleWebKit/600.1.4 (KHTML, like Gecko) Version/8.0 Mobile/12B466 Safari/600.1.4" "ysfine.com"
31.2.226.13 - - [25/Feb/2023:11:54:39 -0800] "GET / HTTP/1.1" 200 5300 "-" "Mozilla/5.0 (iPad; CPU OS 9_0 like Mac OS X) AppleWebKit/601.1.46 (KHTML, like Gecko) Version/9.0 Mobile/13A4325c Safari/601.1" "ysfine.com"
207.46.13.220 - - [25/Feb/2023:11:54:52 -0800] "GET /world/germany/berlin034b.jpg HTTP/1.1" 200 28639 "-" "Mozilla/5.0 AppleWebKit/537.36 (KHTML, like Gecko; compatible; bingbot/2.0; +http://www.bing.com/bingbot.htm) Chrome/103.0.5060.134 Safari/537.36" "www.ysfine.com"
52.167.144.62 - - [25/Feb/2023:11:55:28 -0800] "GET /dirac/diracqm22b.jpg HTTP/1.1" 200 39961 "-" "Mozilla/5.0 AppleWebKit/537.36 (KHTML, like Gecko; compatible; bingbot/2.0; +http://www.bing.com/bingbot.htm) Chrome/103.0.5060.134 Safari/537.36" "www.ysfine.com"
5.210.43.125 - - [25/Feb/2023:11:55:45 -0800] "GET /robots.txt HTTP/1.1" 404 88 "-" "Mozilla/5.0 (iPhone; U; CPU iPhone OS 4_1 like Mac OS X; en-us) AppleWebKit/532.9 (KHTML, like Gecko) Version/4.0.5 Mobile/8B117 Safari/6531.22.7" "ysfine.com"
91.133.236.170 - - [25/Feb/2023:11:55:45 -0800] "GET / HTTP/1.1" 200 5300 "-" "Mozilla/5.0 (iPad; CPU OS 8_4 like Mac OS X) AppleWebKit/600.1.4 (KHTML, like Gecko) Version/8.0 Mobile/12H143 Safari/600.1.4" "ysfine.com"
110.225.10.58 - - [25/Feb/2023:11:56:23 -0800] "GET /home/pquartet.html HTTP/1.1" 200 4312 "https://www.google.com/" "Mozilla/5.0 (Windows NT 10.0; Win64; x64) AppleWebKit/537.36 (KHTML, like Gecko) Chrome/110.0.0.0 Safari/537.36" "ysfine.com"
110.225.10.58 - - [25/Feb/2023:11:56:24 -0800] "GET /home/newton33b.jpg HTTP/1.1" 200 33593 "https://ysfine.com/home/pquartet.html" "Mozilla/5.0 (Windows NT 10.0; Win64; x64) AppleWebKit/537.36 (KHTML, like Gecko) Chrome/110.0.0.0 Safari/537.36" "ysfine.com"
110.225.10.58 - - [25/Feb/2023:11:56:24 -0800] "GET /home/comet01b.jpg HTTP/1.1" 200 53465 "https://ysfine.com/home/pquartet.html" "Mozilla/5.0 (Windows NT 10.0; Win64; x64) AppleWebKit/537.36 (KHTML, like Gecko) Chrome/110.0.0.0 Safari/537.36" "ysfine.com"
110.225.10.58 - - [25/Feb/2023:11:56:24 -0800] "GET /style/bstring33b.jpg HTTP/1.1" 200 34671 "https://ysfine.com/home/pquartet.html" "Mozilla/5.0 (Windows NT 10.0; Win64; x64) AppleWebKit/537.36 (KHTML, like Gecko) Chrome/110.0.0.0 Safari/537.36" "ysfine.com"
110.225.10.58 - - [25/Feb/2023:11:56:24 -0800] "GET /einstein/eins47b.jpg HTTP/1.1" 200 48772 "https://ysfine.com/home/pquartet.html" "Mozilla/5.0 (Windows NT 10.0; Win64; x64) AppleWebKit/537.36 (KHTML, like Gecko) Chrome/110.0.0.0 Safari/537.36" "ysfine.com"
110.225.10.58 - - [25/Feb/2023:11:56:24 -0800] "GET /wigner/wigsharp2.jpg HTTP/1.1" 200 34860 "https://ysfine.com/home/pquartet.html" "Mozilla/5.0 (Windows NT 10.0; Win64; x64) AppleWebKit/537.36 (KHTML, like Gecko) Chrome/110.0.0.0 Safari/537.36" "ysfine.com"
110.225.10.58 - - [25/Feb/2023:11:56:24 -0800] "GET /dirac/dirac2.jpg HTTP/1.1" 200 31039 "https://ysfine.com/home/pquartet.html" "Mozilla/5.0 (Windows NT 10.0; Win64; x64) AppleWebKit/537.36 (KHTML, like Gecko) Chrome/110.0.0.0 Safari/537.36" "ysfine.com"
110.225.10.58 - - [25/Feb/2023:11:56:25 -0800] "GET /feynman/feyn86b.jpg HTTP/1.1" 200 26190 "https://ysfine.com/home/pquartet.html" "Mozilla/5.0 (Windows NT 10.0; Win64; x64) AppleWebKit/537.36 (KHTML, like Gecko) Chrome/110.0.0.0 Safari/537.36" "ysfine.com"
142.132.181.104 - - [25/Feb/2023:11:56:51 -0800] "GET /world/spain/iberia11c.jpg HTTP/1.1" 200 27983 "-" "Mozilla/5.0 (X11; Fedora; Linux x86_64) AppleWebKit/537.36 (KHTML, like Gecko) Chrome/79.0.3945.117 Safari/537.36" "ysfine.com"
77.244.144.24 - - [25/Feb/2023:11:57:00 -0800] "GET /dirac/dirac.jpg HTTP/1.1" 200 94245 "https://yandex.com/images/search?text=%D0%BF%20%D0%B4%D0%B8%D1%80%D0%B0%D0%BA&pos=6&img_url=http%3A%2F%2Fmeteorologiaenred.com%2Fwp-content%2Fuploads%2F2021%2F11%2Ffisico-paul-dirac.jpg&rpt=simage&lr=10318" "Mozilla/5.0 (Windows NT 10.0; Win64; x64) AppleWebKit/537.36 (KHTML, like Gecko) Chrome/103.0.0.0 Safari/537.36" "www.ysfine.com"
64.124.8.29 - - [25/Feb/2023:11:57:18 -0800] "GET /ysbio/wdc/capitolc.jpg HTTP/1.1" 404 88 "-" "Mozilla/5.0 (Macintosh; Intel Mac OS X 10_15_7) AppleWebKit/537.36 (KHTML, like Gecko) Chrome/107.0.0.0 Safari/537.36" "www.ysfine.com"
173.252.83.117 - - [25/Feb/2023:11:57:36 -0800] "GET /ffriends/aline/sas02c.jpg HTTP/1.1" 200 32255 "-" "facebookexternalhit/1.1 (+http://www.facebook.com/externalhit_uatext.php)" "ysfine.com"
64.124.8.29 - - [25/Feb/2023:11:57:39 -0800] "GET /feynman/page11.jpg HTTP/1.1" 200 39160 "-" "Mozilla/5.0 (Macintosh; Intel Mac OS X 10_15_7) AppleWebKit/537.36 (KHTML, like Gecko) Chrome/107.0.0.0 Safari/537.36" "www.ysfine.com"
64.124.8.57 - - [25/Feb/2023:11:57:46 -0800] "GET /friends/koharp05.jpg HTTP/1.1" 404 88 "-" "Mozilla/5.0 (Macintosh; Intel Mac OS X 10_15_7) AppleWebKit/537.36 (KHTML, like Gecko) Chrome/107.0.0.0 Safari/537.36" "ysfine.com"
52.167.144.35 - - [25/Feb/2023:11:59:52 -0800] "GET /wigner/maxwig44c.jpg HTTP/1.1" 200 44966 "-" "Mozilla/5.0 AppleWebKit/537.36 (KHTML, like Gecko; compatible; bingbot/2.0; +http://www.bing.com/bingbot.htm) Chrome/103.0.5060.134 Safari/537.36" "ysfine.com"
52.167.144.35 - - [25/Feb/2023:12:00:02 -0800] "GET /ysbio/genea.html HTTP/1.1" 404 88 "-" "Mozilla/5.0 AppleWebKit/537.36 (KHTML, like Gecko; compatible; bingbot/2.0; +http://www.bing.com/bingbot.htm) Chrome/103.0.5060.134 Safari/537.36" "www.ysfine.com"
86.88.124.249 - - [25/Feb/2023:12:00:14 -0800] "GET /einstein/eincurie11.jpg HTTP/1.1" 200 71229 "https://www.google.nl/" "Mozilla/5.0 (iPhone; CPU iPhone OS 15_7_3 like Mac OS X) AppleWebKit/605.1.15 (KHTML, like Gecko) Version/15.6.4 Mobile/15E148 Safari/604.1" "ysfine.com"
64.124.8.48 - - [25/Feb/2023:12:01:23 -0800] "GET /newyork/metny11.jpg HTTP/1.1" 200 188717 "-" "Mozilla/5.0 (Macintosh; Intel Mac OS X 10_15_7) AppleWebKit/537.36 (KHTML, like Gecko) Chrome/107.0.0.0 Safari/537.36" "www.ysfine.com"
64.124.8.29 - - [25/Feb/2023:12:01:44 -0800] "GET /world/france/sartsq03.jpg HTTP/1.1" 200 103524 "-" "Mozilla/5.0 (Macintosh; Intel Mac OS X 10_15_7) AppleWebKit/537.36 (KHTML, like Gecko) Chrome/107.0.0.0 Safari/537.36" "ysfine.com"
64.124.8.28 - - [25/Feb/2023:12:02:06 -0800] "GET /princeton/prford22.jpg HTTP/1.1" 200 113070 "-" "Mozilla/5.0 (Macintosh; Intel Mac OS X 10_15_7) AppleWebKit/537.36 (KHTML, like Gecko) Chrome/107.0.0.0 Safari/537.36" "ysfine.com"
108.31.142.244 - - [25/Feb/2023:12:02:09 -0800] "GET /princeton/campus.html HTTP/1.1" 200 15141 "https://www.google.com/" "Mozilla/5.0 (Linux; Android 13; SM-T733) AppleWebKit/537.36 (KHTML, like Gecko) Chrome/110.0.0.0 Safari/537.36" "ysfine.com"
108.31.142.244 - - [25/Feb/2023:12:02:09 -0800] "GET /princeton/withers01b.jpg HTTP/1.1" 200 53277 "https://ysfine.com/princeton/campus.html" "Mozilla/5.0 (Linux; Android 13; SM-T733) AppleWebKit/537.36 (KHTML, like Gecko) Chrome/110.0.0.0 Safari/537.36" "ysfine.com"
108.31.142.244 - - [25/Feb/2023:12:02:09 -0800] "GET /princeton/nasshall01b.jpg HTTP/1.1" 200 60879 "https://ysfine.com/princeton/campus.html" "Mozilla/5.0 (Linux; Android 13; SM-T733) AppleWebKit/537.36 (KHTML, like Gecko) Chrome/110.0.0.0 Safari/537.36" "ysfine.com"
108.31.142.244 - - [25/Feb/2023:12:02:09 -0800] "GET /princeton/pcomm01b.jpg HTTP/1.1" 200 46796 "https://ysfine.com/princeton/campus.html" "Mozilla/5.0 (Linux; Android 13; SM-T733) AppleWebKit/537.36 (KHTML, like Gecko) Chrome/110.0.0.0 Safari/537.36" "ysfine.com"
108.31.142.244 - - [25/Feb/2023:12:02:09 -0800] "GET /princeton/pstadium22b.jpg HTTP/1.1" 200 40166 "https://ysfine.com/princeton/campus.html" "Mozilla/5.0 (Linux; Android 13; SM-T733) AppleWebKit/537.36 (KHTML, like Gecko) Chrome/110.0.0.0 Safari/537.36" "ysfine.com"
108.31.142.244 - - [25/Feb/2023:12:02:09 -0800] "GET /princeton/alexan22b.jpg HTTP/1.1" 200 55817 "https://ysfine.com/princeton/campus.html" "Mozilla/5.0 (Linux; Android 13; SM-T733) AppleWebKit/537.36 (KHTML, like Gecko) Chrome/110.0.0.0 Safari/537.36" "ysfine.com"
108.31.142.244 - - [25/Feb/2023:12:02:09 -0800] "GET /princeton/pumu11b.jpg HTTP/1.1" 200 46659 "https://ysfine.com/princeton/campus.html" "Mozilla/5.0 (Linux; Android 13; SM-T733) AppleWebKit/537.36 (KHTML, like Gecko) Chrome/110.0.0.0 Safari/537.36" "ysfine.com"
108.31.142.244 - - [25/Feb/2023:12:02:09 -0800] "GET /style/picasspr22b.jpg HTTP/1.1" 200 67766 "https://ysfine.com/princeton/campus.html" "Mozilla/5.0 (Linux; Android 13; SM-T733) AppleWebKit/537.36 (KHTML, like Gecko) Chrome/110.0.0.0 Safari/537.36" "ysfine.com"
108.31.142.244 - - [25/Feb/2023:12:02:09 -0800] "GET /princeton/gcollege05b.jpg HTTP/1.1" 200 49944 "https://ysfine.com/princeton/campus.html" "Mozilla/5.0 (Linux; Android 13; SM-T733) AppleWebKit/537.36 (KHTML, like Gecko) Chrome/110.0.0.0 Safari/537.36" "ysfine.com"
108.31.142.244 - - [25/Feb/2023:12:02:09 -0800] "GET /princeton/prospectg33b.jpg HTTP/1.1" 200 39510 "https://ysfine.com/princeton/campus.html" "Mozilla/5.0 (Linux; Android 13; SM-T733) AppleWebKit/537.36 (KHTML, like Gecko) Chrome/110.0.0.0 Safari/537.36" "ysfine.com"
108.31.142.244 - - [25/Feb/2023:12:02:09 -0800] "GET /princeton/gcollege21b.jpg HTTP/1.1" 200 50053 "https://ysfine.com/princeton/campus.html" "Mozilla/5.0 (Linux; Android 13; SM-T733) AppleWebKit/537.36 (KHTML, like Gecko) Chrome/110.0.0.0 Safari/537.36" "ysfine.com"
108.31.142.244 - - [25/Feb/2023:12:02:09 -0800] "GET /princeton/cleve11b.jpg HTTP/1.1" 200 42431 "https://ysfine.com/princeton/campus.html" "Mozilla/5.0 (Linux; Android 13; SM-T733) AppleWebKit/537.36 (KHTML, like Gecko) Chrome/110.0.0.0 Safari/537.36" "ysfine.com"
108.31.142.244 - - [25/Feb/2023:12:02:09 -0800] "GET /princeton/firestone11b.jpg HTTP/1.1" 200 54060 "https://ysfine.com/princeton/campus.html" "Mozilla/5.0 (Linux; Android 13; SM-T733) AppleWebKit/537.36 (KHTML, like Gecko) Chrome/110.0.0.0 Safari/537.36" "ysfine.com"
108.31.142.244 - - [25/Feb/2023:12:02:09 -0800] "GET /princeton/sabat11b.jpg HTTP/1.1" 200 56760 "https://ysfine.com/princeton/campus.html" "Mozilla/5.0 (Linux; Android 13; SM-T733) AppleWebKit/537.36 (KHTML, like Gecko) Chrome/110.0.0.0 Safari/537.36" "ysfine.com"
108.31.142.244 - - [25/Feb/2023:12:02:09 -0800] "GET /princeton/nassinf32b.jpg HTTP/1.1" 200 40214 "https://ysfine.com/princeton/campus.html" "Mozilla/5.0 (Linux; Android 13; SM-T733) AppleWebKit/537.36 (KHTML, like Gecko) Chrome/110.0.0.0 Safari/537.36" "ysfine.com"
108.31.142.244 - - [25/Feb/2023:12:02:09 -0800] "GET /princeton/orren11b.jpg HTTP/1.1" 200 32972 "https://ysfine.com/princeton/campus.html" "Mozilla/5.0 (Linux; Android 13; SM-T733) AppleWebKit/537.36 (KHTML, like Gecko) Chrome/110.0.0.0 Safari/537.36" "ysfine.com"
108.31.142.244 - - [25/Feb/2023:12:02:09 -0800] "GET /princeton/econ11b.jpg HTTP/1.1" 200 37872 "https://ysfine.com/princeton/campus.html" "Mozilla/5.0 (Linux; Android 13; SM-T733) AppleWebKit/537.36 (KHTML, like Gecko) Chrome/110.0.0.0 Safari/537.36" "ysfine.com"
108.31.142.244 - - [25/Feb/2023:12:02:09 -0800] "GET /princeton/palmersq11b.jpg HTTP/1.1" 200 36231 "https://ysfine.com/princeton/campus.html" "Mozilla/5.0 (Linux; Android 13; SM-T733) AppleWebKit/537.36 (KHTML, like Gecko) Chrome/110.0.0.0 Safari/537.36" "ysfine.com"
108.31.142.244 - - [25/Feb/2023:12:02:09 -0800] "GET /princeton/hyatt33b.jpg HTTP/1.1" 200 34135 "https://ysfine.com/princeton/campus.html" "Mozilla/5.0 (Linux; Android 13; SM-T733) AppleWebKit/537.36 (KHTML, like Gecko) Chrome/110.0.0.0 Safari/537.36" "ysfine.com"
108.31.142.244 - - [25/Feb/2023:12:02:09 -0800] "GET /princeton/nordisk11b.jpg HTTP/1.1" 200 30945 "https://ysfine.com/princeton/campus.html" "Mozilla/5.0 (Linux; Android 13; SM-T733) AppleWebKit/537.36 (KHTML, like Gecko) Chrome/110.0.0.0 Safari/537.36" "ysfine.com"
108.31.142.244 - - [25/Feb/2023:12:02:09 -0800] "GET /princeton/eng01b.jpg HTTP/1.1" 200 35847 "https://ysfine.com/princeton/campus.html" "Mozilla/5.0 (Linux; Android 13; SM-T733) AppleWebKit/537.36 (KHTML, like Gecko) Chrome/110.0.0.0 Safari/537.36" "ysfine.com"
108.31.142.244 - - [25/Feb/2023:12:02:09 -0800] "GET /princeton/pgarden11b.jpg HTTP/1.1" 200 46683 "https://ysfine.com/princeton/campus.html" "Mozilla/5.0 (Linux; Android 13; SM-T733) AppleWebKit/537.36 (KHTML, like Gecko) Chrome/110.0.0.0 Safari/537.36" "ysfine.com"
108.31.142.244 - - [25/Feb/2023:12:02:09 -0800] "GET /princeton/wilson01b.jpg HTTP/1.1" 200 39141 "https://ysfine.com/princeton/campus.html" "Mozilla/5.0 (Linux; Android 13; SM-T733) AppleWebKit/537.36 (KHTML, like Gecko) Chrome/110.0.0.0 Safari/537.36" "ysfine.com"
108.31.142.244 - - [25/Feb/2023:12:02:09 -0800] "GET /einstein/eins47b.jpg HTTP/1.1" 200 48772 "https://ysfine.com/princeton/campus.html" "Mozilla/5.0 (Linux; Android 13; SM-T733) AppleWebKit/537.36 (KHTML, like Gecko) Chrome/110.0.0.0 Safari/537.36" "ysfine.com"
108.31.142.244 - - [25/Feb/2023:12:02:09 -0800] "GET /princeton/nassinf35b.jpg HTTP/1.1" 200 45853 "https://ysfine.com/princeton/campus.html" "Mozilla/5.0 (Linux; Android 13; SM-T733) AppleWebKit/537.36 (KHTML, like Gecko) Chrome/110.0.0.0 Safari/537.36" "ysfine.com"
108.31.142.244 - - [25/Feb/2023:12:02:09 -0800] "GET /einstein/eincurie11b.jpg HTTP/1.1" 200 42944 "https://ysfine.com/princeton/campus.html" "Mozilla/5.0 (Linux; Android 13; SM-T733) AppleWebKit/537.36 (KHTML, like Gecko) Chrome/110.0.0.0 Safari/537.36" "ysfine.com"
108.31.142.244 - - [25/Feb/2023:12:02:09 -0800] "GET /eink/pwk19c.jpg HTTP/1.1" 200 57759 "https://ysfine.com/princeton/campus.html" "Mozilla/5.0 (Linux; Android 13; SM-T733) AppleWebKit/537.36 (KHTML, like Gecko) Chrome/110.0.0.0 Safari/537.36" "ysfine.com"
108.31.142.244 - - [25/Feb/2023:12:02:09 -0800] "GET /princeton/brownh11b.jpg HTTP/1.1" 200 52347 "https://ysfine.com/princeton/campus.html" "Mozilla/5.0 (Linux; Android 13; SM-T733) AppleWebKit/537.36 (KHTML, like Gecko) Chrome/110.0.0.0 Safari/537.36" "ysfine.com"
108.31.142.244 - - [25/Feb/2023:12:02:09 -0800] "GET /princeton/blair11b.jpg HTTP/1.1" 200 46260 "https://ysfine.com/princeton/campus.html" "Mozilla/5.0 (Linux; Android 13; SM-T733) AppleWebKit/537.36 (KHTML, like Gecko) Chrome/110.0.0.0 Safari/537.36" "ysfine.com"
108.31.142.244 - - [25/Feb/2023:12:02:09 -0800] "GET /princeton/brooke66b.jpg HTTP/1.1" 200 44674 "https://ysfine.com/princeton/campus.html" "Mozilla/5.0 (Linux; Android 13; SM-T733) AppleWebKit/537.36 (KHTML, like Gecko) Chrome/110.0.0.0 Safari/537.36" "ysfine.com"
108.31.142.244 - - [25/Feb/2023:12:02:09 -0800] "GET /princeton/hyatt66b.jpg HTTP/1.1" 200 45208 "https://ysfine.com/princeton/campus.html" "Mozilla/5.0 (Linux; Android 13; SM-T733) AppleWebKit/537.36 (KHTML, like Gecko) Chrome/110.0.0.0 Safari/537.36" "ysfine.com"
108.31.142.244 - - [25/Feb/2023:12:02:09 -0800] "GET /princeton/mediter22b.jpg HTTP/1.1" 200 34241 "https://ysfine.com/princeton/campus.html" "Mozilla/5.0 (Linux; Android 13; SM-T733) AppleWebKit/537.36 (KHTML, like Gecko) Chrome/110.0.0.0 Safari/537.36" "ysfine.com"
108.31.142.244 - - [25/Feb/2023:12:02:09 -0800] "GET /einstein/einhouse11b.jpg HTTP/1.1" 200 42717 "https://ysfine.com/princeton/campus.html" "Mozilla/5.0 (Linux; Android 13; SM-T733) AppleWebKit/537.36 (KHTML, like Gecko) Chrome/110.0.0.0 Safari/537.36" "ysfine.com"
108.31.142.244 - - [25/Feb/2023:12:02:09 -0800] "GET /princeton/jj03b.jpg HTTP/1.1" 200 46731 "https://ysfine.com/princeton/campus.html" "Mozilla/5.0 (Linux; Android 13; SM-T733) AppleWebKit/537.36 (KHTML, like Gecko) Chrome/110.0.0.0 Safari/537.36" "ysfine.com"
108.31.142.244 - - [25/Feb/2023:12:02:09 -0800] "GET /princeton/lahiere11b.jpg HTTP/1.1" 200 53024 "https://ysfine.com/princeton/campus.html" "Mozilla/5.0 (Linux; Android 13; SM-T733) AppleWebKit/537.36 (KHTML, like Gecko) Chrome/110.0.0.0 Safari/537.36" "ysfine.com"
108.31.142.244 - - [25/Feb/2023:12:02:09 -0800] "GET /princeton/forrestalmap2.jpg HTTP/1.1" 200 54761 "https://ysfine.com/princeton/campus.html" "Mozilla/5.0 (Linux; Android 13; SM-T733) AppleWebKit/537.36 (KHTML, like Gecko) Chrome/110.0.0.0 Safari/537.36" "ysfine.com"
108.31.142.244 - - [25/Feb/2023:12:02:09 -0800] "GET /maga/invent/sarnoffco11b.jpg HTTP/1.1" 200 31031 "https://ysfine.com/princeton/campus.html" "Mozilla/5.0 (Linux; Android 13; SM-T733) AppleWebKit/537.36 (KHTML, like Gecko) Chrome/110.0.0.0 Safari/537.36" "ysfine.com"
108.31.142.244 - - [25/Feb/2023:12:02:09 -0800] "GET /princeton/rheepr01b.jpg HTTP/1.1" 200 35236 "https://ysfine.com/princeton/campus.html" "Mozilla/5.0 (Linux; Android 13; SM-T733) AppleWebKit/537.36 (KHTML, like Gecko) Chrome/110.0.0.0 Safari/537.36" "ysfine.com"
108.31.142.244 - - [25/Feb/2023:12:02:09 -0800] "GET /princeton/nassin05b.jpg HTTP/1.1" 200 45166 "https://ysfine.com/princeton/campus.html" "Mozilla/5.0 (Linux; Android 13; SM-T733) AppleWebKit/537.36 (KHTML, like Gecko) Chrome/110.0.0.0 Safari/537.36" "ysfine.com"
108.31.142.244 - - [25/Feb/2023:12:02:09 -0800] "GET /princeton/nassinf03b.jpg HTTP/1.1" 200 33593 "https://ysfine.com/princeton/campus.html" "Mozilla/5.0 (Linux; Android 13; SM-T733) AppleWebKit/537.36 (KHTML, like Gecko) Chrome/110.0.0.0 Safari/537.36" "ysfine.com"
108.31.142.244 - - [25/Feb/2023:12:02:09 -0800] "GET /world/russ/kazan035b.jpg HTTP/1.1" 200 41723 "https://ysfine.com/princeton/campus.html" "Mozilla/5.0 (Linux; Android 13; SM-T733) AppleWebKit/537.36 (KHTML, like Gecko) Chrome/110.0.0.0 Safari/537.36" "ysfine.com"
108.31.142.244 - - [25/Feb/2023:12:02:09 -0800] "GET /princeton/ustore33b.jpg HTTP/1.1" 200 54240 "https://ysfine.com/princeton/campus.html" "Mozilla/5.0 (Linux; Android 13; SM-T733) AppleWebKit/537.36 (KHTML, like Gecko) Chrome/110.0.0.0 Safari/537.36" "ysfine.com"
108.31.142.244 - - [25/Feb/2023:12:02:09 -0800] "GET /princeton/hamilton11b.jpg HTTP/1.1" 200 55404 "https://ysfine.com/princeton/campus.html" "Mozilla/5.0 (Linux; Android 13; SM-T733) AppleWebKit/537.36 (KHTML, like Gecko) Chrome/110.0.0.0 Safari/537.36" "ysfine.com"
108.31.142.244 - - [25/Feb/2023:12:02:09 -0800] "GET /princeton/pseminary11b.jpg HTTP/1.1" 200 53421 "https://ysfine.com/princeton/campus.html" "Mozilla/5.0 (Linux; Android 13; SM-T733) AppleWebKit/537.36 (KHTML, like Gecko) Chrome/110.0.0.0 Safari/537.36" "ysfine.com"
108.31.142.244 - - [25/Feb/2023:12:02:09 -0800] "GET /princeton/nassin08b.jpg HTTP/1.1" 200 55747 "https://ysfine.com/princeton/campus.html" "Mozilla/5.0 (Linux; Android 13; SM-T733) AppleWebKit/537.36 (KHTML, like Gecko) Chrome/110.0.0.0 Safari/537.36" "ysfine.com"
108.31.142.244 - - [25/Feb/2023:12:02:09 -0800] "GET /princeton/palmerlab11b.jpg HTTP/1.1" 200 40956 "https://ysfine.com/princeton/campus.html" "Mozilla/5.0 (Linux; Android 13; SM-T733) AppleWebKit/537.36 (KHTML, like Gecko) Chrome/110.0.0.0 Safari/537.36" "ysfine.com"
108.31.142.244 - - [25/Feb/2023:12:02:09 -0800] "GET /princeton/wilson02b.jpg HTTP/1.1" 200 38092 "https://ysfine.com/princeton/campus.html" "Mozilla/5.0 (Linux; Android 13; SM-T733) AppleWebKit/537.36 (KHTML, like Gecko) Chrome/110.0.0.0 Safari/537.36" "ysfine.com"
108.31.142.244 - - [25/Feb/2023:12:02:09 -0800] "GET /kobak/taylor400.jpg HTTP/1.1" 200 56181 "https://ysfine.com/princeton/campus.html" "Mozilla/5.0 (Linux; Android 13; SM-T733) AppleWebKit/537.36 (KHTML, like Gecko) Chrome/110.0.0.0 Safari/537.36" "ysfine.com"
108.31.142.244 - - [25/Feb/2023:12:02:09 -0800] "GET /princeton/annex11b.jpg HTTP/1.1" 200 39639 "https://ysfine.com/princeton/campus.html" "Mozilla/5.0 (Linux; Android 13; SM-T733) AppleWebKit/537.36 (KHTML, like Gecko) Chrome/110.0.0.0 Safari/537.36" "ysfine.com"
108.31.142.244 - - [25/Feb/2023:12:02:09 -0800] "GET /princeton/nassinf01b.jpg HTTP/1.1" 200 45562 "https://ysfine.com/princeton/campus.html" "Mozilla/5.0 (Linux; Android 13; SM-T733) AppleWebKit/537.36 (KHTML, like Gecko) Chrome/110.0.0.0 Safari/537.36" "ysfine.com"
64.124.8.55 - - [25/Feb/2023:12:02:10 -0800] "GET /world/germany/salzmo05.jpg HTTP/1.1" 200 115254 "-" "Mozilla/5.0 (Macintosh; Intel Mac OS X 10_15_7) AppleWebKit/537.36 (KHTML, like Gecko) Chrome/107.0.0.0 Safari/537.36" "ysfine.com"
108.31.142.244 - - [25/Feb/2023:12:02:11 -0800] "GET /favicon.ico HTTP/1.1" 404 88 "https://ysfine.com/princeton/campus.html" "Mozilla/5.0 (Linux; Android 13; SM-T733) AppleWebKit/537.36 (KHTML, like Gecko) Chrome/110.0.0.0 Safari/537.36" "ysfine.com"
91.133.131.177 - - [25/Feb/2023:12:02:28 -0800] "GET /robots.txt HTTP/1.1" 404 88 "-" "Mozilla/5.0 ArchLinux (X11; U; Linux x86_64; en-US) AppleWebKit/534.30 (KHTML, like Gecko) Chrome/12.0.742.100 Safari/534.30" "ysfine.com"
91.133.196.126 - - [25/Feb/2023:12:02:28 -0800] "GET / HTTP/1.1" 200 5300 "-" "Mozilla/5.0 (iPhone; CPU iPhone OS 8_4_1 like Mac OS X) AppleWebKit/600.1.4 (KHTML, like Gecko) GSA/7.0.55539 Mobile/12H321 Safari/600.1.4" "ysfine.com"
173.252.83.9 - - [25/Feb/2023:12:02:29 -0800] "GET /home/wigner62c.jpg HTTP/1.1" 200 41727 "-" "facebookexternalhit/1.1 (+http://www.facebook.com/externalhit_uatext.php)" "ysfine.com"
108.31.142.244 - - [25/Feb/2023:12:02:30 -0800] "GET /princeton/blair11.jpg HTTP/1.1" 200 121164 "https://ysfine.com/princeton/campus.html" "Mozilla/5.0 (Linux; Android 13; SM-T733) AppleWebKit/537.36 (KHTML, like Gecko) Chrome/110.0.0.0 Safari/537.36" "ysfine.com"
5.210.108.129 - - [25/Feb/2023:12:02:34 -0800] "GET /robots.txt HTTP/1.1" 404 88 "-" "Mozilla/5.0 (iPad; CPU OS 5_0_1 like Mac OS X) AppleWebKit/534.46 (KHTML, like Gecko) Version/5.1 Mobile/9A405 Safari/7534.48.3" "ysfine.com"
5.210.173.78 - - [25/Feb/2023:12:02:34 -0800] "GET / HTTP/1.1" 200 5300 "-" "Mozilla/5.0 (X11; Linux i686) AppleWebKit/537.36 (KHTML, like Gecko) Chrome/33.0.1750.152 Safari/537.36" "ysfine.com"
108.31.142.244 - - [25/Feb/2023:12:02:55 -0800] "GET /princeton/prinn11.jpg HTTP/1.1" 200 78466 "https://ysfine.com/princeton/campus.html" "Mozilla/5.0 (Linux; Android 13; SM-T733) AppleWebKit/537.36 (KHTML, like Gecko) Chrome/110.0.0.0 Safari/537.36" "ysfine.com"
95.108.213.148 - - [25/Feb/2023:12:03:27 -0800] "GET /newyork/un01c.jpg HTTP/1.1" 200 26388 "-" "Mozilla/5.0 (compatible; YandexImages/3.0; +http://yandex.com/bots)" "www.ysfine.com"
95.108.213.131 - - [25/Feb/2023:12:03:30 -0800] "GET /world/germany/stutt08.jpg HTTP/1.1" 200 117766 "-" "Mozilla/5.0 (compatible; YandexImages/3.0; +http://yandex.com/bots)" "www.ysfine.com"
67.141.133.251 - - [25/Feb/2023:12:04:44 -0800] "GET /einstein/eins05.jpg HTTP/1.1" 200 45707 "https://www.google.com/" "Mozilla/5.0 (Windows NT 10.0; Win64; x64; rv:109.0) Gecko/20100101 Firefox/110.0" "ysfine.com"
67.141.133.251 - - [25/Feb/2023:12:04:49 -0800] "GET /einstein/eins05.jpg HTTP/1.1" 200 45707 "https://www.google.com/" "Mozilla/5.0 (Windows NT 10.0; Win64; x64; rv:109.0) Gecko/20100101 Firefox/110.0" "ysfine.com"
67.141.133.251 - - [25/Feb/2023:12:04:50 -0800] "GET /favicon.ico HTTP/1.1" 404 88 "https://ysfine.com/einstein/eins05.jpg" "Mozilla/5.0 (Windows NT 10.0; Win64; x64; rv:109.0) Gecko/20100101 Firefox/110.0" "ysfine.com"
95.163.255.64 - - [25/Feb/2023:12:05:54 -0800] "GET /robots.txt HTTP/1.1" 404 73 "-" "Mozilla/5.0 (compatible; Linux x86_64; Mail.RU_Bot/2.0; +https://help.mail.ru/webmaster/indexing/robots)" "ysfine.com"
91.133.167.240 - - [25/Feb/2023:12:06:03 -0800] "GET /robots.txt HTTP/1.1" 404 88 "-" "Mozilla/5.0 (Linux; U; Android 4.0.3; en-us; KFOT Build/IML74K) AppleWebKit/537.36 (KHTML, like Gecko) Silk/3.68 like Chrome/39.0.2171.93 Safari/537.36" "ysfine.com"
91.133.195.34 - - [25/Feb/2023:12:06:03 -0800] "GET / HTTP/1.1" 200 5300 "-" "Mozilla/5.0 (Linux; Android 5.0; SAMSUNG SM-N900V 4G Build/LRX21V) AppleWebKit/537.36 (KHTML, like Gecko) SamsungBrowser/2.1 Chrome/34.0.1847.76 Mobile Safari/537.36" "ysfine.com"
207.46.13.220 - - [25/Feb/2023:12:06:07 -0800] "GET /class54/emailed02.html HTTP/1.1" 200 29084 "-" "Mozilla/5.0 AppleWebKit/537.36 (KHTML, like Gecko; compatible; bingbot/2.0; +http://www.bing.com/bingbot.htm) Chrome/103.0.5060.134 Safari/537.36" "www.ysfine.com"
95.163.255.68 - - [25/Feb/2023:12:06:37 -0800] "GET /style/suwa66.jpg HTTP/1.1" 200 124449 "-" "Mozilla/5.0 (compatible; Linux x86_64; Mail.RU_Bot/2.0; +https://help.mail.ru/webmaster/indexing/robots)" "ysfine.com"
64.124.8.50 - - [25/Feb/2023:12:06:43 -0800] "GET /usca/pitt/pghrail33.jpg HTTP/1.1" 200 118198 "-" "Mozilla/5.0 (Macintosh; Intel Mac OS X 10_15_7) AppleWebKit/537.36 (KHTML, like Gecko) Chrome/107.0.0.0 Safari/537.36" "ysfine.com"
173.252.83.8 - - [25/Feb/2023:12:06:44 -0800] "GET /kobak/kcrown.jpg HTTP/1.1" 200 41579 "-" "facebookexternalhit/1.1 (+http://www.facebook.com/externalhit_uatext.php)" "ysfine.com"
61.135.159.143 - - [25/Feb/2023:12:07:32 -0800] "GET / HTTP/1.1" 200 5300 "-" "Sogou web spider/4.0(+http://www.sogou.com/docs/help/webmasters.htm#07)" "www.ysfine.com"
64.124.8.50 - - [25/Feb/2023:12:08:15 -0800] "GET /wdc/ford10.jpg HTTP/1.1" 200 121462 "-" "Mozilla/5.0 (Macintosh; Intel Mac OS X 10_15_7) AppleWebKit/537.36 (KHTML, like Gecko) Chrome/107.0.0.0 Safari/537.36" "www.ysfine.com"
64.124.8.53 - - [25/Feb/2023:12:08:37 -0800] "GET /maga/weylfig02.jpg HTTP/1.1" 404 88 "-" "Mozilla/5.0 (Macintosh; Intel Mac OS X 10_15_7) AppleWebKit/537.36 (KHTML, like Gecko) Chrome/107.0.0.0 Safari/537.36" "ysfine.com"
64.124.8.29 - - [25/Feb/2023:12:09:23 -0800] "GET /maga/phil/marxmos02.jpg HTTP/1.1" 200 74082 "-" "Mozilla/5.0 (Macintosh; Intel Mac OS X 10_15_7) AppleWebKit/537.36 (KHTML, like Gecko) Chrome/107.0.0.0 Safari/537.36" "ysfine.com"
64.124.8.54 - - [25/Feb/2023:12:10:39 -0800] "GET /world/ital/repub01.jpg HTTP/1.1" 200 106228 "-" "Mozilla/5.0 (Macintosh; Intel Mac OS X 10_15_7) AppleWebKit/537.36 (KHTML, like Gecko) Chrome/107.0.0.0 Safari/537.36" "ysfine.com"
64.124.8.48 - - [25/Feb/2023:12:11:03 -0800] "GET /ysbio/world/scandi/sto036.jpg HTTP/1.1" 404 88 "-" "Mozilla/5.0 (Macintosh; Intel Mac OS X 10_15_7) AppleWebKit/537.36 (KHTML, like Gecko) Chrome/107.0.0.0 Safari/537.36" "www.ysfine.com"
64.124.8.50 - - [25/Feb/2023:12:11:26 -0800] "GET /kowar/mil/stalinorg.jpg HTTP/1.1" 404 88 "-" "Mozilla/5.0 (Macintosh; Intel Mac OS X 10_15_7) AppleWebKit/537.36 (KHTML, like Gecko) Chrome/107.0.0.0 Safari/537.36" "ysfine.com"
216.244.66.229 - - [25/Feb/2023:12:12:38 -0800] "GET /bio12.html HTTP/1.1" 200 45700 "-" "Mozilla/5.0 (compatible; DotBot/1.2; +https://opensiteexplorer.org/dotbot; help@moz.com)" "ysfine.com"
64.124.8.55 - - [25/Feb/2023:12:13:15 -0800] "GET /ffriends/russrio11.jpg HTTP/1.1" 200 81455 "-" "Mozilla/5.0 (Macintosh; Intel Mac OS X 10_15_7) AppleWebKit/537.36 (KHTML, like Gecko) Chrome/107.0.0.0 Safari/537.36" "www.ysfine.com"
64.124.8.54 - - [25/Feb/2023:12:13:36 -0800] "GET /world/france/sorbonne15.jpg HTTP/1.1" 200 102545 "-" "Mozilla/5.0 (Macintosh; Intel Mac OS X 10_15_7) AppleWebKit/537.36 (KHTML, like Gecko) Chrome/107.0.0.0 Safari/537.36" "ysfine.com"
52.167.144.62 - - [25/Feb/2023:12:13:39 -0800] "GET /bio/style/proschanie.html HTTP/1.1" 404 88 "-" "Mozilla/5.0 AppleWebKit/537.36 (KHTML, like Gecko; compatible; bingbot/2.0; +http://www.bing.com/bingbot.htm) Chrome/103.0.5060.134 Safari/537.36" "ysfine.com"
64.124.8.55 - - [25/Feb/2023:12:14:43 -0800] "GET /world/germany/trier04.jpg HTTP/1.1" 200 237435 "-" "Mozilla/5.0 (Macintosh; Intel Mac OS X 10_15_7) AppleWebKit/537.36 (KHTML, like Gecko) Chrome/107.0.0.0 Safari/537.36" "www.ysfine.com"
64.124.8.48 - - [25/Feb/2023:12:14:55 -0800] "GET /usca/pitt/steelm02.jpg HTTP/1.1" 200 122294 "-" "Mozilla/5.0 (Macintosh; Intel Mac OS X 10_15_7) AppleWebKit/537.36 (KHTML, like Gecko) Chrome/107.0.0.0 Safari/537.36" "ysfine.com"
79.140.148.22 - - [25/Feb/2023:12:15:35 -0800] "GET /maga/phys/heisen22.jpg HTTP/1.1" 200 82807 "-" "Mozilla/5.0 (Windows NT 6.1; Win64; x64; rv:109.0) Gecko/20100101 Firefox/110.0" "ysfine.com"
40.77.167.240 - - [25/Feb/2023:12:15:42 -0800] "GET /bio/maga/sanchez.html HTTP/1.1" 404 88 "-" "Mozilla/5.0 AppleWebKit/537.36 (KHTML, like Gecko; compatible; bingbot/2.0; +http://www.bing.com/bingbot.htm) Chrome/103.0.5060.134 Safari/537.36" "www.ysfine.com"
72.14.201.68 - - [25/Feb/2023:12:16:16 -0800] "GET /maga/schroedinger.html HTTP/1.1" 200 6325 "-" "Mozilla/5.0 (Linux; Android 10; K) AppleWebKit/537.36 (KHTML, like Gecko) Chrome/110.0.0.0 Mobile Safari/537.36" "ysfine.com"
5.188.210.20 - - [25/Feb/2023:12:16:27 -0800] "GET /world/visas.html HTTP/1.1" 200 7643 "https://www.ysfine.com/world/visas.html" "Mozilla/5.0 (Windows NT 10.0) AppleWebKit/537.36 (KHTML, like Gecko) Chrome/90.0.4430.85 Safari/537.36 Edg/90.0.818.46" "www.ysfine.com"
40.77.167.238 - - [25/Feb/2023:12:16:57 -0800] "GET /world/france/lyon02.jpg HTTP/1.1" 200 121486 "-" "Mozilla/5.0 AppleWebKit/537.36 (KHTML, like Gecko; compatible; bingbot/2.0; +http://www.bing.com/bingbot.htm) Chrome/103.0.5060.134 Safari/537.36" "ysfine.com"
95.108.213.148 - - [25/Feb/2023:12:17:04 -0800] "GET /newyork/chasebank.jpg HTTP/1.1" 200 94497 "-" "Mozilla/5.0 (compatible; YandexImages/3.0; +http://yandex.com/bots)" "www.ysfine.com"
216.244.66.229 - - [25/Feb/2023:12:17:15 -0800] "GET /princeton/sbtwein.html HTTP/1.1" 200 424 "-" "Mozilla/5.0 (compatible; DotBot/1.2; +https://opensiteexplorer.org/dotbot; help@moz.com)" "ysfine.com"
216.244.66.229 - - [25/Feb/2023:12:17:17 -0800] "GET /world/russ/volga04.jpg HTTP/1.1" 200 91515 "-" "Mozilla/5.0 (compatible; DotBot/1.2; +https://opensiteexplorer.org/dotbot; help@moz.com)" "ysfine.com"
216.244.66.229 - - [25/Feb/2023:12:17:39 -0800] "GET /usca/pitt/machinery22.jpg HTTP/1.1" 200 140879 "-" "Mozilla/5.0 (compatible; DotBot/1.2; +https://opensiteexplorer.org/dotbot; help@moz.com)" "ysfine.com"
95.163.255.66 - - [25/Feb/2023:12:17:42 -0800] "GET /robots.txt HTTP/1.1" 404 73 "-" "Mozilla/5.0 (compatible; Linux x86_64; Mail.RU_Bot/2.0; +https://help.mail.ru/webmaster/indexing/robots)" "www.ysfine.com"
216.244.66.229 - - [25/Feb/2023:12:18:21 -0800] "GET /wdc/capitol04.jpg HTTP/1.1" 200 87230 "-" "Mozilla/5.0 (compatible; DotBot/1.2; +https://opensiteexplorer.org/dotbot; help@moz.com)" "ysfine.com"
64.124.8.50 - - [25/Feb/2023:12:18:36 -0800] "GET /wdc/wasopera11.jpg HTTP/1.1" 200 70236 "-" "Mozilla/5.0 (Macintosh; Intel Mac OS X 10_15_7) AppleWebKit/537.36 (KHTML, like Gecko) Chrome/107.0.0.0 Safari/537.36" "ysfine.com"
69.207.162.125 - - [25/Feb/2023:12:18:43 -0800] "GET /princeton/einpm.jpg HTTP/1.1" 200 116543 "https://www.google.com/" "Mozilla/5.0 (iPhone; CPU iPhone OS 16_0_2 like Mac OS X) AppleWebKit/605.1.15 (KHTML, like Gecko) Version/16.0 Mobile/15E148 Safari/604.1" "ysfine.com"
216.244.66.229 - - [25/Feb/2023:12:18:52 -0800] "GET /wdc/whouse17.jpg HTTP/1.1" 200 102709 "-" "Mozilla/5.0 (compatible; DotBot/1.2; +https://opensiteexplorer.org/dotbot; help@moz.com)" "ysfine.com"
216.244.66.229 - - [25/Feb/2023:12:19:22 -0800] "GET /ffriends/italmilan33.jpg HTTP/1.1" 200 327252 "-" "Mozilla/5.0 (compatible; DotBot/1.2; +https://opensiteexplorer.org/dotbot; help@moz.com)" "ysfine.com"
173.252.83.116 - - [25/Feb/2023:12:19:37 -0800] "GET /wdc/whouse05.jpg HTTP/1.1" 200 75352 "-" "facebookexternalhit/1.1 (+http://www.facebook.com/externalhit_uatext.php)" "ysfine.com"
95.163.255.62 - - [25/Feb/2023:12:19:37 -0800] "GET /maga/tesla.html HTTP/1.1" 200 4852 "-" "Mozilla/5.0 (compatible; Linux x86_64; Mail.RU_Bot/2.0; +https://help.mail.ru/webmaster/indexing/robots)" "ysfine.com"
64.124.8.28 - - [25/Feb/2023:12:19:45 -0800] "GET /newyork/trump06.jpg HTTP/1.1" 200 77653 "-" "Mozilla/5.0 (Macintosh; Intel Mac OS X 10_15_7) AppleWebKit/537.36 (KHTML, like Gecko) Chrome/107.0.0.0 Safari/537.36" "ysfine.com"
91.133.128.57 - - [25/Feb/2023:12:20:03 -0800] "GET /robots.txt HTTP/1.1" 404 88 "-" "Mozilla/5.0 (Linux; U; Android 4.0.4; en-us; KFJWA Build/IMM76D) AppleWebKit/537.36 (KHTML, like Gecko) Silk/3.68 like Chrome/39.0.2171.93 Safari/537.36" "ysfine.com"
91.133.153.142 - - [25/Feb/2023:12:20:03 -0800] "GET / HTTP/1.1" 200 5300 "-" "Mozilla/5.0 (iPad; U; CPU OS 3_2_2 like Mac OS X; en-us) AppleWebKit/531.21.10 (KHTML, like Gecko) Version/4.0.4 Mobile/7B500 Safari/53" "ysfine.com"
216.244.66.229 - - [25/Feb/2023:12:20:12 -0800] "GET /kowar/tanks/tank01.jpg HTTP/1.1" 200 81859 "-" "Mozilla/5.0 (compatible; DotBot/1.2; +https://opensiteexplorer.org/dotbot; help@moz.com)" "ysfine.com"
216.244.66.229 - - [25/Feb/2023:12:20:51 -0800] "GET /style/3graces/ruebens01.jpg HTTP/1.1" 200 87426 "-" "Mozilla/5.0 (compatible; DotBot/1.2; +https://opensiteexplorer.org/dotbot; help@moz.com)" "ysfine.com"
95.163.255.69 - - [25/Feb/2023:12:21:00 -0800] "GET /maga/keigel.html HTTP/1.1" 200 6995 "-" "Mozilla/5.0 (compatible; Linux x86_64; Mail.RU_Bot/2.0; +https://help.mail.ru/webmaster/indexing/robots)" "www.ysfine.com"
216.244.66.229 - - [25/Feb/2023:12:21:21 -0800] "GET /world/brit/loncafe.html HTTP/1.1" 200 1982 "-" "Mozilla/5.0 (compatible; DotBot/1.2; +https://opensiteexplorer.org/dotbot; help@moz.com)" "ysfine.com"
62.34.22.40 - - [25/Feb/2023:12:21:36 -0800] "GET /kobak/sl628.jpg HTTP/1.1" 200 225100 "https://www.google.com/" "Mozilla/5.0 (Linux; Android 13; SM-A127F Build/TP1A.220624.014; wv) AppleWebKit/537.36 (KHTML, like Gecko) Version/4.0 Chrome/110.0.5481.153 Mobile Safari/537.36 GoogleApp/14.6.11.26.arm64" "ysfine.com"
95.163.255.66 - - [25/Feb/2023:12:21:40 -0800] "GET /maga/index.html HTTP/1.1" 200 6127 "-" "Mozilla/5.0 (compatible; Linux x86_64; Mail.RU_Bot/2.0; +https://help.mail.ru/webmaster/indexing/robots)" "www.ysfine.com"
64.124.8.50 - - [25/Feb/2023:12:21:42 -0800] "GET /world/scandi/copenf19.jpg HTTP/1.1" 200 95267 "-" "Mozilla/5.0 (Macintosh; Intel Mac OS X 10_15_7) AppleWebKit/537.36 (KHTML, like Gecko) Chrome/107.0.0.0 Safari/537.36" "ysfine.com"
216.244.66.229 - - [25/Feb/2023:12:21:49 -0800] "GET /world/france/frstu09.jpg HTTP/1.1" 200 167728 "-" "Mozilla/5.0 (compatible; DotBot/1.2; +https://opensiteexplorer.org/dotbot; help@moz.com)" "ysfine.com"
86.55.3.96 - - [25/Feb/2023:12:22:00 -0800] "GET / HTTP/1.1" 200 5300 "-" "Mozilla/5.0 (Linux; Android 4.4.2; RCT6773W22 Build/KOT49H) AppleWebKit/537.36 (KHTML, like Gecko) Version/4.0 Chrome/30.0.0.0 Safari/537.36" "ysfine.com"
5.52.240.22 - - [25/Feb/2023:12:22:01 -0800] "GET /robots.txt HTTP/1.1" 404 88 "-" "Mozilla/5.0 (X11; Linux x86_64) AppleWebKit/537.36 (KHTML, like Gecko) Chrome/42.0.2311.90 Safari/537.36" "ysfine.com"
40.77.167.178 - - [25/Feb/2023:12:22:12 -0800] "GET /style/musee/ath017.jpg HTTP/1.1" 200 164305 "-" "Mozilla/5.0 AppleWebKit/537.36 (KHTML, like Gecko; compatible; bingbot/2.0; +http://www.bing.com/bingbot.htm) Chrome/103.0.5060.134 Safari/537.36" "ysfine.com"
64.124.8.55 - - [25/Feb/2023:12:22:17 -0800] "GET /ysbio/world/france/champ1232.jpg HTTP/1.1" 404 88 "-" "Mozilla/5.0 (Macintosh; Intel Mac OS X 10_15_7) AppleWebKit/537.36 (KHTML, like Gecko) Chrome/107.0.0.0 Safari/537.36" "ysfine.com"
207.46.13.223 - - [25/Feb/2023:12:22:18 -0800] "GET /world/china/shenyang30.jpg HTTP/1.1" 200 110631 "-" "Mozilla/5.0 AppleWebKit/537.36 (KHTML, like Gecko; compatible; bingbot/2.0; +http://www.bing.com/bingbot.htm) Chrome/103.0.5060.134 Safari/537.36" "ysfine.com"
64.124.8.48 - - [25/Feb/2023:12:22:24 -0800] "GET /world/france/sorbonne20.jpg HTTP/1.1" 200 67718 "-" "Mozilla/5.0 (Macintosh; Intel Mac OS X 10_15_7) AppleWebKit/537.36 (KHTML, like Gecko) Chrome/107.0.0.0 Safari/537.36" "ysfine.com"
52.167.144.35 - - [25/Feb/2023:12:22:24 -0800] "GET /feynman/page55.jpg HTTP/1.1" 200 98479 "-" "Mozilla/5.0 AppleWebKit/537.36 (KHTML, like Gecko; compatible; bingbot/2.0; +http://www.bing.com/bingbot.htm) Chrome/103.0.5060.134 Safari/537.36" "ysfine.com"
216.244.66.229 - - [25/Feb/2023:12:22:29 -0800] "GET /world/japan/osaka124.jpg HTTP/1.1" 200 102745 "-" "Mozilla/5.0 (compatible; DotBot/1.2; +https://opensiteexplorer.org/dotbot; help@moz.com)" "ysfine.com"
52.167.144.35 - - [25/Feb/2023:12:22:34 -0800] "GET /class54/class5470/total_data/refer_img/6-13_f.jpg HTTP/1.1" 200 35391 "-" "Mozilla/5.0 AppleWebKit/537.36 (KHTML, like Gecko; compatible; bingbot/2.0; +http://www.bing.com/bingbot.htm) Chrome/103.0.5060.134 Safari/537.36" "ysfine.com"
216.244.66.229 - - [25/Feb/2023:12:23:05 -0800] "GET /world/russ/volga01.jpg HTTP/1.1" 200 102852 "-" "Mozilla/5.0 (compatible; DotBot/1.2; +https://opensiteexplorer.org/dotbot; help@moz.com)" "ysfine.com"
173.252.83.18 - - [25/Feb/2023:12:23:25 -0800] "GET /ffriends/india04b.jpg HTTP/1.1" 200 35588 "-" "facebookexternalhit/1.1 (+http://www.facebook.com/externalhit_uatext.php)" "ysfine.com"
216.244.66.229 - - [25/Feb/2023:12:23:34 -0800] "GET /world/spain/cordoc01.jpg HTTP/1.1" 200 269981 "-" "Mozilla/5.0 (compatible; DotBot/1.2; +https://opensiteexplorer.org/dotbot; help@moz.com)" "www.ysfine.com"
64.124.8.28 - - [25/Feb/2023:12:23:47 -0800] "GET /ysbio/world/balkan/istan014.jpg HTTP/1.1" 404 88 "-" "Mozilla/5.0 (Macintosh; Intel Mac OS X 10_15_7) AppleWebKit/537.36 (KHTML, like Gecko) Chrome/107.0.0.0 Safari/537.36" "ysfine.com"
216.244.66.229 - - [25/Feb/2023:12:24:02 -0800] "GET /world/spain/gran25.jpg HTTP/1.1" 200 242898 "-" "Mozilla/5.0 (compatible; DotBot/1.2; +https://opensiteexplorer.org/dotbot; help@moz.com)" "www.ysfine.com"
216.244.66.229 - - [25/Feb/2023:12:24:44 -0800] "GET /class54/class5470/total_data/sub_810.htm HTTP/1.1" 200 16173 "-" "Mozilla/5.0 (compatible; DotBot/1.2; +https://opensiteexplorer.org/dotbot; help@moz.com)" "ysfine.com"
64.124.8.54 - - [25/Feb/2023:12:24:46 -0800] "GET /world/germany/stutt03.jpg HTTP/1.1" 200 68266 "-" "Mozilla/5.0 (Macintosh; Intel Mac OS X 10_15_7) AppleWebKit/537.36 (KHTML, like Gecko) Chrome/107.0.0.0 Safari/537.36" "www.ysfine.com"
216.244.66.229 - - [25/Feb/2023:12:25:14 -0800] "GET /class54/class5470/total_data/sub_8140.htm HTTP/1.1" 200 15748 "-" "Mozilla/5.0 (compatible; DotBot/1.2; +https://opensiteexplorer.org/dotbot; help@moz.com)" "ysfine.com"
72.14.201.68 - - [25/Feb/2023:12:25:28 -0800] "GET /maga/schroedinger.html HTTP/1.1" 200 6325 "-" "Mozilla/5.0 (Linux; Android 10; K) AppleWebKit/537.36 (KHTML, like Gecko) Chrome/110.0.0.0 Mobile Safari/537.36" "ysfine.com"
216.244.66.229 - - [25/Feb/2023:12:25:42 -0800] "GET /class54/class5470/total_data/sub_8149.htm HTTP/1.1" 200 15748 "-" "Mozilla/5.0 (compatible; DotBot/1.2; +https://opensiteexplorer.org/dotbot; help@moz.com)" "ysfine.com"
216.244.66.229 - - [25/Feb/2023:12:26:09 -0800] "GET /class54/class5470/total_data/sub_843.htm HTTP/1.1" 200 15796 "-" "Mozilla/5.0 (compatible; DotBot/1.2; +https://opensiteexplorer.org/dotbot; help@moz.com)" "ysfine.com"
64.124.8.54 - - [25/Feb/2023:12:26:26 -0800] "GET /ysbio/world/germany/salzmo14.jpg HTTP/1.1" 404 88 "-" "Mozilla/5.0 (Macintosh; Intel Mac OS X 10_15_7) AppleWebKit/537.36 (KHTML, like Gecko) Chrome/107.0.0.0 Safari/537.36" "ysfine.com"
64.124.8.54 - - [25/Feb/2023:12:26:26 -0800] "GET /ysbio/princeton/mccosh11.jpg HTTP/1.1" 404 88 "-" "Mozilla/5.0 (Macintosh; Intel Mac OS X 10_15_7) AppleWebKit/537.36 (KHTML, like Gecko) Chrome/107.0.0.0 Safari/537.36" "ysfine.com"
216.244.66.229 - - [25/Feb/2023:12:26:36 -0800] "GET /class54/class5470/total_data/sub_893.htm HTTP/1.1" 200 15635 "-" "Mozilla/5.0 (compatible; DotBot/1.2; +https://opensiteexplorer.org/dotbot; help@moz.com)" "ysfine.com"
204.18.77.66 - - [25/Feb/2023:12:26:36 -0800] "GET / HTTP/1.1" 200 5300 "-" "Mozilla/5.0 (Linux; Android 5.0.2; SM-T350 Build/LRX22G) AppleWebKit/537.36 (KHTML, like Gecko) Chrome/45.0.2454.84 Safari/537.36" "ysfine.com"
31.2.160.90 - - [25/Feb/2023:12:26:36 -0800] "GET /robots.txt HTTP/1.1" 404 88 "-" "Mozilla/5.0 (X11; CrOS x86_64 7077.134.0) AppleWebKit/537.36 (KHTML, like Gecko) Chrome/44.0.2403.156 Safari/537.36" "ysfine.com"
216.244.66.229 - - [25/Feb/2023:12:27:01 -0800] "GET /ffriends/aline/airbaltic22.jpg HTTP/1.1" 200 92449 "-" "Mozilla/5.0 (compatible; DotBot/1.2; +https://opensiteexplorer.org/dotbot; help@moz.com)" "ysfine.com"
64.124.8.29 - - [25/Feb/2023:12:27:04 -0800] "GET /world/brit/paddington01.jpg HTTP/1.1" 200 94226 "-" "Mozilla/5.0 (Macintosh; Intel Mac OS X 10_15_7) AppleWebKit/537.36 (KHTML, like Gecko) Chrome/107.0.0.0 Safari/537.36" "ysfine.com"
64.124.8.54 - - [25/Feb/2023:12:27:42 -0800] "GET /newyork/hilton01.jpg HTTP/1.1" 200 97778 "-" "Mozilla/5.0 (Macintosh; Intel Mac OS X 10_15_7) AppleWebKit/537.36 (KHTML, like Gecko) Chrome/107.0.0.0 Safari/537.36" "ysfine.com"
40.77.167.238 - - [25/Feb/2023:12:27:48 -0800] "GET /world/ital/repub27.jpg HTTP/1.1" 200 134409 "-" "Mozilla/5.0 AppleWebKit/537.36 (KHTML, like Gecko; compatible; bingbot/2.0; +http://www.bing.com/bingbot.htm) Chrome/103.0.5060.134 Safari/537.36" "ysfine.com"
52.167.144.62 - - [25/Feb/2023:12:27:51 -0800] "GET /princeton/yspr.html HTTP/1.1" 200 5470 "-" "Mozilla/5.0 AppleWebKit/537.36 (KHTML, like Gecko; compatible; bingbot/2.0; +http://www.bing.com/bingbot.htm) Chrome/103.0.5060.134 Safari/537.36" "www.ysfine.com"
52.167.144.62 - - [25/Feb/2023:12:28:34 -0800] "GET /home/philo/ewk.html HTTP/1.1" 200 1816 "-" "Mozilla/5.0 AppleWebKit/537.36 (KHTML, like Gecko; compatible; bingbot/2.0; +http://www.bing.com/bingbot.htm) Chrome/103.0.5060.134 Safari/537.36" "ysfine.com"
64.124.8.57 - - [25/Feb/2023:12:29:04 -0800] "GET /usca/pitt/bushhotel.jpg HTTP/1.1" 200 70900 "-" "Mozilla/5.0 (Macintosh; Intel Mac OS X 10_15_7) AppleWebKit/537.36 (KHTML, like Gecko) Chrome/107.0.0.0 Safari/537.36" "ysfine.com"
95.108.213.148 - - [25/Feb/2023:12:29:37 -0800] "GET /newyork/carnegie03.jpg HTTP/1.1" 200 110437 "-" "Mozilla/5.0 (compatible; YandexImages/3.0; +http://yandex.com/bots)" "www.ysfine.com"
207.46.13.223 - - [25/Feb/2023:12:30:15 -0800] "GET /world/russ/minsk027.jpg HTTP/1.1" 200 114004 "-" "Mozilla/5.0 AppleWebKit/537.36 (KHTML, like Gecko; compatible; bingbot/2.0; +http://www.bing.com/bingbot.htm) Chrome/103.0.5060.134 Safari/537.36" "ysfine.com"
64.124.8.49 - - [25/Feb/2023:12:31:08 -0800] "GET /kobak/sohnwi01.jpg HTTP/1.1" 200 67716 "-" "Mozilla/5.0 (Macintosh; Intel Mac OS X 10_15_7) AppleWebKit/537.36 (KHTML, like Gecko) Chrome/107.0.0.0 Safari/537.36" "ysfine.com"
107.122.97.47 - - [25/Feb/2023:12:31:15 -0800] "GET /wigner/supper650.jpg HTTP/1.1" 200 60839 "https://www.google.com/" "Mozilla/5.0 (iPhone; CPU iPhone OS 16_1 like Mac OS X) AppleWebKit/605.1.15 (KHTML, like Gecko) Version/16.1 Mobile/15E148 Safari/604.1" "ysfine.com"
64.124.8.49 - - [25/Feb/2023:12:31:21 -0800] "GET /ysbio/friends/italistan.jpg HTTP/1.1" 404 88 "-" "Mozilla/5.0 (Macintosh; Intel Mac OS X 10_15_7) AppleWebKit/537.36 (KHTML, like Gecko) Chrome/107.0.0.0 Safari/537.36" "www.ysfine.com"
64.124.8.55 - - [25/Feb/2023:12:31:23 -0800] "GET /world/hungary/buda125.jpg HTTP/1.1" 200 170963 "-" "Mozilla/5.0 (Macintosh; Intel Mac OS X 10_15_7) AppleWebKit/537.36 (KHTML, like Gecko) Chrome/107.0.0.0 Safari/537.36" "ysfine.com"
91.133.146.205 - - [25/Feb/2023:12:31:40 -0800] "GET / HTTP/1.1" 200 5300 "-" "Mozilla/5.0 (X11; Linux i686) AppleWebKit/537.36 (KHTML, like Gecko) Chrome/33.0.1750.152 Safari/537.36" "ysfine.com"
91.133.173.30 - - [25/Feb/2023:12:31:40 -0800] "GET /robots.txt HTTP/1.1" 404 88 "-" "Mozilla/5.0 (Linux; Android 4.2.2; GT-P5113 Build/JDQ39) AppleWebKit/537.36 (KHTML, like Gecko) Chrome/45.0.2454.84 Safari/537.36" "ysfine.com"
3.211.110.80 - - [25/Feb/2023:12:31:41 -0800] "GET /princeton/firestone22.jpg HTTP/1.1" 200 112919 "-" "Mozilla/5.0 (X11; Ubuntu; Linux x86_64; rv:72.0) Gecko/20100101 Firefox/72.0" "ysfine.com"
52.167.144.35 - - [25/Feb/2023:12:32:07 -0800] "GET /friends/garden.html HTTP/1.1" 404 88 "-" "Mozilla/5.0 AppleWebKit/537.36 (KHTML, like Gecko; compatible; bingbot/2.0; +http://www.bing.com/bingbot.htm) Chrome/103.0.5060.134 Safari/537.36" "www.ysfine.com"
64.124.8.29 - - [25/Feb/2023:12:32:46 -0800] "GET /ysbio/world/russ/protvi01.jpg HTTP/1.1" 404 88 "-" "Mozilla/5.0 (Macintosh; Intel Mac OS X 10_15_7) AppleWebKit/537.36 (KHTML, like Gecko) Chrome/107.0.0.0 Safari/537.36" "ysfine.com"
64.124.8.54 - - [25/Feb/2023:12:33:34 -0800] "GET /world/germany/berlin017.jpg HTTP/1.1" 200 85861 "-" "Mozilla/5.0 (Macintosh; Intel Mac OS X 10_15_7) AppleWebKit/537.36 (KHTML, like Gecko) Chrome/107.0.0.0 Safari/537.36" "ysfine.com"
52.167.144.35 - - [25/Feb/2023:12:33:55 -0800] "GET /einstein/einbohr33b.jpg HTTP/1.1" 200 42636 "-" "Mozilla/5.0 AppleWebKit/537.36 (KHTML, like Gecko; compatible; bingbot/2.0; +http://www.bing.com/bingbot.htm) Chrome/103.0.5060.134 Safari/537.36" "ysfine.com"
173.252.83.20 - - [25/Feb/2023:12:34:02 -0800] "GET /ffriends/ukital2.jpg HTTP/1.1" 200 30833 "-" "facebookexternalhit/1.1 (+http://www.facebook.com/externalhit_uatext.php)" "ysfine.com"
64.124.8.55 - - [25/Feb/2023:12:34:31 -0800] "GET /ysbio/einstein/places/einmu01.jpg HTTP/1.1" 404 88 "-" "Mozilla/5.0 (Macintosh; Intel Mac OS X 10_15_7) AppleWebKit/537.36 (KHTML, like Gecko) Chrome/107.0.0.0 Safari/537.36" "ysfine.com"
91.133.209.152 - - [25/Feb/2023:12:34:48 -0800] "GET /robots.txt HTTP/1.1" 404 88 "-" "Mozilla/5.0 (Linux; Android 5.0; SM-G900V Build/LRX21T) AppleWebKit/537.36 (KHTML, like Gecko) Chrome/44.0.2403.133 Mobile Safari/537.36" "ysfine.com"
91.133.186.240 - - [25/Feb/2023:12:34:48 -0800] "GET / HTTP/1.1" 200 5300 "-" "Mozilla/5.0 (iPhone; CPU iPhone OS 8_4_1 like Mac OS X) AppleWebKit/600.1.4 (KHTML, like Gecko) GSA/8.0.57838 Mobile/12H321 Safari/600.1.4" "ysfine.com"
52.167.144.62 - - [25/Feb/2023:12:35:11 -0800] "GET /kobak/turktroops11b.jpg HTTP/1.1" 200 37518 "-" "Mozilla/5.0 AppleWebKit/537.36 (KHTML, like Gecko; compatible; bingbot/2.0; +http://www.bing.com/bingbot.htm) Chrome/103.0.5060.134 Safari/537.36" "ysfine.com"
216.244.66.229 - - [25/Feb/2023:12:35:13 -0800] "GET /robots.txt HTTP/1.1" 404 73 "-" "Mozilla/5.0 (compatible; DotBot/1.2; +https://opensiteexplorer.org/dotbot; help@moz.com)" "ysfine.com"
216.244.66.229 - - [25/Feb/2023:12:35:13 -0800] "GET /robots.txt HTTP/1.1" 404 73 "-" "Mozilla/5.0 (compatible; DotBot/1.2; +https://opensiteexplorer.org/dotbot; help@moz.com)" "www.ysfine.com"
103.155.217.194 - - [25/Feb/2023:12:35:18 -0800] "GET /einstein/further.html HTTP/1.1" 200 4338 "https://ysfine.com/" "Mozilla/5.0 (X11; Linux x86_64) AppleWebKit/537.36 (KHTML, like Gecko) Chrome/103.0.0.0 Safari/537.36" "ysfine.com"
103.155.217.194 - - [25/Feb/2023:12:35:24 -0800] "GET /einstein/einbohr.html HTTP/1.1" 200 6142 "https://ysfine.com/einstein/further.html" "Mozilla/5.0 (X11; Linux x86_64) AppleWebKit/537.36 (KHTML, like Gecko) Chrome/103.0.0.0 Safari/537.36" "ysfine.com"
77.75.79.31 - - [25/Feb/2023:12:35:52 -0800] "GET /princeton/brooke.html HTTP/1.1" 304 - "-" "Mozilla/5.0 (compatible; SeznamBot/4.0-RC1; +http://napoveda.seznam.cz/seznambot-intro/)" "ysfine.com"
173.252.83.9 - - [25/Feb/2023:12:35:55 -0800] "GET /kowar/mohican92b.jpg HTTP/1.1" 200 64043 "-" "facebookexternalhit/1.1 (+http://www.facebook.com/externalhit_uatext.php)" "ysfine.com"
52.167.144.62 - - [25/Feb/2023:12:36:22 -0800] "GET /feynman/ppic/parton66a.jpg HTTP/1.1" 200 63902 "-" "Mozilla/5.0 AppleWebKit/537.36 (KHTML, like Gecko; compatible; bingbot/2.0; +http://www.bing.com/bingbot.htm) Chrome/103.0.5060.134 Safari/537.36" "www.ysfine.com"
40.77.167.178 - - [25/Feb/2023:12:36:30 -0800] "GET /awards/acs96a.jpg HTTP/1.1" 200 76754 "-" "Mozilla/5.0 AppleWebKit/537.36 (KHTML, like Gecko; compatible; bingbot/2.0; +http://www.bing.com/bingbot.htm) Chrome/103.0.5060.134 Safari/537.36" "ysfine.com"
52.167.144.35 - - [25/Feb/2023:12:36:46 -0800] "GET /bio/style/artlove.html HTTP/1.1" 404 88 "-" "Mozilla/5.0 AppleWebKit/537.36 (KHTML, like Gecko; compatible; bingbot/2.0; +http://www.bing.com/bingbot.htm) Chrome/103.0.5060.134 Safari/537.36" "ysfine.com"
173.252.83.117 - - [25/Feb/2023:12:36:46 -0800] "GET /ffriends/vietnam01b.jpg HTTP/1.1" 200 32824 "-" "facebookexternalhit/1.1 (+http://www.facebook.com/externalhit_uatext.php)" "ysfine.com"
207.46.13.220 - - [25/Feb/2023:12:37:39 -0800] "GET /class54/emailed01.html HTTP/1.1" 200 27721 "-" "Mozilla/5.0 AppleWebKit/537.36 (KHTML, like Gecko; compatible; bingbot/2.0; +http://www.bing.com/bingbot.htm) Chrome/103.0.5060.134 Safari/537.36" "ysfine.com"
64.124.8.53 - - [25/Feb/2023:12:37:41 -0800] "GET /world/germany/hegel04.jpg HTTP/1.1" 200 119879 "-" "Mozilla/5.0 (Macintosh; Intel Mac OS X 10_15_7) AppleWebKit/537.36 (KHTML, like Gecko) Chrome/107.0.0.0 Safari/537.36" "www.ysfine.com"
173.252.83.1 - - [25/Feb/2023:12:38:09 -0800] "GET /usca/pitt/pittcath01d.jpg HTTP/1.1" 200 46866 "-" "facebookexternalhit/1.1 (+http://www.facebook.com/externalhit_uatext.php)" "ysfine.com"
64.124.8.50 - - [25/Feb/2023:12:38:39 -0800] "GET /world/brit/eton04.jpg HTTP/1.1" 200 86842 "-" "Mozilla/5.0 (Macintosh; Intel Mac OS X 10_15_7) AppleWebKit/537.36 (KHTML, like Gecko) Chrome/107.0.0.0 Safari/537.36" "www.ysfine.com"
