114.119.131.123 - - [24/Feb/2023:21:53:44 -0800] "GET /wdc/mydc.html HTTP/1.1" 200 1586 "https://www.ysfine.com/ys11/index.html" "Mozilla/5.0 (Linux; Android 7.0;) AppleWebKit/537.36 (KHTML, like Gecko) Mobile Safari/537.36 (compatible; PetalBot;+https://webmaster.petalsearch.com/site/petalbot)" "www.ysfine.com"
173.252.83.19 - - [24/Feb/2023:21:54:44 -0800] "GET /ffriends/aline/kal02c.jpg HTTP/1.1" 200 28261 "-" "facebookexternalhit/1.1 (+http://www.facebook.com/externalhit_uatext.php)" "ysfine.com"
216.244.66.229 - - [24/Feb/2023:21:54:58 -0800] "GET /auto/eink/index.html HTTP/1.1" 404 73 "-" "Mozilla/5.0 (compatible; DotBot/1.2; +https://opensiteexplorer.org/dotbot; help@moz.com)" "www.ysfine.com"
216.244.66.229 - - [24/Feb/2023:21:55:03 -0800] "GET /auto/fotos/kennedy60.jpg HTTP/1.1" 200 130234 "-" "Mozilla/5.0 (compatible; DotBot/1.2; +https://opensiteexplorer.org/dotbot; help@moz.com)" "www.ysfine.com"
52.167.144.62 - - [24/Feb/2023:21:55:08 -0800] "GET /ffriends/amkor/kovien01.jpg HTTP/1.1" 200 112548 "-" "Mozilla/5.0 AppleWebKit/537.36 (KHTML, like Gecko; compatible; bingbot/2.0; +http://www.bing.com/bingbot.htm) Chrome/103.0.5060.134 Safari/537.36" "ysfine.com"
40.77.167.178 - - [24/Feb/2023:21:55:13 -0800] "GET /wigner/gim/gimn18.jpg HTTP/1.1" 200 130647 "-" "Mozilla/5.0 AppleWebKit/537.36 (KHTML, like Gecko; compatible; bingbot/2.0; +http://www.bing.com/bingbot.htm) Chrome/103.0.5060.134 Safari/537.36" "ysfine.com"
114.119.158.253 - - [24/Feb/2023:21:55:29 -0800] "GET /kobak/kimilsong.html HTTP/1.1" 200 2263 "https://www.ysfine.com/kobak/warstorie.html" "Mozilla/5.0 (Linux; Android 7.0;) AppleWebKit/537.36 (KHTML, like Gecko) Mobile Safari/537.36 (compatible; PetalBot;+https://webmaster.petalsearch.com/site/petalbot)" "www.ysfine.com"
216.244.66.229 - - [24/Feb/2023:21:55:35 -0800] "GET /ffriends/stobin10.jpg HTTP/1.1" 200 110907 "-" "Mozilla/5.0 (compatible; DotBot/1.2; +https://opensiteexplorer.org/dotbot; help@moz.com)" "ysfine.com"
64.124.8.53 - - [24/Feb/2023:21:56:03 -0800] "GET /ysbio/kbrain11.jpg HTTP/1.1" 404 88 "-" "Mozilla/5.0 (Macintosh; Intel Mac OS X 10_15_7) AppleWebKit/537.36 (KHTML, like Gecko) Chrome/107.0.0.0 Safari/537.36" "ysfine.com"
216.244.66.229 - - [24/Feb/2023:21:56:15 -0800] "GET /friends/bari.jpg HTTP/1.1" 404 73 "-" "Mozilla/5.0 (compatible; DotBot/1.2; +https://opensiteexplorer.org/dotbot; help@moz.com)" "ysfine.com"
173.252.83.19 - - [24/Feb/2023:21:56:39 -0800] "GET /world/russ/spbm03b.jpg HTTP/1.1" 200 39569 "-" "facebookexternalhit/1.1 (+http://www.facebook.com/externalhit_uatext.php)" "ysfine.com"
216.244.66.229 - - [24/Feb/2023:21:56:44 -0800] "GET /people/kibler.jpg HTTP/1.1" 200 94528 "-" "Mozilla/5.0 (compatible; DotBot/1.2; +https://opensiteexplorer.org/dotbot; help@moz.com)" "ysfine.com"
207.46.13.220 - - [24/Feb/2023:21:57:02 -0800] "GET /world/scandi/sto008.jpg HTTP/1.1" 200 76827 "-" "Mozilla/5.0 AppleWebKit/537.36 (KHTML, like Gecko; compatible; bingbot/2.0; +http://www.bing.com/bingbot.htm) Chrome/103.0.5060.134 Safari/537.36" "ysfine.com"
173.252.83.12 - - [24/Feb/2023:21:57:12 -0800] "GET /ffriends/amkor/kosenior02c.jpg HTTP/1.1" 200 50940 "-" "facebookexternalhit/1.1 (+http://www.facebook.com/externalhit_uatext.php)" "ysfine.com"
216.244.66.229 - - [24/Feb/2023:21:57:13 -0800] "GET /sbk/2004nyc77.jpg HTTP/1.1" 200 171420 "-" "Mozilla/5.0 (compatible; DotBot/1.2; +https://opensiteexplorer.org/dotbot; help@moz.com)" "ysfine.com"
114.119.141.40 - - [24/Feb/2023:21:57:18 -0800] "GET /ffriends/sl2017.html HTTP/1.1" 200 3446 "https://ysfine.com/class54/emailed05.html" "Mozilla/5.0 (Linux; Android 7.0;) AppleWebKit/537.36 (KHTML, like Gecko) Mobile Safari/537.36 (compatible; PetalBot;+https://webmaster.petalsearch.com/site/petalbot)" "ysfine.com"
216.244.66.229 - - [24/Feb/2023:21:57:41 -0800] "GET /sbk/2006vien33.jpg HTTP/1.1" 200 197566 "-" "Mozilla/5.0 (compatible; DotBot/1.2; +https://opensiteexplorer.org/dotbot; help@moz.com)" "ysfine.com"
5.188.210.43 - - [24/Feb/2023:21:57:50 -0800] "GET /world/visas.html HTTP/1.1" 200 7643 "https://www.ysfine.com/world/visas.html" "Mozilla/5.0 (Windows NT 6.1; WOW64) AppleWebKit/537.36 (KHTML, like Gecko) Chrome/90.0.4430.72 Safari/537.36" "www.ysfine.com"
207.46.13.223 - - [24/Feb/2023:21:57:57 -0800] "GET /world/poland/polstu03b.jpg HTTP/1.1" 200 41564 "-" "Mozilla/5.0 AppleWebKit/537.36 (KHTML, like Gecko; compatible; bingbot/2.0; +http://www.bing.com/bingbot.htm) Chrome/103.0.5060.134 Safari/537.36" "www.ysfine.com"
216.244.66.229 - - [24/Feb/2023:21:58:08 -0800] "GET /sbk/2008ams22.jpg HTTP/1.1" 200 192189 "-" "Mozilla/5.0 (compatible; DotBot/1.2; +https://opensiteexplorer.org/dotbot; help@moz.com)" "ysfine.com"
64.124.8.57 - - [24/Feb/2023:21:58:55 -0800] "GET /world/russ/kazan056.jpg HTTP/1.1" 200 149705 "-" "Mozilla/5.0 (Macintosh; Intel Mac OS X 10_15_7) AppleWebKit/537.36 (KHTML, like Gecko) Chrome/107.0.0.0 Safari/537.36" "ysfine.com"
216.244.66.229 - - [24/Feb/2023:21:58:58 -0800] "GET /sbk/2009lon66.jpg HTTP/1.1" 200 214852 "-" "Mozilla/5.0 (compatible; DotBot/1.2; +https://opensiteexplorer.org/dotbot; help@moz.com)" "ysfine.com"
64.124.8.50 - - [24/Feb/2023:21:59:02 -0800] "GET /ffriends/russrio44.jpg HTTP/1.1" 200 167086 "-" "Mozilla/5.0 (Macintosh; Intel Mac OS X 10_15_7) AppleWebKit/537.36 (KHTML, like Gecko) Chrome/107.0.0.0 Safari/537.36" "www.ysfine.com"
64.124.8.29 - - [24/Feb/2023:21:59:18 -0800] "GET /sbk/2011ny11.jpg HTTP/1.1" 200 86662 "-" "Mozilla/5.0 (Macintosh; Intel Mac OS X 10_15_7) AppleWebKit/537.36 (KHTML, like Gecko) Chrome/107.0.0.0 Safari/537.36" "ysfine.com"
123.125.109.62 - - [24/Feb/2023:21:59:47 -0800] "GET / HTTP/1.1" 200 5295 "-" "Sogou web spider/4.0(+http://www.sogou.com/docs/help/webmasters.htm#07)" "ysfine.com"
216.244.66.229 - - [24/Feb/2023:21:59:49 -0800] "GET /world/ital/itstud22.jpg HTTP/1.1" 200 53430 "-" "Mozilla/5.0 (compatible; DotBot/1.2; +https://opensiteexplorer.org/dotbot; help@moz.com)" "ysfine.com"
216.244.66.229 - - [24/Feb/2023:22:00:22 -0800] "GET /world/ital/repub02b.jpg HTTP/1.1" 200 42223 "-" "Mozilla/5.0 (compatible; DotBot/1.2; +https://opensiteexplorer.org/dotbot; help@moz.com)" "ysfine.com"
64.124.8.48 - - [24/Feb/2023:22:00:51 -0800] "GET /princeton/pcomm01.jpg HTTP/1.1" 200 131847 "-" "Mozilla/5.0 (Macintosh; Intel Mac OS X 10_15_7) AppleWebKit/537.36 (KHTML, like Gecko) Chrome/107.0.0.0 Safari/537.36" "www.ysfine.com"
64.124.8.54 - - [24/Feb/2023:22:00:57 -0800] "GET /ysbio/world/poland/pilsudski01.jpg HTTP/1.1" 404 88 "-" "Mozilla/5.0 (Macintosh; Intel Mac OS X 10_15_7) AppleWebKit/537.36 (KHTML, like Gecko) Chrome/107.0.0.0 Safari/537.36" "www.ysfine.com"
95.108.213.156 - - [24/Feb/2023:22:01:06 -0800] "GET /newyork/nyharbor03.jpg HTTP/1.1" 200 124041 "-" "Mozilla/5.0 (compatible; YandexImages/3.0; +http://yandex.com/bots)" "www.ysfine.com"
52.167.144.62 - - [24/Feb/2023:22:01:08 -0800] "GET /world/germany/augustiner11.jpg HTTP/1.1" 200 162368 "-" "Mozilla/5.0 AppleWebKit/537.36 (KHTML, like Gecko; compatible; bingbot/2.0; +http://www.bing.com/bingbot.htm) Chrome/103.0.5060.134 Safari/537.36" "ysfine.com"
173.252.83.17 - - [24/Feb/2023:22:01:17 -0800] "GET /maga/invent/marconi03b.jpg HTTP/1.1" 200 47650 "-" "facebookexternalhit/1.1 (+http://www.facebook.com/externalhit_uatext.php)" "ysfine.com"
64.124.8.50 - - [24/Feb/2023:22:02:08 -0800] "GET /world/baltic/rigaeisen01.jpg HTTP/1.1" 200 115668 "-" "Mozilla/5.0 (Macintosh; Intel Mac OS X 10_15_7) AppleWebKit/537.36 (KHTML, like Gecko) Chrome/107.0.0.0 Safari/537.36" "www.ysfine.com"
64.124.8.49 - - [24/Feb/2023:22:02:15 -0800] "GET /princeton/ias11.jpg HTTP/1.1" 200 76978 "-" "Mozilla/5.0 (Macintosh; Intel Mac OS X 10_15_7) AppleWebKit/537.36 (KHTML, like Gecko) Chrome/107.0.0.0 Safari/537.36" "www.ysfine.com"
64.124.8.49 - - [24/Feb/2023:22:02:18 -0800] "GET /world/baltic/kalinamber02.jpg HTTP/1.1" 200 40685 "-" "Mozilla/5.0 (Macintosh; Intel Mac OS X 10_15_7) AppleWebKit/537.36 (KHTML, like Gecko) Chrome/107.0.0.0 Safari/537.36" "www.ysfine.com"
149.56.20.160 - - [24/Feb/2023:22:03:03 -0800] "GET / HTTP/1.1" 200 15915 "-" "Mozilla/5.0 (Windows NT 10.0; Win64; x64) AppleWebKit/537.36 (KHTML, like Gecko) Chrome/100.0.4896.127 Safari/537.36" "ysfine.com"
64.124.8.55 - - [24/Feb/2023:22:03:13 -0800] "GET /world/baltic/lithu10.jpg HTTP/1.1" 200 72002 "-" "Mozilla/5.0 (Macintosh; Intel Mac OS X 10_15_7) AppleWebKit/537.36 (KHTML, like Gecko) Chrome/107.0.0.0 Safari/537.36" "ysfine.com"
173.252.83.19 - - [24/Feb/2023:22:03:19 -0800] "GET /yspapers/iop19c.jpg HTTP/1.1" 200 40220 "-" "facebookexternalhit/1.1 (+http://www.facebook.com/externalhit_uatext.php)" "ysfine.com"
173.252.83.120 - - [24/Feb/2023:22:03:28 -0800] "GET /princeton/firestone11b.jpg HTTP/1.1" 200 54060 "-" "facebookexternalhit/1.1 (+http://www.facebook.com/externalhit_uatext.php)" "ysfine.com"
40.77.167.226 - - [24/Feb/2023:22:03:32 -0800] "GET /ysbio/articles/illusf.pdf HTTP/1.1" 404 88 "-" "Mozilla/5.0 AppleWebKit/537.36 (KHTML, like Gecko; compatible; bingbot/2.0; +http://www.bing.com/bingbot.htm) Chrome/103.0.5060.134 Safari/537.36" "ysfine.com"
64.124.8.50 - - [24/Feb/2023:22:03:39 -0800] "GET /ysbio/world/baltic/lithu24.jpg HTTP/1.1" 404 88 "-" "Mozilla/5.0 (Macintosh; Intel Mac OS X 10_15_7) AppleWebKit/537.36 (KHTML, like Gecko) Chrome/107.0.0.0 Safari/537.36" "ysfine.com"
47.254.93.126 - - [24/Feb/2023:22:03:54 -0800] "GET /world/russ/petrov2.gif HTTP/1.1" 200 44309 "-" "Python-urllib/3.5" "ysfine.com"
40.77.167.226 - - [24/Feb/2023:22:04:22 -0800] "GET /style/musee/berlinmus01.jpg HTTP/1.1" 200 166514 "-" "Mozilla/5.0 AppleWebKit/537.36 (KHTML, like Gecko; compatible; bingbot/2.0; +http://www.bing.com/bingbot.htm) Chrome/103.0.5060.134 Safari/537.36" "ysfine.com"
64.124.8.55 - - [24/Feb/2023:22:04:43 -0800] "GET /ysbio/dongio/russvenice01.jpg HTTP/1.1" 404 88 "-" "Mozilla/5.0 (Macintosh; Intel Mac OS X 10_15_7) AppleWebKit/537.36 (KHTML, like Gecko) Chrome/107.0.0.0 Safari/537.36" "www.ysfine.com"
51.222.253.13 - - [24/Feb/2023:22:04:57 -0800] "GET / HTTP/1.1" 200 5295 "-" "Mozilla/5.0 (compatible; AhrefsBot/7.0; +http://ahrefs.com/robot/)" "www.ysfine.com"
64.124.8.29 - - [24/Feb/2023:22:05:01 -0800] "GET /world/balkan/ath008.jpg HTTP/1.1" 200 98824 "-" "Mozilla/5.0 (Macintosh; Intel Mac OS X 10_15_7) AppleWebKit/537.36 (KHTML, like Gecko) Chrome/107.0.0.0 Safari/537.36" "ysfine.com"
173.252.83.116 - - [24/Feb/2023:22:05:36 -0800] "GET /world/germany/franko11b.jpg HTTP/1.1" 200 37524 "-" "facebookexternalhit/1.1 (+http://www.facebook.com/externalhit_uatext.php)" "ysfine.com"
64.124.8.55 - - [24/Feb/2023:22:06:13 -0800] "GET /princeton/lakecar44.jpg HTTP/1.1" 200 75181 "-" "Mozilla/5.0 (Macintosh; Intel Mac OS X 10_15_7) AppleWebKit/537.36 (KHTML, like Gecko) Chrome/107.0.0.0 Safari/537.36" "www.ysfine.com"
64.124.8.49 - - [24/Feb/2023:22:06:18 -0800] "GET /world/france/aix05.jpg HTTP/1.1" 200 192218 "-" "Mozilla/5.0 (Macintosh; Intel Mac OS X 10_15_7) AppleWebKit/537.36 (KHTML, like Gecko) Chrome/107.0.0.0 Safari/537.36" "ysfine.com"
42.236.10.84 - - [24/Feb/2023:22:06:25 -0800] "GET / HTTP/1.1" 200 5295 "http://baidu.com/" "Mozilla/5.0 (Linux; Android 8.0; Pixel 2 Build/OPD3.170816.012) AppleWebKit/537.36 (KHTML, like Gecko) Chrome/87.0.4280.88 Mobile Safari/537.36" "www.ysfine.com"
42.236.10.78 - - [24/Feb/2023:22:06:27 -0800] "GET /home/facu450.jpg HTTP/1.1" 200 74535 "-" "Mozilla/5.0 (Linux; Android 8.0; Pixel 2 Build/OPD3.170816.012) AppleWebKit/537.36 (KHTML, like Gecko) Chrome/87.0.4280.88 Mobile Safari/537.36" "ysfine.com"
42.236.10.78 - - [24/Feb/2023:22:06:27 -0800] "GET /home/goodbad450.jpg HTTP/1.1" 200 32258 "-" "Mozilla/5.0 (Linux; Android 8.0; Pixel 2 Build/OPD3.170816.012) AppleWebKit/537.36 (KHTML, like Gecko) Chrome/87.0.4280.88 Mobile Safari/537.36" "ysfine.com"
42.236.10.78 - - [24/Feb/2023:22:06:27 -0800] "GET /eink/ewk86f.jpg HTTP/1.1" 200 122173 "-" "Mozilla/5.0 (Linux; Android 8.0; Pixel 2 Build/OPD3.170816.012) AppleWebKit/537.36 (KHTML, like Gecko) Chrome/87.0.4280.88 Mobile Safari/537.36" "ysfine.com"
42.236.10.78 - - [24/Feb/2023:22:06:27 -0800] "GET /home/truck450.jpg HTTP/1.1" 200 42871 "-" "Mozilla/5.0 (Linux; Android 8.0; Pixel 2 Build/OPD3.170816.012) AppleWebKit/537.36 (KHTML, like Gecko) Chrome/87.0.4280.88 Mobile Safari/537.36" "ysfine.com"
42.236.10.78 - - [24/Feb/2023:22:06:27 -0800] "GET /home/eink450.jpg HTTP/1.1" 200 66794 "-" "Mozilla/5.0 (Linux; Android 8.0; Pixel 2 Build/OPD3.170816.012) AppleWebKit/537.36 (KHTML, like Gecko) Chrome/87.0.4280.88 Mobile Safari/537.36" "ysfine.com"
42.236.10.78 - - [24/Feb/2023:22:06:27 -0800] "GET /home/top21d.jpg HTTP/1.1" 200 74409 "-" "Mozilla/5.0 (Linux; Android 8.0; Pixel 2 Build/OPD3.170816.012) AppleWebKit/537.36 (KHTML, like Gecko) Chrome/87.0.4280.88 Mobile Safari/537.36" "ysfine.com"
207.46.13.223 - - [24/Feb/2023:22:06:35 -0800] "GET /world/germany/trier20.jpg HTTP/1.1" 200 235690 "-" "Mozilla/5.0 AppleWebKit/537.36 (KHTML, like Gecko; compatible; bingbot/2.0; +http://www.bing.com/bingbot.htm) Chrome/103.0.5060.134 Safari/537.36" "ysfine.com"
51.222.253.2 - - [24/Feb/2023:22:07:12 -0800] "GET /world/florence.html HTTP/1.1" 200 9706 "-" "Mozilla/5.0 (compatible; AhrefsBot/7.0; +http://ahrefs.com/robot/)" "www.ysfine.com"
51.222.253.6 - - [24/Feb/2023:22:07:15 -0800] "GET /world/ital/flor052b.jpg HTTP/1.1" 200 39037 "-" "Mozilla/5.0 (compatible; AhrefsBot/7.0; +http://ahrefs.com/robot/)" "www.ysfine.com"
51.222.253.19 - - [24/Feb/2023:22:07:16 -0800] "GET /world/ital/stcroce05b.jpg HTTP/1.1" 200 52491 "-" "Mozilla/5.0 (compatible; AhrefsBot/7.0; +http://ahrefs.com/robot/)" "www.ysfine.com"
51.222.253.13 - - [24/Feb/2023:22:07:16 -0800] "GET /world/ital/flor062b.jpg HTTP/1.1" 200 49181 "-" "Mozilla/5.0 (compatible; AhrefsBot/7.0; +http://ahrefs.com/robot/)" "www.ysfine.com"
51.222.253.16 - - [24/Feb/2023:22:07:17 -0800] "GET /world/ital/flor023b.jpg HTTP/1.1" 200 44340 "-" "Mozilla/5.0 (compatible; AhrefsBot/7.0; +http://ahrefs.com/robot/)" "www.ysfine.com"
51.222.253.13 - - [24/Feb/2023:22:07:17 -0800] "GET /world/ital/uffizi12b.jpg HTTP/1.1" 200 49310 "-" "Mozilla/5.0 (compatible; AhrefsBot/7.0; +http://ahrefs.com/robot/)" "www.ysfine.com"
51.222.253.15 - - [24/Feb/2023:22:07:18 -0800] "GET /world/ital/medici52b.jpg HTTP/1.1" 200 57028 "-" "Mozilla/5.0 (compatible; AhrefsBot/7.0; +http://ahrefs.com/robot/)" "www.ysfine.com"
51.222.253.13 - - [24/Feb/2023:22:07:18 -0800] "GET /world/ital/florf01b.jpg HTTP/1.1" 200 38979 "-" "Mozilla/5.0 (compatible; AhrefsBot/7.0; +http://ahrefs.com/robot/)" "www.ysfine.com"
51.222.253.11 - - [24/Feb/2023:22:07:19 -0800] "GET /world/ital/florf16b.jpg HTTP/1.1" 200 51782 "-" "Mozilla/5.0 (compatible; AhrefsBot/7.0; +http://ahrefs.com/robot/)" "www.ysfine.com"
51.222.253.9 - - [24/Feb/2023:22:07:19 -0800] "GET /world/ital/flor071b.jpg HTTP/1.1" 200 44376 "-" "Mozilla/5.0 (compatible; AhrefsBot/7.0; +http://ahrefs.com/robot/)" "www.ysfine.com"
51.222.253.7 - - [24/Feb/2023:22:07:20 -0800] "GET /world/ital/flor082b.jpg HTTP/1.1" 200 50639 "-" "Mozilla/5.0 (compatible; AhrefsBot/7.0; +http://ahrefs.com/robot/)" "www.ysfine.com"
51.222.253.20 - - [24/Feb/2023:22:07:21 -0800] "GET /world/ital/flor084b.jpg HTTP/1.1" 200 40350 "-" "Mozilla/5.0 (compatible; AhrefsBot/7.0; +http://ahrefs.com/robot/)" "www.ysfine.com"
51.222.253.1 - - [24/Feb/2023:22:07:21 -0800] "GET /world/ital/flor069b.jpg HTTP/1.1" 200 44804 "-" "Mozilla/5.0 (compatible; AhrefsBot/7.0; +http://ahrefs.com/robot/)" "www.ysfine.com"
51.222.253.3 - - [24/Feb/2023:22:07:21 -0800] "GET /world/ital/medici51b.jpg HTTP/1.1" 200 41207 "-" "Mozilla/5.0 (compatible; AhrefsBot/7.0; +http://ahrefs.com/robot/)" "www.ysfine.com"
51.222.253.16 - - [24/Feb/2023:22:07:22 -0800] "GET /world/ital/stcroce14b.jpg HTTP/1.1" 200 41904 "-" "Mozilla/5.0 (compatible; AhrefsBot/7.0; +http://ahrefs.com/robot/)" "www.ysfine.com"
51.222.253.8 - - [24/Feb/2023:22:07:22 -0800] "GET /world/ital/flor087b.jpg HTTP/1.1" 200 57688 "-" "Mozilla/5.0 (compatible; AhrefsBot/7.0; +http://ahrefs.com/robot/)" "www.ysfine.com"
51.222.253.13 - - [24/Feb/2023:22:07:23 -0800] "GET /world/ital/florf17b.jpg HTTP/1.1" 200 35730 "-" "Mozilla/5.0 (compatible; AhrefsBot/7.0; +http://ahrefs.com/robot/)" "www.ysfine.com"
51.222.253.12 - - [24/Feb/2023:22:07:23 -0800] "GET /world/ital/uffizi02b.jpg HTTP/1.1" 200 53042 "-" "Mozilla/5.0 (compatible; AhrefsBot/7.0; +http://ahrefs.com/robot/)" "www.ysfine.com"
51.222.253.10 - - [24/Feb/2023:22:07:23 -0800] "GET /world/ital/stcroce16b.jpg HTTP/1.1" 200 61306 "-" "Mozilla/5.0 (compatible; AhrefsBot/7.0; +http://ahrefs.com/robot/)" "www.ysfine.com"
51.222.253.7 - - [24/Feb/2023:22:07:24 -0800] "GET /world/ital/flor092b.jpg HTTP/1.1" 200 46326 "-" "Mozilla/5.0 (compatible; AhrefsBot/7.0; +http://ahrefs.com/robot/)" "www.ysfine.com"
51.222.253.2 - - [24/Feb/2023:22:07:24 -0800] "GET /world/ital/flor036b.jpg HTTP/1.1" 200 43002 "-" "Mozilla/5.0 (compatible; AhrefsBot/7.0; +http://ahrefs.com/robot/)" "www.ysfine.com"
51.222.253.6 - - [24/Feb/2023:22:07:25 -0800] "GET /dirac/michelan01b.jpg HTTP/1.1" 200 50306 "-" "Mozilla/5.0 (compatible; AhrefsBot/7.0; +http://ahrefs.com/robot/)" "www.ysfine.com"
51.222.253.13 - - [24/Feb/2023:22:07:25 -0800] "GET /world/ital/flor061b.jpg HTTP/1.1" 200 41082 "-" "Mozilla/5.0 (compatible; AhrefsBot/7.0; +http://ahrefs.com/robot/)" "www.ysfine.com"
51.222.253.1 - - [24/Feb/2023:22:07:26 -0800] "GET /world/ital/flor026b.jpg HTTP/1.1" 200 29626 "-" "Mozilla/5.0 (compatible; AhrefsBot/7.0; +http://ahrefs.com/robot/)" "www.ysfine.com"
51.222.253.9 - - [24/Feb/2023:22:07:26 -0800] "GET /world/ital/flor031b.jpg HTTP/1.1" 200 40386 "-" "Mozilla/5.0 (compatible; AhrefsBot/7.0; +http://ahrefs.com/robot/)" "www.ysfine.com"
51.222.253.20 - - [24/Feb/2023:22:07:26 -0800] "GET /world/ital/stcroce02b.jpg HTTP/1.1" 200 45226 "-" "Mozilla/5.0 (compatible; AhrefsBot/7.0; +http://ahrefs.com/robot/)" "www.ysfine.com"
51.222.253.12 - - [24/Feb/2023:22:07:27 -0800] "GET /world/ital/stcroce11b.jpg HTTP/1.1" 200 29908 "-" "Mozilla/5.0 (compatible; AhrefsBot/7.0; +http://ahrefs.com/robot/)" "www.ysfine.com"
51.222.253.4 - - [24/Feb/2023:22:07:27 -0800] "GET /world/ital/flor091b.jpg HTTP/1.1" 200 42879 "-" "Mozilla/5.0 (compatible; AhrefsBot/7.0; +http://ahrefs.com/robot/)" "www.ysfine.com"
51.222.253.19 - - [24/Feb/2023:22:07:28 -0800] "GET /world/ital/stcroce18b.jpg HTTP/1.1" 200 53514 "-" "Mozilla/5.0 (compatible; AhrefsBot/7.0; +http://ahrefs.com/robot/)" "www.ysfine.com"
51.222.253.11 - - [24/Feb/2023:22:07:28 -0800] "GET /world/ital/flor073b.jpg HTTP/1.1" 200 39590 "-" "Mozilla/5.0 (compatible; AhrefsBot/7.0; +http://ahrefs.com/robot/)" "www.ysfine.com"
51.222.253.16 - - [24/Feb/2023:22:07:28 -0800] "GET /world/ital/uffizi22b.jpg HTTP/1.1" 200 42665 "-" "Mozilla/5.0 (compatible; AhrefsBot/7.0; +http://ahrefs.com/robot/)" "www.ysfine.com"
51.222.253.11 - - [24/Feb/2023:22:07:29 -0800] "GET /world/ital/flor011b.jpg HTTP/1.1" 200 28831 "-" "Mozilla/5.0 (compatible; AhrefsBot/7.0; +http://ahrefs.com/robot/)" "www.ysfine.com"
51.222.253.2 - - [24/Feb/2023:22:07:29 -0800] "GET /world/ital/flor079b.jpg HTTP/1.1" 200 28108 "-" "Mozilla/5.0 (compatible; AhrefsBot/7.0; +http://ahrefs.com/robot/)" "www.ysfine.com"
51.222.253.15 - - [24/Feb/2023:22:07:30 -0800] "GET /world/ital/stcroce09b.jpg HTTP/1.1" 200 37576 "-" "Mozilla/5.0 (compatible; AhrefsBot/7.0; +http://ahrefs.com/robot/)" "www.ysfine.com"
40.77.167.226 - - [24/Feb/2023:22:07:42 -0800] "GET /yspapers/ortho66c.jpg HTTP/1.1" 200 27511 "-" "Mozilla/5.0 AppleWebKit/537.36 (KHTML, like Gecko; compatible; bingbot/2.0; +http://www.bing.com/bingbot.htm) Chrome/103.0.5060.134 Safari/537.36" "ysfine.com"
40.77.167.178 - - [24/Feb/2023:22:08:00 -0800] "GET /world/brit/oxlon58.jpg HTTP/1.1" 200 139577 "-" "Mozilla/5.0 AppleWebKit/537.36 (KHTML, like Gecko; compatible; bingbot/2.0; +http://www.bing.com/bingbot.htm) Chrome/103.0.5060.134 Safari/537.36" "ysfine.com"
51.222.253.6 - - [24/Feb/2023:22:08:28 -0800] "GET /class54/class5480/Pictures/1.%C3%AC%C2%A0%C2%91%C3%AC%C2%88%C2%98%C3%AB%C2%B0%C2%8F%C3%AD%C2%99%C2%98%C3%AB%C2%8B%C2%B4/?C=S;O=D HTTP/1.1" 200 852 "-" "Mozilla/5.0 (compatible; AhrefsBot/7.0; +http://ahrefs.com/robot/)" "www.ysfine.com"
91.133.186.58 - - [24/Feb/2023:22:08:37 -0800] "GET /robots.txt HTTP/1.1" 404 88 "-" "Mozilla/5.0 (Linux; Android 5.0.2; SAMSUNG SM-T530NU Build/LRX22G) AppleWebKit/537.36 (KHTML, like Gecko) SamsungBrowser/3.2 Chrome/38.0.2125.102 Safari/537.36" "ysfine.com"
5.52.132.224 - - [24/Feb/2023:22:08:37 -0800] "GET / HTTP/1.1" 200 5295 "-" "Mozilla/5.0 (iPhone; CPU iPhone OS 7_1_1 like Mac OS X) AppleWebKit/537.51.2 (KHTML, like Gecko) Version/7.0 Mobile/11D201 Safari/9537.53" "ysfine.com"
64.124.8.48 - - [24/Feb/2023:22:08:44 -0800] "GET /ysbio/usca/pitt/gonew.jpg HTTP/1.1" 404 88 "-" "Mozilla/5.0 (Macintosh; Intel Mac OS X 10_15_7) AppleWebKit/537.36 (KHTML, like Gecko) Chrome/107.0.0.0 Safari/537.36" "www.ysfine.com"
64.124.8.29 - - [24/Feb/2023:22:08:47 -0800] "GET /wdc/whxmas/whxmas13.jpg HTTP/1.1" 200 122233 "-" "Mozilla/5.0 (Macintosh; Intel Mac OS X 10_15_7) AppleWebKit/537.36 (KHTML, like Gecko) Chrome/107.0.0.0 Safari/537.36" "ysfine.com"
64.124.8.54 - - [24/Feb/2023:22:09:08 -0800] "GET /world/france/sartsq16.jpg HTTP/1.1" 200 117783 "-" "Mozilla/5.0 (Macintosh; Intel Mac OS X 10_15_7) AppleWebKit/537.36 (KHTML, like Gecko) Chrome/107.0.0.0 Safari/537.36" "www.ysfine.com"
207.46.13.219 - - [24/Feb/2023:22:09:26 -0800] "GET /world/russ/kiev040.jpg HTTP/1.1" 200 151832 "-" "Mozilla/5.0 AppleWebKit/537.36 (KHTML, like Gecko; compatible; bingbot/2.0; +http://www.bing.com/bingbot.htm) Chrome/103.0.5060.134 Safari/537.36" "ysfine.com"
207.46.13.220 - - [24/Feb/2023:22:09:34 -0800] "GET /maga/invent/tesla11b.jpg HTTP/1.1" 200 47570 "-" "Mozilla/5.0 AppleWebKit/537.36 (KHTML, like Gecko; compatible; bingbot/2.0; +http://www.bing.com/bingbot.htm) Chrome/103.0.5060.134 Safari/537.36" "ysfine.com"
207.46.13.223 - - [24/Feb/2023:22:09:55 -0800] "GET /world/france/triomf08b.jpg HTTP/1.1" 200 48006 "-" "Mozilla/5.0 AppleWebKit/537.36 (KHTML, like Gecko; compatible; bingbot/2.0; +http://www.bing.com/bingbot.htm) Chrome/103.0.5060.134 Safari/537.36" "www.ysfine.com"
51.222.253.15 - - [24/Feb/2023:22:10:01 -0800] "GET /class54/class5480/Pictures/1.%C3%AC%C2%A0%C2%91%C3%AC%C2%88%C2%98%C3%AB%C2%B0%C2%8F%C3%AD%C2%99%C2%98%C3%AB%C2%8B%C2%B4/?C=M;O=D HTTP/1.1" 200 858 "-" "Mozilla/5.0 (compatible; AhrefsBot/7.0; +http://ahrefs.com/robot/)" "www.ysfine.com"
64.124.8.50 - - [24/Feb/2023:22:10:04 -0800] "GET /ysbio/newyork/colum24.jpg HTTP/1.1" 404 88 "-" "Mozilla/5.0 (Macintosh; Intel Mac OS X 10_15_7) AppleWebKit/537.36 (KHTML, like Gecko) Chrome/107.0.0.0 Safari/537.36" "ysfine.com"
64.124.8.48 - - [24/Feb/2023:22:10:12 -0800] "GET /ysbio/world/scandi/copen102.jpg HTTP/1.1" 404 88 "-" "Mozilla/5.0 (Macintosh; Intel Mac OS X 10_15_7) AppleWebKit/537.36 (KHTML, like Gecko) Chrome/107.0.0.0 Safari/537.36" "ysfine.com"
216.244.66.229 - - [24/Feb/2023:22:10:54 -0800] "GET /class54/yasukuni96.jpg HTTP/1.1" 200 194718 "-" "Mozilla/5.0 (compatible; DotBot/1.2; +https://opensiteexplorer.org/dotbot; help@moz.com)" "ysfine.com"
114.119.155.100 - - [24/Feb/2023:22:10:57 -0800] "GET /class54/class5470/total_data/photo_img/5-32.jpg HTTP/1.1" 200 218357 "https://www.ysfine.com/class54/class5470/total_data/sub_532.htm" "Mozilla/5.0 (Linux; Android 7.0;) AppleWebKit/537.36 (KHTML, like Gecko) Mobile Safari/537.36 (compatible; PetalBot;+https://webmaster.petalsearch.com/site/petalbot)" "www.ysfine.com"
64.124.8.54 - - [24/Feb/2023:22:11:04 -0800] "GET /sbk/1967cc.jpg HTTP/1.1" 200 143497 "-" "Mozilla/5.0 (Macintosh; Intel Mac OS X 10_15_7) AppleWebKit/537.36 (KHTML, like Gecko) Chrome/107.0.0.0 Safari/537.36" "ysfine.com"
216.244.66.229 - - [24/Feb/2023:22:11:17 -0800] "GET /feynman/ppic/hussar01.jpg HTTP/1.1" 200 26689 "-" "Mozilla/5.0 (compatible; DotBot/1.2; +https://opensiteexplorer.org/dotbot; help@moz.com)" "ysfine.com"
216.244.66.229 - - [24/Feb/2023:22:11:21 -0800] "GET /ffriends/itallon01.jpg HTTP/1.1" 200 87351 "-" "Mozilla/5.0 (compatible; DotBot/1.2; +https://opensiteexplorer.org/dotbot; help@moz.com)" "ysfine.com"
51.222.253.17 - - [24/Feb/2023:22:11:34 -0800] "GET /philo/sartre.html HTTP/1.1" 200 7721 "-" "Mozilla/5.0 (compatible; AhrefsBot/7.0; +http://ahrefs.com/robot/)" "www.ysfine.com"
51.222.253.5 - - [24/Feb/2023:22:11:38 -0800] "GET /world/france/sartsq15b.jpg HTTP/1.1" 200 46621 "-" "Mozilla/5.0 (compatible; AhrefsBot/7.0; +http://ahrefs.com/robot/)" "www.ysfine.com"
51.222.253.5 - - [24/Feb/2023:22:11:38 -0800] "GET /world/france/magots01b.jpg HTTP/1.1" 200 54026 "-" "Mozilla/5.0 (compatible; AhrefsBot/7.0; +http://ahrefs.com/robot/)" "www.ysfine.com"
51.222.253.7 - - [24/Feb/2023:22:11:39 -0800] "GET /world/france/flore01b.jpg HTTP/1.1" 200 40093 "-" "Mozilla/5.0 (compatible; AhrefsBot/7.0; +http://ahrefs.com/robot/)" "www.ysfine.com"
51.222.253.17 - - [24/Feb/2023:22:11:39 -0800] "GET /world/france/sartsq10b.jpg HTTP/1.1" 200 53635 "-" "Mozilla/5.0 (compatible; AhrefsBot/7.0; +http://ahrefs.com/robot/)" "www.ysfine.com"
51.222.253.15 - - [24/Feb/2023:22:11:40 -0800] "GET /philo/childrenof11b.jpg HTTP/1.1" 200 73491 "-" "Mozilla/5.0 (compatible; AhrefsBot/7.0; +http://ahrefs.com/robot/)" "www.ysfine.com"
51.222.253.2 - - [24/Feb/2023:22:11:42 -0800] "GET /world/france/sartsq21b.jpg HTTP/1.1" 200 49758 "-" "Mozilla/5.0 (compatible; AhrefsBot/7.0; +http://ahrefs.com/robot/)" "www.ysfine.com"
51.222.253.7 - - [24/Feb/2023:22:11:43 -0800] "GET /world/france/flore07b.jpg HTTP/1.1" 200 52304 "-" "Mozilla/5.0 (compatible; AhrefsBot/7.0; +http://ahrefs.com/robot/)" "www.ysfine.com"
51.222.253.15 - - [24/Feb/2023:22:11:43 -0800] "GET /world/france/magots04b.jpg HTTP/1.1" 200 53873 "-" "Mozilla/5.0 (compatible; AhrefsBot/7.0; +http://ahrefs.com/robot/)" "www.ysfine.com"
51.222.253.10 - - [24/Feb/2023:22:11:45 -0800] "GET /world/france/sartsq18b.jpg HTTP/1.1" 200 60144 "-" "Mozilla/5.0 (compatible; AhrefsBot/7.0; +http://ahrefs.com/robot/)" "www.ysfine.com"
51.222.253.1 - - [24/Feb/2023:22:11:46 -0800] "GET /world/france/lipp03b.jpg HTTP/1.1" 200 40655 "-" "Mozilla/5.0 (compatible; AhrefsBot/7.0; +http://ahrefs.com/robot/)" "www.ysfine.com"
51.222.253.10 - - [24/Feb/2023:22:11:46 -0800] "GET /world/france/montpar09b.jpg HTTP/1.1" 200 51581 "-" "Mozilla/5.0 (compatible; AhrefsBot/7.0; +http://ahrefs.com/robot/)" "www.ysfine.com"
216.244.66.229 - - [24/Feb/2023:22:11:46 -0800] "GET /maga/phys/schrod38.jpg HTTP/1.1" 200 85258 "-" "Mozilla/5.0 (compatible; DotBot/1.2; +https://opensiteexplorer.org/dotbot; help@moz.com)" "ysfine.com"
51.222.253.11 - - [24/Feb/2023:22:11:47 -0800] "GET /world/france/flore10b.jpg HTTP/1.1" 200 37285 "-" "Mozilla/5.0 (compatible; AhrefsBot/7.0; +http://ahrefs.com/robot/)" "www.ysfine.com"
51.222.253.14 - - [24/Feb/2023:22:11:47 -0800] "GET /world/france/magots07b.jpg HTTP/1.1" 200 38319 "-" "Mozilla/5.0 (compatible; AhrefsBot/7.0; +http://ahrefs.com/robot/)" "www.ysfine.com"
51.222.253.19 - - [24/Feb/2023:22:11:48 -0800] "GET /world/france/sartremap11b.jpg HTTP/1.1" 200 64726 "-" "Mozilla/5.0 (compatible; AhrefsBot/7.0; +http://ahrefs.com/robot/)" "www.ysfine.com"
51.222.253.15 - - [24/Feb/2023:22:11:48 -0800] "GET /world/france/montpar01b.jpg HTTP/1.1" 200 31891 "-" "Mozilla/5.0 (compatible; AhrefsBot/7.0; +http://ahrefs.com/robot/)" "www.ysfine.com"
51.222.253.5 - - [24/Feb/2023:22:11:49 -0800] "GET /philo/sartre11b.jpg HTTP/1.1" 200 57563 "-" "Mozilla/5.0 (compatible; AhrefsBot/7.0; +http://ahrefs.com/robot/)" "www.ysfine.com"
51.222.253.13 - - [24/Feb/2023:22:11:49 -0800] "GET /world/france/sartsq09b.jpg HTTP/1.1" 200 35405 "-" "Mozilla/5.0 (compatible; AhrefsBot/7.0; +http://ahrefs.com/robot/)" "www.ysfine.com"
51.222.253.9 - - [24/Feb/2023:22:11:50 -0800] "GET /world/france/sartsq06b.jpg HTTP/1.1" 200 40585 "-" "Mozilla/5.0 (compatible; AhrefsBot/7.0; +http://ahrefs.com/robot/)" "www.ysfine.com"
64.124.8.57 - - [24/Feb/2023:22:12:10 -0800] "GET /world/hungary/buda205.jpg HTTP/1.1" 200 184047 "-" "Mozilla/5.0 (Macintosh; Intel Mac OS X 10_15_7) AppleWebKit/537.36 (KHTML, like Gecko) Chrome/107.0.0.0 Safari/537.36" "ysfine.com"
173.252.83.11 - - [24/Feb/2023:22:12:15 -0800] "GET /awards/acs20f.jpg HTTP/1.1" 200 145842 "-" "facebookexternalhit/1.1 (+http://www.facebook.com/externalhit_uatext.php)" "ysfine.com"
64.124.8.48 - - [24/Feb/2023:22:12:17 -0800] "GET /world/baltic/kantmuse.jpg HTTP/1.1" 200 85993 "-" "Mozilla/5.0 (Macintosh; Intel Mac OS X 10_15_7) AppleWebKit/537.36 (KHTML, like Gecko) Chrome/107.0.0.0 Safari/537.36" "www.ysfine.com"
216.244.66.229 - - [24/Feb/2023:22:12:22 -0800] "GET /sbk/1982balto11.jpg HTTP/1.1" 200 195491 "-" "Mozilla/5.0 (compatible; DotBot/1.2; +https://opensiteexplorer.org/dotbot; help@moz.com)" "ysfine.com"
114.119.137.98 - - [24/Feb/2023:22:12:40 -0800] "GET /bio12.html HTTP/1.1" 200 13708 "https://www.ysfine.com/bio.html" "Mozilla/5.0 (Linux; Android 7.0;) AppleWebKit/537.36 (KHTML, like Gecko) Mobile Safari/537.36 (compatible; PetalBot;+https://webmaster.petalsearch.com/site/petalbot)" "www.ysfine.com"
173.252.83.15 - - [24/Feb/2023:22:12:59 -0800] "GET /world/china/hongkong02b.jpg HTTP/1.1" 200 41631 "-" "facebookexternalhit/1.1 (+http://www.facebook.com/externalhit_uatext.php)" "ysfine.com"
216.244.66.229 - - [24/Feb/2023:22:13:15 -0800] "GET /sbk/1994boston11.jpg HTTP/1.1" 200 82201 "-" "Mozilla/5.0 (compatible; DotBot/1.2; +https://opensiteexplorer.org/dotbot; help@moz.com)" "ysfine.com"
51.222.253.14 - - [24/Feb/2023:22:13:18 -0800] "GET /class54/class5480/Videos/ HTTP/1.1" 200 560 "-" "Mozilla/5.0 (compatible; AhrefsBot/7.0; +http://ahrefs.com/robot/)" "www.ysfine.com"
207.46.13.220 - - [24/Feb/2023:22:13:33 -0800] "GET /world/france/champ1227.jpg HTTP/1.1" 200 111202 "-" "Mozilla/5.0 AppleWebKit/537.36 (KHTML, like Gecko; compatible; bingbot/2.0; +http://www.bing.com/bingbot.htm) Chrome/103.0.5060.134 Safari/537.36" "www.ysfine.com"
64.124.8.53 - - [24/Feb/2023:22:13:34 -0800] "GET /style/venus09.jpg HTTP/1.1" 200 91910 "-" "Mozilla/5.0 (Macintosh; Intel Mac OS X 10_15_7) AppleWebKit/537.36 (KHTML, like Gecko) Chrome/107.0.0.0 Safari/537.36" "www.ysfine.com"
216.244.66.229 - - [24/Feb/2023:22:13:58 -0800] "GET /usca/norl/napo00.jpg HTTP/1.1" 200 119074 "-" "Mozilla/5.0 (compatible; DotBot/1.2; +https://opensiteexplorer.org/dotbot; help@moz.com)" "ysfine.com"
216.244.66.229 - - [24/Feb/2023:22:14:42 -0800] "GET /wdc/whxmas/whxmas18.jpg HTTP/1.1" 200 121522 "-" "Mozilla/5.0 (compatible; DotBot/1.2; +https://opensiteexplorer.org/dotbot; help@moz.com)" "ysfine.com"
207.46.13.219 - - [24/Feb/2023:22:14:56 -0800] "GET /einstein/eins05c.jpg HTTP/1.1" 200 52461 "-" "Mozilla/5.0 AppleWebKit/537.36 (KHTML, like Gecko; compatible; bingbot/2.0; +http://www.bing.com/bingbot.htm) Chrome/103.0.5060.134 Safari/537.36" "ysfine.com"
91.133.236.155 - - [24/Feb/2023:22:15:09 -0800] "GET /robots.txt HTTP/1.1" 404 88 "-" "Mozilla/5.0 (Linux; Android 5.1.1; SM-G920V Build/LMY47X) AppleWebKit/537.36 (KHTML, like Gecko) Chrome/45.0.2454.84 Mobile Safari/537.36" "ysfine.com"
31.2.213.41 - - [24/Feb/2023:22:15:09 -0800] "GET / HTTP/1.1" 200 5295 "-" "Mozilla/5.0 AppleWebKit/999.0 (KHTML, like Gecko) Chrome/99.0 Safari/999.0" "ysfine.com"
216.244.66.229 - - [24/Feb/2023:22:15:22 -0800] "GET /wisdom/mil/arisakaguns01.jpg HTTP/1.1" 200 58899 "-" "Mozilla/5.0 (compatible; DotBot/1.2; +https://opensiteexplorer.org/dotbot; help@moz.com)" "ysfine.com"
173.252.83.21 - - [24/Feb/2023:22:15:59 -0800] "GET /ffriends/aline/wpilot11c.jpg HTTP/1.1" 200 31723 "-" "facebookexternalhit/1.1 (+http://www.facebook.com/externalhit_uatext.php)" "ysfine.com"
216.244.66.229 - - [24/Feb/2023:22:16:03 -0800] "GET /world/china/dalian33.jpg HTTP/1.1" 200 91043 "-" "Mozilla/5.0 (compatible; DotBot/1.2; +https://opensiteexplorer.org/dotbot; help@moz.com)" "ysfine.com"
216.244.66.229 - - [24/Feb/2023:22:16:37 -0800] "GET /world/france/stras36.jpg HTTP/1.1" 200 90193 "-" "Mozilla/5.0 (compatible; DotBot/1.2; +https://opensiteexplorer.org/dotbot; help@moz.com)" "ysfine.com"
207.46.13.219 - - [24/Feb/2023:22:16:48 -0800] "GET /kobak/kostu16.jpg HTTP/1.1" 200 118200 "-" "Mozilla/5.0 AppleWebKit/537.36 (KHTML, like Gecko; compatible; bingbot/2.0; +http://www.bing.com/bingbot.htm) Chrome/103.0.5060.134 Safari/537.36" "ysfine.com"
64.124.8.28 - - [24/Feb/2023:22:16:54 -0800] "GET /style/venus10.jpg HTTP/1.1" 200 169742 "-" "Mozilla/5.0 (Macintosh; Intel Mac OS X 10_15_7) AppleWebKit/537.36 (KHTML, like Gecko) Chrome/107.0.0.0 Safari/537.36" "www.ysfine.com"
64.124.8.50 - - [24/Feb/2023:22:16:56 -0800] "GET /world/israel/sorae11.jpg HTTP/1.1" 404 88 "-" "Mozilla/5.0 (Macintosh; Intel Mac OS X 10_15_7) AppleWebKit/537.36 (KHTML, like Gecko) Chrome/107.0.0.0 Safari/537.36" "ysfine.com"
52.167.144.62 - - [24/Feb/2023:22:17:10 -0800] "GET /world/poland/gdn52b.jpg HTTP/1.1" 200 45160 "-" "Mozilla/5.0 AppleWebKit/537.36 (KHTML, like Gecko; compatible; bingbot/2.0; +http://www.bing.com/bingbot.htm) Chrome/103.0.5060.134 Safari/537.36" "ysfine.com"
216.244.66.229 - - [24/Feb/2023:22:17:11 -0800] "GET /world/germany/berlinmus01.jpg HTTP/1.1" 200 166514 "-" "Mozilla/5.0 (compatible; DotBot/1.2; +https://opensiteexplorer.org/dotbot; help@moz.com)" "ysfine.com"
207.46.13.220 - - [24/Feb/2023:22:17:15 -0800] "GET /home/philo/sisfa12/keirigh.html HTTP/1.1" 200 2033 "-" "Mozilla/5.0 AppleWebKit/537.36 (KHTML, like Gecko; compatible; bingbot/2.0; +http://www.bing.com/bingbot.htm) Chrome/103.0.5060.134 Safari/537.36" "ysfine.com"
40.77.167.226 - - [24/Feb/2023:22:17:33 -0800] "GET /world/china/guang02.jpg HTTP/1.1" 200 115140 "-" "Mozilla/5.0 AppleWebKit/537.36 (KHTML, like Gecko; compatible; bingbot/2.0; +http://www.bing.com/bingbot.htm) Chrome/103.0.5060.134 Safari/537.36" "www.ysfine.com"
40.77.167.226 - - [24/Feb/2023:22:17:34 -0800] "GET /bio/kobak/yskor.html HTTP/1.1" 404 88 "-" "Mozilla/5.0 AppleWebKit/537.36 (KHTML, like Gecko; compatible; bingbot/2.0; +http://www.bing.com/bingbot.htm) Chrome/103.0.5060.134 Safari/537.36" "ysfine.com"
64.124.8.54 - - [24/Feb/2023:22:17:37 -0800] "GET /world/scandi/wignob07.jpg HTTP/1.1" 200 103208 "-" "Mozilla/5.0 (Macintosh; Intel Mac OS X 10_15_7) AppleWebKit/537.36 (KHTML, like Gecko) Chrome/107.0.0.0 Safari/537.36" "ysfine.com"
66.249.66.35 - - [24/Feb/2023:22:17:54 -0800] "GET /dirac/sq73.jpg HTTP/1.1" 304 - "-" "Googlebot-Image/1.0" "ysfine.com"
216.244.66.229 - - [24/Feb/2023:22:18:00 -0800] "GET /world/germany/leipzig18.jpg HTTP/1.1" 200 274411 "-" "Mozilla/5.0 (compatible; DotBot/1.2; +https://opensiteexplorer.org/dotbot; help@moz.com)" "ysfine.com"
103.172.98.113 - - [24/Feb/2023:22:18:15 -0800] "GET /einstein/fantova/fantova.html HTTP/1.1" 200 17340 "-" "Mozilla/5.0 (compatible; MSIE 1.0; Linux i686; Tablet PC; Trident/2.0)" "ysfine.com"
64.124.8.50 - - [24/Feb/2023:22:18:31 -0800] "GET /wdc/waskor024.jpg HTTP/1.1" 200 86746 "-" "Mozilla/5.0 (Macintosh; Intel Mac OS X 10_15_7) AppleWebKit/537.36 (KHTML, like Gecko) Chrome/107.0.0.0 Safari/537.36" "www.ysfine.com"
64.124.8.28 - - [24/Feb/2023:22:18:32 -0800] "GET /ysbio/world/russ/spbf30.jpg HTTP/1.1" 404 88 "-" "Mozilla/5.0 (Macintosh; Intel Mac OS X 10_15_7) AppleWebKit/537.36 (KHTML, like Gecko) Chrome/107.0.0.0 Safari/537.36" "www.ysfine.com"
207.46.13.223 - - [24/Feb/2023:22:18:47 -0800] "GET /wdc/waskor010.jpg HTTP/1.1" 200 80196 "-" "Mozilla/5.0 AppleWebKit/537.36 (KHTML, like Gecko; compatible; bingbot/2.0; +http://www.bing.com/bingbot.htm) Chrome/103.0.5060.134 Safari/537.36" "ysfine.com"
216.244.66.229 - - [24/Feb/2023:22:18:50 -0800] "GET /world/germany/muc025.jpg HTTP/1.1" 200 116679 "-" "Mozilla/5.0 (compatible; DotBot/1.2; +https://opensiteexplorer.org/dotbot; help@moz.com)" "ysfine.com"
64.124.8.54 - - [24/Feb/2023:22:19:00 -0800] "GET /world/poland/jablo15.jpg HTTP/1.1" 200 70254 "-" "Mozilla/5.0 (Macintosh; Intel Mac OS X 10_15_7) AppleWebKit/537.36 (KHTML, like Gecko) Chrome/107.0.0.0 Safari/537.36" "ysfine.com"
173.252.83.18 - - [24/Feb/2023:22:19:01 -0800] "GET /ffriends/amkor/komos01c.jpg HTTP/1.1" 200 31682 "-" "facebookexternalhit/1.1 (+http://www.facebook.com/externalhit_uatext.php)" "ysfine.com"
216.244.66.229 - - [24/Feb/2023:22:19:31 -0800] "GET /world/hungary/buda071.jpg HTTP/1.1" 200 119681 "-" "Mozilla/5.0 (compatible; DotBot/1.2; +https://opensiteexplorer.org/dotbot; help@moz.com)" "ysfine.com"
64.124.8.53 - - [24/Feb/2023:22:19:41 -0800] "GET /ysbio/world/scandi/copen073.jpg HTTP/1.1" 404 88 "-" "Mozilla/5.0 (Macintosh; Intel Mac OS X 10_15_7) AppleWebKit/537.36 (KHTML, like Gecko) Chrome/107.0.0.0 Safari/537.36" "ysfine.com"
52.167.144.62 - - [24/Feb/2023:22:20:01 -0800] "GET /einstein/locoher88.jpg HTTP/1.1" 200 125299 "-" "Mozilla/5.0 AppleWebKit/537.36 (KHTML, like Gecko; compatible; bingbot/2.0; +http://www.bing.com/bingbot.htm) Chrome/103.0.5060.134 Safari/537.36" "ysfine.com"
207.46.13.223 - - [24/Feb/2023:22:20:16 -0800] "GET /awards/fortune22a.jpg HTTP/1.1" 200 158845 "-" "Mozilla/5.0 AppleWebKit/537.36 (KHTML, like Gecko; compatible; bingbot/2.0; +http://www.bing.com/bingbot.htm) Chrome/103.0.5060.134 Safari/537.36" "ysfine.com"
216.244.66.229 - - [24/Feb/2023:22:20:21 -0800] "GET /world/ital/rome010b.jpg HTTP/1.1" 200 47329 "-" "Mozilla/5.0 (compatible; DotBot/1.2; +https://opensiteexplorer.org/dotbot; help@moz.com)" "ysfine.com"
64.124.8.28 - - [24/Feb/2023:22:20:42 -0800] "GET /ffriends/jordan01.jpg HTTP/1.1" 200 101265 "-" "Mozilla/5.0 (Macintosh; Intel Mac OS X 10_15_7) AppleWebKit/537.36 (KHTML, like Gecko) Chrome/107.0.0.0 Safari/537.36" "ysfine.com"
216.244.66.229 - - [24/Feb/2023:22:20:54 -0800] "GET /world/ital/rome106.jpg HTTP/1.1" 200 58808 "-" "Mozilla/5.0 (compatible; DotBot/1.2; +https://opensiteexplorer.org/dotbot; help@moz.com)" "ysfine.com"
64.124.8.49 - - [24/Feb/2023:22:21:26 -0800] "GET /ysbio/world/russ/mosf36.jpg HTTP/1.1" 404 88 "-" "Mozilla/5.0 (Macintosh; Intel Mac OS X 10_15_7) AppleWebKit/537.36 (KHTML, like Gecko) Chrome/107.0.0.0 Safari/537.36" "www.ysfine.com"
52.167.144.62 - - [24/Feb/2023:22:21:32 -0800] "GET /bio/style/proschanie.html HTTP/1.1" 404 88 "-" "Mozilla/5.0 AppleWebKit/537.36 (KHTML, like Gecko; compatible; bingbot/2.0; +http://www.bing.com/bingbot.htm) Chrome/103.0.5060.134 Safari/537.36" "ysfine.com"
40.77.167.226 - - [24/Feb/2023:22:21:45 -0800] "GET /bio/style/artlove.html HTTP/1.1" 404 88 "-" "Mozilla/5.0 AppleWebKit/537.36 (KHTML, like Gecko; compatible; bingbot/2.0; +http://www.bing.com/bingbot.htm) Chrome/103.0.5060.134 Safari/537.36" "ysfine.com"
207.46.13.220 - - [24/Feb/2023:22:21:55 -0800] "GET /world/russ/kazan062b.jpg HTTP/1.1" 200 21196 "-" "Mozilla/5.0 AppleWebKit/537.36 (KHTML, like Gecko; compatible; bingbot/2.0; +http://www.bing.com/bingbot.htm) Chrome/103.0.5060.134 Safari/537.36" "www.ysfine.com"
64.124.8.48 - - [24/Feb/2023:22:22:07 -0800] "GET /world/baltic/russdull.jpg HTTP/1.1" 200 94002 "-" "Mozilla/5.0 (Macintosh; Intel Mac OS X 10_15_7) AppleWebKit/537.36 (KHTML, like Gecko) Chrome/107.0.0.0 Safari/537.36" "ysfine.com"
64.124.8.57 - - [24/Feb/2023:22:23:48 -0800] "GET /princeton/tilghman.jpg HTTP/1.1" 404 88 "-" "Mozilla/5.0 (Macintosh; Intel Mac OS X 10_15_7) AppleWebKit/537.36 (KHTML, like Gecko) Chrome/107.0.0.0 Safari/537.36" "ysfine.com"
40.77.167.226 - - [24/Feb/2023:22:24:23 -0800] "GET /world/russ/moschurch32.jpg HTTP/1.1" 200 92406 "-" "Mozilla/5.0 AppleWebKit/537.36 (KHTML, like Gecko; compatible; bingbot/2.0; +http://www.bing.com/bingbot.htm) Chrome/103.0.5060.134 Safari/537.36" "ysfine.com"
40.77.167.178 - - [24/Feb/2023:22:25:12 -0800] "GET /world/europe/zurif03.jpg HTTP/1.1" 200 144609 "-" "Mozilla/5.0 AppleWebKit/537.36 (KHTML, like Gecko; compatible; bingbot/2.0; +http://www.bing.com/bingbot.htm) Chrome/103.0.5060.134 Safari/537.36" "ysfine.com"
64.124.8.50 - - [24/Feb/2023:22:26:31 -0800] "GET /world/brit/dunf31.jpg HTTP/1.1" 200 92683 "-" "Mozilla/5.0 (Macintosh; Intel Mac OS X 10_15_7) AppleWebKit/537.36 (KHTML, like Gecko) Chrome/107.0.0.0 Safari/537.36" "www.ysfine.com"
207.46.13.223 - - [24/Feb/2023:22:26:47 -0800] "GET /world/hungary/hunstu07.jpg HTTP/1.1" 200 67677 "-" "Mozilla/5.0 AppleWebKit/537.36 (KHTML, like Gecko; compatible; bingbot/2.0; +http://www.bing.com/bingbot.htm) Chrome/103.0.5060.134 Safari/537.36" "ysfine.com"
64.124.8.49 - - [24/Feb/2023:22:27:13 -0800] "GET /people/sbtwein.jpg HTTP/1.1" 200 300207 "-" "Mozilla/5.0 (Macintosh; Intel Mac OS X 10_15_7) AppleWebKit/537.36 (KHTML, like Gecko) Chrome/107.0.0.0 Safari/537.36" "www.ysfine.com"
64.124.8.49 - - [24/Feb/2023:22:27:17 -0800] "GET /world/france/stras01.jpg HTTP/1.1" 200 136811 "-" "Mozilla/5.0 (Macintosh; Intel Mac OS X 10_15_7) AppleWebKit/537.36 (KHTML, like Gecko) Chrome/107.0.0.0 Safari/537.36" "www.ysfine.com"
64.124.8.48 - - [24/Feb/2023:22:27:19 -0800] "GET /world/poland/waw02.jpg HTTP/1.1" 200 93015 "-" "Mozilla/5.0 (Macintosh; Intel Mac OS X 10_15_7) AppleWebKit/537.36 (KHTML, like Gecko) Chrome/107.0.0.0 Safari/537.36" "ysfine.com"
173.252.83.7 - - [24/Feb/2023:22:27:35 -0800] "GET /world/france/nice102b.jpg HTTP/1.1" 200 25946 "-" "facebookexternalhit/1.1 (+http://www.facebook.com/externalhit_uatext.php)" "ysfine.com"
173.252.83.120 - - [24/Feb/2023:22:28:50 -0800] "GET /ffriends/aline/uae11c.jpg HTTP/1.1" 200 40238 "-" "facebookexternalhit/1.1 (+http://www.facebook.com/externalhit_uatext.php)" "ysfine.com"
173.252.83.1 - - [24/Feb/2023:22:29:22 -0800] "GET /home/1987pr22d.jpg HTTP/1.1" 200 66428 "-" "facebookexternalhit/1.1 (+http://www.facebook.com/externalhit_uatext.php)" "ysfine.com"
207.46.13.220 - - [24/Feb/2023:22:29:36 -0800] "GET /world/russ/mosmusic17.jpg HTTP/1.1" 200 119724 "-" "Mozilla/5.0 AppleWebKit/537.36 (KHTML, like Gecko; compatible; bingbot/2.0; +http://www.bing.com/bingbot.htm) Chrome/103.0.5060.134 Safari/537.36" "ysfine.com"
40.77.167.178 - - [24/Feb/2023:22:29:53 -0800] "GET /bio/philo/marx.html HTTP/1.1" 404 88 "-" "Mozilla/5.0 AppleWebKit/537.36 (KHTML, like Gecko; compatible; bingbot/2.0; +http://www.bing.com/bingbot.htm) Chrome/103.0.5060.134 Safari/537.36" "ysfine.com"
173.252.83.21 - - [24/Feb/2023:22:30:21 -0800] "GET /ffriends/india01b.jpg HTTP/1.1" 200 44935 "-" "facebookexternalhit/1.1 (+http://www.facebook.com/externalhit_uatext.php)" "ysfine.com"
64.124.8.49 - - [24/Feb/2023:22:30:35 -0800] "GET /world/germany/vienna12.jpg HTTP/1.1" 200 102202 "-" "Mozilla/5.0 (Macintosh; Intel Mac OS X 10_15_7) AppleWebKit/537.36 (KHTML, like Gecko) Chrome/107.0.0.0 Safari/537.36" "www.ysfine.com"
5.188.210.97 - - [24/Feb/2023:22:31:34 -0800] "GET /world/visas.html HTTP/1.1" 200 7643 "https://www.ysfine.com/world/visas.html" "Mozilla/5.0 (Windows NT 10.0) AppleWebKit/537.36 (KHTML, like Gecko) Chrome/90.0.4430.85 Safari/537.36 Edg/90.0.818.46" "www.ysfine.com"
64.124.8.50 - - [24/Feb/2023:22:31:43 -0800] "GET /world/ital/termini07.jpg HTTP/1.1" 200 111393 "-" "Mozilla/5.0 (Macintosh; Intel Mac OS X 10_15_7) AppleWebKit/537.36 (KHTML, like Gecko) Chrome/107.0.0.0 Safari/537.36" "www.ysfine.com"
64.124.8.54 - - [24/Feb/2023:22:32:06 -0800] "GET /style/musee/louvre01.jpg HTTP/1.1" 200 88323 "-" "Mozilla/5.0 (Macintosh; Intel Mac OS X 10_15_7) AppleWebKit/537.36 (KHTML, like Gecko) Chrome/107.0.0.0 Safari/537.36" "www.ysfine.com"
207.46.13.219 - - [24/Feb/2023:22:32:21 -0800] "GET /wdc/reagan33.jpg HTTP/1.1" 200 69130 "-" "Mozilla/5.0 AppleWebKit/537.36 (KHTML, like Gecko; compatible; bingbot/2.0; +http://www.bing.com/bingbot.htm) Chrome/103.0.5060.134 Safari/537.36" "ysfine.com"
64.124.8.55 - - [24/Feb/2023:22:32:30 -0800] "GET /ysbio/world/poland/jablo13.jpg HTTP/1.1" 404 88 "-" "Mozilla/5.0 (Macintosh; Intel Mac OS X 10_15_7) AppleWebKit/537.36 (KHTML, like Gecko) Chrome/107.0.0.0 Safari/537.36" "ysfine.com"
40.77.167.226 - - [24/Feb/2023:22:32:33 -0800] "GET /usca/norl/bour15.jpg HTTP/1.1" 200 92912 "-" "Mozilla/5.0 AppleWebKit/537.36 (KHTML, like Gecko; compatible; bingbot/2.0; +http://www.bing.com/bingbot.htm) Chrome/103.0.5060.134 Safari/537.36" "ysfine.com"
64.124.8.48 - - [24/Feb/2023:22:32:40 -0800] "GET /world/hungary/eoto04.jpg HTTP/1.1" 200 157453 "-" "Mozilla/5.0 (Macintosh; Intel Mac OS X 10_15_7) AppleWebKit/537.36 (KHTML, like Gecko) Chrome/107.0.0.0 Safari/537.36" "www.ysfine.com"
40.77.167.226 - - [24/Feb/2023:22:33:14 -0800] "GET /einstein/places/einmu07.jpg HTTP/1.1" 200 90443 "-" "Mozilla/5.0 AppleWebKit/537.36 (KHTML, like Gecko; compatible; bingbot/2.0; +http://www.bing.com/bingbot.htm) Chrome/103.0.5060.134 Safari/537.36" "ysfine.com"
54.236.1.13 - - [24/Feb/2023:22:33:22 -0800] "GET /robots.txt HTTP/1.1" 404 88 "-" "Mozilla/5.0 (compatible; Pinterestbot/1.0; +http://www.pinterest.com/bot.html)" "ysfine.com"
54.236.1.13 - - [24/Feb/2023:22:33:22 -0800] "GET /maga/histo/desiree22.jpg HTTP/1.1" 200 113561 "-" "Mozilla/5.0 (compatible; Pinterestbot/1.0; +http://www.pinterest.com/bot.html)" "ysfine.com"
64.124.8.55 - - [24/Feb/2023:22:33:47 -0800] "GET /kobak/kimjap11.jpg HTTP/1.1" 200 114962 "-" "Mozilla/5.0 (Macintosh; Intel Mac OS X 10_15_7) AppleWebKit/537.36 (KHTML, like Gecko) Chrome/107.0.0.0 Safari/537.36" "www.ysfine.com"
40.77.167.226 - - [24/Feb/2023:22:34:04 -0800] "GET /world/scandi/copen057b.jpg HTTP/1.1" 200 42917 "-" "Mozilla/5.0 AppleWebKit/537.36 (KHTML, like Gecko; compatible; bingbot/2.0; +http://www.bing.com/bingbot.htm) Chrome/103.0.5060.134 Safari/537.36" "ysfine.com"
64.124.8.55 - - [24/Feb/2023:22:34:05 -0800] "GET /kobak/sonja.jpg HTTP/1.1" 200 46801 "-" "Mozilla/5.0 (Macintosh; Intel Mac OS X 10_15_7) AppleWebKit/537.36 (KHTML, like Gecko) Chrome/107.0.0.0 Safari/537.36" "ysfine.com"
207.46.13.223 - - [24/Feb/2023:22:34:19 -0800] "GET /maga/home/onephys.html HTTP/1.1" 404 88 "-" "Mozilla/5.0 AppleWebKit/537.36 (KHTML, like Gecko; compatible; bingbot/2.0; +http://www.bing.com/bingbot.htm) Chrome/103.0.5060.134 Safari/537.36" "www.ysfine.com"
64.124.8.49 - - [24/Feb/2023:22:34:24 -0800] "GET /world/russ/minskf36.jpg HTTP/1.1" 200 98032 "-" "Mozilla/5.0 (Macintosh; Intel Mac OS X 10_15_7) AppleWebKit/537.36 (KHTML, like Gecko) Chrome/107.0.0.0 Safari/537.36" "ysfine.com"
207.46.13.220 - - [24/Feb/2023:22:35:16 -0800] "GET /world/russ/krem04.jpg HTTP/1.1" 200 96851 "-" "Mozilla/5.0 AppleWebKit/537.36 (KHTML, like Gecko; compatible; bingbot/2.0; +http://www.bing.com/bingbot.htm) Chrome/103.0.5060.134 Safari/537.36" "ysfine.com"
64.124.8.55 - - [24/Feb/2023:22:35:26 -0800] "GET /ysbio/world/russ/kiev033.jpg HTTP/1.1" 404 88 "-" "Mozilla/5.0 (Macintosh; Intel Mac OS X 10_15_7) AppleWebKit/537.36 (KHTML, like Gecko) Chrome/107.0.0.0 Safari/537.36" "www.ysfine.com"
64.124.8.53 - - [24/Feb/2023:22:35:43 -0800] "GET /world/poland/hcross05.jpg HTTP/1.1" 200 138355 "-" "Mozilla/5.0 (Macintosh; Intel Mac OS X 10_15_7) AppleWebKit/537.36 (KHTML, like Gecko) Chrome/107.0.0.0 Safari/537.36" "www.ysfine.com"
64.124.8.50 - - [24/Feb/2023:22:36:31 -0800] "GET /world/china/dalian38.jpg HTTP/1.1" 200 59038 "-" "Mozilla/5.0 (Macintosh; Intel Mac OS X 10_15_7) AppleWebKit/537.36 (KHTML, like Gecko) Chrome/107.0.0.0 Safari/537.36" "ysfine.com"
64.124.8.55 - - [24/Feb/2023:22:36:49 -0800] "GET /einstein/places/einmu16.jpg HTTP/1.1" 200 68273 "-" "Mozilla/5.0 (Macintosh; Intel Mac OS X 10_15_7) AppleWebKit/537.36 (KHTML, like Gecko) Chrome/107.0.0.0 Safari/537.36" "www.ysfine.com"
207.46.13.219 - - [24/Feb/2023:22:37:24 -0800] "GET /class54/acs/cafe33.jpg HTTP/1.1" 200 222016 "-" "Mozilla/5.0 AppleWebKit/537.36 (KHTML, like Gecko; compatible; bingbot/2.0; +http://www.bing.com/bingbot.htm) Chrome/103.0.5060.134 Safari/537.36" "www.ysfine.com"
172.174.131.246 - - [24/Feb/2023:22:38:15 -0800] "POST / HTTP/1.1" 200 5295 "-" "Mozilla/5.0 (X11; Linux x86_64) AppleWebKit/537.36 (KHTML, like Gecko) Chrome/81.0.4044.129 Safari/537.36" "www.ysfine.com"
64.124.8.54 - - [24/Feb/2023:22:38:33 -0800] "GET /ysbio/further22.jpg HTTP/1.1" 404 88 "-" "Mozilla/5.0 (Macintosh; Intel Mac OS X 10_15_7) AppleWebKit/537.36 (KHTML, like Gecko) Chrome/107.0.0.0 Safari/537.36" "www.ysfine.com"
213.180.203.178 - - [24/Feb/2023:22:39:03 -0800] "GET /maga/phys/schrod03.jpg HTTP/1.1" 200 184623 "-" "Mozilla/5.0 (compatible; YandexImages/3.0; +http://yandex.com/bots)" "www.ysfine.com"
95.108.213.156 - - [24/Feb/2023:22:39:03 -0800] "GET /maga/phys/schrod07.jpg HTTP/1.1" 200 83845 "-" "Mozilla/5.0 (compatible; YandexImages/3.0; +http://yandex.com/bots)" "www.ysfine.com"
64.124.8.50 - - [24/Feb/2023:22:39:33 -0800] "GET /world/russ/kiev013.jpg HTTP/1.1" 200 78058 "-" "Mozilla/5.0 (Macintosh; Intel Mac OS X 10_15_7) AppleWebKit/537.36 (KHTML, like Gecko) Chrome/107.0.0.0 Safari/537.36" "ysfine.com"
40.77.167.178 - - [24/Feb/2023:22:39:34 -0800] "GET /world/scandi/sto033.jpg HTTP/1.1" 200 83103 "-" "Mozilla/5.0 AppleWebKit/537.36 (KHTML, like Gecko; compatible; bingbot/2.0; +http://www.bing.com/bingbot.htm) Chrome/103.0.5060.134 Safari/537.36" "ysfine.com"
207.46.13.223 - - [24/Feb/2023:22:39:38 -0800] "GET /beau/britvegas01.jpg HTTP/1.1" 404 88 "-" "Mozilla/5.0 AppleWebKit/537.36 (KHTML, like Gecko; compatible; bingbot/2.0; +http://www.bing.com/bingbot.htm) Chrome/103.0.5060.134 Safari/537.36" "ysfine.com"
64.124.8.49 - - [24/Feb/2023:22:39:48 -0800] "GET /world/brit/harrow06.jpg HTTP/1.1" 200 130044 "-" "Mozilla/5.0 (Macintosh; Intel Mac OS X 10_15_7) AppleWebKit/537.36 (KHTML, like Gecko) Chrome/107.0.0.0 Safari/537.36" "ysfine.com"
216.244.66.229 - - [24/Feb/2023:22:39:59 -0800] "GET /robots.txt HTTP/1.1" 404 73 "-" "Mozilla/5.0 (compatible; DotBot/1.2; +https://opensiteexplorer.org/dotbot; help@moz.com)" "ysfine.com"
216.244.66.229 - - [24/Feb/2023:22:39:59 -0800] "GET /robots.txt HTTP/1.1" 404 73 "-" "Mozilla/5.0 (compatible; DotBot/1.2; +https://opensiteexplorer.org/dotbot; help@moz.com)" "www.ysfine.com"
