216.244.66.229 - - [25/Feb/2023:04:20:10 -0800] "GET /einstein/dirfeyn55.jpg HTTP/1.1" 200 154122 "-" "Mozilla/5.0 (compatible; DotBot/1.2; +https://opensiteexplorer.org/dotbot; help@moz.com)" "www.ysfine.com"
64.124.8.54 - - [25/Feb/2023:04:20:24 -0800] "GET /eink/eink51.jpg HTTP/1.1" 200 144868 "-" "Mozilla/5.0 (Macintosh; Intel Mac OS X 10_15_7) AppleWebKit/537.36 (KHTML, like Gecko) Chrome/107.0.0.0 Safari/537.36" "ysfine.com"
64.124.8.57 - - [25/Feb/2023:04:20:24 -0800] "GET /world/germany/benz09.jpg HTTP/1.1" 200 82682 "-" "Mozilla/5.0 (Macintosh; Intel Mac OS X 10_15_7) AppleWebKit/537.36 (KHTML, like Gecko) Chrome/107.0.0.0 Safari/537.36" "www.ysfine.com"
64.124.8.28 - - [25/Feb/2023:04:20:39 -0800] "GET /ysbio/world/ital/flor095.jpg HTTP/1.1" 404 88 "-" "Mozilla/5.0 (Macintosh; Intel Mac OS X 10_15_7) AppleWebKit/537.36 (KHTML, like Gecko) Chrome/107.0.0.0 Safari/537.36" "ysfine.com"
64.124.8.48 - - [25/Feb/2023:04:20:42 -0800] "GET /sbk/2012metz11.jpg HTTP/1.1" 200 106792 "-" "Mozilla/5.0 (Macintosh; Intel Mac OS X 10_15_7) AppleWebKit/537.36 (KHTML, like Gecko) Chrome/107.0.0.0 Safari/537.36" "ysfine.com"
31.2.147.97 - - [25/Feb/2023:04:20:49 -0800] "GET / HTTP/1.1" 200 5300 "-" "Mozilla/5.0 (X11; Linux x86_64) AppleWebKit/537.36 (KHTML, like Gecko) Chrome/45.0.2454.85 Safari/537.36" "ysfine.com"
91.133.163.102 - - [25/Feb/2023:04:20:49 -0800] "GET /robots.txt HTTP/1.1" 404 88 "-" "Mozilla/5.0 (X11; Linux x86_64) AppleWebKit/537.36 (KHTML, like Gecko) Chrome/42.0.2311.135 Safari/537.36" "ysfine.com"
216.244.66.229 - - [25/Feb/2023:04:20:53 -0800] "GET /newyork/colum21.jpg HTTP/1.1" 200 140771 "-" "Mozilla/5.0 (compatible; DotBot/1.2; +https://opensiteexplorer.org/dotbot; help@moz.com)" "www.ysfine.com"
64.124.8.52 - - [25/Feb/2023:04:21:00 -0800] "GET /ysbio/world/brit/harrow13.jpg HTTP/1.1" 404 88 "-" "Mozilla/5.0 (Macintosh; Intel Mac OS X 10_15_7) AppleWebKit/537.36 (KHTML, like Gecko) Chrome/107.0.0.0 Safari/537.36" "ysfine.com"
173.252.83.117 - - [25/Feb/2023:04:21:27 -0800] "GET /awards/timeline11f.jpg HTTP/1.1" 200 169039 "-" "facebookexternalhit/1.1 (+http://www.facebook.com/externalhit_uatext.php)" "ysfine.com"
216.244.66.229 - - [25/Feb/2023:04:21:43 -0800] "GET /remote/wigner111/frame24.html HTTP/1.1" 200 1414 "-" "Mozilla/5.0 (compatible; DotBot/1.2; +https://opensiteexplorer.org/dotbot; help@moz.com)" "www.ysfine.com"
216.244.66.229 - - [25/Feb/2023:04:22:13 -0800] "GET /sbk/2009olom11.jpg HTTP/1.1" 200 233567 "-" "Mozilla/5.0 (compatible; DotBot/1.2; +https://opensiteexplorer.org/dotbot; help@moz.com)" "www.ysfine.com"
87.250.224.239 - - [25/Feb/2023:04:22:14 -0800] "GET /newyork/waldorf04c.jpg HTTP/1.1" 200 45307 "-" "Mozilla/5.0 (compatible; YandexImages/3.0; +http://yandex.com/bots)" "www.ysfine.com"
173.252.83.15 - - [25/Feb/2023:04:22:32 -0800] "GET /world/balkan/athf07b.jpg HTTP/1.1" 200 54094 "-" "facebookexternalhit/1.1 (+http://www.facebook.com/externalhit_uatext.php)" "ysfine.com"
207.46.13.219 - - [25/Feb/2023:04:22:40 -0800] "GET /dirac/dirac44.jpg HTTP/1.1" 200 73817 "-" "Mozilla/5.0 AppleWebKit/537.36 (KHTML, like Gecko; compatible; bingbot/2.0; +http://www.bing.com/bingbot.htm) Chrome/103.0.5060.134 Safari/537.36" "ysfine.com"
207.46.13.219 - - [25/Feb/2023:04:22:41 -0800] "GET /dirac/diracqm11.jpg HTTP/1.1" 200 153577 "-" "Mozilla/5.0 AppleWebKit/537.36 (KHTML, like Gecko; compatible; bingbot/2.0; +http://www.bing.com/bingbot.htm) Chrome/103.0.5060.134 Safari/537.36" "ysfine.com"
216.244.66.229 - - [25/Feb/2023:04:23:04 -0800] "GET /fotos/lincoln61.jpg HTTP/1.1" 200 126951 "-" "Mozilla/5.0 (compatible; DotBot/1.2; +https://opensiteexplorer.org/dotbot; help@moz.com)" "ysfine.com"
91.133.180.177 - - [25/Feb/2023:04:23:16 -0800] "GET /robots.txt HTTP/1.1" 404 88 "-" "Mozilla/5.0 (X11; Linux x86_64; U; en-us) AppleWebKit/537.36 (KHTML, like Gecko) Silk/3.68 like Chrome/39.0.2171.93 Safari/537.36" "ysfine.com"
91.133.164.151 - - [25/Feb/2023:04:23:16 -0800] "GET / HTTP/1.1" 200 5300 "-" "Mozilla/5.0 (Linux; Android 5.0.2; SAMSUNG SM-T800 Build/LRX22G) AppleWebKit/537.36 (KHTML, like Gecko) SamsungBrowser/3.0 Chrome/38.0.2125.102 Safari/537.36" "ysfine.com"
52.167.144.35 - - [25/Feb/2023:04:24:14 -0800] "GET /bio/kobak/yskor.html HTTP/1.1" 404 88 "-" "Mozilla/5.0 AppleWebKit/537.36 (KHTML, like Gecko; compatible; bingbot/2.0; +http://www.bing.com/bingbot.htm) Chrome/103.0.5060.134 Safari/537.36" "ysfine.com"
217.65.124.253 - - [25/Feb/2023:04:24:15 -0800] "GET /wigner/gim/class21.jpg HTTP/1.1" 200 114627 "https://www.bing.com/" "Mozilla/5.0 (Windows NT 10.0; Win64; x64) AppleWebKit/537.36 (KHTML, like Gecko) Chrome/110.0.0.0 Safari/537.36 Edg/110.0.1587.50" "www.ysfine.com"
207.46.13.219 - - [25/Feb/2023:04:24:49 -0800] "GET /newyork/guggen55.jpg HTTP/1.1" 200 133979 "-" "Mozilla/5.0 AppleWebKit/537.36 (KHTML, like Gecko; compatible; bingbot/2.0; +http://www.bing.com/bingbot.htm) Chrome/103.0.5060.134 Safari/537.36" "www.ysfine.com"
52.167.144.35 - - [25/Feb/2023:04:25:03 -0800] "GET /world/ital/rome048.jpg HTTP/1.1" 200 93692 "-" "Mozilla/5.0 AppleWebKit/537.36 (KHTML, like Gecko; compatible; bingbot/2.0; +http://www.bing.com/bingbot.htm) Chrome/103.0.5060.134 Safari/537.36" "ysfine.com"
173.252.83.17 - - [25/Feb/2023:04:25:15 -0800] "GET /kobak/sl628b.jpg HTTP/1.1" 200 30239 "-" "facebookexternalhit/1.1 (+http://www.facebook.com/externalhit_uatext.php)" "ysfine.com"
64.124.8.54 - - [25/Feb/2023:04:25:33 -0800] "GET /ysbio/world/latina/rio015.jpg HTTP/1.1" 404 88 "-" "Mozilla/5.0 (Macintosh; Intel Mac OS X 10_15_7) AppleWebKit/537.36 (KHTML, like Gecko) Chrome/107.0.0.0 Safari/537.36" "www.ysfine.com"
52.167.144.62 - - [25/Feb/2023:04:25:35 -0800] "GET /world/france/stras01.jpg HTTP/1.1" 200 136811 "-" "Mozilla/5.0 AppleWebKit/537.36 (KHTML, like Gecko; compatible; bingbot/2.0; +http://www.bing.com/bingbot.htm) Chrome/103.0.5060.134 Safari/537.36" "ysfine.com"
64.124.8.57 - - [25/Feb/2023:04:26:56 -0800] "GET /ysbio/world/israel/jeru16.jpg HTTP/1.1" 404 88 "-" "Mozilla/5.0 (Macintosh; Intel Mac OS X 10_15_7) AppleWebKit/537.36 (KHTML, like Gecko) Chrome/107.0.0.0 Safari/537.36" "www.ysfine.com"
64.124.8.57 - - [25/Feb/2023:04:26:56 -0800] "GET /ffriends/daria01.jpg HTTP/1.1" 404 88 "-" "Mozilla/5.0 (Macintosh; Intel Mac OS X 10_15_7) AppleWebKit/537.36 (KHTML, like Gecko) Chrome/107.0.0.0 Safari/537.36" "ysfine.com"
187.180.184.246 - - [25/Feb/2023:04:27:20 -0800] "GET /wigner/neum/vnc01.jpg HTTP/1.1" 200 133641 "https://www.google.com/" "Mozilla/5.0 (Windows NT 10.0; Win64; x64) AppleWebKit/537.36 (KHTML, like Gecko) Chrome/109.0.0.0 Safari/537.36" "ysfine.com"
40.77.167.178 - - [25/Feb/2023:04:27:33 -0800] "GET /world/brit/kensington03.jpg HTTP/1.1" 200 75103 "-" "Mozilla/5.0 AppleWebKit/537.36 (KHTML, like Gecko; compatible; bingbot/2.0; +http://www.bing.com/bingbot.htm) Chrome/103.0.5060.134 Safari/537.36" "ysfine.com"
64.124.8.54 - - [25/Feb/2023:04:27:38 -0800] "GET /einstein/places/ulm27.jpg HTTP/1.1" 200 81790 "-" "Mozilla/5.0 (Macintosh; Intel Mac OS X 10_15_7) AppleWebKit/537.36 (KHTML, like Gecko) Chrome/107.0.0.0 Safari/537.36" "ysfine.com"
64.124.8.53 - - [25/Feb/2023:04:27:40 -0800] "GET /world/ital/repub12.jpg HTTP/1.1" 200 108538 "-" "Mozilla/5.0 (Macintosh; Intel Mac OS X 10_15_7) AppleWebKit/537.36 (KHTML, like Gecko) Chrome/107.0.0.0 Safari/537.36" "ysfine.com"
64.124.8.57 - - [25/Feb/2023:04:28:48 -0800] "GET /wdc/waskor007.jpg HTTP/1.1" 200 63224 "-" "Mozilla/5.0 (Macintosh; Intel Mac OS X 10_15_7) AppleWebKit/537.36 (KHTML, like Gecko) Chrome/107.0.0.0 Safari/537.36" "ysfine.com"
91.133.170.230 - - [25/Feb/2023:04:29:06 -0800] "GET / HTTP/1.1" 200 5300 "-" "Mozilla/5.0 (iPod; U; CPU iPhone OS 4_2_1 like Mac OS X; he-il) AppleWebKit/533.17.9 (KHTML, like Gecko) Version/5.0.2 Mobile/8C148 Safari/6533.18.5" "ysfine.com"
91.133.189.90 - - [25/Feb/2023:04:29:07 -0800] "GET /robots.txt HTTP/1.1" 404 88 "-" "Mozilla/5.0 (Windows; U;) AppleWebKit/532.0 (KHTML, like Gecko) Iron" "ysfine.com"
64.124.8.54 - - [25/Feb/2023:04:29:10 -0800] "GET /ysbio/world/baltic/kalin09.jpg HTTP/1.1" 404 88 "-" "Mozilla/5.0 (Macintosh; Intel Mac OS X 10_15_7) AppleWebKit/537.36 (KHTML, like Gecko) Chrome/107.0.0.0 Safari/537.36" "ysfine.com"
64.124.8.29 - - [25/Feb/2023:04:30:15 -0800] "GET /world/russ/kazan004.jpg HTTP/1.1" 200 120550 "-" "Mozilla/5.0 (Macintosh; Intel Mac OS X 10_15_7) AppleWebKit/537.36 (KHTML, like Gecko) Chrome/107.0.0.0 Safari/537.36" "www.ysfine.com"
173.252.83.120 - - [25/Feb/2023:04:30:15 -0800] "GET /figs/waskor042d.jpg HTTP/1.1" 200 43502 "-" "facebookexternalhit/1.1 (+http://www.facebook.com/externalhit_uatext.php)" "ysfine.com"
207.46.13.223 - - [25/Feb/2023:04:30:30 -0800] "GET /world/hungary/eoto01.jpg HTTP/1.1" 200 110993 "-" "Mozilla/5.0 AppleWebKit/537.36 (KHTML, like Gecko; compatible; bingbot/2.0; +http://www.bing.com/bingbot.htm) Chrome/103.0.5060.134 Safari/537.36" "www.ysfine.com"
64.124.8.55 - - [25/Feb/2023:04:31:22 -0800] "GET /usca/pitt/knee33.jpg HTTP/1.1" 200 73465 "-" "Mozilla/5.0 (Macintosh; Intel Mac OS X 10_15_7) AppleWebKit/537.36 (KHTML, like Gecko) Chrome/107.0.0.0 Safari/537.36" "ysfine.com"
207.46.13.223 - - [25/Feb/2023:04:32:00 -0800] "GET /sakura06.jpg HTTP/1.1" 404 88 "-" "Mozilla/5.0 AppleWebKit/537.36 (KHTML, like Gecko; compatible; bingbot/2.0; +http://www.bing.com/bingbot.htm) Chrome/103.0.5060.134 Safari/537.36" "ysfine.com"
64.124.8.28 - - [25/Feb/2023:04:32:45 -0800] "GET /ysbio/world/france/sartsq07.jpg HTTP/1.1" 404 88 "-" "Mozilla/5.0 (Macintosh; Intel Mac OS X 10_15_7) AppleWebKit/537.36 (KHTML, like Gecko) Chrome/107.0.0.0 Safari/537.36" "ysfine.com"
64.124.8.28 - - [25/Feb/2023:04:32:54 -0800] "GET /maga/invent/kdka2.jpg HTTP/1.1" 200 39453 "-" "Mozilla/5.0 (Macintosh; Intel Mac OS X 10_15_7) AppleWebKit/537.36 (KHTML, like Gecko) Chrome/107.0.0.0 Safari/537.36" "ysfine.com"
52.167.144.35 - - [25/Feb/2023:04:33:04 -0800] "GET /saram/g103.jpg HTTP/1.1" 200 173057 "-" "Mozilla/5.0 AppleWebKit/537.36 (KHTML, like Gecko; compatible; bingbot/2.0; +http://www.bing.com/bingbot.htm) Chrome/103.0.5060.134 Safari/537.36" "www.ysfine.com"
64.124.8.55 - - [25/Feb/2023:04:33:06 -0800] "GET /maga/phys/naimar/pewk08.jpg HTTP/1.1" 200 110253 "-" "Mozilla/5.0 (Macintosh; Intel Mac OS X 10_15_7) AppleWebKit/537.36 (KHTML, like Gecko) Chrome/107.0.0.0 Safari/537.36" "www.ysfine.com"
35.234.166.45 - - [25/Feb/2023:04:34:19 -0800] "GET /kobak/sl628.jpg HTTP/1.1" 200 225100 "-" "Mozilla/5.0 (Windows NT 10.0; Win64; x64) AppleWebKit/537.36 (KHTML, like Gecko) Chrome/78.0.3904.108 Safari/537.36" "ysfine.com"
64.124.8.29 - - [25/Feb/2023:04:34:23 -0800] "GET /einstein/places/bern02.jpg HTTP/1.1" 200 75206 "-" "Mozilla/5.0 (Macintosh; Intel Mac OS X 10_15_7) AppleWebKit/537.36 (KHTML, like Gecko) Chrome/107.0.0.0 Safari/537.36" "www.ysfine.com"
91.133.135.110 - - [25/Feb/2023:04:35:06 -0800] "GET / HTTP/1.1" 200 5300 "-" "Mozilla/5.0 (Linux; Android 5.0.1; SAMSUNG-SGH-I337 Build/LRX22C) AppleWebKit/537.36 (KHTML, like Gecko) SamsungBrowser/2.1 Chrome/34.0.1847.76 Mobile Safari/537.36" "ysfine.com"
5.210.126.146 - - [25/Feb/2023:04:35:06 -0800] "GET /robots.txt HTTP/1.1" 404 88 "-" "Mozilla/5.0 (Linux; Android 4.2.2; Le Pan TC802A Build/JDQ39) AppleWebKit/537.36 (KHTML, like Gecko) Chrome/45.0.2454.84 Safari/537.36" "ysfine.com"
64.124.8.57 - - [25/Feb/2023:04:35:30 -0800] "GET /world/scandi/sto023.jpg HTTP/1.1" 200 98250 "-" "Mozilla/5.0 (Macintosh; Intel Mac OS X 10_15_7) AppleWebKit/537.36 (KHTML, like Gecko) Chrome/107.0.0.0 Safari/537.36" "www.ysfine.com"
52.167.144.62 - - [25/Feb/2023:04:35:35 -0800] "GET /ysbio/ys5458.jpg HTTP/1.1" 404 88 "-" "Mozilla/5.0 AppleWebKit/537.36 (KHTML, like Gecko; compatible; bingbot/2.0; +http://www.bing.com/bingbot.htm) Chrome/103.0.5060.134 Safari/537.36" "www.ysfine.com"
52.167.144.62 - - [25/Feb/2023:04:35:36 -0800] "GET /bio/style/proschanie.html HTTP/1.1" 404 88 "-" "Mozilla/5.0 AppleWebKit/537.36 (KHTML, like Gecko; compatible; bingbot/2.0; +http://www.bing.com/bingbot.htm) Chrome/103.0.5060.134 Safari/537.36" "ysfine.com"
207.46.13.223 - - [25/Feb/2023:04:35:41 -0800] "GET /maga/phil/trinity01.jpg HTTP/1.1" 200 111374 "-" "Mozilla/5.0 AppleWebKit/537.36 (KHTML, like Gecko; compatible; bingbot/2.0; +http://www.bing.com/bingbot.htm) Chrome/103.0.5060.134 Safari/537.36" "www.ysfine.com"
86.97.51.179 - - [25/Feb/2023:04:35:50 -0800] "GET /philo/marxlon01.jpg HTTP/1.1" 200 263404 "https://www.google.com/" "Mozilla/5.0 (Linux; Android 11; SM-T295 Build/RP1A.200720.012; wv) AppleWebKit/537.36 (KHTML, like Gecko) Version/4.0 Chrome/110.0.5481.65 Safari/537.36 GoogleApp/14.6.11.26.arm64" "ysfine.com"
207.46.13.220 - - [25/Feb/2023:04:36:10 -0800] "GET /world/ital/verona18.jpg HTTP/1.1" 200 90809 "-" "Mozilla/5.0 AppleWebKit/537.36 (KHTML, like Gecko; compatible; bingbot/2.0; +http://www.bing.com/bingbot.htm) Chrome/103.0.5060.134 Safari/537.36" "www.ysfine.com"
40.77.167.178 - - [25/Feb/2023:04:36:35 -0800] "GET /world/scandi/copen064.jpg HTTP/1.1" 200 124387 "-" "Mozilla/5.0 AppleWebKit/537.36 (KHTML, like Gecko; compatible; bingbot/2.0; +http://www.bing.com/bingbot.htm) Chrome/103.0.5060.134 Safari/537.36" "ysfine.com"
207.46.13.223 - - [25/Feb/2023:04:37:31 -0800] "GET /ysbio/folks/congo01c.jpg HTTP/1.1" 404 88 "-" "Mozilla/5.0 AppleWebKit/537.36 (KHTML, like Gecko; compatible; bingbot/2.0; +http://www.bing.com/bingbot.htm) Chrome/103.0.5060.134 Safari/537.36" "ysfine.com"
87.250.224.239 - - [25/Feb/2023:04:37:54 -0800] "GET /world/germany/mucu05.jpg HTTP/1.1" 200 66694 "-" "Mozilla/5.0 (compatible; YandexImages/3.0; +http://yandex.com/bots)" "www.ysfine.com"
64.124.8.49 - - [25/Feb/2023:04:39:02 -0800] "GET /world/russ/minskf42.jpg HTTP/1.1" 200 100299 "-" "Mozilla/5.0 (Macintosh; Intel Mac OS X 10_15_7) AppleWebKit/537.36 (KHTML, like Gecko) Chrome/107.0.0.0 Safari/537.36" "ysfine.com"
64.124.8.57 - - [25/Feb/2023:04:39:02 -0800] "GET /style/musee/orsaym02.jpg HTTP/1.1" 200 100718 "-" "Mozilla/5.0 (Macintosh; Intel Mac OS X 10_15_7) AppleWebKit/537.36 (KHTML, like Gecko) Chrome/107.0.0.0 Safari/537.36" "ysfine.com"
40.77.167.178 - - [25/Feb/2023:04:39:04 -0800] "GET /maga/phys/inclined22.jpg HTTP/1.1" 200 49333 "-" "Mozilla/5.0 AppleWebKit/537.36 (KHTML, like Gecko; compatible; bingbot/2.0; +http://www.bing.com/bingbot.htm) Chrome/103.0.5060.134 Safari/537.36" "ysfine.com"
64.124.8.57 - - [25/Feb/2023:04:40:20 -0800] "GET /world/baltic/riga55.jpg HTTP/1.1" 200 78963 "-" "Mozilla/5.0 (Macintosh; Intel Mac OS X 10_15_7) AppleWebKit/537.36 (KHTML, like Gecko) Chrome/107.0.0.0 Safari/537.36" "www.ysfine.com"
207.46.13.223 - - [25/Feb/2023:04:40:40 -0800] "GET /world/china/dalian58.jpg HTTP/1.1" 200 54807 "-" "Mozilla/5.0 AppleWebKit/537.36 (KHTML, like Gecko; compatible; bingbot/2.0; +http://www.bing.com/bingbot.htm) Chrome/103.0.5060.134 Safari/537.36" "ysfine.com"
51.222.253.10 - - [25/Feb/2023:04:40:46 -0800] "GET /world/china11.html HTTP/1.1" 200 24682 "-" "Mozilla/5.0 (compatible; AhrefsBot/7.0; +http://ahrefs.com/robot/)" "www.ysfine.com"
51.222.253.20 - - [25/Feb/2023:04:40:49 -0800] "GET /world/china/china103b.jpg HTTP/1.1" 200 39321 "-" "Mozilla/5.0 (compatible; AhrefsBot/7.0; +http://ahrefs.com/robot/)" "www.ysfine.com"
51.222.253.11 - - [25/Feb/2023:04:40:50 -0800] "GET /world/china/beijing061b.jpg HTTP/1.1" 200 26988 "-" "Mozilla/5.0 (compatible; AhrefsBot/7.0; +http://ahrefs.com/robot/)" "www.ysfine.com"
51.222.253.9 - - [25/Feb/2023:04:40:50 -0800] "GET /world/china/xian02b.jpg HTTP/1.1" 200 29745 "-" "Mozilla/5.0 (compatible; AhrefsBot/7.0; +http://ahrefs.com/robot/)" "www.ysfine.com"
51.222.253.15 - - [25/Feb/2023:04:40:51 -0800] "GET /world/china/china029b.jpg HTTP/1.1" 200 35380 "-" "Mozilla/5.0 (compatible; AhrefsBot/7.0; +http://ahrefs.com/robot/)" "www.ysfine.com"
51.222.253.1 - - [25/Feb/2023:04:40:51 -0800] "GET /world/china/nanjing33b.jpg HTTP/1.1" 200 49824 "-" "Mozilla/5.0 (compatible; AhrefsBot/7.0; +http://ahrefs.com/robot/)" "www.ysfine.com"
51.222.253.20 - - [25/Feb/2023:04:40:51 -0800] "GET /world/china/xian09b.jpg HTTP/1.1" 200 40511 "-" "Mozilla/5.0 (compatible; AhrefsBot/7.0; +http://ahrefs.com/robot/)" "www.ysfine.com"
51.222.253.3 - - [25/Feb/2023:04:40:52 -0800] "GET /world/china/beijing055b.jpg HTTP/1.1" 200 33655 "-" "Mozilla/5.0 (compatible; AhrefsBot/7.0; +http://ahrefs.com/robot/)" "www.ysfine.com"
51.222.253.13 - - [25/Feb/2023:04:40:52 -0800] "GET /maga/phil/zhuxi2.jpg HTTP/1.1" 200 52935 "-" "Mozilla/5.0 (compatible; AhrefsBot/7.0; +http://ahrefs.com/robot/)" "www.ysfine.com"
51.222.253.1 - - [25/Feb/2023:04:40:53 -0800] "GET /eink/pwk19c.jpg HTTP/1.1" 200 57759 "-" "Mozilla/5.0 (compatible; AhrefsBot/7.0; +http://ahrefs.com/robot/)" "www.ysfine.com"
51.222.253.17 - - [25/Feb/2023:04:40:53 -0800] "GET /world/china/china032b.jpg HTTP/1.1" 200 52888 "-" "Mozilla/5.0 (compatible; AhrefsBot/7.0; +http://ahrefs.com/robot/)" "www.ysfine.com"
51.222.253.17 - - [25/Feb/2023:04:40:54 -0800] "GET /world/china/china024b.jpg HTTP/1.1" 200 36370 "-" "Mozilla/5.0 (compatible; AhrefsBot/7.0; +http://ahrefs.com/robot/)" "www.ysfine.com"
51.222.253.10 - - [25/Feb/2023:04:40:54 -0800] "GET /world/china/beijing058b.jpg HTTP/1.1" 200 29133 "-" "Mozilla/5.0 (compatible; AhrefsBot/7.0; +http://ahrefs.com/robot/)" "www.ysfine.com"
51.222.253.9 - - [25/Feb/2023:04:40:55 -0800] "GET /world/china/nanjing32b.jpg HTTP/1.1" 200 33322 "-" "Mozilla/5.0 (compatible; AhrefsBot/7.0; +http://ahrefs.com/robot/)" "www.ysfine.com"
51.222.253.8 - - [25/Feb/2023:04:40:55 -0800] "GET /world/china/china028b.jpg HTTP/1.1" 200 32708 "-" "Mozilla/5.0 (compatible; AhrefsBot/7.0; +http://ahrefs.com/robot/)" "www.ysfine.com"
51.222.253.13 - - [25/Feb/2023:04:40:55 -0800] "GET /world/china/china003b.jpg HTTP/1.1" 200 37220 "-" "Mozilla/5.0 (compatible; AhrefsBot/7.0; +http://ahrefs.com/robot/)" "www.ysfine.com"
51.222.253.19 - - [25/Feb/2023:04:40:57 -0800] "GET /world/china/china006b.gif HTTP/1.1" 200 16880 "-" "Mozilla/5.0 (compatible; AhrefsBot/7.0; +http://ahrefs.com/robot/)" "www.ysfine.com"
51.222.253.2 - - [25/Feb/2023:04:40:57 -0800] "GET /world/balkan/istan001b.jpg HTTP/1.1" 200 36438 "-" "Mozilla/5.0 (compatible; AhrefsBot/7.0; +http://ahrefs.com/robot/)" "www.ysfine.com"
51.222.253.12 - - [25/Feb/2023:04:40:58 -0800] "GET /world/china/china007b.jpg HTTP/1.1" 200 34074 "-" "Mozilla/5.0 (compatible; AhrefsBot/7.0; +http://ahrefs.com/robot/)" "www.ysfine.com"
51.222.253.7 - - [25/Feb/2023:04:40:59 -0800] "GET /world/china/china030b.jpg HTTP/1.1" 200 37396 "-" "Mozilla/5.0 (compatible; AhrefsBot/7.0; +http://ahrefs.com/robot/)" "www.ysfine.com"
51.222.253.3 - - [25/Feb/2023:04:41:00 -0800] "GET /kobak/underw03b.jpg HTTP/1.1" 200 37749 "-" "Mozilla/5.0 (compatible; AhrefsBot/7.0; +http://ahrefs.com/robot/)" "www.ysfine.com"
51.222.253.20 - - [25/Feb/2023:04:41:00 -0800] "GET /world/china/shanghai001b.jpg HTTP/1.1" 200 38685 "-" "Mozilla/5.0 (compatible; AhrefsBot/7.0; +http://ahrefs.com/robot/)" "www.ysfine.com"
51.222.253.13 - - [25/Feb/2023:04:41:01 -0800] "GET /world/china/china017b.jpg HTTP/1.1" 200 47075 "-" "Mozilla/5.0 (compatible; AhrefsBot/7.0; +http://ahrefs.com/robot/)" "www.ysfine.com"
51.222.253.20 - - [25/Feb/2023:04:41:01 -0800] "GET /world/china/shenyang01b.jpg HTTP/1.1" 200 36992 "-" "Mozilla/5.0 (compatible; AhrefsBot/7.0; +http://ahrefs.com/robot/)" "www.ysfine.com"
51.222.253.2 - - [25/Feb/2023:04:41:02 -0800] "GET /world/china/hongkong06b.jpg HTTP/1.1" 200 43298 "-" "Mozilla/5.0 (compatible; AhrefsBot/7.0; +http://ahrefs.com/robot/)" "www.ysfine.com"
51.222.253.12 - - [25/Feb/2023:04:41:02 -0800] "GET /world/china/china018b.jpg HTTP/1.1" 200 38858 "-" "Mozilla/5.0 (compatible; AhrefsBot/7.0; +http://ahrefs.com/robot/)" "www.ysfine.com"
51.222.253.3 - - [25/Feb/2023:04:41:03 -0800] "GET /world/china/china034b.jpg HTTP/1.1" 200 30968 "-" "Mozilla/5.0 (compatible; AhrefsBot/7.0; +http://ahrefs.com/robot/)" "www.ysfine.com"
51.222.253.13 - - [25/Feb/2023:04:41:03 -0800] "GET /world/china/china038b.jpg HTTP/1.1" 200 25149 "-" "Mozilla/5.0 (compatible; AhrefsBot/7.0; +http://ahrefs.com/robot/)" "www.ysfine.com"
51.222.253.9 - - [25/Feb/2023:04:41:03 -0800] "GET /world/china/xian14b.jpg HTTP/1.1" 200 42388 "-" "Mozilla/5.0 (compatible; AhrefsBot/7.0; +http://ahrefs.com/robot/)" "www.ysfine.com"
51.222.253.20 - - [25/Feb/2023:04:41:04 -0800] "GET /world/china/shanghai002b.jpg HTTP/1.1" 200 34489 "-" "Mozilla/5.0 (compatible; AhrefsBot/7.0; +http://ahrefs.com/robot/)" "www.ysfine.com"
51.222.253.11 - - [25/Feb/2023:04:41:04 -0800] "GET /world/china/xian01b.jpg HTTP/1.1" 200 30886 "-" "Mozilla/5.0 (compatible; AhrefsBot/7.0; +http://ahrefs.com/robot/)" "www.ysfine.com"
51.222.253.18 - - [25/Feb/2023:04:41:05 -0800] "GET /kobak/taylor33c.jpg HTTP/1.1" 200 39951 "-" "Mozilla/5.0 (compatible; AhrefsBot/7.0; +http://ahrefs.com/robot/)" "www.ysfine.com"
51.222.253.4 - - [25/Feb/2023:04:41:05 -0800] "GET /world/china/china019b.jpg HTTP/1.1" 200 31821 "-" "Mozilla/5.0 (compatible; AhrefsBot/7.0; +http://ahrefs.com/robot/)" "www.ysfine.com"
51.222.253.2 - - [25/Feb/2023:04:41:06 -0800] "GET /world/china/china008b.jpg HTTP/1.1" 200 35456 "-" "Mozilla/5.0 (compatible; AhrefsBot/7.0; +http://ahrefs.com/robot/)" "www.ysfine.com"
51.222.253.20 - - [25/Feb/2023:04:41:06 -0800] "GET /world/china/china021b.jpg HTTP/1.1" 200 37835 "-" "Mozilla/5.0 (compatible; AhrefsBot/7.0; +http://ahrefs.com/robot/)" "www.ysfine.com"
51.222.253.7 - - [25/Feb/2023:04:41:07 -0800] "GET /world/china/xian15b.jpg HTTP/1.1" 200 33679 "-" "Mozilla/5.0 (compatible; AhrefsBot/7.0; +http://ahrefs.com/robot/)" "www.ysfine.com"
51.222.253.17 - - [25/Feb/2023:04:41:07 -0800] "GET /world/china/china039b.jpg HTTP/1.1" 200 66740 "-" "Mozilla/5.0 (compatible; AhrefsBot/7.0; +http://ahrefs.com/robot/)" "www.ysfine.com"
51.222.253.7 - - [25/Feb/2023:04:41:07 -0800] "GET /world/china/hangz02b.jpg HTTP/1.1" 200 33785 "-" "Mozilla/5.0 (compatible; AhrefsBot/7.0; +http://ahrefs.com/robot/)" "www.ysfine.com"
51.222.253.3 - - [25/Feb/2023:04:41:08 -0800] "GET /world/china/china027b.jpg HTTP/1.1" 200 41659 "-" "Mozilla/5.0 (compatible; AhrefsBot/7.0; +http://ahrefs.com/robot/)" "www.ysfine.com"
51.222.253.18 - - [25/Feb/2023:04:41:08 -0800] "GET /world/china/china006b.jpg HTTP/1.1" 200 46518 "-" "Mozilla/5.0 (compatible; AhrefsBot/7.0; +http://ahrefs.com/robot/)" "www.ysfine.com"
51.222.253.15 - - [25/Feb/2023:04:41:09 -0800] "GET /world/china/china037b.jpg HTTP/1.1" 200 50393 "-" "Mozilla/5.0 (compatible; AhrefsBot/7.0; +http://ahrefs.com/robot/)" "www.ysfine.com"
51.222.253.5 - - [25/Feb/2023:04:41:09 -0800] "GET /world/china/shenyang02b.jpg HTTP/1.1" 200 31779 "-" "Mozilla/5.0 (compatible; AhrefsBot/7.0; +http://ahrefs.com/robot/)" "www.ysfine.com"
51.222.253.11 - - [25/Feb/2023:04:41:09 -0800] "GET /world/china/beijing056b.jpg HTTP/1.1" 200 40631 "-" "Mozilla/5.0 (compatible; AhrefsBot/7.0; +http://ahrefs.com/robot/)" "www.ysfine.com"
51.222.253.18 - - [25/Feb/2023:04:41:10 -0800] "GET /world/china/china031b.jpg HTTP/1.1" 200 54062 "-" "Mozilla/5.0 (compatible; AhrefsBot/7.0; +http://ahrefs.com/robot/)" "www.ysfine.com"
51.222.253.18 - - [25/Feb/2023:04:41:11 -0800] "GET /world/china/beijing107b.jpg HTTP/1.1" 200 43694 "-" "Mozilla/5.0 (compatible; AhrefsBot/7.0; +http://ahrefs.com/robot/)" "www.ysfine.com"
51.222.253.15 - - [25/Feb/2023:04:41:11 -0800] "GET /world/china/china014b.jpg HTTP/1.1" 200 54603 "-" "Mozilla/5.0 (compatible; AhrefsBot/7.0; +http://ahrefs.com/robot/)" "www.ysfine.com"
51.222.253.17 - - [25/Feb/2023:04:41:12 -0800] "GET /maga/phys/yukaein2.jpg HTTP/1.1" 200 42863 "-" "Mozilla/5.0 (compatible; AhrefsBot/7.0; +http://ahrefs.com/robot/)" "www.ysfine.com"
51.222.253.7 - - [25/Feb/2023:04:41:12 -0800] "GET /world/china/andun01b.jpg HTTP/1.1" 200 35315 "-" "Mozilla/5.0 (compatible; AhrefsBot/7.0; +http://ahrefs.com/robot/)" "www.ysfine.com"
51.222.253.2 - - [25/Feb/2023:04:41:13 -0800] "GET /world/china/china033b.jpg HTTP/1.1" 200 43815 "-" "Mozilla/5.0 (compatible; AhrefsBot/7.0; +http://ahrefs.com/robot/)" "www.ysfine.com"
51.222.253.3 - - [25/Feb/2023:04:41:13 -0800] "GET /world/china/beijing109b.jpg HTTP/1.1" 200 39391 "-" "Mozilla/5.0 (compatible; AhrefsBot/7.0; +http://ahrefs.com/robot/)" "www.ysfine.com"
51.222.253.2 - - [25/Feb/2023:04:41:14 -0800] "GET /world/china/hongkong02b.jpg HTTP/1.1" 200 41631 "-" "Mozilla/5.0 (compatible; AhrefsBot/7.0; +http://ahrefs.com/robot/)" "www.ysfine.com"
51.222.253.19 - - [25/Feb/2023:04:41:15 -0800] "GET /world/china/xian11b.jpg HTTP/1.1" 200 39079 "-" "Mozilla/5.0 (compatible; AhrefsBot/7.0; +http://ahrefs.com/robot/)" "www.ysfine.com"
51.222.253.4 - - [25/Feb/2023:04:41:15 -0800] "GET /world/china/china002b.jpg HTTP/1.1" 200 43618 "-" "Mozilla/5.0 (compatible; AhrefsBot/7.0; +http://ahrefs.com/robot/)" "www.ysfine.com"
51.222.253.20 - - [25/Feb/2023:04:41:16 -0800] "GET /world/china/beijing106b.jpg HTTP/1.1" 200 39168 "-" "Mozilla/5.0 (compatible; AhrefsBot/7.0; +http://ahrefs.com/robot/)" "www.ysfine.com"
51.222.253.2 - - [25/Feb/2023:04:41:17 -0800] "GET /world/russ/msu01b.jpg HTTP/1.1" 200 30172 "-" "Mozilla/5.0 (compatible; AhrefsBot/7.0; +http://ahrefs.com/robot/)" "www.ysfine.com"
51.222.253.15 - - [25/Feb/2023:04:41:17 -0800] "GET /world/china/china015b.jpg HTTP/1.1" 200 61732 "-" "Mozilla/5.0 (compatible; AhrefsBot/7.0; +http://ahrefs.com/robot/)" "www.ysfine.com"
51.222.253.17 - - [25/Feb/2023:04:41:18 -0800] "GET /world/china/nanjing63b.jpg HTTP/1.1" 200 50981 "-" "Mozilla/5.0 (compatible; AhrefsBot/7.0; +http://ahrefs.com/robot/)" "www.ysfine.com"
51.222.253.1 - - [25/Feb/2023:04:41:19 -0800] "GET /world/china/hangz01b.jpg HTTP/1.1" 200 34562 "-" "Mozilla/5.0 (compatible; AhrefsBot/7.0; +http://ahrefs.com/robot/)" "www.ysfine.com"
51.222.253.12 - - [25/Feb/2023:04:41:19 -0800] "GET /world/china/hongkong05b.jpg HTTP/1.1" 200 44937 "-" "Mozilla/5.0 (compatible; AhrefsBot/7.0; +http://ahrefs.com/robot/)" "www.ysfine.com"
173.252.83.16 - - [25/Feb/2023:04:41:22 -0800] "GET /friends/albania99b.jpg HTTP/1.1" 404 88 "-" "facebookexternalhit/1.1 (+http://www.facebook.com/externalhit_uatext.php)" "ysfine.com"
103.131.71.235 - - [25/Feb/2023:04:41:43 -0800] "GET /robots.txt HTTP/1.1" 404 88 "-" "Mozilla/5.0 (compatible; coccocbot-web/1.0; +http://help.coccoc.com/searchengine)" "ysfine.com"
40.77.167.178 - - [25/Feb/2023:04:41:45 -0800] "GET /maga/phys/farad15b.jpg HTTP/1.1" 200 30917 "-" "Mozilla/5.0 AppleWebKit/537.36 (KHTML, like Gecko; compatible; bingbot/2.0; +http://www.bing.com/bingbot.htm) Chrome/103.0.5060.134 Safari/537.36" "ysfine.com"
103.131.71.172 - - [25/Feb/2023:04:41:48 -0800] "GET / HTTP/1.1" 200 5300 "-" "Mozilla/5.0 (compatible; coccocbot-web/1.0; +http://help.coccoc.com/searchengine)" "ysfine.com"
64.124.8.48 - - [25/Feb/2023:04:42:48 -0800] "GET /einstein/places/einmu01.jpg HTTP/1.1" 200 76112 "-" "Mozilla/5.0 (Macintosh; Intel Mac OS X 10_15_7) AppleWebKit/537.36 (KHTML, like Gecko) Chrome/107.0.0.0 Safari/537.36" "ysfine.com"
64.124.8.54 - - [25/Feb/2023:04:42:56 -0800] "GET /ffriends/moso08.jpg HTTP/1.1" 200 90196 "-" "Mozilla/5.0 (Macintosh; Intel Mac OS X 10_15_7) AppleWebKit/537.36 (KHTML, like Gecko) Chrome/107.0.0.0 Safari/537.36" "ysfine.com"
64.124.8.50 - - [25/Feb/2023:04:43:27 -0800] "GET /kobak/underw23.jpg HTTP/1.1" 200 149057 "-" "Mozilla/5.0 (Macintosh; Intel Mac OS X 10_15_7) AppleWebKit/537.36 (KHTML, like Gecko) Chrome/107.0.0.0 Safari/537.36" "ysfine.com"
207.46.13.219 - - [25/Feb/2023:04:43:32 -0800] "GET /ysbio/world/russ/mosriver.html HTTP/1.1" 404 88 "-" "Mozilla/5.0 AppleWebKit/537.36 (KHTML, like Gecko; compatible; bingbot/2.0; +http://www.bing.com/bingbot.htm) Chrome/103.0.5060.134 Safari/537.36" "ysfine.com"
173.252.83.13 - - [25/Feb/2023:04:43:39 -0800] "GET /princeton/nassin05b.jpg HTTP/1.1" 200 45166 "-" "facebookexternalhit/1.1 (+http://www.facebook.com/externalhit_uatext.php)" "ysfine.com"
64.124.8.57 - - [25/Feb/2023:04:43:52 -0800] "GET /ysbio/world/germany/benz02.jpg HTTP/1.1" 404 88 "-" "Mozilla/5.0 (Macintosh; Intel Mac OS X 10_15_7) AppleWebKit/537.36 (KHTML, like Gecko) Chrome/107.0.0.0 Safari/537.36" "www.ysfine.com"
207.46.13.220 - - [25/Feb/2023:04:44:10 -0800] "GET /world/germany/tub12b.jpg HTTP/1.1" 200 43175 "-" "Mozilla/5.0 AppleWebKit/537.36 (KHTML, like Gecko; compatible; bingbot/2.0; +http://www.bing.com/bingbot.htm) Chrome/103.0.5060.134 Safari/537.36" "www.ysfine.com"
64.124.8.55 - - [25/Feb/2023:04:44:28 -0800] "GET /feynman/page11.jpg HTTP/1.1" 200 39160 "-" "Mozilla/5.0 (Macintosh; Intel Mac OS X 10_15_7) AppleWebKit/537.36 (KHTML, like Gecko) Chrome/107.0.0.0 Safari/537.36" "ysfine.com"
64.124.8.55 - - [25/Feb/2023:04:44:34 -0800] "GET /wdc/eindc21.jpg HTTP/1.1" 200 110693 "-" "Mozilla/5.0 (Macintosh; Intel Mac OS X 10_15_7) AppleWebKit/537.36 (KHTML, like Gecko) Chrome/107.0.0.0 Safari/537.36" "ysfine.com"
64.124.8.53 - - [25/Feb/2023:04:44:54 -0800] "GET /world/france/montpar17.jpg HTTP/1.1" 200 127987 "-" "Mozilla/5.0 (Macintosh; Intel Mac OS X 10_15_7) AppleWebKit/537.36 (KHTML, like Gecko) Chrome/107.0.0.0 Safari/537.36" "ysfine.com"
64.124.8.57 - - [25/Feb/2023:04:45:09 -0800] "GET /world/scandi/copen017.jpg HTTP/1.1" 200 84600 "-" "Mozilla/5.0 (Macintosh; Intel Mac OS X 10_15_7) AppleWebKit/537.36 (KHTML, like Gecko) Chrome/107.0.0.0 Safari/537.36" "ysfine.com"
40.77.167.178 - - [25/Feb/2023:04:45:16 -0800] "GET /world/germany/trier04.jpg HTTP/1.1" 200 237435 "-" "Mozilla/5.0 AppleWebKit/537.36 (KHTML, like Gecko; compatible; bingbot/2.0; +http://www.bing.com/bingbot.htm) Chrome/103.0.5060.134 Safari/537.36" "ysfine.com"
52.167.144.35 - - [25/Feb/2023:04:46:05 -0800] "GET /world/russ/krem05.jpg HTTP/1.1" 200 118562 "-" "Mozilla/5.0 AppleWebKit/537.36 (KHTML, like Gecko; compatible; bingbot/2.0; +http://www.bing.com/bingbot.htm) Chrome/103.0.5060.134 Safari/537.36" "ysfine.com"
64.124.8.52 - - [25/Feb/2023:04:46:10 -0800] "GET /ysbio/wdc/whouse01.jpg HTTP/1.1" 404 88 "-" "Mozilla/5.0 (Macintosh; Intel Mac OS X 10_15_7) AppleWebKit/537.36 (KHTML, like Gecko) Chrome/107.0.0.0 Safari/537.36" "www.ysfine.com"
52.167.144.62 - - [25/Feb/2023:04:46:46 -0800] "GET /wigner/second.jpg HTTP/1.1" 200 104478 "-" "Mozilla/5.0 AppleWebKit/537.36 (KHTML, like Gecko; compatible; bingbot/2.0; +http://www.bing.com/bingbot.htm) Chrome/103.0.5060.134 Safari/537.36" "www.ysfine.com"
194.118.34.51 - - [25/Feb/2023:04:46:50 -0800] "GET /princeton/dulles.jpg HTTP/1.1" 200 84176 "https://www.google.com/" "Mozilla/5.0 (Windows NT 10.0; Win64; x64; rv:109.0) Gecko/20100101 Firefox/110.0" "ysfine.com"
89.199.245.120 - - [25/Feb/2023:04:47:05 -0800] "GET / HTTP/1.1" 200 5300 "-" "Mozilla/5.0 (Linux; Android 5.0.2; SM-P900 Build/LRX22G) AppleWebKit/537.36 (KHTML, like Gecko) Chrome/45.0.2454.84 Safari/537.36" "ysfine.com"
89.199.55.194 - - [25/Feb/2023:04:47:05 -0800] "GET /robots.txt HTTP/1.1" 404 88 "-" "Mozilla/5.0 (Linux; Android 4.4.4; en-us; SAMSUNG SM-N910T Build/KTU84P) AppleWebKit/537.36 (KHTML, like Gecko) Version/2.0 Chrome/34.0.1847.76 Mobile Safari/537.36" "ysfine.com"
40.77.167.178 - - [25/Feb/2023:04:47:07 -0800] "GET /newyork/wtc14.jpg HTTP/1.1" 200 91909 "-" "Mozilla/5.0 AppleWebKit/537.36 (KHTML, like Gecko; compatible; bingbot/2.0; +http://www.bing.com/bingbot.htm) Chrome/103.0.5060.134 Safari/537.36" "www.ysfine.com"
64.124.8.49 - - [25/Feb/2023:04:47:27 -0800] "GET /ysbio/world/latina/sambario17.jpg HTTP/1.1" 404 88 "-" "Mozilla/5.0 (Macintosh; Intel Mac OS X 10_15_7) AppleWebKit/537.36 (KHTML, like Gecko) Chrome/107.0.0.0 Safari/537.36" "ysfine.com"
194.118.34.51 - - [25/Feb/2023:04:47:34 -0800] "GET /kobak/eisenhower33.jpg HTTP/1.1" 200 119577 "https://www.google.com/" "Mozilla/5.0 (Windows NT 10.0; Win64; x64; rv:109.0) Gecko/20100101 Firefox/110.0" "ysfine.com"
64.124.8.53 - - [25/Feb/2023:04:48:24 -0800] "GET /world/scandi/wignob04.jpg HTTP/1.1" 200 37678 "-" "Mozilla/5.0 (Macintosh; Intel Mac OS X 10_15_7) AppleWebKit/537.36 (KHTML, like Gecko) Chrome/107.0.0.0 Safari/537.36" "www.ysfine.com"
64.124.8.57 - - [25/Feb/2023:04:48:24 -0800] "GET /wigner/gim/gimn09.jpg HTTP/1.1" 200 106490 "-" "Mozilla/5.0 (Macintosh; Intel Mac OS X 10_15_7) AppleWebKit/537.36 (KHTML, like Gecko) Chrome/107.0.0.0 Safari/537.36" "www.ysfine.com"
173.252.83.9 - - [25/Feb/2023:04:48:43 -0800] "GET /world/ital/florf01b.jpg HTTP/1.1" 200 38979 "-" "facebookexternalhit/1.1 (+http://www.facebook.com/externalhit_uatext.php)" "ysfine.com"
207.46.13.220 - - [25/Feb/2023:04:48:50 -0800] "GET /wigner/wbrill.jpg HTTP/1.1" 200 83776 "-" "Mozilla/5.0 AppleWebKit/537.36 (KHTML, like Gecko; compatible; bingbot/2.0; +http://www.bing.com/bingbot.htm) Chrome/103.0.5060.134 Safari/537.36" "www.ysfine.com"
207.46.13.220 - - [25/Feb/2023:04:48:59 -0800] "GET /ysbio/sbk/2014tokyo22.jpg HTTP/1.1" 404 88 "-" "Mozilla/5.0 AppleWebKit/537.36 (KHTML, like Gecko; compatible; bingbot/2.0; +http://www.bing.com/bingbot.htm) Chrome/103.0.5060.134 Safari/537.36" "ysfine.com"
64.124.8.55 - - [25/Feb/2023:04:49:28 -0800] "GET /ysbio/awards/top100f.jpg HTTP/1.1" 404 88 "-" "Mozilla/5.0 (Macintosh; Intel Mac OS X 10_15_7) AppleWebKit/537.36 (KHTML, like Gecko) Chrome/107.0.0.0 Safari/537.36" "ysfine.com"
64.124.8.48 - - [25/Feb/2023:04:50:13 -0800] "GET /ysbio/world/ital/sapienza13.jpg HTTP/1.1" 404 88 "-" "Mozilla/5.0 (Macintosh; Intel Mac OS X 10_15_7) AppleWebKit/537.36 (KHTML, like Gecko) Chrome/107.0.0.0 Safari/537.36" "ysfine.com"
64.124.8.50 - - [25/Feb/2023:04:50:23 -0800] "GET /wdc/corco44.jpg HTTP/1.1" 200 63238 "-" "Mozilla/5.0 (Macintosh; Intel Mac OS X 10_15_7) AppleWebKit/537.36 (KHTML, like Gecko) Chrome/107.0.0.0 Safari/537.36" "ysfine.com"
52.167.144.62 - - [25/Feb/2023:04:50:37 -0800] "GET /world/france/pmetro08.jpg HTTP/1.1" 200 108624 "-" "Mozilla/5.0 AppleWebKit/537.36 (KHTML, like Gecko; compatible; bingbot/2.0; +http://www.bing.com/bingbot.htm) Chrome/103.0.5060.134 Safari/537.36" "ysfine.com"
64.124.8.55 - - [25/Feb/2023:04:51:08 -0800] "GET /world/latina/sambario03.jpg HTTP/1.1" 200 97074 "-" "Mozilla/5.0 (Macintosh; Intel Mac OS X 10_15_7) AppleWebKit/537.36 (KHTML, like Gecko) Chrome/107.0.0.0 Safari/537.36" "ysfine.com"
173.252.83.117 - - [25/Feb/2023:04:52:01 -0800] "GET /ffriends/monroe11b.jpg HTTP/1.1" 200 36004 "-" "facebookexternalhit/1.1 (+http://www.facebook.com/externalhit_uatext.php)" "ysfine.com"
64.124.8.48 - - [25/Feb/2023:04:52:19 -0800] "GET /ysbio/world/russ/mosf56.jpg HTTP/1.1" 404 88 "-" "Mozilla/5.0 (Macintosh; Intel Mac OS X 10_15_7) AppleWebKit/537.36 (KHTML, like Gecko) Chrome/107.0.0.0 Safari/537.36" "www.ysfine.com"
64.124.8.57 - - [25/Feb/2023:04:52:26 -0800] "GET /kobak/severance.jpg HTTP/1.1" 200 123261 "-" "Mozilla/5.0 (Macintosh; Intel Mac OS X 10_15_7) AppleWebKit/537.36 (KHTML, like Gecko) Chrome/107.0.0.0 Safari/537.36" "www.ysfine.com"
64.124.8.55 - - [25/Feb/2023:04:52:32 -0800] "GET /einstein/places/bern03.jpg HTTP/1.1" 200 52268 "-" "Mozilla/5.0 (Macintosh; Intel Mac OS X 10_15_7) AppleWebKit/537.36 (KHTML, like Gecko) Chrome/107.0.0.0 Safari/537.36" "ysfine.com"
52.167.144.62 - - [25/Feb/2023:04:53:07 -0800] "GET /world/israel/jeru02.jpg HTTP/1.1" 200 224547 "-" "Mozilla/5.0 AppleWebKit/537.36 (KHTML, like Gecko; compatible; bingbot/2.0; +http://www.bing.com/bingbot.htm) Chrome/103.0.5060.134 Safari/537.36" "ysfine.com"
207.46.13.220 - - [25/Feb/2023:04:53:12 -0800] "GET /world/latina/igu02.jpg HTTP/1.1" 200 91326 "-" "Mozilla/5.0 AppleWebKit/537.36 (KHTML, like Gecko; compatible; bingbot/2.0; +http://www.bing.com/bingbot.htm) Chrome/103.0.5060.134 Safari/537.36" "ysfine.com"
64.124.8.50 - - [25/Feb/2023:04:54:11 -0800] "GET /home/comet01.jpg HTTP/1.1" 200 89790 "-" "Mozilla/5.0 (Macintosh; Intel Mac OS X 10_15_7) AppleWebKit/537.36 (KHTML, like Gecko) Chrome/107.0.0.0 Safari/537.36" "ysfine.com"
90.226.130.154 - - [25/Feb/2023:04:55:12 -0800] "GET /feynman/feybial.jpg HTTP/1.1" 200 56284 "https://www.google.com/" "Mozilla/5.0 (iPhone; CPU iPhone OS 16_3 like Mac OS X) AppleWebKit/605.1.15 (KHTML, like Gecko) CriOS/110.0.5481.83 Mobile/15E148 Safari/604.1" "ysfine.com"
90.226.130.154 - - [25/Feb/2023:04:55:15 -0800] "GET /feynman/feydirac.jpg HTTP/1.1" 200 98378 "https://www.google.com/" "Mozilla/5.0 (iPhone; CPU iPhone OS 16_3 like Mac OS X) AppleWebKit/605.1.15 (KHTML, like Gecko) CriOS/110.0.5481.83 Mobile/15E148 Safari/604.1" "ysfine.com"
64.124.8.57 - - [25/Feb/2023:04:55:18 -0800] "GET /world/scandi/copenf65.jpg HTTP/1.1" 200 80604 "-" "Mozilla/5.0 (Macintosh; Intel Mac OS X 10_15_7) AppleWebKit/537.36 (KHTML, like Gecko) Chrome/107.0.0.0 Safari/537.36" "ysfine.com"
207.46.13.220 - - [25/Feb/2023:04:55:52 -0800] "GET /wigner/gim/gimn15b.jpg HTTP/1.1" 200 45232 "-" "Mozilla/5.0 AppleWebKit/537.36 (KHTML, like Gecko; compatible; bingbot/2.0; +http://www.bing.com/bingbot.htm) Chrome/103.0.5060.134 Safari/537.36" "ysfine.com"
40.77.167.178 - - [25/Feb/2023:04:55:56 -0800] "GET /style/cameras/fed3.jpg HTTP/1.1" 200 106400 "-" "Mozilla/5.0 AppleWebKit/537.36 (KHTML, like Gecko; compatible; bingbot/2.0; +http://www.bing.com/bingbot.htm) Chrome/103.0.5060.134 Safari/537.36" "ysfine.com"
40.77.167.178 - - [25/Feb/2023:04:55:57 -0800] "GET /bio13.html HTTP/1.1" 200 3563 "-" "Mozilla/5.0 AppleWebKit/537.36 (KHTML, like Gecko; compatible; bingbot/2.0; +http://www.bing.com/bingbot.htm) Chrome/103.0.5060.134 Safari/537.36" "ysfine.com"
52.167.144.62 - - [25/Feb/2023:04:55:58 -0800] "GET /bio12.html HTTP/1.1" 200 13708 "-" "Mozilla/5.0 AppleWebKit/537.36 (KHTML, like Gecko; compatible; bingbot/2.0; +http://www.bing.com/bingbot.htm) Chrome/103.0.5060.134 Safari/537.36" "ysfine.com"
52.167.144.35 - - [25/Feb/2023:04:56:00 -0800] "GET /style/restau.html HTTP/1.1" 200 2149 "-" "Mozilla/5.0 AppleWebKit/537.36 (KHTML, like Gecko; compatible; bingbot/2.0; +http://www.bing.com/bingbot.htm) Chrome/103.0.5060.134 Safari/537.36" "ysfine.com"
52.167.144.62 - - [25/Feb/2023:04:56:07 -0800] "GET /kobak/sebiro.html HTTP/1.1" 200 8966 "-" "Mozilla/5.0 AppleWebKit/537.36 (KHTML, like Gecko; compatible; bingbot/2.0; +http://www.bing.com/bingbot.htm) Chrome/103.0.5060.134 Safari/537.36" "ysfine.com"
216.244.66.229 - - [25/Feb/2023:04:56:35 -0800] "GET /robots.txt HTTP/1.1" 404 73 "-" "Mozilla/5.0 (compatible; DotBot/1.2; +https://opensiteexplorer.org/dotbot; help@moz.com)" "ysfine.com"
216.244.66.229 - - [25/Feb/2023:04:56:35 -0800] "GET /robots.txt HTTP/1.1" 404 73 "-" "Mozilla/5.0 (compatible; DotBot/1.2; +https://opensiteexplorer.org/dotbot; help@moz.com)" "www.ysfine.com"
87.250.224.239 - - [25/Feb/2023:04:57:28 -0800] "GET /kowar/tanks.html HTTP/1.1" 200 8699 "-" "Mozilla/5.0 (compatible; YandexBot/3.0; +http://yandex.com/bots)" "www.ysfine.com"
52.167.144.35 - - [25/Feb/2023:04:58:07 -0800] "GET /bio/style/artlove.html HTTP/1.1" 404 88 "-" "Mozilla/5.0 AppleWebKit/537.36 (KHTML, like Gecko; compatible; bingbot/2.0; +http://www.bing.com/bingbot.htm) Chrome/103.0.5060.134 Safari/537.36" "ysfine.com"
64.124.8.53 - - [25/Feb/2023:04:58:28 -0800] "GET /ysbio/folks/woods.jpg HTTP/1.1" 404 88 "-" "Mozilla/5.0 (Macintosh; Intel Mac OS X 10_15_7) AppleWebKit/537.36 (KHTML, like Gecko) Chrome/107.0.0.0 Safari/537.36" "ysfine.com"
216.244.66.229 - - [25/Feb/2023:04:58:48 -0800] "GET /auto/afe33.jpg HTTP/1.1" 404 73 "-" "Mozilla/5.0 (compatible; DotBot/1.2; +https://opensiteexplorer.org/dotbot; help@moz.com)" "www.ysfine.com"
51.222.253.4 - - [25/Feb/2023:04:58:48 -0800] "GET /folks/asian.html HTTP/1.1" 200 6987 "-" "Mozilla/5.0 (compatible; AhrefsBot/7.0; +http://ahrefs.com/robot/)" "www.ysfine.com"
51.222.253.2 - - [25/Feb/2023:04:58:50 -0800] "GET /world/russ/kazakh07b.jpg HTTP/1.1" 200 37170 "-" "Mozilla/5.0 (compatible; AhrefsBot/7.0; +http://ahrefs.com/robot/)" "www.ysfine.com"
51.222.253.15 - - [25/Feb/2023:04:58:51 -0800] "GET /folks/malay02b.jpg HTTP/1.1" 200 41015 "-" "Mozilla/5.0 (compatible; AhrefsBot/7.0; +http://ahrefs.com/robot/)" "www.ysfine.com"
51.222.253.20 - - [25/Feb/2023:04:58:51 -0800] "GET /folks/kazpol01b.jpg HTTP/1.1" 200 50936 "-" "Mozilla/5.0 (compatible; AhrefsBot/7.0; +http://ahrefs.com/robot/)" "www.ysfine.com"
51.222.253.6 - - [25/Feb/2023:04:58:52 -0800] "GET /folks/mongo08b.jpg HTTP/1.1" 200 45395 "-" "Mozilla/5.0 (compatible; AhrefsBot/7.0; +http://ahrefs.com/robot/)" "www.ysfine.com"
51.222.253.8 - - [25/Feb/2023:04:58:52 -0800] "GET /folks/philipine01b.jpg HTTP/1.1" 200 42812 "-" "Mozilla/5.0 (compatible; AhrefsBot/7.0; +http://ahrefs.com/robot/)" "www.ysfine.com"
216.244.66.229 - - [25/Feb/2023:04:58:52 -0800] "GET /auto/fotos/cokes22.jpg HTTP/1.1" 200 142004 "-" "Mozilla/5.0 (compatible; DotBot/1.2; +https://opensiteexplorer.org/dotbot; help@moz.com)" "www.ysfine.com"
51.222.253.14 - - [25/Feb/2023:04:58:53 -0800] "GET /folks/mongo04b.jpg HTTP/1.1" 200 45678 "-" "Mozilla/5.0 (compatible; AhrefsBot/7.0; +http://ahrefs.com/robot/)" "www.ysfine.com"
51.222.253.3 - - [25/Feb/2023:04:58:53 -0800] "GET /folks/mongo01b.jpg HTTP/1.1" 200 38889 "-" "Mozilla/5.0 (compatible; AhrefsBot/7.0; +http://ahrefs.com/robot/)" "www.ysfine.com"
51.222.253.5 - - [25/Feb/2023:04:58:53 -0800] "GET /world/russ/saratov02b.jpg HTTP/1.1" 200 57117 "-" "Mozilla/5.0 (compatible; AhrefsBot/7.0; +http://ahrefs.com/robot/)" "www.ysfine.com"
51.222.253.6 - - [25/Feb/2023:04:58:54 -0800] "GET /world/france/mai11b.jpg HTTP/1.1" 200 38827 "-" "Mozilla/5.0 (compatible; AhrefsBot/7.0; +http://ahrefs.com/robot/)" "www.ysfine.com"
51.222.253.14 - - [25/Feb/2023:04:58:54 -0800] "GET /folks/aline/quantas22b.jpg HTTP/1.1" 200 31516 "-" "Mozilla/5.0 (compatible; AhrefsBot/7.0; +http://ahrefs.com/robot/)" "www.ysfine.com"
51.222.253.2 - - [25/Feb/2023:04:58:55 -0800] "GET /folks/victork33b.jpg HTTP/1.1" 200 47348 "-" "Mozilla/5.0 (compatible; AhrefsBot/7.0; +http://ahrefs.com/robot/)" "www.ysfine.com"
51.222.253.10 - - [25/Feb/2023:04:58:55 -0800] "GET /folks/vietnam01b.jpg HTTP/1.1" 200 32824 "-" "Mozilla/5.0 (compatible; AhrefsBot/7.0; +http://ahrefs.com/robot/)" "www.ysfine.com"
51.222.253.1 - - [25/Feb/2023:04:58:56 -0800] "GET /folks/india01b.jpg HTTP/1.1" 200 44935 "-" "Mozilla/5.0 (compatible; AhrefsBot/7.0; +http://ahrefs.com/robot/)" "www.ysfine.com"
51.222.253.14 - - [25/Feb/2023:04:58:56 -0800] "GET /world/russ/almaty11b.jpg HTTP/1.1" 200 27200 "-" "Mozilla/5.0 (compatible; AhrefsBot/7.0; +http://ahrefs.com/robot/)" "www.ysfine.com"
51.222.253.20 - - [25/Feb/2023:04:58:57 -0800] "GET /folks/yyen11c.jpg HTTP/1.1" 200 30535 "-" "Mozilla/5.0 (compatible; AhrefsBot/7.0; +http://ahrefs.com/robot/)" "www.ysfine.com"
51.222.253.16 - - [25/Feb/2023:04:58:57 -0800] "GET /folks/philipine15b.jpg HTTP/1.1" 200 46250 "-" "Mozilla/5.0 (compatible; AhrefsBot/7.0; +http://ahrefs.com/robot/)" "www.ysfine.com"
51.222.253.19 - - [25/Feb/2023:04:58:58 -0800] "GET /world/russ/kazakh06b.jpg HTTP/1.1" 200 31153 "-" "Mozilla/5.0 (compatible; AhrefsBot/7.0; +http://ahrefs.com/robot/)" "www.ysfine.com"
51.222.253.18 - - [25/Feb/2023:04:58:58 -0800] "GET /folks/austra09b.jpg HTTP/1.1" 200 42944 "-" "Mozilla/5.0 (compatible; AhrefsBot/7.0; +http://ahrefs.com/robot/)" "www.ysfine.com"
51.222.253.19 - - [25/Feb/2023:04:58:58 -0800] "GET /folks/aline/airmongo11b.jpg HTTP/1.1" 200 46016 "-" "Mozilla/5.0 (compatible; AhrefsBot/7.0; +http://ahrefs.com/robot/)" "www.ysfine.com"
51.222.253.18 - - [25/Feb/2023:04:58:59 -0800] "GET /folks/india04b.jpg HTTP/1.1" 200 35588 "-" "Mozilla/5.0 (compatible; AhrefsBot/7.0; +http://ahrefs.com/robot/)" "www.ysfine.com"
51.222.253.9 - - [25/Feb/2023:04:58:59 -0800] "GET /folks/mongo06b.jpg HTTP/1.1" 200 38648 "-" "Mozilla/5.0 (compatible; AhrefsBot/7.0; +http://ahrefs.com/robot/)" "www.ysfine.com"
51.222.253.11 - - [25/Feb/2023:04:59:00 -0800] "GET /folks/philipine12b.jpg HTTP/1.1" 200 49797 "-" "Mozilla/5.0 (compatible; AhrefsBot/7.0; +http://ahrefs.com/robot/)" "www.ysfine.com"
51.222.253.12 - - [25/Feb/2023:04:59:00 -0800] "GET /folks/iraida11b.jpg HTTP/1.1" 200 50961 "-" "Mozilla/5.0 (compatible; AhrefsBot/7.0; +http://ahrefs.com/robot/)" "www.ysfine.com"
51.222.253.5 - - [25/Feb/2023:04:59:01 -0800] "GET /folks/austra07b.jpg HTTP/1.1" 200 53084 "-" "Mozilla/5.0 (compatible; AhrefsBot/7.0; +http://ahrefs.com/robot/)" "www.ysfine.com"
216.244.66.229 - - [25/Feb/2023:04:59:11 -0800] "GET /folks/kazlon01.jpg HTTP/1.1" 200 114756 "-" "Mozilla/5.0 (compatible; DotBot/1.2; +https://opensiteexplorer.org/dotbot; help@moz.com)" "ysfine.com"
76.124.71.42 - - [25/Feb/2023:04:59:25 -0800] "GET /princeton/wilspoin.jpg HTTP/1.1" 200 84978 "https://www.google.com/" "Mozilla/5.0 (X11; CrOS x86_64 15183.78.0) AppleWebKit/537.36 (KHTML, like Gecko) Chrome/108.0.0.0 Safari/537.36" "ysfine.com"
216.244.66.229 - - [25/Feb/2023:04:59:28 -0800] "GET /folks/philipine08.jpg HTTP/1.1" 200 111779 "-" "Mozilla/5.0 (compatible; DotBot/1.2; +https://opensiteexplorer.org/dotbot; help@moz.com)" "ysfine.com"
216.244.66.229 - - [25/Feb/2023:04:59:40 -0800] "GET /home/einstein/bern.html HTTP/1.1" 404 73 "-" "Mozilla/5.0 (compatible; DotBot/1.2; +https://opensiteexplorer.org/dotbot; help@moz.com)" "ysfine.com"
64.124.8.48 - - [25/Feb/2023:04:59:44 -0800] "GET /newyork/ihouse22.jpg HTTP/1.1" 200 248464 "-" "Mozilla/5.0 (Macintosh; Intel Mac OS X 10_15_7) AppleWebKit/537.36 (KHTML, like Gecko) Chrome/107.0.0.0 Safari/537.36" "ysfine.com"
64.124.8.28 - - [25/Feb/2023:04:59:51 -0800] "GET /world/france/eiffel01.jpg HTTP/1.1" 200 81535 "-" "Mozilla/5.0 (Macintosh; Intel Mac OS X 10_15_7) AppleWebKit/537.36 (KHTML, like Gecko) Chrome/107.0.0.0 Safari/537.36" "www.ysfine.com"
216.244.66.229 - - [25/Feb/2023:04:59:52 -0800] "GET /wigner/kuper76.html HTTP/1.1" 200 507 "-" "Mozilla/5.0 (compatible; DotBot/1.2; +https://opensiteexplorer.org/dotbot; help@moz.com)" "www.ysfine.com"
40.77.167.178 - - [25/Feb/2023:05:00:06 -0800] "GET /world/france/metz08b.jpg HTTP/1.1" 200 45191 "-" "Mozilla/5.0 AppleWebKit/537.36 (KHTML, like Gecko; compatible; bingbot/2.0; +http://www.bing.com/bingbot.htm) Chrome/103.0.5060.134 Safari/537.36" "ysfine.com"
216.244.66.229 - - [25/Feb/2023:05:00:19 -0800] "GET /world/wigberlin.html HTTP/1.1" 200 20675 "-" "Mozilla/5.0 (compatible; DotBot/1.2; +https://opensiteexplorer.org/dotbot; help@moz.com)" "www.ysfine.com"
216.244.66.229 - - [25/Feb/2023:05:00:26 -0800] "GET /world/muplace.html HTTP/1.1" 200 71283 "-" "Mozilla/5.0 (compatible; DotBot/1.2; +https://opensiteexplorer.org/dotbot; help@moz.com)" "www.ysfine.com"
216.244.66.229 - - [25/Feb/2023:05:00:33 -0800] "GET /folks/morningstar.jpg HTTP/1.1" 200 82131 "-" "Mozilla/5.0 (compatible; DotBot/1.2; +https://opensiteexplorer.org/dotbot; help@moz.com)" "ysfine.com"
91.133.224.119 - - [25/Feb/2023:05:01:10 -0800] "GET / HTTP/1.1" 200 5300 "-" "Mozilla/5.0 (X11; Linux x86_64) AppleWebKit/537.36 (KHTML, like Gecko) Chrome/45.0.2454.85 Safari/537.36" "ysfine.com"
5.210.252.116 - - [25/Feb/2023:05:01:10 -0800] "GET /robots.txt HTTP/1.1" 404 88 "-" "Mozilla/5.0 (X11; CrOS x86_64 6946.70.0) AppleWebKit/537.36 (KHTML, like Gecko) Chrome/43.0.2357.132 Safari/537.36" "ysfine.com"
207.46.13.223 - - [25/Feb/2023:05:01:43 -0800] "GET /world/baltic/kalin31b.jpg HTTP/1.1" 200 56139 "-" "Mozilla/5.0 AppleWebKit/537.36 (KHTML, like Gecko; compatible; bingbot/2.0; +http://www.bing.com/bingbot.htm) Chrome/103.0.5060.134 Safari/537.36" "ysfine.com"
207.46.13.220 - - [25/Feb/2023:05:02:12 -0800] "GET /class54/emailed01.html HTTP/1.1" 200 27721 "-" "Mozilla/5.0 AppleWebKit/537.36 (KHTML, like Gecko; compatible; bingbot/2.0; +http://www.bing.com/bingbot.htm) Chrome/103.0.5060.134 Safari/537.36" "ysfine.com"
40.77.167.178 - - [25/Feb/2023:05:02:26 -0800] "GET /einstein/places/einha36.jpg HTTP/1.1" 200 86437 "-" "Mozilla/5.0 AppleWebKit/537.36 (KHTML, like Gecko; compatible; bingbot/2.0; +http://www.bing.com/bingbot.htm) Chrome/103.0.5060.134 Safari/537.36" "ysfine.com"
64.124.8.50 - - [25/Feb/2023:05:02:48 -0800] "GET /ysbio/world/scandi/sto003.jpg HTTP/1.1" 404 88 "-" "Mozilla/5.0 (Macintosh; Intel Mac OS X 10_15_7) AppleWebKit/537.36 (KHTML, like Gecko) Chrome/107.0.0.0 Safari/537.36" "www.ysfine.com"
173.252.83.21 - - [25/Feb/2023:05:02:49 -0800] "GET /wigner/neum/pvn05b.jpg HTTP/1.1" 200 45464 "-" "facebookexternalhit/1.1 (+http://www.facebook.com/externalhit_uatext.php)" "ysfine.com"
52.167.144.35 - - [25/Feb/2023:05:03:07 -0800] "GET /world/ital/rome125.jpg HTTP/1.1" 200 98963 "-" "Mozilla/5.0 AppleWebKit/537.36 (KHTML, like Gecko; compatible; bingbot/2.0; +http://www.bing.com/bingbot.htm) Chrome/103.0.5060.134 Safari/537.36" "ysfine.com"
64.124.8.29 - - [25/Feb/2023:05:03:10 -0800] "GET /wdc/anna04.jpg HTTP/1.1" 200 109699 "-" "Mozilla/5.0 (Macintosh; Intel Mac OS X 10_15_7) AppleWebKit/537.36 (KHTML, like Gecko) Chrome/107.0.0.0 Safari/537.36" "ysfine.com"
64.124.8.29 - - [25/Feb/2023:05:03:21 -0800] "GET /people/wheezeil.jpg HTTP/1.1" 200 86472 "-" "Mozilla/5.0 (Macintosh; Intel Mac OS X 10_15_7) AppleWebKit/537.36 (KHTML, like Gecko) Chrome/107.0.0.0 Safari/537.36" "www.ysfine.com"
91.133.135.122 - - [25/Feb/2023:05:03:51 -0800] "GET /robots.txt HTTP/1.1" 404 88 "-" "Mozilla/5.0 (iPad; CPU OS 8_4 like Mac OS X) AppleWebKit/600.1.4 (KHTML, like Gecko) GSA/8.0.57838 Mobile/12H143 Safari/600.1.4" "ysfine.com"
91.133.157.220 - - [25/Feb/2023:05:03:51 -0800] "GET / HTTP/1.1" 200 5300 "-" "Mozilla/5.0 (iPod; U; CPU iPhone OS 4_3_1 like Mac OS X; zh-cn) AppleWebKit/533.17.9 (KHTML, like Gecko) Version/5.0.2 Mobile/8G4 Safari/6533.18.5" "ysfine.com"
64.124.8.52 - - [25/Feb/2023:05:03:52 -0800] "GET /world/france/montpar09.jpg HTTP/1.1" 200 138558 "-" "Mozilla/5.0 (Macintosh; Intel Mac OS X 10_15_7) AppleWebKit/537.36 (KHTML, like Gecko) Chrome/107.0.0.0 Safari/537.36" "ysfine.com"
64.124.8.28 - - [25/Feb/2023:05:04:40 -0800] "GET /world/scandi/copen038.jpg HTTP/1.1" 200 102032 "-" "Mozilla/5.0 (Macintosh; Intel Mac OS X 10_15_7) AppleWebKit/537.36 (KHTML, like Gecko) Chrome/107.0.0.0 Safari/537.36" "ysfine.com"
