207.46.13.220 - - [25/Feb/2023:14:30:32 -0800] "GET /people/klauder.jpg HTTP/1.1" 200 89143 "-" "Mozilla/5.0 AppleWebKit/537.36 (KHTML, like Gecko; compatible; bingbot/2.0; +http://www.bing.com/bingbot.htm) Chrome/103.0.5060.134 Safari/537.36" "www.ysfine.com"
64.124.8.50 - - [25/Feb/2023:14:30:39 -0800] "GET /world/ital/stcroce09.jpg HTTP/1.1" 200 97103 "-" "Mozilla/5.0 (Macintosh; Intel Mac OS X 10_15_7) AppleWebKit/537.36 (KHTML, like Gecko) Chrome/107.0.0.0 Safari/537.36" "ysfine.com"
216.244.66.229 - - [25/Feb/2023:14:30:44 -0800] "GET /world/russ/tchaikovhall01.jpg HTTP/1.1" 200 95636 "-" "Mozilla/5.0 (compatible; DotBot/1.2; +https://opensiteexplorer.org/dotbot; help@moz.com)" "www.ysfine.com"
64.124.8.53 - - [25/Feb/2023:14:31:01 -0800] "GET /einstein/evol.jpg HTTP/1.1" 404 88 "-" "Mozilla/5.0 (Macintosh; Intel Mac OS X 10_15_7) AppleWebKit/537.36 (KHTML, like Gecko) Chrome/107.0.0.0 Safari/537.36" "ysfine.com"
216.244.66.229 - - [25/Feb/2023:14:31:25 -0800] "GET /ffriends/malay03.jpg HTTP/1.1" 200 127812 "-" "Mozilla/5.0 (compatible; DotBot/1.2; +https://opensiteexplorer.org/dotbot; help@moz.com)" "ysfine.com"
64.124.8.49 - - [25/Feb/2023:14:31:30 -0800] "GET /manko/kim02.jpg HTTP/1.1" 200 69771 "-" "Mozilla/5.0 (Macintosh; Intel Mac OS X 10_15_7) AppleWebKit/537.36 (KHTML, like Gecko) Chrome/107.0.0.0 Safari/537.36" "ysfine.com"
114.119.151.192 - - [25/Feb/2023:14:31:33 -0800] "GET /home/feynman/feybongo77c.jpg HTTP/1.1" 404 88 "https://www.ysfine.com/home/yspapers/index.html" "Mozilla/5.0 (Linux; Android 7.0;) AppleWebKit/537.36 (KHTML, like Gecko) Mobile Safari/537.36 (compatible; PetalBot;+https://webmaster.petalsearch.com/site/petalbot)" "www.ysfine.com"
207.46.13.223 - - [25/Feb/2023:14:31:37 -0800] "GET /einstein/newton11.jpg HTTP/1.1" 200 116275 "-" "Mozilla/5.0 AppleWebKit/537.36 (KHTML, like Gecko; compatible; bingbot/2.0; +http://www.bing.com/bingbot.htm) Chrome/103.0.5060.134 Safari/537.36" "ysfine.com"
64.124.8.29 - - [25/Feb/2023:14:31:43 -0800] "GET /princeton/pumu17.jpg HTTP/1.1" 200 96899 "-" "Mozilla/5.0 (Macintosh; Intel Mac OS X 10_15_7) AppleWebKit/537.36 (KHTML, like Gecko) Chrome/107.0.0.0 Safari/537.36" "ysfine.com"
64.124.8.55 - - [25/Feb/2023:14:32:13 -0800] "GET /ysbio/world/poland/uprise03.jpg HTTP/1.1" 404 88 "-" "Mozilla/5.0 (Macintosh; Intel Mac OS X 10_15_7) AppleWebKit/537.36 (KHTML, like Gecko) Chrome/107.0.0.0 Safari/537.36" "www.ysfine.com"
216.244.66.229 - - [25/Feb/2023:14:32:15 -0800] "GET /style/musee/perga03.jpg HTTP/1.1" 200 75158 "-" "Mozilla/5.0 (compatible; DotBot/1.2; +https://opensiteexplorer.org/dotbot; help@moz.com)" "ysfine.com"
216.244.66.229 - - [25/Feb/2023:14:32:47 -0800] "GET /usca/vegas/exca01.jpg HTTP/1.1" 200 105219 "-" "Mozilla/5.0 (compatible; DotBot/1.2; +https://opensiteexplorer.org/dotbot; help@moz.com)" "ysfine.com"
114.119.152.245 - - [25/Feb/2023:14:32:54 -0800] "GET /awards/viaitora.pdf HTTP/1.1" 200 1249265 "https://www.ysfine.com/awards/index.html" "Mozilla/5.0 (Linux; Android 7.0;) AppleWebKit/537.36 (KHTML, like Gecko) Mobile Safari/537.36 (compatible; PetalBot;+https://webmaster.petalsearch.com/site/petalbot)" "www.ysfine.com"
40.77.167.178 - - [25/Feb/2023:14:33:01 -0800] "GET /kobak/taylor11b.jpg HTTP/1.1" 200 42467 "-" "Mozilla/5.0 AppleWebKit/537.36 (KHTML, like Gecko; compatible; bingbot/2.0; +http://www.bing.com/bingbot.htm) Chrome/103.0.5060.134 Safari/537.36" "ysfine.com"
65.215.34.66 - - [25/Feb/2023:14:33:23 -0800] "GET /archives/proceedings/boston/walther.pdf HTTP/1.1" 200 965373 "https://www.google.com/" "Mozilla/5.0 (Windows NT 10.0; Win64; x64) AppleWebKit/537.36 (KHTML, like Gecko) Chrome/110.0.0.0 Safari/537.36" "www.ysfine.com"
65.215.34.66 - - [25/Feb/2023:14:33:23 -0800] "GET /favicon.ico HTTP/1.1" 404 88 "https://www.ysfine.com/archives/proceedings/boston/walther.pdf" "Mozilla/5.0 (Windows NT 10.0; Win64; x64) AppleWebKit/537.36 (KHTML, like Gecko) Chrome/110.0.0.0 Safari/537.36" "www.ysfine.com"
216.244.66.229 - - [25/Feb/2023:14:33:27 -0800] "GET /world/russ/kazan050.jpg HTTP/1.1" 200 73963 "-" "Mozilla/5.0 (compatible; DotBot/1.2; +https://opensiteexplorer.org/dotbot; help@moz.com)" "ysfine.com"
193.186.4.65 - - [25/Feb/2023:14:33:37 -0800] "GET /world/brit/etonharrow.html HTTP/1.1" 200 4544 "-" "Mozilla/5.0 (Linux; Android 10; K) AppleWebKit/537.36 (KHTML, like Gecko) Chrome/110.0.0.0 Mobile Safari/537.36" "ysfine.com"
64.124.8.50 - - [25/Feb/2023:14:33:45 -0800] "GET /einstein/places/einmu52.jpg HTTP/1.1" 200 80374 "-" "Mozilla/5.0 (Macintosh; Intel Mac OS X 10_15_7) AppleWebKit/537.36 (KHTML, like Gecko) Chrome/107.0.0.0 Safari/537.36" "www.ysfine.com"
64.124.8.57 - - [25/Feb/2023:14:34:00 -0800] "GET /ysbio/world/latina/sambario14.jpg HTTP/1.1" 404 88 "-" "Mozilla/5.0 (Macintosh; Intel Mac OS X 10_15_7) AppleWebKit/537.36 (KHTML, like Gecko) Chrome/107.0.0.0 Safari/537.36" "www.ysfine.com"
40.77.167.178 - - [25/Feb/2023:14:34:11 -0800] "GET /einstein/heisen66.jpg HTTP/1.1" 200 82082 "-" "Mozilla/5.0 AppleWebKit/537.36 (KHTML, like Gecko; compatible; bingbot/2.0; +http://www.bing.com/bingbot.htm) Chrome/103.0.5060.134 Safari/537.36" "ysfine.com"
64.124.8.53 - - [25/Feb/2023:14:34:17 -0800] "GET /world/poland/sienkiew07.jpg HTTP/1.1" 200 173287 "-" "Mozilla/5.0 (Macintosh; Intel Mac OS X 10_15_7) AppleWebKit/537.36 (KHTML, like Gecko) Chrome/107.0.0.0 Safari/537.36" "www.ysfine.com"
114.119.130.33 - - [25/Feb/2023:14:34:17 -0800] "GET /world/florence.html HTTP/1.1" 200 9706 "https://ysfine.com/class54/emailed02.html" "Mozilla/5.0 (Linux; Android 7.0;) AppleWebKit/537.36 (KHTML, like Gecko) Mobile Safari/537.36 (compatible; PetalBot;+https://webmaster.petalsearch.com/site/petalbot)" "ysfine.com"
64.124.8.54 - - [25/Feb/2023:14:34:41 -0800] "GET /ysbio/einstein/places/einmu16.jpg HTTP/1.1" 404 88 "-" "Mozilla/5.0 (Macintosh; Intel Mac OS X 10_15_7) AppleWebKit/537.36 (KHTML, like Gecko) Chrome/107.0.0.0 Safari/537.36" "ysfine.com"
178.117.139.174 - - [25/Feb/2023:14:36:32 -0800] "GET /kowar/kowar001.jpg HTTP/1.1" 200 240938 "https://www.google.com/" "Mozilla/5.0 (Windows NT 10.0; Win64; x64) AppleWebKit/537.36 (KHTML, like Gecko) Chrome/110.0.0.0 Safari/537.36" "ysfine.com"
64.124.8.57 - - [25/Feb/2023:14:36:57 -0800] "GET /world/france/champbenz07.jpg HTTP/1.1" 200 127034 "-" "Mozilla/5.0 (Macintosh; Intel Mac OS X 10_15_7) AppleWebKit/537.36 (KHTML, like Gecko) Chrome/107.0.0.0 Safari/537.36" "www.ysfine.com"
178.143.43.168 - - [25/Feb/2023:14:37:10 -0800] "GET /feynman/jf2.jpg HTTP/1.1" 200 10558 "https://www.google.com/" "Mozilla/5.0 (iPhone; CPU iPhone OS 16_0_2 like Mac OS X) AppleWebKit/605.1.15 (KHTML, like Gecko) Version/16.0 Mobile/15E148 Safari/604.1" "ysfine.com"
64.124.8.29 - - [25/Feb/2023:14:37:37 -0800] "GET /ysbio/wdc/umd07.jpg HTTP/1.1" 404 88 "-" "Mozilla/5.0 (Macintosh; Intel Mac OS X 10_15_7) AppleWebKit/537.36 (KHTML, like Gecko) Chrome/107.0.0.0 Safari/537.36" "ysfine.com"
40.77.167.178 - - [25/Feb/2023:14:37:41 -0800] "GET /world/russ/mosmusic32.jpg HTTP/1.1" 200 101584 "-" "Mozilla/5.0 AppleWebKit/537.36 (KHTML, like Gecko; compatible; bingbot/2.0; +http://www.bing.com/bingbot.htm) Chrome/103.0.5060.134 Safari/537.36" "www.ysfine.com"
64.124.8.28 - - [25/Feb/2023:14:40:22 -0800] "GET /kowar/mil/tank05.jpg HTTP/1.1" 404 88 "-" "Mozilla/5.0 (Macintosh; Intel Mac OS X 10_15_7) AppleWebKit/537.36 (KHTML, like Gecko) Chrome/107.0.0.0 Safari/537.36" "ysfine.com"
91.133.180.12 - - [25/Feb/2023:14:40:49 -0800] "GET /robots.txt HTTP/1.1" 404 88 "-" "Mozilla/5.0 (Linux; Android 4.4.2; RCT6203W46 Build/KOT49H) AppleWebKit/537.36 (KHTML, like Gecko) Chrome/45.0.2454.84 Safari/537.36" "ysfine.com"
5.210.5.69 - - [25/Feb/2023:14:40:49 -0800] "GET / HTTP/1.1" 200 5300 "-" "Mozilla/5.0 (Linux; Android 4.4.4; XT1080 Build/SU6-7.2) AppleWebKit/537.36 (KHTML, like Gecko) Chrome/45.0.2454.84 Mobile Safari/537.36" "ysfine.com"
64.124.8.53 - - [25/Feb/2023:14:40:53 -0800] "GET /world/france/champ10.jpg HTTP/1.1" 200 165045 "-" "Mozilla/5.0 (Macintosh; Intel Mac OS X 10_15_7) AppleWebKit/537.36 (KHTML, like Gecko) Chrome/107.0.0.0 Safari/537.36" "ysfine.com"
216.244.66.229 - - [25/Feb/2023:14:41:12 -0800] "GET /princeton/gcollege.html HTTP/1.1" 200 1314 "-" "Mozilla/5.0 (compatible; DotBot/1.2; +https://opensiteexplorer.org/dotbot; help@moz.com)" "www.ysfine.com"
216.244.66.229 - - [25/Feb/2023:14:41:13 -0800] "GET /wdc/capitol22.jpg HTTP/1.1" 200 50223 "-" "Mozilla/5.0 (compatible; DotBot/1.2; +https://opensiteexplorer.org/dotbot; help@moz.com)" "www.ysfine.com"
216.244.66.229 - - [25/Feb/2023:14:41:14 -0800] "GET /class54/nam/index.html HTTP/1.1" 200 190 "-" "Mozilla/5.0 (compatible; DotBot/1.2; +https://opensiteexplorer.org/dotbot; help@moz.com)" "ysfine.com"
216.244.66.229 - - [25/Feb/2023:14:41:14 -0800] "GET /princeton/mccosh11.jpg HTTP/1.1" 200 95272 "-" "Mozilla/5.0 (compatible; DotBot/1.2; +https://opensiteexplorer.org/dotbot; help@moz.com)" "ysfine.com"
216.244.66.229 - - [25/Feb/2023:14:41:15 -0800] "GET /sbk/2002ucla11.jpg HTTP/1.1" 200 226282 "-" "Mozilla/5.0 (compatible; DotBot/1.2; +https://opensiteexplorer.org/dotbot; help@moz.com)" "ysfine.com"
216.244.66.229 - - [25/Feb/2023:14:42:00 -0800] "GET /sbk/2005na11.jpg HTTP/1.1" 200 85110 "-" "Mozilla/5.0 (compatible; DotBot/1.2; +https://opensiteexplorer.org/dotbot; help@moz.com)" "ysfine.com"
51.222.253.1 - - [25/Feb/2023:14:42:07 -0800] "GET /remote/wigner111/index.html HTTP/1.1" 200 907 "-" "Mozilla/5.0 (compatible; AhrefsBot/7.0; +http://ahrefs.com/robot/)" "www.ysfine.com"
31.2.199.200 - - [25/Feb/2023:14:42:18 -0800] "GET /robots.txt HTTP/1.1" 404 88 "-" "Mozilla/5.0 (iPhone; U; CPU iPhone OS 4_3 like Mac OS X; fr-fr) AppleWebKit/533.17.9 (KHTML, like Gecko) Version/5.0.2 Mobile/8F190 Safari/6533.18.5" "ysfine.com"
91.133.169.234 - - [25/Feb/2023:14:42:18 -0800] "GET / HTTP/1.1" 200 5300 "-" "Mozilla/5.0 (X11; CrOS x86_64 7262.52.0) AppleWebKit/537.36 (KHTML, like Gecko) Chrome/45.0.2454.86 Safari/537.36" "ysfine.com"
216.244.66.229 - - [25/Feb/2023:14:42:30 -0800] "GET /sbk/2013nanjing01.jpg HTTP/1.1" 200 103195 "-" "Mozilla/5.0 (compatible; DotBot/1.2; +https://opensiteexplorer.org/dotbot; help@moz.com)" "ysfine.com"
216.244.66.229 - - [25/Feb/2023:14:42:59 -0800] "GET /wigner/cylinder11.jpg HTTP/1.1" 200 71192 "-" "Mozilla/5.0 (compatible; DotBot/1.2; +https://opensiteexplorer.org/dotbot; help@moz.com)" "ysfine.com"
194.38.23.10 - - [25/Feb/2023:14:43:12 -0800] "GET /components/com_jbusinessdirectory/assets/uploadFile.php HTTP/1.1" 404 73 "-" "ALittle Client" "ysfine.com"
64.124.8.54 - - [25/Feb/2023:14:43:30 -0800] "GET /dirac/hwk58.jpg HTTP/1.1" 200 72870 "-" "Mozilla/5.0 (Macintosh; Intel Mac OS X 10_15_7) AppleWebKit/537.36 (KHTML, like Gecko) Chrome/107.0.0.0 Safari/537.36" "ysfine.com"
173.252.83.21 - - [25/Feb/2023:14:43:43 -0800] "GET /ffriends/costarica01c.jpg HTTP/1.1" 200 37550 "-" "facebookexternalhit/1.1 (+http://www.facebook.com/externalhit_uatext.php)" "ysfine.com"
31.2.242.152 - - [25/Feb/2023:14:43:46 -0800] "GET /robots.txt HTTP/1.1" 404 88 "-" "Mozilla/5.0 (iPad; CPU OS 8_4_1 like Mac OS X) AppleWebKit/600.1.4 (KHTML, like Gecko) Mobile/12H321 [Pinterest/iOS]" "ysfine.com"
91.133.222.66 - - [25/Feb/2023:14:43:46 -0800] "GET / HTTP/1.1" 200 5300 "-" "Mozilla/5.0 (Linux; U; Android 4.0.3; en-ca; KFOT Build/IML74K) AppleWebKit/537.36 (KHTML, like Gecko) Silk/3.68 like Chrome/39.0.2171.93 Safari/537.36" "ysfine.com"
64.124.8.57 - - [25/Feb/2023:14:44:43 -0800] "GET /world/france/sorbonne21.jpg HTTP/1.1" 200 78323 "-" "Mozilla/5.0 (Macintosh; Intel Mac OS X 10_15_7) AppleWebKit/537.36 (KHTML, like Gecko) Chrome/107.0.0.0 Safari/537.36" "ysfine.com"
192.0.100.11 - - [25/Feb/2023:14:44:57 -0800] "GET /style/smithonian.jpg HTTP/1.1" 200 88645 "-" "Photon/1.0" "ysfine.com"
173.252.83.7 - - [25/Feb/2023:14:44:57 -0800] "GET /ffriends/iraq01b.jpg HTTP/1.1" 200 40676 "-" "facebookexternalhit/1.1 (+http://www.facebook.com/externalhit_uatext.php)" "ysfine.com"
47.147.52.84 - - [25/Feb/2023:14:45:06 -0800] "GET /dirac/wigsis11.jpg HTTP/1.1" 200 71741 "https://www.google.com/" "Mozilla/5.0 (Linux; Android 11; SM-A505U) AppleWebKit/537.36 (KHTML, like Gecko) Chrome/110.0.0.0 Mobile Safari/537.36" "ysfine.com"
64.124.8.54 - - [25/Feb/2023:14:45:11 -0800] "GET /ysbio/world/hungary/buda042.jpg HTTP/1.1" 404 88 "-" "Mozilla/5.0 (Macintosh; Intel Mac OS X 10_15_7) AppleWebKit/537.36 (KHTML, like Gecko) Chrome/107.0.0.0 Safari/537.36" "ysfine.com"
40.77.167.178 - - [25/Feb/2023:14:45:42 -0800] "GET /home/family18.jpg HTTP/1.1" 200 246892 "-" "Mozilla/5.0 AppleWebKit/537.36 (KHTML, like Gecko; compatible; bingbot/2.0; +http://www.bing.com/bingbot.htm) Chrome/103.0.5060.134 Safari/537.36" "ysfine.com"
51.174.183.0 - - [25/Feb/2023:14:45:48 -0800] "GET /world/balkan/inokim77.jpg HTTP/1.1" 200 160442 "https://www.google.com/" "Mozilla/5.0 (Windows NT 10.0; Win64; x64) AppleWebKit/537.36 (KHTML, like Gecko) Chrome/110.0.0.0 Safari/537.36" "ysfine.com"
64.124.8.50 - - [25/Feb/2023:14:46:00 -0800] "GET /world/france/stras28.jpg HTTP/1.1" 200 137781 "-" "Mozilla/5.0 (Macintosh; Intel Mac OS X 10_15_7) AppleWebKit/537.36 (KHTML, like Gecko) Chrome/107.0.0.0 Safari/537.36" "ysfine.com"
64.124.8.48 - - [25/Feb/2023:14:46:50 -0800] "GET /princeton/class1925c.jpg HTTP/1.1" 200 120003 "-" "Mozilla/5.0 (Macintosh; Intel Mac OS X 10_15_7) AppleWebKit/537.36 (KHTML, like Gecko) Chrome/107.0.0.0 Safari/537.36" "ysfine.com"
207.46.13.220 - - [25/Feb/2023:14:47:36 -0800] "GET /princeton/nassinf06.jpg HTTP/1.1" 200 64289 "-" "Mozilla/5.0 AppleWebKit/537.36 (KHTML, like Gecko; compatible; bingbot/2.0; +http://www.bing.com/bingbot.htm) Chrome/103.0.5060.134 Safari/537.36" "ysfine.com"
64.124.8.28 - - [25/Feb/2023:14:47:44 -0800] "GET /newyork/trump10.jpg HTTP/1.1" 200 96504 "-" "Mozilla/5.0 (Macintosh; Intel Mac OS X 10_15_7) AppleWebKit/537.36 (KHTML, like Gecko) Chrome/107.0.0.0 Safari/537.36" "ysfine.com"
5.210.184.209 - - [25/Feb/2023:14:47:45 -0800] "GET / HTTP/1.1" 200 5300 "-" "Mozilla/5.0 (iPad; CPU OS 8_4 like Mac OS X) AppleWebKit/600.1.4 (KHTML, like Gecko) GSA/6.0.51363 Mobile/12H143 Safari/600.1.4" "ysfine.com"
91.133.152.45 - - [25/Feb/2023:14:47:45 -0800] "GET /robots.txt HTTP/1.1" 404 88 "-" "Mozilla/5.0 (X11; CrOS armv7l 6946.86.0) AppleWebKit/537.36 (KHTML, like Gecko) Chrome/43.0.2357.134 Safari/537.36" "ysfine.com"
64.124.8.50 - - [25/Feb/2023:14:47:45 -0800] "GET /world/ital/stcroce11.jpg HTTP/1.1" 200 60316 "-" "Mozilla/5.0 (Macintosh; Intel Mac OS X 10_15_7) AppleWebKit/537.36 (KHTML, like Gecko) Chrome/107.0.0.0 Safari/537.36" "www.ysfine.com"
64.124.8.48 - - [25/Feb/2023:14:48:16 -0800] "GET /world/balkan/istan072.jpg HTTP/1.1" 200 76637 "-" "Mozilla/5.0 (Macintosh; Intel Mac OS X 10_15_7) AppleWebKit/537.36 (KHTML, like Gecko) Chrome/107.0.0.0 Safari/537.36" "www.ysfine.com"
173.252.83.9 - - [25/Feb/2023:14:48:19 -0800] "GET /ffriends/amkor/jpmos16b.jpg HTTP/1.1" 200 46744 "-" "facebookexternalhit/1.1 (+http://www.facebook.com/externalhit_uatext.php)" "ysfine.com"
52.167.144.39 - - [25/Feb/2023:14:48:28 -0800] "GET /world/germany/berlin171.jpg HTTP/1.1" 200 163978 "-" "Mozilla/5.0 AppleWebKit/537.36 (KHTML, like Gecko; compatible; bingbot/2.0; +http://www.bing.com/bingbot.htm) Chrome/103.0.5060.134 Safari/537.36" "www.ysfine.com"
173.252.83.24 - - [25/Feb/2023:14:48:30 -0800] "GET /world/china/beijing012b.jpg HTTP/1.1" 200 40731 "-" "facebookexternalhit/1.1 (+http://www.facebook.com/externalhit_uatext.php)" "ysfine.com"
69.171.251.13 - - [25/Feb/2023:14:48:55 -0800] "GET /world/baltic/kalin22.jpg HTTP/1.1" 200 152819 "-" "Mozilla/5.0 (X11; Ubuntu; Linux x86_64; rv:72.0) Gecko/20100101 Firefox/72.0" "ysfine.com"
66.249.66.15 - - [25/Feb/2023:14:49:53 -0800] "GET /style/picasso11b.jpg HTTP/1.1" 304 - "-" "Googlebot-Image/1.0" "ysfine.com"
52.167.144.62 - - [25/Feb/2023:14:50:22 -0800] "GET /world/russ/redsq49.jpg HTTP/1.1" 200 122299 "-" "Mozilla/5.0 AppleWebKit/537.36 (KHTML, like Gecko; compatible; bingbot/2.0; +http://www.bing.com/bingbot.htm) Chrome/103.0.5060.134 Safari/537.36" "www.ysfine.com"
173.252.83.11 - - [25/Feb/2023:14:50:27 -0800] "GET /princeton/yspr58d.jpg HTTP/1.1" 200 62585 "-" "facebookexternalhit/1.1 (+http://www.facebook.com/externalhit_uatext.php)" "ysfine.com"
64.124.8.53 - - [25/Feb/2023:14:50:33 -0800] "GET /world/scandi/sto001.jpg HTTP/1.1" 200 111684 "http://ysfine.com/world/scandi/sto001.jpg" "Mozilla/5.0 (Macintosh; Intel Mac OS X 10_15_7) AppleWebKit/537.36 (KHTML, like Gecko) Chrome/107.0.0.0 Safari/537.36" "ysfine.com"
216.244.66.229 - - [25/Feb/2023:14:50:36 -0800] "GET /robots.txt HTTP/1.1" 404 73 "-" "Mozilla/5.0 (compatible; DotBot/1.2; +https://opensiteexplorer.org/dotbot; help@moz.com)" "www.ysfine.com"
64.124.8.50 - - [25/Feb/2023:14:51:06 -0800] "GET /ysbio/world/france/eiffel09.jpg HTTP/1.1" 404 88 "-" "Mozilla/5.0 (Macintosh; Intel Mac OS X 10_15_7) AppleWebKit/537.36 (KHTML, like Gecko) Chrome/107.0.0.0 Safari/537.36" "ysfine.com"
91.133.175.39 - - [25/Feb/2023:14:51:09 -0800] "GET /robots.txt HTTP/1.1" 404 88 "-" "Mozilla/5.0 (iPad; CPU OS 8_1_1 like Mac OS X) AppleWebKit/600.1.4 (KHTML, like Gecko) Version/8.0 Mobile/12B435 Safari/600.1.4" "ysfine.com"
91.133.223.86 - - [25/Feb/2023:14:51:09 -0800] "GET / HTTP/1.1" 200 5300 "-" "Mozilla/5.0 (X11; Linux i686) AppleWebKit/537.36 (KHTML, like Gecko) Chrome/45.0.2454.85 Safari/537.36" "ysfine.com"
64.124.8.55 - - [25/Feb/2023:14:51:10 -0800] "GET /wdc/washmo15.jpg HTTP/1.1" 200 85954 "-" "Mozilla/5.0 (Macintosh; Intel Mac OS X 10_15_7) AppleWebKit/537.36 (KHTML, like Gecko) Chrome/107.0.0.0 Safari/537.36" "www.ysfine.com"
64.124.8.50 - - [25/Feb/2023:14:51:13 -0800] "GET /people/klauder05.jpg HTTP/1.1" 200 107163 "-" "Mozilla/5.0 (Macintosh; Intel Mac OS X 10_15_7) AppleWebKit/537.36 (KHTML, like Gecko) Chrome/107.0.0.0 Safari/537.36" "ysfine.com"
5.52.191.218 - - [25/Feb/2023:14:51:14 -0800] "GET / HTTP/1.1" 200 5300 "-" "Mozilla/5.0 (iPad; CPU OS 8_3 like Mac OS X) AppleWebKit/600.1.4 (KHTML, like Gecko) CriOS/43.0.2357.61 Mobile/12F69 Safari/600.1.4" "ysfine.com"
91.133.210.106 - - [25/Feb/2023:14:51:14 -0800] "GET /robots.txt HTTP/1.1" 404 88 "-" "Mozilla/5.0 (iPad; CPU OS 7_0_2 like Mac OS X) AppleWebKit/537.51.1 (KHTML, like Gecko) Version/7.0 Mobile/11A501 Safari/9537.53" "ysfine.com"
64.124.8.55 - - [25/Feb/2023:14:51:28 -0800] "GET /world/ital/verona03.jpg HTTP/1.1" 200 80264 "-" "Mozilla/5.0 (Macintosh; Intel Mac OS X 10_15_7) AppleWebKit/537.36 (KHTML, like Gecko) Chrome/107.0.0.0 Safari/537.36" "www.ysfine.com"
64.124.8.55 - - [25/Feb/2023:14:51:35 -0800] "GET /ysbio/world/latina/rio051.jpg HTTP/1.1" 404 88 "-" "Mozilla/5.0 (Macintosh; Intel Mac OS X 10_15_7) AppleWebKit/537.36 (KHTML, like Gecko) Chrome/107.0.0.0 Safari/537.36" "www.ysfine.com"
52.167.144.35 - - [25/Feb/2023:14:52:09 -0800] "GET /bio/style/artlove.html HTTP/1.1" 404 88 "-" "Mozilla/5.0 AppleWebKit/537.36 (KHTML, like Gecko; compatible; bingbot/2.0; +http://www.bing.com/bingbot.htm) Chrome/103.0.5060.134 Safari/537.36" "ysfine.com"
207.46.13.223 - - [25/Feb/2023:14:52:20 -0800] "GET /world/france/upmc28.jpg HTTP/1.1" 200 166677 "-" "Mozilla/5.0 AppleWebKit/537.36 (KHTML, like Gecko; compatible; bingbot/2.0; +http://www.bing.com/bingbot.htm) Chrome/103.0.5060.134 Safari/537.36" "ysfine.com"
71.178.208.102 - - [25/Feb/2023:14:52:59 -0800] "GET /ys11/ HTTP/1.1" 304 - "-" "Mozilla/5.0 (Windows NT 10.0; Win64; x64) AppleWebKit/537.36 (KHTML, like Gecko) Chrome/110.0.0.0 Safari/537.36 Edg/110.0.1587.50" "ysfine.com"
216.244.66.229 - - [25/Feb/2023:14:53:25 -0800] "GET /auto/fotos/seoul50.jpg HTTP/1.1" 200 181490 "-" "Mozilla/5.0 (compatible; DotBot/1.2; +https://opensiteexplorer.org/dotbot; help@moz.com)" "www.ysfine.com"
64.124.8.48 - - [25/Feb/2023:14:53:39 -0800] "GET /ysbio/newyork/colum10.jpg HTTP/1.1" 404 88 "-" "Mozilla/5.0 (Macintosh; Intel Mac OS X 10_15_7) AppleWebKit/537.36 (KHTML, like Gecko) Chrome/107.0.0.0 Safari/537.36" "ysfine.com"
71.178.208.102 - - [25/Feb/2023:14:53:52 -0800] "GET /ys11/index.html HTTP/1.1" 304 - "https://www.bing.com/" "Mozilla/5.0 (Windows NT 10.0; Win64; x64; rv:109.0) Gecko/20100101 Firefox/110.0" "www.ysfine.com"
190.92.33.28 - - [25/Feb/2023:14:54:32 -0800] "GET /feynman/millik.jpg HTTP/1.1" 200 79301 "http://solounacosatefalta.blogspot.com/" "Mozilla/5.0 (Windows NT 10.0; Win64; x64; rv:109.0) Gecko/20100101 Firefox/110.0" "ysfine.com"
52.167.144.35 - - [25/Feb/2023:14:54:39 -0800] "GET /bio/kobak/yskor.html HTTP/1.1" 404 88 "-" "Mozilla/5.0 AppleWebKit/537.36 (KHTML, like Gecko; compatible; bingbot/2.0; +http://www.bing.com/bingbot.htm) Chrome/103.0.5060.134 Safari/537.36" "ysfine.com"
216.244.66.229 - - [25/Feb/2023:14:54:51 -0800] "GET /auto/fotos/photo08.jpg HTTP/1.1" 200 116704 "-" "Mozilla/5.0 (compatible; DotBot/1.2; +https://opensiteexplorer.org/dotbot; help@moz.com)" "www.ysfine.com"
216.244.66.229 - - [25/Feb/2023:14:55:23 -0800] "GET /home/home/top21.jpg HTTP/1.1" 404 73 "-" "Mozilla/5.0 (compatible; DotBot/1.2; +https://opensiteexplorer.org/dotbot; help@moz.com)" "www.ysfine.com"
207.46.13.220 - - [25/Feb/2023:14:56:25 -0800] "GET /world/latina/rio057.jpg HTTP/1.1" 200 102536 "-" "Mozilla/5.0 AppleWebKit/537.36 (KHTML, like Gecko; compatible; bingbot/2.0; +http://www.bing.com/bingbot.htm) Chrome/103.0.5060.134 Safari/537.36" "ysfine.com"
12.51.221.141 - - [25/Feb/2023:14:56:41 -0800] "GET /world/france/arusas01.jpg HTTP/1.1" 200 364636 "https://www.google.com/" "Mozilla/5.0 (Windows NT 10.0; Win64; x64) AppleWebKit/537.36 (KHTML, like Gecko) Chrome/110.0.0.0 Safari/537.36" "ysfine.com"
173.252.83.2 - - [25/Feb/2023:14:56:51 -0800] "GET /people/wheemaine2.jpg HTTP/1.1" 200 34617 "-" "facebookexternalhit/1.1 (+http://www.facebook.com/externalhit_uatext.php)" "ysfine.com"
173.252.83.16 - - [25/Feb/2023:14:56:52 -0800] "GET /ffriends/amkor/prgr02c.jpg HTTP/1.1" 200 41533 "-" "facebookexternalhit/1.1 (+http://www.facebook.com/externalhit_uatext.php)" "ysfine.com"
40.77.167.178 - - [25/Feb/2023:14:56:53 -0800] "GET /feynman/feyprince.jpg HTTP/1.1" 200 62002 "-" "Mozilla/5.0 AppleWebKit/537.36 (KHTML, like Gecko; compatible; bingbot/2.0; +http://www.bing.com/bingbot.htm) Chrome/103.0.5060.134 Safari/537.36" "ysfine.com"
64.124.8.57 - - [25/Feb/2023:14:57:32 -0800] "GET /ysbio/usca/pitt/knee11.jpg HTTP/1.1" 404 88 "-" "Mozilla/5.0 (Macintosh; Intel Mac OS X 10_15_7) AppleWebKit/537.36 (KHTML, like Gecko) Chrome/107.0.0.0 Safari/537.36" "www.ysfine.com"
64.124.8.50 - - [25/Feb/2023:14:57:46 -0800] "GET /world/russ/kiev001.jpg HTTP/1.1" 200 170854 "-" "Mozilla/5.0 (Macintosh; Intel Mac OS X 10_15_7) AppleWebKit/537.36 (KHTML, like Gecko) Chrome/107.0.0.0 Safari/537.36" "ysfine.com"
94.191.153.80 - - [25/Feb/2023:14:58:35 -0800] "GET /maga/histo/oscar33.jpg HTTP/1.1" 200 140181 "https://www.google.se/" "Mozilla/5.0 (iPhone; CPU iPhone OS 16_3 like Mac OS X) AppleWebKit/605.1.15 (KHTML, like Gecko) Version/16.3 Mobile/15E148 Safari/604.1" "ysfine.com"
64.124.8.57 - - [25/Feb/2023:14:59:11 -0800] "GET /einstein/eindcmap11.jpg HTTP/1.1" 404 88 "-" "Mozilla/5.0 (Macintosh; Intel Mac OS X 10_15_7) AppleWebKit/537.36 (KHTML, like Gecko) Chrome/107.0.0.0 Safari/537.36" "ysfine.com"
64.124.8.54 - - [25/Feb/2023:14:59:21 -0800] "GET /usca/va/uva01.jpg HTTP/1.1" 200 280370 "-" "Mozilla/5.0 (Macintosh; Intel Mac OS X 10_15_7) AppleWebKit/537.36 (KHTML, like Gecko) Chrome/107.0.0.0 Safari/537.36" "www.ysfine.com"
64.124.8.50 - - [25/Feb/2023:14:59:28 -0800] "GET /eink/eink51.jpg HTTP/1.1" 200 144868 "-" "Mozilla/5.0 (Macintosh; Intel Mac OS X 10_15_7) AppleWebKit/537.36 (KHTML, like Gecko) Chrome/107.0.0.0 Safari/537.36" "ysfine.com"
207.46.13.220 - - [25/Feb/2023:15:00:22 -0800] "GET /bio.html HTTP/1.1" 200 18260 "-" "Mozilla/5.0 AppleWebKit/537.36 (KHTML, like Gecko; compatible; bingbot/2.0; +http://www.bing.com/bingbot.htm) Chrome/103.0.5060.134 Safari/537.36" "ysfine.com"
64.124.8.57 - - [25/Feb/2023:15:01:41 -0800] "GET /wigner/narco.jpg HTTP/1.1" 200 95166 "-" "Mozilla/5.0 (Macintosh; Intel Mac OS X 10_15_7) AppleWebKit/537.36 (KHTML, like Gecko) Chrome/107.0.0.0 Safari/537.36" "ysfine.com"
73.149.118.133 - - [25/Feb/2023:15:02:12 -0800] "GET /usca/pitt/cmall04.jpg HTTP/1.1" 200 70991 "https://images.search.yahoo.com/search/images;_ylt=AwrErcuGkvpj9y8HPASJzbkF;_ylu=c2xrA3RleHQEaXQDQWxzb1RyeV9OBHNlYwNyZWwEcG9zAzE-?p=Carnegie%20Mellon%20University%20Campus&fr2=p:s,v:i,m:rs-top,ct:bing,rgn:top,pos:1&fr=mcafee&type=E211US714G0" "Mozilla/5.0 (Windows NT 10.0; Win64; x64) AppleWebKit/537.36 (KHTML, like Gecko) Chrome/109.0.0.0 Safari/537.36" "ysfine.com"
64.124.8.50 - - [25/Feb/2023:15:02:58 -0800] "GET /kobak/underw03.jpg HTTP/1.1" 200 173917 "-" "Mozilla/5.0 (Macintosh; Intel Mac OS X 10_15_7) AppleWebKit/537.36 (KHTML, like Gecko) Chrome/107.0.0.0 Safari/537.36" "ysfine.com"
40.77.167.178 - - [25/Feb/2023:15:04:04 -0800] "GET /maga/phys/yukawa.html HTTP/1.1" 404 88 "-" "Mozilla/5.0 AppleWebKit/537.36 (KHTML, like Gecko; compatible; bingbot/2.0; +http://www.bing.com/bingbot.htm) Chrome/103.0.5060.134 Safari/537.36" "www.ysfine.com"
64.124.8.57 - - [25/Feb/2023:15:04:50 -0800] "GET /style/music/spbm02.jpg HTTP/1.1" 200 143388 "-" "Mozilla/5.0 (Macintosh; Intel Mac OS X 10_15_7) AppleWebKit/537.36 (KHTML, like Gecko) Chrome/107.0.0.0 Safari/537.36" "ysfine.com"
52.167.144.62 - - [25/Feb/2023:15:05:25 -0800] "GET /home/philo/ewk.html HTTP/1.1" 200 1816 "-" "Mozilla/5.0 AppleWebKit/537.36 (KHTML, like Gecko; compatible; bingbot/2.0; +http://www.bing.com/bingbot.htm) Chrome/103.0.5060.134 Safari/537.36" "ysfine.com"
73.92.67.196 - - [25/Feb/2023:15:05:50 -0800] "GET /dirac/dirosc.pdf HTTP/1.1" 200 41985 "https://www.google.com/" "Mozilla/5.0 (Windows NT 10.0; Win64; x64) AppleWebKit/537.36 (KHTML, like Gecko) Chrome/110.0.0.0 Safari/537.36" "ysfine.com"
74.211.0.230 - - [25/Feb/2023:15:06:07 -0800] "GET /princeton/brooke88.jpg HTTP/1.1" 200 82208 "https://www.google.com/" "Mozilla/5.0 (iPhone; CPU iPhone OS 16_3_1 like Mac OS X) AppleWebKit/605.1.15 (KHTML, like Gecko) Version/16.3 Mobile/15E148 Safari/604.1" "ysfine.com"
74.211.0.230 - - [25/Feb/2023:15:06:10 -0800] "GET /princeton/brooke22.jpg HTTP/1.1" 200 87673 "https://www.google.com/" "Mozilla/5.0 (iPhone; CPU iPhone OS 16_3_1 like Mac OS X) AppleWebKit/605.1.15 (KHTML, like Gecko) Version/16.3 Mobile/15E148 Safari/604.1" "ysfine.com"
71.178.208.102 - - [25/Feb/2023:15:06:57 -0800] "GET /ys11/ HTTP/1.1" 200 3508 "-" "Mozilla/5.0 (Windows NT 10.0; Win64; x64) AppleWebKit/537.36 (KHTML, like Gecko) Chrome/109.0.5414.120 Safari/537.36" "ysfine.com"
71.178.208.102 - - [25/Feb/2023:15:07:08 -0800] "GET /auto/bio15.html HTTP/1.1" 200 3303 "https://ysfine.com/ys11/" "Mozilla/5.0 (Windows NT 10.0; Win64; x64) AppleWebKit/537.36 (KHTML, like Gecko) Chrome/109.0.5414.120 Safari/537.36" "ysfine.com"
71.178.208.102 - - [25/Feb/2023:15:07:08 -0800] "GET /world/coke800.jpg HTTP/1.1" 200 60600 "https://ysfine.com/auto/bio15.html" "Mozilla/5.0 (Windows NT 10.0; Win64; x64) AppleWebKit/537.36 (KHTML, like Gecko) Chrome/109.0.5414.120 Safari/537.36" "ysfine.com"
71.178.208.102 - - [25/Feb/2023:15:07:08 -0800] "GET /home/taylor400.jpg HTTP/1.1" 200 56181 "https://ysfine.com/auto/bio15.html" "Mozilla/5.0 (Windows NT 10.0; Win64; x64) AppleWebKit/537.36 (KHTML, like Gecko) Chrome/109.0.5414.120 Safari/537.36" "ysfine.com"
71.178.208.102 - - [25/Feb/2023:15:07:08 -0800] "GET /world/brit/towerbr11c.jpg HTTP/1.1" 200 31376 "https://ysfine.com/auto/bio15.html" "Mozilla/5.0 (Windows NT 10.0; Win64; x64) AppleWebKit/537.36 (KHTML, like Gecko) Chrome/109.0.5414.120 Safari/537.36" "ysfine.com"
71.178.208.102 - - [25/Feb/2023:15:07:08 -0800] "GET /world/russ/basil08c.jpg HTTP/1.1" 200 40070 "https://ysfine.com/auto/bio15.html" "Mozilla/5.0 (Windows NT 10.0; Win64; x64) AppleWebKit/537.36 (KHTML, like Gecko) Chrome/109.0.5414.120 Safari/537.36" "ysfine.com"
71.178.208.102 - - [25/Feb/2023:15:07:08 -0800] "GET /world/china/beijing101c.jpg HTTP/1.1" 200 41830 "https://ysfine.com/auto/bio15.html" "Mozilla/5.0 (Windows NT 10.0; Win64; x64) AppleWebKit/537.36 (KHTML, like Gecko) Chrome/109.0.5414.120 Safari/537.36" "ysfine.com"
71.178.208.102 - - [25/Feb/2023:15:07:08 -0800] "GET /world/germany/berlin001c.jpg HTTP/1.1" 200 33153 "https://ysfine.com/auto/bio15.html" "Mozilla/5.0 (Windows NT 10.0; Win64; x64) AppleWebKit/537.36 (KHTML, like Gecko) Chrome/109.0.5414.120 Safari/537.36" "ysfine.com"
71.178.208.102 - - [25/Feb/2023:15:07:08 -0800] "GET /eink/pawkim19c.jpg HTTP/1.1" 200 53195 "https://ysfine.com/auto/bio15.html" "Mozilla/5.0 (Windows NT 10.0; Win64; x64) AppleWebKit/537.36 (KHTML, like Gecko) Chrome/109.0.5414.120 Safari/537.36" "ysfine.com"
71.178.208.102 - - [25/Feb/2023:15:07:08 -0800] "GET /world/ital/coloss04c.jpg HTTP/1.1" 200 37017 "https://ysfine.com/auto/bio15.html" "Mozilla/5.0 (Windows NT 10.0; Win64; x64) AppleWebKit/537.36 (KHTML, like Gecko) Chrome/109.0.5414.120 Safari/537.36" "ysfine.com"
71.178.208.102 - - [25/Feb/2023:15:07:08 -0800] "GET /world/balkan/ath001c.jpg HTTP/1.1" 200 34419 "https://ysfine.com/auto/bio15.html" "Mozilla/5.0 (Windows NT 10.0; Win64; x64) AppleWebKit/537.36 (KHTML, like Gecko) Chrome/109.0.5414.120 Safari/537.36" "ysfine.com"
71.178.208.102 - - [25/Feb/2023:15:07:08 -0800] "GET /world/france/eiffel15c.jpg HTTP/1.1" 200 36995 "https://ysfine.com/auto/bio15.html" "Mozilla/5.0 (Windows NT 10.0; Win64; x64) AppleWebKit/537.36 (KHTML, like Gecko) Chrome/109.0.5414.120 Safari/537.36" "ysfine.com"
71.178.208.102 - - [25/Feb/2023:15:07:08 -0800] "GET /world/balkan/istan001c.jpg HTTP/1.1" 200 34566 "https://ysfine.com/auto/bio15.html" "Mozilla/5.0 (Windows NT 10.0; Win64; x64) AppleWebKit/537.36 (KHTML, like Gecko) Chrome/109.0.5414.120 Safari/537.36" "ysfine.com"
173.252.83.119 - - [25/Feb/2023:15:07:16 -0800] "GET /ffriends/aline/airfr01c.jpg HTTP/1.1" 200 47358 "-" "facebookexternalhit/1.1 (+http://www.facebook.com/externalhit_uatext.php)" "ysfine.com"
64.124.8.57 - - [25/Feb/2023:15:08:02 -0800] "GET /wdc/nga07.jpg HTTP/1.1" 200 92170 "-" "Mozilla/5.0 (Macintosh; Intel Mac OS X 10_15_7) AppleWebKit/537.36 (KHTML, like Gecko) Chrome/107.0.0.0 Safari/537.36" "ysfine.com"
64.124.8.55 - - [25/Feb/2023:15:08:24 -0800] "GET /world/france/magots07.jpg HTTP/1.1" 200 100717 "-" "Mozilla/5.0 (Macintosh; Intel Mac OS X 10_15_7) AppleWebKit/537.36 (KHTML, like Gecko) Chrome/107.0.0.0 Safari/537.36" "www.ysfine.com"
71.178.208.102 - - [25/Feb/2023:15:08:58 -0800] "GET /ys11/index.html HTTP/1.1" 200 3508 "-" "Mozilla/5.0 (Windows NT 10.0; Win64; x64) AppleWebKit/537.36 (KHTML, like Gecko) Chrome/110.0.0.0 Safari/537.36 Edg/110.0.1587.50" "www.ysfine.com"
71.178.208.102 - - [25/Feb/2023:15:08:58 -0800] "GET /favicon.ico HTTP/1.1" 404 88 "https://www.ysfine.com/ys11/index.html" "Mozilla/5.0 (Windows NT 10.0; Win64; x64) AppleWebKit/537.36 (KHTML, like Gecko) Chrome/110.0.0.0 Safari/537.36 Edg/110.0.1587.50" "www.ysfine.com"
71.178.208.102 - - [25/Feb/2023:15:09:02 -0800] "GET /auto/bio18.html HTTP/1.1" 200 16013 "https://www.ysfine.com/ys11/index.html" "Mozilla/5.0 (Windows NT 10.0; Win64; x64) AppleWebKit/537.36 (KHTML, like Gecko) Chrome/110.0.0.0 Safari/537.36 Edg/110.0.1587.50" "www.ysfine.com"
71.178.208.102 - - [25/Feb/2023:15:09:02 -0800] "GET /style/musee/orsaym01c.jpg HTTP/1.1" 200 43934 "https://www.ysfine.com/auto/bio18.html" "Mozilla/5.0 (Windows NT 10.0; Win64; x64) AppleWebKit/537.36 (KHTML, like Gecko) Chrome/110.0.0.0 Safari/537.36 Edg/110.0.1587.50" "www.ysfine.com"
71.178.208.102 - - [25/Feb/2023:15:09:02 -0800] "GET /style/musee/louvre16c.jpg HTTP/1.1" 200 32786 "https://www.ysfine.com/auto/bio18.html" "Mozilla/5.0 (Windows NT 10.0; Win64; x64) AppleWebKit/537.36 (KHTML, like Gecko) Chrome/110.0.0.0 Safari/537.36 Edg/110.0.1587.50" "www.ysfine.com"
71.178.208.102 - - [25/Feb/2023:15:09:02 -0800] "GET /style/musee/orsaym04c.jpg HTTP/1.1" 200 56701 "https://www.ysfine.com/auto/bio18.html" "Mozilla/5.0 (Windows NT 10.0; Win64; x64) AppleWebKit/537.36 (KHTML, like Gecko) Chrome/110.0.0.0 Safari/537.36 Edg/110.0.1587.50" "www.ysfine.com"
71.178.208.102 - - [25/Feb/2023:15:09:02 -0800] "GET /style/musee/pradom02c.jpg HTTP/1.1" 200 63809 "https://www.ysfine.com/auto/bio18.html" "Mozilla/5.0 (Windows NT 10.0; Win64; x64) AppleWebKit/537.36 (KHTML, like Gecko) Chrome/110.0.0.0 Safari/537.36 Edg/110.0.1587.50" "www.ysfine.com"
71.178.208.102 - - [25/Feb/2023:15:09:02 -0800] "GET /style/nga33c.jpg HTTP/1.1" 200 44503 "https://www.ysfine.com/auto/bio18.html" "Mozilla/5.0 (Windows NT 10.0; Win64; x64) AppleWebKit/537.36 (KHTML, like Gecko) Chrome/110.0.0.0 Safari/537.36 Edg/110.0.1587.50" "www.ysfine.com"
71.178.208.102 - - [25/Feb/2023:15:09:02 -0800] "GET /style/musee/pradom03c.jpg HTTP/1.1" 200 37152 "https://www.ysfine.com/auto/bio18.html" "Mozilla/5.0 (Windows NT 10.0; Win64; x64) AppleWebKit/537.36 (KHTML, like Gecko) Chrome/110.0.0.0 Safari/537.36 Edg/110.0.1587.50" "www.ysfine.com"
71.178.208.102 - - [25/Feb/2023:15:09:02 -0800] "GET /style/musee/louvre11c.jpg HTTP/1.1" 200 44335 "https://www.ysfine.com/auto/bio18.html" "Mozilla/5.0 (Windows NT 10.0; Win64; x64) AppleWebKit/537.36 (KHTML, like Gecko) Chrome/110.0.0.0 Safari/537.36 Edg/110.0.1587.50" "www.ysfine.com"
71.178.208.102 - - [25/Feb/2023:15:09:02 -0800] "GET /style/nga66c.jpg HTTP/1.1" 200 35103 "https://www.ysfine.com/auto/bio18.html" "Mozilla/5.0 (Windows NT 10.0; Win64; x64) AppleWebKit/537.36 (KHTML, like Gecko) Chrome/110.0.0.0 Safari/537.36 Edg/110.0.1587.50" "www.ysfine.com"
71.178.208.102 - - [25/Feb/2023:15:09:02 -0800] "GET /style/socrates55c.jpg HTTP/1.1" 200 38192 "https://www.ysfine.com/auto/bio18.html" "Mozilla/5.0 (Windows NT 10.0; Win64; x64) AppleWebKit/537.36 (KHTML, like Gecko) Chrome/110.0.0.0 Safari/537.36 Edg/110.0.1587.50" "www.ysfine.com"
71.178.208.102 - - [25/Feb/2023:15:09:02 -0800] "GET /style/musee/britmu09c.jpg HTTP/1.1" 200 36146 "https://www.ysfine.com/auto/bio18.html" "Mozilla/5.0 (Windows NT 10.0; Win64; x64) AppleWebKit/537.36 (KHTML, like Gecko) Chrome/110.0.0.0 Safari/537.36 Edg/110.0.1587.50" "www.ysfine.com"
71.178.208.102 - - [25/Feb/2023:15:09:02 -0800] "GET /style/musee/perga26b.jpg HTTP/1.1" 200 35624 "https://www.ysfine.com/auto/bio18.html" "Mozilla/5.0 (Windows NT 10.0; Win64; x64) AppleWebKit/537.36 (KHTML, like Gecko) Chrome/110.0.0.0 Safari/537.36 Edg/110.0.1587.50" "www.ysfine.com"
71.178.208.102 - - [25/Feb/2023:15:09:02 -0800] "GET /style/musee/ath000b.jpg HTTP/1.1" 200 46554 "https://www.ysfine.com/auto/bio18.html" "Mozilla/5.0 (Windows NT 10.0; Win64; x64) AppleWebKit/537.36 (KHTML, like Gecko) Chrome/110.0.0.0 Safari/537.36 Edg/110.0.1587.50" "www.ysfine.com"
71.178.208.102 - - [25/Feb/2023:15:09:02 -0800] "GET /style/musee/perga06b.jpg HTTP/1.1" 200 40224 "https://www.ysfine.com/auto/bio18.html" "Mozilla/5.0 (Windows NT 10.0; Win64; x64) AppleWebKit/537.36 (KHTML, like Gecko) Chrome/110.0.0.0 Safari/537.36 Edg/110.0.1587.50" "www.ysfine.com"
71.178.208.102 - - [25/Feb/2023:15:09:02 -0800] "GET /style/musee/egypmu02b.jpg HTTP/1.1" 200 31047 "https://www.ysfine.com/auto/bio18.html" "Mozilla/5.0 (Windows NT 10.0; Win64; x64) AppleWebKit/537.36 (KHTML, like Gecko) Chrome/110.0.0.0 Safari/537.36 Edg/110.0.1587.50" "www.ysfine.com"
71.178.208.102 - - [25/Feb/2023:15:09:02 -0800] "GET /style/musee/berlinmus21b.jpg HTTP/1.1" 200 35257 "https://www.ysfine.com/auto/bio18.html" "Mozilla/5.0 (Windows NT 10.0; Win64; x64) AppleWebKit/537.36 (KHTML, like Gecko) Chrome/110.0.0.0 Safari/537.36 Edg/110.0.1587.50" "www.ysfine.com"
71.178.208.102 - - [25/Feb/2023:15:09:02 -0800] "GET /style/musee/perga15b.jpg HTTP/1.1" 200 35319 "https://www.ysfine.com/auto/bio18.html" "Mozilla/5.0 (Windows NT 10.0; Win64; x64) AppleWebKit/537.36 (KHTML, like Gecko) Chrome/110.0.0.0 Safari/537.36 Edg/110.0.1587.50" "www.ysfine.com"
71.178.208.102 - - [25/Feb/2023:15:09:02 -0800] "GET /princeton/pumu11b.jpg HTTP/1.1" 200 46659 "https://www.ysfine.com/auto/bio18.html" "Mozilla/5.0 (Windows NT 10.0; Win64; x64) AppleWebKit/537.36 (KHTML, like Gecko) Chrome/110.0.0.0 Safari/537.36 Edg/110.0.1587.50" "www.ysfine.com"
71.178.208.102 - - [25/Feb/2023:15:09:02 -0800] "GET /style/guggen33c.jpg HTTP/1.1" 200 37941 "https://www.ysfine.com/auto/bio18.html" "Mozilla/5.0 (Windows NT 10.0; Win64; x64) AppleWebKit/537.36 (KHTML, like Gecko) Chrome/110.0.0.0 Safari/537.36 Edg/110.0.1587.50" "www.ysfine.com"
71.178.208.102 - - [25/Feb/2023:15:09:02 -0800] "GET /style/musee/berlinmus36b.jpg HTTP/1.1" 200 36317 "https://www.ysfine.com/auto/bio18.html" "Mozilla/5.0 (Windows NT 10.0; Win64; x64) AppleWebKit/537.36 (KHTML, like Gecko) Chrome/110.0.0.0 Safari/537.36 Edg/110.0.1587.50" "www.ysfine.com"
71.178.208.102 - - [25/Feb/2023:15:09:02 -0800] "GET /kobak/taylor33c.jpg HTTP/1.1" 200 39951 "https://www.ysfine.com/auto/bio18.html" "Mozilla/5.0 (Windows NT 10.0; Win64; x64) AppleWebKit/537.36 (KHTML, like Gecko) Chrome/110.0.0.0 Safari/537.36 Edg/110.0.1587.50" "www.ysfine.com"
71.178.208.102 - - [25/Feb/2023:15:09:02 -0800] "GET /style/musee/ath033b.jpg HTTP/1.1" 200 43338 "https://www.ysfine.com/auto/bio18.html" "Mozilla/5.0 (Windows NT 10.0; Win64; x64) AppleWebKit/537.36 (KHTML, like Gecko) Chrome/110.0.0.0 Safari/537.36 Edg/110.0.1587.50" "www.ysfine.com"
71.178.208.102 - - [25/Feb/2023:15:09:02 -0800] "GET /style/monet01b.jpg HTTP/1.1" 200 42056 "https://www.ysfine.com/auto/bio18.html" "Mozilla/5.0 (Windows NT 10.0; Win64; x64) AppleWebKit/537.36 (KHTML, like Gecko) Chrome/110.0.0.0 Safari/537.36 Edg/110.0.1587.50" "www.ysfine.com"
71.178.208.102 - - [25/Feb/2023:15:09:02 -0800] "GET /eink/pwk19c.jpg HTTP/1.1" 200 57759 "https://www.ysfine.com/auto/bio18.html" "Mozilla/5.0 (Windows NT 10.0; Win64; x64) AppleWebKit/537.36 (KHTML, like Gecko) Chrome/110.0.0.0 Safari/537.36 Edg/110.0.1587.50" "www.ysfine.com"
71.178.208.102 - - [25/Feb/2023:15:09:02 -0800] "GET /style/musee/britmu03c.jpg HTTP/1.1" 200 33045 "https://www.ysfine.com/auto/bio18.html" "Mozilla/5.0 (Windows NT 10.0; Win64; x64) AppleWebKit/537.36 (KHTML, like Gecko) Chrome/110.0.0.0 Safari/537.36 Edg/110.0.1587.50" "www.ysfine.com"
71.178.208.102 - - [25/Feb/2023:15:09:02 -0800] "GET /style/musee/ath030b.jpg HTTP/1.1" 200 48681 "https://www.ysfine.com/auto/bio18.html" "Mozilla/5.0 (Windows NT 10.0; Win64; x64) AppleWebKit/537.36 (KHTML, like Gecko) Chrome/110.0.0.0 Safari/537.36 Edg/110.0.1587.50" "www.ysfine.com"
71.178.208.102 - - [25/Feb/2023:15:09:02 -0800] "GET /style/musee/vatim20b.jpg HTTP/1.1" 200 40016 "https://www.ysfine.com/auto/bio18.html" "Mozilla/5.0 (Windows NT 10.0; Win64; x64) AppleWebKit/537.36 (KHTML, like Gecko) Chrome/110.0.0.0 Safari/537.36 Edg/110.0.1587.50" "www.ysfine.com"
71.178.208.102 - - [25/Feb/2023:15:09:02 -0800] "GET /style/musee/picassomp10c.jpg HTTP/1.1" 200 36243 "https://www.ysfine.com/auto/bio18.html" "Mozilla/5.0 (Windows NT 10.0; Win64; x64) AppleWebKit/537.36 (KHTML, like Gecko) Chrome/110.0.0.0 Safari/537.36 Edg/110.0.1587.50" "www.ysfine.com"
71.178.208.102 - - [25/Feb/2023:15:09:02 -0800] "GET /style/musee/minsk034b.jpg HTTP/1.1" 200 40968 "https://www.ysfine.com/auto/bio18.html" "Mozilla/5.0 (Windows NT 10.0; Win64; x64) AppleWebKit/537.36 (KHTML, like Gecko) Chrome/110.0.0.0 Safari/537.36 Edg/110.0.1587.50" "www.ysfine.com"
71.178.208.102 - - [25/Feb/2023:15:09:02 -0800] "GET /style/vangogh01c.jpg HTTP/1.1" 200 37311 "https://www.ysfine.com/auto/bio18.html" "Mozilla/5.0 (Windows NT 10.0; Win64; x64) AppleWebKit/537.36 (KHTML, like Gecko) Chrome/110.0.0.0 Safari/537.36 Edg/110.0.1587.50" "www.ysfine.com"
71.178.208.102 - - [25/Feb/2023:15:09:02 -0800] "GET /style/picasspr22b.jpg HTTP/1.1" 200 67766 "https://www.ysfine.com/auto/bio18.html" "Mozilla/5.0 (Windows NT 10.0; Win64; x64) AppleWebKit/537.36 (KHTML, like Gecko) Chrome/110.0.0.0 Safari/537.36 Edg/110.0.1587.50" "www.ysfine.com"
71.178.208.102 - - [25/Feb/2023:15:09:02 -0800] "GET /style/musee/vatim09b.jpg HTTP/1.1" 200 30206 "https://www.ysfine.com/auto/bio18.html" "Mozilla/5.0 (Windows NT 10.0; Win64; x64) AppleWebKit/537.36 (KHTML, like Gecko) Chrome/110.0.0.0 Safari/537.36 Edg/110.0.1587.50" "www.ysfine.com"
71.178.208.102 - - [25/Feb/2023:15:09:02 -0800] "GET /style/monet07b.jpg HTTP/1.1" 200 49425 "https://www.ysfine.com/auto/bio18.html" "Mozilla/5.0 (Windows NT 10.0; Win64; x64) AppleWebKit/537.36 (KHTML, like Gecko) Chrome/110.0.0.0 Safari/537.36 Edg/110.0.1587.50" "www.ysfine.com"
71.178.208.102 - - [25/Feb/2023:15:09:02 -0800] "GET /style/musee/ath003b.jpg HTTP/1.1" 200 32318 "https://www.ysfine.com/auto/bio18.html" "Mozilla/5.0 (Windows NT 10.0; Win64; x64) AppleWebKit/537.36 (KHTML, like Gecko) Chrome/110.0.0.0 Safari/537.36 Edg/110.0.1587.50" "www.ysfine.com"
71.178.208.102 - - [25/Feb/2023:15:09:02 -0800] "GET /style/musee/vatican33b.jpg HTTP/1.1" 200 38167 "https://www.ysfine.com/auto/bio18.html" "Mozilla/5.0 (Windows NT 10.0; Win64; x64) AppleWebKit/537.36 (KHTML, like Gecko) Chrome/110.0.0.0 Safari/537.36 Edg/110.0.1587.50" "www.ysfine.com"
71.178.208.102 - - [25/Feb/2023:15:09:02 -0800] "GET /style/musee/minsk040b.jpg HTTP/1.1" 200 41302 "https://www.ysfine.com/auto/bio18.html" "Mozilla/5.0 (Windows NT 10.0; Win64; x64) AppleWebKit/537.36 (KHTML, like Gecko) Chrome/110.0.0.0 Safari/537.36 Edg/110.0.1587.50" "www.ysfine.com"
71.178.208.102 - - [25/Feb/2023:15:09:02 -0800] "GET /style/musee/picassomp04c.jpg HTTP/1.1" 200 36261 "https://www.ysfine.com/auto/bio18.html" "Mozilla/5.0 (Windows NT 10.0; Win64; x64) AppleWebKit/537.36 (KHTML, like Gecko) Chrome/110.0.0.0 Safari/537.36 Edg/110.0.1587.50" "www.ysfine.com"
71.178.208.102 - - [25/Feb/2023:15:09:02 -0800] "GET /style/musee/ath007b.jpg HTTP/1.1" 200 33406 "https://www.ysfine.com/auto/bio18.html" "Mozilla/5.0 (Windows NT 10.0; Win64; x64) AppleWebKit/537.36 (KHTML, like Gecko) Chrome/110.0.0.0 Safari/537.36 Edg/110.0.1587.50" "www.ysfine.com"
71.178.208.102 - - [25/Feb/2023:15:09:02 -0800] "GET /style/picassony2.jpg HTTP/1.1" 200 39639 "https://www.ysfine.com/auto/bio18.html" "Mozilla/5.0 (Windows NT 10.0; Win64; x64) AppleWebKit/537.36 (KHTML, like Gecko) Chrome/110.0.0.0 Safari/537.36 Edg/110.0.1587.50" "www.ysfine.com"
71.178.208.102 - - [25/Feb/2023:15:09:02 -0800] "GET /style/musee/matisse11c.jpg HTTP/1.1" 200 31112 "https://www.ysfine.com/auto/bio18.html" "Mozilla/5.0 (Windows NT 10.0; Win64; x64) AppleWebKit/537.36 (KHTML, like Gecko) Chrome/110.0.0.0 Safari/537.36 Edg/110.0.1587.50" "www.ysfine.com"
71.178.208.102 - - [25/Feb/2023:15:09:02 -0800] "GET /style/musee/beijing061c.jpg HTTP/1.1" 200 29885 "https://www.ysfine.com/auto/bio18.html" "Mozilla/5.0 (Windows NT 10.0; Win64; x64) AppleWebKit/537.36 (KHTML, like Gecko) Chrome/110.0.0.0 Safari/537.36 Edg/110.0.1587.50" "www.ysfine.com"
71.178.208.102 - - [25/Feb/2023:15:09:02 -0800] "GET /style/musee/uffizi22b.jpg HTTP/1.1" 200 42665 "https://www.ysfine.com/auto/bio18.html" "Mozilla/5.0 (Windows NT 10.0; Win64; x64) AppleWebKit/537.36 (KHTML, like Gecko) Chrome/110.0.0.0 Safari/537.36 Edg/110.0.1587.50" "www.ysfine.com"
71.178.208.102 - - [25/Feb/2023:15:09:02 -0800] "GET /style/musee/picassomp14c.jpg HTTP/1.1" 200 42414 "https://www.ysfine.com/auto/bio18.html" "Mozilla/5.0 (Windows NT 10.0; Win64; x64) AppleWebKit/537.36 (KHTML, like Gecko) Chrome/110.0.0.0 Safari/537.36 Edg/110.0.1587.50" "www.ysfine.com"
71.178.208.102 - - [25/Feb/2023:15:09:02 -0800] "GET /style/musee/aix03b.jpg HTTP/1.1" 200 41709 "https://www.ysfine.com/auto/bio18.html" "Mozilla/5.0 (Windows NT 10.0; Win64; x64) AppleWebKit/537.36 (KHTML, like Gecko) Chrome/110.0.0.0 Safari/537.36 Edg/110.0.1587.50" "www.ysfine.com"
71.178.208.102 - - [25/Feb/2023:15:09:02 -0800] "GET /style/musee/ams002c.jpg HTTP/1.1" 200 39979 "https://www.ysfine.com/auto/bio18.html" "Mozilla/5.0 (Windows NT 10.0; Win64; x64) AppleWebKit/537.36 (KHTML, like Gecko) Chrome/110.0.0.0 Safari/537.36 Edg/110.0.1587.50" "www.ysfine.com"
71.178.208.102 - - [25/Feb/2023:15:09:02 -0800] "GET /style/musee/uffizi12b.jpg HTTP/1.1" 200 49310 "https://www.ysfine.com/auto/bio18.html" "Mozilla/5.0 (Windows NT 10.0; Win64; x64) AppleWebKit/537.36 (KHTML, like Gecko) Chrome/110.0.0.0 Safari/537.36 Edg/110.0.1587.50" "www.ysfine.com"
71.178.208.102 - - [25/Feb/2023:15:09:02 -0800] "GET /style/elena03c.jpg HTTP/1.1" 200 24695 "https://www.ysfine.com/auto/bio18.html" "Mozilla/5.0 (Windows NT 10.0; Win64; x64) AppleWebKit/537.36 (KHTML, like Gecko) Chrome/110.0.0.0 Safari/537.36 Edg/110.0.1587.50" "www.ysfine.com"
71.178.208.102 - - [25/Feb/2023:15:09:02 -0800] "GET /style/musee/aix02b.jpg HTTP/1.1" 200 50746 "https://www.ysfine.com/auto/bio18.html" "Mozilla/5.0 (Windows NT 10.0; Win64; x64) AppleWebKit/537.36 (KHTML, like Gecko) Chrome/110.0.0.0 Safari/537.36 Edg/110.0.1587.50" "www.ysfine.com"
71.178.208.102 - - [25/Feb/2023:15:09:02 -0800] "GET /style/cezanne01b.jpg HTTP/1.1" 200 45494 "https://www.ysfine.com/auto/bio18.html" "Mozilla/5.0 (Windows NT 10.0; Win64; x64) AppleWebKit/537.36 (KHTML, like Gecko) Chrome/110.0.0.0 Safari/537.36 Edg/110.0.1587.50" "www.ysfine.com"
71.178.208.102 - - [25/Feb/2023:15:09:02 -0800] "GET /style/musee/athf07b.jpg HTTP/1.1" 200 54094 "https://www.ysfine.com/auto/bio18.html" "Mozilla/5.0 (Windows NT 10.0; Win64; x64) AppleWebKit/537.36 (KHTML, like Gecko) Chrome/110.0.0.0 Safari/537.36 Edg/110.0.1587.50" "www.ysfine.com"
71.178.208.102 - - [25/Feb/2023:15:09:02 -0800] "GET /style/musee/vatim01b.jpg HTTP/1.1" 200 49800 "https://www.ysfine.com/auto/bio18.html" "Mozilla/5.0 (Windows NT 10.0; Win64; x64) AppleWebKit/537.36 (KHTML, like Gecko) Chrome/110.0.0.0 Safari/537.36 Edg/110.0.1587.50" "www.ysfine.com"
71.178.208.102 - - [25/Feb/2023:15:09:02 -0800] "GET /style/musee/vatican13b.jpg HTTP/1.1" 200 55016 "https://www.ysfine.com/auto/bio18.html" "Mozilla/5.0 (Windows NT 10.0; Win64; x64) AppleWebKit/537.36 (KHTML, like Gecko) Chrome/110.0.0.0 Safari/537.36 Edg/110.0.1587.50" "www.ysfine.com"
71.178.208.102 - - [25/Feb/2023:15:09:02 -0800] "GET /style/musee/picassomp02c.jpg HTTP/1.1" 200 31690 "https://www.ysfine.com/auto/bio18.html" "Mozilla/5.0 (Windows NT 10.0; Win64; x64) AppleWebKit/537.36 (KHTML, like Gecko) Chrome/110.0.0.0 Safari/537.36 Edg/110.0.1587.50" "www.ysfine.com"
71.178.208.102 - - [25/Feb/2023:15:09:02 -0800] "GET /style/musee/vatim08b.jpg HTTP/1.1" 200 39260 "https://www.ysfine.com/auto/bio18.html" "Mozilla/5.0 (Windows NT 10.0; Win64; x64) AppleWebKit/537.36 (KHTML, like Gecko) Chrome/110.0.0.0 Safari/537.36 Edg/110.0.1587.50" "www.ysfine.com"
71.178.208.102 - - [25/Feb/2023:15:09:02 -0800] "GET /style/musee/uffizi02b.jpg HTTP/1.1" 200 53042 "https://www.ysfine.com/auto/bio18.html" "Mozilla/5.0 (Windows NT 10.0; Win64; x64) AppleWebKit/537.36 (KHTML, like Gecko) Chrome/110.0.0.0 Safari/537.36 Edg/110.0.1587.50" "www.ysfine.com"
71.178.208.102 - - [25/Feb/2023:15:09:02 -0800] "GET /style/musee/beijing056c.jpg HTTP/1.1" 200 38578 "https://www.ysfine.com/auto/bio18.html" "Mozilla/5.0 (Windows NT 10.0; Win64; x64) AppleWebKit/537.36 (KHTML, like Gecko) Chrome/110.0.0.0 Safari/537.36 Edg/110.0.1587.50" "www.ysfine.com"
71.178.208.102 - - [25/Feb/2023:15:09:02 -0800] "GET /style/musee/vatim10b.jpg HTTP/1.1" 200 35185 "https://www.ysfine.com/auto/bio18.html" "Mozilla/5.0 (Windows NT 10.0; Win64; x64) AppleWebKit/537.36 (KHTML, like Gecko) Chrome/110.0.0.0 Safari/537.36 Edg/110.0.1587.50" "www.ysfine.com"
71.178.208.102 - - [25/Feb/2023:15:09:02 -0800] "GET /style/musee/minsk072b.jpg HTTP/1.1" 200 32308 "https://www.ysfine.com/auto/bio18.html" "Mozilla/5.0 (Windows NT 10.0; Win64; x64) AppleWebKit/537.36 (KHTML, like Gecko) Chrome/110.0.0.0 Safari/537.36 Edg/110.0.1587.50" "www.ysfine.com"
173.252.83.9 - - [25/Feb/2023:15:09:07 -0800] "GET /class54/tallm06b.jpg HTTP/1.1" 200 55344 "-" "facebookexternalhit/1.1 (+http://www.facebook.com/externalhit_uatext.php)" "ysfine.com"
71.178.208.102 - - [25/Feb/2023:15:09:08 -0800] "GET /auto/bio15.html HTTP/1.1" 200 3303 "https://www.ysfine.com/ys11/index.html" "Mozilla/5.0 (Windows NT 10.0; Win64; x64) AppleWebKit/537.36 (KHTML, like Gecko) Chrome/110.0.0.0 Safari/537.36 Edg/110.0.1587.50" "www.ysfine.com"
71.178.208.102 - - [25/Feb/2023:15:09:08 -0800] "GET /world/coke800.jpg HTTP/1.1" 200 60600 "https://www.ysfine.com/auto/bio15.html" "Mozilla/5.0 (Windows NT 10.0; Win64; x64) AppleWebKit/537.36 (KHTML, like Gecko) Chrome/110.0.0.0 Safari/537.36 Edg/110.0.1587.50" "www.ysfine.com"
71.178.208.102 - - [25/Feb/2023:15:09:08 -0800] "GET /world/brit/towerbr11c.jpg HTTP/1.1" 200 31376 "https://www.ysfine.com/auto/bio15.html" "Mozilla/5.0 (Windows NT 10.0; Win64; x64) AppleWebKit/537.36 (KHTML, like Gecko) Chrome/110.0.0.0 Safari/537.36 Edg/110.0.1587.50" "www.ysfine.com"
71.178.208.102 - - [25/Feb/2023:15:09:08 -0800] "GET /world/germany/berlin001c.jpg HTTP/1.1" 200 33153 "https://www.ysfine.com/auto/bio15.html" "Mozilla/5.0 (Windows NT 10.0; Win64; x64) AppleWebKit/537.36 (KHTML, like Gecko) Chrome/110.0.0.0 Safari/537.36 Edg/110.0.1587.50" "www.ysfine.com"
71.178.208.102 - - [25/Feb/2023:15:09:08 -0800] "GET /kobak/swr51c.jpg HTTP/1.1" 200 35677 "https://www.ysfine.com/auto/bio15.html" "Mozilla/5.0 (Windows NT 10.0; Win64; x64) AppleWebKit/537.36 (KHTML, like Gecko) Chrome/110.0.0.0 Safari/537.36 Edg/110.0.1587.50" "www.ysfine.com"
71.178.208.102 - - [25/Feb/2023:15:09:08 -0800] "GET /home/taylor400.jpg HTTP/1.1" 200 56181 "https://www.ysfine.com/auto/bio15.html" "Mozilla/5.0 (Windows NT 10.0; Win64; x64) AppleWebKit/537.36 (KHTML, like Gecko) Chrome/110.0.0.0 Safari/537.36 Edg/110.0.1587.50" "www.ysfine.com"
71.178.208.102 - - [25/Feb/2023:15:09:08 -0800] "GET /world/russ/basil08c.jpg HTTP/1.1" 200 40070 "https://www.ysfine.com/auto/bio15.html" "Mozilla/5.0 (Windows NT 10.0; Win64; x64) AppleWebKit/537.36 (KHTML, like Gecko) Chrome/110.0.0.0 Safari/537.36 Edg/110.0.1587.50" "www.ysfine.com"
