164.132.201.179 - - [24/Feb/2023:23:52:37 -0800] "GET /ysbio/class54/class5480/Pictures/4.%C3%AA%C2%B8%C2%B0%C3%AB%C2%85%C2%90%C3%AC%C2%B4%C2%AC%C3%AC%C2%98%C2%81/%C3%AA%C2%B8%C2%B0%C3%AB%C2%85%C2%90%C3%AC%C2%B4%C2%AC%C3%AC%C2%98%C2%81%20(24).jpg HTTP/1.1" 404 88 "-" "Mozilla/5.0 (compatible; MJ12bot/v1.4.8; http://mj12bot.com/)" "ysfine.com"
164.132.201.179 - - [24/Feb/2023:23:52:39 -0800] "GET /ysbio/class54/class5480/Pictures/4.%C3%AA%C2%B8%C2%B0%C3%AB%C2%85%C2%90%C3%AC%C2%B4%C2%AC%C3%AC%C2%98%C2%81/%C3%AA%C2%B8%C2%B0%C3%AB%C2%85%C2%90%C3%AC%C2%B4%C2%AC%C3%AC%C2%98%C2%81%20(25).jpg HTTP/1.1" 404 88 "-" "Mozilla/5.0 (compatible; MJ12bot/v1.4.8; http://mj12bot.com/)" "ysfine.com"
164.132.201.179 - - [24/Feb/2023:23:52:41 -0800] "GET /ysbio/class54/class5480/Pictures/4.%C3%AA%C2%B8%C2%B0%C3%AB%C2%85%C2%90%C3%AC%C2%B4%C2%AC%C3%AC%C2%98%C2%81/%C3%AA%C2%B8%C2%B0%C3%AB%C2%85%C2%90%C3%AC%C2%B4%C2%AC%C3%AC%C2%98%C2%81%20(26).jpg HTTP/1.1" 404 88 "-" "Mozilla/5.0 (compatible; MJ12bot/v1.4.8; http://mj12bot.com/)" "ysfine.com"
216.244.66.229 - - [24/Feb/2023:23:52:42 -0800] "GET /style/songs54.html HTTP/1.1" 200 6386 "-" "Mozilla/5.0 (compatible; DotBot/1.2; +https://opensiteexplorer.org/dotbot; help@moz.com)" "www.ysfine.com"
164.132.201.179 - - [24/Feb/2023:23:52:42 -0800] "GET /ysbio/class54/class5480/Pictures/4.%C3%AA%C2%B8%C2%B0%C3%AB%C2%85%C2%90%C3%AC%C2%B4%C2%AC%C3%AC%C2%98%C2%81/%C3%AA%C2%B8%C2%B0%C3%AB%C2%85%C2%90%C3%AC%C2%B4%C2%AC%C3%AC%C2%98%C2%81%20(27).jpg HTTP/1.1" 404 88 "-" "Mozilla/5.0 (compatible; MJ12bot/v1.4.8; http://mj12bot.com/)" "ysfine.com"
164.132.201.179 - - [24/Feb/2023:23:52:44 -0800] "GET /ysbio/class54/class5480/Pictures/4.%C3%AA%C2%B8%C2%B0%C3%AB%C2%85%C2%90%C3%AC%C2%B4%C2%AC%C3%AC%C2%98%C2%81/%C3%AA%C2%B8%C2%B0%C3%AB%C2%85%C2%90%C3%AC%C2%B4%C2%AC%C3%AC%C2%98%C2%81%20(28).jpg HTTP/1.1" 404 88 "-" "Mozilla/5.0 (compatible; MJ12bot/v1.4.8; http://mj12bot.com/)" "ysfine.com"
164.132.201.179 - - [24/Feb/2023:23:52:46 -0800] "GET /ysbio/class54/class5480/Pictures/4.%C3%AA%C2%B8%C2%B0%C3%AB%C2%85%C2%90%C3%AC%C2%B4%C2%AC%C3%AC%C2%98%C2%81/%C3%AA%C2%B8%C2%B0%C3%AB%C2%85%C2%90%C3%AC%C2%B4%C2%AC%C3%AC%C2%98%C2%81%20(29).jpg HTTP/1.1" 404 88 "-" "Mozilla/5.0 (compatible; MJ12bot/v1.4.8; http://mj12bot.com/)" "ysfine.com"
164.132.201.179 - - [24/Feb/2023:23:52:48 -0800] "GET /ysbio/class54/class5480/Pictures/4.%C3%AA%C2%B8%C2%B0%C3%AB%C2%85%C2%90%C3%AC%C2%B4%C2%AC%C3%AC%C2%98%C2%81/%C3%AA%C2%B8%C2%B0%C3%AB%C2%85%C2%90%C3%AC%C2%B4%C2%AC%C3%AC%C2%98%C2%81%20(3).jpg HTTP/1.1" 404 88 "-" "Mozilla/5.0 (compatible; MJ12bot/v1.4.8; http://mj12bot.com/)" "ysfine.com"
164.132.201.179 - - [24/Feb/2023:23:52:50 -0800] "GET /ysbio/class54/class5480/Pictures/4.%C3%AA%C2%B8%C2%B0%C3%AB%C2%85%C2%90%C3%AC%C2%B4%C2%AC%C3%AC%C2%98%C2%81/%C3%AA%C2%B8%C2%B0%C3%AB%C2%85%C2%90%C3%AC%C2%B4%C2%AC%C3%AC%C2%98%C2%81%20(30).jpg HTTP/1.1" 404 88 "-" "Mozilla/5.0 (compatible; MJ12bot/v1.4.8; http://mj12bot.com/)" "ysfine.com"
164.132.201.179 - - [24/Feb/2023:23:52:51 -0800] "GET /ysbio/class54/class5480/Pictures/4.%C3%AA%C2%B8%C2%B0%C3%AB%C2%85%C2%90%C3%AC%C2%B4%C2%AC%C3%AC%C2%98%C2%81/%C3%AA%C2%B8%C2%B0%C3%AB%C2%85%C2%90%C3%AC%C2%B4%C2%AC%C3%AC%C2%98%C2%81%20(31).jpg HTTP/1.1" 404 88 "-" "Mozilla/5.0 (compatible; MJ12bot/v1.4.8; http://mj12bot.com/)" "ysfine.com"
164.132.201.179 - - [24/Feb/2023:23:52:53 -0800] "GET /ysbio/class54/class5480/Pictures/4.%C3%AA%C2%B8%C2%B0%C3%AB%C2%85%C2%90%C3%AC%C2%B4%C2%AC%C3%AC%C2%98%C2%81/%C3%AA%C2%B8%C2%B0%C3%AB%C2%85%C2%90%C3%AC%C2%B4%C2%AC%C3%AC%C2%98%C2%81%20(32).jpg HTTP/1.1" 404 88 "-" "Mozilla/5.0 (compatible; MJ12bot/v1.4.8; http://mj12bot.com/)" "ysfine.com"
164.132.201.179 - - [24/Feb/2023:23:52:54 -0800] "GET /ysbio/class54/class5480/Pictures/4.%C3%AA%C2%B8%C2%B0%C3%AB%C2%85%C2%90%C3%AC%C2%B4%C2%AC%C3%AC%C2%98%C2%81/%C3%AA%C2%B8%C2%B0%C3%AB%C2%85%C2%90%C3%AC%C2%B4%C2%AC%C3%AC%C2%98%C2%81%20(33).jpg HTTP/1.1" 404 88 "-" "Mozilla/5.0 (compatible; MJ12bot/v1.4.8; http://mj12bot.com/)" "ysfine.com"
164.132.201.179 - - [24/Feb/2023:23:52:56 -0800] "GET /ysbio/class54/class5480/Pictures/4.%C3%AA%C2%B8%C2%B0%C3%AB%C2%85%C2%90%C3%AC%C2%B4%C2%AC%C3%AC%C2%98%C2%81/%C3%AA%C2%B8%C2%B0%C3%AB%C2%85%C2%90%C3%AC%C2%B4%C2%AC%C3%AC%C2%98%C2%81%20(34).jpg HTTP/1.1" 404 88 "-" "Mozilla/5.0 (compatible; MJ12bot/v1.4.8; http://mj12bot.com/)" "ysfine.com"
164.132.201.179 - - [24/Feb/2023:23:52:58 -0800] "GET /ysbio/class54/class5480/Pictures/4.%C3%AA%C2%B8%C2%B0%C3%AB%C2%85%C2%90%C3%AC%C2%B4%C2%AC%C3%AC%C2%98%C2%81/%C3%AA%C2%B8%C2%B0%C3%AB%C2%85%C2%90%C3%AC%C2%B4%C2%AC%C3%AC%C2%98%C2%81%20(35).jpg HTTP/1.1" 404 88 "-" "Mozilla/5.0 (compatible; MJ12bot/v1.4.8; http://mj12bot.com/)" "ysfine.com"
164.132.201.179 - - [24/Feb/2023:23:52:59 -0800] "GET /ysbio/class54/class5480/Pictures/4.%C3%AA%C2%B8%C2%B0%C3%AB%C2%85%C2%90%C3%AC%C2%B4%C2%AC%C3%AC%C2%98%C2%81/%C3%AA%C2%B8%C2%B0%C3%AB%C2%85%C2%90%C3%AC%C2%B4%C2%AC%C3%AC%C2%98%C2%81%20(36).jpg HTTP/1.1" 404 88 "-" "Mozilla/5.0 (compatible; MJ12bot/v1.4.8; http://mj12bot.com/)" "ysfine.com"
164.132.201.179 - - [24/Feb/2023:23:53:01 -0800] "GET /ysbio/class54/class5480/Pictures/4.%C3%AA%C2%B8%C2%B0%C3%AB%C2%85%C2%90%C3%AC%C2%B4%C2%AC%C3%AC%C2%98%C2%81/%C3%AA%C2%B8%C2%B0%C3%AB%C2%85%C2%90%C3%AC%C2%B4%C2%AC%C3%AC%C2%98%C2%81%20(37).jpg HTTP/1.1" 404 88 "-" "Mozilla/5.0 (compatible; MJ12bot/v1.4.8; http://mj12bot.com/)" "ysfine.com"
164.132.201.179 - - [24/Feb/2023:23:53:02 -0800] "GET /ysbio/class54/class5480/Pictures/4.%C3%AA%C2%B8%C2%B0%C3%AB%C2%85%C2%90%C3%AC%C2%B4%C2%AC%C3%AC%C2%98%C2%81/%C3%AA%C2%B8%C2%B0%C3%AB%C2%85%C2%90%C3%AC%C2%B4%C2%AC%C3%AC%C2%98%C2%81%20(38).jpg HTTP/1.1" 404 88 "-" "Mozilla/5.0 (compatible; MJ12bot/v1.4.8; http://mj12bot.com/)" "ysfine.com"
164.132.201.179 - - [24/Feb/2023:23:53:04 -0800] "GET /ysbio/class54/class5480/Pictures/4.%C3%AA%C2%B8%C2%B0%C3%AB%C2%85%C2%90%C3%AC%C2%B4%C2%AC%C3%AC%C2%98%C2%81/%C3%AA%C2%B8%C2%B0%C3%AB%C2%85%C2%90%C3%AC%C2%B4%C2%AC%C3%AC%C2%98%C2%81%20(39).jpg HTTP/1.1" 404 88 "-" "Mozilla/5.0 (compatible; MJ12bot/v1.4.8; http://mj12bot.com/)" "ysfine.com"
216.244.66.229 - - [24/Feb/2023:23:53:12 -0800] "GET /usca/pitt/idcard55.jpg HTTP/1.1" 200 104404 "-" "Mozilla/5.0 (compatible; DotBot/1.2; +https://opensiteexplorer.org/dotbot; help@moz.com)" "ysfine.com"
64.124.8.54 - - [24/Feb/2023:23:53:25 -0800] "GET /world/france/montpar10.jpg HTTP/1.1" 200 206294 "-" "Mozilla/5.0 (Macintosh; Intel Mac OS X 10_15_7) AppleWebKit/537.36 (KHTML, like Gecko) Chrome/107.0.0.0 Safari/537.36" "ysfine.com"
64.124.8.50 - - [24/Feb/2023:23:53:26 -0800] "GET /world/baltic/riga58.jpg HTTP/1.1" 200 68424 "-" "Mozilla/5.0 (Macintosh; Intel Mac OS X 10_15_7) AppleWebKit/537.36 (KHTML, like Gecko) Chrome/107.0.0.0 Safari/537.36" "ysfine.com"
64.124.8.53 - - [24/Feb/2023:23:53:37 -0800] "GET /world/russ/kazanmap22.jpg HTTP/1.1" 200 129761 "-" "Mozilla/5.0 (Macintosh; Intel Mac OS X 10_15_7) AppleWebKit/537.36 (KHTML, like Gecko) Chrome/107.0.0.0 Safari/537.36" "www.ysfine.com"
216.244.66.229 - - [24/Feb/2023:23:54:02 -0800] "GET /world/germany/dussel01.jpg HTTP/1.1" 200 93225 "-" "Mozilla/5.0 (compatible; DotBot/1.2; +https://opensiteexplorer.org/dotbot; help@moz.com)" "ysfine.com"
64.124.8.55 - - [24/Feb/2023:23:54:36 -0800] "GET /world/china/dandongbr06.jpg HTTP/1.1" 200 140189 "-" "Mozilla/5.0 (Macintosh; Intel Mac OS X 10_15_7) AppleWebKit/537.36 (KHTML, like Gecko) Chrome/107.0.0.0 Safari/537.36" "www.ysfine.com"
64.124.8.48 - - [24/Feb/2023:23:54:37 -0800] "GET /world/balkan/istan013.jpg HTTP/1.1" 200 118093 "-" "Mozilla/5.0 (Macintosh; Intel Mac OS X 10_15_7) AppleWebKit/537.36 (KHTML, like Gecko) Chrome/107.0.0.0 Safari/537.36" "ysfine.com"
178.171.115.180 - - [24/Feb/2023:23:54:41 -0800] "GET /maga/entro.pdf HTTP/1.1" 404 88 "-" "Mozilla/5.0 (Macintosh; Intel Mac OS X 10.15; rv:94.0) Gecko/20100101 Firefox/94.0" "www.ysfine.com"
64.124.8.50 - - [24/Feb/2023:23:55:14 -0800] "GET /world/poland/polstu17.jpg HTTP/1.1" 200 88118 "-" "Mozilla/5.0 (Macintosh; Intel Mac OS X 10_15_7) AppleWebKit/537.36 (KHTML, like Gecko) Chrome/107.0.0.0 Safari/537.36" "ysfine.com"
64.124.8.53 - - [24/Feb/2023:23:55:15 -0800] "GET /world/russ/minsk069.jpg HTTP/1.1" 200 84373 "-" "Mozilla/5.0 (Macintosh; Intel Mac OS X 10_15_7) AppleWebKit/537.36 (KHTML, like Gecko) Chrome/107.0.0.0 Safari/537.36" "www.ysfine.com"
64.124.8.50 - - [24/Feb/2023:23:55:29 -0800] "GET /world/poland/palaceof06.jpg HTTP/1.1" 200 92316 "-" "Mozilla/5.0 (Macintosh; Intel Mac OS X 10_15_7) AppleWebKit/537.36 (KHTML, like Gecko) Chrome/107.0.0.0 Safari/537.36" "ysfine.com"
64.124.8.57 - - [24/Feb/2023:23:55:38 -0800] "GET /world/france/champ9603.jpg HTTP/1.1" 200 107203 "-" "Mozilla/5.0 (Macintosh; Intel Mac OS X 10_15_7) AppleWebKit/537.36 (KHTML, like Gecko) Chrome/107.0.0.0 Safari/537.36" "www.ysfine.com"
114.119.133.211 - - [24/Feb/2023:23:55:55 -0800] "GET /dongio/hungarf.html HTTP/1.1" 404 88 "-" "Mozilla/5.0 (Linux; Android 7.0;) AppleWebKit/537.36 (KHTML, like Gecko) Mobile Safari/537.36 (compatible; PetalBot;+https://webmaster.petalsearch.com/site/petalbot)" "ysfine.com"
64.124.8.29 - - [24/Feb/2023:23:56:15 -0800] "GET /ysbio/wdc/nga06.jpg HTTP/1.1" 404 88 "-" "Mozilla/5.0 (Macintosh; Intel Mac OS X 10_15_7) AppleWebKit/537.36 (KHTML, like Gecko) Chrome/107.0.0.0 Safari/537.36" "www.ysfine.com"
64.124.8.48 - - [24/Feb/2023:23:56:49 -0800] "GET /kobak/carbine22.jpg HTTP/1.1" 200 83498 "-" "Mozilla/5.0 (Macintosh; Intel Mac OS X 10_15_7) AppleWebKit/537.36 (KHTML, like Gecko) Chrome/107.0.0.0 Safari/537.36" "www.ysfine.com"
64.124.8.50 - - [24/Feb/2023:23:56:58 -0800] "GET /dirac/wigsis11.jpg HTTP/1.1" 200 71741 "-" "Mozilla/5.0 (Macintosh; Intel Mac OS X 10_15_7) AppleWebKit/537.36 (KHTML, like Gecko) Chrome/107.0.0.0 Safari/537.36" "www.ysfine.com"
173.252.83.3 - - [24/Feb/2023:23:58:02 -0800] "GET /world/hungary/hunstu01b.jpg HTTP/1.1" 200 33165 "-" "facebookexternalhit/1.1 (+http://www.facebook.com/externalhit_uatext.php)" "ysfine.com"
64.124.8.52 - - [24/Feb/2023:23:58:13 -0800] "GET /world/ital/repub07.jpg HTTP/1.1" 200 105525 "-" "Mozilla/5.0 (Macintosh; Intel Mac OS X 10_15_7) AppleWebKit/537.36 (KHTML, like Gecko) Chrome/107.0.0.0 Safari/537.36" "ysfine.com"
64.124.8.53 - - [24/Feb/2023:23:58:21 -0800] "GET /ysbio/einstein/places/ulm32.jpg HTTP/1.1" 404 88 "-" "Mozilla/5.0 (Macintosh; Intel Mac OS X 10_15_7) AppleWebKit/537.36 (KHTML, like Gecko) Chrome/107.0.0.0 Safari/537.36" "ysfine.com"
87.250.224.239 - - [24/Feb/2023:23:58:29 -0800] "GET /newyork/koreaw01.jpg HTTP/1.1" 200 136430 "-" "Mozilla/5.0 (compatible; YandexImages/3.0; +http://yandex.com/bots)" "www.ysfine.com"
64.124.8.28 - - [24/Feb/2023:23:58:39 -0800] "GET /usca/pitt/fortpitt02.jpg HTTP/1.1" 200 69515 "-" "Mozilla/5.0 (Macintosh; Intel Mac OS X 10_15_7) AppleWebKit/537.36 (KHTML, like Gecko) Chrome/107.0.0.0 Safari/537.36" "www.ysfine.com"
173.252.83.2 - - [24/Feb/2023:23:59:46 -0800] "GET /people/sibelbas11c.jpg HTTP/1.1" 200 31836 "-" "facebookexternalhit/1.1 (+http://www.facebook.com/externalhit_uatext.php)" "ysfine.com"
52.167.144.35 - - [25/Feb/2023:00:00:18 -0800] "GET /feynman/ppic/quantum01c.jpg HTTP/1.1" 200 24878 "-" "Mozilla/5.0 AppleWebKit/537.36 (KHTML, like Gecko; compatible; bingbot/2.0; +http://www.bing.com/bingbot.htm) Chrome/103.0.5060.134 Safari/537.36" "ysfine.com"
207.46.13.223 - - [25/Feb/2023:00:00:27 -0800] "GET /usca/norl/bour02.jpg HTTP/1.1" 200 95395 "-" "Mozilla/5.0 AppleWebKit/537.36 (KHTML, like Gecko; compatible; bingbot/2.0; +http://www.bing.com/bingbot.htm) Chrome/103.0.5060.134 Safari/537.36" "ysfine.com"
52.167.144.35 - - [25/Feb/2023:00:01:09 -0800] "GET /maga/phil/sisfa12/frame21.html HTTP/1.1" 200 319 "-" "Mozilla/5.0 AppleWebKit/537.36 (KHTML, like Gecko; compatible; bingbot/2.0; +http://www.bing.com/bingbot.htm) Chrome/103.0.5060.134 Safari/537.36" "www.ysfine.com"
64.124.8.57 - - [25/Feb/2023:00:01:18 -0800] "GET /world/ital/termini03.jpg HTTP/1.1" 200 107130 "-" "Mozilla/5.0 (Macintosh; Intel Mac OS X 10_15_7) AppleWebKit/537.36 (KHTML, like Gecko) Chrome/107.0.0.0 Safari/537.36" "www.ysfine.com"
64.124.8.57 - - [25/Feb/2023:00:01:26 -0800] "GET /ysbio/style/cameras/1996ys11.jpg HTTP/1.1" 404 88 "-" "Mozilla/5.0 (Macintosh; Intel Mac OS X 10_15_7) AppleWebKit/537.36 (KHTML, like Gecko) Chrome/107.0.0.0 Safari/537.36" "www.ysfine.com"
64.124.8.50 - - [25/Feb/2023:00:02:03 -0800] "GET /world/brit/bond32.jpg HTTP/1.1" 200 112439 "-" "Mozilla/5.0 (Macintosh; Intel Mac OS X 10_15_7) AppleWebKit/537.36 (KHTML, like Gecko) Chrome/107.0.0.0 Safari/537.36" "www.ysfine.com"
173.252.83.18 - - [25/Feb/2023:00:02:11 -0800] "GET /usca/pitt/fortpitt01d.jpg HTTP/1.1" 200 50191 "-" "facebookexternalhit/1.1 (+http://www.facebook.com/externalhit_uatext.php)" "ysfine.com"
207.46.13.220 - - [25/Feb/2023:00:02:31 -0800] "GET /class54/ewk86c.jpg HTTP/1.1" 200 33520 "-" "Mozilla/5.0 AppleWebKit/537.36 (KHTML, like Gecko; compatible; bingbot/2.0; +http://www.bing.com/bingbot.htm) Chrome/103.0.5060.134 Safari/537.36" "www.ysfine.com"
216.244.66.229 - - [25/Feb/2023:00:02:54 -0800] "GET /einstein/further07.jpg HTTP/1.1" 200 56279 "-" "Mozilla/5.0 (compatible; DotBot/1.2; +https://opensiteexplorer.org/dotbot; help@moz.com)" "ysfine.com"
199.244.57.39 - - [25/Feb/2023:00:02:54 -0800] "GET /maga/entro.pdf HTTP/1.1" 404 88 "-" "Mozilla/5.0 (Macintosh; Intel Mac OS X 10_12_6) AppleWebKit/605.1.15 (KHTML, like Gecko) Version/12.1.2 Safari/605.1.15" "www.ysfine.com"
216.244.66.229 - - [25/Feb/2023:00:02:56 -0800] "GET /kobak/stalinorg.jpg HTTP/1.1" 200 135642 "-" "Mozilla/5.0 (compatible; DotBot/1.2; +https://opensiteexplorer.org/dotbot; help@moz.com)" "ysfine.com"
216.244.66.229 - - [25/Feb/2023:00:03:20 -0800] "GET /maga/phil/kanthegel66.jpg HTTP/1.1" 200 76782 "-" "Mozilla/5.0 (compatible; DotBot/1.2; +https://opensiteexplorer.org/dotbot; help@moz.com)" "ysfine.com"
216.244.66.229 - - [25/Feb/2023:00:03:24 -0800] "GET /newyork/colum05.jpg HTTP/1.1" 200 116037 "-" "Mozilla/5.0 (compatible; DotBot/1.2; +https://opensiteexplorer.org/dotbot; help@moz.com)" "ysfine.com"
64.124.8.55 - - [25/Feb/2023:00:03:45 -0800] "GET /world/ital/bologsw08.jpg HTTP/1.1" 200 102141 "-" "Mozilla/5.0 (Macintosh; Intel Mac OS X 10_15_7) AppleWebKit/537.36 (KHTML, like Gecko) Chrome/107.0.0.0 Safari/537.36" "ysfine.com"
173.252.83.6 - - [25/Feb/2023:00:03:46 -0800] "GET /usca/pitt/yodh03d.jpg HTTP/1.1" 200 34647 "-" "facebookexternalhit/1.1 (+http://www.facebook.com/externalhit_uatext.php)" "ysfine.com"
52.167.144.62 - - [25/Feb/2023:00:04:19 -0800] "GET /dirac/dirfoc62.jpg HTTP/1.1" 200 192075 "-" "Mozilla/5.0 AppleWebKit/537.36 (KHTML, like Gecko; compatible; bingbot/2.0; +http://www.bing.com/bingbot.htm) Chrome/103.0.5060.134 Safari/537.36" "ysfine.com"
64.124.8.57 - - [25/Feb/2023:00:04:31 -0800] "GET /ffriends/ghigh01.jpg HTTP/1.1" 200 59381 "-" "Mozilla/5.0 (Macintosh; Intel Mac OS X 10_15_7) AppleWebKit/537.36 (KHTML, like Gecko) Chrome/107.0.0.0 Safari/537.36" "ysfine.com"
207.46.13.223 - - [25/Feb/2023:00:04:54 -0800] "GET /home/feynman/feynart.html HTTP/1.1" 404 88 "-" "Mozilla/5.0 AppleWebKit/537.36 (KHTML, like Gecko; compatible; bingbot/2.0; +http://www.bing.com/bingbot.htm) Chrome/103.0.5060.134 Safari/537.36" "ysfine.com"
64.124.8.57 - - [25/Feb/2023:00:05:38 -0800] "GET /maga/invent/joak22.jpg HTTP/1.1" 200 192609 "-" "Mozilla/5.0 (Macintosh; Intel Mac OS X 10_15_7) AppleWebKit/537.36 (KHTML, like Gecko) Chrome/107.0.0.0 Safari/537.36" "ysfine.com"
64.124.8.55 - - [25/Feb/2023:00:06:45 -0800] "GET /wdc/lafpark04.jpg HTTP/1.1" 200 116110 "-" "Mozilla/5.0 (Macintosh; Intel Mac OS X 10_15_7) AppleWebKit/537.36 (KHTML, like Gecko) Chrome/107.0.0.0 Safari/537.36" "ysfine.com"
119.8.242.61 - - [25/Feb/2023:00:08:04 -0800] "GET /feynman/feybongo.jpg HTTP/1.1" 200 47448 "-" "python-requests/2.18.4" "ysfine.com"
114.119.130.87 - - [25/Feb/2023:00:08:09 -0800] "GET /world/moscow.html%23redsq HTTP/1.1" 404 88 "-" "Mozilla/5.0 (Linux; Android 7.0;) AppleWebKit/537.36 (KHTML, like Gecko) Mobile Safari/537.36 (compatible; PetalBot;+https://webmaster.petalsearch.com/site/petalbot)" "ysfine.com"
173.252.83.15 - - [25/Feb/2023:00:08:15 -0800] "GET /ffriends/russlon03b.jpg HTTP/1.1" 200 53196 "-" "facebookexternalhit/1.1 (+http://www.facebook.com/externalhit_uatext.php)" "ysfine.com"
89.185.76.185 - - [25/Feb/2023:00:08:49 -0800] "GET /maga/entro.pdf HTTP/1.1" 404 88 "-" "Mozilla/5.0 (Windows NT 6.3; Win64; x64) AppleWebKit/537.36 (KHTML, like Gecko) Chrome/100.0.4896.75 Safari/537.36" "www.ysfine.com"
64.124.8.49 - - [25/Feb/2023:00:08:52 -0800] "GET /world/ital/venice17.jpg HTTP/1.1" 200 248364 "-" "Mozilla/5.0 (Macintosh; Intel Mac OS X 10_15_7) AppleWebKit/537.36 (KHTML, like Gecko) Chrome/107.0.0.0 Safari/537.36" "ysfine.com"
114.119.140.70 - - [25/Feb/2023:00:09:51 -0800] "GET /articles/o33.pdf HTTP/1.1" 401 90 "-" "Mozilla/5.0 (Linux; Android 7.0;) AppleWebKit/537.36 (KHTML, like Gecko) Mobile Safari/537.36 (compatible; PetalBot;+https://webmaster.petalsearch.com/site/petalbot)" "ysfine.com"
64.124.8.53 - - [25/Feb/2023:00:10:00 -0800] "GET /world/brit/cam28.jpg HTTP/1.1" 200 69987 "-" "Mozilla/5.0 (Macintosh; Intel Mac OS X 10_15_7) AppleWebKit/537.36 (KHTML, like Gecko) Chrome/107.0.0.0 Safari/537.36" "ysfine.com"
64.124.8.28 - - [25/Feb/2023:00:10:34 -0800] "GET /wigner/neum/vnc16.jpg HTTP/1.1" 200 107583 "http://ysfine.com/wigner/neum/vnc16.jpg" "Mozilla/5.0 (Macintosh; Intel Mac OS X 10_15_7) AppleWebKit/537.36 (KHTML, like Gecko) Chrome/107.0.0.0 Safari/537.36" "ysfine.com"
64.124.8.57 - - [25/Feb/2023:00:10:40 -0800] "GET /world/russ/arbat01.jpg HTTP/1.1" 200 107338 "-" "Mozilla/5.0 (Macintosh; Intel Mac OS X 10_15_7) AppleWebKit/537.36 (KHTML, like Gecko) Chrome/107.0.0.0 Safari/537.36" "ysfine.com"
91.133.139.52 - - [25/Feb/2023:00:10:52 -0800] "GET /robots.txt HTTP/1.1" 404 88 "-" "Mozilla/5.0 (X11; Linux i686) AppleWebKit/537.36 (KHTML, like Gecko) Ubuntu Chromium/37.0.2062.120 Chrome/37.0.2062.120 Safari/537.36" "ysfine.com"
5.210.102.160 - - [25/Feb/2023:00:10:52 -0800] "GET / HTTP/1.1" 200 5295 "-" "Mozilla/5.0 (iPhone; CPU iPhone OS 7_0_6 like Mac OS X) AppleWebKit/537.51.1 (KHTML, like Gecko) Version/7.0 Mobile/11B651 Safari/9537.53" "ysfine.com"
52.167.144.62 - - [25/Feb/2023:00:11:30 -0800] "GET /world/brit/oxlon60.jpg HTTP/1.1" 200 108264 "-" "Mozilla/5.0 AppleWebKit/537.36 (KHTML, like Gecko; compatible; bingbot/2.0; +http://www.bing.com/bingbot.htm) Chrome/103.0.5060.134 Safari/537.36" "ysfine.com"
66.249.66.35 - - [25/Feb/2023:00:12:04 -0800] "GET /einstein/einboy.jpg HTTP/1.1" 200 91141 "-" "Googlebot-Image/1.0" "ysfine.com"
71.178.208.102 - - [25/Feb/2023:00:12:16 -0800] "GET /auto/bio19.html HTTP/1.1" 200 10534 "https://ysfine.com/ys11/" "Mozilla/5.0 (Windows NT 10.0; Win64; x64) AppleWebKit/537.36 (KHTML, like Gecko) Chrome/110.0.0.0 Safari/537.36 Edg/110.0.1587.50" "ysfine.com"
71.178.208.102 - - [25/Feb/2023:00:12:16 -0800] "GET /auto/fotos/bohr11d.jpg HTTP/1.1" 200 28973 "https://ysfine.com/auto/bio19.html" "Mozilla/5.0 (Windows NT 10.0; Win64; x64) AppleWebKit/537.36 (KHTML, like Gecko) Chrome/110.0.0.0 Safari/537.36 Edg/110.0.1587.50" "ysfine.com"
71.178.208.102 - - [25/Feb/2023:00:12:16 -0800] "GET /home/einbohr99f.jpg HTTP/1.1" 200 62190 "https://ysfine.com/auto/bio19.html" "Mozilla/5.0 (Windows NT 10.0; Win64; x64) AppleWebKit/537.36 (KHTML, like Gecko) Chrome/110.0.0.0 Safari/537.36 Edg/110.0.1587.50" "ysfine.com"
71.178.208.102 - - [25/Feb/2023:00:12:16 -0800] "GET /home/pdugard22f.jpg HTTP/1.1" 200 112815 "https://ysfine.com/auto/bio19.html" "Mozilla/5.0 (Windows NT 10.0; Win64; x64) AppleWebKit/537.36 (KHTML, like Gecko) Chrome/110.0.0.0 Safari/537.36 Edg/110.0.1587.50" "ysfine.com"
71.178.208.102 - - [25/Feb/2023:00:12:16 -0800] "GET /home/fotos/dirac1939c.jpg HTTP/1.1" 200 55599 "https://ysfine.com/auto/bio19.html" "Mozilla/5.0 (Windows NT 10.0; Win64; x64) AppleWebKit/537.36 (KHTML, like Gecko) Chrome/110.0.0.0 Safari/537.36 Edg/110.0.1587.50" "ysfine.com"
71.178.208.102 - - [25/Feb/2023:00:12:16 -0800] "GET /home/ysnr11c.jpg HTTP/1.1" 200 36964 "https://ysfine.com/auto/bio19.html" "Mozilla/5.0 (Windows NT 10.0; Win64; x64) AppleWebKit/537.36 (KHTML, like Gecko) Chrome/110.0.0.0 Safari/537.36 Edg/110.0.1587.50" "ysfine.com"
71.178.208.102 - - [25/Feb/2023:00:12:16 -0800] "GET /eink/evol77f.jpg HTTP/1.1" 200 110298 "https://ysfine.com/auto/bio19.html" "Mozilla/5.0 (Windows NT 10.0; Win64; x64) AppleWebKit/537.36 (KHTML, like Gecko) Chrome/110.0.0.0 Safari/537.36 Edg/110.0.1587.50" "ysfine.com"
71.178.208.102 - - [25/Feb/2023:00:12:16 -0800] "GET /home/gongdae54f.jpg HTTP/1.1" 200 88096 "https://ysfine.com/auto/bio19.html" "Mozilla/5.0 (Windows NT 10.0; Win64; x64) AppleWebKit/537.36 (KHTML, like Gecko) Chrome/110.0.0.0 Safari/537.36 Edg/110.0.1587.50" "ysfine.com"
71.178.208.102 - - [25/Feb/2023:00:12:16 -0800] "GET /home/fotos/104c.jpg HTTP/1.1" 200 35089 "https://ysfine.com/auto/bio19.html" "Mozilla/5.0 (Windows NT 10.0; Win64; x64) AppleWebKit/537.36 (KHTML, like Gecko) Chrome/110.0.0.0 Safari/537.36 Edg/110.0.1587.50" "ysfine.com"
71.178.208.102 - - [25/Feb/2023:00:12:16 -0800] "GET /kobak/swr51c.jpg HTTP/1.1" 304 - "https://ysfine.com/auto/bio19.html" "Mozilla/5.0 (Windows NT 10.0; Win64; x64) AppleWebKit/537.36 (KHTML, like Gecko) Chrome/110.0.0.0 Safari/537.36 Edg/110.0.1587.50" "ysfine.com"
71.178.208.102 - - [25/Feb/2023:00:12:16 -0800] "GET /einstein/einbohr11c.jpg HTTP/1.1" 200 40181 "https://ysfine.com/auto/bio19.html" "Mozilla/5.0 (Windows NT 10.0; Win64; x64) AppleWebKit/537.36 (KHTML, like Gecko) Chrome/110.0.0.0 Safari/537.36 Edg/110.0.1587.50" "ysfine.com"
71.178.208.102 - - [25/Feb/2023:00:12:16 -0800] "GET /auto/fotos/eins05d.jpg HTTP/1.1" 200 41012 "https://ysfine.com/auto/bio19.html" "Mozilla/5.0 (Windows NT 10.0; Win64; x64) AppleWebKit/537.36 (KHTML, like Gecko) Chrome/110.0.0.0 Safari/537.36 Edg/110.0.1587.50" "ysfine.com"
71.178.208.102 - - [25/Feb/2023:00:12:16 -0800] "GET /auto/figs/pwk450.jpg HTTP/1.1" 200 84171 "https://ysfine.com/auto/bio19.html" "Mozilla/5.0 (Windows NT 10.0; Win64; x64) AppleWebKit/537.36 (KHTML, like Gecko) Chrome/110.0.0.0 Safari/537.36 Edg/110.0.1587.50" "ysfine.com"
71.178.208.102 - - [25/Feb/2023:00:12:16 -0800] "GET /home/tables/comet40f.jpg HTTP/1.1" 200 101908 "https://ysfine.com/auto/bio19.html" "Mozilla/5.0 (Windows NT 10.0; Win64; x64) AppleWebKit/537.36 (KHTML, like Gecko) Chrome/110.0.0.0 Safari/537.36 Edg/110.0.1587.50" "ysfine.com"
71.178.208.102 - - [25/Feb/2023:00:12:16 -0800] "GET /home/fotos/photo02c.jpg HTTP/1.1" 200 37432 "https://ysfine.com/auto/bio19.html" "Mozilla/5.0 (Windows NT 10.0; Win64; x64) AppleWebKit/537.36 (KHTML, like Gecko) Chrome/110.0.0.0 Safari/537.36 Edg/110.0.1587.50" "ysfine.com"
71.178.208.102 - - [25/Feb/2023:00:12:16 -0800] "GET /home/fig33/einbohr77f.jpg HTTP/1.1" 200 193991 "https://ysfine.com/auto/bio19.html" "Mozilla/5.0 (Windows NT 10.0; Win64; x64) AppleWebKit/537.36 (KHTML, like Gecko) Chrome/110.0.0.0 Safari/537.36 Edg/110.0.1587.50" "ysfine.com"
71.178.208.102 - - [25/Feb/2023:00:12:16 -0800] "GET /home/tables/tab33f.jpg HTTP/1.1" 200 95622 "https://ysfine.com/auto/bio19.html" "Mozilla/5.0 (Windows NT 10.0; Win64; x64) AppleWebKit/537.36 (KHTML, like Gecko) Chrome/110.0.0.0 Safari/537.36 Edg/110.0.1587.50" "ysfine.com"
71.178.208.102 - - [25/Feb/2023:00:12:16 -0800] "GET /home/fotos/105c.jpg HTTP/1.1" 200 41825 "https://ysfine.com/auto/bio19.html" "Mozilla/5.0 (Windows NT 10.0; Win64; x64) AppleWebKit/537.36 (KHTML, like Gecko) Chrome/110.0.0.0 Safari/537.36 Edg/110.0.1587.50" "ysfine.com"
71.178.208.102 - - [25/Feb/2023:00:12:16 -0800] "GET /home/fotos/103c.jpg HTTP/1.1" 200 32825 "https://ysfine.com/auto/bio19.html" "Mozilla/5.0 (Windows NT 10.0; Win64; x64) AppleWebKit/537.36 (KHTML, like Gecko) Chrome/110.0.0.0 Safari/537.36 Edg/110.0.1587.50" "ysfine.com"
71.178.208.102 - - [25/Feb/2023:00:12:16 -0800] "GET /home/fotos/photo08f.jpg HTTP/1.1" 200 85155 "https://ysfine.com/auto/bio19.html" "Mozilla/5.0 (Windows NT 10.0; Win64; x64) AppleWebKit/537.36 (KHTML, like Gecko) Chrome/110.0.0.0 Safari/537.36 Edg/110.0.1587.50" "ysfine.com"
71.178.208.102 - - [25/Feb/2023:00:12:16 -0800] "GET /home/fotos/photo04c.jpg HTTP/1.1" 200 39964 "https://ysfine.com/auto/bio19.html" "Mozilla/5.0 (Windows NT 10.0; Win64; x64) AppleWebKit/537.36 (KHTML, like Gecko) Chrome/110.0.0.0 Safari/537.36 Edg/110.0.1587.50" "ysfine.com"
71.178.208.102 - - [25/Feb/2023:00:12:16 -0800] "GET /home/fotos/106c.jpg HTTP/1.1" 200 33663 "https://ysfine.com/auto/bio19.html" "Mozilla/5.0 (Windows NT 10.0; Win64; x64) AppleWebKit/537.36 (KHTML, like Gecko) Chrome/110.0.0.0 Safari/537.36 Edg/110.0.1587.50" "ysfine.com"
71.178.208.102 - - [25/Feb/2023:00:12:16 -0800] "GET /home/figs/dirwig55a.jpg HTTP/1.1" 200 71133 "https://ysfine.com/auto/bio19.html" "Mozilla/5.0 (Windows NT 10.0; Win64; x64) AppleWebKit/537.36 (KHTML, like Gecko) Chrome/110.0.0.0 Safari/537.36 Edg/110.0.1587.50" "ysfine.com"
71.178.208.102 - - [25/Feb/2023:00:12:16 -0800] "GET /home/kids20f.jpg HTTP/1.1" 200 103191 "https://ysfine.com/auto/bio19.html" "Mozilla/5.0 (Windows NT 10.0; Win64; x64) AppleWebKit/537.36 (KHTML, like Gecko) Chrome/110.0.0.0 Safari/537.36 Edg/110.0.1587.50" "ysfine.com"
71.178.208.102 - - [25/Feb/2023:00:12:16 -0800] "GET /home/1987pr22f.jpg HTTP/1.1" 200 152814 "https://ysfine.com/auto/bio19.html" "Mozilla/5.0 (Windows NT 10.0; Win64; x64) AppleWebKit/537.36 (KHTML, like Gecko) Chrome/110.0.0.0 Safari/537.36 Edg/110.0.1587.50" "ysfine.com"
71.178.208.102 - - [25/Feb/2023:00:12:16 -0800] "GET /home/fotos/photo05c.jpg HTTP/1.1" 200 39109 "https://ysfine.com/auto/bio19.html" "Mozilla/5.0 (Windows NT 10.0; Win64; x64) AppleWebKit/537.36 (KHTML, like Gecko) Chrome/110.0.0.0 Safari/537.36 Edg/110.0.1587.50" "ysfine.com"
71.178.208.102 - - [25/Feb/2023:00:12:16 -0800] "GET /home/fotos/photo00c.jpg HTTP/1.1" 200 34216 "https://ysfine.com/auto/bio19.html" "Mozilla/5.0 (Windows NT 10.0; Win64; x64) AppleWebKit/537.36 (KHTML, like Gecko) Chrome/110.0.0.0 Safari/537.36 Edg/110.0.1587.50" "ysfine.com"
71.178.208.102 - - [25/Feb/2023:00:12:16 -0800] "GET /home/fotos/101c.jpg HTTP/1.1" 200 37079 "https://ysfine.com/auto/bio19.html" "Mozilla/5.0 (Windows NT 10.0; Win64; x64) AppleWebKit/537.36 (KHTML, like Gecko) Chrome/110.0.0.0 Safari/537.36 Edg/110.0.1587.50" "ysfine.com"
71.178.208.102 - - [25/Feb/2023:00:12:16 -0800] "GET /home/fotos/house99d.jpg HTTP/1.1" 200 38264 "https://ysfine.com/auto/bio19.html" "Mozilla/5.0 (Windows NT 10.0; Win64; x64) AppleWebKit/537.36 (KHTML, like Gecko) Chrome/110.0.0.0 Safari/537.36 Edg/110.0.1587.50" "ysfine.com"
71.178.208.102 - - [25/Feb/2023:00:12:16 -0800] "GET /home/fotos/photo03c.jpg HTTP/1.1" 200 23013 "https://ysfine.com/auto/bio19.html" "Mozilla/5.0 (Windows NT 10.0; Win64; x64) AppleWebKit/537.36 (KHTML, like Gecko) Chrome/110.0.0.0 Safari/537.36 Edg/110.0.1587.50" "ysfine.com"
173.252.83.6 - - [25/Feb/2023:00:12:58 -0800] "GET /ffriends/amkor/jpny12b.jpg HTTP/1.1" 200 33846 "-" "facebookexternalhit/1.1 (+http://www.facebook.com/externalhit_uatext.php)" "ysfine.com"
71.178.208.102 - - [25/Feb/2023:00:13:03 -0800] "GET /ys11/index.html HTTP/1.1" 304 - "https://www.bing.com/" "Mozilla/5.0 (Windows NT 10.0; Win64; x64; rv:109.0) Gecko/20100101 Firefox/110.0" "www.ysfine.com"
71.178.208.102 - - [25/Feb/2023:00:13:24 -0800] "GET /ys22/dondon.html HTTP/1.1" 401 90 "https://www.ysfine.com/ys11/index.html" "Mozilla/5.0 (Windows NT 10.0; Win64; x64; rv:109.0) Gecko/20100101 Firefox/110.0" "www.ysfine.com"
71.178.208.102 - jake [25/Feb/2023:00:13:26 -0800] "GET /ys22/dondon.html HTTP/1.1" 200 2039 "https://www.ysfine.com/ys11/index.html" "Mozilla/5.0 (Windows NT 10.0; Win64; x64; rv:109.0) Gecko/20100101 Firefox/110.0" "www.ysfine.com"
71.178.208.102 - - [25/Feb/2023:00:13:26 -0800] "GET /favicon.ico HTTP/1.1" 404 88 "https://www.ysfine.com/ys22/dondon.html" "Mozilla/5.0 (Windows NT 10.0; Win64; x64; rv:109.0) Gecko/20100101 Firefox/110.0" "www.ysfine.com"
64.124.8.48 - - [25/Feb/2023:00:13:46 -0800] "GET /world/poland/gdn05.jpg HTTP/1.1" 200 178316 "-" "Mozilla/5.0 (Macintosh; Intel Mac OS X 10_15_7) AppleWebKit/537.36 (KHTML, like Gecko) Chrome/107.0.0.0 Safari/537.36" "ysfine.com"
40.77.167.178 - - [25/Feb/2023:00:14:01 -0800] "GET /world/ital/galileo12.jpg HTTP/1.1" 200 145442 "-" "Mozilla/5.0 AppleWebKit/537.36 (KHTML, like Gecko; compatible; bingbot/2.0; +http://www.bing.com/bingbot.htm) Chrome/103.0.5060.134 Safari/537.36" "ysfine.com"
91.133.169.6 - - [25/Feb/2023:00:14:48 -0800] "GET / HTTP/1.1" 200 5295 "-" "Mozilla/5.0 (Linux; Android 4.4.2; SM-T217S Build/KOT49H) AppleWebKit/537.36 (KHTML, like Gecko) Chrome/45.0.2454.84 Safari/537.36" "ysfine.com"
91.133.181.220 - - [25/Feb/2023:00:14:48 -0800] "GET /robots.txt HTTP/1.1" 404 88 "-" "Mozilla/5.0 (iPad; CPU OS 8_0 like Mac OS X) AppleWebKit/600.1.4 (KHTML, like Gecko) Version/8.0 Mobile/12A365 Safari/600.1.4" "ysfine.com"
178.171.113.168 - - [25/Feb/2023:00:15:02 -0800] "GET /maga/entro.pdf HTTP/1.1" 404 88 "-" "Mozilla/5.0 (Macintosh; Intel Mac OS X 10.15; rv:101.0) Gecko/20100101 Firefox/101.0" "www.ysfine.com"
159.192.97.149 - - [25/Feb/2023:00:15:21 -0800] "GET /maga/histo/oscar33.jpg HTTP/1.1" 200 140181 "https://www.google.com/" "Mozilla/5.0 (Windows NT 10.0; Win64; x64) AppleWebKit/537.36 (KHTML, like Gecko) Chrome/110.0.0.0 Safari/537.36" "ysfine.com"
216.244.66.229 - - [25/Feb/2023:00:15:40 -0800] "GET /robots.txt HTTP/1.1" 404 73 "-" "Mozilla/5.0 (compatible; DotBot/1.2; +https://opensiteexplorer.org/dotbot; help@moz.com)" "www.ysfine.com"
216.244.66.229 - - [25/Feb/2023:00:15:40 -0800] "GET /robots.txt HTTP/1.1" 404 73 "-" "Mozilla/5.0 (compatible; DotBot/1.2; +https://opensiteexplorer.org/dotbot; help@moz.com)" "ysfine.com"
207.46.13.223 - - [25/Feb/2023:00:16:16 -0800] "GET /newyork/trump02b.jpg HTTP/1.1" 200 61147 "-" "Mozilla/5.0 AppleWebKit/537.36 (KHTML, like Gecko; compatible; bingbot/2.0; +http://www.bing.com/bingbot.htm) Chrome/103.0.5060.134 Safari/537.36" "ysfine.com"
64.124.8.52 - - [25/Feb/2023:00:16:41 -0800] "GET /maga/wright05.jpg HTTP/1.1" 404 88 "-" "Mozilla/5.0 (Macintosh; Intel Mac OS X 10_15_7) AppleWebKit/537.36 (KHTML, like Gecko) Chrome/107.0.0.0 Safari/537.36" "ysfine.com"
216.244.66.229 - - [25/Feb/2023:00:17:57 -0800] "GET /auto/further22.jpg HTTP/1.1" 200 207087 "-" "Mozilla/5.0 (compatible; DotBot/1.2; +https://opensiteexplorer.org/dotbot; help@moz.com)" "www.ysfine.com"
216.244.66.229 - - [25/Feb/2023:00:18:16 -0800] "GET /auto/photo08.jpg HTTP/1.1" 200 116704 "-" "Mozilla/5.0 (compatible; DotBot/1.2; +https://opensiteexplorer.org/dotbot; help@moz.com)" "www.ysfine.com"
84.3.39.3 - - [25/Feb/2023:00:19:00 -0800] "GET /kowar/tanks/tank21b.jpg HTTP/1.1" 200 26768 "https://www.bing.com/" "Mozilla/5.0 (X11; Linux x86_64; rv:109.0) Gecko/20100101 Firefox/110.0" "www.ysfine.com"
64.124.8.48 - - [25/Feb/2023:00:19:21 -0800] "GET /wdc/umd07.jpg HTTP/1.1" 200 123940 "-" "Mozilla/5.0 (Macintosh; Intel Mac OS X 10_15_7) AppleWebKit/537.36 (KHTML, like Gecko) Chrome/107.0.0.0 Safari/537.36" "ysfine.com"
66.249.66.34 - - [25/Feb/2023:00:19:27 -0800] "GET /kobak/sorae/church103b.jpg HTTP/1.1" 200 41194 "-" "Googlebot-Image/1.0" "ysfine.com"
40.77.167.178 - - [25/Feb/2023:00:19:33 -0800] "GET /world/ital/padova17b.jpg HTTP/1.1" 200 45751 "-" "Mozilla/5.0 AppleWebKit/537.36 (KHTML, like Gecko; compatible; bingbot/2.0; +http://www.bing.com/bingbot.htm) Chrome/103.0.5060.134 Safari/537.36" "ysfine.com"
207.46.13.220 - - [25/Feb/2023:00:20:02 -0800] "GET /world/scandi/sto019.jpg HTTP/1.1" 200 70236 "-" "Mozilla/5.0 AppleWebKit/537.36 (KHTML, like Gecko; compatible; bingbot/2.0; +http://www.bing.com/bingbot.htm) Chrome/103.0.5060.134 Safari/537.36" "ysfine.com"
64.124.8.28 - - [25/Feb/2023:00:20:26 -0800] "GET /world/poland/palaceof02.jpg HTTP/1.1" 200 105862 "-" "Mozilla/5.0 (Macintosh; Intel Mac OS X 10_15_7) AppleWebKit/537.36 (KHTML, like Gecko) Chrome/107.0.0.0 Safari/537.36" "www.ysfine.com"
51.222.253.20 - - [25/Feb/2023:00:20:29 -0800] "GET /world/ital/uffizi02.html HTTP/1.1" 200 401 "-" "Mozilla/5.0 (compatible; AhrefsBot/7.0; +http://ahrefs.com/robot/)" "www.ysfine.com"
51.222.253.18 - - [25/Feb/2023:00:20:34 -0800] "GET /world/ital/uffizi02.jpg HTTP/1.1" 200 122588 "-" "Mozilla/5.0 (compatible; AhrefsBot/7.0; +http://ahrefs.com/robot/)" "www.ysfine.com"
51.222.253.19 - - [25/Feb/2023:00:20:35 -0800] "GET /world/ital/uffizi05.jpg HTTP/1.1" 404 88 "-" "Mozilla/5.0 (compatible; AhrefsBot/7.0; +http://ahrefs.com/robot/)" "www.ysfine.com"
207.46.13.223 - - [25/Feb/2023:00:20:35 -0800] "GET /world/china/shenyang01.jpg HTTP/1.1" 200 106486 "-" "Mozilla/5.0 AppleWebKit/537.36 (KHTML, like Gecko; compatible; bingbot/2.0; +http://www.bing.com/bingbot.htm) Chrome/103.0.5060.134 Safari/537.36" "www.ysfine.com"
207.46.13.223 - - [25/Feb/2023:00:21:06 -0800] "GET /bio05.html HTTP/1.1" 200 7676 "-" "Mozilla/5.0 AppleWebKit/537.36 (KHTML, like Gecko; compatible; bingbot/2.0; +http://www.bing.com/bingbot.htm) Chrome/103.0.5060.134 Safari/537.36" "ysfine.com"
207.46.13.223 - - [25/Feb/2023:00:21:11 -0800] "GET /wisdom/korart.html HTTP/1.1" 200 3719 "-" "Mozilla/5.0 AppleWebKit/537.36 (KHTML, like Gecko; compatible; bingbot/2.0; +http://www.bing.com/bingbot.htm) Chrome/103.0.5060.134 Safari/537.36" "ysfine.com"
40.77.167.178 - - [25/Feb/2023:00:21:13 -0800] "GET /maga/weyl.html HTTP/1.1" 200 4239 "-" "Mozilla/5.0 AppleWebKit/537.36 (KHTML, like Gecko; compatible; bingbot/2.0; +http://www.bing.com/bingbot.htm) Chrome/103.0.5060.134 Safari/537.36" "ysfine.com"
52.167.144.62 - - [25/Feb/2023:00:21:15 -0800] "GET /class54/roofless.html HTTP/1.1" 200 13341 "-" "Mozilla/5.0 AppleWebKit/537.36 (KHTML, like Gecko; compatible; bingbot/2.0; +http://www.bing.com/bingbot.htm) Chrome/103.0.5060.134 Safari/537.36" "ysfine.com"
207.46.13.223 - - [25/Feb/2023:00:21:26 -0800] "GET /maga/phys/huy22.jpg HTTP/1.1" 200 159132 "-" "Mozilla/5.0 AppleWebKit/537.36 (KHTML, like Gecko; compatible; bingbot/2.0; +http://www.bing.com/bingbot.htm) Chrome/103.0.5060.134 Safari/537.36" "ysfine.com"
114.119.144.127 - - [25/Feb/2023:00:22:03 -0800] "GET /world/musplace.tml HTTP/1.1" 404 88 "-" "Mozilla/5.0 (Linux; Android 7.0;) AppleWebKit/537.36 (KHTML, like Gecko) Mobile Safari/537.36 (compatible; PetalBot;+https://webmaster.petalsearch.com/site/petalbot)" "ysfine.com"
64.124.8.28 - - [25/Feb/2023:00:22:13 -0800] "GET /ysbio/dirac/quantum.jpg HTTP/1.1" 404 88 "-" "Mozilla/5.0 (Macintosh; Intel Mac OS X 10_15_7) AppleWebKit/537.36 (KHTML, like Gecko) Chrome/107.0.0.0 Safari/537.36" "www.ysfine.com"
45.134.105.94 - - [25/Feb/2023:00:22:28 -0800] "GET /maga/entro.pdf HTTP/1.1" 404 88 "-" "Mozilla/5.0 (Macintosh; Intel Mac OS X 10_15_7) AppleWebKit/537.36 (KHTML, like Gecko) Chrome/107.0.0.0 Safari/537.36" "www.ysfine.com"
52.167.144.35 - - [25/Feb/2023:00:22:50 -0800] "GET /newyork/wtc11.jpg HTTP/1.1" 200 104125 "-" "Mozilla/5.0 AppleWebKit/537.36 (KHTML, like Gecko; compatible; bingbot/2.0; +http://www.bing.com/bingbot.htm) Chrome/103.0.5060.134 Safari/537.36" "ysfine.com"
87.250.224.239 - - [25/Feb/2023:00:23:07 -0800] "GET /princeton/palmerlab33.jpg HTTP/1.1" 200 149549 "-" "Mozilla/5.0 (compatible; YandexImages/3.0; +http://yandex.com/bots)" "www.ysfine.com"
64.124.8.48 - - [25/Feb/2023:00:23:25 -0800] "GET /world/baltic/kalin28.jpg HTTP/1.1" 200 95941 "-" "Mozilla/5.0 (Macintosh; Intel Mac OS X 10_15_7) AppleWebKit/537.36 (KHTML, like Gecko) Chrome/107.0.0.0 Safari/537.36" "ysfine.com"
64.124.8.54 - - [25/Feb/2023:00:24:41 -0800] "GET /world/baltic/kantcather.jpg HTTP/1.1" 200 101240 "-" "Mozilla/5.0 (Macintosh; Intel Mac OS X 10_15_7) AppleWebKit/537.36 (KHTML, like Gecko) Chrome/107.0.0.0 Safari/537.36" "ysfine.com"
64.124.8.48 - - [25/Feb/2023:00:25:32 -0800] "GET /style/musee/orsaym38.jpg HTTP/1.1" 200 92366 "-" "Mozilla/5.0 (Macintosh; Intel Mac OS X 10_15_7) AppleWebKit/537.36 (KHTML, like Gecko) Chrome/107.0.0.0 Safari/537.36" "ysfine.com"
64.124.8.57 - - [25/Feb/2023:00:25:38 -0800] "GET /ysbio/einstein/eins47.jpg HTTP/1.1" 404 88 "-" "Mozilla/5.0 (Macintosh; Intel Mac OS X 10_15_7) AppleWebKit/537.36 (KHTML, like Gecko) Chrome/107.0.0.0 Safari/537.36" "ysfine.com"
64.124.8.49 - - [25/Feb/2023:00:26:02 -0800] "GET /fbook/boy11.jpg HTTP/1.1" 200 200323 "-" "Mozilla/5.0 (Macintosh; Intel Mac OS X 10_15_7) AppleWebKit/537.36 (KHTML, like Gecko) Chrome/107.0.0.0 Safari/537.36" "ysfine.com"
64.124.8.29 - - [25/Feb/2023:00:27:38 -0800] "GET /wdc/whouse05.jpg HTTP/1.1" 200 75352 "-" "Mozilla/5.0 (Macintosh; Intel Mac OS X 10_15_7) AppleWebKit/537.36 (KHTML, like Gecko) Chrome/107.0.0.0 Safari/537.36" "www.ysfine.com"
173.252.83.5 - - [25/Feb/2023:00:27:39 -0800] "GET /princeton/ustore33b.jpg HTTP/1.1" 200 54240 "-" "facebookexternalhit/1.1 (+http://www.facebook.com/externalhit_uatext.php)" "ysfine.com"
91.133.185.204 - - [25/Feb/2023:00:27:43 -0800] "GET /robots.txt HTTP/1.1" 404 88 "-" "Mozilla/5.0 (Linux; Android 5.0.1; SAMSUNG SM-N910T Build/LRX22C) AppleWebKit/537.36 (KHTML, like Gecko) SamsungBrowser/2.1 Chrome/34.0.1847.76 Mobile Safari/537.36" "ysfine.com"
91.133.214.221 - - [25/Feb/2023:00:27:43 -0800] "GET / HTTP/1.1" 200 5295 "-" "Mozilla/5.0 (iPad; CPU OS 6_0 like Mac OS X) AppleWebKit/536.26 (KHTML, like Gecko) Version/6.0 Mobile/10A5355d Safari/8536.25" "ysfine.com"
207.46.13.223 - - [25/Feb/2023:00:28:16 -0800] "GET /class54/stcars/se06b.jpg HTTP/1.1" 200 34708 "-" "Mozilla/5.0 AppleWebKit/537.36 (KHTML, like Gecko; compatible; bingbot/2.0; +http://www.bing.com/bingbot.htm) Chrome/103.0.5060.134 Safari/537.36" "www.ysfine.com"
176.249.90.111 - - [25/Feb/2023:00:28:35 -0800] "GET /kowar/tanks/m47.jpg HTTP/1.1" 200 78683 "https://www.google.com/" "Mozilla/5.0 (Linux; Android 10; SM-T590) AppleWebKit/537.36 (KHTML, like Gecko) Chrome/110.0.0.0 Safari/537.36" "ysfine.com"
64.124.8.50 - - [25/Feb/2023:00:29:35 -0800] "GET /newyork/guggen77.jpg HTTP/1.1" 200 155521 "-" "Mozilla/5.0 (Macintosh; Intel Mac OS X 10_15_7) AppleWebKit/537.36 (KHTML, like Gecko) Chrome/107.0.0.0 Safari/537.36" "ysfine.com"
168.151.119.72 - - [25/Feb/2023:00:29:41 -0800] "GET /maga/entro.pdf HTTP/1.1" 404 88 "-" "Mozilla/5.0 (Macintosh; Intel Mac OS X 10_10_1) AppleWebKit/600.1.25 (KHTML, like Gecko) Version/8.0 Safari/600.1.25" "www.ysfine.com"
64.124.8.54 - - [25/Feb/2023:00:29:42 -0800] "GET /ysbio/world/ital/flor083.jpg HTTP/1.1" 404 88 "-" "Mozilla/5.0 (Macintosh; Intel Mac OS X 10_15_7) AppleWebKit/537.36 (KHTML, like Gecko) Chrome/107.0.0.0 Safari/537.36" "ysfine.com"
173.252.83.117 - - [25/Feb/2023:00:29:48 -0800] "GET /ffriends/russparis02b.jpg HTTP/1.1" 200 34964 "-" "facebookexternalhit/1.1 (+http://www.facebook.com/externalhit_uatext.php)" "ysfine.com"
64.124.8.57 - - [25/Feb/2023:00:30:16 -0800] "GET /princeton/elephant11.jpg HTTP/1.1" 200 113793 "-" "Mozilla/5.0 (Macintosh; Intel Mac OS X 10_15_7) AppleWebKit/537.36 (KHTML, like Gecko) Chrome/107.0.0.0 Safari/537.36" "ysfine.com"
52.167.144.35 - - [25/Feb/2023:00:30:22 -0800] "GET /bio/kobak/yskor.html HTTP/1.1" 404 88 "-" "Mozilla/5.0 AppleWebKit/537.36 (KHTML, like Gecko; compatible; bingbot/2.0; +http://www.bing.com/bingbot.htm) Chrome/103.0.5060.134 Safari/537.36" "ysfine.com"
86.82.217.84 - - [25/Feb/2023:00:30:55 -0800] "GET /yspapers/einh.pdf HTTP/1.1" 200 270732 "https://www.google.com/" "Mozilla/5.0 (X11; Linux x86_64) AppleWebKit/537.36 (KHTML, like Gecko) Chrome/110.0.0.0 Safari/537.36" "ysfine.com"
64.124.8.54 - - [25/Feb/2023:00:31:18 -0800] "GET /ysbio/einstein/einbohr33.jpg HTTP/1.1" 404 88 "-" "Mozilla/5.0 (Macintosh; Intel Mac OS X 10_15_7) AppleWebKit/537.36 (KHTML, like Gecko) Chrome/107.0.0.0 Safari/537.36" "www.ysfine.com"
64.124.8.29 - - [25/Feb/2023:00:31:24 -0800] "GET /newyork/centralp01.jpg HTTP/1.1" 200 209180 "-" "Mozilla/5.0 (Macintosh; Intel Mac OS X 10_15_7) AppleWebKit/537.36 (KHTML, like Gecko) Chrome/107.0.0.0 Safari/537.36" "ysfine.com"
176.249.90.111 - - [25/Feb/2023:00:31:50 -0800] "GET /kowar/tanks/m24.jpg HTTP/1.1" 200 86947 "https://www.google.com/" "Mozilla/5.0 (Linux; Android 10; SM-T590) AppleWebKit/537.36 (KHTML, like Gecko) Chrome/110.0.0.0 Safari/537.36" "ysfine.com"
31.2.161.181 - - [25/Feb/2023:00:32:05 -0800] "GET /robots.txt HTTP/1.1" 404 88 "-" "Mozilla/5.0 (iPhone; CPU iPhone OS 7_1 like Mac OS X) AppleWebKit/537.51.2 (KHTML, like Gecko) Version/7.0 Mobile/11D167 Safari/9537.53" "ysfine.com"
91.133.232.171 - - [25/Feb/2023:00:32:05 -0800] "GET / HTTP/1.1" 200 5295 "-" "Mozilla/5.0 (Linux; U; Android 4.0.4; en-us; KFJWI Build/IMM76D) AppleWebKit/537.36 (KHTML, like Gecko) Silk/3.68 like Chrome/39.0.2171.93 Safari/537.36" "ysfine.com"
54.36.149.85 - - [25/Feb/2023:00:32:15 -0800] "GET /robots.txt HTTP/1.1" 404 88 "-" "Mozilla/5.0 (compatible; AhrefsBot/7.0; +http://ahrefs.com/robot/)" "ysfine.com"
207.46.13.223 - - [25/Feb/2023:00:32:16 -0800] "GET /world/china/dalian41b.jpg HTTP/1.1" 200 50080 "-" "Mozilla/5.0 AppleWebKit/537.36 (KHTML, like Gecko; compatible; bingbot/2.0; +http://www.bing.com/bingbot.htm) Chrome/103.0.5060.134 Safari/537.36" "ysfine.com"
64.124.8.54 - - [25/Feb/2023:00:33:01 -0800] "GET /world/china/dalian15.jpg HTTP/1.1" 200 78976 "-" "Mozilla/5.0 (Macintosh; Intel Mac OS X 10_15_7) AppleWebKit/537.36 (KHTML, like Gecko) Chrome/107.0.0.0 Safari/537.36" "ysfine.com"
52.167.144.35 - - [25/Feb/2023:00:33:03 -0800] "GET /bio/style/artlove.html HTTP/1.1" 404 88 "-" "Mozilla/5.0 AppleWebKit/537.36 (KHTML, like Gecko; compatible; bingbot/2.0; +http://www.bing.com/bingbot.htm) Chrome/103.0.5060.134 Safari/537.36" "ysfine.com"
52.167.144.62 - - [25/Feb/2023:00:33:13 -0800] "GET /bio/style/proschanie.html HTTP/1.1" 404 88 "-" "Mozilla/5.0 AppleWebKit/537.36 (KHTML, like Gecko; compatible; bingbot/2.0; +http://www.bing.com/bingbot.htm) Chrome/103.0.5060.134 Safari/537.36" "ysfine.com"
173.252.83.6 - - [25/Feb/2023:00:33:14 -0800] "GET /world/russ/kharkov08b.jpg HTTP/1.1" 200 25206 "-" "facebookexternalhit/1.1 (+http://www.facebook.com/externalhit_uatext.php)" "ysfine.com"
52.167.144.62 - - [25/Feb/2023:00:33:53 -0800] "GET /world/germany/goetting02.jpg HTTP/1.1" 200 86243 "-" "Mozilla/5.0 AppleWebKit/537.36 (KHTML, like Gecko; compatible; bingbot/2.0; +http://www.bing.com/bingbot.htm) Chrome/103.0.5060.134 Safari/537.36" "ysfine.com"
207.46.13.220 - - [25/Feb/2023:00:34:08 -0800] "GET /home/philo/sisfa12/keirigh.html HTTP/1.1" 200 2033 "-" "Mozilla/5.0 AppleWebKit/537.36 (KHTML, like Gecko; compatible; bingbot/2.0; +http://www.bing.com/bingbot.htm) Chrome/103.0.5060.134 Safari/537.36" "ysfine.com"
206.127.201.243 - - [25/Feb/2023:00:34:17 -0800] "GET /maga/entro.pdf HTTP/1.1" 404 88 "-" "Mozilla/5.0 (Macintosh; Intel Mac OS X 10_15_7) AppleWebKit/605.1.15 (KHTML, like Gecko) Version/15.1 Safari/605.1.15" "www.ysfine.com"
64.124.8.57 - - [25/Feb/2023:00:34:31 -0800] "GET /ysbio/world/russ/gum24.jpg HTTP/1.1" 404 88 "-" "Mozilla/5.0 (Macintosh; Intel Mac OS X 10_15_7) AppleWebKit/537.36 (KHTML, like Gecko) Chrome/107.0.0.0 Safari/537.36" "ysfine.com"
182.224.78.11 - - [25/Feb/2023:00:34:50 -0800] "GET /wisdom/korart04.jpg HTTP/1.1" 200 92096 "https://www.google.com/" "Mozilla/5.0 (Macintosh; Intel Mac OS X 10_15_7) AppleWebKit/605.1.15 (KHTML, like Gecko) Version/16.3 Safari/605.1.15" "ysfine.com"
64.124.8.48 - - [25/Feb/2023:00:34:53 -0800] "GET /princeton/bikes.jpg HTTP/1.1" 200 175169 "-" "Mozilla/5.0 (Macintosh; Intel Mac OS X 10_15_7) AppleWebKit/537.36 (KHTML, like Gecko) Chrome/107.0.0.0 Safari/537.36" "www.ysfine.com"
207.46.13.220 - - [25/Feb/2023:00:34:54 -0800] "GET /auto/bio19.html HTTP/1.1" 200 10534 "-" "Mozilla/5.0 AppleWebKit/537.36 (KHTML, like Gecko; compatible; bingbot/2.0; +http://www.bing.com/bingbot.htm) Chrome/103.0.5060.134 Safari/537.36" "www.ysfine.com"
64.124.8.52 - - [25/Feb/2023:00:35:03 -0800] "GET /world/ital/termini06.jpg HTTP/1.1" 200 88915 "-" "Mozilla/5.0 (Macintosh; Intel Mac OS X 10_15_7) AppleWebKit/537.36 (KHTML, like Gecko) Chrome/107.0.0.0 Safari/537.36" "www.ysfine.com"
173.252.83.20 - - [25/Feb/2023:00:35:16 -0800] "GET /home/canal55c.jpg HTTP/1.1" 200 41665 "-" "facebookexternalhit/1.1 (+http://www.facebook.com/externalhit_uatext.php)" "ysfine.com"
52.167.144.35 - - [25/Feb/2023:00:35:22 -0800] "GET /kobak/rhee10b.jpg HTTP/1.1" 200 29337 "-" "Mozilla/5.0 AppleWebKit/537.36 (KHTML, like Gecko; compatible; bingbot/2.0; +http://www.bing.com/bingbot.htm) Chrome/103.0.5060.134 Safari/537.36" "ysfine.com"
123.183.224.87 - - [25/Feb/2023:00:35:51 -0800] "GET / HTTP/1.1" 200 5295 "-" "Sogou web spider/4.0(+http://www.sogou.com/docs/help/webmasters.htm#07)" "ysfine.com"
207.46.13.220 - - [25/Feb/2023:00:35:53 -0800] "GET /dirac/michaels.jpg HTTP/1.1" 200 102277 "-" "Mozilla/5.0 AppleWebKit/537.36 (KHTML, like Gecko; compatible; bingbot/2.0; +http://www.bing.com/bingbot.htm) Chrome/103.0.5060.134 Safari/537.36" "ysfine.com"
207.46.13.223 - - [25/Feb/2023:00:36:16 -0800] "GET /world/baltic/lithu24.jpg HTTP/1.1" 200 95279 "-" "Mozilla/5.0 AppleWebKit/537.36 (KHTML, like Gecko; compatible; bingbot/2.0; +http://www.bing.com/bingbot.htm) Chrome/103.0.5060.134 Safari/537.36" "ysfine.com"
64.124.8.29 - - [25/Feb/2023:00:37:14 -0800] "GET /wdc/whxmas/whxmas14.jpg HTTP/1.1" 200 53215 "-" "Mozilla/5.0 (Macintosh; Intel Mac OS X 10_15_7) AppleWebKit/537.36 (KHTML, like Gecko) Chrome/107.0.0.0 Safari/537.36" "ysfine.com"
64.124.8.29 - - [25/Feb/2023:00:37:21 -0800] "GET /dirac/truck/truck16.jpg HTTP/1.1" 200 95504 "-" "Mozilla/5.0 (Macintosh; Intel Mac OS X 10_15_7) AppleWebKit/537.36 (KHTML, like Gecko) Chrome/107.0.0.0 Safari/537.36" "ysfine.com"
216.244.66.229 - - [25/Feb/2023:00:37:59 -0800] "GET /auto/fotos/einhaus11.jpg%3E%20%3Cimg%20src= HTTP/1.1" 404 73 "-" "Mozilla/5.0 (compatible; DotBot/1.2; +https://opensiteexplorer.org/dotbot; help@moz.com)" "ysfine.com"
216.244.66.229 - - [25/Feb/2023:00:38:00 -0800] "GET /ffriends/aline/lufthan10.jpg HTTP/1.1" 200 65815 "-" "Mozilla/5.0 (compatible; DotBot/1.2; +https://opensiteexplorer.org/dotbot; help@moz.com)" "ysfine.com"
216.244.66.229 - - [25/Feb/2023:00:38:37 -0800] "GET /ffriends/aline/malev11.jpg HTTP/1.1" 200 94715 "-" "Mozilla/5.0 (compatible; DotBot/1.2; +https://opensiteexplorer.org/dotbot; help@moz.com)" "ysfine.com"
207.46.13.223 - - [25/Feb/2023:00:39:07 -0800] "GET /world/france/pmetro15.jpg HTTP/1.1" 200 122953 "-" "Mozilla/5.0 AppleWebKit/537.36 (KHTML, like Gecko; compatible; bingbot/2.0; +http://www.bing.com/bingbot.htm) Chrome/103.0.5060.134 Safari/537.36" "www.ysfine.com"
71.87.89.219 - - [25/Feb/2023:00:39:25 -0800] "GET /kowar/panmun04.jpg HTTP/1.1" 200 126386 "https://www.google.com/" "Mozilla/5.0 (Linux; Android 13; Pixel 7 Pro Build/TQ1A.230205.001.D2; wv) AppleWebKit/537.36 (KHTML, like Gecko) Version/4.0 Chrome/110.0.5481.65 Mobile Safari/537.36 GoogleApp/14.6.11.29.arm64" "ysfine.com"
173.252.83.8 - - [25/Feb/2023:00:40:10 -0800] "GET /eink/parton900.jpg HTTP/1.1" 200 126652 "-" "facebookexternalhit/1.1 (+http://www.facebook.com/externalhit_uatext.php)" "ysfine.com"
64.124.8.55 - - [25/Feb/2023:00:40:13 -0800] "GET /usca/pitt/margmor.jpg HTTP/1.1" 200 99402 "-" "Mozilla/5.0 (Macintosh; Intel Mac OS X 10_15_7) AppleWebKit/537.36 (KHTML, like Gecko) Chrome/107.0.0.0 Safari/537.36" "www.ysfine.com"
178.171.90.77 - - [25/Feb/2023:00:40:15 -0800] "GET /maga/entro.pdf HTTP/1.1" 404 88 "-" "Mozilla/5.0 (Windows NT 10.0; Win64; x64; rv:102.0) Gecko/20100101 Firefox/102.0" "www.ysfine.com"
216.244.66.229 - - [25/Feb/2023:00:40:25 -0800] "GET /eink/michwight.jpg HTTP/1.1" 200 128594 "-" "Mozilla/5.0 (compatible; DotBot/1.2; +https://opensiteexplorer.org/dotbot; help@moz.com)" "ysfine.com"
216.244.66.229 - - [25/Feb/2023:00:41:06 -0800] "GET /einstein/eincurie.jpg HTTP/1.1" 200 66178 "-" "Mozilla/5.0 (compatible; DotBot/1.2; +https://opensiteexplorer.org/dotbot; help@moz.com)" "ysfine.com"
64.124.8.55 - - [25/Feb/2023:00:41:08 -0800] "GET /ffriends/aline/delta07.jpg HTTP/1.1" 200 84541 "-" "Mozilla/5.0 (Macintosh; Intel Mac OS X 10_15_7) AppleWebKit/537.36 (KHTML, like Gecko) Chrome/107.0.0.0 Safari/537.36" "ysfine.com"
64.124.8.28 - - [25/Feb/2023:00:41:36 -0800] "GET /world/ital/rome175.jpg HTTP/1.1" 200 84051 "-" "Mozilla/5.0 (Macintosh; Intel Mac OS X 10_15_7) AppleWebKit/537.36 (KHTML, like Gecko) Chrome/107.0.0.0 Safari/537.36" "ysfine.com"
64.124.8.49 - - [25/Feb/2023:00:41:51 -0800] "GET /ysbio/usca/pitt/knee55.jpg HTTP/1.1" 404 88 "-" "Mozilla/5.0 (Macintosh; Intel Mac OS X 10_15_7) AppleWebKit/537.36 (KHTML, like Gecko) Chrome/107.0.0.0 Safari/537.36" "www.ysfine.com"
207.46.13.223 - - [25/Feb/2023:00:42:29 -0800] "GET /world/france/montpar09.jpg HTTP/1.1" 200 138558 "-" "Mozilla/5.0 AppleWebKit/537.36 (KHTML, like Gecko; compatible; bingbot/2.0; +http://www.bing.com/bingbot.htm) Chrome/103.0.5060.134 Safari/537.36" "www.ysfine.com"
64.124.8.54 - - [25/Feb/2023:00:42:53 -0800] "GET /ysbio/world/france/sartsq06.jpg HTTP/1.1" 404 88 "-" "Mozilla/5.0 (Macintosh; Intel Mac OS X 10_15_7) AppleWebKit/537.36 (KHTML, like Gecko) Chrome/107.0.0.0 Safari/537.36" "ysfine.com"
64.124.8.57 - - [25/Feb/2023:00:42:55 -0800] "GET /home/kbrain22.jpg HTTP/1.1" 200 174082 "-" "Mozilla/5.0 (Macintosh; Intel Mac OS X 10_15_7) AppleWebKit/537.36 (KHTML, like Gecko) Chrome/107.0.0.0 Safari/537.36" "www.ysfine.com"
64.124.8.29 - - [25/Feb/2023:00:43:05 -0800] "GET /wdc/usna05.jpg HTTP/1.1" 200 120420 "-" "Mozilla/5.0 (Macintosh; Intel Mac OS X 10_15_7) AppleWebKit/537.36 (KHTML, like Gecko) Chrome/107.0.0.0 Safari/537.36" "ysfine.com"
66.249.66.35 - - [25/Feb/2023:00:43:05 -0800] "GET /kobak/taylor400.jpg HTTP/1.1" 304 - "-" "Googlebot-Image/1.0" "ysfine.com"
64.124.8.52 - - [25/Feb/2023:00:43:07 -0800] "GET /style/musee/orsaym17.jpg HTTP/1.1" 200 158378 "-" "Mozilla/5.0 (Macintosh; Intel Mac OS X 10_15_7) AppleWebKit/537.36 (KHTML, like Gecko) Chrome/107.0.0.0 Safari/537.36" "www.ysfine.com"
