207.46.13.220 - - [25/Feb/2023:00:44:05 -0800] "GET /world/china/nanjing55b.jpg HTTP/1.1" 200 42937 "-" "Mozilla/5.0 AppleWebKit/537.36 (KHTML, like Gecko; compatible; bingbot/2.0; +http://www.bing.com/bingbot.htm) Chrome/103.0.5060.134 Safari/537.36" "ysfine.com"
52.167.144.62 - - [25/Feb/2023:00:44:44 -0800] "GET /world/poland/polstu02.jpg HTTP/1.1" 200 106233 "-" "Mozilla/5.0 AppleWebKit/537.36 (KHTML, like Gecko; compatible; bingbot/2.0; +http://www.bing.com/bingbot.htm) Chrome/103.0.5060.134 Safari/537.36" "www.ysfine.com"
64.124.8.48 - - [25/Feb/2023:00:44:45 -0800] "GET /ysbio/newyork/centralp07.jpg HTTP/1.1" 404 88 "-" "Mozilla/5.0 (Macintosh; Intel Mac OS X 10_15_7) AppleWebKit/537.36 (KHTML, like Gecko) Chrome/107.0.0.0 Safari/537.36" "ysfine.com"
52.167.144.62 - - [25/Feb/2023:00:45:45 -0800] "GET /einstein/eimaga.html HTTP/1.1" 404 88 "-" "Mozilla/5.0 AppleWebKit/537.36 (KHTML, like Gecko; compatible; bingbot/2.0; +http://www.bing.com/bingbot.htm) Chrome/103.0.5060.134 Safari/537.36" "ysfine.com"
110.93.150.102 - - [25/Feb/2023:00:46:19 -0800] "GET /princeton/prade.html HTTP/1.1" 200 9863 "-" "Mozilla/5.0 (compatible; Yeti/1.1; +https://naver.me/spd)" "ysfine.com"
118.184.177.49 - - [25/Feb/2023:00:46:46 -0800] "GET / HTTP/1.1" 200 5295 "-" "Sogou web spider/4.0(+http://www.sogou.com/docs/help/webmasters.htm#07)" "www.ysfine.com"
180.149.4.253 - - [25/Feb/2023:00:46:55 -0800] "GET /maga/entro.pdf HTTP/1.1" 404 88 "-" "Mozilla/5.0 (Macintosh; Intel Mac OS X 10_15_7) AppleWebKit/537.36 (KHTML, like Gecko) Chrome/104.0.5112.102 Safari/537.36" "www.ysfine.com"
40.77.167.178 - - [25/Feb/2023:00:47:05 -0800] "GET /wigner/wigwein00.jpg HTTP/1.1" 200 89514 "-" "Mozilla/5.0 AppleWebKit/537.36 (KHTML, like Gecko; compatible; bingbot/2.0; +http://www.bing.com/bingbot.htm) Chrome/103.0.5060.134 Safari/537.36" "www.ysfine.com"
64.124.8.49 - - [25/Feb/2023:00:47:23 -0800] "GET /world/baltic/lithuf08.jpg HTTP/1.1" 200 91630 "-" "Mozilla/5.0 (Macintosh; Intel Mac OS X 10_15_7) AppleWebKit/537.36 (KHTML, like Gecko) Chrome/107.0.0.0 Safari/537.36" "www.ysfine.com"
64.124.8.29 - - [25/Feb/2023:00:47:29 -0800] "GET /ysbio/world/france/champ1213.jpg HTTP/1.1" 404 88 "-" "Mozilla/5.0 (Macintosh; Intel Mac OS X 10_15_7) AppleWebKit/537.36 (KHTML, like Gecko) Chrome/107.0.0.0 Safari/537.36" "ysfine.com"
52.167.144.62 - - [25/Feb/2023:00:47:34 -0800] "GET /sbk/1998pot11.jpg HTTP/1.1" 200 72428 "-" "Mozilla/5.0 AppleWebKit/537.36 (KHTML, like Gecko; compatible; bingbot/2.0; +http://www.bing.com/bingbot.htm) Chrome/103.0.5060.134 Safari/537.36" "www.ysfine.com"
40.77.167.178 - - [25/Feb/2023:00:47:35 -0800] "GET /world/scandi/wignob07.jpg HTTP/1.1" 200 103208 "-" "Mozilla/5.0 AppleWebKit/537.36 (KHTML, like Gecko; compatible; bingbot/2.0; +http://www.bing.com/bingbot.htm) Chrome/103.0.5060.134 Safari/537.36" "ysfine.com"
51.104.146.235 - - [25/Feb/2023:00:48:13 -0800] "GET /maga/phil/sartre11.jpg HTTP/1.1" 200 164394 "-" "DuckDuckBot/1.1; (+http://duckduckgo.com/duckduckbot.html)" "ysfine.com"
64.124.8.29 - - [25/Feb/2023:00:48:46 -0800] "GET /sbk/1964ee.jpg HTTP/1.1" 200 139153 "-" "Mozilla/5.0 (Macintosh; Intel Mac OS X 10_15_7) AppleWebKit/537.36 (KHTML, like Gecko) Chrome/107.0.0.0 Safari/537.36" "www.ysfine.com"
64.124.8.29 - - [25/Feb/2023:00:49:04 -0800] "GET /ysbio/world/russ/kilin102.jpg HTTP/1.1" 404 88 "-" "Mozilla/5.0 (Macintosh; Intel Mac OS X 10_15_7) AppleWebKit/537.36 (KHTML, like Gecko) Chrome/107.0.0.0 Safari/537.36" "ysfine.com"
173.252.83.21 - - [25/Feb/2023:00:49:05 -0800] "GET /friends/albania99b.jpg HTTP/1.1" 404 88 "-" "facebookexternalhit/1.1 (+http://www.facebook.com/externalhit_uatext.php)" "ysfine.com"
64.124.8.55 - - [25/Feb/2023:00:49:23 -0800] "GET /world/russ/ballerina11.jpg HTTP/1.1" 200 94331 "-" "Mozilla/5.0 (Macintosh; Intel Mac OS X 10_15_7) AppleWebKit/537.36 (KHTML, like Gecko) Chrome/107.0.0.0 Safari/537.36" "www.ysfine.com"
64.124.8.54 - - [25/Feb/2023:00:49:29 -0800] "GET /world/france/nice103.jpg HTTP/1.1" 200 62690 "-" "Mozilla/5.0 (Macintosh; Intel Mac OS X 10_15_7) AppleWebKit/537.36 (KHTML, like Gecko) Chrome/107.0.0.0 Safari/537.36" "ysfine.com"
64.124.8.52 - - [25/Feb/2023:00:49:59 -0800] "GET /world/japan/osakaf12.jpg HTTP/1.1" 200 141618 "-" "Mozilla/5.0 (Macintosh; Intel Mac OS X 10_15_7) AppleWebKit/537.36 (KHTML, like Gecko) Chrome/107.0.0.0 Safari/537.36" "ysfine.com"
216.244.66.229 - - [25/Feb/2023:00:50:16 -0800] "GET /ffriends/aline/pakis55.jpg HTTP/1.1" 200 155022 "-" "Mozilla/5.0 (compatible; DotBot/1.2; +https://opensiteexplorer.org/dotbot; help@moz.com)" "ysfine.com"
216.244.66.229 - - [25/Feb/2023:00:50:54 -0800] "GET /ffriends/aline/tam02.jpg HTTP/1.1" 200 66230 "-" "Mozilla/5.0 (compatible; DotBot/1.2; +https://opensiteexplorer.org/dotbot; help@moz.com)" "ysfine.com"
40.77.167.178 - - [25/Feb/2023:00:51:06 -0800] "GET /world/baltic/tallin28.jpg HTTP/1.1" 200 67013 "-" "Mozilla/5.0 AppleWebKit/537.36 (KHTML, like Gecko; compatible; bingbot/2.0; +http://www.bing.com/bingbot.htm) Chrome/103.0.5060.134 Safari/537.36" "ysfine.com"
64.124.8.54 - - [25/Feb/2023:00:51:16 -0800] "GET /ysbio/class54/pics/g142.jpg HTTP/1.1" 404 88 "-" "Mozilla/5.0 (Macintosh; Intel Mac OS X 10_15_7) AppleWebKit/537.36 (KHTML, like Gecko) Chrome/107.0.0.0 Safari/537.36" "www.ysfine.com"
216.244.66.229 - - [25/Feb/2023:00:51:27 -0800] "GET /ffriends/aline/united08.jpg HTTP/1.1" 200 94160 "-" "Mozilla/5.0 (compatible; DotBot/1.2; +https://opensiteexplorer.org/dotbot; help@moz.com)" "ysfine.com"
64.124.8.57 - - [25/Feb/2023:00:51:47 -0800] "GET /ysbio/wdc/anna07.jpg HTTP/1.1" 404 88 "-" "Mozilla/5.0 (Macintosh; Intel Mac OS X 10_15_7) AppleWebKit/537.36 (KHTML, like Gecko) Chrome/107.0.0.0 Safari/537.36" "ysfine.com"
52.167.144.62 - - [25/Feb/2023:00:51:54 -0800] "GET /wdc/fedreserv11.jpg HTTP/1.1" 200 133455 "-" "Mozilla/5.0 AppleWebKit/537.36 (KHTML, like Gecko; compatible; bingbot/2.0; +http://www.bing.com/bingbot.htm) Chrome/103.0.5060.134 Safari/537.36" "www.ysfine.com"
216.244.66.229 - - [25/Feb/2023:00:52:04 -0800] "GET /home/figs/dirackn55.jpg HTTP/1.1" 200 142380 "-" "Mozilla/5.0 (compatible; DotBot/1.2; +https://opensiteexplorer.org/dotbot; help@moz.com)" "ysfine.com"
173.252.83.118 - - [25/Feb/2023:00:52:42 -0800] "GET /ffriends/aline/airberlin22c.jpg HTTP/1.1" 200 39328 "-" "facebookexternalhit/1.1 (+http://www.facebook.com/externalhit_uatext.php)" "ysfine.com"
82.49.74.103 - - [25/Feb/2023:00:52:44 -0800] "GET /world/france/montpar09.jpg HTTP/1.1" 200 138558 "https://www.google.com/" "Mozilla/5.0 (Linux; Android 12; M2103K19G Build/SP1A.210812.016; wv) AppleWebKit/537.36 (KHTML, like Gecko) Version/4.0 Chrome/109.0.5414.117 Mobile Safari/537.36 GoogleApp/14.5.9.26.arm64" "ysfine.com"
216.244.66.229 - - [25/Feb/2023:00:52:44 -0800] "GET /ffriends/amkor/ewha51.jpg HTTP/1.1" 200 72252 "-" "Mozilla/5.0 (compatible; DotBot/1.2; +https://opensiteexplorer.org/dotbot; help@moz.com)" "ysfine.com"
64.124.8.52 - - [25/Feb/2023:00:53:00 -0800] "GET /ysbio/world/balkan/istan021.jpg HTTP/1.1" 404 88 "-" "Mozilla/5.0 (Macintosh; Intel Mac OS X 10_15_7) AppleWebKit/537.36 (KHTML, like Gecko) Chrome/107.0.0.0 Safari/537.36" "www.ysfine.com"
64.124.8.29 - - [25/Feb/2023:00:53:06 -0800] "GET /world/balkan/istan102.jpg HTTP/1.1" 200 100634 "-" "Mozilla/5.0 (Macintosh; Intel Mac OS X 10_15_7) AppleWebKit/537.36 (KHTML, like Gecko) Chrome/107.0.0.0 Safari/537.36" "www.ysfine.com"
207.46.13.223 - - [25/Feb/2023:00:53:15 -0800] "GET /world/russ/kazan066.jpg HTTP/1.1" 200 44197 "-" "Mozilla/5.0 AppleWebKit/537.36 (KHTML, like Gecko; compatible; bingbot/2.0; +http://www.bing.com/bingbot.htm) Chrome/103.0.5060.134 Safari/537.36" "www.ysfine.com"
64.124.8.49 - - [25/Feb/2023:00:53:26 -0800] "GET /world/russ/redsq57.jpg HTTP/1.1" 200 113851 "-" "Mozilla/5.0 (Macintosh; Intel Mac OS X 10_15_7) AppleWebKit/537.36 (KHTML, like Gecko) Chrome/107.0.0.0 Safari/537.36" "www.ysfine.com"
82.49.74.103 - - [25/Feb/2023:00:53:26 -0800] "GET /maga/phil/sartre11.jpg HTTP/1.1" 200 164394 "https://www.google.com/" "Mozilla/5.0 (Linux; Android 12; M2103K19G Build/SP1A.210812.016; wv) AppleWebKit/537.36 (KHTML, like Gecko) Version/4.0 Chrome/109.0.5414.117 Mobile Safari/537.36 GoogleApp/14.5.9.26.arm64" "ysfine.com"
64.124.8.55 - - [25/Feb/2023:00:53:37 -0800] "GET /kowar/mil/tank08.jpg HTTP/1.1" 404 88 "-" "Mozilla/5.0 (Macintosh; Intel Mac OS X 10_15_7) AppleWebKit/537.36 (KHTML, like Gecko) Chrome/107.0.0.0 Safari/537.36" "ysfine.com"
64.124.8.55 - - [25/Feb/2023:00:53:49 -0800] "GET /princeton/einpm.jpg HTTP/1.1" 200 116543 "-" "Mozilla/5.0 (Macintosh; Intel Mac OS X 10_15_7) AppleWebKit/537.36 (KHTML, like Gecko) Chrome/107.0.0.0 Safari/537.36" "www.ysfine.com"
64.124.8.55 - - [25/Feb/2023:00:54:00 -0800] "GET /ysbio/world/russ/kiev040.jpg HTTP/1.1" 404 88 "-" "Mozilla/5.0 (Macintosh; Intel Mac OS X 10_15_7) AppleWebKit/537.36 (KHTML, like Gecko) Chrome/107.0.0.0 Safari/537.36" "ysfine.com"
169.149.228.170 - - [25/Feb/2023:00:55:20 -0800] "GET /dirac/dirac11.jpg HTTP/1.1" 200 94245 "https://www.google.com/" "Mozilla/5.0 (Linux; Android 11) AppleWebKit/537.36 (KHTML, like Gecko) Chrome/108.0.0.0 Mobile Safari/537.36" "ysfine.com"
173.252.83.118 - - [25/Feb/2023:00:56:16 -0800] "GET /world/poland/polstu26b.jpg HTTP/1.1" 200 38912 "-" "facebookexternalhit/1.1 (+http://www.facebook.com/externalhit_uatext.php)" "ysfine.com"
52.146.58.236 - - [25/Feb/2023:00:56:57 -0800] "GET /maga/histo/desiree22.jpg HTTP/1.1" 200 113561 "-" "DuckDuckBot/1.1; (+http://duckduckgo.com/duckduckbot.html)" "ysfine.com"
128.2.204.158 - - [25/Feb/2023:00:57:18 -0800] "GET /princeton/dulles.jpg HTTP/1.1" 200 84176 "-" "Mozilla/5.0 (X11; Linux i686) AppleWebKit/537.17 (KHTML, like Gecko) Chrome/24.0.1312.27 Safari/537.17" "ysfine.com"
52.167.144.62 - - [25/Feb/2023:00:57:36 -0800] "GET /wdc/gtown23b.jpg HTTP/1.1" 200 37749 "-" "Mozilla/5.0 AppleWebKit/537.36 (KHTML, like Gecko; compatible; bingbot/2.0; +http://www.bing.com/bingbot.htm) Chrome/103.0.5060.134 Safari/537.36" "www.ysfine.com"
64.124.8.54 - - [25/Feb/2023:00:58:05 -0800] "GET /world/latina/rio017.jpg HTTP/1.1" 200 108245 "-" "Mozilla/5.0 (Macintosh; Intel Mac OS X 10_15_7) AppleWebKit/537.36 (KHTML, like Gecko) Chrome/107.0.0.0 Safari/537.36" "ysfine.com"
173.252.83.1 - - [25/Feb/2023:00:58:47 -0800] "GET /ffriends/amkor/erico11b.jpg HTTP/1.1" 200 29038 "-" "facebookexternalhit/1.1 (+http://www.facebook.com/externalhit_uatext.php)" "ysfine.com"
64.124.8.52 - - [25/Feb/2023:00:59:24 -0800] "GET /heisen/einhouse11.jpg HTTP/1.1" 404 88 "-" "Mozilla/5.0 (Macintosh; Intel Mac OS X 10_15_7) AppleWebKit/537.36 (KHTML, like Gecko) Chrome/107.0.0.0 Safari/537.36" "ysfine.com"
64.124.8.54 - - [25/Feb/2023:00:59:33 -0800] "GET /style/mcau.jpg HTTP/1.1" 200 65477 "-" "Mozilla/5.0 (Macintosh; Intel Mac OS X 10_15_7) AppleWebKit/537.36 (KHTML, like Gecko) Chrome/107.0.0.0 Safari/537.36" "www.ysfine.com"
64.124.8.54 - - [25/Feb/2023:00:59:37 -0800] "GET /ysbio/einstein/places/einha02.jpg HTTP/1.1" 404 88 "-" "Mozilla/5.0 (Macintosh; Intel Mac OS X 10_15_7) AppleWebKit/537.36 (KHTML, like Gecko) Chrome/107.0.0.0 Safari/537.36" "ysfine.com"
87.250.224.239 - - [25/Feb/2023:01:00:08 -0800] "GET /newyork/waldorf02c.jpg HTTP/1.1" 200 47756 "-" "Mozilla/5.0 (compatible; YandexImages/3.0; +http://yandex.com/bots)" "www.ysfine.com"
40.77.167.178 - - [25/Feb/2023:01:00:37 -0800] "GET /style/musee/beijing058.jpg HTTP/1.1" 200 66106 "-" "Mozilla/5.0 AppleWebKit/537.36 (KHTML, like Gecko; compatible; bingbot/2.0; +http://www.bing.com/bingbot.htm) Chrome/103.0.5060.134 Safari/537.36" "ysfine.com"
71.178.208.102 - - [25/Feb/2023:01:00:51 -0800] "GET /ys11/ HTTP/1.1" 304 - "-" "Mozilla/5.0 (Windows NT 10.0; Win64; x64) AppleWebKit/537.36 (KHTML, like Gecko) Chrome/110.0.0.0 Safari/537.36 Edg/110.0.1587.50" "ysfine.com"
71.178.208.102 - - [25/Feb/2023:01:00:54 -0800] "GET /ys22/dondon.html HTTP/1.1" 401 90 "https://ysfine.com/ys11/" "Mozilla/5.0 (Windows NT 10.0; Win64; x64) AppleWebKit/537.36 (KHTML, like Gecko) Chrome/110.0.0.0 Safari/537.36 Edg/110.0.1587.50" "ysfine.com"
52.167.144.35 - - [25/Feb/2023:01:01:45 -0800] "GET /wdc/gtown37.jpg HTTP/1.1" 200 134468 "-" "Mozilla/5.0 AppleWebKit/537.36 (KHTML, like Gecko; compatible; bingbot/2.0; +http://www.bing.com/bingbot.htm) Chrome/103.0.5060.134 Safari/537.36" "ysfine.com"
207.46.13.223 - - [25/Feb/2023:01:01:51 -0800] "GET /wdc/whouse08.jpg HTTP/1.1" 200 56905 "-" "Mozilla/5.0 AppleWebKit/537.36 (KHTML, like Gecko; compatible; bingbot/2.0; +http://www.bing.com/bingbot.htm) Chrome/103.0.5060.134 Safari/537.36" "www.ysfine.com"
216.244.66.229 - - [25/Feb/2023:01:02:34 -0800] "GET /robots.txt HTTP/1.1" 404 73 "-" "Mozilla/5.0 (compatible; DotBot/1.2; +https://opensiteexplorer.org/dotbot; help@moz.com)" "ysfine.com"
216.244.66.229 - - [25/Feb/2023:01:02:34 -0800] "GET /robots.txt HTTP/1.1" 404 73 "-" "Mozilla/5.0 (compatible; DotBot/1.2; +https://opensiteexplorer.org/dotbot; help@moz.com)" "www.ysfine.com"
173.252.83.14 - - [25/Feb/2023:01:02:37 -0800] "GET /ffriends/amkor/lewitt11c.jpg HTTP/1.1" 200 46868 "-" "facebookexternalhit/1.1 (+http://www.facebook.com/externalhit_uatext.php)" "ysfine.com"
71.178.208.102 - - [25/Feb/2023:01:03:01 -0800] "GET /class54/index.html HTTP/1.1" 200 2554 "-" "Mozilla/5.0 (Windows NT 10.0; Win64; x64; rv:109.0) Gecko/20100101 Firefox/110.0" "www.ysfine.com"
71.178.208.102 - - [25/Feb/2023:01:03:01 -0800] "GET /class54/tallm09b.jpg HTTP/1.1" 200 43676 "https://www.ysfine.com/class54/index.html" "Mozilla/5.0 (Windows NT 10.0; Win64; x64; rv:109.0) Gecko/20100101 Firefox/110.0" "www.ysfine.com"
71.178.208.102 - - [25/Feb/2023:01:03:01 -0800] "GET /class54/tallm06b.jpg HTTP/1.1" 200 55344 "https://www.ysfine.com/class54/index.html" "Mozilla/5.0 (Windows NT 10.0; Win64; x64; rv:109.0) Gecko/20100101 Firefox/110.0" "www.ysfine.com"
71.178.208.102 - - [25/Feb/2023:01:03:01 -0800] "GET /class54/tallm02b.jpg HTTP/1.1" 200 46210 "https://www.ysfine.com/class54/index.html" "Mozilla/5.0 (Windows NT 10.0; Win64; x64; rv:109.0) Gecko/20100101 Firefox/110.0" "www.ysfine.com"
71.178.208.102 - - [25/Feb/2023:01:03:01 -0800] "GET /kobak/taylor33c.jpg HTTP/1.1" 200 39951 "https://www.ysfine.com/class54/index.html" "Mozilla/5.0 (Windows NT 10.0; Win64; x64; rv:109.0) Gecko/20100101 Firefox/110.0" "www.ysfine.com"
71.178.208.102 - - [25/Feb/2023:01:03:01 -0800] "GET /class54/tallm08b.jpg HTTP/1.1" 200 43331 "https://www.ysfine.com/class54/index.html" "Mozilla/5.0 (Windows NT 10.0; Win64; x64; rv:109.0) Gecko/20100101 Firefox/110.0" "www.ysfine.com"
71.178.208.102 - - [25/Feb/2023:01:03:01 -0800] "GET /class54/tallm03b.jpg HTTP/1.1" 200 41459 "https://www.ysfine.com/class54/index.html" "Mozilla/5.0 (Windows NT 10.0; Win64; x64; rv:109.0) Gecko/20100101 Firefox/110.0" "www.ysfine.com"
71.178.208.102 - - [25/Feb/2023:01:03:01 -0800] "GET /eink/pwk19c.jpg HTTP/1.1" 200 57759 "https://www.ysfine.com/class54/index.html" "Mozilla/5.0 (Windows NT 10.0; Win64; x64; rv:109.0) Gecko/20100101 Firefox/110.0" "www.ysfine.com"
71.178.208.102 - - [25/Feb/2023:01:03:01 -0800] "GET /home/ewk86k.jpg HTTP/1.1" 200 103090 "https://www.ysfine.com/class54/index.html" "Mozilla/5.0 (Windows NT 10.0; Win64; x64; rv:109.0) Gecko/20100101 Firefox/110.0" "www.ysfine.com"
62.182.80.34 - - [25/Feb/2023:01:04:08 -0800] "GET /sites/all/libraries/elfinder/src/connectors/php/connector.php HTTP/1.1" 404 73 "-" "ALittle Client" "ysfine.com"
64.124.8.28 - - [25/Feb/2023:01:04:23 -0800] "GET /ysbio/world/baltic/riga41.jpg HTTP/1.1" 404 88 "-" "Mozilla/5.0 (Macintosh; Intel Mac OS X 10_15_7) AppleWebKit/537.36 (KHTML, like Gecko) Chrome/107.0.0.0 Safari/537.36" "ysfine.com"
52.167.144.62 - - [25/Feb/2023:01:04:35 -0800] "GET /world/brit/imperialc05.jpg HTTP/1.1" 200 70843 "-" "Mozilla/5.0 AppleWebKit/537.36 (KHTML, like Gecko; compatible; bingbot/2.0; +http://www.bing.com/bingbot.htm) Chrome/103.0.5060.134 Safari/537.36" "ysfine.com"
64.124.8.49 - - [25/Feb/2023:01:04:53 -0800] "GET /world/brit/harrow09.jpg HTTP/1.1" 200 101406 "-" "Mozilla/5.0 (Macintosh; Intel Mac OS X 10_15_7) AppleWebKit/537.36 (KHTML, like Gecko) Chrome/107.0.0.0 Safari/537.36" "ysfine.com"
216.244.66.229 - - [25/Feb/2023:01:05:00 -0800] "GET /folks/armen01.jpg HTTP/1.1" 200 228070 "-" "Mozilla/5.0 (compatible; DotBot/1.2; +https://opensiteexplorer.org/dotbot; help@moz.com)" "ysfine.com"
64.124.8.57 - - [25/Feb/2023:01:05:13 -0800] "GET /sbk/1998mm11.jpg HTTP/1.1" 200 186443 "-" "Mozilla/5.0 (Macintosh; Intel Mac OS X 10_15_7) AppleWebKit/537.36 (KHTML, like Gecko) Chrome/107.0.0.0 Safari/537.36" "ysfine.com"
64.124.8.29 - - [25/Feb/2023:01:05:16 -0800] "GET /ysbio/world/poland/degalle22.jpg HTTP/1.1" 404 88 "-" "Mozilla/5.0 (Macintosh; Intel Mac OS X 10_15_7) AppleWebKit/537.36 (KHTML, like Gecko) Chrome/107.0.0.0 Safari/537.36" "ysfine.com"
207.46.13.220 - - [25/Feb/2023:01:05:28 -0800] "GET /princeton/gcollege61.jpg HTTP/1.1" 200 84242 "-" "Mozilla/5.0 AppleWebKit/537.36 (KHTML, like Gecko; compatible; bingbot/2.0; +http://www.bing.com/bingbot.htm) Chrome/103.0.5060.134 Safari/537.36" "www.ysfine.com"
216.244.66.229 - - [25/Feb/2023:01:05:37 -0800] "GET /folks/israel11.jpg HTTP/1.1" 200 232962 "-" "Mozilla/5.0 (compatible; DotBot/1.2; +https://opensiteexplorer.org/dotbot; help@moz.com)" "ysfine.com"
173.252.83.4 - - [25/Feb/2023:01:05:37 -0800] "GET /eink/einhaus33c.jpg HTTP/1.1" 200 23792 "-" "facebookexternalhit/1.1 (+http://www.facebook.com/externalhit_uatext.php)" "ysfine.com"
51.222.253.3 - - [25/Feb/2023:01:05:46 -0800] "GET /philo/helena.html HTTP/1.1" 200 6350 "-" "Mozilla/5.0 (compatible; AhrefsBot/7.0; +http://ahrefs.com/robot/)" "www.ysfine.com"
51.222.253.2 - - [25/Feb/2023:01:05:49 -0800] "GET /philo/e=mc22c.jpg HTTP/1.1" 200 33348 "-" "Mozilla/5.0 (compatible; AhrefsBot/7.0; +http://ahrefs.com/robot/)" "www.ysfine.com"
51.222.253.11 - - [25/Feb/2023:01:05:49 -0800] "GET /world/germany/trier41c.jpg HTTP/1.1" 200 32324 "-" "Mozilla/5.0 (compatible; AhrefsBot/7.0; +http://ahrefs.com/robot/)" "www.ysfine.com"
51.222.253.6 - - [25/Feb/2023:01:05:50 -0800] "GET /philo/einbohr11c.jpg HTTP/1.1" 200 39253 "-" "Mozilla/5.0 (compatible; AhrefsBot/7.0; +http://ahrefs.com/robot/)" "www.ysfine.com"
51.222.253.10 - - [25/Feb/2023:01:05:50 -0800] "GET /philo/marx05c.jpg HTTP/1.1" 200 25613 "-" "Mozilla/5.0 (compatible; AhrefsBot/7.0; +http://ahrefs.com/robot/)" "www.ysfine.com"
51.222.253.16 - - [25/Feb/2023:01:05:50 -0800] "GET /philo/pontdg10c.jpg HTTP/1.1" 200 48696 "-" "Mozilla/5.0 (compatible; AhrefsBot/7.0; +http://ahrefs.com/robot/)" "www.ysfine.com"
51.222.253.15 - - [25/Feb/2023:01:05:51 -0800] "GET /philo/dirwig11c.jpg HTTP/1.1" 200 32397 "-" "Mozilla/5.0 (compatible; AhrefsBot/7.0; +http://ahrefs.com/robot/)" "www.ysfine.com"
51.222.253.14 - - [25/Feb/2023:01:05:51 -0800] "GET /philo/e=mc11c.jpg HTTP/1.1" 200 23225 "-" "Mozilla/5.0 (compatible; AhrefsBot/7.0; +http://ahrefs.com/robot/)" "www.ysfine.com"
51.222.253.11 - - [25/Feb/2023:01:05:52 -0800] "GET /philo/truck22/truck16a.jpg HTTP/1.1" 200 69344 "-" "Mozilla/5.0 (compatible; AhrefsBot/7.0; +http://ahrefs.com/robot/)" "www.ysfine.com"
51.222.253.9 - - [25/Feb/2023:01:05:52 -0800] "GET /philo/einbohr66a.jpg HTTP/1.1" 200 93794 "-" "Mozilla/5.0 (compatible; AhrefsBot/7.0; +http://ahrefs.com/robot/)" "www.ysfine.com"
51.222.253.9 - - [25/Feb/2023:01:05:53 -0800] "GET /eink/emc22c.jpg HTTP/1.1" 200 32175 "-" "Mozilla/5.0 (compatible; AhrefsBot/7.0; +http://ahrefs.com/robot/)" "www.ysfine.com"
51.222.253.13 - - [25/Feb/2023:01:05:54 -0800] "GET /world/germany/trier24c.jpg HTTP/1.1" 200 38907 "-" "Mozilla/5.0 (compatible; AhrefsBot/7.0; +http://ahrefs.com/robot/)" "www.ysfine.com"
51.222.253.12 - - [25/Feb/2023:01:05:55 -0800] "GET /philo/marx35a.jpg HTTP/1.1" 200 81298 "-" "Mozilla/5.0 (compatible; AhrefsBot/7.0; +http://ahrefs.com/robot/)" "www.ysfine.com"
51.222.253.1 - - [25/Feb/2023:01:05:56 -0800] "GET /world/germany/trier22c.jpg HTTP/1.1" 200 35582 "-" "Mozilla/5.0 (compatible; AhrefsBot/7.0; +http://ahrefs.com/robot/)" "www.ysfine.com"
51.222.253.20 - - [25/Feb/2023:01:05:56 -0800] "GET /world/germany/trier04c.jpg HTTP/1.1" 200 38856 "-" "Mozilla/5.0 (compatible; AhrefsBot/7.0; +http://ahrefs.com/robot/)" "www.ysfine.com"
51.222.253.2 - - [25/Feb/2023:01:05:57 -0800] "GET /philo/tank66a.jpg HTTP/1.1" 200 87358 "-" "Mozilla/5.0 (compatible; AhrefsBot/7.0; +http://ahrefs.com/robot/)" "www.ysfine.com"
51.222.253.2 - - [25/Feb/2023:01:05:59 -0800] "GET /world/germany/trier19c.jpg HTTP/1.1" 200 35455 "-" "Mozilla/5.0 (compatible; AhrefsBot/7.0; +http://ahrefs.com/robot/)" "www.ysfine.com"
51.222.253.5 - - [25/Feb/2023:01:05:59 -0800] "GET /philo/marxber22a.jpg HTTP/1.1" 200 79732 "-" "Mozilla/5.0 (compatible; AhrefsBot/7.0; +http://ahrefs.com/robot/)" "www.ysfine.com"
51.222.253.5 - - [25/Feb/2023:01:05:59 -0800] "GET /world/germany/trier17c.jpg HTTP/1.1" 200 37933 "-" "Mozilla/5.0 (compatible; AhrefsBot/7.0; +http://ahrefs.com/robot/)" "www.ysfine.com"
51.222.253.2 - - [25/Feb/2023:01:06:00 -0800] "GET /philo/marx06c.jpg HTTP/1.1" 200 40558 "-" "Mozilla/5.0 (compatible; AhrefsBot/7.0; +http://ahrefs.com/robot/)" "www.ysfine.com"
51.222.253.16 - - [25/Feb/2023:01:06:00 -0800] "GET /philo/helena11c.jpg HTTP/1.1" 200 45603 "-" "Mozilla/5.0 (compatible; AhrefsBot/7.0; +http://ahrefs.com/robot/)" "www.ysfine.com"
51.222.253.15 - - [25/Feb/2023:01:06:01 -0800] "GET /philo/marx01c.jpg HTTP/1.1" 200 38755 "-" "Mozilla/5.0 (compatible; AhrefsBot/7.0; +http://ahrefs.com/robot/)" "www.ysfine.com"
216.244.66.229 - - [25/Feb/2023:01:06:13 -0800] "GET /folks/nypops.jpg HTTP/1.1" 404 73 "-" "Mozilla/5.0 (compatible; DotBot/1.2; +https://opensiteexplorer.org/dotbot; help@moz.com)" "ysfine.com"
86.145.32.240 - - [25/Feb/2023:01:06:37 -0800] "GET /world/brit/eton11.jpg HTTP/1.1" 200 107084 "https://www.google.co.uk/" "Mozilla/5.0 (iPhone; CPU iPhone OS 16_2 like Mac OS X) AppleWebKit/605.1.15 (KHTML, like Gecko) Version/16.2 Mobile/15E148 Safari/604.1" "ysfine.com"
216.244.66.229 - - [25/Feb/2023:01:06:42 -0800] "GET /auto/fotos/chuseok11.jpg HTTP/1.1" 200 221476 "-" "Mozilla/5.0 (compatible; DotBot/1.2; +https://opensiteexplorer.org/dotbot; help@moz.com)" "www.ysfine.com"
52.167.144.62 - - [25/Feb/2023:01:06:56 -0800] "GET /wisdom/yks22.jpg HTTP/1.1" 200 114777 "-" "Mozilla/5.0 AppleWebKit/537.36 (KHTML, like Gecko; compatible; bingbot/2.0; +http://www.bing.com/bingbot.htm) Chrome/103.0.5060.134 Safari/537.36" "ysfine.com"
216.244.66.229 - - [25/Feb/2023:01:07:10 -0800] "GET /auto/fotos/kids20.jpg HTTP/1.1" 200 153106 "-" "Mozilla/5.0 (compatible; DotBot/1.2; +https://opensiteexplorer.org/dotbot; help@moz.com)" "www.ysfine.com"
64.124.8.50 - - [25/Feb/2023:01:07:33 -0800] "GET /ysbio/newyork/colum17.jpg HTTP/1.1" 404 88 "-" "Mozilla/5.0 (Macintosh; Intel Mac OS X 10_15_7) AppleWebKit/537.36 (KHTML, like Gecko) Chrome/107.0.0.0 Safari/537.36" "ysfine.com"
64.124.8.52 - - [25/Feb/2023:01:07:39 -0800] "GET /wdc/waskor013.jpg HTTP/1.1" 200 81898 "-" "Mozilla/5.0 (Macintosh; Intel Mac OS X 10_15_7) AppleWebKit/537.36 (KHTML, like Gecko) Chrome/107.0.0.0 Safari/537.36" "www.ysfine.com"
216.244.66.229 - - [25/Feb/2023:01:07:43 -0800] "GET /class54/class5470/total_data/sub_601.htm HTTP/1.1" 200 12708 "-" "Mozilla/5.0 (compatible; DotBot/1.2; +https://opensiteexplorer.org/dotbot; help@moz.com)" "www.ysfine.com"
216.244.66.229 - - [25/Feb/2023:01:08:09 -0800] "GET /home/home/genea.html HTTP/1.1" 404 73 "-" "Mozilla/5.0 (compatible; DotBot/1.2; +https://opensiteexplorer.org/dotbot; help@moz.com)" "www.ysfine.com"
52.167.144.62 - - [25/Feb/2023:01:08:27 -0800] "GET /sbk/2010bonn33.jpg HTTP/1.1" 200 197366 "-" "Mozilla/5.0 AppleWebKit/537.36 (KHTML, like Gecko; compatible; bingbot/2.0; +http://www.bing.com/bingbot.htm) Chrome/103.0.5060.134 Safari/537.36" "ysfine.com"
216.244.66.229 - - [25/Feb/2023:01:08:33 -0800] "GET /folks/aline/singap11.jpg HTTP/1.1" 200 192936 "-" "Mozilla/5.0 (compatible; DotBot/1.2; +https://opensiteexplorer.org/dotbot; help@moz.com)" "ysfine.com"
216.244.66.229 - - [25/Feb/2023:01:09:00 -0800] "GET /folks/amkor/amwash01.jpg HTTP/1.1" 200 181107 "-" "Mozilla/5.0 (compatible; DotBot/1.2; +https://opensiteexplorer.org/dotbot; help@moz.com)" "ysfine.com"
173.252.83.112 - - [25/Feb/2023:01:09:15 -0800] "GET /world/latina/guada33c.jpg HTTP/1.1" 200 36141 "-" "facebookexternalhit/1.1 (+http://www.facebook.com/externalhit_uatext.php)" "ysfine.com"
216.244.66.229 - - [25/Feb/2023:01:09:23 -0800] "GET /folks/india02.jpg HTTP/1.1" 200 115461 "-" "Mozilla/5.0 (compatible; DotBot/1.2; +https://opensiteexplorer.org/dotbot; help@moz.com)" "ysfine.com"
207.46.13.223 - - [25/Feb/2023:01:09:31 -0800] "GET /maga/phil/marxmos01.jpg HTTP/1.1" 200 65113 "-" "Mozilla/5.0 AppleWebKit/537.36 (KHTML, like Gecko; compatible; bingbot/2.0; +http://www.bing.com/bingbot.htm) Chrome/103.0.5060.134 Safari/537.36" "ysfine.com"
64.124.8.54 - - [25/Feb/2023:01:09:50 -0800] "GET /ysbio/world/israel/jeru66.jpg HTTP/1.1" 404 88 "-" "Mozilla/5.0 (Macintosh; Intel Mac OS X 10_15_7) AppleWebKit/537.36 (KHTML, like Gecko) Chrome/107.0.0.0 Safari/537.36" "ysfine.com"
27.252.5.138 - - [25/Feb/2023:01:09:53 -0800] "GET /world/france/stras17.jpg HTTP/1.1" 200 145827 "https://www.google.com/" "Mozilla/5.0 (Windows NT 10.0; Win64; x64) AppleWebKit/537.36 (KHTML, like Gecko) Chrome/110.0.0.0 Safari/537.36" "ysfine.com"
173.252.83.117 - - [25/Feb/2023:01:10:09 -0800] "GET /people/bhagat2.jpg HTTP/1.1" 200 33854 "-" "facebookexternalhit/1.1 (+http://www.facebook.com/externalhit_uatext.php)" "ysfine.com"
64.124.8.28 - - [25/Feb/2023:01:10:21 -0800] "GET /ysbio/usca/pitt/cmall57.jpg HTTP/1.1" 404 88 "-" "Mozilla/5.0 (Macintosh; Intel Mac OS X 10_15_7) AppleWebKit/537.36 (KHTML, like Gecko) Chrome/107.0.0.0 Safari/537.36" "ysfine.com"
71.178.208.102 - - [25/Feb/2023:01:10:37 -0800] "GET /auto/bio54.html HTTP/1.1" 200 8792 "https://www.ysfine.com/ys11/index.html" "Mozilla/5.0 (Windows NT 10.0; Win64; x64; rv:109.0) Gecko/20100101 Firefox/110.0" "www.ysfine.com"
71.178.208.102 - - [25/Feb/2023:01:10:37 -0800] "GET /auto/silvana49d.jpg HTTP/1.1" 200 49427 "https://www.ysfine.com/auto/bio54.html" "Mozilla/5.0 (Windows NT 10.0; Win64; x64; rv:109.0) Gecko/20100101 Firefox/110.0" "www.ysfine.com"
71.178.208.102 - - [25/Feb/2023:01:10:37 -0800] "GET /class54/kewha66d.jpg HTTP/1.1" 200 26895 "https://www.ysfine.com/auto/bio54.html" "Mozilla/5.0 (Windows NT 10.0; Win64; x64; rv:109.0) Gecko/20100101 Firefox/110.0" "www.ysfine.com"
71.178.208.102 - - [25/Feb/2023:01:10:37 -0800] "GET /home/foto22/osakaf23f.jpg HTTP/1.1" 200 138992 "https://www.ysfine.com/auto/bio54.html" "Mozilla/5.0 (Windows NT 10.0; Win64; x64; rv:109.0) Gecko/20100101 Firefox/110.0" "www.ysfine.com"
71.178.208.102 - - [25/Feb/2023:01:10:37 -0800] "GET /auto/fotos/taylor450.jpg HTTP/1.1" 200 52948 "https://www.ysfine.com/auto/bio54.html" "Mozilla/5.0 (Windows NT 10.0; Win64; x64; rv:109.0) Gecko/20100101 Firefox/110.0" "www.ysfine.com"
71.178.208.102 - - [25/Feb/2023:01:10:37 -0800] "GET /home/mac05f.jpg HTTP/1.1" 200 98400 "https://www.ysfine.com/auto/bio54.html" "Mozilla/5.0 (Windows NT 10.0; Win64; x64; rv:109.0) Gecko/20100101 Firefox/110.0" "www.ysfine.com"
71.178.208.102 - - [25/Feb/2023:01:10:37 -0800] "GET /auto/fotos/tank05d.jpg HTTP/1.1" 200 52601 "https://www.ysfine.com/auto/bio54.html" "Mozilla/5.0 (Windows NT 10.0; Win64; x64; rv:109.0) Gecko/20100101 Firefox/110.0" "www.ysfine.com"
71.178.208.102 - - [25/Feb/2023:01:10:37 -0800] "GET /auto/cafe33f.jpg HTTP/1.1" 200 147078 "https://www.ysfine.com/auto/bio54.html" "Mozilla/5.0 (Windows NT 10.0; Win64; x64; rv:109.0) Gecko/20100101 Firefox/110.0" "www.ysfine.com"
71.178.208.102 - - [25/Feb/2023:01:10:37 -0800] "GET /auto/acs73f.jpg HTTP/1.1" 200 284573 "https://www.ysfine.com/auto/bio54.html" "Mozilla/5.0 (Windows NT 10.0; Win64; x64; rv:109.0) Gecko/20100101 Firefox/110.0" "www.ysfine.com"
71.178.208.102 - - [25/Feb/2023:01:10:37 -0800] "GET /auto/fotos/flor14d.jpg HTTP/1.1" 200 95073 "https://www.ysfine.com/auto/bio54.html" "Mozilla/5.0 (Windows NT 10.0; Win64; x64; rv:109.0) Gecko/20100101 Firefox/110.0" "www.ysfine.com"
71.178.208.102 - - [25/Feb/2023:01:10:37 -0800] "GET /auto/fotos/package11f.jpg HTTP/1.1" 200 60942 "https://www.ysfine.com/auto/bio54.html" "Mozilla/5.0 (Windows NT 10.0; Win64; x64; rv:109.0) Gecko/20100101 Firefox/110.0" "www.ysfine.com"
71.178.208.102 - - [25/Feb/2023:01:10:37 -0800] "GET /home/fig22/busan22d.jpg HTTP/1.1" 200 35419 "https://www.ysfine.com/auto/bio54.html" "Mozilla/5.0 (Windows NT 10.0; Win64; x64; rv:109.0) Gecko/20100101 Firefox/110.0" "www.ysfine.com"
71.178.208.102 - - [25/Feb/2023:01:10:37 -0800] "GET /auto/home/eink54f.jpg HTTP/1.1" 404 88 "https://www.ysfine.com/auto/bio54.html" "Mozilla/5.0 (Windows NT 10.0; Win64; x64; rv:109.0) Gecko/20100101 Firefox/110.0" "www.ysfine.com"
71.178.208.102 - - [25/Feb/2023:01:10:37 -0800] "GET /auto/acs22f.jpg HTTP/1.1" 200 107067 "https://www.ysfine.com/auto/bio54.html" "Mozilla/5.0 (Windows NT 10.0; Win64; x64; rv:109.0) Gecko/20100101 Firefox/110.0" "www.ysfine.com"
71.178.208.102 - - [25/Feb/2023:01:10:37 -0800] "GET /auto/fotos/kazan017d.jpg HTTP/1.1" 200 51055 "https://www.ysfine.com/auto/bio54.html" "Mozilla/5.0 (Windows NT 10.0; Win64; x64; rv:109.0) Gecko/20100101 Firefox/110.0" "www.ysfine.com"
71.178.208.102 - - [25/Feb/2023:01:10:37 -0800] "GET /kobak/swr51d.jpg HTTP/1.1" 200 49461 "https://www.ysfine.com/auto/bio54.html" "Mozilla/5.0 (Windows NT 10.0; Win64; x64; rv:109.0) Gecko/20100101 Firefox/110.0" "www.ysfine.com"
71.178.208.102 - - [25/Feb/2023:01:10:37 -0800] "GET /home/fig22/ys53d.jpg HTTP/1.1" 200 47161 "https://www.ysfine.com/auto/bio54.html" "Mozilla/5.0 (Windows NT 10.0; Win64; x64; rv:109.0) Gecko/20100101 Firefox/110.0" "www.ysfine.com"
71.178.208.102 - - [25/Feb/2023:01:10:37 -0800] "GET /auto/acs96f.jpg HTTP/1.1" 200 118636 "https://www.ysfine.com/auto/bio54.html" "Mozilla/5.0 (Windows NT 10.0; Win64; x64; rv:109.0) Gecko/20100101 Firefox/110.0" "www.ysfine.com"
71.178.208.102 - - [25/Feb/2023:01:10:37 -0800] "GET /auto/fotos/boy11f.jpg HTTP/1.1" 200 135177 "https://www.ysfine.com/auto/bio54.html" "Mozilla/5.0 (Windows NT 10.0; Win64; x64; rv:109.0) Gecko/20100101 Firefox/110.0" "www.ysfine.com"
71.178.208.102 - - [25/Feb/2023:01:10:37 -0800] "GET /home/tallm53f.jpg HTTP/1.1" 200 132310 "https://www.ysfine.com/auto/bio54.html" "Mozilla/5.0 (Windows NT 10.0; Win64; x64; rv:109.0) Gecko/20100101 Firefox/110.0" "www.ysfine.com"
71.178.208.102 - - [25/Feb/2023:01:10:37 -0800] "GET /auto/fotos/tank03d.jpg HTTP/1.1" 200 73123 "https://www.ysfine.com/auto/bio54.html" "Mozilla/5.0 (Windows NT 10.0; Win64; x64; rv:109.0) Gecko/20100101 Firefox/110.0" "www.ysfine.com"
71.178.208.102 - - [25/Feb/2023:01:10:37 -0800] "GET /kobak/sorae/church06d.jpg HTTP/1.1" 200 74527 "https://www.ysfine.com/auto/bio54.html" "Mozilla/5.0 (Windows NT 10.0; Win64; x64; rv:109.0) Gecko/20100101 Firefox/110.0" "www.ysfine.com"
71.178.208.102 - - [25/Feb/2023:01:10:37 -0800] "GET /auto/home/eward33f.jpg HTTP/1.1" 404 88 "https://www.ysfine.com/auto/bio54.html" "Mozilla/5.0 (Windows NT 10.0; Win64; x64; rv:109.0) Gecko/20100101 Firefox/110.0" "www.ysfine.com"
71.178.208.102 - - [25/Feb/2023:01:10:37 -0800] "GET /eink/pwk450.jpg HTTP/1.1" 200 95796 "https://www.ysfine.com/auto/bio54.html" "Mozilla/5.0 (Windows NT 10.0; Win64; x64; rv:109.0) Gecko/20100101 Firefox/110.0" "www.ysfine.com"
71.178.208.102 - - [25/Feb/2023:01:10:37 -0800] "GET /home/fig22/tallm11d.jpg HTTP/1.1" 200 32321 "https://www.ysfine.com/auto/bio54.html" "Mozilla/5.0 (Windows NT 10.0; Win64; x64; rv:109.0) Gecko/20100101 Firefox/110.0" "www.ysfine.com"
123.125.109.62 - - [25/Feb/2023:01:10:42 -0800] "GET / HTTP/1.1" 200 5295 "-" "Sogou web spider/4.0(+http://www.sogou.com/docs/help/webmasters.htm#07)" "ysfine.com"
64.124.8.55 - - [25/Feb/2023:01:10:54 -0800] "GET /world/russ/kiev008.jpg HTTP/1.1" 200 60978 "-" "Mozilla/5.0 (Macintosh; Intel Mac OS X 10_15_7) AppleWebKit/537.36 (KHTML, like Gecko) Chrome/107.0.0.0 Safari/537.36" "ysfine.com"
52.167.144.35 - - [25/Feb/2023:01:11:36 -0800] "GET /world/russ/kazan011.jpg HTTP/1.1" 200 64940 "-" "Mozilla/5.0 AppleWebKit/537.36 (KHTML, like Gecko; compatible; bingbot/2.0; +http://www.bing.com/bingbot.htm) Chrome/103.0.5060.134 Safari/537.36" "ysfine.com"
173.252.83.1 - - [25/Feb/2023:01:11:37 -0800] "GET /world/ital/murano21b.jpg HTTP/1.1" 200 42459 "-" "facebookexternalhit/1.1 (+http://www.facebook.com/externalhit_uatext.php)" "ysfine.com"
64.124.8.57 - - [25/Feb/2023:01:11:42 -0800] "GET /world/france/matisse02.jpg HTTP/1.1" 200 65028 "-" "Mozilla/5.0 (Macintosh; Intel Mac OS X 10_15_7) AppleWebKit/537.36 (KHTML, like Gecko) Chrome/107.0.0.0 Safari/537.36" "ysfine.com"
64.124.8.53 - - [25/Feb/2023:01:12:01 -0800] "GET /ysbio/class54/kewha66.jpg HTTP/1.1" 404 88 "-" "Mozilla/5.0 (Macintosh; Intel Mac OS X 10_15_7) AppleWebKit/537.36 (KHTML, like Gecko) Chrome/107.0.0.0 Safari/537.36" "www.ysfine.com"
64.124.8.53 - - [25/Feb/2023:01:12:02 -0800] "GET /world/balkan/istan050.jpg HTTP/1.1" 200 82677 "-" "Mozilla/5.0 (Macintosh; Intel Mac OS X 10_15_7) AppleWebKit/537.36 (KHTML, like Gecko) Chrome/107.0.0.0 Safari/537.36" "ysfine.com"
207.46.13.223 - - [25/Feb/2023:01:12:10 -0800] "GET /princeton/adulles.jpg HTTP/1.1" 200 28763 "-" "Mozilla/5.0 AppleWebKit/537.36 (KHTML, like Gecko; compatible; bingbot/2.0; +http://www.bing.com/bingbot.htm) Chrome/103.0.5060.134 Safari/537.36" "ysfine.com"
183.6.51.189 - - [25/Feb/2023:01:12:13 -0800] "GET /maga/phys/naimar/pewk04.jpg HTTP/1.1" 200 30059 "https://ysfine.com/maga/naimark.html" "Mozilla/5.0 (Windows NT 10.0; Win64; x64) AppleWebKit/537.36 (KHTML, like Gecko) Chrome/110.0.0.0 Safari/537.36 Edg/110.0.1587.50" "ysfine.com"
183.6.51.189 - - [25/Feb/2023:01:12:24 -0800] "GET /favicon.ico HTTP/1.1" 404 88 "https://ysfine.com/maga/phys/naimar/pewk04.jpg" "Mozilla/5.0 (Windows NT 10.0; Win64; x64) AppleWebKit/537.36 (KHTML, like Gecko) Chrome/110.0.0.0 Safari/537.36 Edg/110.0.1587.50" "ysfine.com"
115.69.124.21 - - [25/Feb/2023:01:12:42 -0800] "GET /jobs/koreaj.html HTTP/1.1" 200 5358 "https://www.google.com/" "Mozilla/5.0 (Windows NT 10.0; Win64; x64) AppleWebKit/537.36 (KHTML, like Gecko) Chrome/110.0.0.0 Safari/537.36" "ysfine.com"
115.69.124.21 - - [25/Feb/2023:01:12:51 -0800] "GET /jobs/koreaj11b.jpg HTTP/1.1" 200 67543 "https://ysfine.com/jobs/koreaj.html" "Mozilla/5.0 (Windows NT 10.0; Win64; x64) AppleWebKit/537.36 (KHTML, like Gecko) Chrome/110.0.0.0 Safari/537.36" "ysfine.com"
52.167.144.35 - - [25/Feb/2023:01:12:56 -0800] "GET /kobak/underw01b.jpg HTTP/1.1" 200 36835 "-" "Mozilla/5.0 AppleWebKit/537.36 (KHTML, like Gecko; compatible; bingbot/2.0; +http://www.bing.com/bingbot.htm) Chrome/103.0.5060.134 Safari/537.36" "www.ysfine.com"
207.46.13.220 - - [25/Feb/2023:01:13:01 -0800] "GET /world/ital/venice26.jpg HTTP/1.1" 200 212413 "-" "Mozilla/5.0 AppleWebKit/537.36 (KHTML, like Gecko; compatible; bingbot/2.0; +http://www.bing.com/bingbot.htm) Chrome/103.0.5060.134 Safari/537.36" "www.ysfine.com"
52.167.144.35 - - [25/Feb/2023:01:13:07 -0800] "GET /bio/kobak/yskor.html HTTP/1.1" 404 88 "-" "Mozilla/5.0 AppleWebKit/537.36 (KHTML, like Gecko; compatible; bingbot/2.0; +http://www.bing.com/bingbot.htm) Chrome/103.0.5060.134 Safari/537.36" "ysfine.com"
27.252.5.138 - - [25/Feb/2023:01:13:34 -0800] "GET /world/france/stras10.jpg HTTP/1.1" 200 105338 "https://www.google.com/" "Mozilla/5.0 (Windows NT 10.0; Win64; x64) AppleWebKit/537.36 (KHTML, like Gecko) Chrome/110.0.0.0 Safari/537.36" "ysfine.com"
52.167.144.35 - - [25/Feb/2023:01:15:36 -0800] "GET /bio/style/artlove.html HTTP/1.1" 404 88 "-" "Mozilla/5.0 AppleWebKit/537.36 (KHTML, like Gecko; compatible; bingbot/2.0; +http://www.bing.com/bingbot.htm) Chrome/103.0.5060.134 Safari/537.36" "ysfine.com"
157.45.113.68 - - [25/Feb/2023:01:15:45 -0800] "GET /einstein/eins05.jpg HTTP/1.1" 200 45707 "https://www.google.com/blank.html" "Mozilla/5.0 (Linux; Android 8.1.0; CPH1809 Build/OPM1.171019.026; wv) AppleWebKit/537.36 (KHTML, like Gecko) Version/4.0 Chrome/86.0.4240.198 Mobile Safari/537.36 GSA/12.22.8.23.arm64" "ysfine.com"
64.124.8.49 - - [25/Feb/2023:01:16:24 -0800] "GET /wdc/usna04.jpg HTTP/1.1" 200 82892 "-" "Mozilla/5.0 (Macintosh; Intel Mac OS X 10_15_7) AppleWebKit/537.36 (KHTML, like Gecko) Chrome/107.0.0.0 Safari/537.36" "ysfine.com"
183.6.51.189 - - [25/Feb/2023:01:16:27 -0800] "GET /maga/phys/naimar/pewk06.jpg HTTP/1.1" 200 78645 "https://ysfine.com/maga/naimark.html" "Mozilla/5.0 (Windows NT 10.0; Win64; x64) AppleWebKit/537.36 (KHTML, like Gecko) Chrome/110.0.0.0 Safari/537.36 Edg/110.0.1587.50" "ysfine.com"
71.178.208.102 - - [25/Feb/2023:01:16:35 -0800] "GET /ys22/dondon.html HTTP/1.1" 401 90 "https://ysfine.com/ys11/" "Mozilla/5.0 (Windows NT 10.0; Win64; x64) AppleWebKit/537.36 (KHTML, like Gecko) Chrome/110.0.0.0 Safari/537.36 Edg/110.0.1587.50" "ysfine.com"
173.252.83.22 - - [25/Feb/2023:01:17:01 -0800] "GET /world/russ/ukrastu03b.jpg HTTP/1.1" 200 45822 "-" "facebookexternalhit/1.1 (+http://www.facebook.com/externalhit_uatext.php)" "ysfine.com"
52.167.144.62 - - [25/Feb/2023:01:17:28 -0800] "GET /bio/style/proschanie.html HTTP/1.1" 404 88 "-" "Mozilla/5.0 AppleWebKit/537.36 (KHTML, like Gecko; compatible; bingbot/2.0; +http://www.bing.com/bingbot.htm) Chrome/103.0.5060.134 Safari/537.36" "ysfine.com"
207.46.13.223 - - [25/Feb/2023:01:17:52 -0800] "GET /einstein/places/einha33.jpg HTTP/1.1" 200 102645 "-" "Mozilla/5.0 AppleWebKit/537.36 (KHTML, like Gecko; compatible; bingbot/2.0; +http://www.bing.com/bingbot.htm) Chrome/103.0.5060.134 Safari/537.36" "ysfine.com"
64.124.8.52 - - [25/Feb/2023:01:17:57 -0800] "GET /world/brit/harrow14.jpg HTTP/1.1" 200 113507 "-" "Mozilla/5.0 (Macintosh; Intel Mac OS X 10_15_7) AppleWebKit/537.36 (KHTML, like Gecko) Chrome/107.0.0.0 Safari/537.36" "ysfine.com"
173.252.83.120 - - [25/Feb/2023:01:18:44 -0800] "GET /world/ital/napol02b.jpg HTTP/1.1" 200 44399 "-" "facebookexternalhit/1.1 (+http://www.facebook.com/externalhit_uatext.php)" "ysfine.com"
85.76.38.122 - - [25/Feb/2023:01:20:09 -0800] "GET /world/russ/spbpi01.jpg HTTP/1.1" 200 77203 "https://www.google.fi/" "Mozilla/5.0 (iPhone; CPU iPhone OS 16_0 like Mac OS X) AppleWebKit/605.1.15 (KHTML, like Gecko) Version/16.0 Mobile/15E148 Safari/604.1" "ysfine.com"
64.124.8.49 - - [25/Feb/2023:01:20:13 -0800] "GET /world/germany/leipzif03.jpg HTTP/1.1" 200 186563 "-" "Mozilla/5.0 (Macintosh; Intel Mac OS X 10_15_7) AppleWebKit/537.36 (KHTML, like Gecko) Chrome/107.0.0.0 Safari/537.36" "ysfine.com"
52.167.144.62 - - [25/Feb/2023:01:20:30 -0800] "GET /home/philo/ewk.html HTTP/1.1" 200 1816 "-" "Mozilla/5.0 AppleWebKit/537.36 (KHTML, like Gecko; compatible; bingbot/2.0; +http://www.bing.com/bingbot.htm) Chrome/103.0.5060.134 Safari/537.36" "ysfine.com"
207.46.13.223 - - [25/Feb/2023:01:21:13 -0800] "GET /wdc/washmo11.jpg HTTP/1.1" 200 58948 "-" "Mozilla/5.0 AppleWebKit/537.36 (KHTML, like Gecko; compatible; bingbot/2.0; +http://www.bing.com/bingbot.htm) Chrome/103.0.5060.134 Safari/537.36" "www.ysfine.com"
64.124.8.54 - - [25/Feb/2023:01:21:18 -0800] "GET /ysbio/figs/gtown47.jpg HTTP/1.1" 404 88 "-" "Mozilla/5.0 (Macintosh; Intel Mac OS X 10_15_7) AppleWebKit/537.36 (KHTML, like Gecko) Chrome/107.0.0.0 Safari/537.36" "ysfine.com"
69.171.231.6 - - [25/Feb/2023:01:21:31 -0800] "GET /home/yskim10c.jpg HTTP/1.1" 200 88826 "-" "facebookexternalhit/1.1 (+http://www.facebook.com/externalhit_uatext.php)" "ysfine.com"
52.167.144.35 - - [25/Feb/2023:01:21:36 -0800] "GET /einstein/einusa.html HTTP/1.1" 200 8153 "-" "Mozilla/5.0 AppleWebKit/537.36 (KHTML, like Gecko; compatible; bingbot/2.0; +http://www.bing.com/bingbot.htm) Chrome/103.0.5060.134 Safari/537.36" "www.ysfine.com"
52.167.144.62 - - [25/Feb/2023:01:22:17 -0800] "GET /maga/invent/mcintosh11c.jpg HTTP/1.1" 200 29642 "-" "Mozilla/5.0 AppleWebKit/537.36 (KHTML, like Gecko; compatible; bingbot/2.0; +http://www.bing.com/bingbot.htm) Chrome/103.0.5060.134 Safari/537.36" "ysfine.com"
64.124.8.48 - - [25/Feb/2023:01:22:22 -0800] "GET /ysbio/world/brit/harrod06.jpg HTTP/1.1" 404 88 "-" "Mozilla/5.0 (Macintosh; Intel Mac OS X 10_15_7) AppleWebKit/537.36 (KHTML, like Gecko) Chrome/107.0.0.0 Safari/537.36" "ysfine.com"
71.178.208.102 - - [25/Feb/2023:01:22:27 -0800] "GET /auto/bio08.html HTTP/1.1" 200 6593 "https://www.ysfine.com/ys11/index.html" "Mozilla/5.0 (Windows NT 10.0; Win64; x64; rv:109.0) Gecko/20100101 Firefox/110.0" "www.ysfine.com"
71.178.208.102 - - [25/Feb/2023:01:22:27 -0800] "GET /favicon.ico HTTP/1.1" 404 88 "https://www.ysfine.com/auto/bio08.html" "Mozilla/5.0 (Windows NT 10.0; Win64; x64; rv:109.0) Gecko/20100101 Firefox/110.0" "www.ysfine.com"
207.46.13.223 - - [25/Feb/2023:01:23:08 -0800] "GET /maga/phys/poincir01.jpg HTTP/1.1" 200 70661 "-" "Mozilla/5.0 AppleWebKit/537.36 (KHTML, like Gecko; compatible; bingbot/2.0; +http://www.bing.com/bingbot.htm) Chrome/103.0.5060.134 Safari/537.36" "ysfine.com"
52.167.144.35 - - [25/Feb/2023:01:23:57 -0800] "GET /kobak/underw12b.jpg HTTP/1.1" 200 42070 "-" "Mozilla/5.0 AppleWebKit/537.36 (KHTML, like Gecko; compatible; bingbot/2.0; +http://www.bing.com/bingbot.htm) Chrome/103.0.5060.134 Safari/537.36" "ysfine.com"
71.178.208.102 - - [25/Feb/2023:01:24:28 -0800] "GET /home/index.html HTTP/1.1" 200 142 "https://www.ysfine.com/ys11/index.html" "Mozilla/5.0 (Windows NT 10.0; Win64; x64; rv:109.0) Gecko/20100101 Firefox/110.0" "www.ysfine.com"
71.178.208.102 - - [25/Feb/2023:01:24:28 -0800] "GET /home/hmtop.html HTTP/1.1" 200 444 "https://www.ysfine.com/home/index.html" "Mozilla/5.0 (Windows NT 10.0; Win64; x64; rv:109.0) Gecko/20100101 Firefox/110.0" "www.ysfine.com"
71.178.208.102 - - [25/Feb/2023:01:24:28 -0800] "GET /home/hmbot.html HTTP/1.1" 200 132 "https://www.ysfine.com/home/index.html" "Mozilla/5.0 (Windows NT 10.0; Win64; x64; rv:109.0) Gecko/20100101 Firefox/110.0" "www.ysfine.com"
71.178.208.102 - - [25/Feb/2023:01:24:28 -0800] "GET /home/hmrigh.html HTTP/1.1" 200 4207 "https://www.ysfine.com/home/hmbot.html" "Mozilla/5.0 (Windows NT 10.0; Win64; x64; rv:109.0) Gecko/20100101 Firefox/110.0" "www.ysfine.com"
71.178.208.102 - - [25/Feb/2023:01:24:28 -0800] "GET /home/hmleft.html HTTP/1.1" 200 858 "https://www.ysfine.com/home/hmbot.html" "Mozilla/5.0 (Windows NT 10.0; Win64; x64; rv:109.0) Gecko/20100101 Firefox/110.0" "www.ysfine.com"
71.178.208.102 - - [25/Feb/2023:01:24:28 -0800] "GET /home/figs/einbohr33c.jpg HTTP/1.1" 200 36413 "https://www.ysfine.com/home/hmrigh.html" "Mozilla/5.0 (Windows NT 10.0; Win64; x64; rv:109.0) Gecko/20100101 Firefox/110.0" "www.ysfine.com"
71.178.208.102 - - [25/Feb/2023:01:24:28 -0800] "GET /awards/eward55a.jpg HTTP/1.1" 200 85213 "https://www.ysfine.com/home/hmrigh.html" "Mozilla/5.0 (Windows NT 10.0; Win64; x64; rv:109.0) Gecko/20100101 Firefox/110.0" "www.ysfine.com"
71.178.208.102 - - [25/Feb/2023:01:24:28 -0800] "GET /home/comet50a.jpg HTTP/1.1" 200 52015 "https://www.ysfine.com/home/hmrigh.html" "Mozilla/5.0 (Windows NT 10.0; Win64; x64; rv:109.0) Gecko/20100101 Firefox/110.0" "www.ysfine.com"
71.178.208.102 - - [25/Feb/2023:01:24:28 -0800] "GET /home/tollwig11c.jpg HTTP/1.1" 200 28199 "https://www.ysfine.com/home/hmrigh.html" "Mozilla/5.0 (Windows NT 10.0; Win64; x64; rv:109.0) Gecko/20100101 Firefox/110.0" "www.ysfine.com"
71.178.208.102 - - [25/Feb/2023:01:24:28 -0800] "GET /home/socrates55c.jpg HTTP/1.1" 200 36471 "https://www.ysfine.com/home/hmrigh.html" "Mozilla/5.0 (Windows NT 10.0; Win64; x64; rv:109.0) Gecko/20100101 Firefox/110.0" "www.ysfine.com"
71.178.208.102 - - [25/Feb/2023:01:24:28 -0800] "GET /home/emc22a.jpg HTTP/1.1" 200 59239 "https://www.ysfine.com/home/hmrigh.html" "Mozilla/5.0 (Windows NT 10.0; Win64; x64; rv:109.0) Gecko/20100101 Firefox/110.0" "www.ysfine.com"
71.178.208.102 - - [25/Feb/2023:01:24:28 -0800] "GET /home/further22a.jpg HTTP/1.1" 200 75776 "https://www.ysfine.com/home/hmrigh.html" "Mozilla/5.0 (Windows NT 10.0; Win64; x64; rv:109.0) Gecko/20100101 Firefox/110.0" "www.ysfine.com"
71.178.208.102 - - [25/Feb/2023:01:24:28 -0800] "GET /home/think55c.jpg HTTP/1.1" 200 37438 "https://www.ysfine.com/home/hmrigh.html" "Mozilla/5.0 (Windows NT 10.0; Win64; x64; rv:109.0) Gecko/20100101 Firefox/110.0" "www.ysfine.com"
71.178.208.102 - - [25/Feb/2023:01:24:28 -0800] "GET /eink/eink54a.jpg HTTP/1.1" 200 79717 "https://www.ysfine.com/home/hmrigh.html" "Mozilla/5.0 (Windows NT 10.0; Win64; x64; rv:109.0) Gecko/20100101 Firefox/110.0" "www.ysfine.com"
71.178.208.102 - - [25/Feb/2023:01:24:28 -0800] "GET /home/coke300.jpg HTTP/1.1" 200 50941 "https://www.ysfine.com/home/hmrigh.html" "Mozilla/5.0 (Windows NT 10.0; Win64; x64; rv:109.0) Gecko/20100101 Firefox/110.0" "www.ysfine.com"
64.124.8.50 - - [25/Feb/2023:01:24:30 -0800] "GET /world/china/shanghai003.jpg HTTP/1.1" 200 180049 "-" "Mozilla/5.0 (Macintosh; Intel Mac OS X 10_15_7) AppleWebKit/537.36 (KHTML, like Gecko) Chrome/107.0.0.0 Safari/537.36" "ysfine.com"
71.178.208.102 - - [25/Feb/2023:01:24:36 -0800] "GET /wigner/yswig.html HTTP/1.1" 200 7067 "https://www.ysfine.com/home/hmleft.html" "Mozilla/5.0 (Windows NT 10.0; Win64; x64; rv:109.0) Gecko/20100101 Firefox/110.0" "www.ysfine.com"
71.178.208.102 - - [25/Feb/2023:01:24:36 -0800] "GET /einstein/newtein11a.jpg HTTP/1.1" 200 58594 "https://www.ysfine.com/wigner/yswig.html" "Mozilla/5.0 (Windows NT 10.0; Win64; x64; rv:109.0) Gecko/20100101 Firefox/110.0" "www.ysfine.com"
71.178.208.102 - - [25/Feb/2023:01:24:36 -0800] "GET /wigner/wigneu300.jpg HTTP/1.1" 200 39804 "https://www.ysfine.com/wigner/yswig.html" "Mozilla/5.0 (Windows NT 10.0; Win64; x64; rv:109.0) Gecko/20100101 Firefox/110.0" "www.ysfine.com"
71.178.208.102 - - [25/Feb/2023:01:24:36 -0800] "GET /wigner/wigein11c.jpg HTTP/1.1" 200 25010 "https://www.ysfine.com/wigner/yswig.html" "Mozilla/5.0 (Windows NT 10.0; Win64; x64; rv:109.0) Gecko/20100101 Firefox/110.0" "www.ysfine.com"
71.178.208.102 - - [25/Feb/2023:01:24:36 -0800] "GET /wigner/isomor39c.jpg HTTP/1.1" 200 48288 "https://www.ysfine.com/wigner/yswig.html" "Mozilla/5.0 (Windows NT 10.0; Win64; x64; rv:109.0) Gecko/20100101 Firefox/110.0" "www.ysfine.com"
71.178.208.102 - - [25/Feb/2023:01:24:36 -0800] "GET /wigner/isomor87c.jpg HTTP/1.1" 200 48973 "https://www.ysfine.com/wigner/yswig.html" "Mozilla/5.0 (Windows NT 10.0; Win64; x64; rv:109.0) Gecko/20100101 Firefox/110.0" "www.ysfine.com"
71.178.208.102 - - [25/Feb/2023:01:24:36 -0800] "GET /wigner/isomor90c.jpg HTTP/1.1" 200 32970 "https://www.ysfine.com/wigner/yswig.html" "Mozilla/5.0 (Windows NT 10.0; Win64; x64; rv:109.0) Gecko/20100101 Firefox/110.0" "www.ysfine.com"
71.178.208.102 - - [25/Feb/2023:01:24:36 -0800] "GET /wigner/wigwein33c.jpg HTTP/1.1" 200 47176 "https://www.ysfine.com/wigner/yswig.html" "Mozilla/5.0 (Windows NT 10.0; Win64; x64; rv:109.0) Gecko/20100101 Firefox/110.0" "www.ysfine.com"
71.178.208.102 - - [25/Feb/2023:01:24:36 -0800] "GET /wigner/dirwig33c.jpg HTTP/1.1" 200 30043 "https://www.ysfine.com/wigner/yswig.html" "Mozilla/5.0 (Windows NT 10.0; Win64; x64; rv:109.0) Gecko/20100101 Firefox/110.0" "www.ysfine.com"
71.178.208.102 - - [25/Feb/2023:01:24:36 -0800] "GET /einstein/einbohr55a.jpg HTTP/1.1" 200 107592 "https://www.ysfine.com/wigner/yswig.html" "Mozilla/5.0 (Windows NT 10.0; Win64; x64; rv:109.0) Gecko/20100101 Firefox/110.0" "www.ysfine.com"
71.178.208.102 - - [25/Feb/2023:01:24:36 -0800] "GET /home/goodbad55c.jpg HTTP/1.1" 200 24415 "https://www.ysfine.com/wigner/yswig.html" "Mozilla/5.0 (Windows NT 10.0; Win64; x64; rv:109.0) Gecko/20100101 Firefox/110.0" "www.ysfine.com"
71.178.208.102 - - [25/Feb/2023:01:24:36 -0800] "GET /wigner/michwight11c.jpg HTTP/1.1" 200 38388 "https://www.ysfine.com/wigner/yswig.html" "Mozilla/5.0 (Windows NT 10.0; Win64; x64; rv:109.0) Gecko/20100101 Firefox/110.0" "www.ysfine.com"
71.178.208.102 - - [25/Feb/2023:01:24:36 -0800] "GET /eink/ewk86a.jpg HTTP/1.1" 200 70895 "https://www.ysfine.com/wigner/yswig.html" "Mozilla/5.0 (Windows NT 10.0; Win64; x64; rv:109.0) Gecko/20100101 Firefox/110.0" "www.ysfine.com"
71.178.208.102 - - [25/Feb/2023:01:24:36 -0800] "GET /wigner/ewk22a.jpg HTTP/1.1" 200 71714 "https://www.ysfine.com/wigner/yswig.html" "Mozilla/5.0 (Windows NT 10.0; Win64; x64; rv:109.0) Gecko/20100101 Firefox/110.0" "www.ysfine.com"
71.178.208.102 - - [25/Feb/2023:01:24:36 -0800] "GET /feynman/feygell66c.jpg HTTP/1.1" 200 32056 "https://www.ysfine.com/wigner/yswig.html" "Mozilla/5.0 (Windows NT 10.0; Win64; x64; rv:109.0) Gecko/20100101 Firefox/110.0" "www.ysfine.com"
71.178.208.102 - - [25/Feb/2023:01:24:36 -0800] "GET /feynman/feyn70cc.jpg HTTP/1.1" 200 19224 "https://www.ysfine.com/wigner/yswig.html" "Mozilla/5.0 (Windows NT 10.0; Win64; x64; rv:109.0) Gecko/20100101 Firefox/110.0" "www.ysfine.com"
71.178.208.102 - - [25/Feb/2023:01:24:36 -0800] "GET /feynman/ppic/parton33a.jpg HTTP/1.1" 200 68290 "https://www.ysfine.com/wigner/yswig.html" "Mozilla/5.0 (Windows NT 10.0; Win64; x64; rv:109.0) Gecko/20100101 Firefox/110.0" "www.ysfine.com"
71.178.208.102 - - [25/Feb/2023:01:24:41 -0800] "GET /home/wigstu.html HTTP/1.1" 200 4213 "https://www.ysfine.com/home/hmleft.html" "Mozilla/5.0 (Windows NT 10.0; Win64; x64; rv:109.0) Gecko/20100101 Firefox/110.0" "www.ysfine.com"
71.178.208.102 - - [25/Feb/2023:01:24:41 -0800] "GET /wigner/wighome11c.jpg HTTP/1.1" 200 45648 "https://www.ysfine.com/home/wigstu.html" "Mozilla/5.0 (Windows NT 10.0; Win64; x64; rv:109.0) Gecko/20100101 Firefox/110.0" "www.ysfine.com"
71.178.208.102 - - [25/Feb/2023:01:24:41 -0800] "GET /home/taylor450.jpg HTTP/1.1" 200 68527 "https://www.ysfine.com/home/wigstu.html" "Mozilla/5.0 (Windows NT 10.0; Win64; x64; rv:109.0) Gecko/20100101 Firefox/110.0" "www.ysfine.com"
