184.22.121.243 - - [24/Feb/2023:23:15:47 -0800] "GET /world/france/eiffel10.jpg HTTP/1.1" 200 91293 "https://www.google.com/" "Mozilla/5.0 (Windows NT 10.0; Win64; x64) AppleWebKit/537.36 (KHTML, like Gecko) Chrome/110.0.0.0 Safari/537.36" "ysfine.com"
216.244.66.229 - - [24/Feb/2023:23:15:51 -0800] "GET /ffriends/ukital.jpg HTTP/1.1" 200 67949 "-" "Mozilla/5.0 (compatible; DotBot/1.2; +https://opensiteexplorer.org/dotbot; help@moz.com)" "ysfine.com"
193.140.88.3 - - [24/Feb/2023:23:15:58 -0800] "GET /princeton/wightman01b.jpg HTTP/1.1" 200 39820 "-" "python-requests/2.28.1" "ysfine.com"
193.140.88.3 - - [24/Feb/2023:23:15:58 -0800] "GET /people/facu63.jpg HTTP/1.1" 200 255387 "-" "python-requests/2.28.1" "ysfine.com"
207.46.13.220 - - [24/Feb/2023:23:16:01 -0800] "GET /bio.html HTTP/1.1" 200 18260 "-" "Mozilla/5.0 AppleWebKit/537.36 (KHTML, like Gecko; compatible; bingbot/2.0; +http://www.bing.com/bingbot.htm) Chrome/103.0.5060.134 Safari/537.36" "ysfine.com"
193.140.88.3 - - [24/Feb/2023:23:16:18 -0800] "GET /wigner/michwight11c.jpg HTTP/1.1" 200 38388 "-" "python-requests/2.28.1" "ysfine.com"
95.163.255.70 - - [24/Feb/2023:23:16:32 -0800] "GET /home/easy.html HTTP/1.1" 200 7877 "http://go.mail.ru/search_images" "Mozilla/5.0 (compatible; Linux x86_64; Mail.RU_Bot/Img/2.0; +https://help.mail.ru/webmaster/indexing/robots)" "www.ysfine.com"
87.250.224.239 - - [24/Feb/2023:23:16:39 -0800] "GET /newyork/nyharbor16.jpg HTTP/1.1" 200 239204 "-" "Mozilla/5.0 (compatible; YandexImages/3.0; +http://yandex.com/bots)" "www.ysfine.com"
93.180.238.243 - - [24/Feb/2023:23:17:43 -0800] "GET /maga/entro.pdf HTTP/1.1" 404 88 "-" "Mozilla/5.0 (Macintosh; Intel Mac OS X 10_15_7) AppleWebKit/605.1.15 (KHTML, like Gecko) Version/15.3 Safari/605.1.15" "www.ysfine.com"
64.124.8.55 - - [24/Feb/2023:23:18:40 -0800] "GET /world/ital/bologu17.jpg HTTP/1.1" 200 128236 "-" "Mozilla/5.0 (Macintosh; Intel Mac OS X 10_15_7) AppleWebKit/537.36 (KHTML, like Gecko) Chrome/107.0.0.0 Safari/537.36" "www.ysfine.com"
64.124.8.29 - - [24/Feb/2023:23:18:48 -0800] "GET /princeton/govern.jpg HTTP/1.1" 200 114871 "-" "Mozilla/5.0 (Macintosh; Intel Mac OS X 10_15_7) AppleWebKit/537.36 (KHTML, like Gecko) Chrome/107.0.0.0 Safari/537.36" "ysfine.com"
173.252.83.19 - - [24/Feb/2023:23:18:49 -0800] "GET /einstein/weber99b.jpg HTTP/1.1" 200 32652 "-" "facebookexternalhit/1.1 (+http://www.facebook.com/externalhit_uatext.php)" "ysfine.com"
40.77.167.178 - - [24/Feb/2023:23:19:27 -0800] "GET /wigner/mgm.jpg HTTP/1.1" 200 76875 "-" "Mozilla/5.0 AppleWebKit/537.36 (KHTML, like Gecko; compatible; bingbot/2.0; +http://www.bing.com/bingbot.htm) Chrome/103.0.5060.134 Safari/537.36" "www.ysfine.com"
64.124.8.52 - - [24/Feb/2023:23:20:00 -0800] "GET /wdc/gtown03.jpg HTTP/1.1" 200 179412 "-" "Mozilla/5.0 (Macintosh; Intel Mac OS X 10_15_7) AppleWebKit/537.36 (KHTML, like Gecko) Chrome/107.0.0.0 Safari/537.36" "ysfine.com"
64.124.8.55 - - [24/Feb/2023:23:20:01 -0800] "GET /wigner/hazi11.jpg HTTP/1.1" 200 71634 "-" "Mozilla/5.0 (Macintosh; Intel Mac OS X 10_15_7) AppleWebKit/537.36 (KHTML, like Gecko) Chrome/107.0.0.0 Safari/537.36" "www.ysfine.com"
64.124.8.52 - - [24/Feb/2023:23:20:07 -0800] "GET /world/balkan/istan064.jpg HTTP/1.1" 200 112006 "-" "Mozilla/5.0 (Macintosh; Intel Mac OS X 10_15_7) AppleWebKit/537.36 (KHTML, like Gecko) Chrome/107.0.0.0 Safari/537.36" "ysfine.com"
64.124.8.48 - - [24/Feb/2023:23:20:44 -0800] "GET /world/china/dalian16.jpg HTTP/1.1" 200 76219 "-" "Mozilla/5.0 (Macintosh; Intel Mac OS X 10_15_7) AppleWebKit/537.36 (KHTML, like Gecko) Chrome/107.0.0.0 Safari/537.36" "www.ysfine.com"
64.124.8.49 - - [24/Feb/2023:23:20:51 -0800] "GET /world/russ/kazan028.jpg HTTP/1.1" 200 111690 "-" "Mozilla/5.0 (Macintosh; Intel Mac OS X 10_15_7) AppleWebKit/537.36 (KHTML, like Gecko) Chrome/107.0.0.0 Safari/537.36" "www.ysfine.com"
64.124.8.53 - - [24/Feb/2023:23:20:57 -0800] "GET /ysbio/maga/phys/farad01.jpg HTTP/1.1" 404 88 "-" "Mozilla/5.0 (Macintosh; Intel Mac OS X 10_15_7) AppleWebKit/537.36 (KHTML, like Gecko) Chrome/107.0.0.0 Safari/537.36" "ysfine.com"
64.124.8.29 - - [24/Feb/2023:23:20:59 -0800] "GET /dongio/amkor/amstoch.jpg HTTP/1.1" 404 88 "-" "Mozilla/5.0 (Macintosh; Intel Mac OS X 10_15_7) AppleWebKit/537.36 (KHTML, like Gecko) Chrome/107.0.0.0 Safari/537.36" "www.ysfine.com"
52.167.144.35 - - [24/Feb/2023:23:21:35 -0800] "GET /world/france/orsaym14.jpg HTTP/1.1" 200 91464 "-" "Mozilla/5.0 AppleWebKit/537.36 (KHTML, like Gecko; compatible; bingbot/2.0; +http://www.bing.com/bingbot.htm) Chrome/103.0.5060.134 Safari/537.36" "ysfine.com"
207.46.13.223 - - [24/Feb/2023:23:23:04 -0800] "GET /world/china/shenyang02.jpg HTTP/1.1" 200 90763 "-" "Mozilla/5.0 AppleWebKit/537.36 (KHTML, like Gecko; compatible; bingbot/2.0; +http://www.bing.com/bingbot.htm) Chrome/103.0.5060.134 Safari/537.36" "www.ysfine.com"
207.46.13.220 - - [24/Feb/2023:23:23:47 -0800] "GET /beau/omsk22.jpg HTTP/1.1" 404 88 "-" "Mozilla/5.0 AppleWebKit/537.36 (KHTML, like Gecko; compatible; bingbot/2.0; +http://www.bing.com/bingbot.htm) Chrome/103.0.5060.134 Safari/537.36" "ysfine.com"
45.156.226.122 - - [24/Feb/2023:23:24:12 -0800] "GET /maga/entro.pdf HTTP/1.1" 404 88 "-" "Mozilla/5.0 (Windows NT 10.0) AppleWebKit/537.36 (KHTML, like Gecko) Chrome/101.0.4951.54 Safari/537.36" "www.ysfine.com"
64.124.8.57 - - [24/Feb/2023:23:24:12 -0800] "GET /world/baltic/frombork.jpg HTTP/1.1" 200 147887 "-" "Mozilla/5.0 (Macintosh; Intel Mac OS X 10_15_7) AppleWebKit/537.36 (KHTML, like Gecko) Chrome/107.0.0.0 Safari/537.36" "ysfine.com"
207.46.13.220 - - [24/Feb/2023:23:24:18 -0800] "GET /world/russ/masha66.jpg HTTP/1.1" 200 81472 "-" "Mozilla/5.0 AppleWebKit/537.36 (KHTML, like Gecko; compatible; bingbot/2.0; +http://www.bing.com/bingbot.htm) Chrome/103.0.5060.134 Safari/537.36" "ysfine.com"
64.124.8.50 - - [24/Feb/2023:23:24:57 -0800] "GET /people/sperber02.jpg HTTP/1.1" 200 74339 "-" "Mozilla/5.0 (Macintosh; Intel Mac OS X 10_15_7) AppleWebKit/537.36 (KHTML, like Gecko) Chrome/107.0.0.0 Safari/537.36" "ysfine.com"
64.124.8.52 - - [24/Feb/2023:23:25:06 -0800] "GET /ysbio/usca/pitt/cmall04.jpg HTTP/1.1" 404 88 "-" "Mozilla/5.0 (Macintosh; Intel Mac OS X 10_15_7) AppleWebKit/537.36 (KHTML, like Gecko) Chrome/107.0.0.0 Safari/537.36" "ysfine.com"
52.167.144.35 - - [24/Feb/2023:23:26:05 -0800] "GET /dirac/circle.jpg HTTP/1.1" 200 41766 "-" "Mozilla/5.0 AppleWebKit/537.36 (KHTML, like Gecko; compatible; bingbot/2.0; +http://www.bing.com/bingbot.htm) Chrome/103.0.5060.134 Safari/537.36" "ysfine.com"
216.244.66.229 - - [24/Feb/2023:23:26:24 -0800] "GET /robots.txt HTTP/1.1" 404 73 "-" "Mozilla/5.0 (compatible; DotBot/1.2; +https://opensiteexplorer.org/dotbot; help@moz.com)" "www.ysfine.com"
216.244.66.229 - - [24/Feb/2023:23:26:24 -0800] "GET /robots.txt HTTP/1.1" 404 73 "-" "Mozilla/5.0 (compatible; DotBot/1.2; +https://opensiteexplorer.org/dotbot; help@moz.com)" "ysfine.com"
40.77.167.178 - - [24/Feb/2023:23:26:28 -0800] "GET /style/swanlake.jpg HTTP/1.1" 200 50322 "-" "Mozilla/5.0 AppleWebKit/537.36 (KHTML, like Gecko; compatible; bingbot/2.0; +http://www.bing.com/bingbot.htm) Chrome/103.0.5060.134 Safari/537.36" "ysfine.com"
52.226.220.150 - - [24/Feb/2023:23:27:53 -0800] "GET /robots.txt HTTP/1.1" 404 88 "-" "YouBot (+http://www.you.com)" "ysfine.com"
52.226.220.150 - - [24/Feb/2023:23:27:53 -0800] "GET /home/wcartoon.html HTTP/1.1" 200 6127 "-" "YouBot (+http://www.you.com)" "ysfine.com"
216.244.66.229 - - [24/Feb/2023:23:28:45 -0800] "GET /home/bio08.html HTTP/1.1" 404 73 "-" "Mozilla/5.0 (compatible; DotBot/1.2; +https://opensiteexplorer.org/dotbot; help@moz.com)" "www.ysfine.com"
64.124.8.55 - - [24/Feb/2023:23:29:13 -0800] "GET /world/ital/repub02.jpg HTTP/1.1" 200 117709 "-" "Mozilla/5.0 (Macintosh; Intel Mac OS X 10_15_7) AppleWebKit/537.36 (KHTML, like Gecko) Chrome/107.0.0.0 Safari/537.36" "ysfine.com"
64.124.8.52 - - [24/Feb/2023:23:30:06 -0800] "GET /ffriends/stobin02.jpg HTTP/1.1" 200 92736 "-" "Mozilla/5.0 (Macintosh; Intel Mac OS X 10_15_7) AppleWebKit/537.36 (KHTML, like Gecko) Chrome/107.0.0.0 Safari/537.36" "ysfine.com"
64.124.8.50 - - [24/Feb/2023:23:30:13 -0800] "GET /kobak/eisenhower33.jpg HTTP/1.1" 200 119577 "-" "Mozilla/5.0 (Macintosh; Intel Mac OS X 10_15_7) AppleWebKit/537.36 (KHTML, like Gecko) Chrome/107.0.0.0 Safari/537.36" "www.ysfine.com"
64.124.8.48 - - [24/Feb/2023:23:30:19 -0800] "GET /usca/pitt/yspass.jpg HTTP/1.1" 200 61834 "-" "Mozilla/5.0 (Macintosh; Intel Mac OS X 10_15_7) AppleWebKit/537.36 (KHTML, like Gecko) Chrome/107.0.0.0 Safari/537.36" "ysfine.com"
216.244.66.229 - - [24/Feb/2023:23:30:26 -0800] "GET /princeton/pstorie.html HTTP/1.1" 200 3798 "-" "Mozilla/5.0 (compatible; DotBot/1.2; +https://opensiteexplorer.org/dotbot; help@moz.com)" "ysfine.com"
171.22.248.33 - - [24/Feb/2023:23:30:32 -0800] "GET /maga/entro.pdf HTTP/1.1" 404 88 "-" "Mozilla/5.0 (Windows NT 10.0; Win64; x64; rv:103.0) Gecko/20100101 Firefox/103.0" "www.ysfine.com"
64.124.8.54 - - [24/Feb/2023:23:30:53 -0800] "GET /ysbio/world/brit/harrod11.jpg HTTP/1.1" 404 88 "-" "Mozilla/5.0 (Macintosh; Intel Mac OS X 10_15_7) AppleWebKit/537.36 (KHTML, like Gecko) Chrome/107.0.0.0 Safari/537.36" "ysfine.com"
207.46.13.223 - - [24/Feb/2023:23:31:15 -0800] "GET /sbk/2002maine11.jpg HTTP/1.1" 200 180839 "-" "Mozilla/5.0 AppleWebKit/537.36 (KHTML, like Gecko; compatible; bingbot/2.0; +http://www.bing.com/bingbot.htm) Chrome/103.0.5060.134 Safari/537.36" "ysfine.com"
64.124.8.52 - - [24/Feb/2023:23:32:09 -0800] "GET /dirac/michelan01.jpg HTTP/1.1" 200 100928 "-" "Mozilla/5.0 (Macintosh; Intel Mac OS X 10_15_7) AppleWebKit/537.36 (KHTML, like Gecko) Chrome/107.0.0.0 Safari/537.36" "www.ysfine.com"
173.252.83.19 - - [24/Feb/2023:23:33:14 -0800] "GET /ffriends/aline/aeroflot02b.jpg HTTP/1.1" 200 37721 "-" "facebookexternalhit/1.1 (+http://www.facebook.com/externalhit_uatext.php)" "ysfine.com"
207.46.13.223 - - [24/Feb/2023:23:33:24 -0800] "GET /sbk/1981montr11c.jpg HTTP/1.1" 200 49585 "-" "Mozilla/5.0 AppleWebKit/537.36 (KHTML, like Gecko; compatible; bingbot/2.0; +http://www.bing.com/bingbot.htm) Chrome/103.0.5060.134 Safari/537.36" "www.ysfine.com"
64.124.8.28 - - [24/Feb/2023:23:33:49 -0800] "GET /ysbio/princeton/prospectg22.jpg HTTP/1.1" 404 88 "-" "Mozilla/5.0 (Macintosh; Intel Mac OS X 10_15_7) AppleWebKit/537.36 (KHTML, like Gecko) Chrome/107.0.0.0 Safari/537.36" "ysfine.com"
207.46.13.220 - - [24/Feb/2023:23:34:18 -0800] "GET /world/france/sorbonne27.jpg HTTP/1.1" 200 109007 "-" "Mozilla/5.0 AppleWebKit/537.36 (KHTML, like Gecko; compatible; bingbot/2.0; +http://www.bing.com/bingbot.htm) Chrome/103.0.5060.134 Safari/537.36" "www.ysfine.com"
40.77.167.178 - - [24/Feb/2023:23:34:49 -0800] "GET /maga/invent/warren11b.jpg HTTP/1.1" 200 34679 "-" "Mozilla/5.0 AppleWebKit/537.36 (KHTML, like Gecko; compatible; bingbot/2.0; +http://www.bing.com/bingbot.htm) Chrome/103.0.5060.134 Safari/537.36" "ysfine.com"
40.77.167.178 - - [24/Feb/2023:23:36:09 -0800] "GET /maga/phys/huy03b.jpg HTTP/1.1" 200 37961 "-" "Mozilla/5.0 AppleWebKit/537.36 (KHTML, like Gecko; compatible; bingbot/2.0; +http://www.bing.com/bingbot.htm) Chrome/103.0.5060.134 Safari/537.36" "ysfine.com"
64.124.8.55 - - [24/Feb/2023:23:36:20 -0800] "GET /world/russ/minsk040.jpg HTTP/1.1" 200 82014 "-" "Mozilla/5.0 (Macintosh; Intel Mac OS X 10_15_7) AppleWebKit/537.36 (KHTML, like Gecko) Chrome/107.0.0.0 Safari/537.36" "www.ysfine.com"
64.124.8.50 - - [24/Feb/2023:23:36:29 -0800] "GET /world/baltic/kantm06.jpg HTTP/1.1" 200 100368 "-" "Mozilla/5.0 (Macintosh; Intel Mac OS X 10_15_7) AppleWebKit/537.36 (KHTML, like Gecko) Chrome/107.0.0.0 Safari/537.36" "ysfine.com"
52.167.144.35 - - [24/Feb/2023:23:36:46 -0800] "GET /style/venus11a.jpg HTTP/1.1" 200 76598 "-" "Mozilla/5.0 AppleWebKit/537.36 (KHTML, like Gecko; compatible; bingbot/2.0; +http://www.bing.com/bingbot.htm) Chrome/103.0.5060.134 Safari/537.36" "ysfine.com"
207.46.13.223 - - [24/Feb/2023:23:37:05 -0800] "GET /princeton/pseminary77.jpg HTTP/1.1" 200 122909 "-" "Mozilla/5.0 AppleWebKit/537.36 (KHTML, like Gecko; compatible; bingbot/2.0; +http://www.bing.com/bingbot.htm) Chrome/103.0.5060.134 Safari/537.36" "ysfine.com"
64.124.8.57 - - [24/Feb/2023:23:37:24 -0800] "GET /ysbio/people/whee88.jpg HTTP/1.1" 404 88 "-" "Mozilla/5.0 (Macintosh; Intel Mac OS X 10_15_7) AppleWebKit/537.36 (KHTML, like Gecko) Chrome/107.0.0.0 Safari/537.36" "ysfine.com"
37.187.27.125 - - [24/Feb/2023:23:37:30 -0800] "GET /robots.txt HTTP/1.1" 404 73 "-" "Mozilla/5.0 (compatible; MJ12bot/v1.4.8; http://mj12bot.com/)" "ysfine.com"
37.187.27.125 - - [24/Feb/2023:23:37:32 -0800] "GET /ysbio/class54/class5480/Pictures/4.%C3%AA%C2%B8%C2%B0%C3%AB%C2%85%C2%90%C3%AC%C2%B4%C2%AC%C3%AC%C2%98%C2%81/%C3%AA%C2%B8%C2%B0%C3%AB%C2%85%C2%90%C3%AC%C2%B4%C2%AC%C3%AC%C2%98%C2%81%20(4).jpg HTTP/1.1" 404 88 "-" "Mozilla/5.0 (compatible; MJ12bot/v1.4.8; http://mj12bot.com/)" "ysfine.com"
37.187.27.125 - - [24/Feb/2023:23:37:33 -0800] "GET /ysbio/class54/class5480/Pictures/4.%C3%AA%C2%B8%C2%B0%C3%AB%C2%85%C2%90%C3%AC%C2%B4%C2%AC%C3%AC%C2%98%C2%81/%C3%AA%C2%B8%C2%B0%C3%AB%C2%85%C2%90%C3%AC%C2%B4%C2%AC%C3%AC%C2%98%C2%81%20(40).jpg HTTP/1.1" 404 88 "-" "Mozilla/5.0 (compatible; MJ12bot/v1.4.8; http://mj12bot.com/)" "ysfine.com"
37.187.27.125 - - [24/Feb/2023:23:37:35 -0800] "GET /ysbio/class54/class5480/Pictures/4.%C3%AA%C2%B8%C2%B0%C3%AB%C2%85%C2%90%C3%AC%C2%B4%C2%AC%C3%AC%C2%98%C2%81/%C3%AA%C2%B8%C2%B0%C3%AB%C2%85%C2%90%C3%AC%C2%B4%C2%AC%C3%AC%C2%98%C2%81%20(41).jpg HTTP/1.1" 404 88 "-" "Mozilla/5.0 (compatible; MJ12bot/v1.4.8; http://mj12bot.com/)" "ysfine.com"
37.187.27.125 - - [24/Feb/2023:23:37:37 -0800] "GET /ysbio/class54/class5480/Pictures/4.%C3%AA%C2%B8%C2%B0%C3%AB%C2%85%C2%90%C3%AC%C2%B4%C2%AC%C3%AC%C2%98%C2%81/%C3%AA%C2%B8%C2%B0%C3%AB%C2%85%C2%90%C3%AC%C2%B4%C2%AC%C3%AC%C2%98%C2%81%20(42).jpg HTTP/1.1" 404 88 "-" "Mozilla/5.0 (compatible; MJ12bot/v1.4.8; http://mj12bot.com/)" "ysfine.com"
37.187.27.125 - - [24/Feb/2023:23:37:39 -0800] "GET /ysbio/class54/class5480/Pictures/4.%C3%AA%C2%B8%C2%B0%C3%AB%C2%85%C2%90%C3%AC%C2%B4%C2%AC%C3%AC%C2%98%C2%81/%C3%AA%C2%B8%C2%B0%C3%AB%C2%85%C2%90%C3%AC%C2%B4%C2%AC%C3%AC%C2%98%C2%81%20(43).jpg HTTP/1.1" 404 88 "-" "Mozilla/5.0 (compatible; MJ12bot/v1.4.8; http://mj12bot.com/)" "ysfine.com"
37.187.27.125 - - [24/Feb/2023:23:37:40 -0800] "GET /ysbio/class54/class5480/Pictures/4.%C3%AA%C2%B8%C2%B0%C3%AB%C2%85%C2%90%C3%AC%C2%B4%C2%AC%C3%AC%C2%98%C2%81/%C3%AA%C2%B8%C2%B0%C3%AB%C2%85%C2%90%C3%AC%C2%B4%C2%AC%C3%AC%C2%98%C2%81%20(44).jpg HTTP/1.1" 404 88 "-" "Mozilla/5.0 (compatible; MJ12bot/v1.4.8; http://mj12bot.com/)" "ysfine.com"
37.187.27.125 - - [24/Feb/2023:23:37:42 -0800] "GET /ysbio/class54/class5480/Pictures/4.%C3%AA%C2%B8%C2%B0%C3%AB%C2%85%C2%90%C3%AC%C2%B4%C2%AC%C3%AC%C2%98%C2%81/%C3%AA%C2%B8%C2%B0%C3%AB%C2%85%C2%90%C3%AC%C2%B4%C2%AC%C3%AC%C2%98%C2%81%20(45).jpg HTTP/1.1" 404 88 "-" "Mozilla/5.0 (compatible; MJ12bot/v1.4.8; http://mj12bot.com/)" "ysfine.com"
37.187.27.125 - - [24/Feb/2023:23:37:43 -0800] "GET /ysbio/class54/class5480/Pictures/4.%C3%AA%C2%B8%C2%B0%C3%AB%C2%85%C2%90%C3%AC%C2%B4%C2%AC%C3%AC%C2%98%C2%81/%C3%AA%C2%B8%C2%B0%C3%AB%C2%85%C2%90%C3%AC%C2%B4%C2%AC%C3%AC%C2%98%C2%81%20(46).jpg HTTP/1.1" 404 88 "-" "Mozilla/5.0 (compatible; MJ12bot/v1.4.8; http://mj12bot.com/)" "ysfine.com"
37.187.27.125 - - [24/Feb/2023:23:37:45 -0800] "GET /ysbio/class54/class5480/Pictures/4.%C3%AA%C2%B8%C2%B0%C3%AB%C2%85%C2%90%C3%AC%C2%B4%C2%AC%C3%AC%C2%98%C2%81/%C3%AA%C2%B8%C2%B0%C3%AB%C2%85%C2%90%C3%AC%C2%B4%C2%AC%C3%AC%C2%98%C2%81%20(47).jpg HTTP/1.1" 404 88 "-" "Mozilla/5.0 (compatible; MJ12bot/v1.4.8; http://mj12bot.com/)" "ysfine.com"
37.187.27.125 - - [24/Feb/2023:23:37:46 -0800] "GET /ysbio/class54/class5480/Pictures/4.%C3%AA%C2%B8%C2%B0%C3%AB%C2%85%C2%90%C3%AC%C2%B4%C2%AC%C3%AC%C2%98%C2%81/%C3%AA%C2%B8%C2%B0%C3%AB%C2%85%C2%90%C3%AC%C2%B4%C2%AC%C3%AC%C2%98%C2%81%20(48).jpg HTTP/1.1" 404 88 "-" "Mozilla/5.0 (compatible; MJ12bot/v1.4.8; http://mj12bot.com/)" "ysfine.com"
37.187.27.125 - - [24/Feb/2023:23:37:48 -0800] "GET /ysbio/class54/class5480/Pictures/4.%C3%AA%C2%B8%C2%B0%C3%AB%C2%85%C2%90%C3%AC%C2%B4%C2%AC%C3%AC%C2%98%C2%81/%C3%AA%C2%B8%C2%B0%C3%AB%C2%85%C2%90%C3%AC%C2%B4%C2%AC%C3%AC%C2%98%C2%81%20(49).jpg HTTP/1.1" 404 88 "-" "Mozilla/5.0 (compatible; MJ12bot/v1.4.8; http://mj12bot.com/)" "ysfine.com"
64.124.8.48 - - [24/Feb/2023:23:37:50 -0800] "GET /home/figs/easy33.jpg HTTP/1.1" 200 123718 "-" "Mozilla/5.0 (Macintosh; Intel Mac OS X 10_15_7) AppleWebKit/537.36 (KHTML, like Gecko) Chrome/107.0.0.0 Safari/537.36" "www.ysfine.com"
37.187.27.125 - - [24/Feb/2023:23:37:50 -0800] "GET /ysbio/class54/class5480/Pictures/4.%C3%AA%C2%B8%C2%B0%C3%AB%C2%85%C2%90%C3%AC%C2%B4%C2%AC%C3%AC%C2%98%C2%81/%C3%AA%C2%B8%C2%B0%C3%AB%C2%85%C2%90%C3%AC%C2%B4%C2%AC%C3%AC%C2%98%C2%81%20(5).jpg HTTP/1.1" 404 88 "-" "Mozilla/5.0 (compatible; MJ12bot/v1.4.8; http://mj12bot.com/)" "ysfine.com"
37.187.27.125 - - [24/Feb/2023:23:37:51 -0800] "GET /ysbio/class54/class5480/Pictures/4.%C3%AA%C2%B8%C2%B0%C3%AB%C2%85%C2%90%C3%AC%C2%B4%C2%AC%C3%AC%C2%98%C2%81/%C3%AA%C2%B8%C2%B0%C3%AB%C2%85%C2%90%C3%AC%C2%B4%C2%AC%C3%AC%C2%98%C2%81%20(50).jpg HTTP/1.1" 404 88 "-" "Mozilla/5.0 (compatible; MJ12bot/v1.4.8; http://mj12bot.com/)" "ysfine.com"
37.187.27.125 - - [24/Feb/2023:23:37:53 -0800] "GET /ysbio/class54/class5480/Pictures/4.%C3%AA%C2%B8%C2%B0%C3%AB%C2%85%C2%90%C3%AC%C2%B4%C2%AC%C3%AC%C2%98%C2%81/%C3%AA%C2%B8%C2%B0%C3%AB%C2%85%C2%90%C3%AC%C2%B4%C2%AC%C3%AC%C2%98%C2%81%20(51).jpg HTTP/1.1" 404 88 "-" "Mozilla/5.0 (compatible; MJ12bot/v1.4.8; http://mj12bot.com/)" "ysfine.com"
173.252.83.24 - - [24/Feb/2023:23:37:54 -0800] "GET /world/germany/viennaf21b.jpg HTTP/1.1" 200 37081 "-" "facebookexternalhit/1.1 (+http://www.facebook.com/externalhit_uatext.php)" "ysfine.com"
37.187.27.125 - - [24/Feb/2023:23:37:54 -0800] "GET /ysbio/class54/class5480/Pictures/4.%C3%AA%C2%B8%C2%B0%C3%AB%C2%85%C2%90%C3%AC%C2%B4%C2%AC%C3%AC%C2%98%C2%81/%C3%AA%C2%B8%C2%B0%C3%AB%C2%85%C2%90%C3%AC%C2%B4%C2%AC%C3%AC%C2%98%C2%81%20(52).jpg HTTP/1.1" 404 88 "-" "Mozilla/5.0 (compatible; MJ12bot/v1.4.8; http://mj12bot.com/)" "ysfine.com"
37.187.27.125 - - [24/Feb/2023:23:37:56 -0800] "GET /ysbio/class54/class5480/Pictures/4.%C3%AA%C2%B8%C2%B0%C3%AB%C2%85%C2%90%C3%AC%C2%B4%C2%AC%C3%AC%C2%98%C2%81/%C3%AA%C2%B8%C2%B0%C3%AB%C2%85%C2%90%C3%AC%C2%B4%C2%AC%C3%AC%C2%98%C2%81%20(53).jpg HTTP/1.1" 404 88 "-" "Mozilla/5.0 (compatible; MJ12bot/v1.4.8; http://mj12bot.com/)" "ysfine.com"
37.187.27.125 - - [24/Feb/2023:23:37:58 -0800] "GET /ysbio/class54/class5480/Pictures/4.%C3%AA%C2%B8%C2%B0%C3%AB%C2%85%C2%90%C3%AC%C2%B4%C2%AC%C3%AC%C2%98%C2%81/%C3%AA%C2%B8%C2%B0%C3%AB%C2%85%C2%90%C3%AC%C2%B4%C2%AC%C3%AC%C2%98%C2%81%20(54).jpg HTTP/1.1" 404 88 "-" "Mozilla/5.0 (compatible; MJ12bot/v1.4.8; http://mj12bot.com/)" "ysfine.com"
37.187.27.125 - - [24/Feb/2023:23:37:59 -0800] "GET /ysbio/class54/class5480/Pictures/4.%C3%AA%C2%B8%C2%B0%C3%AB%C2%85%C2%90%C3%AC%C2%B4%C2%AC%C3%AC%C2%98%C2%81/%C3%AA%C2%B8%C2%B0%C3%AB%C2%85%C2%90%C3%AC%C2%B4%C2%AC%C3%AC%C2%98%C2%81%20(55).jpg HTTP/1.1" 404 88 "-" "Mozilla/5.0 (compatible; MJ12bot/v1.4.8; http://mj12bot.com/)" "ysfine.com"
37.187.27.125 - - [24/Feb/2023:23:38:01 -0800] "GET /ysbio/class54/class5480/Pictures/4.%C3%AA%C2%B8%C2%B0%C3%AB%C2%85%C2%90%C3%AC%C2%B4%C2%AC%C3%AC%C2%98%C2%81/%C3%AA%C2%B8%C2%B0%C3%AB%C2%85%C2%90%C3%AC%C2%B4%C2%AC%C3%AC%C2%98%C2%81%20(56).jpg HTTP/1.1" 404 88 "-" "Mozilla/5.0 (compatible; MJ12bot/v1.4.8; http://mj12bot.com/)" "ysfine.com"
37.187.27.125 - - [24/Feb/2023:23:38:02 -0800] "GET /ysbio/class54/class5480/Pictures/4.%C3%AA%C2%B8%C2%B0%C3%AB%C2%85%C2%90%C3%AC%C2%B4%C2%AC%C3%AC%C2%98%C2%81/%C3%AA%C2%B8%C2%B0%C3%AB%C2%85%C2%90%C3%AC%C2%B4%C2%AC%C3%AC%C2%98%C2%81%20(57).jpg HTTP/1.1" 404 88 "-" "Mozilla/5.0 (compatible; MJ12bot/v1.4.8; http://mj12bot.com/)" "ysfine.com"
37.187.27.125 - - [24/Feb/2023:23:38:04 -0800] "GET /ysbio/class54/class5480/Pictures/4.%C3%AA%C2%B8%C2%B0%C3%AB%C2%85%C2%90%C3%AC%C2%B4%C2%AC%C3%AC%C2%98%C2%81/%C3%AA%C2%B8%C2%B0%C3%AB%C2%85%C2%90%C3%AC%C2%B4%C2%AC%C3%AC%C2%98%C2%81%20(58).jpg HTTP/1.1" 404 88 "-" "Mozilla/5.0 (compatible; MJ12bot/v1.4.8; http://mj12bot.com/)" "ysfine.com"
37.187.27.125 - - [24/Feb/2023:23:38:06 -0800] "GET /ysbio/class54/class5480/Pictures/4.%C3%AA%C2%B8%C2%B0%C3%AB%C2%85%C2%90%C3%AC%C2%B4%C2%AC%C3%AC%C2%98%C2%81/%C3%AA%C2%B8%C2%B0%C3%AB%C2%85%C2%90%C3%AC%C2%B4%C2%AC%C3%AC%C2%98%C2%81%20(59).jpg HTTP/1.1" 404 88 "-" "Mozilla/5.0 (compatible; MJ12bot/v1.4.8; http://mj12bot.com/)" "ysfine.com"
216.244.66.229 - - [24/Feb/2023:23:38:07 -0800] "GET /remote/wigner111/frame26.html HTTP/1.1" 200 2472 "-" "Mozilla/5.0 (compatible; DotBot/1.2; +https://opensiteexplorer.org/dotbot; help@moz.com)" "ysfine.com"
37.187.27.125 - - [24/Feb/2023:23:38:07 -0800] "GET /ysbio/class54/class5480/Pictures/4.%C3%AA%C2%B8%C2%B0%C3%AB%C2%85%C2%90%C3%AC%C2%B4%C2%AC%C3%AC%C2%98%C2%81/%C3%AA%C2%B8%C2%B0%C3%AB%C2%85%C2%90%C3%AC%C2%B4%C2%AC%C3%AC%C2%98%C2%81%20(6).jpg HTTP/1.1" 404 88 "-" "Mozilla/5.0 (compatible; MJ12bot/v1.4.8; http://mj12bot.com/)" "ysfine.com"
24.6.13.60 - - [24/Feb/2023:23:38:08 -0800] "GET /home/einbohr21.jpg HTTP/1.1" 200 88404 "https://www.google.com/" "Mozilla/5.0 (Macintosh; Intel Mac OS X 10_15_7) AppleWebKit/537.36 (KHTML, like Gecko) Chrome/110.0.0.0 Safari/537.36" "ysfine.com"
37.187.27.125 - - [24/Feb/2023:23:38:09 -0800] "GET /ysbio/class54/class5480/Pictures/4.%C3%AA%C2%B8%C2%B0%C3%AB%C2%85%C2%90%C3%AC%C2%B4%C2%AC%C3%AC%C2%98%C2%81/%C3%AA%C2%B8%C2%B0%C3%AB%C2%85%C2%90%C3%AC%C2%B4%C2%AC%C3%AC%C2%98%C2%81%20(60).jpg HTTP/1.1" 404 88 "-" "Mozilla/5.0 (compatible; MJ12bot/v1.4.8; http://mj12bot.com/)" "ysfine.com"
37.187.27.125 - - [24/Feb/2023:23:38:10 -0800] "GET /ysbio/class54/class5480/Pictures/4.%C3%AA%C2%B8%C2%B0%C3%AB%C2%85%C2%90%C3%AC%C2%B4%C2%AC%C3%AC%C2%98%C2%81/%C3%AA%C2%B8%C2%B0%C3%AB%C2%85%C2%90%C3%AC%C2%B4%C2%AC%C3%AC%C2%98%C2%81%20(61).jpg HTTP/1.1" 404 88 "-" "Mozilla/5.0 (compatible; MJ12bot/v1.4.8; http://mj12bot.com/)" "ysfine.com"
37.187.27.125 - - [24/Feb/2023:23:38:12 -0800] "GET /ysbio/class54/class5480/Pictures/4.%C3%AA%C2%B8%C2%B0%C3%AB%C2%85%C2%90%C3%AC%C2%B4%C2%AC%C3%AC%C2%98%C2%81/%C3%AA%C2%B8%C2%B0%C3%AB%C2%85%C2%90%C3%AC%C2%B4%C2%AC%C3%AC%C2%98%C2%81%20(62).jpg HTTP/1.1" 404 88 "-" "Mozilla/5.0 (compatible; MJ12bot/v1.4.8; http://mj12bot.com/)" "ysfine.com"
37.187.27.125 - - [24/Feb/2023:23:38:14 -0800] "GET /ysbio/class54/class5480/Pictures/4.%C3%AA%C2%B8%C2%B0%C3%AB%C2%85%C2%90%C3%AC%C2%B4%C2%AC%C3%AC%C2%98%C2%81/%C3%AA%C2%B8%C2%B0%C3%AB%C2%85%C2%90%C3%AC%C2%B4%C2%AC%C3%AC%C2%98%C2%81%20(63).jpg HTTP/1.1" 404 88 "-" "Mozilla/5.0 (compatible; MJ12bot/v1.4.8; http://mj12bot.com/)" "ysfine.com"
37.187.27.125 - - [24/Feb/2023:23:38:15 -0800] "GET /ysbio/class54/class5480/Pictures/4.%C3%AA%C2%B8%C2%B0%C3%AB%C2%85%C2%90%C3%AC%C2%B4%C2%AC%C3%AC%C2%98%C2%81/%C3%AA%C2%B8%C2%B0%C3%AB%C2%85%C2%90%C3%AC%C2%B4%C2%AC%C3%AC%C2%98%C2%81%20(64).jpg HTTP/1.1" 404 88 "-" "Mozilla/5.0 (compatible; MJ12bot/v1.4.8; http://mj12bot.com/)" "ysfine.com"
37.187.27.125 - - [24/Feb/2023:23:38:17 -0800] "GET /ysbio/class54/class5480/Pictures/4.%C3%AA%C2%B8%C2%B0%C3%AB%C2%85%C2%90%C3%AC%C2%B4%C2%AC%C3%AC%C2%98%C2%81/%C3%AA%C2%B8%C2%B0%C3%AB%C2%85%C2%90%C3%AC%C2%B4%C2%AC%C3%AC%C2%98%C2%81%20(65).jpg HTTP/1.1" 404 88 "-" "Mozilla/5.0 (compatible; MJ12bot/v1.4.8; http://mj12bot.com/)" "ysfine.com"
37.187.27.125 - - [24/Feb/2023:23:38:18 -0800] "GET /ysbio/class54/class5480/Pictures/4.%C3%AA%C2%B8%C2%B0%C3%AB%C2%85%C2%90%C3%AC%C2%B4%C2%AC%C3%AC%C2%98%C2%81/%C3%AA%C2%B8%C2%B0%C3%AB%C2%85%C2%90%C3%AC%C2%B4%C2%AC%C3%AC%C2%98%C2%81%20(66).jpg HTTP/1.1" 404 88 "-" "Mozilla/5.0 (compatible; MJ12bot/v1.4.8; http://mj12bot.com/)" "ysfine.com"
37.187.27.125 - - [24/Feb/2023:23:38:20 -0800] "GET /ysbio/class54/class5480/Pictures/4.%C3%AA%C2%B8%C2%B0%C3%AB%C2%85%C2%90%C3%AC%C2%B4%C2%AC%C3%AC%C2%98%C2%81/%C3%AA%C2%B8%C2%B0%C3%AB%C2%85%C2%90%C3%AC%C2%B4%C2%AC%C3%AC%C2%98%C2%81%20(67).jpg HTTP/1.1" 404 88 "-" "Mozilla/5.0 (compatible; MJ12bot/v1.4.8; http://mj12bot.com/)" "ysfine.com"
37.187.27.125 - - [24/Feb/2023:23:38:22 -0800] "GET /ysbio/class54/class5480/Pictures/4.%C3%AA%C2%B8%C2%B0%C3%AB%C2%85%C2%90%C3%AC%C2%B4%C2%AC%C3%AC%C2%98%C2%81/%C3%AA%C2%B8%C2%B0%C3%AB%C2%85%C2%90%C3%AC%C2%B4%C2%AC%C3%AC%C2%98%C2%81%20(68).jpg HTTP/1.1" 404 88 "-" "Mozilla/5.0 (compatible; MJ12bot/v1.4.8; http://mj12bot.com/)" "ysfine.com"
37.187.27.125 - - [24/Feb/2023:23:38:23 -0800] "GET /ysbio/class54/class5480/Pictures/4.%C3%AA%C2%B8%C2%B0%C3%AB%C2%85%C2%90%C3%AC%C2%B4%C2%AC%C3%AC%C2%98%C2%81/%C3%AA%C2%B8%C2%B0%C3%AB%C2%85%C2%90%C3%AC%C2%B4%C2%AC%C3%AC%C2%98%C2%81%20(69).jpg HTTP/1.1" 404 88 "-" "Mozilla/5.0 (compatible; MJ12bot/v1.4.8; http://mj12bot.com/)" "ysfine.com"
37.187.27.125 - - [24/Feb/2023:23:38:25 -0800] "GET /ysbio/class54/class5480/Pictures/4.%C3%AA%C2%B8%C2%B0%C3%AB%C2%85%C2%90%C3%AC%C2%B4%C2%AC%C3%AC%C2%98%C2%81/%C3%AA%C2%B8%C2%B0%C3%AB%C2%85%C2%90%C3%AC%C2%B4%C2%AC%C3%AC%C2%98%C2%81%20(7).jpg HTTP/1.1" 404 88 "-" "Mozilla/5.0 (compatible; MJ12bot/v1.4.8; http://mj12bot.com/)" "ysfine.com"
64.124.8.50 - - [24/Feb/2023:23:38:26 -0800] "GET /world/russ/minsk025.jpg HTTP/1.1" 200 92361 "-" "Mozilla/5.0 (Macintosh; Intel Mac OS X 10_15_7) AppleWebKit/537.36 (KHTML, like Gecko) Chrome/107.0.0.0 Safari/537.36" "www.ysfine.com"
37.187.27.125 - - [24/Feb/2023:23:38:26 -0800] "GET /ysbio/class54/class5480/Pictures/4.%C3%AA%C2%B8%C2%B0%C3%AB%C2%85%C2%90%C3%AC%C2%B4%C2%AC%C3%AC%C2%98%C2%81/%C3%AA%C2%B8%C2%B0%C3%AB%C2%85%C2%90%C3%AC%C2%B4%C2%AC%C3%AC%C2%98%C2%81%20(70).jpg HTTP/1.1" 404 88 "-" "Mozilla/5.0 (compatible; MJ12bot/v1.4.8; http://mj12bot.com/)" "ysfine.com"
37.187.27.125 - - [24/Feb/2023:23:38:28 -0800] "GET /ysbio/class54/class5480/Pictures/4.%C3%AA%C2%B8%C2%B0%C3%AB%C2%85%C2%90%C3%AC%C2%B4%C2%AC%C3%AC%C2%98%C2%81/%C3%AA%C2%B8%C2%B0%C3%AB%C2%85%C2%90%C3%AC%C2%B4%C2%AC%C3%AC%C2%98%C2%81%20(71).jpg HTTP/1.1" 404 88 "-" "Mozilla/5.0 (compatible; MJ12bot/v1.4.8; http://mj12bot.com/)" "ysfine.com"
37.187.27.125 - - [24/Feb/2023:23:38:29 -0800] "GET /ysbio/class54/class5480/Pictures/4.%C3%AA%C2%B8%C2%B0%C3%AB%C2%85%C2%90%C3%AC%C2%B4%C2%AC%C3%AC%C2%98%C2%81/%C3%AA%C2%B8%C2%B0%C3%AB%C2%85%C2%90%C3%AC%C2%B4%C2%AC%C3%AC%C2%98%C2%81%20(72).jpg HTTP/1.1" 404 88 "-" "Mozilla/5.0 (compatible; MJ12bot/v1.4.8; http://mj12bot.com/)" "ysfine.com"
37.187.27.125 - - [24/Feb/2023:23:38:31 -0800] "GET /ysbio/class54/class5480/Pictures/4.%C3%AA%C2%B8%C2%B0%C3%AB%C2%85%C2%90%C3%AC%C2%B4%C2%AC%C3%AC%C2%98%C2%81/%C3%AA%C2%B8%C2%B0%C3%AB%C2%85%C2%90%C3%AC%C2%B4%C2%AC%C3%AC%C2%98%C2%81%20(73).jpg HTTP/1.1" 404 88 "-" "Mozilla/5.0 (compatible; MJ12bot/v1.4.8; http://mj12bot.com/)" "ysfine.com"
37.187.27.125 - - [24/Feb/2023:23:38:33 -0800] "GET /ysbio/class54/class5480/Pictures/4.%C3%AA%C2%B8%C2%B0%C3%AB%C2%85%C2%90%C3%AC%C2%B4%C2%AC%C3%AC%C2%98%C2%81/%C3%AA%C2%B8%C2%B0%C3%AB%C2%85%C2%90%C3%AC%C2%B4%C2%AC%C3%AC%C2%98%C2%81%20(74).jpg HTTP/1.1" 404 88 "-" "Mozilla/5.0 (compatible; MJ12bot/v1.4.8; http://mj12bot.com/)" "ysfine.com"
37.187.27.125 - - [24/Feb/2023:23:38:34 -0800] "GET /ysbio/class54/class5480/Pictures/4.%C3%AA%C2%B8%C2%B0%C3%AB%C2%85%C2%90%C3%AC%C2%B4%C2%AC%C3%AC%C2%98%C2%81/%C3%AA%C2%B8%C2%B0%C3%AB%C2%85%C2%90%C3%AC%C2%B4%C2%AC%C3%AC%C2%98%C2%81%20(75).jpg HTTP/1.1" 404 88 "-" "Mozilla/5.0 (compatible; MJ12bot/v1.4.8; http://mj12bot.com/)" "ysfine.com"
37.187.27.125 - - [24/Feb/2023:23:38:36 -0800] "GET /ysbio/class54/class5480/Pictures/4.%C3%AA%C2%B8%C2%B0%C3%AB%C2%85%C2%90%C3%AC%C2%B4%C2%AC%C3%AC%C2%98%C2%81/%C3%AA%C2%B8%C2%B0%C3%AB%C2%85%C2%90%C3%AC%C2%B4%C2%AC%C3%AC%C2%98%C2%81%20(76).jpg HTTP/1.1" 404 88 "-" "Mozilla/5.0 (compatible; MJ12bot/v1.4.8; http://mj12bot.com/)" "ysfine.com"
216.244.66.229 - - [24/Feb/2023:23:38:36 -0800] "GET /princeton/westmin11.jpg HTTP/1.1" 200 147787 "-" "Mozilla/5.0 (compatible; DotBot/1.2; +https://opensiteexplorer.org/dotbot; help@moz.com)" "www.ysfine.com"
37.187.27.125 - - [24/Feb/2023:23:38:38 -0800] "GET /ysbio/class54/class5480/Pictures/4.%C3%AA%C2%B8%C2%B0%C3%AB%C2%85%C2%90%C3%AC%C2%B4%C2%AC%C3%AC%C2%98%C2%81/%C3%AA%C2%B8%C2%B0%C3%AB%C2%85%C2%90%C3%AC%C2%B4%C2%AC%C3%AC%C2%98%C2%81%20(77).jpg HTTP/1.1" 404 88 "-" "Mozilla/5.0 (compatible; MJ12bot/v1.4.8; http://mj12bot.com/)" "ysfine.com"
37.187.27.125 - - [24/Feb/2023:23:38:39 -0800] "GET /ysbio/class54/class5480/Pictures/4.%C3%AA%C2%B8%C2%B0%C3%AB%C2%85%C2%90%C3%AC%C2%B4%C2%AC%C3%AC%C2%98%C2%81/%C3%AA%C2%B8%C2%B0%C3%AB%C2%85%C2%90%C3%AC%C2%B4%C2%AC%C3%AC%C2%98%C2%81%20(78).jpg HTTP/1.1" 404 88 "-" "Mozilla/5.0 (compatible; MJ12bot/v1.4.8; http://mj12bot.com/)" "ysfine.com"
37.187.27.125 - - [24/Feb/2023:23:38:41 -0800] "GET /ysbio/class54/class5480/Pictures/4.%C3%AA%C2%B8%C2%B0%C3%AB%C2%85%C2%90%C3%AC%C2%B4%C2%AC%C3%AC%C2%98%C2%81/%C3%AA%C2%B8%C2%B0%C3%AB%C2%85%C2%90%C3%AC%C2%B4%C2%AC%C3%AC%C2%98%C2%81%20(79).jpg HTTP/1.1" 404 88 "-" "Mozilla/5.0 (compatible; MJ12bot/v1.4.8; http://mj12bot.com/)" "ysfine.com"
37.187.27.125 - - [24/Feb/2023:23:38:43 -0800] "GET /ysbio/class54/class5480/Pictures/4.%C3%AA%C2%B8%C2%B0%C3%AB%C2%85%C2%90%C3%AC%C2%B4%C2%AC%C3%AC%C2%98%C2%81/%C3%AA%C2%B8%C2%B0%C3%AB%C2%85%C2%90%C3%AC%C2%B4%C2%AC%C3%AC%C2%98%C2%81%20(8).jpg HTTP/1.1" 404 88 "-" "Mozilla/5.0 (compatible; MJ12bot/v1.4.8; http://mj12bot.com/)" "ysfine.com"
37.187.27.125 - - [24/Feb/2023:23:38:45 -0800] "GET /ysbio/class54/class5480/Pictures/4.%C3%AA%C2%B8%C2%B0%C3%AB%C2%85%C2%90%C3%AC%C2%B4%C2%AC%C3%AC%C2%98%C2%81/%C3%AA%C2%B8%C2%B0%C3%AB%C2%85%C2%90%C3%AC%C2%B4%C2%AC%C3%AC%C2%98%C2%81%20(80).jpg HTTP/1.1" 404 88 "-" "Mozilla/5.0 (compatible; MJ12bot/v1.4.8; http://mj12bot.com/)" "ysfine.com"
37.187.27.125 - - [24/Feb/2023:23:38:46 -0800] "GET /ysbio/class54/class5480/Pictures/4.%C3%AA%C2%B8%C2%B0%C3%AB%C2%85%C2%90%C3%AC%C2%B4%C2%AC%C3%AC%C2%98%C2%81/%C3%AA%C2%B8%C2%B0%C3%AB%C2%85%C2%90%C3%AC%C2%B4%C2%AC%C3%AC%C2%98%C2%81%20(81).jpg HTTP/1.1" 404 88 "-" "Mozilla/5.0 (compatible; MJ12bot/v1.4.8; http://mj12bot.com/)" "ysfine.com"
37.187.27.125 - - [24/Feb/2023:23:38:48 -0800] "GET /ysbio/class54/class5480/Pictures/4.%C3%AA%C2%B8%C2%B0%C3%AB%C2%85%C2%90%C3%AC%C2%B4%C2%AC%C3%AC%C2%98%C2%81/%C3%AA%C2%B8%C2%B0%C3%AB%C2%85%C2%90%C3%AC%C2%B4%C2%AC%C3%AC%C2%98%C2%81%20(82).jpg HTTP/1.1" 404 88 "-" "Mozilla/5.0 (compatible; MJ12bot/v1.4.8; http://mj12bot.com/)" "ysfine.com"
37.187.27.125 - - [24/Feb/2023:23:38:49 -0800] "GET /ysbio/class54/class5480/Pictures/4.%C3%AA%C2%B8%C2%B0%C3%AB%C2%85%C2%90%C3%AC%C2%B4%C2%AC%C3%AC%C2%98%C2%81/%C3%AA%C2%B8%C2%B0%C3%AB%C2%85%C2%90%C3%AC%C2%B4%C2%AC%C3%AC%C2%98%C2%81%20(9).jpg HTTP/1.1" 404 88 "-" "Mozilla/5.0 (compatible; MJ12bot/v1.4.8; http://mj12bot.com/)" "ysfine.com"
37.187.27.125 - - [24/Feb/2023:23:38:51 -0800] "GET /ysbio/einstein/ulm.html HTTP/1.1" 404 88 "-" "Mozilla/5.0 (compatible; MJ12bot/v1.4.8; http://mj12bot.com/)" "ysfine.com"
37.187.27.125 - - [24/Feb/2023:23:38:52 -0800] "GET /robots.txt HTTP/1.1" 404 73 "-" "Mozilla/5.0 (compatible; MJ12bot/v1.4.8; http://mj12bot.com/)" "www.ysfine.com"
37.187.27.125 - - [24/Feb/2023:23:38:54 -0800] "GET /class54/class5480/Pictures/2.%C3%AA%C2%B8%C2%B0%C3%AB%C2%85%C2%90%C3%AD%C2%96%C2%89%C3%AC%C2%82%C2%AC/%C3%AA%C2%B8%C2%B0%C3%AB%C2%85%C2%90%C3%AD%C2%96%C2%89%C3%AC%C2%82%C2%AC%20(112).jpg HTTP/1.1" 200 3836696 "-" "Mozilla/5.0 (compatible; MJ12bot/v1.4.8; http://mj12bot.com/)" "www.ysfine.com"
37.187.27.125 - - [24/Feb/2023:23:38:56 -0800] "GET /class54/class5480/Pictures/2.%C3%AA%C2%B8%C2%B0%C3%AB%C2%85%C2%90%C3%AD%C2%96%C2%89%C3%AC%C2%82%C2%AC/%C3%AA%C2%B8%C2%B0%C3%AB%C2%85%C2%90%C3%AD%C2%96%C2%89%C3%AC%C2%82%C2%AC%20(114).jpg HTTP/1.1" 200 6384370 "-" "Mozilla/5.0 (compatible; MJ12bot/v1.4.8; http://mj12bot.com/)" "www.ysfine.com"
194.41.122.34 - - [24/Feb/2023:23:38:57 -0800] "GET /maga/entro.pdf HTTP/1.1" 404 88 "-" "Mozilla/5.0 (Windows NT 10.0; Win64; x64) AppleWebKit/537.36 (KHTML, like Gecko) Chrome/101.0.4951.67 Safari/537.36" "www.ysfine.com"
37.187.27.125 - - [24/Feb/2023:23:38:58 -0800] "GET /class54/class5480/Pictures/2.%C3%AA%C2%B8%C2%B0%C3%AB%C2%85%C2%90%C3%AD%C2%96%C2%89%C3%AC%C2%82%C2%AC/%C3%AA%C2%B8%C2%B0%C3%AB%C2%85%C2%90%C3%AD%C2%96%C2%89%C3%AC%C2%82%C2%AC%20(115).jpg HTTP/1.1" 200 5415244 "-" "Mozilla/5.0 (compatible; MJ12bot/v1.4.8; http://mj12bot.com/)" "www.ysfine.com"
37.187.27.125 - - [24/Feb/2023:23:39:00 -0800] "GET /class54/class5480/Pictures/2.%C3%AA%C2%B8%C2%B0%C3%AB%C2%85%C2%90%C3%AD%C2%96%C2%89%C3%AC%C2%82%C2%AC/%C3%AA%C2%B8%C2%B0%C3%AB%C2%85%C2%90%C3%AD%C2%96%C2%89%C3%AC%C2%82%C2%AC%20(116).jpg HTTP/1.1" 200 6247925 "-" "Mozilla/5.0 (compatible; MJ12bot/v1.4.8; http://mj12bot.com/)" "www.ysfine.com"
37.187.27.125 - - [24/Feb/2023:23:39:02 -0800] "GET /class54/class5480/Pictures/2.%C3%AA%C2%B8%C2%B0%C3%AB%C2%85%C2%90%C3%AD%C2%96%C2%89%C3%AC%C2%82%C2%AC/%C3%AA%C2%B8%C2%B0%C3%AB%C2%85%C2%90%C3%AD%C2%96%C2%89%C3%AC%C2%82%C2%AC%20(117).jpg HTTP/1.1" 200 4355917 "-" "Mozilla/5.0 (compatible; MJ12bot/v1.4.8; http://mj12bot.com/)" "www.ysfine.com"
37.187.27.125 - - [24/Feb/2023:23:39:03 -0800] "GET /class54/class5480/Pictures/2.%C3%AA%C2%B8%C2%B0%C3%AB%C2%85%C2%90%C3%AD%C2%96%C2%89%C3%AC%C2%82%C2%AC/%C3%AA%C2%B8%C2%B0%C3%AB%C2%85%C2%90%C3%AD%C2%96%C2%89%C3%AC%C2%82%C2%AC%20(118).jpg HTTP/1.1" 200 3927701 "-" "Mozilla/5.0 (compatible; MJ12bot/v1.4.8; http://mj12bot.com/)" "www.ysfine.com"
37.187.27.125 - - [24/Feb/2023:23:39:05 -0800] "GET /class54/class5480/Pictures/2.%C3%AA%C2%B8%C2%B0%C3%AB%C2%85%C2%90%C3%AD%C2%96%C2%89%C3%AC%C2%82%C2%AC/%C3%AA%C2%B8%C2%B0%C3%AB%C2%85%C2%90%C3%AD%C2%96%C2%89%C3%AC%C2%82%C2%AC%20(119).jpg HTTP/1.1" 200 3651184 "-" "Mozilla/5.0 (compatible; MJ12bot/v1.4.8; http://mj12bot.com/)" "www.ysfine.com"
37.187.27.125 - - [24/Feb/2023:23:39:07 -0800] "GET /class54/class5480/Pictures/2.%C3%AA%C2%B8%C2%B0%C3%AB%C2%85%C2%90%C3%AD%C2%96%C2%89%C3%AC%C2%82%C2%AC/%C3%AA%C2%B8%C2%B0%C3%AB%C2%85%C2%90%C3%AD%C2%96%C2%89%C3%AC%C2%82%C2%AC%20(12).jpg HTTP/1.1" 200 7152202 "-" "Mozilla/5.0 (compatible; MJ12bot/v1.4.8; http://mj12bot.com/)" "www.ysfine.com"
64.124.8.54 - - [24/Feb/2023:23:39:09 -0800] "GET /world/russ/minskf48.jpg HTTP/1.1" 200 128012 "-" "Mozilla/5.0 (Macintosh; Intel Mac OS X 10_15_7) AppleWebKit/537.36 (KHTML, like Gecko) Chrome/107.0.0.0 Safari/537.36" "www.ysfine.com"
37.187.27.125 - - [24/Feb/2023:23:39:09 -0800] "GET /class54/class5480/Pictures/2.%C3%AA%C2%B8%C2%B0%C3%AB%C2%85%C2%90%C3%AD%C2%96%C2%89%C3%AC%C2%82%C2%AC/%C3%AA%C2%B8%C2%B0%C3%AB%C2%85%C2%90%C3%AD%C2%96%C2%89%C3%AC%C2%82%C2%AC%20(120).jpg HTTP/1.1" 200 3904570 "-" "Mozilla/5.0 (compatible; MJ12bot/v1.4.8; http://mj12bot.com/)" "www.ysfine.com"
37.187.27.125 - - [24/Feb/2023:23:39:11 -0800] "GET /class54/class5480/Pictures/2.%C3%AA%C2%B8%C2%B0%C3%AB%C2%85%C2%90%C3%AD%C2%96%C2%89%C3%AC%C2%82%C2%AC/%C3%AA%C2%B8%C2%B0%C3%AB%C2%85%C2%90%C3%AD%C2%96%C2%89%C3%AC%C2%82%C2%AC%20(121).jpg HTTP/1.1" 200 4146103 "-" "Mozilla/5.0 (compatible; MJ12bot/v1.4.8; http://mj12bot.com/)" "www.ysfine.com"
37.187.27.125 - - [24/Feb/2023:23:39:13 -0800] "GET /class54/class5480/Pictures/2.%C3%AA%C2%B8%C2%B0%C3%AB%C2%85%C2%90%C3%AD%C2%96%C2%89%C3%AC%C2%82%C2%AC/%C3%AA%C2%B8%C2%B0%C3%AB%C2%85%C2%90%C3%AD%C2%96%C2%89%C3%AC%C2%82%C2%AC%20(122).jpg HTTP/1.1" 200 3927292 "-" "Mozilla/5.0 (compatible; MJ12bot/v1.4.8; http://mj12bot.com/)" "www.ysfine.com"
37.187.27.125 - - [24/Feb/2023:23:39:15 -0800] "GET /class54/class5480/Pictures/2.%C3%AA%C2%B8%C2%B0%C3%AB%C2%85%C2%90%C3%AD%C2%96%C2%89%C3%AC%C2%82%C2%AC/%C3%AA%C2%B8%C2%B0%C3%AB%C2%85%C2%90%C3%AD%C2%96%C2%89%C3%AC%C2%82%C2%AC%20(123).jpg HTTP/1.1" 200 5723952 "-" "Mozilla/5.0 (compatible; MJ12bot/v1.4.8; http://mj12bot.com/)" "www.ysfine.com"
216.244.66.229 - - [24/Feb/2023:23:39:16 -0800] "GET /wigner/wiggriff.jpg HTTP/1.1" 200 94506 "-" "Mozilla/5.0 (compatible; DotBot/1.2; +https://opensiteexplorer.org/dotbot; help@moz.com)" "www.ysfine.com"
37.187.27.125 - - [24/Feb/2023:23:39:17 -0800] "GET /class54/class5480/Pictures/2.%C3%AA%C2%B8%C2%B0%C3%AB%C2%85%C2%90%C3%AD%C2%96%C2%89%C3%AC%C2%82%C2%AC/%C3%AA%C2%B8%C2%B0%C3%AB%C2%85%C2%90%C3%AD%C2%96%C2%89%C3%AC%C2%82%C2%AC%20(124).jpg HTTP/1.1" 200 4230382 "-" "Mozilla/5.0 (compatible; MJ12bot/v1.4.8; http://mj12bot.com/)" "www.ysfine.com"
37.187.27.125 - - [24/Feb/2023:23:39:19 -0800] "GET /class54/class5480/Pictures/2.%C3%AA%C2%B8%C2%B0%C3%AB%C2%85%C2%90%C3%AD%C2%96%C2%89%C3%AC%C2%82%C2%AC/%C3%AA%C2%B8%C2%B0%C3%AB%C2%85%C2%90%C3%AD%C2%96%C2%89%C3%AC%C2%82%C2%AC%20(125).jpg HTTP/1.1" 200 4224820 "-" "Mozilla/5.0 (compatible; MJ12bot/v1.4.8; http://mj12bot.com/)" "www.ysfine.com"
37.187.27.125 - - [24/Feb/2023:23:39:21 -0800] "GET /class54/class5480/Pictures/2.%C3%AA%C2%B8%C2%B0%C3%AB%C2%85%C2%90%C3%AD%C2%96%C2%89%C3%AC%C2%82%C2%AC/%C3%AA%C2%B8%C2%B0%C3%AB%C2%85%C2%90%C3%AD%C2%96%C2%89%C3%AC%C2%82%C2%AC%20(126).jpg HTTP/1.1" 200 3236876 "-" "Mozilla/5.0 (compatible; MJ12bot/v1.4.8; http://mj12bot.com/)" "www.ysfine.com"
37.187.27.125 - - [24/Feb/2023:23:39:23 -0800] "GET /class54/class5480/Pictures/2.%C3%AA%C2%B8%C2%B0%C3%AB%C2%85%C2%90%C3%AD%C2%96%C2%89%C3%AC%C2%82%C2%AC/%C3%AA%C2%B8%C2%B0%C3%AB%C2%85%C2%90%C3%AD%C2%96%C2%89%C3%AC%C2%82%C2%AC%20(127).jpg HTTP/1.1" 200 3217391 "-" "Mozilla/5.0 (compatible; MJ12bot/v1.4.8; http://mj12bot.com/)" "www.ysfine.com"
37.187.27.125 - - [24/Feb/2023:23:39:25 -0800] "GET /class54/class5480/Pictures/2.%C3%AA%C2%B8%C2%B0%C3%AB%C2%85%C2%90%C3%AD%C2%96%C2%89%C3%AC%C2%82%C2%AC/%C3%AA%C2%B8%C2%B0%C3%AB%C2%85%C2%90%C3%AD%C2%96%C2%89%C3%AC%C2%82%C2%AC%20(128).jpg HTTP/1.1" 200 3118650 "-" "Mozilla/5.0 (compatible; MJ12bot/v1.4.8; http://mj12bot.com/)" "www.ysfine.com"
37.187.27.125 - - [24/Feb/2023:23:39:27 -0800] "GET /class54/class5480/Pictures/2.%C3%AA%C2%B8%C2%B0%C3%AB%C2%85%C2%90%C3%AD%C2%96%C2%89%C3%AC%C2%82%C2%AC/%C3%AA%C2%B8%C2%B0%C3%AB%C2%85%C2%90%C3%AD%C2%96%C2%89%C3%AC%C2%82%C2%AC%20(129).jpg HTTP/1.1" 200 4663484 "-" "Mozilla/5.0 (compatible; MJ12bot/v1.4.8; http://mj12bot.com/)" "www.ysfine.com"
37.187.27.125 - - [24/Feb/2023:23:39:29 -0800] "GET /class54/class5480/Pictures/2.%C3%AA%C2%B8%C2%B0%C3%AB%C2%85%C2%90%C3%AD%C2%96%C2%89%C3%AC%C2%82%C2%AC/%C3%AA%C2%B8%C2%B0%C3%AB%C2%85%C2%90%C3%AD%C2%96%C2%89%C3%AC%C2%82%C2%AC%20(13).jpg HTTP/1.1" 200 7317931 "-" "Mozilla/5.0 (compatible; MJ12bot/v1.4.8; http://mj12bot.com/)" "www.ysfine.com"
37.187.27.125 - - [24/Feb/2023:23:39:31 -0800] "GET /class54/class5480/Pictures/2.%C3%AA%C2%B8%C2%B0%C3%AB%C2%85%C2%90%C3%AD%C2%96%C2%89%C3%AC%C2%82%C2%AC/%C3%AA%C2%B8%C2%B0%C3%AB%C2%85%C2%90%C3%AD%C2%96%C2%89%C3%AC%C2%82%C2%AC%20(130).jpg HTTP/1.1" 200 3452608 "-" "Mozilla/5.0 (compatible; MJ12bot/v1.4.8; http://mj12bot.com/)" "www.ysfine.com"
37.187.27.125 - - [24/Feb/2023:23:39:33 -0800] "GET /class54/class5480/Pictures/2.%C3%AA%C2%B8%C2%B0%C3%AB%C2%85%C2%90%C3%AD%C2%96%C2%89%C3%AC%C2%82%C2%AC/%C3%AA%C2%B8%C2%B0%C3%AB%C2%85%C2%90%C3%AD%C2%96%C2%89%C3%AC%C2%82%C2%AC%20(131).jpg HTTP/1.1" 200 2594187 "-" "Mozilla/5.0 (compatible; MJ12bot/v1.4.8; http://mj12bot.com/)" "www.ysfine.com"
37.187.27.125 - - [24/Feb/2023:23:39:34 -0800] "GET /class54/class5480/Pictures/2.%C3%AA%C2%B8%C2%B0%C3%AB%C2%85%C2%90%C3%AD%C2%96%C2%89%C3%AC%C2%82%C2%AC/%C3%AA%C2%B8%C2%B0%C3%AB%C2%85%C2%90%C3%AD%C2%96%C2%89%C3%AC%C2%82%C2%AC%20(132).jpg HTTP/1.1" 200 3332441 "-" "Mozilla/5.0 (compatible; MJ12bot/v1.4.8; http://mj12bot.com/)" "www.ysfine.com"
37.187.27.125 - - [24/Feb/2023:23:39:36 -0800] "GET /class54/class5480/Pictures/2.%C3%AA%C2%B8%C2%B0%C3%AB%C2%85%C2%90%C3%AD%C2%96%C2%89%C3%AC%C2%82%C2%AC/%C3%AA%C2%B8%C2%B0%C3%AB%C2%85%C2%90%C3%AD%C2%96%C2%89%C3%AC%C2%82%C2%AC%20(133).jpg HTTP/1.1" 200 3907543 "-" "Mozilla/5.0 (compatible; MJ12bot/v1.4.8; http://mj12bot.com/)" "www.ysfine.com"
37.187.27.125 - - [24/Feb/2023:23:39:38 -0800] "GET /class54/class5480/Pictures/2.%C3%AA%C2%B8%C2%B0%C3%AB%C2%85%C2%90%C3%AD%C2%96%C2%89%C3%AC%C2%82%C2%AC/%C3%AA%C2%B8%C2%B0%C3%AB%C2%85%C2%90%C3%AD%C2%96%C2%89%C3%AC%C2%82%C2%AC%20(143).jpg HTTP/1.1" 200 3883980 "-" "Mozilla/5.0 (compatible; MJ12bot/v1.4.8; http://mj12bot.com/)" "www.ysfine.com"
37.187.27.125 - - [24/Feb/2023:23:39:40 -0800] "GET /class54/class5480/Pictures/2.%C3%AA%C2%B8%C2%B0%C3%AB%C2%85%C2%90%C3%AD%C2%96%C2%89%C3%AC%C2%82%C2%AC/%C3%AA%C2%B8%C2%B0%C3%AB%C2%85%C2%90%C3%AD%C2%96%C2%89%C3%AC%C2%82%C2%AC%20(150).jpg HTTP/1.1" 200 4251354 "-" "Mozilla/5.0 (compatible; MJ12bot/v1.4.8; http://mj12bot.com/)" "www.ysfine.com"
37.187.27.125 - - [24/Feb/2023:23:39:42 -0800] "GET /class54/class5480/Pictures/2.%C3%AA%C2%B8%C2%B0%C3%AB%C2%85%C2%90%C3%AD%C2%96%C2%89%C3%AC%C2%82%C2%AC/%C3%AA%C2%B8%C2%B0%C3%AB%C2%85%C2%90%C3%AD%C2%96%C2%89%C3%AC%C2%82%C2%AC%20(151).jpg HTTP/1.1" 200 2839129 "-" "Mozilla/5.0 (compatible; MJ12bot/v1.4.8; http://mj12bot.com/)" "www.ysfine.com"
37.187.27.125 - - [24/Feb/2023:23:39:44 -0800] "GET /class54/class5480/Pictures/2.%C3%AA%C2%B8%C2%B0%C3%AB%C2%85%C2%90%C3%AD%C2%96%C2%89%C3%AC%C2%82%C2%AC/%C3%AA%C2%B8%C2%B0%C3%AB%C2%85%C2%90%C3%AD%C2%96%C2%89%C3%AC%C2%82%C2%AC%20(152).jpg HTTP/1.1" 200 5899065 "-" "Mozilla/5.0 (compatible; MJ12bot/v1.4.8; http://mj12bot.com/)" "www.ysfine.com"
37.187.27.125 - - [24/Feb/2023:23:39:46 -0800] "GET /class54/class5480/Pictures/2.%C3%AA%C2%B8%C2%B0%C3%AB%C2%85%C2%90%C3%AD%C2%96%C2%89%C3%AC%C2%82%C2%AC/%C3%AA%C2%B8%C2%B0%C3%AB%C2%85%C2%90%C3%AD%C2%96%C2%89%C3%AC%C2%82%C2%AC%20(153).jpg HTTP/1.1" 200 2335210 "-" "Mozilla/5.0 (compatible; MJ12bot/v1.4.8; http://mj12bot.com/)" "www.ysfine.com"
37.187.27.125 - - [24/Feb/2023:23:39:48 -0800] "GET /class54/class5480/Pictures/2.%C3%AA%C2%B8%C2%B0%C3%AB%C2%85%C2%90%C3%AD%C2%96%C2%89%C3%AC%C2%82%C2%AC/%C3%AA%C2%B8%C2%B0%C3%AB%C2%85%C2%90%C3%AD%C2%96%C2%89%C3%AC%C2%82%C2%AC%20(154).jpg HTTP/1.1" 200 6116864 "-" "Mozilla/5.0 (compatible; MJ12bot/v1.4.8; http://mj12bot.com/)" "www.ysfine.com"
37.187.27.125 - - [24/Feb/2023:23:39:50 -0800] "GET /class54/class5480/Pictures/2.%C3%AA%C2%B8%C2%B0%C3%AB%C2%85%C2%90%C3%AD%C2%96%C2%89%C3%AC%C2%82%C2%AC/%C3%AA%C2%B8%C2%B0%C3%AB%C2%85%C2%90%C3%AD%C2%96%C2%89%C3%AC%C2%82%C2%AC%20(155).jpg HTTP/1.1" 200 4477593 "-" "Mozilla/5.0 (compatible; MJ12bot/v1.4.8; http://mj12bot.com/)" "www.ysfine.com"
37.187.27.125 - - [24/Feb/2023:23:39:52 -0800] "GET /class54/class5480/Pictures/2.%C3%AA%C2%B8%C2%B0%C3%AB%C2%85%C2%90%C3%AD%C2%96%C2%89%C3%AC%C2%82%C2%AC/%C3%AA%C2%B8%C2%B0%C3%AB%C2%85%C2%90%C3%AD%C2%96%C2%89%C3%AC%C2%82%C2%AC%20(156).jpg HTTP/1.1" 200 3473554 "-" "Mozilla/5.0 (compatible; MJ12bot/v1.4.8; http://mj12bot.com/)" "www.ysfine.com"
37.187.27.125 - - [24/Feb/2023:23:39:54 -0800] "GET /class54/class5480/Pictures/2.%C3%AA%C2%B8%C2%B0%C3%AB%C2%85%C2%90%C3%AD%C2%96%C2%89%C3%AC%C2%82%C2%AC/%C3%AA%C2%B8%C2%B0%C3%AB%C2%85%C2%90%C3%AD%C2%96%C2%89%C3%AC%C2%82%C2%AC%20(157).jpg HTTP/1.1" 200 4457146 "-" "Mozilla/5.0 (compatible; MJ12bot/v1.4.8; http://mj12bot.com/)" "www.ysfine.com"
37.187.27.125 - - [24/Feb/2023:23:39:56 -0800] "GET /class54/class5480/Pictures/2.%C3%AA%C2%B8%C2%B0%C3%AB%C2%85%C2%90%C3%AD%C2%96%C2%89%C3%AC%C2%82%C2%AC/%C3%AA%C2%B8%C2%B0%C3%AB%C2%85%C2%90%C3%AD%C2%96%C2%89%C3%AC%C2%82%C2%AC%20(158).jpg HTTP/1.1" 200 6102978 "-" "Mozilla/5.0 (compatible; MJ12bot/v1.4.8; http://mj12bot.com/)" "www.ysfine.com"
37.187.27.125 - - [24/Feb/2023:23:39:58 -0800] "GET /class54/class5480/Pictures/2.%C3%AA%C2%B8%C2%B0%C3%AB%C2%85%C2%90%C3%AD%C2%96%C2%89%C3%AC%C2%82%C2%AC/%C3%AA%C2%B8%C2%B0%C3%AB%C2%85%C2%90%C3%AD%C2%96%C2%89%C3%AC%C2%82%C2%AC%20(159).jpg HTTP/1.1" 200 4327035 "-" "Mozilla/5.0 (compatible; MJ12bot/v1.4.8; http://mj12bot.com/)" "www.ysfine.com"
37.187.27.125 - - [24/Feb/2023:23:40:00 -0800] "GET /class54/class5480/Pictures/2.%C3%AA%C2%B8%C2%B0%C3%AB%C2%85%C2%90%C3%AD%C2%96%C2%89%C3%AC%C2%82%C2%AC/%C3%AA%C2%B8%C2%B0%C3%AB%C2%85%C2%90%C3%AD%C2%96%C2%89%C3%AC%C2%82%C2%AC%20(16).jpg HTTP/1.1" 200 4240435 "-" "Mozilla/5.0 (compatible; MJ12bot/v1.4.8; http://mj12bot.com/)" "www.ysfine.com"
37.187.27.125 - - [24/Feb/2023:23:40:01 -0800] "GET /class54/class5480/Pictures/2.%C3%AA%C2%B8%C2%B0%C3%AB%C2%85%C2%90%C3%AD%C2%96%C2%89%C3%AC%C2%82%C2%AC/%C3%AA%C2%B8%C2%B0%C3%AB%C2%85%C2%90%C3%AD%C2%96%C2%89%C3%AC%C2%82%C2%AC%20(160).jpg HTTP/1.1" 200 5602017 "-" "Mozilla/5.0 (compatible; MJ12bot/v1.4.8; http://mj12bot.com/)" "www.ysfine.com"
37.187.27.125 - - [24/Feb/2023:23:40:03 -0800] "GET /class54/class5480/Pictures/2.%C3%AA%C2%B8%C2%B0%C3%AB%C2%85%C2%90%C3%AD%C2%96%C2%89%C3%AC%C2%82%C2%AC/%C3%AA%C2%B8%C2%B0%C3%AB%C2%85%C2%90%C3%AD%C2%96%C2%89%C3%AC%C2%82%C2%AC%20(161).jpg HTTP/1.1" 200 5402324 "-" "Mozilla/5.0 (compatible; MJ12bot/v1.4.8; http://mj12bot.com/)" "www.ysfine.com"
37.187.27.125 - - [24/Feb/2023:23:40:05 -0800] "GET /class54/class5480/Pictures/2.%C3%AA%C2%B8%C2%B0%C3%AB%C2%85%C2%90%C3%AD%C2%96%C2%89%C3%AC%C2%82%C2%AC/%C3%AA%C2%B8%C2%B0%C3%AB%C2%85%C2%90%C3%AD%C2%96%C2%89%C3%AC%C2%82%C2%AC%20(162).jpg HTTP/1.1" 200 4944287 "-" "Mozilla/5.0 (compatible; MJ12bot/v1.4.8; http://mj12bot.com/)" "www.ysfine.com"
37.187.27.125 - - [24/Feb/2023:23:40:07 -0800] "GET /class54/class5480/Pictures/2.%C3%AA%C2%B8%C2%B0%C3%AB%C2%85%C2%90%C3%AD%C2%96%C2%89%C3%AC%C2%82%C2%AC/%C3%AA%C2%B8%C2%B0%C3%AB%C2%85%C2%90%C3%AD%C2%96%C2%89%C3%AC%C2%82%C2%AC%20(163).jpg HTTP/1.1" 200 4422916 "-" "Mozilla/5.0 (compatible; MJ12bot/v1.4.8; http://mj12bot.com/)" "www.ysfine.com"
216.244.66.229 - - [24/Feb/2023:23:40:07 -0800] "GET /world/baltic/ HTTP/1.1" 200 61601 "-" "Mozilla/5.0 (compatible; DotBot/1.2; +https://opensiteexplorer.org/dotbot; help@moz.com)" "www.ysfine.com"
37.187.27.125 - - [24/Feb/2023:23:40:09 -0800] "GET /class54/class5480/Pictures/2.%C3%AA%C2%B8%C2%B0%C3%AB%C2%85%C2%90%C3%AD%C2%96%C2%89%C3%AC%C2%82%C2%AC/%C3%AA%C2%B8%C2%B0%C3%AB%C2%85%C2%90%C3%AD%C2%96%C2%89%C3%AC%C2%82%C2%AC%20(164).jpg HTTP/1.1" 200 3197836 "-" "Mozilla/5.0 (compatible; MJ12bot/v1.4.8; http://mj12bot.com/)" "www.ysfine.com"
37.187.27.125 - - [24/Feb/2023:23:40:11 -0800] "GET /class54/class5480/Pictures/2.%C3%AA%C2%B8%C2%B0%C3%AB%C2%85%C2%90%C3%AD%C2%96%C2%89%C3%AC%C2%82%C2%AC/%C3%AA%C2%B8%C2%B0%C3%AB%C2%85%C2%90%C3%AD%C2%96%C2%89%C3%AC%C2%82%C2%AC%20(165).jpg HTTP/1.1" 200 3344809 "-" "Mozilla/5.0 (compatible; MJ12bot/v1.4.8; http://mj12bot.com/)" "www.ysfine.com"
37.187.27.125 - - [24/Feb/2023:23:40:13 -0800] "GET /class54/class5480/Pictures/2.%C3%AA%C2%B8%C2%B0%C3%AB%C2%85%C2%90%C3%AD%C2%96%C2%89%C3%AC%C2%82%C2%AC/%C3%AA%C2%B8%C2%B0%C3%AB%C2%85%C2%90%C3%AD%C2%96%C2%89%C3%AC%C2%82%C2%AC%20(166).jpg HTTP/1.1" 200 3740186 "-" "Mozilla/5.0 (compatible; MJ12bot/v1.4.8; http://mj12bot.com/)" "www.ysfine.com"
37.187.27.125 - - [24/Feb/2023:23:40:15 -0800] "GET /class54/class5480/Pictures/2.%C3%AA%C2%B8%C2%B0%C3%AB%C2%85%C2%90%C3%AD%C2%96%C2%89%C3%AC%C2%82%C2%AC/%C3%AA%C2%B8%C2%B0%C3%AB%C2%85%C2%90%C3%AD%C2%96%C2%89%C3%AC%C2%82%C2%AC%20(167).jpg HTTP/1.1" 200 5955583 "-" "Mozilla/5.0 (compatible; MJ12bot/v1.4.8; http://mj12bot.com/)" "www.ysfine.com"
37.187.27.125 - - [24/Feb/2023:23:40:17 -0800] "GET /class54/class5480/Pictures/2.%C3%AA%C2%B8%C2%B0%C3%AB%C2%85%C2%90%C3%AD%C2%96%C2%89%C3%AC%C2%82%C2%AC/%C3%AA%C2%B8%C2%B0%C3%AB%C2%85%C2%90%C3%AD%C2%96%C2%89%C3%AC%C2%82%C2%AC%20(168).jpg HTTP/1.1" 200 4875846 "-" "Mozilla/5.0 (compatible; MJ12bot/v1.4.8; http://mj12bot.com/)" "www.ysfine.com"
37.187.27.125 - - [24/Feb/2023:23:40:18 -0800] "GET /class54/class5480/Pictures/2.%C3%AA%C2%B8%C2%B0%C3%AB%C2%85%C2%90%C3%AD%C2%96%C2%89%C3%AC%C2%82%C2%AC/%C3%AA%C2%B8%C2%B0%C3%AB%C2%85%C2%90%C3%AD%C2%96%C2%89%C3%AC%C2%82%C2%AC%20(169).jpg HTTP/1.1" 200 6042808 "-" "Mozilla/5.0 (compatible; MJ12bot/v1.4.8; http://mj12bot.com/)" "www.ysfine.com"
37.187.27.125 - - [24/Feb/2023:23:40:20 -0800] "GET /class54/class5480/Pictures/2.%C3%AA%C2%B8%C2%B0%C3%AB%C2%85%C2%90%C3%AD%C2%96%C2%89%C3%AC%C2%82%C2%AC/%C3%AA%C2%B8%C2%B0%C3%AB%C2%85%C2%90%C3%AD%C2%96%C2%89%C3%AC%C2%82%C2%AC%20(17).jpg HTTP/1.1" 200 4026051 "-" "Mozilla/5.0 (compatible; MJ12bot/v1.4.8; http://mj12bot.com/)" "www.ysfine.com"
37.187.27.125 - - [24/Feb/2023:23:40:22 -0800] "GET /class54/class5480/Pictures/2.%C3%AA%C2%B8%C2%B0%C3%AB%C2%85%C2%90%C3%AD%C2%96%C2%89%C3%AC%C2%82%C2%AC/%C3%AA%C2%B8%C2%B0%C3%AB%C2%85%C2%90%C3%AD%C2%96%C2%89%C3%AC%C2%82%C2%AC%20(170).jpg HTTP/1.1" 200 4164232 "-" "Mozilla/5.0 (compatible; MJ12bot/v1.4.8; http://mj12bot.com/)" "www.ysfine.com"
37.187.27.125 - - [24/Feb/2023:23:40:24 -0800] "GET /class54/class5480/Pictures/2.%C3%AA%C2%B8%C2%B0%C3%AB%C2%85%C2%90%C3%AD%C2%96%C2%89%C3%AC%C2%82%C2%AC/%C3%AA%C2%B8%C2%B0%C3%AB%C2%85%C2%90%C3%AD%C2%96%C2%89%C3%AC%C2%82%C2%AC%20(171).jpg HTTP/1.1" 200 3927787 "-" "Mozilla/5.0 (compatible; MJ12bot/v1.4.8; http://mj12bot.com/)" "www.ysfine.com"
37.187.27.125 - - [24/Feb/2023:23:40:26 -0800] "GET /class54/class5480/Pictures/2.%C3%AA%C2%B8%C2%B0%C3%AB%C2%85%C2%90%C3%AD%C2%96%C2%89%C3%AC%C2%82%C2%AC/%C3%AA%C2%B8%C2%B0%C3%AB%C2%85%C2%90%C3%AD%C2%96%C2%89%C3%AC%C2%82%C2%AC%20(172).jpg HTTP/1.1" 200 5829618 "-" "Mozilla/5.0 (compatible; MJ12bot/v1.4.8; http://mj12bot.com/)" "www.ysfine.com"
37.187.27.125 - - [24/Feb/2023:23:40:28 -0800] "GET /class54/class5480/Pictures/2.%C3%AA%C2%B8%C2%B0%C3%AB%C2%85%C2%90%C3%AD%C2%96%C2%89%C3%AC%C2%82%C2%AC/%C3%AA%C2%B8%C2%B0%C3%AB%C2%85%C2%90%C3%AD%C2%96%C2%89%C3%AC%C2%82%C2%AC%20(173).jpg HTTP/1.1" 200 5925715 "-" "Mozilla/5.0 (compatible; MJ12bot/v1.4.8; http://mj12bot.com/)" "www.ysfine.com"
37.187.27.125 - - [24/Feb/2023:23:40:30 -0800] "GET /class54/class5480/Pictures/2.%C3%AA%C2%B8%C2%B0%C3%AB%C2%85%C2%90%C3%AD%C2%96%C2%89%C3%AC%C2%82%C2%AC/%C3%AA%C2%B8%C2%B0%C3%AB%C2%85%C2%90%C3%AD%C2%96%C2%89%C3%AC%C2%82%C2%AC%20(174).jpg HTTP/1.1" 200 5218700 "-" "Mozilla/5.0 (compatible; MJ12bot/v1.4.8; http://mj12bot.com/)" "www.ysfine.com"
37.187.27.125 - - [24/Feb/2023:23:40:32 -0800] "GET /class54/class5480/Pictures/2.%C3%AA%C2%B8%C2%B0%C3%AB%C2%85%C2%90%C3%AD%C2%96%C2%89%C3%AC%C2%82%C2%AC/%C3%AA%C2%B8%C2%B0%C3%AB%C2%85%C2%90%C3%AD%C2%96%C2%89%C3%AC%C2%82%C2%AC%20(175).jpg HTTP/1.1" 200 5978366 "-" "Mozilla/5.0 (compatible; MJ12bot/v1.4.8; http://mj12bot.com/)" "www.ysfine.com"
