74.58.196.176 - - [25/Feb/2023:17:15:40 -0800] "GET /world/baltic/kantstatue2.jpg HTTP/1.1" 200 50639 "https://ysfine.com/" "Mozilla/5.0 (iPhone; CPU iPhone OS 16_1_1 like Mac OS X) AppleWebKit/605.1.15 (KHTML, like Gecko) Version/16.1 Mobile/15E148 Safari/604.1" "ysfine.com"
74.58.196.176 - - [25/Feb/2023:17:15:40 -0800] "GET /world/baltic/kantbooks11b.jpg HTTP/1.1" 200 29847 "https://ysfine.com/" "Mozilla/5.0 (iPhone; CPU iPhone OS 16_1_1 like Mac OS X) AppleWebKit/605.1.15 (KHTML, like Gecko) Version/16.1 Mobile/15E148 Safari/604.1" "ysfine.com"
74.58.196.176 - - [25/Feb/2023:17:15:49 -0800] "GET /world/baltic/kalin01.jpg HTTP/1.1" 200 102358 "https://ysfine.com/" "Mozilla/5.0 (iPhone; CPU iPhone OS 16_1_1 like Mac OS X) AppleWebKit/605.1.15 (KHTML, like Gecko) Version/16.1 Mobile/15E148 Safari/604.1" "ysfine.com"
74.58.196.176 - - [25/Feb/2023:17:16:01 -0800] "GET /world/baltic/kalinstamp.jpg HTTP/1.1" 200 104263 "https://ysfine.com/" "Mozilla/5.0 (iPhone; CPU iPhone OS 16_1_1 like Mac OS X) AppleWebKit/605.1.15 (KHTML, like Gecko) Version/16.1 Mobile/15E148 Safari/604.1" "ysfine.com"
74.58.196.176 - - [25/Feb/2023:17:16:07 -0800] "GET /world/baltic/kalinfamily.jpg HTTP/1.1" 200 80965 "https://ysfine.com/" "Mozilla/5.0 (iPhone; CPU iPhone OS 16_1_1 like Mac OS X) AppleWebKit/605.1.15 (KHTML, like Gecko) Version/16.1 Mobile/15E148 Safari/604.1" "ysfine.com"
52.167.144.62 - - [25/Feb/2023:17:16:19 -0800] "GET /style/songs54.html HTTP/1.1" 200 2599 "-" "Mozilla/5.0 AppleWebKit/537.36 (KHTML, like Gecko; compatible; bingbot/2.0; +http://www.bing.com/bingbot.htm) Chrome/103.0.5060.134 Safari/537.36" "www.ysfine.com"
74.58.196.176 - - [25/Feb/2023:17:16:42 -0800] "GET /world/baltic/kantruss.jpg HTTP/1.1" 200 106585 "https://ysfine.com/" "Mozilla/5.0 (iPhone; CPU iPhone OS 16_1_1 like Mac OS X) AppleWebKit/605.1.15 (KHTML, like Gecko) Version/16.1 Mobile/15E148 Safari/604.1" "ysfine.com"
74.58.196.176 - - [25/Feb/2023:17:16:48 -0800] "GET /world/baltic/kantm08.jpg HTTP/1.1" 200 111853 "https://ysfine.com/" "Mozilla/5.0 (iPhone; CPU iPhone OS 16_1_1 like Mac OS X) AppleWebKit/605.1.15 (KHTML, like Gecko) Version/16.1 Mobile/15E148 Safari/604.1" "ysfine.com"
74.58.196.176 - - [25/Feb/2023:17:16:52 -0800] "GET /world/baltic/kalin05.jpg HTTP/1.1" 200 94382 "https://ysfine.com/" "Mozilla/5.0 (iPhone; CPU iPhone OS 16_1_1 like Mac OS X) AppleWebKit/605.1.15 (KHTML, like Gecko) Version/16.1 Mobile/15E148 Safari/604.1" "ysfine.com"
74.58.196.176 - - [25/Feb/2023:17:17:04 -0800] "GET /world/baltic/kalin03.jpg HTTP/1.1" 200 91735 "https://ysfine.com/" "Mozilla/5.0 (iPhone; CPU iPhone OS 16_1_1 like Mac OS X) AppleWebKit/605.1.15 (KHTML, like Gecko) Version/16.1 Mobile/15E148 Safari/604.1" "ysfine.com"
64.124.8.54 - - [25/Feb/2023:17:17:06 -0800] "GET /world/ital/padova19.jpg HTTP/1.1" 200 107936 "-" "Mozilla/5.0 (Macintosh; Intel Mac OS X 10_15_7) AppleWebKit/537.36 (KHTML, like Gecko) Chrome/107.0.0.0 Safari/537.36" "ysfine.com"
151.72.79.197 - - [25/Feb/2023:17:17:08 -0800] "GET /kowar/tanks/tank03.jpg HTTP/1.1" 200 106726 "https://www.google.com/" "Mozilla/5.0 (Linux; Android 11; CPH1917) AppleWebKit/537.36 (KHTML, like Gecko) Chrome/97.0.4692.98 Mobile Safari/537.36" "ysfine.com"
74.58.196.176 - - [25/Feb/2023:17:17:10 -0800] "GET /world/baltic/kalin02.jpg HTTP/1.1" 200 89989 "https://ysfine.com/" "Mozilla/5.0 (iPhone; CPU iPhone OS 16_1_1 like Mac OS X) AppleWebKit/605.1.15 (KHTML, like Gecko) Version/16.1 Mobile/15E148 Safari/604.1" "ysfine.com"
52.167.144.35 - - [25/Feb/2023:17:18:34 -0800] "GET /class54/index.html HTTP/1.1" 200 2554 "-" "Mozilla/5.0 AppleWebKit/537.36 (KHTML, like Gecko; compatible; bingbot/2.0; +http://www.bing.com/bingbot.htm) Chrome/103.0.5060.134 Safari/537.36" "www.ysfine.com"
142.147.59.91 - - [25/Feb/2023:17:18:57 -0800] "GET /style/tatiana11.jpg HTTP/1.1" 200 146910 "https://www.google.com/" "Mozilla/5.0 (Windows NT 10.0; Win64; x64) AppleWebKit/537.36 (KHTML, like Gecko) Chrome/110.0.0.0 Safari/537.36" "ysfine.com"
64.124.8.57 - - [25/Feb/2023:17:19:23 -0800] "GET /world/germany/leipzig10.jpg HTTP/1.1" 200 192443 "-" "Mozilla/5.0 (Macintosh; Intel Mac OS X 10_15_7) AppleWebKit/537.36 (KHTML, like Gecko) Chrome/107.0.0.0 Safari/537.36" "ysfine.com"
120.22.164.239 - - [25/Feb/2023:17:19:48 -0800] "GET /world/china11.html HTTP/1.1" 200 24682 "https://www.google.co.kr/" "Mozilla/5.0 (Macintosh; Intel Mac OS X 10_13_6) AppleWebKit/605.1.15 (KHTML, like Gecko) Version/13.1.2 Safari/605.1.15" "ysfine.com"
120.22.164.239 - - [25/Feb/2023:17:19:49 -0800] "GET /feynman/feyyang11b.jpg HTTP/1.1" 200 35104 "https://ysfine.com/world/china11.html" "Mozilla/5.0 (Macintosh; Intel Mac OS X 10_13_6) AppleWebKit/605.1.15 (KHTML, like Gecko) Version/13.1.2 Safari/605.1.15" "ysfine.com"
120.22.164.239 - - [25/Feb/2023:17:19:49 -0800] "GET /maga/phys/yukaein2.jpg HTTP/1.1" 200 42863 "https://ysfine.com/world/china11.html" "Mozilla/5.0 (Macintosh; Intel Mac OS X 10_13_6) AppleWebKit/605.1.15 (KHTML, like Gecko) Version/13.1.2 Safari/605.1.15" "ysfine.com"
120.22.164.239 - - [25/Feb/2023:17:19:49 -0800] "GET /world/china/beijing058b.jpg HTTP/1.1" 200 29133 "https://ysfine.com/world/china11.html" "Mozilla/5.0 (Macintosh; Intel Mac OS X 10_13_6) AppleWebKit/605.1.15 (KHTML, like Gecko) Version/13.1.2 Safari/605.1.15" "ysfine.com"
120.22.164.239 - - [25/Feb/2023:17:19:49 -0800] "GET /world/china/xian01b.jpg HTTP/1.1" 200 30886 "https://ysfine.com/world/china11.html" "Mozilla/5.0 (Macintosh; Intel Mac OS X 10_13_6) AppleWebKit/605.1.15 (KHTML, like Gecko) Version/13.1.2 Safari/605.1.15" "ysfine.com"
120.22.164.239 - - [25/Feb/2023:17:19:49 -0800] "GET /world/china/china002b.jpg HTTP/1.1" 200 43618 "https://ysfine.com/world/china11.html" "Mozilla/5.0 (Macintosh; Intel Mac OS X 10_13_6) AppleWebKit/605.1.15 (KHTML, like Gecko) Version/13.1.2 Safari/605.1.15" "ysfine.com"
120.22.164.239 - - [25/Feb/2023:17:19:49 -0800] "GET /world/china/china038b.jpg HTTP/1.1" 200 25149 "https://ysfine.com/world/china11.html" "Mozilla/5.0 (Macintosh; Intel Mac OS X 10_13_6) AppleWebKit/605.1.15 (KHTML, like Gecko) Version/13.1.2 Safari/605.1.15" "ysfine.com"
120.22.164.239 - - [25/Feb/2023:17:19:49 -0800] "GET /kobak/sonja2.jpg HTTP/1.1" 200 31693 "https://ysfine.com/world/china11.html" "Mozilla/5.0 (Macintosh; Intel Mac OS X 10_13_6) AppleWebKit/605.1.15 (KHTML, like Gecko) Version/13.1.2 Safari/605.1.15" "ysfine.com"
120.22.164.239 - - [25/Feb/2023:17:19:49 -0800] "GET /world/china/china008b.jpg HTTP/1.1" 200 35456 "https://ysfine.com/world/china11.html" "Mozilla/5.0 (Macintosh; Intel Mac OS X 10_13_6) AppleWebKit/605.1.15 (KHTML, like Gecko) Version/13.1.2 Safari/605.1.15" "ysfine.com"
120.22.164.239 - - [25/Feb/2023:17:19:49 -0800] "GET /world/china/china006b.gif HTTP/1.1" 200 16880 "https://ysfine.com/world/china11.html" "Mozilla/5.0 (Macintosh; Intel Mac OS X 10_13_6) AppleWebKit/605.1.15 (KHTML, like Gecko) Version/13.1.2 Safari/605.1.15" "ysfine.com"
120.22.164.239 - - [25/Feb/2023:17:19:49 -0800] "GET /world/china/andun01b.jpg HTTP/1.1" 200 35315 "https://ysfine.com/world/china11.html" "Mozilla/5.0 (Macintosh; Intel Mac OS X 10_13_6) AppleWebKit/605.1.15 (KHTML, like Gecko) Version/13.1.2 Safari/605.1.15" "ysfine.com"
120.22.164.239 - - [25/Feb/2023:17:19:49 -0800] "GET /world/china/beijing055b.jpg HTTP/1.1" 200 33655 "https://ysfine.com/world/china11.html" "Mozilla/5.0 (Macintosh; Intel Mac OS X 10_13_6) AppleWebKit/605.1.15 (KHTML, like Gecko) Version/13.1.2 Safari/605.1.15" "ysfine.com"
120.22.164.239 - - [25/Feb/2023:17:19:49 -0800] "GET /world/china/xian14b.jpg HTTP/1.1" 200 42388 "https://ysfine.com/world/china11.html" "Mozilla/5.0 (Macintosh; Intel Mac OS X 10_13_6) AppleWebKit/605.1.15 (KHTML, like Gecko) Version/13.1.2 Safari/605.1.15" "ysfine.com"
120.22.164.239 - - [25/Feb/2023:17:19:49 -0800] "GET /world/china/xian09b.jpg HTTP/1.1" 200 40511 "https://ysfine.com/world/china11.html" "Mozilla/5.0 (Macintosh; Intel Mac OS X 10_13_6) AppleWebKit/605.1.15 (KHTML, like Gecko) Version/13.1.2 Safari/605.1.15" "ysfine.com"
120.22.164.239 - - [25/Feb/2023:17:19:49 -0800] "GET /world/china/xian02b.jpg HTTP/1.1" 200 29745 "https://ysfine.com/world/china11.html" "Mozilla/5.0 (Macintosh; Intel Mac OS X 10_13_6) AppleWebKit/605.1.15 (KHTML, like Gecko) Version/13.1.2 Safari/605.1.15" "ysfine.com"
120.22.164.239 - - [25/Feb/2023:17:19:49 -0800] "GET /world/china/xian11b.jpg HTTP/1.1" 200 39079 "https://ysfine.com/world/china11.html" "Mozilla/5.0 (Macintosh; Intel Mac OS X 10_13_6) AppleWebKit/605.1.15 (KHTML, like Gecko) Version/13.1.2 Safari/605.1.15" "ysfine.com"
120.22.164.239 - - [25/Feb/2023:17:19:49 -0800] "GET /world/china/china007b.jpg HTTP/1.1" 200 34074 "https://ysfine.com/world/china11.html" "Mozilla/5.0 (Macintosh; Intel Mac OS X 10_13_6) AppleWebKit/605.1.15 (KHTML, like Gecko) Version/13.1.2 Safari/605.1.15" "ysfine.com"
120.22.164.239 - - [25/Feb/2023:17:19:49 -0800] "GET /world/china/xian15b.jpg HTTP/1.1" 200 33679 "https://ysfine.com/world/china11.html" "Mozilla/5.0 (Macintosh; Intel Mac OS X 10_13_6) AppleWebKit/605.1.15 (KHTML, like Gecko) Version/13.1.2 Safari/605.1.15" "ysfine.com"
120.22.164.239 - - [25/Feb/2023:17:19:49 -0800] "GET /world/china/hangz02b.jpg HTTP/1.1" 200 33785 "https://ysfine.com/world/china11.html" "Mozilla/5.0 (Macintosh; Intel Mac OS X 10_13_6) AppleWebKit/605.1.15 (KHTML, like Gecko) Version/13.1.2 Safari/605.1.15" "ysfine.com"
120.22.164.239 - - [25/Feb/2023:17:19:49 -0800] "GET /world/china/hangz01b.jpg HTTP/1.1" 200 34562 "https://ysfine.com/world/china11.html" "Mozilla/5.0 (Macintosh; Intel Mac OS X 10_13_6) AppleWebKit/605.1.15 (KHTML, like Gecko) Version/13.1.2 Safari/605.1.15" "ysfine.com"
120.22.164.239 - - [25/Feb/2023:17:19:49 -0800] "GET /world/china/beijing056b.jpg HTTP/1.1" 200 40631 "https://ysfine.com/world/china11.html" "Mozilla/5.0 (Macintosh; Intel Mac OS X 10_13_6) AppleWebKit/605.1.15 (KHTML, like Gecko) Version/13.1.2 Safari/605.1.15" "ysfine.com"
120.22.164.239 - - [25/Feb/2023:17:19:49 -0800] "GET /maga/phil/zhuxi2.jpg HTTP/1.1" 200 52935 "https://ysfine.com/world/china11.html" "Mozilla/5.0 (Macintosh; Intel Mac OS X 10_13_6) AppleWebKit/605.1.15 (KHTML, like Gecko) Version/13.1.2 Safari/605.1.15" "ysfine.com"
120.22.164.239 - - [25/Feb/2023:17:19:49 -0800] "GET /world/china/hongkong06b.jpg HTTP/1.1" 200 43298 "https://ysfine.com/world/china11.html" "Mozilla/5.0 (Macintosh; Intel Mac OS X 10_13_6) AppleWebKit/605.1.15 (KHTML, like Gecko) Version/13.1.2 Safari/605.1.15" "ysfine.com"
120.22.164.239 - - [25/Feb/2023:17:19:49 -0800] "GET /world/russ/msu01b.jpg HTTP/1.1" 200 30172 "https://ysfine.com/world/china11.html" "Mozilla/5.0 (Macintosh; Intel Mac OS X 10_13_6) AppleWebKit/605.1.15 (KHTML, like Gecko) Version/13.1.2 Safari/605.1.15" "ysfine.com"
120.22.164.239 - - [25/Feb/2023:17:19:49 -0800] "GET /world/china/china003b.jpg HTTP/1.1" 200 37220 "https://ysfine.com/world/china11.html" "Mozilla/5.0 (Macintosh; Intel Mac OS X 10_13_6) AppleWebKit/605.1.15 (KHTML, like Gecko) Version/13.1.2 Safari/605.1.15" "ysfine.com"
120.22.164.239 - - [25/Feb/2023:17:19:49 -0800] "GET /world/china/china014b.jpg HTTP/1.1" 200 54603 "https://ysfine.com/world/china11.html" "Mozilla/5.0 (Macintosh; Intel Mac OS X 10_13_6) AppleWebKit/605.1.15 (KHTML, like Gecko) Version/13.1.2 Safari/605.1.15" "ysfine.com"
120.22.164.239 - - [25/Feb/2023:17:19:49 -0800] "GET /world/china/beijing106b.jpg HTTP/1.1" 200 39168 "https://ysfine.com/world/china11.html" "Mozilla/5.0 (Macintosh; Intel Mac OS X 10_13_6) AppleWebKit/605.1.15 (KHTML, like Gecko) Version/13.1.2 Safari/605.1.15" "ysfine.com"
120.22.164.239 - - [25/Feb/2023:17:19:49 -0800] "GET /world/china/china021b.jpg HTTP/1.1" 200 37835 "https://ysfine.com/world/china11.html" "Mozilla/5.0 (Macintosh; Intel Mac OS X 10_13_6) AppleWebKit/605.1.15 (KHTML, like Gecko) Version/13.1.2 Safari/605.1.15" "ysfine.com"
120.22.164.239 - - [25/Feb/2023:17:19:49 -0800] "GET /world/china/nanjing63b.jpg HTTP/1.1" 200 50981 "https://ysfine.com/world/china11.html" "Mozilla/5.0 (Macintosh; Intel Mac OS X 10_13_6) AppleWebKit/605.1.15 (KHTML, like Gecko) Version/13.1.2 Safari/605.1.15" "ysfine.com"
120.22.164.239 - - [25/Feb/2023:17:19:49 -0800] "GET /world/china/beijing107b.jpg HTTP/1.1" 200 43694 "https://ysfine.com/world/china11.html" "Mozilla/5.0 (Macintosh; Intel Mac OS X 10_13_6) AppleWebKit/605.1.15 (KHTML, like Gecko) Version/13.1.2 Safari/605.1.15" "ysfine.com"
120.22.164.239 - - [25/Feb/2023:17:19:49 -0800] "GET /world/china/china018b.jpg HTTP/1.1" 200 38858 "https://ysfine.com/world/china11.html" "Mozilla/5.0 (Macintosh; Intel Mac OS X 10_13_6) AppleWebKit/605.1.15 (KHTML, like Gecko) Version/13.1.2 Safari/605.1.15" "ysfine.com"
120.22.164.239 - - [25/Feb/2023:17:19:49 -0800] "GET /world/china/beijing109b.jpg HTTP/1.1" 200 39391 "https://ysfine.com/world/china11.html" "Mozilla/5.0 (Macintosh; Intel Mac OS X 10_13_6) AppleWebKit/605.1.15 (KHTML, like Gecko) Version/13.1.2 Safari/605.1.15" "ysfine.com"
120.22.164.239 - - [25/Feb/2023:17:19:49 -0800] "GET /kobak/underw03b.jpg HTTP/1.1" 200 37749 "https://ysfine.com/world/china11.html" "Mozilla/5.0 (Macintosh; Intel Mac OS X 10_13_6) AppleWebKit/605.1.15 (KHTML, like Gecko) Version/13.1.2 Safari/605.1.15" "ysfine.com"
120.22.164.239 - - [25/Feb/2023:17:19:49 -0800] "GET /world/china/china017b.jpg HTTP/1.1" 200 47075 "https://ysfine.com/world/china11.html" "Mozilla/5.0 (Macintosh; Intel Mac OS X 10_13_6) AppleWebKit/605.1.15 (KHTML, like Gecko) Version/13.1.2 Safari/605.1.15" "ysfine.com"
120.22.164.239 - - [25/Feb/2023:17:19:49 -0800] "GET /world/china/shenyang01b.jpg HTTP/1.1" 200 36992 "https://ysfine.com/world/china11.html" "Mozilla/5.0 (Macintosh; Intel Mac OS X 10_13_6) AppleWebKit/605.1.15 (KHTML, like Gecko) Version/13.1.2 Safari/605.1.15" "ysfine.com"
120.22.164.239 - - [25/Feb/2023:17:19:49 -0800] "GET /world/china/china028b.jpg HTTP/1.1" 200 32708 "https://ysfine.com/world/china11.html" "Mozilla/5.0 (Macintosh; Intel Mac OS X 10_13_6) AppleWebKit/605.1.15 (KHTML, like Gecko) Version/13.1.2 Safari/605.1.15" "ysfine.com"
120.22.164.239 - - [25/Feb/2023:17:19:49 -0800] "GET /world/china/nanjing32b.jpg HTTP/1.1" 200 33322 "https://ysfine.com/world/china11.html" "Mozilla/5.0 (Macintosh; Intel Mac OS X 10_13_6) AppleWebKit/605.1.15 (KHTML, like Gecko) Version/13.1.2 Safari/605.1.15" "ysfine.com"
120.22.164.239 - - [25/Feb/2023:17:19:49 -0800] "GET /world/china/china037b.jpg HTTP/1.1" 200 50393 "https://ysfine.com/world/china11.html" "Mozilla/5.0 (Macintosh; Intel Mac OS X 10_13_6) AppleWebKit/605.1.15 (KHTML, like Gecko) Version/13.1.2 Safari/605.1.15" "ysfine.com"
120.22.164.239 - - [25/Feb/2023:17:19:49 -0800] "GET /world/china/china029b.jpg HTTP/1.1" 200 35380 "https://ysfine.com/world/china11.html" "Mozilla/5.0 (Macintosh; Intel Mac OS X 10_13_6) AppleWebKit/605.1.15 (KHTML, like Gecko) Version/13.1.2 Safari/605.1.15" "ysfine.com"
120.22.164.239 - - [25/Feb/2023:17:19:49 -0800] "GET /world/china/china027b.jpg HTTP/1.1" 200 41659 "https://ysfine.com/world/china11.html" "Mozilla/5.0 (Macintosh; Intel Mac OS X 10_13_6) AppleWebKit/605.1.15 (KHTML, like Gecko) Version/13.1.2 Safari/605.1.15" "ysfine.com"
120.22.164.239 - - [25/Feb/2023:17:19:49 -0800] "GET /world/china/china031b.jpg HTTP/1.1" 200 54062 "https://ysfine.com/world/china11.html" "Mozilla/5.0 (Macintosh; Intel Mac OS X 10_13_6) AppleWebKit/605.1.15 (KHTML, like Gecko) Version/13.1.2 Safari/605.1.15" "ysfine.com"
120.22.164.239 - - [25/Feb/2023:17:19:49 -0800] "GET /world/china/china024b.jpg HTTP/1.1" 200 36370 "https://ysfine.com/world/china11.html" "Mozilla/5.0 (Macintosh; Intel Mac OS X 10_13_6) AppleWebKit/605.1.15 (KHTML, like Gecko) Version/13.1.2 Safari/605.1.15" "ysfine.com"
120.22.164.239 - - [25/Feb/2023:17:19:49 -0800] "GET /world/china/shanghai001b.jpg HTTP/1.1" 200 38685 "https://ysfine.com/world/china11.html" "Mozilla/5.0 (Macintosh; Intel Mac OS X 10_13_6) AppleWebKit/605.1.15 (KHTML, like Gecko) Version/13.1.2 Safari/605.1.15" "ysfine.com"
120.22.164.239 - - [25/Feb/2023:17:19:49 -0800] "GET /world/china/shenyang02b.jpg HTTP/1.1" 200 31779 "https://ysfine.com/world/china11.html" "Mozilla/5.0 (Macintosh; Intel Mac OS X 10_13_6) AppleWebKit/605.1.15 (KHTML, like Gecko) Version/13.1.2 Safari/605.1.15" "ysfine.com"
120.22.164.239 - - [25/Feb/2023:17:19:49 -0800] "GET /world/china/china033b.jpg HTTP/1.1" 200 43815 "https://ysfine.com/world/china11.html" "Mozilla/5.0 (Macintosh; Intel Mac OS X 10_13_6) AppleWebKit/605.1.15 (KHTML, like Gecko) Version/13.1.2 Safari/605.1.15" "ysfine.com"
120.22.164.239 - - [25/Feb/2023:17:19:49 -0800] "GET /world/china/china015b.jpg HTTP/1.1" 200 61732 "https://ysfine.com/world/china11.html" "Mozilla/5.0 (Macintosh; Intel Mac OS X 10_13_6) AppleWebKit/605.1.15 (KHTML, like Gecko) Version/13.1.2 Safari/605.1.15" "ysfine.com"
120.22.164.239 - - [25/Feb/2023:17:19:49 -0800] "GET /world/china/china034b.jpg HTTP/1.1" 200 30968 "https://ysfine.com/world/china11.html" "Mozilla/5.0 (Macintosh; Intel Mac OS X 10_13_6) AppleWebKit/605.1.15 (KHTML, like Gecko) Version/13.1.2 Safari/605.1.15" "ysfine.com"
120.22.164.239 - - [25/Feb/2023:17:19:49 -0800] "GET /kobak/taylor33c.jpg HTTP/1.1" 200 39951 "https://ysfine.com/world/china11.html" "Mozilla/5.0 (Macintosh; Intel Mac OS X 10_13_6) AppleWebKit/605.1.15 (KHTML, like Gecko) Version/13.1.2 Safari/605.1.15" "ysfine.com"
120.22.164.239 - - [25/Feb/2023:17:19:49 -0800] "GET /eink/pwk19c.jpg HTTP/1.1" 200 57759 "https://ysfine.com/world/china11.html" "Mozilla/5.0 (Macintosh; Intel Mac OS X 10_13_6) AppleWebKit/605.1.15 (KHTML, like Gecko) Version/13.1.2 Safari/605.1.15" "ysfine.com"
120.22.164.239 - - [25/Feb/2023:17:19:49 -0800] "GET /world/china/china039b.jpg HTTP/1.1" 200 66740 "https://ysfine.com/world/china11.html" "Mozilla/5.0 (Macintosh; Intel Mac OS X 10_13_6) AppleWebKit/605.1.15 (KHTML, like Gecko) Version/13.1.2 Safari/605.1.15" "ysfine.com"
120.22.164.239 - - [25/Feb/2023:17:19:49 -0800] "GET /world/china/hongkong02b.jpg HTTP/1.1" 200 41631 "https://ysfine.com/world/china11.html" "Mozilla/5.0 (Macintosh; Intel Mac OS X 10_13_6) AppleWebKit/605.1.15 (KHTML, like Gecko) Version/13.1.2 Safari/605.1.15" "ysfine.com"
120.22.164.239 - - [25/Feb/2023:17:19:49 -0800] "GET /world/china/china019b.jpg HTTP/1.1" 200 31821 "https://ysfine.com/world/china11.html" "Mozilla/5.0 (Macintosh; Intel Mac OS X 10_13_6) AppleWebKit/605.1.15 (KHTML, like Gecko) Version/13.1.2 Safari/605.1.15" "ysfine.com"
120.22.164.239 - - [25/Feb/2023:17:19:49 -0800] "GET /world/china/china006b.jpg HTTP/1.1" 200 46518 "https://ysfine.com/world/china11.html" "Mozilla/5.0 (Macintosh; Intel Mac OS X 10_13_6) AppleWebKit/605.1.15 (KHTML, like Gecko) Version/13.1.2 Safari/605.1.15" "ysfine.com"
120.22.164.239 - - [25/Feb/2023:17:19:49 -0800] "GET /world/china/beijing061b.jpg HTTP/1.1" 200 26988 "https://ysfine.com/world/china11.html" "Mozilla/5.0 (Macintosh; Intel Mac OS X 10_13_6) AppleWebKit/605.1.15 (KHTML, like Gecko) Version/13.1.2 Safari/605.1.15" "ysfine.com"
120.22.164.239 - - [25/Feb/2023:17:19:49 -0800] "GET /world/china/hongkong05b.jpg HTTP/1.1" 200 44937 "https://ysfine.com/world/china11.html" "Mozilla/5.0 (Macintosh; Intel Mac OS X 10_13_6) AppleWebKit/605.1.15 (KHTML, like Gecko) Version/13.1.2 Safari/605.1.15" "ysfine.com"
120.22.164.239 - - [25/Feb/2023:17:19:49 -0800] "GET /world/china/china030b.jpg HTTP/1.1" 200 37396 "https://ysfine.com/world/china11.html" "Mozilla/5.0 (Macintosh; Intel Mac OS X 10_13_6) AppleWebKit/605.1.15 (KHTML, like Gecko) Version/13.1.2 Safari/605.1.15" "ysfine.com"
120.22.164.239 - - [25/Feb/2023:17:19:49 -0800] "GET /world/china/china032b.jpg HTTP/1.1" 200 52888 "https://ysfine.com/world/china11.html" "Mozilla/5.0 (Macintosh; Intel Mac OS X 10_13_6) AppleWebKit/605.1.15 (KHTML, like Gecko) Version/13.1.2 Safari/605.1.15" "ysfine.com"
120.22.164.239 - - [25/Feb/2023:17:19:49 -0800] "GET /world/china/nanjing33b.jpg HTTP/1.1" 200 49824 "https://ysfine.com/world/china11.html" "Mozilla/5.0 (Macintosh; Intel Mac OS X 10_13_6) AppleWebKit/605.1.15 (KHTML, like Gecko) Version/13.1.2 Safari/605.1.15" "ysfine.com"
120.22.164.239 - - [25/Feb/2023:17:19:49 -0800] "GET /world/china/china103b.jpg HTTP/1.1" 200 39321 "https://ysfine.com/world/china11.html" "Mozilla/5.0 (Macintosh; Intel Mac OS X 10_13_6) AppleWebKit/605.1.15 (KHTML, like Gecko) Version/13.1.2 Safari/605.1.15" "ysfine.com"
120.22.164.239 - - [25/Feb/2023:17:19:49 -0800] "GET /world/china/shanghai002b.jpg HTTP/1.1" 200 34489 "https://ysfine.com/world/china11.html" "Mozilla/5.0 (Macintosh; Intel Mac OS X 10_13_6) AppleWebKit/605.1.15 (KHTML, like Gecko) Version/13.1.2 Safari/605.1.15" "ysfine.com"
120.22.164.239 - - [25/Feb/2023:17:19:49 -0800] "GET /world/balkan/istan001b.jpg HTTP/1.1" 200 36438 "https://ysfine.com/world/china11.html" "Mozilla/5.0 (Macintosh; Intel Mac OS X 10_13_6) AppleWebKit/605.1.15 (KHTML, like Gecko) Version/13.1.2 Safari/605.1.15" "ysfine.com"
120.22.164.239 - - [25/Feb/2023:17:19:59 -0800] "GET /favicon.ico HTTP/1.1" 404 88 "https://ysfine.com/world/china11.html" "Mozilla/5.0 (Macintosh; Intel Mac OS X 10_13_6) AppleWebKit/605.1.15 (KHTML, like Gecko) Version/13.1.2 Safari/605.1.15" "ysfine.com"
120.22.164.239 - - [25/Feb/2023:17:20:15 -0800] "GET /maga/yukawa.html HTTP/1.1" 200 5658 "https://ysfine.com/world/china11.html" "Mozilla/5.0 (Macintosh; Intel Mac OS X 10_13_6) AppleWebKit/605.1.15 (KHTML, like Gecko) Version/13.1.2 Safari/605.1.15" "ysfine.com"
120.22.164.239 - - [25/Feb/2023:17:20:16 -0800] "GET /maga/phys/yukafeyn2.jpg HTTP/1.1" 200 36709 "https://ysfine.com/maga/yukawa.html" "Mozilla/5.0 (Macintosh; Intel Mac OS X 10_13_6) AppleWebKit/605.1.15 (KHTML, like Gecko) Version/13.1.2 Safari/605.1.15" "ysfine.com"
120.22.164.239 - - [25/Feb/2023:17:20:16 -0800] "GET /people/markov84b.jpg HTTP/1.1" 200 44106 "https://ysfine.com/maga/yukawa.html" "Mozilla/5.0 (Macintosh; Intel Mac OS X 10_13_6) AppleWebKit/605.1.15 (KHTML, like Gecko) Version/13.1.2 Safari/605.1.15" "ysfine.com"
120.22.164.239 - - [25/Feb/2023:17:20:16 -0800] "GET /maga/phys/yukadirac53b.jpg HTTP/1.1" 200 46220 "https://ysfine.com/maga/yukawa.html" "Mozilla/5.0 (Macintosh; Intel Mac OS X 10_13_6) AppleWebKit/605.1.15 (KHTML, like Gecko) Version/13.1.2 Safari/605.1.15" "ysfine.com"
120.22.164.239 - - [25/Feb/2023:17:20:16 -0800] "GET /maga/phys/yukafeyn3.jpg HTTP/1.1" 200 41879 "https://ysfine.com/maga/yukawa.html" "Mozilla/5.0 (Macintosh; Intel Mac OS X 10_13_6) AppleWebKit/605.1.15 (KHTML, like Gecko) Version/13.1.2 Safari/605.1.15" "ysfine.com"
120.22.164.239 - - [25/Feb/2023:17:20:16 -0800] "GET /maga/phys/yukawa00b.jpg HTTP/1.1" 200 36980 "https://ysfine.com/maga/yukawa.html" "Mozilla/5.0 (Macintosh; Intel Mac OS X 10_13_6) AppleWebKit/605.1.15 (KHTML, like Gecko) Version/13.1.2 Safari/605.1.15" "ysfine.com"
120.22.164.239 - - [25/Feb/2023:17:20:16 -0800] "GET /maga/phys/yukadirac55b.jpg HTTP/1.1" 200 41758 "https://ysfine.com/maga/yukawa.html" "Mozilla/5.0 (Macintosh; Intel Mac OS X 10_13_6) AppleWebKit/605.1.15 (KHTML, like Gecko) Version/13.1.2 Safari/605.1.15" "ysfine.com"
120.22.164.239 - - [25/Feb/2023:17:20:17 -0800] "GET /favicon.ico HTTP/1.1" 404 88 "https://ysfine.com/maga/yukawa.html" "Mozilla/5.0 (Macintosh; Intel Mac OS X 10_13_6) AppleWebKit/605.1.15 (KHTML, like Gecko) Version/13.1.2 Safari/605.1.15" "ysfine.com"
64.124.8.50 - - [25/Feb/2023:17:22:02 -0800] "GET /world/russ/roskei06.jpg HTTP/1.1" 200 108504 "-" "Mozilla/5.0 (Macintosh; Intel Mac OS X 10_15_7) AppleWebKit/537.36 (KHTML, like Gecko) Chrome/107.0.0.0 Safari/537.36" "www.ysfine.com"
207.46.13.223 - - [25/Feb/2023:17:22:44 -0800] "GET /home/yshome.html HTTP/1.1" 200 5639 "-" "Mozilla/5.0 AppleWebKit/537.36 (KHTML, like Gecko; compatible; bingbot/2.0; +http://www.bing.com/bingbot.htm) Chrome/103.0.5060.134 Safari/537.36" "www.ysfine.com"
52.167.144.35 - - [25/Feb/2023:17:22:54 -0800] "GET /auto/bio17.html HTTP/1.1" 200 22138 "-" "Mozilla/5.0 AppleWebKit/537.36 (KHTML, like Gecko; compatible; bingbot/2.0; +http://www.bing.com/bingbot.htm) Chrome/103.0.5060.134 Safari/537.36" "www.ysfine.com"
64.124.8.53 - - [25/Feb/2023:17:23:11 -0800] "GET /ysbio/world/baltic/kalin15.jpg HTTP/1.1" 404 88 "-" "Mozilla/5.0 (Macintosh; Intel Mac OS X 10_15_7) AppleWebKit/537.36 (KHTML, like Gecko) Chrome/107.0.0.0 Safari/537.36" "ysfine.com"
64.124.8.49 - - [25/Feb/2023:17:23:32 -0800] "GET /world/ital/rome121.jpg HTTP/1.1" 200 127338 "-" "Mozilla/5.0 (Macintosh; Intel Mac OS X 10_15_7) AppleWebKit/537.36 (KHTML, like Gecko) Chrome/107.0.0.0 Safari/537.36" "ysfine.com"
89.199.94.185 - - [25/Feb/2023:17:23:35 -0800] "GET / HTTP/1.1" 200 5300 "-" "Mozilla/5.0 (Linux; U; Android 4.4.3; en-us; KFSOWI Build/KTU84M) AppleWebKit/537.36 (KHTML, like Gecko) Silk/3.68 like Chrome/39.0.2171.93 Safari/537.36" "ysfine.com"
91.133.225.242 - - [25/Feb/2023:17:23:35 -0800] "GET /robots.txt HTTP/1.1" 404 88 "-" "Mozilla/5.0 (iPhone; CPU iPhone OS 8_1_3 like Mac OS X) AppleWebKit/600.1.4 (KHTML, like Gecko) Version/8.0 Mobile/12B466 Safari/600.1.4" "ysfine.com"
173.252.83.120 - - [25/Feb/2023:17:24:16 -0800] "GET /wdc/whxmas/whxmas35a.jpg HTTP/1.1" 200 74529 "-" "facebookexternalhit/1.1 (+http://www.facebook.com/externalhit_uatext.php)" "ysfine.com"
207.46.13.220 - - [25/Feb/2023:17:24:23 -0800] "GET /eink/index.html HTTP/1.1" 200 17716 "-" "Mozilla/5.0 AppleWebKit/537.36 (KHTML, like Gecko; compatible; bingbot/2.0; +http://www.bing.com/bingbot.htm) Chrome/103.0.5060.134 Safari/537.36" "www.ysfine.com"
64.124.8.53 - - [25/Feb/2023:17:24:41 -0800] "GET /world/germany/hegel06.jpg HTTP/1.1" 200 97871 "-" "Mozilla/5.0 (Macintosh; Intel Mac OS X 10_15_7) AppleWebKit/537.36 (KHTML, like Gecko) Chrome/107.0.0.0 Safari/537.36" "ysfine.com"
40.77.167.238 - - [25/Feb/2023:17:25:14 -0800] "GET /awards/index.html HTTP/1.1" 200 10083 "-" "Mozilla/5.0 AppleWebKit/537.36 (KHTML, like Gecko; compatible; bingbot/2.0; +http://www.bing.com/bingbot.htm) Chrome/103.0.5060.134 Safari/537.36" "www.ysfine.com"
40.77.167.238 - - [25/Feb/2023:17:25:51 -0800] "GET /auto/home/index.html HTTP/1.1" 404 88 "-" "Mozilla/5.0 AppleWebKit/537.36 (KHTML, like Gecko; compatible; bingbot/2.0; +http://www.bing.com/bingbot.htm) Chrome/103.0.5060.134 Safari/537.36" "www.ysfine.com"
207.46.13.223 - - [25/Feb/2023:17:25:56 -0800] "GET /auto/class54/weheard.html HTTP/1.1" 404 88 "-" "Mozilla/5.0 AppleWebKit/537.36 (KHTML, like Gecko; compatible; bingbot/2.0; +http://www.bing.com/bingbot.htm) Chrome/103.0.5060.134 Safari/537.36" "www.ysfine.com"
64.124.8.48 - - [25/Feb/2023:17:26:04 -0800] "GET /ysbio/newyork/guggen11.jpg HTTP/1.1" 404 88 "-" "Mozilla/5.0 (Macintosh; Intel Mac OS X 10_15_7) AppleWebKit/537.36 (KHTML, like Gecko) Chrome/107.0.0.0 Safari/537.36" "www.ysfine.com"
64.124.8.28 - - [25/Feb/2023:17:26:08 -0800] "GET /style/music/minsk036.jpg HTTP/1.1" 404 88 "-" "Mozilla/5.0 (Macintosh; Intel Mac OS X 10_15_7) AppleWebKit/537.36 (KHTML, like Gecko) Chrome/107.0.0.0 Safari/537.36" "www.ysfine.com"
64.124.8.28 - - [25/Feb/2023:17:26:11 -0800] "GET /feynman/feynbongo33.jpg HTTP/1.1" 404 88 "-" "Mozilla/5.0 (Macintosh; Intel Mac OS X 10_15_7) AppleWebKit/537.36 (KHTML, like Gecko) Chrome/107.0.0.0 Safari/537.36" "www.ysfine.com"
64.124.8.29 - - [25/Feb/2023:17:27:07 -0800] "GET /princeton/pcomm03.jpg HTTP/1.1" 200 98689 "-" "Mozilla/5.0 (Macintosh; Intel Mac OS X 10_15_7) AppleWebKit/537.36 (KHTML, like Gecko) Chrome/107.0.0.0 Safari/537.36" "ysfine.com"
52.167.144.62 - - [25/Feb/2023:17:27:19 -0800] "GET /bio/style/proschanie.html HTTP/1.1" 404 88 "-" "Mozilla/5.0 AppleWebKit/537.36 (KHTML, like Gecko; compatible; bingbot/2.0; +http://www.bing.com/bingbot.htm) Chrome/103.0.5060.134 Safari/537.36" "ysfine.com"
64.124.8.57 - - [25/Feb/2023:17:27:57 -0800] "GET /world/france/champbenz07.jpg HTTP/1.1" 200 127034 "-" "Mozilla/5.0 (Macintosh; Intel Mac OS X 10_15_7) AppleWebKit/537.36 (KHTML, like Gecko) Chrome/107.0.0.0 Safari/537.36" "www.ysfine.com"
114.119.151.174 - - [25/Feb/2023:17:28:21 -0800] "GET /fbook/fortune22.html HTTP/1.1" 200 2433 "https://ysfine.com/yspapers/index.html" "Mozilla/5.0 (Linux; Android 7.0;) AppleWebKit/537.36 (KHTML, like Gecko) Mobile Safari/537.36 (compatible; PetalBot;+https://webmaster.petalsearch.com/site/petalbot)" "ysfine.com"
114.119.136.203 - - [25/Feb/2023:17:29:36 -0800] "GET /heisen/einheisen11.html HTTP/1.1" 200 3870 "https://ysfine.com/heisen/einheisen.html" "Mozilla/5.0 (Linux; Android 7.0;) AppleWebKit/537.36 (KHTML, like Gecko) Mobile Safari/537.36 (compatible; PetalBot;+https://webmaster.petalsearch.com/site/petalbot)" "ysfine.com"
31.2.222.4 - - [25/Feb/2023:17:30:39 -0800] "GET / HTTP/1.1" 200 5300 "-" "Mozilla/5.0 (iPad; CPU OS 7_1_2 like Mac OS X) AppleWebKit/537.51.2 (KHTML, like Gecko) GSA/8.0.57838 Mobile/11D257 Safari/9537.53" "ysfine.com"
91.133.195.218 - - [25/Feb/2023:17:30:39 -0800] "GET /robots.txt HTTP/1.1" 404 88 "-" "Mozilla/5.0 (iPhone; U; CPU iPhone OS 4_1 like Mac OS X; en-us) AppleWebKit/532.9 (KHTML, like Gecko) Version/4.0.5 Mobile/8B5097d Safari/6531.22.7" "ysfine.com"
64.124.8.49 - - [25/Feb/2023:17:30:41 -0800] "GET /princeton/horsewag.jpg HTTP/1.1" 200 128932 "-" "Mozilla/5.0 (Macintosh; Intel Mac OS X 10_15_7) AppleWebKit/537.36 (KHTML, like Gecko) Chrome/107.0.0.0 Safari/537.36" "ysfine.com"
216.244.66.229 - - [25/Feb/2023:17:30:55 -0800] "GET /world/baltic/riga03.jpg HTTP/1.1" 200 104704 "-" "Mozilla/5.0 (compatible; DotBot/1.2; +https://opensiteexplorer.org/dotbot; help@moz.com)" "www.ysfine.com"
114.119.159.76 - - [25/Feb/2023:17:31:01 -0800] "GET /maga/okun.html HTTP/1.1" 200 883 "https://www.ysfine.com/feynman/feygell.html" "Mozilla/5.0 (Linux; Android 7.0;) AppleWebKit/537.36 (KHTML, like Gecko) Mobile Safari/537.36 (compatible; PetalBot;+https://webmaster.petalsearch.com/site/petalbot)" "www.ysfine.com"
216.244.66.229 - - [25/Feb/2023:17:31:05 -0800] "GET /world/baltic/rigaf30.jpg HTTP/1.1" 200 92148 "-" "Mozilla/5.0 (compatible; DotBot/1.2; +https://opensiteexplorer.org/dotbot; help@moz.com)" "www.ysfine.com"
216.244.66.229 - - [25/Feb/2023:17:31:29 -0800] "GET /world/vienna.html HTTP/1.1" 200 19173 "-" "Mozilla/5.0 (compatible; DotBot/1.2; +https://opensiteexplorer.org/dotbot; help@moz.com)" "www.ysfine.com"
64.124.8.55 - - [25/Feb/2023:17:31:47 -0800] "GET /newyork/radioci07.jpg HTTP/1.1" 200 54036 "-" "Mozilla/5.0 (Macintosh; Intel Mac OS X 10_15_7) AppleWebKit/537.36 (KHTML, like Gecko) Chrome/107.0.0.0 Safari/537.36" "www.ysfine.com"
114.119.137.2 - - [25/Feb/2023:17:32:25 -0800] "GET /home/bio06.html HTTP/1.1" 404 88 "https://www.ysfine.com/home/photobio.html" "Mozilla/5.0 (Linux; Android 7.0;) AppleWebKit/537.36 (KHTML, like Gecko) Mobile Safari/537.36 (compatible; PetalBot;+https://webmaster.petalsearch.com/site/petalbot)" "www.ysfine.com"
216.244.66.229 - - [25/Feb/2023:17:32:37 -0800] "GET /world/ital/spstep06.jpg HTTP/1.1" 200 109791 "-" "Mozilla/5.0 (compatible; DotBot/1.2; +https://opensiteexplorer.org/dotbot; help@moz.com)" "www.ysfine.com"
216.244.66.229 - - [25/Feb/2023:17:33:13 -0800] "GET /world/hungary/pecs03.jpg HTTP/1.1" 200 88232 "-" "Mozilla/5.0 (compatible; DotBot/1.2; +https://opensiteexplorer.org/dotbot; help@moz.com)" "www.ysfine.com"
216.244.66.229 - - [25/Feb/2023:17:33:42 -0800] "GET /home/sbt11.jpg HTTP/1.1" 200 166706 "-" "Mozilla/5.0 (compatible; DotBot/1.2; +https://opensiteexplorer.org/dotbot; help@moz.com)" "ysfine.com"
64.124.8.28 - - [25/Feb/2023:17:33:43 -0800] "GET /ysbio/style/musee/orsaym21.jpg HTTP/1.1" 404 88 "-" "Mozilla/5.0 (Macintosh; Intel Mac OS X 10_15_7) AppleWebKit/537.36 (KHTML, like Gecko) Chrome/107.0.0.0 Safari/537.36" "ysfine.com"
114.119.156.44 - - [25/Feb/2023:17:33:52 -0800] "GET /friends/mil/nato11b.jpg HTTP/1.1" 404 88 "https://www.ysfine.com/friends/soldiers.html" "Mozilla/5.0 (Linux; Android 7.0;) AppleWebKit/537.36 (KHTML, like Gecko) Mobile Safari/537.36 (compatible; PetalBot;+https://webmaster.petalsearch.com/site/petalbot)" "www.ysfine.com"
216.244.66.229 - - [25/Feb/2023:17:34:10 -0800] "GET /fotos/kids20.jpg HTTP/1.1" 200 153106 "-" "Mozilla/5.0 (compatible; DotBot/1.2; +https://opensiteexplorer.org/dotbot; help@moz.com)" "ysfine.com"
64.124.8.53 - - [25/Feb/2023:17:34:14 -0800] "GET /wdc/washmo11.jpg HTTP/1.1" 200 58948 "-" "Mozilla/5.0 (Macintosh; Intel Mac OS X 10_15_7) AppleWebKit/537.36 (KHTML, like Gecko) Chrome/107.0.0.0 Safari/537.36" "www.ysfine.com"
216.244.66.229 - - [25/Feb/2023:17:34:51 -0800] "GET /sbk/2000pr33.jpg HTTP/1.1" 200 183364 "-" "Mozilla/5.0 (compatible; DotBot/1.2; +https://opensiteexplorer.org/dotbot; help@moz.com)" "ysfine.com"
114.119.137.252 - - [25/Feb/2023:17:35:15 -0800] "GET /world/poland/krk09.jpg HTTP/1.1" 200 133697 "https://ysfine.com/world/polandw.html" "Mozilla/5.0 (Linux; Android 7.0;) AppleWebKit/537.36 (KHTML, like Gecko) Mobile Safari/537.36 (compatible; PetalBot;+https://webmaster.petalsearch.com/site/petalbot)" "ysfine.com"
216.244.66.229 - - [25/Feb/2023:17:35:21 -0800] "GET /sbk/2004eton66.jpg HTTP/1.1" 200 191961 "-" "Mozilla/5.0 (compatible; DotBot/1.2; +https://opensiteexplorer.org/dotbot; help@moz.com)" "ysfine.com"
64.124.8.50 - - [25/Feb/2023:17:35:29 -0800] "GET /world/ital/sapienza01.jpg HTTP/1.1" 200 140820 "-" "Mozilla/5.0 (Macintosh; Intel Mac OS X 10_15_7) AppleWebKit/537.36 (KHTML, like Gecko) Chrome/107.0.0.0 Safari/537.36" "ysfine.com"
64.124.8.55 - - [25/Feb/2023:17:35:39 -0800] "GET /world/germany/benz17.jpg HTTP/1.1" 200 82172 "-" "Mozilla/5.0 (Macintosh; Intel Mac OS X 10_15_7) AppleWebKit/537.36 (KHTML, like Gecko) Chrome/107.0.0.0 Safari/537.36" "www.ysfine.com"
216.244.66.229 - - [25/Feb/2023:17:36:00 -0800] "GET /world/ital/itcaser33.jpg HTTP/1.1" 200 66509 "-" "Mozilla/5.0 (compatible; DotBot/1.2; +https://opensiteexplorer.org/dotbot; help@moz.com)" "ysfine.com"
216.244.66.229 - - [25/Feb/2023:17:36:30 -0800] "GET /world/ital/lascala17.jpg HTTP/1.1" 200 124395 "-" "Mozilla/5.0 (compatible; DotBot/1.2; +https://opensiteexplorer.org/dotbot; help@moz.com)" "ysfine.com"
114.119.156.175 - - [25/Feb/2023:17:36:43 -0800] "GET /world/scandi/copenhi.html HTTP/1.1" 200 377 "https://ysfine.com/einstein/einbohr.html" "Mozilla/5.0 (Linux; Android 7.0;) AppleWebKit/537.36 (KHTML, like Gecko) Mobile Safari/537.36 (compatible; PetalBot;+https://webmaster.petalsearch.com/site/petalbot)" "ysfine.com"
216.244.66.229 - - [25/Feb/2023:17:36:59 -0800] "GET /class54/class5470/total_data/sub_415.htm HTTP/1.1" 200 12915 "-" "Mozilla/5.0 (compatible; DotBot/1.2; +https://opensiteexplorer.org/dotbot; help@moz.com)" "ysfine.com"
64.124.8.50 - - [25/Feb/2023:17:37:04 -0800] "GET /style/musee/louvre16.jpg HTTP/1.1" 200 184890 "-" "Mozilla/5.0 (Macintosh; Intel Mac OS X 10_15_7) AppleWebKit/537.36 (KHTML, like Gecko) Chrome/107.0.0.0 Safari/537.36" "www.ysfine.com"
216.244.66.229 - - [25/Feb/2023:17:37:26 -0800] "GET /class54/class5470/total_data/sub_505.htm HTTP/1.1" 200 12875 "-" "Mozilla/5.0 (compatible; DotBot/1.2; +https://opensiteexplorer.org/dotbot; help@moz.com)" "ysfine.com"
64.124.8.49 - - [25/Feb/2023:17:37:33 -0800] "GET /feynman/fb18.jpg HTTP/1.1" 200 17192 "-" "Mozilla/5.0 (Macintosh; Intel Mac OS X 10_15_7) AppleWebKit/537.36 (KHTML, like Gecko) Chrome/107.0.0.0 Safari/537.36" "ysfine.com"
64.124.8.49 - - [25/Feb/2023:17:37:44 -0800] "GET /ffriends/parishilton01.jpg HTTP/1.1" 200 77338 "-" "Mozilla/5.0 (Macintosh; Intel Mac OS X 10_15_7) AppleWebKit/537.36 (KHTML, like Gecko) Chrome/107.0.0.0 Safari/537.36" "ysfine.com"
216.244.66.229 - - [25/Feb/2023:17:37:53 -0800] "GET /ffriends/britprof01.jpg HTTP/1.1" 200 109103 "-" "Mozilla/5.0 (compatible; DotBot/1.2; +https://opensiteexplorer.org/dotbot; help@moz.com)" "ysfine.com"
64.124.8.49 - - [25/Feb/2023:17:37:54 -0800] "GET /wdc/washmo13.jpg HTTP/1.1" 200 59601 "-" "Mozilla/5.0 (Macintosh; Intel Mac OS X 10_15_7) AppleWebKit/537.36 (KHTML, like Gecko) Chrome/107.0.0.0 Safari/537.36" "ysfine.com"
114.119.135.83 - - [25/Feb/2023:17:38:08 -0800] "GET /remote/wigner111/frame24.html HTTP/1.1" 200 662 "https://www.ysfine.com/remote/wigner111/goto.html" "Mozilla/5.0 (Linux; Android 7.0;) AppleWebKit/537.36 (KHTML, like Gecko) Mobile Safari/537.36 (compatible; PetalBot;+https://webmaster.petalsearch.com/site/petalbot)" "www.ysfine.com"
64.124.8.55 - - [25/Feb/2023:17:38:17 -0800] "GET /world/japan/osaka124.jpg HTTP/1.1" 200 102745 "-" "Mozilla/5.0 (Macintosh; Intel Mac OS X 10_15_7) AppleWebKit/537.36 (KHTML, like Gecko) Chrome/107.0.0.0 Safari/537.36" "www.ysfine.com"
216.244.66.229 - - [25/Feb/2023:17:38:19 -0800] "GET /ffriends/frmuc01.jpg HTTP/1.1" 200 117988 "-" "Mozilla/5.0 (compatible; DotBot/1.2; +https://opensiteexplorer.org/dotbot; help@moz.com)" "ysfine.com"
216.244.66.229 - - [25/Feb/2023:17:38:56 -0800] "GET /maga/phys/arnold.jpg HTTP/1.1" 200 142180 "-" "Mozilla/5.0 (compatible; DotBot/1.2; +https://opensiteexplorer.org/dotbot; help@moz.com)" "ysfine.com"
216.244.66.229 - - [25/Feb/2023:17:39:27 -0800] "GET /sbk/1967annapo11.jpg HTTP/1.1" 200 135549 "-" "Mozilla/5.0 (compatible; DotBot/1.2; +https://opensiteexplorer.org/dotbot; help@moz.com)" "ysfine.com"
73.10.37.178 - - [25/Feb/2023:17:39:48 -0800] "GET /princeton/alexan22.jpg HTTP/1.1" 200 175436 "https://www.google.com/" "Mozilla/5.0 (iPhone; CPU iPhone OS 16_2 like Mac OS X) AppleWebKit/605.1.15 (KHTML, like Gecko) Version/16.2 Mobile/15E148 Safari/604.1" "ysfine.com"
114.119.137.43 - - [25/Feb/2023:17:39:54 -0800] "GET /class54/class5470/total_data/sub_280.htm HTTP/1.1" 200 3371 "https://www.ysfine.com/class54/class5470/total_data/sub_296.htm" "Mozilla/5.0 (Linux; Android 7.0;) AppleWebKit/537.36 (KHTML, like Gecko) Mobile Safari/537.36 (compatible; PetalBot;+https://webmaster.petalsearch.com/site/petalbot)" "www.ysfine.com"
216.244.66.229 - - [25/Feb/2023:17:40:04 -0800] "GET /wigner/gim/hero01.jpg HTTP/1.1" 200 169714 "-" "Mozilla/5.0 (compatible; DotBot/1.2; +https://opensiteexplorer.org/dotbot; help@moz.com)" "ysfine.com"
64.124.8.55 - - [25/Feb/2023:17:40:12 -0800] "GET /world/france/stras51.jpg HTTP/1.1" 200 115399 "-" "Mozilla/5.0 (Macintosh; Intel Mac OS X 10_15_7) AppleWebKit/537.36 (KHTML, like Gecko) Chrome/107.0.0.0 Safari/537.36" "www.ysfine.com"
216.244.66.229 - - [25/Feb/2023:17:40:34 -0800] "GET /world/balkan/istan042.jpg HTTP/1.1" 200 62985 "-" "Mozilla/5.0 (compatible; DotBot/1.2; +https://opensiteexplorer.org/dotbot; help@moz.com)" "ysfine.com"
216.244.66.229 - - [25/Feb/2023:17:41:03 -0800] "GET /world/ital/rome119.jpg HTTP/1.1" 200 90228 "-" "Mozilla/5.0 (compatible; DotBot/1.2; +https://opensiteexplorer.org/dotbot; help@moz.com)" "ysfine.com"
173.252.83.116 - - [25/Feb/2023:17:41:10 -0800] "GET /world/russ/ballerina11b.jpg HTTP/1.1" 200 41163 "-" "facebookexternalhit/1.1 (+http://www.facebook.com/externalhit_uatext.php)" "ysfine.com"
216.244.66.229 - - [25/Feb/2023:17:41:30 -0800] "GET /ffriends/amkor/amkor02.jpg HTTP/1.1" 200 239537 "-" "Mozilla/5.0 (compatible; DotBot/1.2; +https://opensiteexplorer.org/dotbot; help@moz.com)" "ysfine.com"
64.124.8.55 - - [25/Feb/2023:17:41:35 -0800] "GET /ysbio/newyork/colum12.jpg HTTP/1.1" 404 88 "-" "Mozilla/5.0 (Macintosh; Intel Mac OS X 10_15_7) AppleWebKit/537.36 (KHTML, like Gecko) Chrome/107.0.0.0 Safari/537.36" "ysfine.com"
207.46.13.223 - - [25/Feb/2023:17:41:44 -0800] "GET /auto/class54/weheard.html HTTP/1.1" 404 88 "-" "Mozilla/5.0 AppleWebKit/537.36 (KHTML, like Gecko; compatible; bingbot/2.0; +http://www.bing.com/bingbot.htm) Chrome/103.0.5060.134 Safari/537.36" "www.ysfine.com"
64.124.8.54 - - [25/Feb/2023:17:42:35 -0800] "GET /maga/phys/schrod31.jpg HTTP/1.1" 200 117115 "-" "Mozilla/5.0 (Macintosh; Intel Mac OS X 10_15_7) AppleWebKit/537.36 (KHTML, like Gecko) Chrome/107.0.0.0 Safari/537.36" "ysfine.com"
216.244.66.229 - - [25/Feb/2023:17:42:47 -0800] "GET /folks/wheezeil.jpg HTTP/1.1" 200 86472 "-" "Mozilla/5.0 (compatible; DotBot/1.2; +https://opensiteexplorer.org/dotbot; help@moz.com)" "ysfine.com"
64.124.8.54 - - [25/Feb/2023:17:44:14 -0800] "GET /wigner/seitz.jpg HTTP/1.1" 200 56426 "-" "Mozilla/5.0 (Macintosh; Intel Mac OS X 10_15_7) AppleWebKit/537.36 (KHTML, like Gecko) Chrome/107.0.0.0 Safari/537.36" "ysfine.com"
173.252.83.23 - - [25/Feb/2023:17:45:07 -0800] "GET /usca/pitt/syriamos11b.jpg HTTP/1.1" 200 28006 "-" "facebookexternalhit/1.1 (+http://www.facebook.com/externalhit_uatext.php)" "ysfine.com"
64.124.8.29 - - [25/Feb/2023:17:46:11 -0800] "GET /wdc/nga03.jpg HTTP/1.1" 200 162296 "-" "Mozilla/5.0 (Macintosh; Intel Mac OS X 10_15_7) AppleWebKit/537.36 (KHTML, like Gecko) Chrome/107.0.0.0 Safari/537.36" "ysfine.com"
64.124.8.49 - - [25/Feb/2023:17:46:56 -0800] "GET /ysbio/world/france/magots06.jpg HTTP/1.1" 404 88 "-" "Mozilla/5.0 (Macintosh; Intel Mac OS X 10_15_7) AppleWebKit/537.36 (KHTML, like Gecko) Chrome/107.0.0.0 Safari/537.36" "ysfine.com"
91.133.135.201 - - [25/Feb/2023:17:47:16 -0800] "GET / HTTP/1.1" 200 5300 "-" "Mozilla/5.0(iPad; U; CPU iPhone OS 3_2 like Mac OS X; en-us) AppleWebKit/531.21.10 (KHTML, like Gecko) Version/4.0.4 Mobile/7B314 Safari/123" "ysfine.com"
91.133.139.192 - - [25/Feb/2023:17:47:16 -0800] "GET /robots.txt HTTP/1.1" 404 88 "-" "Mozilla/5.0 (Linux; U; Android 4.4.2; en-us; LG-V410/V41010d Build/KOT49I.V41010d) AppleWebKit/537.36 (KHTML, like Gecko) Version/4.0 Chrome/30.0.1599.103 Safari/537.36" "ysfine.com"
204.18.122.85 - - [25/Feb/2023:17:47:35 -0800] "GET /robots.txt HTTP/1.1" 404 88 "-" "Mozilla/5.0 (X11; CrOS x86_64 6680.78.0) AppleWebKit/537.36 (KHTML, like Gecko) Chrome/41.0.2272.102 Safari/537.36" "ysfine.com"
5.52.216.220 - - [25/Feb/2023:17:47:35 -0800] "GET / HTTP/1.1" 200 5300 "-" "Mozilla/5.0 (Windows Phone 8.1; ARM; Trident/7.0; Touch; rv:11.0; IEMobile/11.0; NOKIA; Lumia 635) like Gecko" "ysfine.com"
64.124.8.29 - - [25/Feb/2023:17:48:35 -0800] "GET /ysbio/world/baltic/russdull.jpg HTTP/1.1" 404 88 "-" "Mozilla/5.0 (Macintosh; Intel Mac OS X 10_15_7) AppleWebKit/537.36 (KHTML, like Gecko) Chrome/107.0.0.0 Safari/537.36" "www.ysfine.com"
173.252.83.10 - - [25/Feb/2023:17:48:43 -0800] "GET /ffriends/russathens01b.jpg HTTP/1.1" 200 46793 "-" "facebookexternalhit/1.1 (+http://www.facebook.com/externalhit_uatext.php)" "ysfine.com"
64.124.8.50 - - [25/Feb/2023:17:49:27 -0800] "GET /newyork/emp06.jpg HTTP/1.1" 200 138535 "-" "Mozilla/5.0 (Macintosh; Intel Mac OS X 10_15_7) AppleWebKit/537.36 (KHTML, like Gecko) Chrome/107.0.0.0 Safari/537.36" "ysfine.com"
173.252.83.117 - - [25/Feb/2023:17:49:44 -0800] "GET /ffriends/amkor/victork33b.jpg HTTP/1.1" 200 47348 "-" "facebookexternalhit/1.1 (+http://www.facebook.com/externalhit_uatext.php)" "ysfine.com"
52.167.144.35 - - [25/Feb/2023:17:49:56 -0800] "GET /bio/style/artlove.html HTTP/1.1" 404 88 "-" "Mozilla/5.0 AppleWebKit/537.36 (KHTML, like Gecko; compatible; bingbot/2.0; +http://www.bing.com/bingbot.htm) Chrome/103.0.5060.134 Safari/537.36" "ysfine.com"
91.133.193.225 - - [25/Feb/2023:17:50:05 -0800] "GET / HTTP/1.1" 200 5300 "-" "Mozilla/5.0 (iPhone; U; CPU iPhone OS 4_3_1 like Mac OS X; zh-tw) AppleWebKit/533.17.9 (KHTML, like Gecko) Version/5.0.2 Mobile/8G4 Safari/6533.18.5" "ysfine.com"
91.133.233.156 - - [25/Feb/2023:17:50:05 -0800] "GET /robots.txt HTTP/1.1" 404 88 "-" "Mozilla/5.0 (Linux; U; Android 4.4.3; en-us; KFSOWI Build/KTU84M) AppleWebKit/537.36 (KHTML, like Gecko) Silk/3.68 like Chrome/39.0.2171.93 Safari/537.36" "ysfine.com"
64.124.8.55 - - [25/Feb/2023:17:50:13 -0800] "GET /usca/norl/fq12.jpg HTTP/1.1" 200 136087 "-" "Mozilla/5.0 (Macintosh; Intel Mac OS X 10_15_7) AppleWebKit/537.36 (KHTML, like Gecko) Chrome/107.0.0.0 Safari/537.36" "ysfine.com"
95.108.213.202 - - [25/Feb/2023:17:50:17 -0800] "GET /robots.txt HTTP/1.1" 404 73 "-" "Mozilla/5.0 (compatible; YandexBot/3.0; +http://yandex.com/bots)" "www.ysfine.com"
213.180.203.131 - - [25/Feb/2023:17:50:18 -0800] "GET /world/balticw.html HTTP/1.1" 200 15785 "-" "Mozilla/5.0 (compatible; YandexBot/3.0; +http://yandex.com/bots)" "www.ysfine.com"
64.124.8.53 - - [25/Feb/2023:17:50:27 -0800] "GET /ysbio/wigner/neeman.jpg HTTP/1.1" 404 88 "-" "Mozilla/5.0 (Macintosh; Intel Mac OS X 10_15_7) AppleWebKit/537.36 (KHTML, like Gecko) Chrome/107.0.0.0 Safari/537.36" "ysfine.com"
91.133.148.164 - - [25/Feb/2023:17:50:28 -0800] "GET /robots.txt HTTP/1.1" 404 88 "-" "Mozilla/5.0 ArchLinux (X11; U; Linux x86_64; en-US) AppleWebKit/534.30 (KHTML, like Gecko) Chrome/12.0.742.100 Safari/534.30" "ysfine.com"
5.52.225.13 - - [25/Feb/2023:17:50:28 -0800] "GET / HTTP/1.1" 200 5300 "-" "Mozilla/5.0 (X11; CrOS armv7l 7077.134.0) AppleWebKit/537.36 (KHTML, like Gecko) Chrome/44.0.2403.156 Safari/537.36" "ysfine.com"
64.124.8.29 - - [25/Feb/2023:17:50:30 -0800] "GET /world/ital/flor075.jpg HTTP/1.1" 200 202409 "-" "Mozilla/5.0 (Macintosh; Intel Mac OS X 10_15_7) AppleWebKit/537.36 (KHTML, like Gecko) Chrome/107.0.0.0 Safari/537.36" "www.ysfine.com"
64.124.8.54 - - [25/Feb/2023:17:51:00 -0800] "GET /world/scandi/copen056.jpg HTTP/1.1" 200 148505 "-" "Mozilla/5.0 (Macintosh; Intel Mac OS X 10_15_7) AppleWebKit/537.36 (KHTML, like Gecko) Chrome/107.0.0.0 Safari/537.36" "ysfine.com"
91.133.233.231 - - [25/Feb/2023:17:51:41 -0800] "GET /robots.txt HTTP/1.1" 404 88 "-" "Mozilla/5.0 (Linux; Android 4.4.3; KFSAWI Build/KTU84M) AppleWebKit/537.36 (KHTML, like Gecko) Silk/44.1.81 like Chrome/44.0.2403.128 Safari/537.36" "ysfine.com"
91.133.164.254 - - [25/Feb/2023:17:51:41 -0800] "GET / HTTP/1.1" 200 5300 "-" "Mozilla/5.0 (iPad; CPU OS 8_4_1 like Mac OS X) AppleWebKit/600.1.4 (KHTML, like Gecko) CriOS/44.0.2403.67 Mobile/12H321 Safari/600.1.4" "ysfine.com"
192.99.37.116 - - [25/Feb/2023:17:51:48 -0800] "GET /robots.txt HTTP/1.1" 404 73 "-" "Mozilla/5.0 (compatible; MJ12bot/v1.4.8; http://mj12bot.com/)" "ysfine.com"
192.99.37.116 - - [25/Feb/2023:17:51:53 -0800] "GET /world/budapest.html HTTP/1.1" 200 8325 "-" "Mozilla/5.0 (compatible; MJ12bot/v1.4.8; http://mj12bot.com/)" "ysfine.com"
192.99.37.116 - - [25/Feb/2023:17:51:57 -0800] "GET /world/budapest.html HTTP/1.1" 200 8325 "-" "Mozilla/5.0 (compatible; MJ12bot/v1.4.8; http://mj12bot.com/)" "ysfine.com"
64.124.8.29 - - [25/Feb/2023:17:52:14 -0800] "GET /world/baltic/riga48.jpg HTTP/1.1" 200 124513 "-" "Mozilla/5.0 (Macintosh; Intel Mac OS X 10_15_7) AppleWebKit/537.36 (KHTML, like Gecko) Chrome/107.0.0.0 Safari/537.36" "www.ysfine.com"
64.124.8.57 - - [25/Feb/2023:17:52:32 -0800] "GET /feynman/fd8.jpg HTTP/1.1" 200 78263 "-" "Mozilla/5.0 (Macintosh; Intel Mac OS X 10_15_7) AppleWebKit/537.36 (KHTML, like Gecko) Chrome/107.0.0.0 Safari/537.36" "ysfine.com"
71.105.39.253 - - [25/Feb/2023:17:52:37 -0800] "GET /princeton/nasshall01.jpg HTTP/1.1" 200 169242 "https://www.google.com/" "Mozilla/5.0 (Macintosh; Intel Mac OS X 10_15_7) AppleWebKit/537.36 (KHTML, like Gecko) Chrome/110.0.0.0 Safari/537.36" "ysfine.com"
64.124.8.50 - - [25/Feb/2023:17:52:43 -0800] "GET /ysbio/einstein/places/einha22.jpg HTTP/1.1" 404 88 "-" "Mozilla/5.0 (Macintosh; Intel Mac OS X 10_15_7) AppleWebKit/537.36 (KHTML, like Gecko) Chrome/107.0.0.0 Safari/537.36" "ysfine.com"
173.252.83.5 - - [25/Feb/2023:17:53:06 -0800] "GET /world/france/matisse05b.jpg HTTP/1.1" 200 29140 "-" "facebookexternalhit/1.1 (+http://www.facebook.com/externalhit_uatext.php)" "ysfine.com"
31.2.227.161 - - [25/Feb/2023:17:53:07 -0800] "GET /robots.txt HTTP/1.1" 404 88 "-" "Mozilla/5.0 (Linux; U; Android 4.0.3; en-ca; KFOT Build/IML74K) AppleWebKit/537.36 (KHTML, like Gecko) Silk/3.68 like Chrome/39.0.2171.93 Safari/537.36" "ysfine.com"
91.133.161.163 - - [25/Feb/2023:17:53:07 -0800] "GET / HTTP/1.1" 200 5300 "-" "Mozilla/5.0 (iPad; CPU OS 8_4 like Mac OS X) AppleWebKit/600.1.4 (KHTML, like Gecko) CriOS/44.0.2403.67 Mobile/12H143 Safari/600.1.4" "ysfine.com"
173.252.83.23 - - [25/Feb/2023:17:53:26 -0800] "GET /people/logunov11b.jpg HTTP/1.1" 200 26659 "-" "facebookexternalhit/1.1 (+http://www.facebook.com/externalhit_uatext.php)" "ysfine.com"
64.124.8.53 - - [25/Feb/2023:17:53:48 -0800] "GET /ysbio/world/balkan/istan016.jpg HTTP/1.1" 404 88 "-" "Mozilla/5.0 (Macintosh; Intel Mac OS X 10_15_7) AppleWebKit/537.36 (KHTML, like Gecko) Chrome/107.0.0.0 Safari/537.36" "ysfine.com"
173.252.83.118 - - [25/Feb/2023:17:54:19 -0800] "GET /home/facu450.jpg HTTP/1.1" 200 74535 "-" "facebookexternalhit/1.1 (+http://www.facebook.com/externalhit_uatext.php)" "ysfine.com"
52.167.144.62 - - [25/Feb/2023:17:54:24 -0800] "GET /auto/bio18.html HTTP/1.1" 200 16013 "-" "Mozilla/5.0 AppleWebKit/537.36 (KHTML, like Gecko; compatible; bingbot/2.0; +http://www.bing.com/bingbot.htm) Chrome/103.0.5060.134 Safari/537.36" "ysfine.com"
64.124.8.48 - - [25/Feb/2023:17:54:46 -0800] "GET /ysbio/world/israel/jeru63.jpg HTTP/1.1" 404 88 "-" "Mozilla/5.0 (Macintosh; Intel Mac OS X 10_15_7) AppleWebKit/537.36 (KHTML, like Gecko) Chrome/107.0.0.0 Safari/537.36" "www.ysfine.com"
64.124.8.48 - - [25/Feb/2023:17:54:49 -0800] "GET /world/hungary/buda047.jpg HTTP/1.1" 200 78507 "-" "Mozilla/5.0 (Macintosh; Intel Mac OS X 10_15_7) AppleWebKit/537.36 (KHTML, like Gecko) Chrome/107.0.0.0 Safari/537.36" "ysfine.com"
64.124.8.48 - - [25/Feb/2023:17:55:08 -0800] "GET /world/russ/minsk041.jpg HTTP/1.1" 200 100258 "-" "Mozilla/5.0 (Macintosh; Intel Mac OS X 10_15_7) AppleWebKit/537.36 (KHTML, like Gecko) Chrome/107.0.0.0 Safari/537.36" "ysfine.com"
213.180.203.117 - - [25/Feb/2023:17:55:54 -0800] "GET /ffriends/russian.html HTTP/1.1" 200 33919 "-" "Mozilla/5.0 (compatible; YandexBot/3.0; +http://yandex.com/bots)" "www.ysfine.com"
213.180.203.117 - - [25/Feb/2023:17:56:36 -0800] "GET /world/russ/mosf01b.jpg HTTP/1.1" 200 32818 "-" "Mozilla/5.0 (compatible; YandexImages/3.0; +http://yandex.com/bots)" "www.ysfine.com"
64.124.8.57 - - [25/Feb/2023:17:56:40 -0800] "GET /world/scandi/copen081.jpg HTTP/1.1" 200 75153 "-" "Mozilla/5.0 (Macintosh; Intel Mac OS X 10_15_7) AppleWebKit/537.36 (KHTML, like Gecko) Chrome/107.0.0.0 Safari/537.36" "www.ysfine.com"
