216.244.66.229 - - [25/Feb/2023:03:34:25 -0800] "GET /world/france/frstu03.jpg HTTP/1.1" 200 179566 "-" "Mozilla/5.0 (compatible; DotBot/1.2; +https://opensiteexplorer.org/dotbot; help@moz.com)" "ysfine.com"
3.136.11.186 - - [25/Feb/2023:03:34:45 -0800] "GET /ads.txt HTTP/1.1" 404 88 "http://ysfine.com/ads.txt" "AdsTxtCrawler/1.0; +https://github.com/InteractiveAdvertisingBureau/adstxtcrawler" "ysfine.com"
207.46.13.219 - - [25/Feb/2023:03:35:05 -0800] "GET /world/china/china028.jpg HTTP/1.1" 200 119954 "-" "Mozilla/5.0 AppleWebKit/537.36 (KHTML, like Gecko; compatible; bingbot/2.0; +http://www.bing.com/bingbot.htm) Chrome/103.0.5060.134 Safari/537.36" "ysfine.com"
207.46.13.223 - - [25/Feb/2023:03:35:15 -0800] "GET /world/ital/flor076.jpg HTTP/1.1" 200 88830 "-" "Mozilla/5.0 AppleWebKit/537.36 (KHTML, like Gecko; compatible; bingbot/2.0; +http://www.bing.com/bingbot.htm) Chrome/103.0.5060.134 Safari/537.36" "ysfine.com"
216.244.66.229 - - [25/Feb/2023:03:35:15 -0800] "GET /class54/class5470/total_data/sub_285.htm HTTP/1.1" 200 14469 "-" "Mozilla/5.0 (compatible; DotBot/1.2; +https://opensiteexplorer.org/dotbot; help@moz.com)" "www.ysfine.com"
64.124.8.52 - - [25/Feb/2023:03:35:22 -0800] "GET /world/ital/padova02.jpg HTTP/1.1" 200 140982 "-" "Mozilla/5.0 (Macintosh; Intel Mac OS X 10_15_7) AppleWebKit/537.36 (KHTML, like Gecko) Chrome/107.0.0.0 Safari/537.36" "ysfine.com"
18.232.109.126 - - [25/Feb/2023:03:35:38 -0800] "GET /sitemap.xml HTTP/1.1" 304 - "https://www.google.com/" "Mozilla/5.0 (Windows NT 10.0; Win64; x64; rv:72.0) Gecko/20100101 Firefox/72.0" "www.ysfine.com"
207.46.13.220 - - [25/Feb/2023:03:35:43 -0800] "GET /auto/bio.html HTTP/1.1" 200 18458 "-" "Mozilla/5.0 AppleWebKit/537.36 (KHTML, like Gecko; compatible; bingbot/2.0; +http://www.bing.com/bingbot.htm) Chrome/103.0.5060.134 Safari/537.36" "ysfine.com"
216.244.66.229 - - [25/Feb/2023:03:35:45 -0800] "GET /houses/house11.jpg HTTP/1.1" 200 125809 "-" "Mozilla/5.0 (compatible; DotBot/1.2; +https://opensiteexplorer.org/dotbot; help@moz.com)" "www.ysfine.com"
64.124.8.48 - - [25/Feb/2023:03:35:58 -0800] "GET /world/baltic/lithu22.jpg HTTP/1.1" 200 156354 "-" "Mozilla/5.0 (Macintosh; Intel Mac OS X 10_15_7) AppleWebKit/537.36 (KHTML, like Gecko) Chrome/107.0.0.0 Safari/537.36" "ysfine.com"
64.124.8.49 - - [25/Feb/2023:03:36:03 -0800] "GET /princeton/prstu03.jpg HTTP/1.1" 200 65382 "-" "Mozilla/5.0 (Macintosh; Intel Mac OS X 10_15_7) AppleWebKit/537.36 (KHTML, like Gecko) Chrome/107.0.0.0 Safari/537.36" "ysfine.com"
222.122.190.41 - - [25/Feb/2023:03:36:08 -0800] "GET / HTTP/1.1" 200 15920 "-" "Mozilla/5.0 (Windows NT 10.0; ZumBot/1.0; Win64; x64) AppleWebKit/537.36 (KHTML, like Gecko) Chrome/79.0.3945.130 Safari/537.36" "ysfine.com"
222.122.190.41 - - [25/Feb/2023:03:36:09 -0800] "GET / HTTP/1.1" 200 15920 "-" "Mozilla/5.0 (Windows NT 10.0; ZumBot/1.0; Win64; x64) AppleWebKit/537.36 (KHTML, like Gecko) Chrome/79.0.3945.130 Safari/537.36" "ysfine.com"
52.167.144.62 - - [25/Feb/2023:03:36:13 -0800] "GET /home/philo/ewk.html HTTP/1.1" 200 1816 "-" "Mozilla/5.0 AppleWebKit/537.36 (KHTML, like Gecko; compatible; bingbot/2.0; +http://www.bing.com/bingbot.htm) Chrome/103.0.5060.134 Safari/537.36" "ysfine.com"
216.244.66.229 - - [25/Feb/2023:03:36:19 -0800] "GET /jobs/newtonj.html HTTP/1.1" 200 139 "-" "Mozilla/5.0 (compatible; DotBot/1.2; +https://opensiteexplorer.org/dotbot; help@moz.com)" "www.ysfine.com"
173.252.83.17 - - [25/Feb/2023:03:36:46 -0800] "GET /ffriends/kazpol01b.jpg HTTP/1.1" 200 50936 "-" "facebookexternalhit/1.1 (+http://www.facebook.com/externalhit_uatext.php)" "ysfine.com"
216.244.66.229 - - [25/Feb/2023:03:36:46 -0800] "GET /newyork/centralp14.jpg HTTP/1.1" 200 329759 "-" "Mozilla/5.0 (compatible; DotBot/1.2; +https://opensiteexplorer.org/dotbot; help@moz.com)" "www.ysfine.com"
216.244.66.229 - - [25/Feb/2023:03:37:36 -0800] "GET /newyork/grandc01.jpg HTTP/1.1" 200 107064 "-" "Mozilla/5.0 (compatible; DotBot/1.2; +https://opensiteexplorer.org/dotbot; help@moz.com)" "www.ysfine.com"
216.244.66.229 - - [25/Feb/2023:03:38:16 -0800] "GET /newyork/koreaw06.jpg HTTP/1.1" 200 96969 "-" "Mozilla/5.0 (compatible; DotBot/1.2; +https://opensiteexplorer.org/dotbot; help@moz.com)" "www.ysfine.com"
216.244.66.229 - - [25/Feb/2023:03:38:56 -0800] "GET /newyork/vuiton33.jpg HTTP/1.1" 200 183488 "-" "Mozilla/5.0 (compatible; DotBot/1.2; +https://opensiteexplorer.org/dotbot; help@moz.com)" "www.ysfine.com"
80.144.122.44 - - [25/Feb/2023:03:39:07 -0800] "GET /world/france/montpar10.jpg HTTP/1.1" 200 206294 "https://www.google.com/" "Mozilla/5.0 (Windows NT 10.0; Win64; x64) AppleWebKit/537.36 (KHTML, like Gecko) Chrome/110.0.0.0 Safari/537.36 Edg/110.0.1587.46" "ysfine.com"
52.167.144.35 - - [25/Feb/2023:03:39:09 -0800] "GET /style/kirovken22b.jpg HTTP/1.1" 200 36856 "-" "Mozilla/5.0 AppleWebKit/537.36 (KHTML, like Gecko; compatible; bingbot/2.0; +http://www.bing.com/bingbot.htm) Chrome/103.0.5060.134 Safari/537.36" "www.ysfine.com"
64.124.8.52 - - [25/Feb/2023:03:39:18 -0800] "GET /einstein/places/ulm21.jpg HTTP/1.1" 200 111448 "-" "Mozilla/5.0 (Macintosh; Intel Mac OS X 10_15_7) AppleWebKit/537.36 (KHTML, like Gecko) Chrome/107.0.0.0 Safari/537.36" "www.ysfine.com"
64.124.8.29 - - [25/Feb/2023:03:39:21 -0800] "GET /princeton/ysgown.jpg HTTP/1.1" 200 100009 "-" "Mozilla/5.0 (Macintosh; Intel Mac OS X 10_15_7) AppleWebKit/537.36 (KHTML, like Gecko) Chrome/107.0.0.0 Safari/537.36" "ysfine.com"
216.244.66.229 - - [25/Feb/2023:03:39:47 -0800] "GET /princeton/bagpipes.html HTTP/1.1" 200 708 "-" "Mozilla/5.0 (compatible; DotBot/1.2; +https://opensiteexplorer.org/dotbot; help@moz.com)" "www.ysfine.com"
216.244.66.229 - - [25/Feb/2023:03:40:17 -0800] "GET /princeton/morecars.html HTTP/1.1" 200 678 "-" "Mozilla/5.0 (compatible; DotBot/1.2; +https://opensiteexplorer.org/dotbot; help@moz.com)" "www.ysfine.com"
64.124.8.54 - - [25/Feb/2023:03:40:29 -0800] "GET /world/baltic/riga22.jpg HTTP/1.1" 200 84908 "-" "Mozilla/5.0 (Macintosh; Intel Mac OS X 10_15_7) AppleWebKit/537.36 (KHTML, like Gecko) Chrome/107.0.0.0 Safari/537.36" "ysfine.com"
123.125.109.62 - - [25/Feb/2023:03:40:45 -0800] "GET / HTTP/1.1" 200 5300 "-" "Sogou web spider/4.0(+http://www.sogou.com/docs/help/webmasters.htm#07)" "ysfine.com"
207.46.13.223 - - [25/Feb/2023:03:40:46 -0800] "GET /world/russ/roskei11b.jpg HTTP/1.1" 200 44463 "-" "Mozilla/5.0 AppleWebKit/537.36 (KHTML, like Gecko; compatible; bingbot/2.0; +http://www.bing.com/bingbot.htm) Chrome/103.0.5060.134 Safari/537.36" "ysfine.com"
216.244.66.229 - - [25/Feb/2023:03:40:46 -0800] "GET /yspapers/plb83.pdf HTTP/1.1" 200 195268 "-" "Mozilla/5.0 (compatible; DotBot/1.2; +https://opensiteexplorer.org/dotbot; help@moz.com)" "www.ysfine.com"
216.244.66.229 - - [25/Feb/2023:03:41:36 -0800] "GET /class54/class5470/total_data/sub_291.htm HTTP/1.1" 200 14468 "-" "Mozilla/5.0 (compatible; DotBot/1.2; +https://opensiteexplorer.org/dotbot; help@moz.com)" "ysfine.com"
64.124.8.57 - - [25/Feb/2023:03:41:39 -0800] "GET /world/baltic/kalinmap33.jpg HTTP/1.1" 200 99379 "-" "Mozilla/5.0 (Macintosh; Intel Mac OS X 10_15_7) AppleWebKit/537.36 (KHTML, like Gecko) Chrome/107.0.0.0 Safari/537.36" "www.ysfine.com"
216.244.66.229 - - [25/Feb/2023:03:42:07 -0800] "GET /houses/chicsub.jpg HTTP/1.1" 200 61562 "-" "Mozilla/5.0 (compatible; DotBot/1.2; +https://opensiteexplorer.org/dotbot; help@moz.com)" "ysfine.com"
95.108.213.169 - - [25/Feb/2023:03:42:32 -0800] "GET /robots.txt HTTP/1.1" 404 73 "-" "Mozilla/5.0 (compatible; YandexBot/3.0; +http://yandex.com/bots)" "ysfine.com"
95.108.213.114 - - [25/Feb/2023:03:42:32 -0800] "GET /maga/phys/hydrogen01b.jpg HTTP/1.1" 200 39399 "-" "Mozilla/5.0 (compatible; YandexImages/3.0; +http://yandex.com/bots)" "ysfine.com"
216.244.66.229 - - [25/Feb/2023:03:42:41 -0800] "GET /manko/janszky02.jpg HTTP/1.1" 200 72703 "-" "Mozilla/5.0 (compatible; DotBot/1.2; +https://opensiteexplorer.org/dotbot; help@moz.com)" "ysfine.com"
68.62.28.167 - - [25/Feb/2023:03:42:56 -0800] "GET /wigner/neum/ymath.jpg HTTP/1.1" 200 64930 "https://www.google.com/" "Mozilla/5.0 (Windows NT 10.0; Win64; x64) AppleWebKit/537.36 (KHTML, like Gecko) Chrome/110.0.0.0 Safari/537.36" "ysfine.com"
52.167.144.62 - - [25/Feb/2023:03:43:00 -0800] "GET /kowar/panmun02.jpg HTTP/1.1" 200 129295 "-" "Mozilla/5.0 AppleWebKit/537.36 (KHTML, like Gecko; compatible; bingbot/2.0; +http://www.bing.com/bingbot.htm) Chrome/103.0.5060.134 Safari/537.36" "ysfine.com"
216.244.66.229 - - [25/Feb/2023:03:43:14 -0800] "GET /newyork/chinat09.jpg HTTP/1.1" 200 114591 "-" "Mozilla/5.0 (compatible; DotBot/1.2; +https://opensiteexplorer.org/dotbot; help@moz.com)" "ysfine.com"
64.124.8.54 - - [25/Feb/2023:03:43:48 -0800] "GET /world/poland/hcross05.jpg HTTP/1.1" 200 138355 "-" "Mozilla/5.0 (Macintosh; Intel Mac OS X 10_15_7) AppleWebKit/537.36 (KHTML, like Gecko) Chrome/107.0.0.0 Safari/537.36" "ysfine.com"
5.210.199.50 - - [25/Feb/2023:03:44:04 -0800] "GET /robots.txt HTTP/1.1" 404 88 "-" "Mozilla/5.0 (Linux; Android 4.4.3; KFARWI Build/KTU84M) AppleWebKit/537.36 (KHTML, like Gecko) Silk/44.1.81 like Chrome/44.0.2403.128 Safari/537.36" "ysfine.com"
91.133.216.234 - - [25/Feb/2023:03:44:04 -0800] "GET / HTTP/1.1" 200 5300 "-" "Mozilla/5.0 (Linux; Android 4.4.3; KFTHWI Build/KTU84M) AppleWebKit/537.36 (KHTML, like Gecko) Version/4.0 Chrome/34.0.0.0 Safari/537.36" "ysfine.com"
216.244.66.229 - - [25/Feb/2023:03:44:04 -0800] "GET /newyork/saks00.jpg HTTP/1.1" 200 342226 "-" "Mozilla/5.0 (compatible; DotBot/1.2; +https://opensiteexplorer.org/dotbot; help@moz.com)" "ysfine.com"
154.65.218.216 - - [25/Feb/2023:03:44:10 -0800] "GET /wigner/neum/vnc01.jpg HTTP/1.1" 200 133641 "-" "Dorado WAP-Browser/1.0.0" "ysfine.com"
216.244.66.229 - - [25/Feb/2023:03:44:54 -0800] "GET /princeton/class2k2.jpg HTTP/1.1" 200 104269 "-" "Mozilla/5.0 (compatible; DotBot/1.2; +https://opensiteexplorer.org/dotbot; help@moz.com)" "ysfine.com"
64.124.8.54 - - [25/Feb/2023:03:45:21 -0800] "GET /world/russ/kiev045.jpg HTTP/1.1" 200 86599 "-" "Mozilla/5.0 (Macintosh; Intel Mac OS X 10_15_7) AppleWebKit/537.36 (KHTML, like Gecko) Chrome/107.0.0.0 Safari/537.36" "www.ysfine.com"
216.244.66.229 - - [25/Feb/2023:03:45:46 -0800] "GET /princeton/elephant11.jpg HTTP/1.1" 200 113793 "-" "Mozilla/5.0 (compatible; DotBot/1.2; +https://opensiteexplorer.org/dotbot; help@moz.com)" "ysfine.com"
64.124.8.52 - - [25/Feb/2023:03:46:05 -0800] "GET /style/music/salzmo11.jpg HTTP/1.1" 200 112174 "-" "Mozilla/5.0 (Macintosh; Intel Mac OS X 10_15_7) AppleWebKit/537.36 (KHTML, like Gecko) Chrome/107.0.0.0 Safari/537.36" "ysfine.com"
216.244.66.229 - - [25/Feb/2023:03:46:36 -0800] "GET /princeton/hamilton11.jpg HTTP/1.1" 200 127642 "-" "Mozilla/5.0 (compatible; DotBot/1.2; +https://opensiteexplorer.org/dotbot; help@moz.com)" "ysfine.com"
64.124.8.48 - - [25/Feb/2023:03:46:37 -0800] "GET /dongio/russparis02.jpg HTTP/1.1" 404 88 "-" "Mozilla/5.0 (Macintosh; Intel Mac OS X 10_15_7) AppleWebKit/537.36 (KHTML, like Gecko) Chrome/107.0.0.0 Safari/537.36" "www.ysfine.com"
207.46.13.223 - - [25/Feb/2023:03:46:45 -0800] "GET /world/germany/leipzig49w.jpg HTTP/1.1" 200 161930 "-" "Mozilla/5.0 AppleWebKit/537.36 (KHTML, like Gecko; compatible; bingbot/2.0; +http://www.bing.com/bingbot.htm) Chrome/103.0.5060.134 Safari/537.36" "www.ysfine.com"
216.244.66.229 - - [25/Feb/2023:03:47:15 -0800] "GET /sbk/2014spb33.jpg HTTP/1.1" 200 184264 "-" "Mozilla/5.0 (compatible; DotBot/1.2; +https://opensiteexplorer.org/dotbot; help@moz.com)" "ysfine.com"
173.252.83.22 - - [25/Feb/2023:03:47:16 -0800] "GET /world/russ/spbf34b.jpg HTTP/1.1" 200 26357 "-" "facebookexternalhit/1.1 (+http://www.facebook.com/externalhit_uatext.php)" "ysfine.com"
173.252.83.6 - - [25/Feb/2023:03:47:42 -0800] "GET /ffriends/aline/northwes06c.jpg HTTP/1.1" 200 34239 "-" "facebookexternalhit/1.1 (+http://www.facebook.com/externalhit_uatext.php)" "ysfine.com"
40.77.167.178 - - [25/Feb/2023:03:48:10 -0800] "GET /wdc/kennedyc12.jpg HTTP/1.1" 200 60154 "-" "Mozilla/5.0 AppleWebKit/537.36 (KHTML, like Gecko; compatible; bingbot/2.0; +http://www.bing.com/bingbot.htm) Chrome/103.0.5060.134 Safari/537.36" "ysfine.com"
207.46.13.220 - - [25/Feb/2023:03:48:16 -0800] "GET /world/germany/berlin022.jpg HTTP/1.1" 200 110113 "-" "Mozilla/5.0 AppleWebKit/537.36 (KHTML, like Gecko; compatible; bingbot/2.0; +http://www.bing.com/bingbot.htm) Chrome/103.0.5060.134 Safari/537.36" "ysfine.com"
207.46.13.220 - - [25/Feb/2023:03:48:17 -0800] "GET /bio.html HTTP/1.1" 200 18260 "-" "Mozilla/5.0 AppleWebKit/537.36 (KHTML, like Gecko; compatible; bingbot/2.0; +http://www.bing.com/bingbot.htm) Chrome/103.0.5060.134 Safari/537.36" "ysfine.com"
64.124.8.57 - - [25/Feb/2023:03:48:46 -0800] "GET /world/russ/kazan015.jpg HTTP/1.1" 200 91779 "-" "Mozilla/5.0 (Macintosh; Intel Mac OS X 10_15_7) AppleWebKit/537.36 (KHTML, like Gecko) Chrome/107.0.0.0 Safari/537.36" "ysfine.com"
64.124.8.57 - - [25/Feb/2023:03:48:46 -0800] "GET /world/hungary/kodaly01.jpg HTTP/1.1" 200 157349 "-" "Mozilla/5.0 (Macintosh; Intel Mac OS X 10_15_7) AppleWebKit/537.36 (KHTML, like Gecko) Chrome/107.0.0.0 Safari/537.36" "ysfine.com"
64.124.8.57 - - [25/Feb/2023:03:48:46 -0800] "GET /style/music/salzmo04.jpg HTTP/1.1" 200 86117 "-" "Mozilla/5.0 (Macintosh; Intel Mac OS X 10_15_7) AppleWebKit/537.36 (KHTML, like Gecko) Chrome/107.0.0.0 Safari/537.36" "ysfine.com"
64.124.8.48 - - [25/Feb/2023:03:50:05 -0800] "GET /usca/norl/fm01.jpg HTTP/1.1" 200 87848 "-" "Mozilla/5.0 (Macintosh; Intel Mac OS X 10_15_7) AppleWebKit/537.36 (KHTML, like Gecko) Chrome/107.0.0.0 Safari/537.36" "ysfine.com"
64.124.8.52 - - [25/Feb/2023:03:51:03 -0800] "GET /world/brit/imperialc11.jpg HTTP/1.1" 200 74839 "-" "Mozilla/5.0 (Macintosh; Intel Mac OS X 10_15_7) AppleWebKit/537.36 (KHTML, like Gecko) Chrome/107.0.0.0 Safari/537.36" "ysfine.com"
64.124.8.48 - - [25/Feb/2023:03:52:08 -0800] "GET /world/russ/mosf36.jpg HTTP/1.1" 200 131282 "-" "Mozilla/5.0 (Macintosh; Intel Mac OS X 10_15_7) AppleWebKit/537.36 (KHTML, like Gecko) Chrome/107.0.0.0 Safari/537.36" "ysfine.com"
52.167.144.35 - - [25/Feb/2023:03:52:40 -0800] "GET /newyork/colum25.jpg HTTP/1.1" 200 168650 "-" "Mozilla/5.0 AppleWebKit/537.36 (KHTML, like Gecko; compatible; bingbot/2.0; +http://www.bing.com/bingbot.htm) Chrome/103.0.5060.134 Safari/537.36" "ysfine.com"
223.231.198.52 - - [25/Feb/2023:03:53:06 -0800] "GET /world/brit/etonharrow.html HTTP/1.1" 200 4544 "https://www.google.com/" "Mozilla/5.0 (Linux; Android 12; SM-M336BU) AppleWebKit/537.36 (KHTML, like Gecko) Chrome/110.0.0.0 Mobile Safari/537.36" "ysfine.com"
223.231.198.52 - - [25/Feb/2023:03:53:06 -0800] "GET /world/brit/winston01b.jpg HTTP/1.1" 200 38436 "https://ysfine.com/world/brit/etonharrow.html" "Mozilla/5.0 (Linux; Android 12; SM-M336BU) AppleWebKit/537.36 (KHTML, like Gecko) Chrome/110.0.0.0 Mobile Safari/537.36" "ysfine.com"
223.231.198.52 - - [25/Feb/2023:03:53:06 -0800] "GET /kobak/kwk11b.jpg HTTP/1.1" 200 46888 "https://ysfine.com/world/brit/etonharrow.html" "Mozilla/5.0 (Linux; Android 12; SM-M336BU) AppleWebKit/537.36 (KHTML, like Gecko) Chrome/110.0.0.0 Mobile Safari/537.36" "ysfine.com"
223.231.198.52 - - [25/Feb/2023:03:53:06 -0800] "GET /world/brit/nehru11b.jpg HTTP/1.1" 200 43052 "https://ysfine.com/world/brit/etonharrow.html" "Mozilla/5.0 (Linux; Android 12; SM-M336BU) AppleWebKit/537.36 (KHTML, like Gecko) Chrome/110.0.0.0 Mobile Safari/537.36" "ysfine.com"
223.231.198.52 - - [25/Feb/2023:03:53:06 -0800] "GET /world/brit/windsor02b.jpg HTTP/1.1" 200 40724 "https://ysfine.com/world/brit/etonharrow.html" "Mozilla/5.0 (Linux; Android 12; SM-M336BU) AppleWebKit/537.36 (KHTML, like Gecko) Chrome/110.0.0.0 Mobile Safari/537.36" "ysfine.com"
223.231.198.52 - - [25/Feb/2023:03:53:06 -0800] "GET /world/brit/eton01b.jpg HTTP/1.1" 200 47771 "https://ysfine.com/world/brit/etonharrow.html" "Mozilla/5.0 (Linux; Android 12; SM-M336BU) AppleWebKit/537.36 (KHTML, like Gecko) Chrome/110.0.0.0 Mobile Safari/537.36" "ysfine.com"
223.231.198.52 - - [25/Feb/2023:03:53:06 -0800] "GET /world/brit/eton02b.jpg HTTP/1.1" 200 39432 "https://ysfine.com/world/brit/etonharrow.html" "Mozilla/5.0 (Linux; Android 12; SM-M336BU) AppleWebKit/537.36 (KHTML, like Gecko) Chrome/110.0.0.0 Mobile Safari/537.36" "ysfine.com"
223.231.198.52 - - [25/Feb/2023:03:53:06 -0800] "GET /world/brit/eton07b.jpg HTTP/1.1" 200 36566 "https://ysfine.com/world/brit/etonharrow.html" "Mozilla/5.0 (Linux; Android 12; SM-M336BU) AppleWebKit/537.36 (KHTML, like Gecko) Chrome/110.0.0.0 Mobile Safari/537.36" "ysfine.com"
223.231.198.52 - - [25/Feb/2023:03:53:06 -0800] "GET /world/brit/eton03b.jpg HTTP/1.1" 200 45141 "https://ysfine.com/world/brit/etonharrow.html" "Mozilla/5.0 (Linux; Android 12; SM-M336BU) AppleWebKit/537.36 (KHTML, like Gecko) Chrome/110.0.0.0 Mobile Safari/537.36" "ysfine.com"
223.231.198.52 - - [25/Feb/2023:03:53:06 -0800] "GET /world/brit/harrow01b.jpg HTTP/1.1" 200 54632 "https://ysfine.com/world/brit/etonharrow.html" "Mozilla/5.0 (Linux; Android 12; SM-M336BU) AppleWebKit/537.36 (KHTML, like Gecko) Chrome/110.0.0.0 Mobile Safari/537.36" "ysfine.com"
223.231.198.52 - - [25/Feb/2023:03:53:07 -0800] "GET /eink/pwk19c.jpg HTTP/1.1" 200 57759 "https://ysfine.com/world/brit/etonharrow.html" "Mozilla/5.0 (Linux; Android 12; SM-M336BU) AppleWebKit/537.36 (KHTML, like Gecko) Chrome/110.0.0.0 Mobile Safari/537.36" "ysfine.com"
223.231.198.52 - - [25/Feb/2023:03:53:07 -0800] "GET /world/brit/harrow09b.jpg HTTP/1.1" 200 48797 "https://ysfine.com/world/brit/etonharrow.html" "Mozilla/5.0 (Linux; Android 12; SM-M336BU) AppleWebKit/537.36 (KHTML, like Gecko) Chrome/110.0.0.0 Mobile Safari/537.36" "ysfine.com"
223.231.198.52 - - [25/Feb/2023:03:53:07 -0800] "GET /kobak/taylor33c.jpg HTTP/1.1" 200 39951 "https://ysfine.com/world/brit/etonharrow.html" "Mozilla/5.0 (Linux; Android 12; SM-M336BU) AppleWebKit/537.36 (KHTML, like Gecko) Chrome/110.0.0.0 Mobile Safari/537.36" "ysfine.com"
223.231.198.52 - - [25/Feb/2023:03:53:07 -0800] "GET /world/brit/harrow04b.jpg HTTP/1.1" 200 48004 "https://ysfine.com/world/brit/etonharrow.html" "Mozilla/5.0 (Linux; Android 12; SM-M336BU) AppleWebKit/537.36 (KHTML, like Gecko) Chrome/110.0.0.0 Mobile Safari/537.36" "ysfine.com"
223.231.198.52 - - [25/Feb/2023:03:53:07 -0800] "GET /world/brit/harrow12b.jpg HTTP/1.1" 200 45104 "https://ysfine.com/world/brit/etonharrow.html" "Mozilla/5.0 (Linux; Android 12; SM-M336BU) AppleWebKit/537.36 (KHTML, like Gecko) Chrome/110.0.0.0 Mobile Safari/537.36" "ysfine.com"
223.231.198.52 - - [25/Feb/2023:03:53:07 -0800] "GET /world/brit/harrow11b.jpg HTTP/1.1" 200 42533 "https://ysfine.com/world/brit/etonharrow.html" "Mozilla/5.0 (Linux; Android 12; SM-M336BU) AppleWebKit/537.36 (KHTML, like Gecko) Chrome/110.0.0.0 Mobile Safari/537.36" "ysfine.com"
223.231.198.52 - - [25/Feb/2023:03:53:16 -0800] "GET /favicon.ico HTTP/1.1" 404 88 "https://ysfine.com/world/brit/etonharrow.html" "Mozilla/5.0 (Linux; Android 12; SM-M336BU) AppleWebKit/537.36 (KHTML, like Gecko) Chrome/110.0.0.0 Mobile Safari/537.36" "ysfine.com"
64.124.8.57 - - [25/Feb/2023:03:53:24 -0800] "GET /ysbio/princeton/nphd.jpg HTTP/1.1" 404 88 "-" "Mozilla/5.0 (Macintosh; Intel Mac OS X 10_15_7) AppleWebKit/537.36 (KHTML, like Gecko) Chrome/107.0.0.0 Safari/537.36" "ysfine.com"
64.124.8.50 - - [25/Feb/2023:03:53:42 -0800] "GET /world/scandi/copen005.jpg HTTP/1.1" 200 55500 "-" "Mozilla/5.0 (Macintosh; Intel Mac OS X 10_15_7) AppleWebKit/537.36 (KHTML, like Gecko) Chrome/107.0.0.0 Safari/537.36" "ysfine.com"
64.124.8.48 - - [25/Feb/2023:03:53:46 -0800] "GET /world/germany/franko11.jpg HTTP/1.1" 200 71379 "-" "Mozilla/5.0 (Macintosh; Intel Mac OS X 10_15_7) AppleWebKit/537.36 (KHTML, like Gecko) Chrome/107.0.0.0 Safari/537.36" "ysfine.com"
64.124.8.55 - - [25/Feb/2023:03:53:51 -0800] "GET /wdc/whouse01.jpg HTTP/1.1" 200 100336 "-" "Mozilla/5.0 (Macintosh; Intel Mac OS X 10_15_7) AppleWebKit/537.36 (KHTML, like Gecko) Chrome/107.0.0.0 Safari/537.36" "ysfine.com"
77.75.79.119 - - [25/Feb/2023:03:53:56 -0800] "GET /style/index.html HTTP/1.1" 200 129 "-" "Mozilla/5.0 (compatible; SeznamBot/4.0-RC1; +http://napoveda.seznam.cz/seznambot-intro/)" "ysfine.com"
64.124.8.48 - - [25/Feb/2023:03:54:07 -0800] "GET /ysbio/style/venus.jpg HTTP/1.1" 404 88 "-" "Mozilla/5.0 (Macintosh; Intel Mac OS X 10_15_7) AppleWebKit/537.36 (KHTML, like Gecko) Chrome/107.0.0.0 Safari/537.36" "www.ysfine.com"
207.46.13.219 - - [25/Feb/2023:03:54:36 -0800] "GET /world/russ/minsk002.jpg HTTP/1.1" 200 69019 "-" "Mozilla/5.0 AppleWebKit/537.36 (KHTML, like Gecko; compatible; bingbot/2.0; +http://www.bing.com/bingbot.htm) Chrome/103.0.5060.134 Safari/537.36" "www.ysfine.com"
40.77.167.178 - - [25/Feb/2023:03:54:40 -0800] "GET /kobak/yskor.html HTTP/1.1" 200 9943 "-" "Mozilla/5.0 AppleWebKit/537.36 (KHTML, like Gecko; compatible; bingbot/2.0; +http://www.bing.com/bingbot.htm) Chrome/103.0.5060.134 Safari/537.36" "www.ysfine.com"
40.77.167.178 - - [25/Feb/2023:03:54:40 -0800] "GET /world/brit/etonharrow.html HTTP/1.1" 200 4544 "-" "Mozilla/5.0 AppleWebKit/537.36 (KHTML, like Gecko; compatible; bingbot/2.0; +http://www.bing.com/bingbot.htm) Chrome/103.0.5060.134 Safari/537.36" "www.ysfine.com"
52.167.144.62 - - [25/Feb/2023:03:55:02 -0800] "GET /princeton/sbt11a.jpg HTTP/1.1" 200 109936 "-" "Mozilla/5.0 AppleWebKit/537.36 (KHTML, like Gecko; compatible; bingbot/2.0; +http://www.bing.com/bingbot.htm) Chrome/103.0.5060.134 Safari/537.36" "ysfine.com"
64.124.8.53 - - [25/Feb/2023:03:55:06 -0800] "GET /ysbio/maga/phys/huy02.jpg HTTP/1.1" 404 88 "-" "Mozilla/5.0 (Macintosh; Intel Mac OS X 10_15_7) AppleWebKit/537.36 (KHTML, like Gecko) Chrome/107.0.0.0 Safari/537.36" "ysfine.com"
64.124.8.53 - - [25/Feb/2023:03:55:28 -0800] "GET /world/france/triomf11.jpg HTTP/1.1" 200 105474 "-" "Mozilla/5.0 (Macintosh; Intel Mac OS X 10_15_7) AppleWebKit/537.36 (KHTML, like Gecko) Chrome/107.0.0.0 Safari/537.36" "ysfine.com"
64.124.8.49 - - [25/Feb/2023:03:55:40 -0800] "GET /maga/phil/marx55.jpg HTTP/1.1" 200 244771 "-" "Mozilla/5.0 (Macintosh; Intel Mac OS X 10_15_7) AppleWebKit/537.36 (KHTML, like Gecko) Chrome/107.0.0.0 Safari/537.36" "ysfine.com"
173.252.83.24 - - [25/Feb/2023:03:55:49 -0800] "GET /wdc/sakura08.jpg HTTP/1.1" 200 54691 "-" "facebookexternalhit/1.1 (+http://www.facebook.com/externalhit_uatext.php)" "ysfine.com"
64.124.8.48 - - [25/Feb/2023:03:55:52 -0800] "GET /world/brit/dunf08.jpg HTTP/1.1" 200 101008 "-" "Mozilla/5.0 (Macintosh; Intel Mac OS X 10_15_7) AppleWebKit/537.36 (KHTML, like Gecko) Chrome/107.0.0.0 Safari/537.36" "ysfine.com"
173.252.83.16 - - [25/Feb/2023:03:56:04 -0800] "GET /world/poland/krkf51b.jpg HTTP/1.1" 200 46620 "-" "facebookexternalhit/1.1 (+http://www.facebook.com/externalhit_uatext.php)" "ysfine.com"
173.252.83.1 - - [25/Feb/2023:03:56:22 -0800] "GET /world/russ/krem06b.jpg HTTP/1.1" 200 25649 "-" "facebookexternalhit/1.1 (+http://www.facebook.com/externalhit_uatext.php)" "ysfine.com"
207.46.13.220 - - [25/Feb/2023:03:56:26 -0800] "GET /world/brit/picca25.jpg HTTP/1.1" 200 129141 "-" "Mozilla/5.0 AppleWebKit/537.36 (KHTML, like Gecko; compatible; bingbot/2.0; +http://www.bing.com/bingbot.htm) Chrome/103.0.5060.134 Safari/537.36" "www.ysfine.com"
95.163.255.101 - - [25/Feb/2023:03:56:36 -0800] "GET /robots.txt HTTP/1.1" 404 73 "-" "Mozilla/5.0 (compatible; Linux x86_64; Mail.RU_Bot/Img/2.0; +https://help.mail.ru/webmaster/indexing/robots)" "www.ysfine.com"
64.124.8.28 - - [25/Feb/2023:03:57:35 -0800] "GET /world/baltic/riga03.jpg HTTP/1.1" 200 104704 "-" "Mozilla/5.0 (Macintosh; Intel Mac OS X 10_15_7) AppleWebKit/537.36 (KHTML, like Gecko) Chrome/107.0.0.0 Safari/537.36" "www.ysfine.com"
64.124.8.57 - - [25/Feb/2023:03:57:50 -0800] "GET /dirac/diracqm11.jpg HTTP/1.1" 200 153577 "-" "Mozilla/5.0 (Macintosh; Intel Mac OS X 10_15_7) AppleWebKit/537.36 (KHTML, like Gecko) Chrome/107.0.0.0 Safari/537.36" "www.ysfine.com"
64.124.8.55 - - [25/Feb/2023:03:58:27 -0800] "GET /world/poland/psoldier04.jpg HTTP/1.1" 200 97970 "-" "Mozilla/5.0 (Macintosh; Intel Mac OS X 10_15_7) AppleWebKit/537.36 (KHTML, like Gecko) Chrome/107.0.0.0 Safari/537.36" "www.ysfine.com"
173.252.83.14 - - [25/Feb/2023:03:59:21 -0800] "GET /sbk/1987pr22c.jpg HTTP/1.1" 200 40964 "-" "facebookexternalhit/1.1 (+http://www.facebook.com/externalhit_uatext.php)" "ysfine.com"
173.252.83.13 - - [25/Feb/2023:03:59:22 -0800] "GET /einstein/eindcmap2.jpg HTTP/1.1" 200 54434 "-" "facebookexternalhit/1.1 (+http://www.facebook.com/externalhit_uatext.php)" "ysfine.com"
64.124.8.54 - - [25/Feb/2023:03:59:41 -0800] "GET /ysbio/wigner/wiggursey.jpg HTTP/1.1" 404 88 "-" "Mozilla/5.0 (Macintosh; Intel Mac OS X 10_15_7) AppleWebKit/537.36 (KHTML, like Gecko) Chrome/107.0.0.0 Safari/537.36" "ysfine.com"
52.167.144.35 - - [25/Feb/2023:03:59:51 -0800] "GET /maga/phys/weylbook22b.jpg HTTP/1.1" 200 25971 "-" "Mozilla/5.0 AppleWebKit/537.36 (KHTML, like Gecko; compatible; bingbot/2.0; +http://www.bing.com/bingbot.htm) Chrome/103.0.5060.134 Safari/537.36" "ysfine.com"
95.163.255.90 - - [25/Feb/2023:03:59:52 -0800] "GET /einstein/einabel.html HTTP/1.1" 200 5982 "http://go.mail.ru/search_images" "Mozilla/5.0 (compatible; Linux x86_64; Mail.RU_Bot/Img/2.0; +https://help.mail.ru/webmaster/indexing/robots)" "www.ysfine.com"
64.62.252.162 - - [25/Feb/2023:03:59:58 -0800] "GET /robots.txt HTTP/1.1" 404 88 "-" "The Knowledge AI" "ysfine.com"
54.236.1.13 - - [25/Feb/2023:04:00:23 -0800] "GET /robots.txt HTTP/1.1" 404 88 "-" "Mozilla/5.0 (compatible; Pinterestbot/1.0; +http://www.pinterest.com/bot.html)" "ysfine.com"
54.236.1.13 - - [25/Feb/2023:04:00:23 -0800] "GET /houses/styhouses.html HTTP/1.1" 200 3534 "-" "Mozilla/5.0 (compatible; Pinterestbot/1.0; +http://www.pinterest.com/bot.html)" "ysfine.com"
64.124.8.55 - - [25/Feb/2023:04:01:27 -0800] "GET /world/scandi/norw21.jpg HTTP/1.1" 200 94450 "-" "Mozilla/5.0 (Macintosh; Intel Mac OS X 10_15_7) AppleWebKit/537.36 (KHTML, like Gecko) Chrome/107.0.0.0 Safari/537.36" "ysfine.com"
87.250.224.239 - - [25/Feb/2023:04:01:39 -0800] "GET /newyork/lincolnc44.jpg HTTP/1.1" 200 94394 "-" "Mozilla/5.0 (compatible; YandexImages/3.0; +http://yandex.com/bots)" "www.ysfine.com"
52.167.144.62 - - [25/Feb/2023:04:01:43 -0800] "GET /newyork/saks00.jpg HTTP/1.1" 200 342226 "-" "Mozilla/5.0 AppleWebKit/537.36 (KHTML, like Gecko; compatible; bingbot/2.0; +http://www.bing.com/bingbot.htm) Chrome/103.0.5060.134 Safari/537.36" "ysfine.com"
64.124.8.50 - - [25/Feb/2023:04:02:29 -0800] "GET /world/russ/kiev014.jpg HTTP/1.1" 200 114364 "-" "Mozilla/5.0 (Macintosh; Intel Mac OS X 10_15_7) AppleWebKit/537.36 (KHTML, like Gecko) Chrome/107.0.0.0 Safari/537.36" "ysfine.com"
64.124.8.29 - - [25/Feb/2023:04:03:33 -0800] "GET /ysbio/world/hungary/buda216.jpg HTTP/1.1" 404 88 "-" "Mozilla/5.0 (Macintosh; Intel Mac OS X 10_15_7) AppleWebKit/537.36 (KHTML, like Gecko) Chrome/107.0.0.0 Safari/537.36" "www.ysfine.com"
64.124.8.49 - - [25/Feb/2023:04:03:37 -0800] "GET /ysbio/world/france/pontdg11.jpg HTTP/1.1" 404 88 "-" "Mozilla/5.0 (Macintosh; Intel Mac OS X 10_15_7) AppleWebKit/537.36 (KHTML, like Gecko) Chrome/107.0.0.0 Safari/537.36" "www.ysfine.com"
207.46.13.220 - - [25/Feb/2023:04:03:48 -0800] "GET /bio.html HTTP/1.1" 200 18260 "-" "Mozilla/5.0 AppleWebKit/537.36 (KHTML, like Gecko; compatible; bingbot/2.0; +http://www.bing.com/bingbot.htm) Chrome/103.0.5060.134 Safari/537.36" "ysfine.com"
64.124.8.29 - - [25/Feb/2023:04:03:52 -0800] "GET /ysbio/world/hungary/buda010.jpg HTTP/1.1" 404 88 "-" "Mozilla/5.0 (Macintosh; Intel Mac OS X 10_15_7) AppleWebKit/537.36 (KHTML, like Gecko) Chrome/107.0.0.0 Safari/537.36" "www.ysfine.com"
64.124.8.28 - - [25/Feb/2023:04:04:08 -0800] "GET /world/balkan/ath027.jpg HTTP/1.1" 200 215994 "-" "Mozilla/5.0 (Macintosh; Intel Mac OS X 10_15_7) AppleWebKit/537.36 (KHTML, like Gecko) Chrome/107.0.0.0 Safari/537.36" "ysfine.com"
207.46.13.220 - - [25/Feb/2023:04:04:15 -0800] "GET /index.html HTTP/1.1" 200 5300 "-" "Mozilla/5.0 AppleWebKit/537.36 (KHTML, like Gecko; compatible; bingbot/2.0; +http://www.bing.com/bingbot.htm) Chrome/103.0.5060.134 Safari/537.36" "www.ysfine.com"
207.46.13.219 - - [25/Feb/2023:04:04:48 -0800] "GET /world/russ/minsk041.jpg HTTP/1.1" 200 100258 "-" "Mozilla/5.0 AppleWebKit/537.36 (KHTML, like Gecko; compatible; bingbot/2.0; +http://www.bing.com/bingbot.htm) Chrome/103.0.5060.134 Safari/537.36" "ysfine.com"
5.210.187.107 - - [25/Feb/2023:04:05:15 -0800] "GET /robots.txt HTTP/1.1" 404 88 "-" "Mozilla/5.0 (Linux; U; Android 4.4.3; en-us; KFAPWA Build/KTU84M) AppleWebKit/537.36 (KHTML, like Gecko) Silk/3.68 like Chrome/39.0.2171.93 Safari/537.36" "ysfine.com"
91.133.225.250 - - [25/Feb/2023:04:05:15 -0800] "GET / HTTP/1.1" 200 5300 "-" "Mozilla/5.0 (iPhone; U; CPU iPhone OS 4_3 like Mac OS X; en-gb) AppleWebKit/533.17.9 (KHTML, like Gecko) Version/5.0.2 Mobile/8F190 Safari/6533.18.5" "ysfine.com"
52.167.144.35 - - [25/Feb/2023:04:05:42 -0800] "GET /world/ital/termini01.jpg HTTP/1.1" 200 127458 "-" "Mozilla/5.0 AppleWebKit/537.36 (KHTML, like Gecko; compatible; bingbot/2.0; +http://www.bing.com/bingbot.htm) Chrome/103.0.5060.134 Safari/537.36" "ysfine.com"
207.46.13.220 - - [25/Feb/2023:04:05:56 -0800] "GET /world/scandi/nbi24.jpg HTTP/1.1" 200 66167 "-" "Mozilla/5.0 AppleWebKit/537.36 (KHTML, like Gecko; compatible; bingbot/2.0; +http://www.bing.com/bingbot.htm) Chrome/103.0.5060.134 Safari/537.36" "ysfine.com"
64.124.8.55 - - [25/Feb/2023:04:06:30 -0800] "GET /wdc/waskor007.jpg HTTP/1.1" 200 63224 "-" "Mozilla/5.0 (Macintosh; Intel Mac OS X 10_15_7) AppleWebKit/537.36 (KHTML, like Gecko) Chrome/107.0.0.0 Safari/537.36" "ysfine.com"
173.252.83.11 - - [25/Feb/2023:04:06:32 -0800] "GET /world/france/lilas06c.jpg HTTP/1.1" 200 44689 "-" "facebookexternalhit/1.1 (+http://www.facebook.com/externalhit_uatext.php)" "ysfine.com"
64.124.8.55 - - [25/Feb/2023:04:06:37 -0800] "GET /world/ital/repub24.jpg HTTP/1.1" 200 94764 "-" "Mozilla/5.0 (Macintosh; Intel Mac OS X 10_15_7) AppleWebKit/537.36 (KHTML, like Gecko) Chrome/107.0.0.0 Safari/537.36" "www.ysfine.com"
180.124.87.177 - - [25/Feb/2023:04:06:39 -0800] "GET /maga/phys/okun01b.jpg HTTP/1.1" 200 27592 "-" "Mozilla/4.0 (compatible; MSIE 7.0; Windows NT 5.1; Avant Browser)" "ysfine.com"
223.74.235.208 - - [25/Feb/2023:04:06:44 -0800] "GET /maga/phys/okun02.jpg HTTP/1.1" 200 80450 "-" "Mozilla/4.0 (compatible; MSIE 7.0; Windows NT 5.1; Avant Browser)" "ysfine.com"
158.69.123.143 - - [25/Feb/2023:04:07:52 -0800] "GET /robots.txt HTTP/1.1" 404 73 "-" "Mozilla/5.0 (compatible; MJ12bot/v1.4.8; http://mj12bot.com/)" "www.ysfine.com"
158.69.123.143 - - [25/Feb/2023:04:07:59 -0800] "GET /world/ital/verona25.jpg HTTP/1.1" 200 140347 "-" "Mozilla/5.0 (compatible; MJ12bot/v1.4.8; http://mj12bot.com/)" "www.ysfine.com"
158.69.123.143 - - [25/Feb/2023:04:08:02 -0800] "GET /world/japan/osaka124.jpg HTTP/1.1" 200 102745 "-" "Mozilla/5.0 (compatible; MJ12bot/v1.4.8; http://mj12bot.com/)" "www.ysfine.com"
158.69.123.143 - - [25/Feb/2023:04:08:10 -0800] "GET /world/russ/petergr01.jpg HTTP/1.1" 200 94667 "-" "Mozilla/5.0 (compatible; MJ12bot/v1.4.8; http://mj12bot.com/)" "www.ysfine.com"
117.175.140.172 - - [25/Feb/2023:04:08:11 -0800] "GET /maga/phys/okun02.jpg HTTP/1.1" 200 80450 "-" "Mozilla/4.0 (compatible; MSIE 7.0; Windows NT 5.1; Avant Browser)" "ysfine.com"
158.69.123.143 - - [25/Feb/2023:04:08:13 -0800] "GET /world/scandi/norw01.jpg HTTP/1.1" 200 101713 "-" "Mozilla/5.0 (compatible; MJ12bot/v1.4.8; http://mj12bot.com/)" "www.ysfine.com"
158.69.123.143 - - [25/Feb/2023:04:08:19 -0800] "GET /world/scandi/norw02.jpg HTTP/1.1" 200 83103 "-" "Mozilla/5.0 (compatible; MJ12bot/v1.4.8; http://mj12bot.com/)" "www.ysfine.com"
64.124.8.55 - - [25/Feb/2023:04:08:24 -0800] "GET /ysbio/newyork/guggen33.jpg HTTP/1.1" 404 88 "-" "Mozilla/5.0 (Macintosh; Intel Mac OS X 10_15_7) AppleWebKit/537.36 (KHTML, like Gecko) Chrome/107.0.0.0 Safari/537.36" "www.ysfine.com"
158.69.123.143 - - [25/Feb/2023:04:08:26 -0800] "GET /world/scandi/norw03.jpg HTTP/1.1" 200 96640 "-" "Mozilla/5.0 (compatible; MJ12bot/v1.4.8; http://mj12bot.com/)" "www.ysfine.com"
158.69.123.143 - - [25/Feb/2023:04:08:33 -0800] "GET /world/scandi/norw06.jpg HTTP/1.1" 200 80192 "-" "Mozilla/5.0 (compatible; MJ12bot/v1.4.8; http://mj12bot.com/)" "www.ysfine.com"
173.252.83.22 - - [25/Feb/2023:04:08:36 -0800] "GET /usca/va/monti07a.jpg HTTP/1.1" 200 49013 "-" "facebookexternalhit/1.1 (+http://www.facebook.com/externalhit_uatext.php)" "ysfine.com"
158.69.123.143 - - [25/Feb/2023:04:08:39 -0800] "GET /world/scandi/norw07.jpg HTTP/1.1" 200 102078 "-" "Mozilla/5.0 (compatible; MJ12bot/v1.4.8; http://mj12bot.com/)" "www.ysfine.com"
64.124.8.55 - - [25/Feb/2023:04:08:43 -0800] "GET /world/china/hongkong14.jpg HTTP/1.1" 200 147804 "-" "Mozilla/5.0 (Macintosh; Intel Mac OS X 10_15_7) AppleWebKit/537.36 (KHTML, like Gecko) Chrome/107.0.0.0 Safari/537.36" "ysfine.com"
158.69.123.143 - - [25/Feb/2023:04:08:46 -0800] "GET /world/scandi/norw08.jpg HTTP/1.1" 200 115707 "-" "Mozilla/5.0 (compatible; MJ12bot/v1.4.8; http://mj12bot.com/)" "www.ysfine.com"
158.69.123.143 - - [25/Feb/2023:04:08:53 -0800] "GET /world/scandi/norw09.jpg HTTP/1.1" 200 71901 "-" "Mozilla/5.0 (compatible; MJ12bot/v1.4.8; http://mj12bot.com/)" "www.ysfine.com"
207.46.13.220 - - [25/Feb/2023:04:08:56 -0800] "GET /kobak/yalta.jpg HTTP/1.1" 200 179519 "-" "Mozilla/5.0 AppleWebKit/537.36 (KHTML, like Gecko; compatible; bingbot/2.0; +http://www.bing.com/bingbot.htm) Chrome/103.0.5060.134 Safari/537.36" "www.ysfine.com"
158.69.123.143 - - [25/Feb/2023:04:09:04 -0800] "GET /world/scandi/norw10.jpg HTTP/1.1" 200 91479 "-" "Mozilla/5.0 (compatible; MJ12bot/v1.4.8; http://mj12bot.com/)" "www.ysfine.com"
158.69.123.143 - - [25/Feb/2023:04:09:10 -0800] "GET /world/scandi/norw11.jpg HTTP/1.1" 200 129684 "-" "Mozilla/5.0 (compatible; MJ12bot/v1.4.8; http://mj12bot.com/)" "www.ysfine.com"
64.124.8.50 - - [25/Feb/2023:04:09:11 -0800] "GET /ysbio/folks/jweber.jpg HTTP/1.1" 404 88 "-" "Mozilla/5.0 (Macintosh; Intel Mac OS X 10_15_7) AppleWebKit/537.36 (KHTML, like Gecko) Chrome/107.0.0.0 Safari/537.36" "ysfine.com"
158.69.123.143 - - [25/Feb/2023:04:09:29 -0800] "GET /world/scandi/norw12.jpg HTTP/1.1" 200 154499 "-" "Mozilla/5.0 (compatible; MJ12bot/v1.4.8; http://mj12bot.com/)" "www.ysfine.com"
158.69.123.143 - - [25/Feb/2023:04:09:34 -0800] "GET /world/scandi/norw13.jpg HTTP/1.1" 200 92772 "-" "Mozilla/5.0 (compatible; MJ12bot/v1.4.8; http://mj12bot.com/)" "www.ysfine.com"
216.244.66.229 - - [25/Feb/2023:04:09:44 -0800] "GET /robots.txt HTTP/1.1" 404 73 "-" "Mozilla/5.0 (compatible; DotBot/1.2; +https://opensiteexplorer.org/dotbot; help@moz.com)" "www.ysfine.com"
216.244.66.229 - - [25/Feb/2023:04:09:44 -0800] "GET /robots.txt HTTP/1.1" 404 73 "-" "Mozilla/5.0 (compatible; DotBot/1.2; +https://opensiteexplorer.org/dotbot; help@moz.com)" "ysfine.com"
158.69.123.143 - - [25/Feb/2023:04:09:48 -0800] "GET /world/scandi/norw14.jpg HTTP/1.1" 200 85201 "-" "Mozilla/5.0 (compatible; MJ12bot/v1.4.8; http://mj12bot.com/)" "www.ysfine.com"
158.69.123.143 - - [25/Feb/2023:04:09:55 -0800] "GET /world/scandi/norw15.jpg HTTP/1.1" 200 95213 "-" "Mozilla/5.0 (compatible; MJ12bot/v1.4.8; http://mj12bot.com/)" "www.ysfine.com"
158.69.123.143 - - [25/Feb/2023:04:10:05 -0800] "GET /world/scandi/norw16.jpg HTTP/1.1" 200 137858 "-" "Mozilla/5.0 (compatible; MJ12bot/v1.4.8; http://mj12bot.com/)" "www.ysfine.com"
64.124.8.52 - - [25/Feb/2023:04:10:07 -0800] "GET /wdc/kennedyc10.jpg HTTP/1.1" 200 77673 "-" "Mozilla/5.0 (Macintosh; Intel Mac OS X 10_15_7) AppleWebKit/537.36 (KHTML, like Gecko) Chrome/107.0.0.0 Safari/537.36" "ysfine.com"
64.124.8.48 - - [25/Feb/2023:04:10:19 -0800] "GET /ysbio/newyork/colum18.jpg HTTP/1.1" 404 88 "-" "Mozilla/5.0 (Macintosh; Intel Mac OS X 10_15_7) AppleWebKit/537.36 (KHTML, like Gecko) Chrome/107.0.0.0 Safari/537.36" "ysfine.com"
158.69.123.143 - - [25/Feb/2023:04:10:22 -0800] "GET /world/scandi/norw22.jpg HTTP/1.1" 200 82723 "-" "Mozilla/5.0 (compatible; MJ12bot/v1.4.8; http://mj12bot.com/)" "www.ysfine.com"
173.252.83.19 - - [25/Feb/2023:04:10:25 -0800] "GET /home/fig22/cafe33f.jpg HTTP/1.1" 200 147078 "-" "facebookexternalhit/1.1 (+http://www.facebook.com/externalhit_uatext.php)" "ysfine.com"
158.69.123.143 - - [25/Feb/2023:04:10:35 -0800] "GET /world/scandi/norw25.jpg HTTP/1.1" 200 95991 "-" "Mozilla/5.0 (compatible; MJ12bot/v1.4.8; http://mj12bot.com/)" "www.ysfine.com"
158.69.123.143 - - [25/Feb/2023:04:10:43 -0800] "GET /world/scandi/norw27.jpg HTTP/1.1" 200 94873 "-" "Mozilla/5.0 (compatible; MJ12bot/v1.4.8; http://mj12bot.com/)" "www.ysfine.com"
158.69.123.143 - - [25/Feb/2023:04:10:52 -0800] "GET /world/scandi/norw28.jpg HTTP/1.1" 200 81315 "-" "Mozilla/5.0 (compatible; MJ12bot/v1.4.8; http://mj12bot.com/)" "www.ysfine.com"
158.69.123.143 - - [25/Feb/2023:04:11:00 -0800] "GET /ysbio/class54/acs/acs17.jpg HTTP/1.1" 404 88 "-" "Mozilla/5.0 (compatible; MJ12bot/v1.4.8; http://mj12bot.com/)" "www.ysfine.com"
158.69.123.143 - - [25/Feb/2023:04:11:08 -0800] "GET /ysbio/class54/acs/acs68.jpg HTTP/1.1" 404 88 "-" "Mozilla/5.0 (compatible; MJ12bot/v1.4.8; http://mj12bot.com/)" "www.ysfine.com"
158.69.123.143 - - [25/Feb/2023:04:11:17 -0800] "GET /ysbio/class54/acs/acs75.jpg HTTP/1.1" 404 88 "-" "Mozilla/5.0 (compatible; MJ12bot/v1.4.8; http://mj12bot.com/)" "www.ysfine.com"
158.69.123.143 - - [25/Feb/2023:04:11:25 -0800] "GET /ysbio/class54/acs/acs96.jpg HTTP/1.1" 404 88 "-" "Mozilla/5.0 (compatible; MJ12bot/v1.4.8; http://mj12bot.com/)" "www.ysfine.com"
158.69.123.143 - - [25/Feb/2023:04:11:30 -0800] "GET /ysbio/world/kor/sel803.jpg HTTP/1.1" 404 88 "-" "Mozilla/5.0 (compatible; MJ12bot/v1.4.8; http://mj12bot.com/)" "www.ysfine.com"
52.167.144.35 - - [25/Feb/2023:04:11:33 -0800] "GET /bio/style/artlove.html HTTP/1.1" 404 88 "-" "Mozilla/5.0 AppleWebKit/537.36 (KHTML, like Gecko; compatible; bingbot/2.0; +http://www.bing.com/bingbot.htm) Chrome/103.0.5060.134 Safari/537.36" "ysfine.com"
158.69.123.143 - - [25/Feb/2023:04:11:34 -0800] "GET /yspapers/restof.pdf HTTP/1.1" 404 88 "-" "Mozilla/5.0 (compatible; MJ12bot/v1.4.8; http://mj12bot.com/)" "www.ysfine.com"
158.69.123.143 - - [25/Feb/2023:04:11:42 -0800] "GET /maga/phil/einphoto.html HTTP/1.1" 404 88 "-" "Mozilla/5.0 (compatible; MJ12bot/v1.4.8; http://mj12bot.com/)" "www.ysfine.com"
158.69.123.143 - - [25/Feb/2023:04:11:48 -0800] "GET /maga/phil/emc/fparton.html HTTP/1.1" 404 88 "-" "Mozilla/5.0 (compatible; MJ12bot/v1.4.8; http://mj12bot.com/)" "www.ysfine.com"
61.147.15.67 - - [25/Feb/2023:04:11:50 -0800] "GET / HTTP/1.1" 200 5300 "-" "Mozilla/5.0 (Linux; U; Android 7.1.2; zh-CN; vivo X9s Plus Build/N2G47H) AppleWebKit/537.36 (KHTML, like Gecko) Version/4.0 Chrome/57.0.2987.108 UCBrowser/11.9.4.974 UWS/2.14.0.13 Mobile Safari/537.36 AliApp(TB/7.10.4) UCBS/2.11.1.1 TTID/600000@taobao_android_7.10.4 WindVane/8.3.0 1080X1920" "ysfine.com"
158.69.123.143 - - [25/Feb/2023:04:11:54 -0800] "GET /maga/phil/sisfa12/frame01.html HTTP/1.1" 200 304 "-" "Mozilla/5.0 (compatible; MJ12bot/v1.4.8; http://mj12bot.com/)" "www.ysfine.com"
158.69.123.143 - - [25/Feb/2023:04:11:59 -0800] "GET /maga/phil/sisfa12/frame06.html HTTP/1.1" 200 320 "-" "Mozilla/5.0 (compatible; MJ12bot/v1.4.8; http://mj12bot.com/)" "www.ysfine.com"
64.124.8.49 - - [25/Feb/2023:04:12:00 -0800] "GET /world/germany/oktf02.jpg HTTP/1.1" 200 119086 "-" "Mozilla/5.0 (Macintosh; Intel Mac OS X 10_15_7) AppleWebKit/537.36 (KHTML, like Gecko) Chrome/107.0.0.0 Safari/537.36" "www.ysfine.com"
158.69.123.143 - - [25/Feb/2023:04:12:03 -0800] "GET /maga/phil/sisfa12/frame08.html HTTP/1.1" 200 320 "-" "Mozilla/5.0 (compatible; MJ12bot/v1.4.8; http://mj12bot.com/)" "www.ysfine.com"
64.124.8.53 - - [25/Feb/2023:04:12:05 -0800] "GET /ysbio/world/france/champbenz04.jpg HTTP/1.1" 404 88 "-" "Mozilla/5.0 (Macintosh; Intel Mac OS X 10_15_7) AppleWebKit/537.36 (KHTML, like Gecko) Chrome/107.0.0.0 Safari/537.36" "www.ysfine.com"
158.69.123.143 - - [25/Feb/2023:04:12:07 -0800] "GET /maga/wigner/lunch.html HTTP/1.1" 404 88 "-" "Mozilla/5.0 (compatible; MJ12bot/v1.4.8; http://mj12bot.com/)" "www.ysfine.com"
61.147.15.65 - - [25/Feb/2023:04:12:12 -0800] "GET / HTTP/1.1" 200 5300 "-" "Mozilla/5.0 (Macintosh; Intel Mac OS X 10_11) AppleWebKit/601.1.27 (KHTML, like Gecko) Chrome/47.0.2526.106 Safari/601.1.27" "ysfine.com"
97.83.20.75 - - [25/Feb/2023:04:12:12 -0800] "GET /wigner/wigein.jpg HTTP/1.1" 200 152965 "http://ysfine.com/wigner/wigphoto.html" "webcollage/1.182" "ysfine.com"
158.69.123.143 - - [25/Feb/2023:04:12:13 -0800] "GET /maga/wigner/wigpoin.html HTTP/1.1" 404 88 "-" "Mozilla/5.0 (compatible; MJ12bot/v1.4.8; http://mj12bot.com/)" "www.ysfine.com"
158.69.123.143 - - [25/Feb/2023:04:12:18 -0800] "GET /ysbio/einstein/ulm.html HTTP/1.1" 404 88 "-" "Mozilla/5.0 (compatible; MJ12bot/v1.4.8; http://mj12bot.com/)" "www.ysfine.com"
216.244.66.229 - - [25/Feb/2023:04:12:19 -0800] "GET /home/yshome.html HTTP/1.1" 200 15880 "-" "Mozilla/5.0 (compatible; DotBot/1.2; +https://opensiteexplorer.org/dotbot; help@moz.com)" "ysfine.com"
216.244.66.229 - - [25/Feb/2023:04:12:23 -0800] "GET /auto/fotos/stephens11.jpg HTTP/1.1" 200 134940 "-" "Mozilla/5.0 (compatible; DotBot/1.2; +https://opensiteexplorer.org/dotbot; help@moz.com)" "www.ysfine.com"
52.167.144.62 - - [25/Feb/2023:04:12:24 -0800] "GET /world/poland/wierzynek2.jpg HTTP/1.1" 200 52202 "-" "Mozilla/5.0 AppleWebKit/537.36 (KHTML, like Gecko; compatible; bingbot/2.0; +http://www.bing.com/bingbot.htm) Chrome/103.0.5060.134 Safari/537.36" "ysfine.com"
216.244.66.229 - - [25/Feb/2023:04:12:28 -0800] "GET /auto/home/index.html HTTP/1.1" 404 73 "-" "Mozilla/5.0 (compatible; DotBot/1.2; +https://opensiteexplorer.org/dotbot; help@moz.com)" "www.ysfine.com"
64.124.8.50 - - [25/Feb/2023:04:12:48 -0800] "GET /ysbio/world/latina/sambario11.jpg HTTP/1.1" 404 88 "-" "Mozilla/5.0 (Macintosh; Intel Mac OS X 10_15_7) AppleWebKit/537.36 (KHTML, like Gecko) Chrome/107.0.0.0 Safari/537.36" "ysfine.com"
216.244.66.229 - - [25/Feb/2023:04:12:58 -0800] "GET /awards/iao.html HTTP/1.1" 200 7183 "-" "Mozilla/5.0 (compatible; DotBot/1.2; +https://opensiteexplorer.org/dotbot; help@moz.com)" "www.ysfine.com"
216.244.66.229 - - [25/Feb/2023:04:13:02 -0800] "GET /home/washmo23.jpg HTTP/1.1" 200 61356 "-" "Mozilla/5.0 (compatible; DotBot/1.2; +https://opensiteexplorer.org/dotbot; help@moz.com)" "ysfine.com"
216.244.66.229 - - [25/Feb/2023:04:13:07 -0800] "GET /world/greece.html HTTP/1.1" 200 409 "-" "Mozilla/5.0 (compatible; DotBot/1.2; +https://opensiteexplorer.org/dotbot; help@moz.com)" "ysfine.com"
216.244.66.229 - - [25/Feb/2023:04:13:10 -0800] "GET /kowar/tehran43.jpg HTTP/1.1" 200 145402 "-" "Mozilla/5.0 (compatible; DotBot/1.2; +https://opensiteexplorer.org/dotbot; help@moz.com)" "www.ysfine.com"
216.244.66.229 - - [25/Feb/2023:04:13:13 -0800] "GET /world/germany.html HTTP/1.1" 200 851 "-" "Mozilla/5.0 (compatible; DotBot/1.2; +https://opensiteexplorer.org/dotbot; help@moz.com)" "ysfine.com"
216.244.66.229 - - [25/Feb/2023:04:13:18 -0800] "GET /home/yspr61.jpg HTTP/1.1" 200 217844 "-" "Mozilla/5.0 (compatible; DotBot/1.2; +https://opensiteexplorer.org/dotbot; help@moz.com)" "www.ysfine.com"
61.147.15.65 - - [25/Feb/2023:04:13:43 -0800] "GET / HTTP/1.1" 200 5300 "-" "Mozilla/5.0 (Macintosh; Intel Mac OS X 10_11) AppleWebKit/601.1.27 (KHTML, like Gecko) Chrome/47.0.2526.106 Safari/601.1.27" "ysfine.com"
52.167.144.62 - - [25/Feb/2023:04:13:45 -0800] "GET /auto/bio18.html HTTP/1.1" 200 16013 "-" "Mozilla/5.0 AppleWebKit/537.36 (KHTML, like Gecko; compatible; bingbot/2.0; +http://www.bing.com/bingbot.htm) Chrome/103.0.5060.134 Safari/537.36" "ysfine.com"
64.124.8.57 - - [25/Feb/2023:04:13:51 -0800] "GET /ysbio/wdc/usna18.jpg HTTP/1.1" 404 88 "-" "Mozilla/5.0 (Macintosh; Intel Mac OS X 10_15_7) AppleWebKit/537.36 (KHTML, like Gecko) Chrome/107.0.0.0 Safari/537.36" "ysfine.com"
64.124.8.52 - - [25/Feb/2023:04:14:10 -0800] "GET /sbk/1970cc.jpg HTTP/1.1" 200 129366 "-" "Mozilla/5.0 (Macintosh; Intel Mac OS X 10_15_7) AppleWebKit/537.36 (KHTML, like Gecko) Chrome/107.0.0.0 Safari/537.36" "ysfine.com"
64.124.8.28 - - [25/Feb/2023:04:14:13 -0800] "GET /ysbio/home/hyperell33.jpg HTTP/1.1" 404 88 "-" "Mozilla/5.0 (Macintosh; Intel Mac OS X 10_15_7) AppleWebKit/537.36 (KHTML, like Gecko) Chrome/107.0.0.0 Safari/537.36" "ysfine.com"
193.48.226.66 - - [25/Feb/2023:04:14:14 -0800] "GET /maga/histo/desiree21.jpg HTTP/1.1" 200 91829 "https://www.google.com/" "Mozilla/5.0 (Windows NT 10.0; Win64; x64) AppleWebKit/537.36 (KHTML, like Gecko) Chrome/110.0.0.0 Safari/537.36" "ysfine.com"
61.147.15.65 - - [25/Feb/2023:04:14:14 -0800] "GET / HTTP/1.1" 200 5300 "-" "Dalvik/2.1.0 (Linux; U; Android 9.0; ZTE BA520 Build/MRA58K)" "ysfine.com"
193.48.226.66 - - [25/Feb/2023:04:14:17 -0800] "GET /maga/histo/desiree21.jpg HTTP/1.1" 200 91829 "https://www.google.com/" "Mozilla/5.0 (Windows NT 10.0; Win64; x64) AppleWebKit/537.36 (KHTML, like Gecko) Chrome/110.0.0.0 Safari/537.36" "ysfine.com"
216.244.66.229 - - [25/Feb/2023:04:14:38 -0800] "GET /newyork/wtc11.jpg HTTP/1.1" 200 104125 "-" "Mozilla/5.0 (compatible; DotBot/1.2; +https://opensiteexplorer.org/dotbot; help@moz.com)" "www.ysfine.com"
216.244.66.229 - - [25/Feb/2023:04:15:13 -0800] "GET /feynman/feyfirm66.jpg HTTP/1.1" 200 211924 "-" "Mozilla/5.0 (compatible; DotBot/1.2; +https://opensiteexplorer.org/dotbot; help@moz.com)" "ysfine.com"
64.124.8.49 - - [25/Feb/2023:04:15:31 -0800] "GET /world/russ/mosf64.jpg HTTP/1.1" 200 200493 "-" "Mozilla/5.0 (Macintosh; Intel Mac OS X 10_15_7) AppleWebKit/537.36 (KHTML, like Gecko) Chrome/107.0.0.0 Safari/537.36" "ysfine.com"
64.124.8.57 - - [25/Feb/2023:04:15:37 -0800] "GET /ysbio/world/france/champ10.jpg HTTP/1.1" 404 88 "-" "Mozilla/5.0 (Macintosh; Intel Mac OS X 10_15_7) AppleWebKit/537.36 (KHTML, like Gecko) Chrome/107.0.0.0 Safari/537.36" "ysfine.com"
40.77.167.178 - - [25/Feb/2023:04:15:52 -0800] "GET /world/poland/polstu11.jpg HTTP/1.1" 200 104151 "-" "Mozilla/5.0 AppleWebKit/537.36 (KHTML, like Gecko; compatible; bingbot/2.0; +http://www.bing.com/bingbot.htm) Chrome/103.0.5060.134 Safari/537.36" "ysfine.com"
216.244.66.229 - - [25/Feb/2023:04:15:54 -0800] "GET /newyork/hilton17.jpg HTTP/1.1" 200 184115 "-" "Mozilla/5.0 (compatible; DotBot/1.2; +https://opensiteexplorer.org/dotbot; help@moz.com)" "ysfine.com"
52.167.144.35 - - [25/Feb/2023:04:16:02 -0800] "GET /home/sing.html HTTP/1.1" 304 - "-" "Mozilla/5.0 AppleWebKit/537.36 (KHTML, like Gecko; compatible; bingbot/2.0; +http://www.bing.com/bingbot.htm) Chrome/103.0.5060.134 Safari/537.36" "ysfine.com"
64.124.8.28 - - [25/Feb/2023:04:16:10 -0800] "GET /ysbio/world/brit/bond32.jpg HTTP/1.1" 404 88 "-" "Mozilla/5.0 (Macintosh; Intel Mac OS X 10_15_7) AppleWebKit/537.36 (KHTML, like Gecko) Chrome/107.0.0.0 Safari/537.36" "ysfine.com"
64.124.8.48 - - [25/Feb/2023:04:16:24 -0800] "GET /world/china/beijing111.jpg HTTP/1.1" 200 121684 "-" "Mozilla/5.0 (Macintosh; Intel Mac OS X 10_15_7) AppleWebKit/537.36 (KHTML, like Gecko) Chrome/107.0.0.0 Safari/537.36" "ysfine.com"
216.244.66.229 - - [25/Feb/2023:04:16:34 -0800] "GET /sbk/2005sandy22.jpg HTTP/1.1" 200 74004 "-" "Mozilla/5.0 (compatible; DotBot/1.2; +https://opensiteexplorer.org/dotbot; help@moz.com)" "ysfine.com"
216.244.66.229 - - [25/Feb/2023:04:17:04 -0800] "GET /sbk/2012metz11.jpg HTTP/1.1" 200 106792 "-" "Mozilla/5.0 (compatible; DotBot/1.2; +https://opensiteexplorer.org/dotbot; help@moz.com)" "ysfine.com"
216.244.66.229 - - [25/Feb/2023:04:17:40 -0800] "GET /wdc/koreaw33.jpg HTTP/1.1" 200 112219 "-" "Mozilla/5.0 (compatible; DotBot/1.2; +https://opensiteexplorer.org/dotbot; help@moz.com)" "ysfine.com"
64.124.8.55 - - [25/Feb/2023:04:17:54 -0800] "GET /world/france/pantheon05.jpg HTTP/1.1" 200 97900 "-" "Mozilla/5.0 (Macintosh; Intel Mac OS X 10_15_7) AppleWebKit/537.36 (KHTML, like Gecko) Chrome/107.0.0.0 Safari/537.36" "ysfine.com"
64.124.8.50 - - [25/Feb/2023:04:18:09 -0800] "GET /ysbio/world/russ/kazan056.jpg HTTP/1.1" 404 88 "-" "Mozilla/5.0 (Macintosh; Intel Mac OS X 10_15_7) AppleWebKit/537.36 (KHTML, like Gecko) Chrome/107.0.0.0 Safari/537.36" "ysfine.com"
66.249.66.86 - - [25/Feb/2023:04:18:26 -0800] "GET /maga/phil/adamsmith02.jpg HTTP/1.1" 200 108657 "-" "Googlebot-Image/1.0" "ysfine.com"
216.244.66.229 - - [25/Feb/2023:04:18:31 -0800] "GET /wdc/washmo14.jpg HTTP/1.1" 200 100379 "-" "Mozilla/5.0 (compatible; DotBot/1.2; +https://opensiteexplorer.org/dotbot; help@moz.com)" "ysfine.com"
216.244.66.229 - - [25/Feb/2023:04:19:08 -0800] "GET /wigner/fitch02.jpg HTTP/1.1" 200 78557 "-" "Mozilla/5.0 (compatible; DotBot/1.2; +https://opensiteexplorer.org/dotbot; help@moz.com)" "ysfine.com"
216.244.66.229 - - [25/Feb/2023:04:19:42 -0800] "GET /world/russ/minskwagon.html HTTP/1.1" 200 553 "-" "Mozilla/5.0 (compatible; DotBot/1.2; +https://opensiteexplorer.org/dotbot; help@moz.com)" "ysfine.com"
64.124.8.50 - - [25/Feb/2023:04:19:50 -0800] "GET /ysbio/world/brit/kensington09.jpg HTTP/1.1" 404 88 "-" "Mozilla/5.0 (Macintosh; Intel Mac OS X 10_15_7) AppleWebKit/537.36 (KHTML, like Gecko) Chrome/107.0.0.0 Safari/537.36" "ysfine.com"
141.138.47.122 - - [25/Feb/2023:04:19:57 -0800] "GET /einstein/eincurie11.jpg HTTP/1.1" 200 71229 "https://www.bing.com/" "Mozilla/5.0 (Windows NT 10.0; Win64; x64) AppleWebKit/537.36 (KHTML, like Gecko) Chrome/110.0.0.0 Safari/537.36 Edg/110.0.1587.56" "ysfine.com"
207.46.13.223 - - [25/Feb/2023:04:19:59 -0800] "GET /class54/class5470/total_data/img/menu03_on.gif HTTP/1.1" 200 600 "-" "Mozilla/5.0 AppleWebKit/537.36 (KHTML, like Gecko; compatible; bingbot/2.0; +http://www.bing.com/bingbot.htm) Chrome/103.0.5060.134 Safari/537.36" "ysfine.com"
207.46.13.223 - - [25/Feb/2023:04:19:59 -0800] "GET /world/russ/spb20.jpg HTTP/1.1" 200 91158 "-" "Mozilla/5.0 AppleWebKit/537.36 (KHTML, like Gecko; compatible; bingbot/2.0; +http://www.bing.com/bingbot.htm) Chrome/103.0.5060.134 Safari/537.36" "ysfine.com"
