71.178.208.102 - - [25/Feb/2023:01:24:41 -0800] "GET /wigner/mzero03c.jpg HTTP/1.1" 200 22641 "https://www.ysfine.com/home/wigstu.html" "Mozilla/5.0 (Windows NT 10.0; Win64; x64; rv:109.0) Gecko/20100101 Firefox/110.0" "www.ysfine.com"
71.178.208.102 - - [25/Feb/2023:01:24:41 -0800] "GET /home/figs/isomor77f.jpg HTTP/1.1" 200 62704 "https://www.ysfine.com/home/wigstu.html" "Mozilla/5.0 (Windows NT 10.0; Win64; x64; rv:109.0) Gecko/20100101 Firefox/110.0" "www.ysfine.com"
71.178.208.102 - - [25/Feb/2023:01:24:41 -0800] "GET /wigner/euclid05c.jpg HTTP/1.1" 200 27861 "https://www.ysfine.com/home/wigstu.html" "Mozilla/5.0 (Windows NT 10.0; Win64; x64; rv:109.0) Gecko/20100101 Firefox/110.0" "www.ysfine.com"
217.162.34.76 - - [25/Feb/2023:01:24:51 -0800] "GET /kowar/tanks/m46c.jpg HTTP/1.1" 200 74862 "https://www.google.com/" "Mozilla/5.0 (Windows NT 10.0; Win64; x64) AppleWebKit/537.36 (KHTML, like Gecko) Chrome/110.0.0.0 Safari/537.36" "ysfine.com"
207.46.13.223 - - [25/Feb/2023:01:24:56 -0800] "GET /home/eindc03.jpg HTTP/1.1" 200 247500 "-" "Mozilla/5.0 AppleWebKit/537.36 (KHTML, like Gecko; compatible; bingbot/2.0; +http://www.bing.com/bingbot.htm) Chrome/103.0.5060.134 Safari/537.36" "ysfine.com"
52.167.144.62 - - [25/Feb/2023:01:25:08 -0800] "GET /folks/korean.html HTTP/1.1" 200 15128 "-" "Mozilla/5.0 AppleWebKit/537.36 (KHTML, like Gecko; compatible; bingbot/2.0; +http://www.bing.com/bingbot.htm) Chrome/103.0.5060.134 Safari/537.36" "ysfine.com"
52.167.144.62 - - [25/Feb/2023:01:26:17 -0800] "GET /fdx/index.html HTTP/1.1" 401 90 "-" "Mozilla/5.0 AppleWebKit/537.36 (KHTML, like Gecko; compatible; bingbot/2.0; +http://www.bing.com/bingbot.htm) Chrome/103.0.5060.134 Safari/537.36" "ysfine.com"
64.124.8.54 - - [25/Feb/2023:01:26:20 -0800] "GET /ysbio/houses/house76.jpg HTTP/1.1" 404 88 "-" "Mozilla/5.0 (Macintosh; Intel Mac OS X 10_15_7) AppleWebKit/537.36 (KHTML, like Gecko) Chrome/107.0.0.0 Safari/537.36" "ysfine.com"
64.124.8.29 - - [25/Feb/2023:01:26:28 -0800] "GET /friends/moso06.jpg HTTP/1.1" 404 88 "-" "Mozilla/5.0 (Macintosh; Intel Mac OS X 10_15_7) AppleWebKit/537.36 (KHTML, like Gecko) Chrome/107.0.0.0 Safari/537.36" "ysfine.com"
52.167.144.62 - - [25/Feb/2023:01:26:37 -0800] "GET /fdx/index.html HTTP/1.1" 401 90 "-" "Mozilla/5.0 AppleWebKit/537.36 (KHTML, like Gecko; compatible; bingbot/2.0; +http://www.bing.com/bingbot.htm) Chrome/103.0.5060.134 Safari/537.36" "ysfine.com"
207.46.13.223 - - [25/Feb/2023:01:26:49 -0800] "GET /einstein/einbohr.html HTTP/1.1" 200 6142 "-" "Mozilla/5.0 AppleWebKit/537.36 (KHTML, like Gecko; compatible; bingbot/2.0; +http://www.bing.com/bingbot.htm) Chrome/103.0.5060.134 Safari/537.36" "www.ysfine.com"
40.77.167.178 - - [25/Feb/2023:01:26:50 -0800] "GET /philo/helena.html HTTP/1.1" 200 6350 "-" "Mozilla/5.0 AppleWebKit/537.36 (KHTML, like Gecko; compatible; bingbot/2.0; +http://www.bing.com/bingbot.htm) Chrome/103.0.5060.134 Safari/537.36" "www.ysfine.com"
207.46.13.223 - - [25/Feb/2023:01:26:53 -0800] "GET /world/polandk.html HTTP/1.1" 200 5994 "-" "Mozilla/5.0 AppleWebKit/537.36 (KHTML, like Gecko; compatible; bingbot/2.0; +http://www.bing.com/bingbot.htm) Chrome/103.0.5060.134 Safari/537.36" "www.ysfine.com"
207.46.13.220 - - [25/Feb/2023:01:26:54 -0800] "GET /dirac/dirfeyn.html HTTP/1.1" 200 6341 "-" "Mozilla/5.0 AppleWebKit/537.36 (KHTML, like Gecko; compatible; bingbot/2.0; +http://www.bing.com/bingbot.htm) Chrome/103.0.5060.134 Safari/537.36" "www.ysfine.com"
207.46.13.220 - - [25/Feb/2023:01:26:54 -0800] "GET /kowar/tanks.html HTTP/1.1" 200 8699 "-" "Mozilla/5.0 AppleWebKit/537.36 (KHTML, like Gecko; compatible; bingbot/2.0; +http://www.bing.com/bingbot.htm) Chrome/103.0.5060.134 Safari/537.36" "www.ysfine.com"
52.167.144.62 - - [25/Feb/2023:01:26:59 -0800] "GET /maga/herod.html HTTP/1.1" 200 4341 "-" "Mozilla/5.0 AppleWebKit/537.36 (KHTML, like Gecko; compatible; bingbot/2.0; +http://www.bing.com/bingbot.htm) Chrome/103.0.5060.134 Safari/537.36" "www.ysfine.com"
52.167.144.62 - - [25/Feb/2023:01:26:59 -0800] "GET /dirac/dirk62.html HTTP/1.1" 200 3949 "-" "Mozilla/5.0 AppleWebKit/537.36 (KHTML, like Gecko; compatible; bingbot/2.0; +http://www.bing.com/bingbot.htm) Chrome/103.0.5060.134 Safari/537.36" "www.ysfine.com"
52.167.144.62 - - [25/Feb/2023:01:26:59 -0800] "GET /style/mushalls.html HTTP/1.1" 200 21398 "-" "Mozilla/5.0 AppleWebKit/537.36 (KHTML, like Gecko; compatible; bingbot/2.0; +http://www.bing.com/bingbot.htm) Chrome/103.0.5060.134 Safari/537.36" "www.ysfine.com"
40.77.167.178 - - [25/Feb/2023:01:27:04 -0800] "GET /wdc/wasdc.html HTTP/1.1" 200 13715 "-" "Mozilla/5.0 AppleWebKit/537.36 (KHTML, like Gecko; compatible; bingbot/2.0; +http://www.bing.com/bingbot.htm) Chrome/103.0.5060.134 Safari/537.36" "www.ysfine.com"
173.252.83.9 - - [25/Feb/2023:01:27:18 -0800] "GET /kobak/sorae/kumipo01.jpg HTTP/1.1" 200 111414 "-" "facebookexternalhit/1.1 (+http://www.facebook.com/externalhit_uatext.php)" "ysfine.com"
64.124.8.54 - - [25/Feb/2023:01:27:34 -0800] "GET /world/ital/venice32.jpg HTTP/1.1" 200 224430 "-" "Mozilla/5.0 (Macintosh; Intel Mac OS X 10_15_7) AppleWebKit/537.36 (KHTML, like Gecko) Chrome/107.0.0.0 Safari/537.36" "www.ysfine.com"
64.124.8.52 - - [25/Feb/2023:01:27:56 -0800] "GET /world/france/champ9610.jpg HTTP/1.1" 200 109247 "-" "Mozilla/5.0 (Macintosh; Intel Mac OS X 10_15_7) AppleWebKit/537.36 (KHTML, like Gecko) Chrome/107.0.0.0 Safari/537.36" "ysfine.com"
64.124.8.54 - - [25/Feb/2023:01:27:57 -0800] "GET /world/germany/berlin155.jpg HTTP/1.1" 200 117615 "-" "Mozilla/5.0 (Macintosh; Intel Mac OS X 10_15_7) AppleWebKit/537.36 (KHTML, like Gecko) Chrome/107.0.0.0 Safari/537.36" "www.ysfine.com"
64.124.8.52 - - [25/Feb/2023:01:28:06 -0800] "GET /people/klauder06.jpg HTTP/1.1" 200 127431 "-" "Mozilla/5.0 (Macintosh; Intel Mac OS X 10_15_7) AppleWebKit/537.36 (KHTML, like Gecko) Chrome/107.0.0.0 Safari/537.36" "ysfine.com"
204.18.232.142 - - [25/Feb/2023:01:28:10 -0800] "GET / HTTP/1.1" 200 5295 "-" "Mozilla/5.0 (iPad; CPU OS 8_1_2 like Mac OS X) AppleWebKit/600.1.4 (KHTML, like Gecko) Version/8.0 Mobile/12B440 Safari/600.1.4" "ysfine.com"
91.133.216.234 - - [25/Feb/2023:01:28:10 -0800] "GET /robots.txt HTTP/1.1" 404 88 "-" "Mozilla/5.0 (Linux; U; Android 4.4.3; en-us; KFASWI Build/KTU84M) AppleWebKit/537.36 (KHTML, like Gecko) Silk/3.68 like Chrome/39.0.2171.93 Safari/537.36" "ysfine.com"
64.124.8.28 - - [25/Feb/2023:01:28:22 -0800] "GET /ysbio/world/russ/minsk046.jpg HTTP/1.1" 404 88 "-" "Mozilla/5.0 (Macintosh; Intel Mac OS X 10_15_7) AppleWebKit/537.36 (KHTML, like Gecko) Chrome/107.0.0.0 Safari/537.36" "www.ysfine.com"
64.124.8.48 - - [25/Feb/2023:01:28:50 -0800] "GET /world/scandi/sto007.jpg HTTP/1.1" 200 99927 "-" "Mozilla/5.0 (Macintosh; Intel Mac OS X 10_15_7) AppleWebKit/537.36 (KHTML, like Gecko) Chrome/107.0.0.0 Safari/537.36" "ysfine.com"
40.77.167.178 - - [25/Feb/2023:01:28:59 -0800] "GET /world/germany/hegel21.jpg HTTP/1.1" 200 98925 "-" "Mozilla/5.0 AppleWebKit/537.36 (KHTML, like Gecko; compatible; bingbot/2.0; +http://www.bing.com/bingbot.htm) Chrome/103.0.5060.134 Safari/537.36" "www.ysfine.com"
207.46.13.220 - - [25/Feb/2023:01:29:19 -0800] "GET /bio.html HTTP/1.1" 304 - "-" "Mozilla/5.0 AppleWebKit/537.36 (KHTML, like Gecko; compatible; bingbot/2.0; +http://www.bing.com/bingbot.htm) Chrome/103.0.5060.134 Safari/537.36" "www.ysfine.com"
64.124.8.52 - - [25/Feb/2023:01:29:38 -0800] "GET /ysbio/world/baltic/lithu08.jpg HTTP/1.1" 404 88 "-" "Mozilla/5.0 (Macintosh; Intel Mac OS X 10_15_7) AppleWebKit/537.36 (KHTML, like Gecko) Chrome/107.0.0.0 Safari/537.36" "www.ysfine.com"
223.104.67.123 - - [25/Feb/2023:01:29:45 -0800] "GET /maga/phys/naimar/pewk08.jpg HTTP/1.1" 200 110253 "https://ysfine.com/maga/naimark.html" "Mozilla/5.0 (Windows NT 10.0; Win64; x64) AppleWebKit/537.36 (KHTML, like Gecko) Chrome/110.0.0.0 Safari/537.36 Edg/110.0.1587.50" "ysfine.com"
173.252.83.4 - - [25/Feb/2023:01:30:20 -0800] "GET /world/brit/harrow02b.jpg HTTP/1.1" 200 38403 "-" "facebookexternalhit/1.1 (+http://www.facebook.com/externalhit_uatext.php)" "ysfine.com"
223.104.67.123 - - [25/Feb/2023:01:30:44 -0800] "GET /maga/phys/naimar/poincs33b.jpg HTTP/1.1" 200 65195 "https://ysfine.com/maga/naimark.html" "Mozilla/5.0 (Windows NT 10.0; Win64; x64) AppleWebKit/537.36 (KHTML, like Gecko) Chrome/110.0.0.0 Safari/537.36 Edg/110.0.1587.50" "ysfine.com"
223.104.67.123 - - [25/Feb/2023:01:30:44 -0800] "GET /feynman/feynman270.jpg HTTP/1.1" 200 37830 "https://ysfine.com/maga/naimark.html" "Mozilla/5.0 (Windows NT 10.0; Win64; x64) AppleWebKit/537.36 (KHTML, like Gecko) Chrome/110.0.0.0 Safari/537.36 Edg/110.0.1587.50" "ysfine.com"
223.104.67.123 - - [25/Feb/2023:01:30:44 -0800] "GET /maga/phys/naimar/pewk10b.jpg HTTP/1.1" 200 44175 "https://ysfine.com/maga/naimark.html" "Mozilla/5.0 (Windows NT 10.0; Win64; x64) AppleWebKit/537.36 (KHTML, like Gecko) Chrome/110.0.0.0 Safari/537.36 Edg/110.0.1587.50" "ysfine.com"
223.104.67.123 - - [25/Feb/2023:01:30:44 -0800] "GET /maga/phys/naimar/pewk14b.jpg HTTP/1.1" 200 35927 "https://ysfine.com/maga/naimark.html" "Mozilla/5.0 (Windows NT 10.0; Win64; x64) AppleWebKit/537.36 (KHTML, like Gecko) Chrome/110.0.0.0 Safari/537.36 Edg/110.0.1587.50" "ysfine.com"
64.124.8.57 - - [25/Feb/2023:01:30:48 -0800] "GET /wdc/usna01.jpg HTTP/1.1" 200 130518 "-" "Mozilla/5.0 (Macintosh; Intel Mac OS X 10_15_7) AppleWebKit/537.36 (KHTML, like Gecko) Chrome/107.0.0.0 Safari/537.36" "ysfine.com"
64.124.8.54 - - [25/Feb/2023:01:30:59 -0800] "GET /world/ital/sapienza17.jpg HTTP/1.1" 200 116537 "-" "Mozilla/5.0 (Macintosh; Intel Mac OS X 10_15_7) AppleWebKit/537.36 (KHTML, like Gecko) Chrome/107.0.0.0 Safari/537.36" "www.ysfine.com"
207.46.13.220 - - [25/Feb/2023:01:31:00 -0800] "GET /people/jweber2.jpg HTTP/1.1" 200 36994 "-" "Mozilla/5.0 AppleWebKit/537.36 (KHTML, like Gecko; compatible; bingbot/2.0; +http://www.bing.com/bingbot.htm) Chrome/103.0.5060.134 Safari/537.36" "ysfine.com"
52.167.144.62 - - [25/Feb/2023:01:31:29 -0800] "GET /ysbio/einwig.html HTTP/1.1" 404 88 "-" "Mozilla/5.0 AppleWebKit/537.36 (KHTML, like Gecko; compatible; bingbot/2.0; +http://www.bing.com/bingbot.htm) Chrome/103.0.5060.134 Safari/537.36" "www.ysfine.com"
64.124.8.55 - - [25/Feb/2023:01:31:46 -0800] "GET /ysbio/world/baltic/lithu09.jpg HTTP/1.1" 404 88 "-" "Mozilla/5.0 (Macintosh; Intel Mac OS X 10_15_7) AppleWebKit/537.36 (KHTML, like Gecko) Chrome/107.0.0.0 Safari/537.36" "ysfine.com"
207.46.13.223 - - [25/Feb/2023:01:31:53 -0800] "GET /saram/d017.jpg HTTP/1.1" 200 77986 "-" "Mozilla/5.0 AppleWebKit/537.36 (KHTML, like Gecko; compatible; bingbot/2.0; +http://www.bing.com/bingbot.htm) Chrome/103.0.5060.134 Safari/537.36" "www.ysfine.com"
207.46.13.220 - - [25/Feb/2023:01:32:19 -0800] "GET /bio.html HTTP/1.1" 200 18260 "-" "Mozilla/5.0 AppleWebKit/537.36 (KHTML, like Gecko; compatible; bingbot/2.0; +http://www.bing.com/bingbot.htm) Chrome/103.0.5060.134 Safari/537.36" "ysfine.com"
40.77.167.178 - - [25/Feb/2023:01:33:00 -0800] "GET /world/scandi/norw24.jpg HTTP/1.1" 200 97560 "-" "Mozilla/5.0 AppleWebKit/537.36 (KHTML, like Gecko; compatible; bingbot/2.0; +http://www.bing.com/bingbot.htm) Chrome/103.0.5060.134 Safari/537.36" "ysfine.com"
74.234.65.22 - - [25/Feb/2023:01:33:27 -0800] "GET /e/admin/index.php HTTP/1.1" 404 88 "-" "Mozilla/5.0 (Windows NT 10.0; WOW64; rv:48.0) Gecko/20100101 Firefox/48.0" "www.ysfine.com"
64.124.8.49 - - [25/Feb/2023:01:33:43 -0800] "GET /world/balkan/istan064.jpg HTTP/1.1" 200 112006 "-" "Mozilla/5.0 (Macintosh; Intel Mac OS X 10_15_7) AppleWebKit/537.36 (KHTML, like Gecko) Chrome/107.0.0.0 Safari/537.36" "ysfine.com"
64.124.8.55 - - [25/Feb/2023:01:34:00 -0800] "GET /world/poland/holycoper11.jpg HTTP/1.1" 200 102944 "-" "Mozilla/5.0 (Macintosh; Intel Mac OS X 10_15_7) AppleWebKit/537.36 (KHTML, like Gecko) Chrome/107.0.0.0 Safari/537.36" "www.ysfine.com"
64.124.8.49 - - [25/Feb/2023:01:35:40 -0800] "GET /newyork/radioci01.jpg HTTP/1.1" 200 235186 "-" "Mozilla/5.0 (Macintosh; Intel Mac OS X 10_15_7) AppleWebKit/537.36 (KHTML, like Gecko) Chrome/107.0.0.0 Safari/537.36" "www.ysfine.com"
223.104.67.123 - - [25/Feb/2023:01:35:48 -0800] "GET /maga/phys/naimar/pewk09.jpg HTTP/1.1" 200 54557 "https://ysfine.com/maga/naimark.html" "Mozilla/5.0 (Windows NT 10.0; Win64; x64) AppleWebKit/537.36 (KHTML, like Gecko) Chrome/110.0.0.0 Safari/537.36 Edg/110.0.1587.50" "ysfine.com"
64.124.8.28 - - [25/Feb/2023:01:35:54 -0800] "GET /world/scandi/sto027.jpg HTTP/1.1" 200 69434 "-" "Mozilla/5.0 (Macintosh; Intel Mac OS X 10_15_7) AppleWebKit/537.36 (KHTML, like Gecko) Chrome/107.0.0.0 Safari/537.36" "ysfine.com"
64.124.8.50 - - [25/Feb/2023:01:36:10 -0800] "GET /ysbio/world/germany/stutt20.jpg HTTP/1.1" 404 88 "-" "Mozilla/5.0 (Macintosh; Intel Mac OS X 10_15_7) AppleWebKit/537.36 (KHTML, like Gecko) Chrome/107.0.0.0 Safari/537.36" "ysfine.com"
64.124.8.48 - - [25/Feb/2023:01:36:22 -0800] "GET /world/russ/minsk069.jpg HTTP/1.1" 200 84373 "-" "Mozilla/5.0 (Macintosh; Intel Mac OS X 10_15_7) AppleWebKit/537.36 (KHTML, like Gecko) Chrome/107.0.0.0 Safari/537.36" "www.ysfine.com"
52.167.144.62 - - [25/Feb/2023:01:37:18 -0800] "GET /yspapers/iopbook15.pdf HTTP/1.1" 304 - "-" "Mozilla/5.0 AppleWebKit/537.36 (KHTML, like Gecko; compatible; bingbot/2.0; +http://www.bing.com/bingbot.htm) Chrome/103.0.5060.134 Safari/537.36" "www.ysfine.com"
173.252.83.5 - - [25/Feb/2023:01:38:36 -0800] "GET /wdc/anna05b.jpg HTTP/1.1" 200 39615 "-" "facebookexternalhit/1.1 (+http://www.facebook.com/externalhit_uatext.php)" "ysfine.com"
207.46.13.223 - - [25/Feb/2023:01:38:43 -0800] "GET /style/musee/ath009.jpg HTTP/1.1" 200 83233 "-" "Mozilla/5.0 AppleWebKit/537.36 (KHTML, like Gecko; compatible; bingbot/2.0; +http://www.bing.com/bingbot.htm) Chrome/103.0.5060.134 Safari/537.36" "ysfine.com"
173.252.83.7 - - [25/Feb/2023:01:38:43 -0800] "GET /world/france/champ9605.jpg HTTP/1.1" 200 104970 "-" "facebookexternalhit/1.1 (+http://www.facebook.com/externalhit_uatext.php)" "ysfine.com"
52.167.144.35 - - [25/Feb/2023:01:38:47 -0800] "GET /einstein/newtein22.jpg HTTP/1.1" 200 81969 "-" "Mozilla/5.0 AppleWebKit/537.36 (KHTML, like Gecko; compatible; bingbot/2.0; +http://www.bing.com/bingbot.htm) Chrome/103.0.5060.134 Safari/537.36" "ysfine.com"
173.252.83.17 - - [25/Feb/2023:01:39:10 -0800] "GET /ffriends/amkor/leshalles11b.jpg HTTP/1.1" 200 50907 "-" "facebookexternalhit/1.1 (+http://www.facebook.com/externalhit_uatext.php)" "ysfine.com"
52.167.144.54 - - [25/Feb/2023:01:39:12 -0800] "GET /robots.txt HTTP/1.1" 404 88 "-" "Mozilla/5.0 AppleWebKit/537.36 (KHTML, like Gecko; compatible; bingbot/2.0; +http://www.bing.com/bingbot.htm) Chrome/103.0.5060.134 Safari/537.36" "ysfine.com"
64.124.8.54 - - [25/Feb/2023:01:39:34 -0800] "GET /world/poland/gdnf08.jpg HTTP/1.1" 200 138844 "-" "Mozilla/5.0 (Macintosh; Intel Mac OS X 10_15_7) AppleWebKit/537.36 (KHTML, like Gecko) Chrome/107.0.0.0 Safari/537.36" "ysfine.com"
173.252.83.4 - - [25/Feb/2023:01:39:47 -0800] "GET /ffriends/aline/czechair11c.jpg HTTP/1.1" 200 33425 "-" "facebookexternalhit/1.1 (+http://www.facebook.com/externalhit_uatext.php)" "ysfine.com"
64.124.8.28 - - [25/Feb/2023:01:39:58 -0800] "GET /ysbio/maga/phys/farad32.jpg HTTP/1.1" 404 88 "-" "Mozilla/5.0 (Macintosh; Intel Mac OS X 10_15_7) AppleWebKit/537.36 (KHTML, like Gecko) Chrome/107.0.0.0 Safari/537.36" "ysfine.com"
64.124.8.48 - - [25/Feb/2023:01:40:23 -0800] "GET /ysbio/world/spain/sevi050.jpg HTTP/1.1" 404 88 "-" "Mozilla/5.0 (Macintosh; Intel Mac OS X 10_15_7) AppleWebKit/537.36 (KHTML, like Gecko) Chrome/107.0.0.0 Safari/537.36" "ysfine.com"
173.252.83.24 - - [25/Feb/2023:01:40:31 -0800] "GET /ffriends/bulgastu01c.jpg HTTP/1.1" 200 31353 "-" "facebookexternalhit/1.1 (+http://www.facebook.com/externalhit_uatext.php)" "ysfine.com"
77.75.79.119 - - [25/Feb/2023:01:40:39 -0800] "GET /eink/index.html HTTP/1.1" 200 17716 "-" "Mozilla/5.0 (compatible; SeznamBot/4.0-RC1; +http://napoveda.seznam.cz/seznambot-intro/)" "ysfine.com"
3.127.148.1 - - [25/Feb/2023:01:41:06 -0800] "GET /einstein/heisenberg.html HTTP/1.1" 200 10552 "-" "Mozilla/5.0 (Macintosh; Intel Mac OS X 10_13_6) AppleWebKit/537.36 (KHTML, like Gecko) Chrome/67.0.3396.99 Safari/537.36" "ysfine.com"
64.124.8.57 - - [25/Feb/2023:01:41:21 -0800] "GET /ffriends/polchica01.jpg HTTP/1.1" 200 80789 "-" "Mozilla/5.0 (Macintosh; Intel Mac OS X 10_15_7) AppleWebKit/537.36 (KHTML, like Gecko) Chrome/107.0.0.0 Safari/537.36" "ysfine.com"
64.124.8.48 - - [25/Feb/2023:01:42:07 -0800] "GET /ysbio/usca/pitt/cmall04a.jpg HTTP/1.1" 404 88 "-" "Mozilla/5.0 (Macintosh; Intel Mac OS X 10_15_7) AppleWebKit/537.36 (KHTML, like Gecko) Chrome/107.0.0.0 Safari/537.36" "ysfine.com"
64.124.8.29 - - [25/Feb/2023:01:42:13 -0800] "GET /ysbio/style/musee/louvre07.jpg HTTP/1.1" 404 88 "-" "Mozilla/5.0 (Macintosh; Intel Mac OS X 10_15_7) AppleWebKit/537.36 (KHTML, like Gecko) Chrome/107.0.0.0 Safari/537.36" "ysfine.com"
64.124.8.48 - - [25/Feb/2023:01:42:18 -0800] "GET /usca/pitt/kerry11.jpg HTTP/1.1" 200 204958 "-" "Mozilla/5.0 (Macintosh; Intel Mac OS X 10_15_7) AppleWebKit/537.36 (KHTML, like Gecko) Chrome/107.0.0.0 Safari/537.36" "ysfine.com"
40.77.167.178 - - [25/Feb/2023:01:42:19 -0800] "GET /wigner/parents.jpg HTTP/1.1" 200 69463 "-" "Mozilla/5.0 AppleWebKit/537.36 (KHTML, like Gecko; compatible; bingbot/2.0; +http://www.bing.com/bingbot.htm) Chrome/103.0.5060.134 Safari/537.36" "ysfine.com"
52.167.144.35 - - [25/Feb/2023:01:42:59 -0800] "GET /home/goodbad2.jpg HTTP/1.1" 200 17488 "-" "Mozilla/5.0 AppleWebKit/537.36 (KHTML, like Gecko; compatible; bingbot/2.0; +http://www.bing.com/bingbot.htm) Chrome/103.0.5060.134 Safari/537.36" "www.ysfine.com"
52.167.144.62 - - [25/Feb/2023:01:43:00 -0800] "GET /fdx/index.html HTTP/1.1" 401 90 "-" "Mozilla/5.0 AppleWebKit/537.36 (KHTML, like Gecko; compatible; bingbot/2.0; +http://www.bing.com/bingbot.htm) Chrome/103.0.5060.134 Safari/537.36" "ysfine.com"
64.124.8.48 - - [25/Feb/2023:01:44:00 -0800] "GET /wigner/neum/pvn03.jpg HTTP/1.1" 200 83757 "-" "Mozilla/5.0 (Macintosh; Intel Mac OS X 10_15_7) AppleWebKit/537.36 (KHTML, like Gecko) Chrome/107.0.0.0 Safari/537.36" "ysfine.com"
64.124.8.53 - - [25/Feb/2023:01:44:03 -0800] "GET /friends/vilnius03.jpg HTTP/1.1" 404 88 "-" "Mozilla/5.0 (Macintosh; Intel Mac OS X 10_15_7) AppleWebKit/537.36 (KHTML, like Gecko) Chrome/107.0.0.0 Safari/537.36" "www.ysfine.com"
173.252.83.22 - - [25/Feb/2023:01:44:11 -0800] "GET /ffriends/aline/scanair02c.jpg HTTP/1.1" 200 27414 "-" "facebookexternalhit/1.1 (+http://www.facebook.com/externalhit_uatext.php)" "ysfine.com"
64.124.8.28 - - [25/Feb/2023:01:44:12 -0800] "GET /wdc/whxmas/whxmas20.jpg HTTP/1.1" 200 116269 "-" "Mozilla/5.0 (Macintosh; Intel Mac OS X 10_15_7) AppleWebKit/537.36 (KHTML, like Gecko) Chrome/107.0.0.0 Safari/537.36" "ysfine.com"
64.124.8.52 - - [25/Feb/2023:01:44:26 -0800] "GET /wigner/inonu.jpg HTTP/1.1" 200 68717 "-" "Mozilla/5.0 (Macintosh; Intel Mac OS X 10_15_7) AppleWebKit/537.36 (KHTML, like Gecko) Chrome/107.0.0.0 Safari/537.36" "ysfine.com"
52.167.144.62 - - [25/Feb/2023:01:44:29 -0800] "GET /fdx/index.html HTTP/1.1" 401 90 "-" "Mozilla/5.0 AppleWebKit/537.36 (KHTML, like Gecko; compatible; bingbot/2.0; +http://www.bing.com/bingbot.htm) Chrome/103.0.5060.134 Safari/537.36" "ysfine.com"
64.124.8.52 - - [25/Feb/2023:01:44:37 -0800] "GET /ysbio/world/ital/repub27.jpg HTTP/1.1" 404 88 "-" "Mozilla/5.0 (Macintosh; Intel Mac OS X 10_15_7) AppleWebKit/537.36 (KHTML, like Gecko) Chrome/107.0.0.0 Safari/537.36" "ysfine.com"
31.2.156.215 - - [25/Feb/2023:01:44:49 -0800] "GET / HTTP/1.1" 200 5295 "-" "Mozilla/5.0 (iPad; CPU OS 8_1_3 like Mac OS X) AppleWebKit/600.1.4 (KHTML, like Gecko) GSA/8.0.57838 Mobile/12B466 Safari/600.1.4" "ysfine.com"
5.52.179.68 - - [25/Feb/2023:01:44:49 -0800] "GET /robots.txt HTTP/1.1" 404 88 "-" "Mozilla/5.0 (Linux; Android 4.4.2; SM-T310 Build/KOT49H) AppleWebKit/537.36 (KHTML, like Gecko) Chrome/45.0.2454.84 Safari/537.36" "ysfine.com"
64.124.8.28 - - [25/Feb/2023:01:45:49 -0800] "GET /world/germany/benz06.jpg HTTP/1.1" 200 105271 "-" "Mozilla/5.0 (Macintosh; Intel Mac OS X 10_15_7) AppleWebKit/537.36 (KHTML, like Gecko) Chrome/107.0.0.0 Safari/537.36" "www.ysfine.com"
64.124.8.29 - - [25/Feb/2023:01:46:06 -0800] "GET /world/france/antibes03.jpg HTTP/1.1" 200 147752 "-" "Mozilla/5.0 (Macintosh; Intel Mac OS X 10_15_7) AppleWebKit/537.36 (KHTML, like Gecko) Chrome/107.0.0.0 Safari/537.36" "ysfine.com"
64.124.8.54 - - [25/Feb/2023:01:46:06 -0800] "GET /world/france/lilas03.jpg HTTP/1.1" 200 84279 "-" "Mozilla/5.0 (Macintosh; Intel Mac OS X 10_15_7) AppleWebKit/537.36 (KHTML, like Gecko) Chrome/107.0.0.0 Safari/537.36" "ysfine.com"
91.133.209.176 - - [25/Feb/2023:01:46:33 -0800] "GET / HTTP/1.1" 200 5295 "-" "Mozilla/5.0 (Linux; Android 4.4.2; SM-P600 Build/KOT49H) AppleWebKit/537.36 (KHTML, like Gecko) Chrome/45.0.2454.84 Safari/537.36" "ysfine.com"
31.2.192.64 - - [25/Feb/2023:01:46:33 -0800] "GET /robots.txt HTTP/1.1" 404 88 "-" "Mozilla/5.0 (Linux; Android 4.4.3; KFSOWI Build/KTU84M) AppleWebKit/537.36 (KHTML, like Gecko) Silk/44.1.81 like Chrome/44.0.2403.128 Safari/537.36" "ysfine.com"
52.167.144.62 - - [25/Feb/2023:01:46:49 -0800] "GET /fdx/index.html HTTP/1.1" 401 90 "-" "Mozilla/5.0 AppleWebKit/537.36 (KHTML, like Gecko; compatible; bingbot/2.0; +http://www.bing.com/bingbot.htm) Chrome/103.0.5060.134 Safari/537.36" "ysfine.com"
64.124.8.57 - - [25/Feb/2023:01:46:59 -0800] "GET /world/ital/termini11.jpg HTTP/1.1" 200 106352 "-" "Mozilla/5.0 (Macintosh; Intel Mac OS X 10_15_7) AppleWebKit/537.36 (KHTML, like Gecko) Chrome/107.0.0.0 Safari/537.36" "ysfine.com"
5.52.84.244 - - [25/Feb/2023:01:47:01 -0800] "GET /robots.txt HTTP/1.1" 404 88 "-" "Mozilla/5.0 ArchLinux (X11; Linux x86_64) AppleWebKit/535.1 (KHTML, like Gecko) Chrome/13.0.782.41 Safari/535.1" "ysfine.com"
91.133.202.91 - - [25/Feb/2023:01:47:01 -0800] "GET / HTTP/1.1" 200 5295 "-" "Mozilla/5.0 (iPhone; CPU iPhone OS 8_4_1 like Mac OS X) AppleWebKit/600.1.4 (KHTML, like Gecko) Mobile/12H321" "ysfine.com"
64.124.8.50 - - [25/Feb/2023:01:47:23 -0800] "GET /world/germany/schonbr01.jpg HTTP/1.1" 200 89359 "-" "Mozilla/5.0 (Macintosh; Intel Mac OS X 10_15_7) AppleWebKit/537.36 (KHTML, like Gecko) Chrome/107.0.0.0 Safari/537.36" "www.ysfine.com"
89.199.99.61 - - [25/Feb/2023:01:47:35 -0800] "GET / HTTP/1.1" 200 5295 "-" "Mozilla/5.0 (iPad; CPU OS 8_1 like Mac OS X) AppleWebKit/600.1.4 (KHTML, like Gecko) GSA/7.0.55539 Mobile/12B410 Safari/600.1.4" "ysfine.com"
5.210.242.232 - - [25/Feb/2023:01:47:36 -0800] "GET /robots.txt HTTP/1.1" 404 88 "-" "Mozilla/5.0 (X11; CrOS x86_64 7077.95.0) AppleWebKit/537.36 (KHTML, like Gecko) Chrome/44.0.2403.90 Safari/537.36" "ysfine.com"
123.123.219.71 - - [25/Feb/2023:01:48:49 -0800] "GET /robots.txt HTTP/1.1" 404 88 "-" "Mozilla/5.0 AppleWebKit/537.36 (KHTML, like Gecko) Chrome/55.0.2883.95 Safari/537.36" "ysfine.com"
123.123.219.71 - - [25/Feb/2023:01:48:51 -0800] "GET / HTTP/1.1" 200 5295 "-" "Mozilla/5.0 AppleWebKit/537.36 (KHTML, like Gecko) Chrome/55.0.2883.95 Safari/537.36" "ysfine.com"
51.222.253.19 - - [25/Feb/2023:01:49:19 -0800] "GET /style/stbot.html HTTP/1.1" 200 122 "-" "Mozilla/5.0 (compatible; AhrefsBot/7.0; +http://ahrefs.com/robot/)" "www.ysfine.com"
216.244.66.229 - - [25/Feb/2023:01:49:38 -0800] "GET /robots.txt HTTP/1.1" 404 73 "-" "Mozilla/5.0 (compatible; DotBot/1.2; +https://opensiteexplorer.org/dotbot; help@moz.com)" "www.ysfine.com"
64.124.8.52 - - [25/Feb/2023:01:49:46 -0800] "GET /world/france/flore05.jpg HTTP/1.1" 200 92160 "-" "Mozilla/5.0 (Macintosh; Intel Mac OS X 10_15_7) AppleWebKit/537.36 (KHTML, like Gecko) Chrome/107.0.0.0 Safari/537.36" "ysfine.com"
64.124.8.53 - - [25/Feb/2023:01:50:33 -0800] "GET /world/ital/verona09.jpg HTTP/1.1" 200 81322 "-" "Mozilla/5.0 (Macintosh; Intel Mac OS X 10_15_7) AppleWebKit/537.36 (KHTML, like Gecko) Chrome/107.0.0.0 Safari/537.36" "ysfine.com"
31.2.131.240 - - [25/Feb/2023:01:51:15 -0800] "GET / HTTP/1.1" 200 5295 "-" "Mozilla/5.0 (Linux; Android 5.0.1; SAMSUNG SM-N910V 4G Build/LRX22C) AppleWebKit/537.36 (KHTML, like Gecko) SamsungBrowser/2.1 Chrome/34.0.1847.76 Mobile Safari/537.36" "ysfine.com"
89.199.163.191 - - [25/Feb/2023:01:51:15 -0800] "GET /robots.txt HTTP/1.1" 404 88 "-" "Mozilla/5.0 (Linux; U; Android 4.4.3; en-us; KFTHWA Build/KTU84M) AppleWebKit/537.36 (KHTML, like Gecko) Silk/3.68 like Chrome/39.0.2171.93 Safari/537.36" "ysfine.com"
64.124.8.52 - - [25/Feb/2023:01:51:19 -0800] "GET /world/france/chagall13.jpg HTTP/1.1" 200 166717 "-" "Mozilla/5.0 (Macintosh; Intel Mac OS X 10_15_7) AppleWebKit/537.36 (KHTML, like Gecko) Chrome/107.0.0.0 Safari/537.36" "ysfine.com"
52.167.144.62 - - [25/Feb/2023:01:51:20 -0800] "GET /fdx/index.html HTTP/1.1" 401 90 "-" "Mozilla/5.0 AppleWebKit/537.36 (KHTML, like Gecko; compatible; bingbot/2.0; +http://www.bing.com/bingbot.htm) Chrome/103.0.5060.134 Safari/537.36" "ysfine.com"
64.124.8.53 - - [25/Feb/2023:01:51:46 -0800] "GET /ffriends/turkusa01.jpg HTTP/1.1" 200 168034 "-" "Mozilla/5.0 (Macintosh; Intel Mac OS X 10_15_7) AppleWebKit/537.36 (KHTML, like Gecko) Chrome/107.0.0.0 Safari/537.36" "ysfine.com"
64.124.8.48 - - [25/Feb/2023:01:51:48 -0800] "GET /ysbio/houses/house10.jpg HTTP/1.1" 404 88 "-" "Mozilla/5.0 (Macintosh; Intel Mac OS X 10_15_7) AppleWebKit/537.36 (KHTML, like Gecko) Chrome/107.0.0.0 Safari/537.36" "ysfine.com"
216.244.66.229 - - [25/Feb/2023:01:52:03 -0800] "GET /home/bio02.html HTTP/1.1" 404 73 "-" "Mozilla/5.0 (compatible; DotBot/1.2; +https://opensiteexplorer.org/dotbot; help@moz.com)" "www.ysfine.com"
216.244.66.229 - - [25/Feb/2023:01:52:08 -0800] "GET /auto/awards/marq/amway21.jpg HTTP/1.1" 404 73 "-" "Mozilla/5.0 (compatible; DotBot/1.2; +https://opensiteexplorer.org/dotbot; help@moz.com)" "www.ysfine.com"
173.252.83.13 - - [25/Feb/2023:01:52:34 -0800] "GET /wdc/eindc03b.jpg HTTP/1.1" 200 54447 "-" "facebookexternalhit/1.1 (+http://www.facebook.com/externalhit_uatext.php)" "ysfine.com"
173.252.83.12 - - [25/Feb/2023:01:52:37 -0800] "GET /world/baltic/lithu03b.jpg HTTP/1.1" 200 49235 "-" "facebookexternalhit/1.1 (+http://www.facebook.com/externalhit_uatext.php)" "ysfine.com"
66.249.66.34 - - [25/Feb/2023:01:53:39 -0800] "GET /robots.txt HTTP/1.1" 404 88 "-" "Mozilla/5.0 (compatible; Googlebot/2.1; +http://www.google.com/bot.html)" "ysfine.com"
66.249.66.36 - - [25/Feb/2023:01:53:39 -0800] "GET /maga/phys/schrod11b.jpg HTTP/1.1" 304 - "-" "Googlebot-Image/1.0" "ysfine.com"
81.17.57.144 - - [25/Feb/2023:01:53:53 -0800] "GET /robots.txt HTTP/1.1" 404 73 "-" "Mozilla/5.0 (compatible; MJ12bot/v1.4.8; http://mj12bot.com/)" "www.ysfine.com"
81.17.57.144 - - [25/Feb/2023:01:53:55 -0800] "GET /ysbio/world/kor/sel803.jpg HTTP/1.1" 404 88 "-" "Mozilla/5.0 (compatible; MJ12bot/v1.4.8; http://mj12bot.com/)" "www.ysfine.com"
64.124.8.28 - - [25/Feb/2023:01:53:59 -0800] "GET /princeton/nasshall15.jpg HTTP/1.1" 200 142415 "-" "Mozilla/5.0 (Macintosh; Intel Mac OS X 10_15_7) AppleWebKit/537.36 (KHTML, like Gecko) Chrome/107.0.0.0 Safari/537.36" "www.ysfine.com"
64.124.8.57 - - [25/Feb/2023:01:54:44 -0800] "GET /ysbio/world/baltic/kalin02.jpg HTTP/1.1" 404 88 "-" "Mozilla/5.0 (Macintosh; Intel Mac OS X 10_15_7) AppleWebKit/537.36 (KHTML, like Gecko) Chrome/107.0.0.0 Safari/537.36" "ysfine.com"
207.46.13.219 - - [25/Feb/2023:01:54:55 -0800] "GET /eink/learn22d.jpg HTTP/1.1" 200 34412 "-" "Mozilla/5.0 AppleWebKit/537.36 (KHTML, like Gecko; compatible; bingbot/2.0; +http://www.bing.com/bingbot.htm) Chrome/103.0.5060.134 Safari/537.36" "ysfine.com"
87.250.224.239 - - [25/Feb/2023:01:55:44 -0800] "GET /newyork/seaport07.jpg HTTP/1.1" 200 182578 "-" "Mozilla/5.0 (compatible; YandexImages/3.0; +http://yandex.com/bots)" "www.ysfine.com"
64.124.8.28 - - [25/Feb/2023:01:55:59 -0800] "GET /wdc/usna21.jpg HTTP/1.1" 200 72602 "-" "Mozilla/5.0 (Macintosh; Intel Mac OS X 10_15_7) AppleWebKit/537.36 (KHTML, like Gecko) Chrome/107.0.0.0 Safari/537.36" "www.ysfine.com"
52.167.144.35 - - [25/Feb/2023:01:56:20 -0800] "GET /bio/kobak/yskor.html HTTP/1.1" 404 88 "-" "Mozilla/5.0 AppleWebKit/537.36 (KHTML, like Gecko; compatible; bingbot/2.0; +http://www.bing.com/bingbot.htm) Chrome/103.0.5060.134 Safari/537.36" "ysfine.com"
173.252.83.117 - - [25/Feb/2023:01:56:24 -0800] "GET /eink/einhaus11c.jpg HTTP/1.1" 200 42522 "-" "facebookexternalhit/1.1 (+http://www.facebook.com/externalhit_uatext.php)" "ysfine.com"
173.252.83.6 - - [25/Feb/2023:01:56:29 -0800] "GET /ffriends/amkor/amstu20c.jpg HTTP/1.1" 200 45455 "-" "facebookexternalhit/1.1 (+http://www.facebook.com/externalhit_uatext.php)" "ysfine.com"
31.2.214.73 - - [25/Feb/2023:01:57:10 -0800] "GET /robots.txt HTTP/1.1" 404 88 "-" "Mozilla/5.0 (iPhone; CPU iPhone OS 8_1_2 like Mac OS X) AppleWebKit/600.1.4 (KHTML, like Gecko) Version/8.0 Mobile/12B440 Safari/600.1.4" "ysfine.com"
31.2.147.29 - - [25/Feb/2023:01:57:10 -0800] "GET / HTTP/1.1" 200 5295 "-" "Mozilla/5.0 (iPad; CPU OS 8_4_1 like Mac OS X) AppleWebKit/600.1.4 (KHTML, like Gecko) Mobile/12H321 [Pinterest/iOS]" "ysfine.com"
64.124.8.29 - - [25/Feb/2023:01:57:32 -0800] "GET /home/kbrain22.jpg HTTP/1.1" 200 174082 "-" "Mozilla/5.0 (Macintosh; Intel Mac OS X 10_15_7) AppleWebKit/537.36 (KHTML, like Gecko) Chrome/107.0.0.0 Safari/537.36" "www.ysfine.com"
64.124.8.52 - - [25/Feb/2023:01:58:03 -0800] "GET /ysbio/world/israel/jeru46.jpg HTTP/1.1" 404 88 "-" "Mozilla/5.0 (Macintosh; Intel Mac OS X 10_15_7) AppleWebKit/537.36 (KHTML, like Gecko) Chrome/107.0.0.0 Safari/537.36" "ysfine.com"
44.227.118.60 - - [25/Feb/2023:01:58:12 -0800] "GET /maga/invent/wright01.jpg HTTP/1.1" 200 176029 "-" "Mozilla/5.0 (X11; Ubuntu; Linux x86_64; rv:72.0) Gecko/20100101 Firefox/72.0" "ysfine.com"
64.124.8.52 - - [25/Feb/2023:01:58:13 -0800] "GET /style/musee/orsaym02.jpg HTTP/1.1" 200 100718 "-" "Mozilla/5.0 (Macintosh; Intel Mac OS X 10_15_7) AppleWebKit/537.36 (KHTML, like Gecko) Chrome/107.0.0.0 Safari/537.36" "www.ysfine.com"
136.158.44.89 - - [25/Feb/2023:01:58:36 -0800] "GET /maga/phys/schrod11.jpg HTTP/1.1" 200 107958 "https://ph.images.search.yahoo.com/yhs/search?p=ERWIN+SCHrodinger&fr=yhs-fc-2461&type=fc_ADDA49F0A8D_s58_g_e_d031020_n9998_c15&hspart=fc&hsimp=yhs-2461&imgurl=http%3A%2F%2Faustria-forum.org%2Fattach%2FWissenssammlungen%2FEssays%2FNaturwissenschaften%2FAuf_der_Suche_nach_dem_Leben_%2528Erwin_Schr%25C3%25B6dinger%2529%2FWZ_Erwin_Schr%25C3%25B6dinger.jpg" "Mozilla/5.0 (Windows NT 10.0; Win64; x64) AppleWebKit/537.36 (KHTML, like Gecko) Chrome/110.0.0.0 Safari/537.36" "ysfine.com"
52.167.144.35 - - [25/Feb/2023:01:59:00 -0800] "GET /bio/style/artlove.html HTTP/1.1" 404 88 "-" "Mozilla/5.0 AppleWebKit/537.36 (KHTML, like Gecko; compatible; bingbot/2.0; +http://www.bing.com/bingbot.htm) Chrome/103.0.5060.134 Safari/537.36" "ysfine.com"
64.124.8.48 - - [25/Feb/2023:01:59:20 -0800] "GET /world/latina/sambario13.jpg HTTP/1.1" 200 55872 "-" "Mozilla/5.0 (Macintosh; Intel Mac OS X 10_15_7) AppleWebKit/537.36 (KHTML, like Gecko) Chrome/107.0.0.0 Safari/537.36" "www.ysfine.com"
207.46.13.220 - - [25/Feb/2023:02:00:13 -0800] "GET /dirac/dirac63b.jpg HTTP/1.1" 200 41617 "-" "Mozilla/5.0 AppleWebKit/537.36 (KHTML, like Gecko; compatible; bingbot/2.0; +http://www.bing.com/bingbot.htm) Chrome/103.0.5060.134 Safari/537.36" "ysfine.com"
64.124.8.50 - - [25/Feb/2023:02:00:35 -0800] "GET /wdc/anna05.jpg HTTP/1.1" 200 79971 "-" "Mozilla/5.0 (Macintosh; Intel Mac OS X 10_15_7) AppleWebKit/537.36 (KHTML, like Gecko) Chrome/107.0.0.0 Safari/537.36" "ysfine.com"
52.167.144.62 - - [25/Feb/2023:02:00:41 -0800] "GET /fdx/index.html HTTP/1.1" 401 90 "-" "Mozilla/5.0 AppleWebKit/537.36 (KHTML, like Gecko; compatible; bingbot/2.0; +http://www.bing.com/bingbot.htm) Chrome/103.0.5060.134 Safari/537.36" "ysfine.com"
64.124.8.54 - - [25/Feb/2023:02:00:51 -0800] "GET /ysbio/style/musee/orsaym11.jpg HTTP/1.1" 404 88 "-" "Mozilla/5.0 (Macintosh; Intel Mac OS X 10_15_7) AppleWebKit/537.36 (KHTML, like Gecko) Chrome/107.0.0.0 Safari/537.36" "www.ysfine.com"
207.46.13.223 - - [25/Feb/2023:02:01:07 -0800] "GET /home/eward55.jpg HTTP/1.1" 200 177769 "-" "Mozilla/5.0 AppleWebKit/537.36 (KHTML, like Gecko; compatible; bingbot/2.0; +http://www.bing.com/bingbot.htm) Chrome/103.0.5060.134 Safari/537.36" "ysfine.com"
52.167.144.62 - - [25/Feb/2023:02:01:32 -0800] "GET /bio/style/proschanie.html HTTP/1.1" 404 88 "-" "Mozilla/5.0 AppleWebKit/537.36 (KHTML, like Gecko; compatible; bingbot/2.0; +http://www.bing.com/bingbot.htm) Chrome/103.0.5060.134 Safari/537.36" "ysfine.com"
40.77.167.178 - - [25/Feb/2023:02:01:36 -0800] "GET /ffriends/aline/jal22.jpg HTTP/1.1" 200 122778 "-" "Mozilla/5.0 AppleWebKit/537.36 (KHTML, like Gecko; compatible; bingbot/2.0; +http://www.bing.com/bingbot.htm) Chrome/103.0.5060.134 Safari/537.36" "ysfine.com"
207.46.13.219 - - [25/Feb/2023:02:01:37 -0800] "GET /princeton/prford11b.jpg HTTP/1.1" 200 52307 "-" "Mozilla/5.0 AppleWebKit/537.36 (KHTML, like Gecko; compatible; bingbot/2.0; +http://www.bing.com/bingbot.htm) Chrome/103.0.5060.134 Safari/537.36" "ysfine.com"
64.124.8.28 - - [25/Feb/2023:02:02:03 -0800] "GET /ysbio/world/russ/minsk077.jpg HTTP/1.1" 404 88 "-" "Mozilla/5.0 (Macintosh; Intel Mac OS X 10_15_7) AppleWebKit/537.36 (KHTML, like Gecko) Chrome/107.0.0.0 Safari/537.36" "ysfine.com"
173.252.83.16 - - [25/Feb/2023:02:02:16 -0800] "GET /world/france/champ1206.jpg HTTP/1.1" 200 64379 "-" "facebookexternalhit/1.1 (+http://www.facebook.com/externalhit_uatext.php)" "ysfine.com"
64.124.8.50 - - [25/Feb/2023:02:02:18 -0800] "GET /sbk/2000pr77.jpg HTTP/1.1" 200 244691 "-" "Mozilla/5.0 (Macintosh; Intel Mac OS X 10_15_7) AppleWebKit/537.36 (KHTML, like Gecko) Chrome/107.0.0.0 Safari/537.36" "ysfine.com"
207.46.13.219 - - [25/Feb/2023:02:02:47 -0800] "GET /people/sbt11c.jpg HTTP/1.1" 200 31479 "-" "Mozilla/5.0 AppleWebKit/537.36 (KHTML, like Gecko; compatible; bingbot/2.0; +http://www.bing.com/bingbot.htm) Chrome/103.0.5060.134 Safari/537.36" "ysfine.com"
87.250.224.239 - - [25/Feb/2023:02:03:04 -0800] "GET /world/brit/westmin01.jpg HTTP/1.1" 200 101097 "-" "Mozilla/5.0 (compatible; YandexImages/3.0; +http://yandex.com/bots)" "www.ysfine.com"
64.124.8.48 - - [25/Feb/2023:02:03:33 -0800] "GET /world/balkan/istan014.jpg HTTP/1.1" 200 70791 "-" "Mozilla/5.0 (Macintosh; Intel Mac OS X 10_15_7) AppleWebKit/537.36 (KHTML, like Gecko) Chrome/107.0.0.0 Safari/537.36" "www.ysfine.com"
40.77.167.178 - - [25/Feb/2023:02:04:03 -0800] "GET /world/russ/msu02.jpg HTTP/1.1" 200 66782 "-" "Mozilla/5.0 AppleWebKit/537.36 (KHTML, like Gecko; compatible; bingbot/2.0; +http://www.bing.com/bingbot.htm) Chrome/103.0.5060.134 Safari/537.36" "ysfine.com"
64.124.8.49 - - [25/Feb/2023:02:05:04 -0800] "GET /maga/phys/huy31.jpg HTTP/1.1" 200 163262 "-" "Mozilla/5.0 (Macintosh; Intel Mac OS X 10_15_7) AppleWebKit/537.36 (KHTML, like Gecko) Chrome/107.0.0.0 Safari/537.36" "ysfine.com"
91.133.198.226 - - [25/Feb/2023:02:05:07 -0800] "GET /robots.txt HTTP/1.1" 404 88 "-" "Mozilla/5.0(iPad; U; CPU iPhone OS 3_2 like Mac OS X; en-us) AppleWebKit/531.21.10 (KHTML, like Gecko) Version/4.0.4 Mobile/7B314 Safari/531.21.10" "ysfine.com"
91.133.219.77 - - [25/Feb/2023:02:05:07 -0800] "GET / HTTP/1.1" 200 5295 "-" "Mozilla/5.0 (iPhone; CPU iPhone OS 8_4_1 like Mac OS X) AppleWebKit/600.1.4 (KHTML, like Gecko) GSA/8.0.57838 Mobile/12H321 Safari/600.1.4" "ysfine.com"
64.124.8.54 - - [25/Feb/2023:02:05:36 -0800] "GET /ysbio/wigner/gim/class20.jpg HTTP/1.1" 404 88 "-" "Mozilla/5.0 (Macintosh; Intel Mac OS X 10_15_7) AppleWebKit/537.36 (KHTML, like Gecko) Chrome/107.0.0.0 Safari/537.36" "ysfine.com"
64.124.8.54 - - [25/Feb/2023:02:05:37 -0800] "GET /princeton/shapiro.jpg HTTP/1.1" 200 53951 "-" "Mozilla/5.0 (Macintosh; Intel Mac OS X 10_15_7) AppleWebKit/537.36 (KHTML, like Gecko) Chrome/107.0.0.0 Safari/537.36" "ysfine.com"
207.46.13.223 - - [25/Feb/2023:02:06:26 -0800] "GET /world/baltic/lithu04.jpg HTTP/1.1" 200 63670 "-" "Mozilla/5.0 AppleWebKit/537.36 (KHTML, like Gecko; compatible; bingbot/2.0; +http://www.bing.com/bingbot.htm) Chrome/103.0.5060.134 Safari/537.36" "ysfine.com"
64.124.8.50 - - [25/Feb/2023:02:07:17 -0800] "GET /style/alexandrov11.jpg HTTP/1.1" 200 186993 "-" "Mozilla/5.0 (Macintosh; Intel Mac OS X 10_15_7) AppleWebKit/537.36 (KHTML, like Gecko) Chrome/107.0.0.0 Safari/537.36" "www.ysfine.com"
64.124.8.50 - - [25/Feb/2023:02:07:32 -0800] "GET /world/ital/padova25.jpg HTTP/1.1" 200 73204 "-" "Mozilla/5.0 (Macintosh; Intel Mac OS X 10_15_7) AppleWebKit/537.36 (KHTML, like Gecko) Chrome/107.0.0.0 Safari/537.36" "www.ysfine.com"
5.188.210.30 - - [25/Feb/2023:02:07:40 -0800] "GET /world/visas.html HTTP/1.1" 200 7643 "https://www.ysfine.com/world/visas.html" "Mozilla/5.0 (Windows NT 10.0) AppleWebKit/537.36 (KHTML, like Gecko) Chrome/90.0.4430.72 Safari/537.36" "www.ysfine.com"
64.124.8.55 - - [25/Feb/2023:02:08:43 -0800] "GET /usca/calif/sanfra101.jpg HTTP/1.1" 200 57549 "-" "Mozilla/5.0 (Macintosh; Intel Mac OS X 10_15_7) AppleWebKit/537.36 (KHTML, like Gecko) Chrome/107.0.0.0 Safari/537.36" "www.ysfine.com"
64.124.8.49 - - [25/Feb/2023:02:08:54 -0800] "GET /kowar/tanks/gtank.jpg HTTP/1.1" 200 72559 "-" "Mozilla/5.0 (Macintosh; Intel Mac OS X 10_15_7) AppleWebKit/537.36 (KHTML, like Gecko) Chrome/107.0.0.0 Safari/537.36" "ysfine.com"
64.124.8.52 - - [25/Feb/2023:02:09:30 -0800] "GET /feynman/feychin.jpg HTTP/1.1" 200 33472 "-" "Mozilla/5.0 (Macintosh; Intel Mac OS X 10_15_7) AppleWebKit/537.36 (KHTML, like Gecko) Chrome/107.0.0.0 Safari/537.36" "www.ysfine.com"
207.46.13.219 - - [25/Feb/2023:02:09:38 -0800] "GET /wdc/shoreham11.jpg HTTP/1.1" 200 127258 "-" "Mozilla/5.0 AppleWebKit/537.36 (KHTML, like Gecko; compatible; bingbot/2.0; +http://www.bing.com/bingbot.htm) Chrome/103.0.5060.134 Safari/537.36" "www.ysfine.com"
1.55.142.57 - - [25/Feb/2023:02:10:41 -0800] "GET /kobak/1014c.jpg HTTP/1.1" 200 164928 "https://www.google.com/" "Mozilla/5.0 (Linux; Android 10; M2006C3LG) AppleWebKit/537.36 (KHTML, like Gecko) Chrome/107.0.0.0 Mobile Safari/537.36" "ysfine.com"
64.124.8.49 - - [25/Feb/2023:02:10:49 -0800] "GET /style/smithonian.jpg HTTP/1.1" 200 88645 "-" "Mozilla/5.0 (Macintosh; Intel Mac OS X 10_15_7) AppleWebKit/537.36 (KHTML, like Gecko) Chrome/107.0.0.0 Safari/537.36" "www.ysfine.com"
71.178.208.102 - - [25/Feb/2023:02:10:52 -0800] "GET /index.html HTTP/1.1" 200 5295 "-" "Mozilla/5.0 (Windows NT 10.0; Win64; x64; rv:109.0) Gecko/20100101 Firefox/110.0" "ysfine.com"
71.178.208.102 - - [25/Feb/2023:02:10:52 -0800] "GET /home/eink450.jpg HTTP/1.1" 304 - "-" "Mozilla/5.0 (Windows NT 10.0; Win64; x64; rv:109.0) Gecko/20100101 Firefox/110.0" "ysfine.com"
71.178.208.102 - - [25/Feb/2023:02:10:52 -0800] "GET /home/facu450.jpg HTTP/1.1" 304 - "-" "Mozilla/5.0 (Windows NT 10.0; Win64; x64; rv:109.0) Gecko/20100101 Firefox/110.0" "ysfine.com"
71.178.208.102 - - [25/Feb/2023:02:10:52 -0800] "GET /home/truck450.jpg HTTP/1.1" 200 42871 "-" "Mozilla/5.0 (Windows NT 10.0; Win64; x64; rv:109.0) Gecko/20100101 Firefox/110.0" "ysfine.com"
71.178.208.102 - - [25/Feb/2023:02:10:52 -0800] "GET /home/1987pr22d.jpg HTTP/1.1" 200 66428 "-" "Mozilla/5.0 (Windows NT 10.0; Win64; x64; rv:109.0) Gecko/20100101 Firefox/110.0" "ysfine.com"
71.178.208.102 - - [25/Feb/2023:02:10:52 -0800] "GET /home/top21d.jpg HTTP/1.1" 304 - "-" "Mozilla/5.0 (Windows NT 10.0; Win64; x64; rv:109.0) Gecko/20100101 Firefox/110.0" "ysfine.com"
71.178.208.102 - - [25/Feb/2023:02:10:52 -0800] "GET /home/eindc03d.jpg HTTP/1.1" 200 95860 "-" "Mozilla/5.0 (Windows NT 10.0; Win64; x64; rv:109.0) Gecko/20100101 Firefox/110.0" "ysfine.com"
71.178.208.102 - - [25/Feb/2023:02:10:52 -0800] "GET /home/washmo23d.jpg HTTP/1.1" 304 - "-" "Mozilla/5.0 (Windows NT 10.0; Win64; x64; rv:109.0) Gecko/20100101 Firefox/110.0" "ysfine.com"
71.178.208.102 - - [25/Feb/2023:02:10:52 -0800] "GET /home/goodbad450.jpg HTTP/1.1" 304 - "-" "Mozilla/5.0 (Windows NT 10.0; Win64; x64; rv:109.0) Gecko/20100101 Firefox/110.0" "ysfine.com"
71.178.208.102 - - [25/Feb/2023:02:10:52 -0800] "GET /eink/ewk86f.jpg HTTP/1.1" 304 - "-" "Mozilla/5.0 (Windows NT 10.0; Win64; x64; rv:109.0) Gecko/20100101 Firefox/110.0" "ysfine.com"
71.178.208.102 - - [25/Feb/2023:02:10:52 -0800] "GET /eink/einhaus11c.jpg HTTP/1.1" 200 42522 "-" "Mozilla/5.0 (Windows NT 10.0; Win64; x64; rv:109.0) Gecko/20100101 Firefox/110.0" "ysfine.com"
71.178.208.102 - - [25/Feb/2023:02:10:52 -0800] "GET /favicon.ico HTTP/1.1" 404 88 "https://ysfine.com/index.html" "Mozilla/5.0 (Windows NT 10.0; Win64; x64; rv:109.0) Gecko/20100101 Firefox/110.0" "ysfine.com"
64.124.8.28 - - [25/Feb/2023:02:11:01 -0800] "GET /ysbio/world/brit/imperialc06.jpg HTTP/1.1" 404 88 "-" "Mozilla/5.0 (Macintosh; Intel Mac OS X 10_15_7) AppleWebKit/537.36 (KHTML, like Gecko) Chrome/107.0.0.0 Safari/537.36" "ysfine.com"
71.178.208.102 - - [25/Feb/2023:02:11:02 -0800] "GET /awards/index.html HTTP/1.1" 200 10082 "https://www.ysfine.com/ys11/index.html" "Mozilla/5.0 (Windows NT 10.0; Win64; x64; rv:109.0) Gecko/20100101 Firefox/110.0" "www.ysfine.com"
71.178.208.102 - - [25/Feb/2023:02:11:02 -0800] "GET /awards/ewk88d.jpg HTTP/1.1" 200 96031 "https://www.ysfine.com/awards/index.html" "Mozilla/5.0 (Windows NT 10.0; Win64; x64; rv:109.0) Gecko/20100101 Firefox/110.0" "www.ysfine.com"
71.178.208.102 - - [25/Feb/2023:02:11:02 -0800] "GET /awards/ysnr11d.jpg HTTP/1.1" 200 61140 "https://www.ysfine.com/awards/index.html" "Mozilla/5.0 (Windows NT 10.0; Win64; x64; rv:109.0) Gecko/20100101 Firefox/110.0" "www.ysfine.com"
71.178.208.102 - - [25/Feb/2023:02:11:02 -0800] "GET /awards/marq/marq22f.jpg HTTP/1.1" 200 142401 "https://www.ysfine.com/awards/index.html" "Mozilla/5.0 (Windows NT 10.0; Win64; x64; rv:109.0) Gecko/20100101 Firefox/110.0" "www.ysfine.com"
71.178.208.102 - - [25/Feb/2023:02:11:02 -0800] "GET /awards/fortune23f.jpg HTTP/1.1" 200 293843 "https://www.ysfine.com/awards/index.html" "Mozilla/5.0 (Windows NT 10.0; Win64; x64; rv:109.0) Gecko/20100101 Firefox/110.0" "www.ysfine.com"
71.178.208.102 - - [25/Feb/2023:02:11:02 -0800] "GET /awards/top100d.jpg HTTP/1.1" 200 74998 "https://www.ysfine.com/awards/index.html" "Mozilla/5.0 (Windows NT 10.0; Win64; x64; rv:109.0) Gecko/20100101 Firefox/110.0" "www.ysfine.com"
71.178.208.102 - - [25/Feb/2023:02:11:02 -0800] "GET /awards/wsj21f.jpg HTTP/1.1" 200 172238 "https://www.ysfine.com/awards/index.html" "Mozilla/5.0 (Windows NT 10.0; Win64; x64; rv:109.0) Gecko/20100101 Firefox/110.0" "www.ysfine.com"
71.178.208.102 - - [25/Feb/2023:02:11:02 -0800] "GET /awards/timeline11f.jpg HTTP/1.1" 200 169039 "https://www.ysfine.com/awards/index.html" "Mozilla/5.0 (Windows NT 10.0; Win64; x64; rv:109.0) Gecko/20100101 Firefox/110.0" "www.ysfine.com"
71.178.208.102 - - [25/Feb/2023:02:11:02 -0800] "GET /awards/timessq23f.jpg HTTP/1.1" 200 165192 "https://www.ysfine.com/awards/index.html" "Mozilla/5.0 (Windows NT 10.0; Win64; x64; rv:109.0) Gecko/20100101 Firefox/110.0" "www.ysfine.com"
71.178.208.102 - - [25/Feb/2023:02:11:02 -0800] "GET /awards/bridge22f.jpg HTTP/1.1" 200 98225 "https://www.ysfine.com/awards/index.html" "Mozilla/5.0 (Windows NT 10.0; Win64; x64; rv:109.0) Gecko/20100101 Firefox/110.0" "www.ysfine.com"
71.178.208.102 - - [25/Feb/2023:02:11:02 -0800] "GET /awards/iaotp/top21c.jpg HTTP/1.1" 200 49015 "https://www.ysfine.com/awards/index.html" "Mozilla/5.0 (Windows NT 10.0; Win64; x64; rv:109.0) Gecko/20100101 Firefox/110.0" "www.ysfine.com"
71.178.208.102 - - [25/Feb/2023:02:11:02 -0800] "GET /awards/feygell01d.jpg HTTP/1.1" 200 31895 "https://www.ysfine.com/awards/index.html" "Mozilla/5.0 (Windows NT 10.0; Win64; x64; rv:109.0) Gecko/20100101 Firefox/110.0" "www.ysfine.com"
71.178.208.102 - - [25/Feb/2023:02:11:02 -0800] "GET /awards/acs20f.jpg HTTP/1.1" 200 145842 "https://www.ysfine.com/awards/index.html" "Mozilla/5.0 (Windows NT 10.0; Win64; x64; rv:109.0) Gecko/20100101 Firefox/110.0" "www.ysfine.com"
71.178.208.102 - - [25/Feb/2023:02:11:02 -0800] "GET /home/bedk22f.jpg HTTP/1.1" 200 79706 "https://www.ysfine.com/awards/index.html" "Mozilla/5.0 (Windows NT 10.0; Win64; x64; rv:109.0) Gecko/20100101 Firefox/110.0" "www.ysfine.com"
71.178.208.102 - - [25/Feb/2023:02:11:02 -0800] "GET /awards/marq/marq16d.jpg HTTP/1.1" 200 107457 "https://www.ysfine.com/awards/index.html" "Mozilla/5.0 (Windows NT 10.0; Win64; x64; rv:109.0) Gecko/20100101 Firefox/110.0" "www.ysfine.com"
71.178.208.102 - - [25/Feb/2023:02:11:02 -0800] "GET /awards/whoswho11f.jpg HTTP/1.1" 200 86318 "https://www.ysfine.com/awards/index.html" "Mozilla/5.0 (Windows NT 10.0; Win64; x64; rv:109.0) Gecko/20100101 Firefox/110.0" "www.ysfine.com"
71.178.208.102 - - [25/Feb/2023:02:11:02 -0800] "GET /eink/eink54f.jpg HTTP/1.1" 200 98068 "https://www.ysfine.com/awards/index.html" "Mozilla/5.0 (Windows NT 10.0; Win64; x64; rv:109.0) Gecko/20100101 Firefox/110.0" "www.ysfine.com"
71.178.208.102 - - [25/Feb/2023:02:11:02 -0800] "GET /eink/eink400.jpg HTTP/1.1" 200 49740 "https://www.ysfine.com/awards/index.html" "Mozilla/5.0 (Windows NT 10.0; Win64; x64; rv:109.0) Gecko/20100101 Firefox/110.0" "www.ysfine.com"
71.178.208.102 - - [25/Feb/2023:02:11:02 -0800] "GET /awards/acs96f.jpg HTTP/1.1" 200 118636 "https://www.ysfine.com/awards/index.html" "Mozilla/5.0 (Windows NT 10.0; Win64; x64; rv:109.0) Gecko/20100101 Firefox/110.0" "www.ysfine.com"
71.178.208.102 - - [25/Feb/2023:02:11:02 -0800] "GET /kobak/taylor400.jpg HTTP/1.1" 200 56181 "https://www.ysfine.com/awards/index.html" "Mozilla/5.0 (Windows NT 10.0; Win64; x64; rv:109.0) Gecko/20100101 Firefox/110.0" "www.ysfine.com"
71.178.208.102 - - [25/Feb/2023:02:11:02 -0800] "GET /awards/fortune21f.jpg HTTP/1.1" 200 234815 "https://www.ysfine.com/awards/index.html" "Mozilla/5.0 (Windows NT 10.0; Win64; x64; rv:109.0) Gecko/20100101 Firefox/110.0" "www.ysfine.com"
71.178.208.102 - - [25/Feb/2023:02:11:02 -0800] "GET /awards/lasvegas11f.jpg HTTP/1.1" 200 243749 "https://www.ysfine.com/awards/index.html" "Mozilla/5.0 (Windows NT 10.0; Win64; x64; rv:109.0) Gecko/20100101 Firefox/110.0" "www.ysfine.com"
71.178.208.102 - - [25/Feb/2023:02:11:02 -0800] "GET /awards/einbohr25d.jpg HTTP/1.1" 200 49476 "https://www.ysfine.com/awards/index.html" "Mozilla/5.0 (Windows NT 10.0; Win64; x64; rv:109.0) Gecko/20100101 Firefox/110.0" "www.ysfine.com"
71.178.208.102 - - [25/Feb/2023:02:11:02 -0800] "GET /awards/acs55f.jpg HTTP/1.1" 200 83340 "https://www.ysfine.com/awards/index.html" "Mozilla/5.0 (Windows NT 10.0; Win64; x64; rv:109.0) Gecko/20100101 Firefox/110.0" "www.ysfine.com"
71.178.208.102 - - [25/Feb/2023:02:11:02 -0800] "GET /home/yspr61d.jpg HTTP/1.1" 200 64126 "https://www.ysfine.com/awards/index.html" "Mozilla/5.0 (Windows NT 10.0; Win64; x64; rv:109.0) Gecko/20100101 Firefox/110.0" "www.ysfine.com"
71.178.208.102 - - [25/Feb/2023:02:11:02 -0800] "GET /awards/beward11f.jpg HTTP/1.1" 200 123557 "https://www.ysfine.com/awards/index.html" "Mozilla/5.0 (Windows NT 10.0; Win64; x64; rv:109.0) Gecko/20100101 Firefox/110.0" "www.ysfine.com"
71.178.208.102 - - [25/Feb/2023:02:11:02 -0800] "GET /awards/marq/hemis21f.jpg HTTP/1.1" 200 180095 "https://www.ysfine.com/awards/index.html" "Mozilla/5.0 (Windows NT 10.0; Win64; x64; rv:109.0) Gecko/20100101 Firefox/110.0" "www.ysfine.com"
64.124.8.57 - - [25/Feb/2023:02:11:29 -0800] "GET /usca/pitt/fortpitt06.jpg HTTP/1.1" 200 172411 "-" "Mozilla/5.0 (Macintosh; Intel Mac OS X 10_15_7) AppleWebKit/537.36 (KHTML, like Gecko) Chrome/107.0.0.0 Safari/537.36" "ysfine.com"
128.2.204.158 - - [25/Feb/2023:02:11:52 -0800] "GET /princeton/dulles.jpg HTTP/1.1" 200 84176 "-" "Mozilla/5.0 (X11; Linux i686) AppleWebKit/537.17 (KHTML, like Gecko) Chrome/24.0.1312.27 Safari/537.17" "ysfine.com"
64.124.8.54 - - [25/Feb/2023:02:12:22 -0800] "GET /world/baltic/kalinhouse.jpg HTTP/1.1" 200 128792 "-" "Mozilla/5.0 (Macintosh; Intel Mac OS X 10_15_7) AppleWebKit/537.36 (KHTML, like Gecko) Chrome/107.0.0.0 Safari/537.36" "ysfine.com"
131.215.220.165 - - [25/Feb/2023:02:12:59 -0800] "GET /princeton/gcollege21.jpg HTTP/1.1" 200 107075 "https://www.google.com/" "Mozilla/5.0 (iPhone; CPU iPhone OS 16_0 like Mac OS X) AppleWebKit/605.1.15 (KHTML, like Gecko) Version/16.0 Mobile/15E148 Safari/604.1" "ysfine.com"
64.124.8.52 - - [25/Feb/2023:02:13:11 -0800] "GET /ysbio/world/germany/vienna11.jpg HTTP/1.1" 404 88 "-" "Mozilla/5.0 (Macintosh; Intel Mac OS X 10_15_7) AppleWebKit/537.36 (KHTML, like Gecko) Chrome/107.0.0.0 Safari/537.36" "www.ysfine.com"
64.124.8.53 - - [25/Feb/2023:02:13:19 -0800] "GET /princeton/tiger2.jpg HTTP/1.1" 200 89035 "-" "Mozilla/5.0 (Macintosh; Intel Mac OS X 10_15_7) AppleWebKit/537.36 (KHTML, like Gecko) Chrome/107.0.0.0 Safari/537.36" "www.ysfine.com"
95.163.255.100 - - [25/Feb/2023:02:14:49 -0800] "GET /robots.txt HTTP/1.1" 404 73 "-" "Mozilla/5.0 (compatible; Linux x86_64; Mail.RU_Bot/Img/2.0; +https://help.mail.ru/webmaster/indexing/robots)" "ysfine.com"
207.46.13.220 - - [25/Feb/2023:02:14:54 -0800] "GET /world/baltic/riga13b.jpg HTTP/1.1" 200 41983 "-" "Mozilla/5.0 AppleWebKit/537.36 (KHTML, like Gecko; compatible; bingbot/2.0; +http://www.bing.com/bingbot.htm) Chrome/103.0.5060.134 Safari/537.36" "ysfine.com"
173.252.83.1 - - [25/Feb/2023:02:15:18 -0800] "GET /ffriends/aline/morocc11b.jpg HTTP/1.1" 200 27280 "-" "facebookexternalhit/1.1 (+http://www.facebook.com/externalhit_uatext.php)" "ysfine.com"
207.46.13.219 - - [25/Feb/2023:02:16:08 -0800] "GET /kowar/shinsm11c.jpg HTTP/1.1" 200 43567 "-" "Mozilla/5.0 AppleWebKit/537.36 (KHTML, like Gecko; compatible; bingbot/2.0; +http://www.bing.com/bingbot.htm) Chrome/103.0.5060.134 Safari/537.36" "www.ysfine.com"
64.124.8.52 - - [25/Feb/2023:02:16:20 -0800] "GET /ysbio/world/scandi/copen008.jpg HTTP/1.1" 404 88 "-" "Mozilla/5.0 (Macintosh; Intel Mac OS X 10_15_7) AppleWebKit/537.36 (KHTML, like Gecko) Chrome/107.0.0.0 Safari/537.36" "ysfine.com"
