102.65.63.43 - - [16/Feb/2023:06:53:36 -0800] "GET /world/places/ulm04b.jpg HTTP/1.1" 200 38533 "https://ysfine.com/world/ulm.html" "Mozilla/5.0 (Windows NT 10.0; Win64; x64) AppleWebKit/537.36 (KHTML, like Gecko) Chrome/110.0.0.0 Safari/537.36" "ysfine.com"
102.65.63.43 - - [16/Feb/2023:06:53:36 -0800] "GET /world/places/ulm05b.jpg HTTP/1.1" 200 40932 "https://ysfine.com/world/ulm.html" "Mozilla/5.0 (Windows NT 10.0; Win64; x64) AppleWebKit/537.36 (KHTML, like Gecko) Chrome/110.0.0.0 Safari/537.36" "ysfine.com"
102.65.63.43 - - [16/Feb/2023:06:53:36 -0800] "GET /world/places/ulm03b.jpg HTTP/1.1" 200 34473 "https://ysfine.com/world/ulm.html" "Mozilla/5.0 (Windows NT 10.0; Win64; x64) AppleWebKit/537.36 (KHTML, like Gecko) Chrome/110.0.0.0 Safari/537.36" "ysfine.com"
102.65.63.43 - - [16/Feb/2023:06:53:36 -0800] "GET /world/places/ulm11b.jpg HTTP/1.1" 200 35828 "https://ysfine.com/world/ulm.html" "Mozilla/5.0 (Windows NT 10.0; Win64; x64) AppleWebKit/537.36 (KHTML, like Gecko) Chrome/110.0.0.0 Safari/537.36" "ysfine.com"
102.65.63.43 - - [16/Feb/2023:06:53:36 -0800] "GET /world/places/ulm26b.jpg HTTP/1.1" 200 55611 "https://ysfine.com/world/ulm.html" "Mozilla/5.0 (Windows NT 10.0; Win64; x64) AppleWebKit/537.36 (KHTML, like Gecko) Chrome/110.0.0.0 Safari/537.36" "ysfine.com"
102.65.63.43 - - [16/Feb/2023:06:53:36 -0800] "GET /world/places/ulm06b.jpg HTTP/1.1" 200 28818 "https://ysfine.com/world/ulm.html" "Mozilla/5.0 (Windows NT 10.0; Win64; x64) AppleWebKit/537.36 (KHTML, like Gecko) Chrome/110.0.0.0 Safari/537.36" "ysfine.com"
102.65.63.43 - - [16/Feb/2023:06:53:38 -0800] "GET /favicon.ico HTTP/1.1" 404 88 "https://ysfine.com/world/ulm.html" "Mozilla/5.0 (Windows NT 10.0; Win64; x64) AppleWebKit/537.36 (KHTML, like Gecko) Chrome/110.0.0.0 Safari/537.36" "ysfine.com"
144.121.52.250 - - [16/Feb/2023:06:54:09 -0800] "GET /princeton/alexan22.jpg HTTP/1.1" 200 175436 "https://www.google.com/" "Mozilla/5.0 (Windows NT 10.0; Win64; x64) AppleWebKit/537.36 (KHTML, like Gecko) Chrome/110.0.0.0 Safari/537.36" "ysfine.com"
123.125.109.143 - - [16/Feb/2023:06:54:47 -0800] "GET / HTTP/1.1" 200 5295 "-" "Sogou web spider/4.0(+http://www.sogou.com/docs/help/webmasters.htm#07)" "www.ysfine.com"
52.167.144.35 - - [16/Feb/2023:06:54:48 -0800] "GET /wigner/inokim.jpg HTTP/1.1" 200 68631 "-" "Mozilla/5.0 AppleWebKit/537.36 (KHTML, like Gecko; compatible; bingbot/2.0; +http://www.bing.com/bingbot.htm) Chrome/103.0.5060.134 Safari/537.36" "www.ysfine.com"
157.55.39.207 - - [16/Feb/2023:06:54:54 -0800] "GET /world/israel/jeru20.jpg HTTP/1.1" 200 247932 "-" "Mozilla/5.0 AppleWebKit/537.36 (KHTML, like Gecko; compatible; bingbot/2.0; +http://www.bing.com/bingbot.htm) Chrome/103.0.5060.134 Safari/537.36" "ysfine.com"
144.121.52.250 - - [16/Feb/2023:06:54:55 -0800] "GET /princeton/withers01.jpg HTTP/1.1" 200 113946 "https://www.google.com/" "Mozilla/5.0 (Windows NT 10.0; Win64; x64) AppleWebKit/537.36 (KHTML, like Gecko) Chrome/110.0.0.0 Safari/537.36" "ysfine.com"
95.163.255.67 - - [16/Feb/2023:06:55:41 -0800] "GET /robots.txt HTTP/1.1" 404 73 "-" "Mozilla/5.0 (compatible; Linux x86_64; Mail.RU_Bot/2.0; +https://help.mail.ru/webmaster/indexing/robots)" "www.ysfine.com"
95.163.255.66 - - [16/Feb/2023:06:56:05 -0800] "GET /world/brit/cam16.jpg HTTP/1.1" 200 181054 "-" "Mozilla/5.0 (compatible; Linux x86_64; Mail.RU_Bot/2.0; +https://help.mail.ru/webmaster/indexing/robots)" "www.ysfine.com"
95.108.213.159 - - [16/Feb/2023:06:56:28 -0800] "GET /world/ital/flor032.jpg HTTP/1.1" 304 - "-" "Mozilla/5.0 (compatible; YandexImages/3.0; +http://yandex.com/bots)" "www.ysfine.com"
52.167.144.86 - - [16/Feb/2023:06:56:47 -0800] "GET /sbk/2010bonn11.jpg HTTP/1.1" 200 82941 "-" "Mozilla/5.0 AppleWebKit/537.36 (KHTML, like Gecko; compatible; bingbot/2.0; +http://www.bing.com/bingbot.htm) Chrome/103.0.5060.134 Safari/537.36" "ysfine.com"
64.124.8.50 - - [16/Feb/2023:06:56:49 -0800] "GET /world/germany/leipzig25.jpg HTTP/1.1" 200 208541 "-" "Mozilla/5.0 (Macintosh; Intel Mac OS X 10_15_7) AppleWebKit/537.36 (KHTML, like Gecko) Chrome/107.0.0.0 Safari/537.36" "ysfine.com"
158.148.194.58 - - [16/Feb/2023:06:57:00 -0800] "GET /maga/yukawa.html HTTP/1.1" 200 5658 "https://www.google.it/" "Mozilla/5.0 (iPhone; CPU iPhone OS 16_0 like Mac OS X) AppleWebKit/605.1.15 (KHTML, like Gecko) Version/16.0 Mobile/15E148 Safari/604.1" "ysfine.com"
158.148.194.58 - - [16/Feb/2023:06:57:01 -0800] "GET /people/markov84b.jpg HTTP/1.1" 200 44106 "https://ysfine.com/maga/yukawa.html" "Mozilla/5.0 (iPhone; CPU iPhone OS 16_0 like Mac OS X) AppleWebKit/605.1.15 (KHTML, like Gecko) Version/16.0 Mobile/15E148 Safari/604.1" "ysfine.com"
158.148.194.58 - - [16/Feb/2023:06:57:01 -0800] "GET /maga/phys/yukafeyn2.jpg HTTP/1.1" 200 36709 "https://ysfine.com/maga/yukawa.html" "Mozilla/5.0 (iPhone; CPU iPhone OS 16_0 like Mac OS X) AppleWebKit/605.1.15 (KHTML, like Gecko) Version/16.0 Mobile/15E148 Safari/604.1" "ysfine.com"
158.148.194.58 - - [16/Feb/2023:06:57:01 -0800] "GET /maga/phys/yukaein2.jpg HTTP/1.1" 200 42863 "https://ysfine.com/maga/yukawa.html" "Mozilla/5.0 (iPhone; CPU iPhone OS 16_0 like Mac OS X) AppleWebKit/605.1.15 (KHTML, like Gecko) Version/16.0 Mobile/15E148 Safari/604.1" "ysfine.com"
158.148.194.58 - - [16/Feb/2023:06:57:01 -0800] "GET /maga/phys/yukadirac53b.jpg HTTP/1.1" 200 46220 "https://ysfine.com/maga/yukawa.html" "Mozilla/5.0 (iPhone; CPU iPhone OS 16_0 like Mac OS X) AppleWebKit/605.1.15 (KHTML, like Gecko) Version/16.0 Mobile/15E148 Safari/604.1" "ysfine.com"
158.148.194.58 - - [16/Feb/2023:06:57:01 -0800] "GET /maga/phys/yukadirac55b.jpg HTTP/1.1" 200 41758 "https://ysfine.com/maga/yukawa.html" "Mozilla/5.0 (iPhone; CPU iPhone OS 16_0 like Mac OS X) AppleWebKit/605.1.15 (KHTML, like Gecko) Version/16.0 Mobile/15E148 Safari/604.1" "ysfine.com"
158.148.194.58 - - [16/Feb/2023:06:57:01 -0800] "GET /maga/phys/yukawa00b.jpg HTTP/1.1" 200 36980 "https://ysfine.com/maga/yukawa.html" "Mozilla/5.0 (iPhone; CPU iPhone OS 16_0 like Mac OS X) AppleWebKit/605.1.15 (KHTML, like Gecko) Version/16.0 Mobile/15E148 Safari/604.1" "ysfine.com"
158.148.194.58 - - [16/Feb/2023:06:57:01 -0800] "GET /maga/phys/yukafeyn3.jpg HTTP/1.1" 200 41879 "https://ysfine.com/maga/yukawa.html" "Mozilla/5.0 (iPhone; CPU iPhone OS 16_0 like Mac OS X) AppleWebKit/605.1.15 (KHTML, like Gecko) Version/16.0 Mobile/15E148 Safari/604.1" "ysfine.com"
157.55.39.207 - - [16/Feb/2023:06:57:05 -0800] "GET /bio01.html HTTP/1.1" 304 - "-" "Mozilla/5.0 AppleWebKit/537.36 (KHTML, like Gecko; compatible; bingbot/2.0; +http://www.bing.com/bingbot.htm) Chrome/103.0.5060.134 Safari/537.36" "ysfine.com"
66.234.40.246 - - [16/Feb/2023:06:58:02 -0800] "GET /wigner/neum/vnc07.jpg HTTP/1.1" 200 95908 "https://www.google.com/" "Mozilla/5.0 (Macintosh; Intel Mac OS X 10_15_7) AppleWebKit/537.36 (KHTML, like Gecko) Chrome/109.0.0.0 Safari/537.36" "ysfine.com"
157.55.39.207 - - [16/Feb/2023:06:58:16 -0800] "GET /home/wheestat11.jpg HTTP/1.1" 200 80309 "-" "Mozilla/5.0 AppleWebKit/537.36 (KHTML, like Gecko; compatible; bingbot/2.0; +http://www.bing.com/bingbot.htm) Chrome/103.0.5060.134 Safari/537.36" "ysfine.com"
114.119.142.217 - - [16/Feb/2023:06:58:25 -0800] "GET /yspapers/aipproc2007.pdf HTTP/1.1" 200 224501 "https://www.ysfine.com/yspapers/index.html" "Mozilla/5.0 (Linux; Android 7.0;) AppleWebKit/537.36 (KHTML, like Gecko) Mobile Safari/537.36 (compatible; PetalBot;+https://webmaster.petalsearch.com/site/petalbot)" "www.ysfine.com"
64.124.8.54 - - [16/Feb/2023:06:59:53 -0800] "GET /world/baltic/riga30.jpg HTTP/1.1" 200 63272 "-" "Mozilla/5.0 (Macintosh; Intel Mac OS X 10_15_7) AppleWebKit/537.36 (KHTML, like Gecko) Chrome/107.0.0.0 Safari/537.36" "www.ysfine.com"
185.191.171.42 - - [16/Feb/2023:06:59:56 -0800] "GET /world/china22.html HTTP/1.1" 200 12827 "-" "Mozilla/5.0 (compatible; SemrushBot/7~bl; +http://www.semrush.com/bot.html)" "ysfine.com"
107.10.239.39 - - [16/Feb/2023:07:00:37 -0800] "GET /wigner/fitch02.jpg HTTP/1.1" 200 78557 "https://www.google.com/" "Mozilla/5.0 (Macintosh; Intel Mac OS X 10_12_6) AppleWebKit/537.36 (KHTML, like Gecko) Chrome/103.0.0.0 Safari/537.36" "ysfine.com"
107.10.239.39 - - [16/Feb/2023:07:00:42 -0800] "GET /people/wboys.jpg HTTP/1.1" 200 223265 "https://www.google.com/" "Mozilla/5.0 (Macintosh; Intel Mac OS X 10_12_6) AppleWebKit/537.36 (KHTML, like Gecko) Chrome/103.0.0.0 Safari/537.36" "ysfine.com"
107.10.239.39 - - [16/Feb/2023:07:00:45 -0800] "GET /people/tollwig.jpg HTTP/1.1" 200 111433 "https://www.google.com/" "Mozilla/5.0 (Macintosh; Intel Mac OS X 10_12_6) AppleWebKit/537.36 (KHTML, like Gecko) Chrome/103.0.0.0 Safari/537.36" "ysfine.com"
107.10.239.39 - - [16/Feb/2023:07:00:51 -0800] "GET /people/towhee.jpg HTTP/1.1" 200 64342 "https://www.google.com/" "Mozilla/5.0 (Macintosh; Intel Mac OS X 10_12_6) AppleWebKit/537.36 (KHTML, like Gecko) Chrome/103.0.0.0 Safari/537.36" "ysfine.com"
107.10.239.39 - - [16/Feb/2023:07:00:56 -0800] "GET /people/klauder.jpg HTTP/1.1" 200 89143 "https://www.google.com/" "Mozilla/5.0 (Macintosh; Intel Mac OS X 10_12_6) AppleWebKit/537.36 (KHTML, like Gecko) Chrome/103.0.0.0 Safari/537.36" "ysfine.com"
64.124.8.56 - - [16/Feb/2023:07:01:18 -0800] "GET /wdc/wasmap11.jpg HTTP/1.1" 200 90827 "-" "Mozilla/5.0 (Macintosh; Intel Mac OS X 10_15_7) AppleWebKit/537.36 (KHTML, like Gecko) Chrome/107.0.0.0 Safari/537.36" "ysfine.com"
64.124.8.33 - - [16/Feb/2023:07:01:25 -0800] "GET /class54/classphoto.html HTTP/1.1" 304 - "-" "Mozilla/5.0 (X11; Linux x86_64) AppleWebKit/537.36 (KHTML, like Gecko) Chrome/61.0.3163.79 Safari/537.36" "www.ysfine.com"
64.124.8.29 - - [16/Feb/2023:07:01:50 -0800] "GET /princeton/prford.jpg HTTP/1.1" 404 88 "-" "Mozilla/5.0 (Macintosh; Intel Mac OS X 10_15_7) AppleWebKit/537.36 (KHTML, like Gecko) Chrome/107.0.0.0 Safari/537.36" "ysfine.com"
64.124.8.57 - - [16/Feb/2023:07:02:10 -0800] "GET /wdc/jeffm03.jpg HTTP/1.1" 200 71008 "-" "Mozilla/5.0 (Macintosh; Intel Mac OS X 10_15_7) AppleWebKit/537.36 (KHTML, like Gecko) Chrome/107.0.0.0 Safari/537.36" "ysfine.com"
52.167.144.62 - - [16/Feb/2023:07:02:31 -0800] "GET /beau/montreal01b.jpg HTTP/1.1" 404 88 "-" "Mozilla/5.0 AppleWebKit/537.36 (KHTML, like Gecko; compatible; bingbot/2.0; +http://www.bing.com/bingbot.htm) Chrome/103.0.5060.134 Safari/537.36" "ysfine.com"
64.124.8.49 - - [16/Feb/2023:07:02:55 -0800] "GET /ysbio/world/ital/termini04.jpg HTTP/1.1" 404 88 "-" "Mozilla/5.0 (Macintosh; Intel Mac OS X 10_15_7) AppleWebKit/537.36 (KHTML, like Gecko) Chrome/107.0.0.0 Safari/537.36" "ysfine.com"
52.167.144.35 - - [16/Feb/2023:07:04:20 -0800] "GET /bio/kobak/yskor.html HTTP/1.1" 404 88 "-" "Mozilla/5.0 AppleWebKit/537.36 (KHTML, like Gecko; compatible; bingbot/2.0; +http://www.bing.com/bingbot.htm) Chrome/103.0.5060.134 Safari/537.36" "ysfine.com"
94.37.179.66 - - [16/Feb/2023:07:04:38 -0800] "GET /world/germany/leipzig04.jpg HTTP/1.1" 200 298470 "https://www.google.com/" "Mozilla/5.0 (Windows NT 10.0; WOW64) AppleWebKit/537.36 (KHTML, like Gecko) Chrome/109.0.0.0 Safari/537.36 OPR/95.0.0.0 (Edition Campaign 75)" "ysfine.com"
5.161.76.53 - - [16/Feb/2023:07:05:02 -0800] "GET /maga/landau.html HTTP/1.1" 200 6658 "-" "Mozilla/5.0 (Windows NT 10.0; Win64; x64) AppleWebKit/537.36 (KHTML, like Gecko) Chrome/84.0.4147.105 Safari/537.36" "ysfine.com"
167.235.249.10 - - [16/Feb/2023:07:06:00 -0800] "GET /maga/phys/yukasumi11.jpg HTTP/1.1" 200 66330 "-" "Mozilla/5.0 (X11; Fedora; Linux x86_64) AppleWebKit/537.36 (KHTML, like Gecko) Chrome/79.0.3945.117 Safari/537.36" "www.ysfine.com"
52.167.144.35 - - [16/Feb/2023:07:06:00 -0800] "GET /wdc/gtown07.jpg HTTP/1.1" 200 134771 "-" "Mozilla/5.0 AppleWebKit/537.36 (KHTML, like Gecko; compatible; bingbot/2.0; +http://www.bing.com/bingbot.htm) Chrome/103.0.5060.134 Safari/537.36" "ysfine.com"
114.239.165.140 - - [16/Feb/2023:07:06:55 -0800] "GET /princeton/yspr.html HTTP/1.1" 200 5470 "-" "Mozilla/5.0 (Windows NT 6.2; Win64; x64) AppleWebKit/537.36 (KHTML, like Gecko) Chrome/60.0.3112.90 Safari/537.36" "ysfine.com"
60.106.76.12 - - [16/Feb/2023:07:07:19 -0800] "GET /dirac/dirac11.jpg HTTP/1.1" 200 94245 "https://www.google.co.jp/" "Mozilla/5.0 (Windows NT 10.0; Win64; x64) AppleWebKit/537.36 (KHTML, like Gecko) Chrome/110.0.0.0 Safari/537.36" "ysfine.com"
5.62.59.21 - - [16/Feb/2023:07:07:22 -0800] "GET / HTTP/1.1" 200 5295 "-" "Mozilla/5.0 (X11; Ubuntu; Linux i686; rv:102.0) Gecko/20100101 Firefox/102.0" "ysfine.com"
5.62.59.21 - - [16/Feb/2023:07:07:24 -0800] "GET /jobs/index.html HTTP/1.1" 200 123 "http://ysfine.com/jobs/index.html" "Mozilla/5.0 (X11; Ubuntu; Linux i686; rv:102.0) Gecko/20100101 Firefox/102.0" "ysfine.com"
5.62.59.21 - - [16/Feb/2023:07:07:25 -0800] "GET /style/stbot.html HTTP/1.1" 200 122 "http://ysfine.com/style/stbot.html" "Mozilla/5.0 (X11; Ubuntu; Linux i686; rv:102.0) Gecko/20100101 Firefox/102.0" "ysfine.com"
5.62.59.21 - - [16/Feb/2023:07:07:26 -0800] "GET /eink/mose.html HTTP/1.1" 200 14315 "http://ysfine.com/eink/mose.html" "Mozilla/5.0 (X11; Ubuntu; Linux i686; rv:102.0) Gecko/20100101 Firefox/102.0" "ysfine.com"
5.62.59.21 - - [16/Feb/2023:07:07:28 -0800] "GET /world/ysworld.html HTTP/1.1" 200 3224 "http://ysfine.com/world/ysworld.html" "Mozilla/5.0 (X11; Ubuntu; Linux i686; rv:102.0) Gecko/20100101 Firefox/102.0" "ysfine.com"
5.62.59.21 - - [16/Feb/2023:07:07:29 -0800] "GET /bio.html HTTP/1.1" 200 18260 "http://ysfine.com/bio.html" "Mozilla/5.0 (X11; Ubuntu; Linux i686; rv:102.0) Gecko/20100101 Firefox/102.0" "ysfine.com"
5.62.59.21 - - [16/Feb/2023:07:07:31 -0800] "GET /princeton/yspr.html HTTP/1.1" 200 5470 "http://ysfine.com/princeton/yspr.html" "Mozilla/5.0 (X11; Ubuntu; Linux i686; rv:102.0) Gecko/20100101 Firefox/102.0" "ysfine.com"
5.62.59.21 - - [16/Feb/2023:07:07:32 -0800] "GET /eink/index.html HTTP/1.1" 200 17716 "http://ysfine.com/eink/index.html" "Mozilla/5.0 (X11; Ubuntu; Linux i686; rv:102.0) Gecko/20100101 Firefox/102.0" "ysfine.com"
5.62.59.21 - - [16/Feb/2023:07:07:33 -0800] "GET /einstein/index.html HTTP/1.1" 200 135 "http://ysfine.com/einstein/index.html" "Mozilla/5.0 (X11; Ubuntu; Linux i686; rv:102.0) Gecko/20100101 Firefox/102.0" "ysfine.com"
5.62.59.21 - - [16/Feb/2023:07:07:34 -0800] "GET /bio09.html HTTP/1.1" 200 12731 "http://ysfine.com/bio09.html" "Mozilla/5.0 (X11; Ubuntu; Linux i686; rv:102.0) Gecko/20100101 Firefox/102.0" "ysfine.com"
5.62.59.21 - - [16/Feb/2023:07:07:36 -0800] "GET /home/index.html HTTP/1.1" 200 142 "http://ysfine.com/home/index.html" "Mozilla/5.0 (X11; Ubuntu; Linux i686; rv:102.0) Gecko/20100101 Firefox/102.0" "ysfine.com"
5.62.59.21 - - [16/Feb/2023:07:07:37 -0800] "GET /yspapers/index.html HTTP/1.1" 200 21304 "http://ysfine.com/yspapers/index.html" "Mozilla/5.0 (X11; Ubuntu; Linux i686; rv:102.0) Gecko/20100101 Firefox/102.0" "ysfine.com"
5.62.59.21 - - [16/Feb/2023:07:07:39 -0800] "GET /home/bio22.html HTTP/1.1" 404 88 "http://ysfine.com/home/bio22.html" "Mozilla/5.0 (X11; Ubuntu; Linux i686; rv:102.0) Gecko/20100101 Firefox/102.0" "ysfine.com"
5.62.59.21 - - [16/Feb/2023:07:07:40 -0800] "GET /feynman/index.html HTTP/1.1" 200 124 "http://ysfine.com/feynman/index.html" "Mozilla/5.0 (X11; Ubuntu; Linux i686; rv:102.0) Gecko/20100101 Firefox/102.0" "ysfine.com"
5.62.59.21 - - [16/Feb/2023:07:07:41 -0800] "GET /sbk/index.html HTTP/1.1" 200 198 "http://ysfine.com/sbk/index.html" "Mozilla/5.0 (X11; Ubuntu; Linux i686; rv:102.0) Gecko/20100101 Firefox/102.0" "ysfine.com"
5.62.59.21 - - [16/Feb/2023:07:07:42 -0800] "GET /people/peo.html HTTP/1.1" 200 13502 "http://ysfine.com/people/peo.html" "Mozilla/5.0 (X11; Ubuntu; Linux i686; rv:102.0) Gecko/20100101 Firefox/102.0" "ysfine.com"
5.62.59.21 - - [16/Feb/2023:07:07:44 -0800] "GET /houses/myhouse.html HTTP/1.1" 200 1473 "http://ysfine.com/houses/myhouse.html" "Mozilla/5.0 (X11; Ubuntu; Linux i686; rv:102.0) Gecko/20100101 Firefox/102.0" "ysfine.com"
5.62.59.21 - - [16/Feb/2023:07:07:45 -0800] "GET /kobak/index.html HTTP/1.1" 200 130 "http://ysfine.com/kobak/index.html" "Mozilla/5.0 (X11; Ubuntu; Linux i686; rv:102.0) Gecko/20100101 Firefox/102.0" "ysfine.com"
5.62.59.21 - - [16/Feb/2023:07:07:46 -0800] "GET /wdc/index.html HTTP/1.1" 200 141 "http://ysfine.com/wdc/index.html" "Mozilla/5.0 (X11; Ubuntu; Linux i686; rv:102.0) Gecko/20100101 Firefox/102.0" "ysfine.com"
5.62.59.21 - - [16/Feb/2023:07:07:48 -0800] "GET /usca/pgh.html HTTP/1.1" 200 13572 "http://ysfine.com/usca/pgh.html" "Mozilla/5.0 (X11; Ubuntu; Linux i686; rv:102.0) Gecko/20100101 Firefox/102.0" "ysfine.com"
5.62.59.21 - - [16/Feb/2023:07:07:49 -0800] "GET /home/genea.html HTTP/1.1" 200 2872 "http://ysfine.com/home/genea.html" "Mozilla/5.0 (X11; Ubuntu; Linux i686; rv:102.0) Gecko/20100101 Firefox/102.0" "ysfine.com"
5.62.59.21 - - [16/Feb/2023:07:07:50 -0800] "GET /princeton/index.html HTTP/1.1" 200 140 "http://ysfine.com/princeton/index.html" "Mozilla/5.0 (X11; Ubuntu; Linux i686; rv:102.0) Gecko/20100101 Firefox/102.0" "ysfine.com"
5.62.59.21 - - [16/Feb/2023:07:07:52 -0800] "GET /home/dwf.html HTTP/1.1" 200 4126 "http://ysfine.com/home/dwf.html" "Mozilla/5.0 (X11; Ubuntu; Linux i686; rv:102.0) Gecko/20100101 Firefox/102.0" "ysfine.com"
5.62.59.21 - - [16/Feb/2023:07:07:53 -0800] "GET /awards/index.html HTTP/1.1" 200 10082 "http://ysfine.com/awards/index.html" "Mozilla/5.0 (X11; Ubuntu; Linux i686; rv:102.0) Gecko/20100101 Firefox/102.0" "ysfine.com"
5.62.59.21 - - [16/Feb/2023:07:07:54 -0800] "GET /dirac/index.html HTTP/1.1" 200 124 "http://ysfine.com/dirac/index.html" "Mozilla/5.0 (X11; Ubuntu; Linux i686; rv:102.0) Gecko/20100101 Firefox/102.0" "ysfine.com"
5.62.59.21 - - [16/Feb/2023:07:07:56 -0800] "GET /maga/herod.html HTTP/1.1" 200 4341 "http://ysfine.com/maga/herod.html" "Mozilla/5.0 (X11; Ubuntu; Linux i686; rv:102.0) Gecko/20100101 Firefox/102.0" "ysfine.com"
5.62.59.21 - - [16/Feb/2023:07:07:57 -0800] "GET /dirac/dirk62.html HTTP/1.1" 200 3949 "http://ysfine.com/dirac/dirk62.html" "Mozilla/5.0 (X11; Ubuntu; Linux i686; rv:102.0) Gecko/20100101 Firefox/102.0" "ysfine.com"
5.62.59.21 - - [16/Feb/2023:07:07:58 -0800] "GET /home/dashen.html HTTP/1.1" 200 4015 "http://ysfine.com/home/dashen.html" "Mozilla/5.0 (X11; Ubuntu; Linux i686; rv:102.0) Gecko/20100101 Firefox/102.0" "ysfine.com"
5.62.59.21 - - [16/Feb/2023:07:07:59 -0800] "GET /wigner/index.html HTTP/1.1" 200 124 "http://ysfine.com/wigner/index.html" "Mozilla/5.0 (X11; Ubuntu; Linux i686; rv:102.0) Gecko/20100101 Firefox/102.0" "ysfine.com"
5.62.59.21 - - [16/Feb/2023:07:08:01 -0800] "GET /home/easy.html HTTP/1.1" 200 7877 "http://ysfine.com/home/easy.html" "Mozilla/5.0 (X11; Ubuntu; Linux i686; rv:102.0) Gecko/20100101 Firefox/102.0" "ysfine.com"
5.62.59.21 - - [16/Feb/2023:07:08:02 -0800] "GET /wigner/wigner39.html HTTP/1.1" 200 330 "http://ysfine.com/wigner/wigner39.html" "Mozilla/5.0 (X11; Ubuntu; Linux i686; rv:102.0) Gecko/20100101 Firefox/102.0" "ysfine.com"
68.227.92.165 - - [16/Feb/2023:07:08:02 -0800] "GET /princeton/wilspoin.jpg HTTP/1.1" 200 84978 "https://www.google.com/" "Mozilla/5.0 (X11; CrOS x86_64 14541.0.0) AppleWebKit/537.36 (KHTML, like Gecko) Chrome/109.0.0.0 Safari/537.36" "ysfine.com"
89.64.50.105 - - [16/Feb/2023:07:08:19 -0800] "GET /world/france/stras17.jpg HTTP/1.1" 200 145827 "https://www.google.com/" "Mozilla/5.0 (Linux; Android 10; Mi A2 Lite) AppleWebKit/537.36 (KHTML, like Gecko) Chrome/109.0.0.0 Mobile Safari/537.36" "ysfine.com"
157.55.39.207 - - [16/Feb/2023:07:09:55 -0800] "GET /world/florence.html HTTP/1.1" 200 9706 "-" "Mozilla/5.0 AppleWebKit/537.36 (KHTML, like Gecko; compatible; bingbot/2.0; +http://www.bing.com/bingbot.htm) Chrome/103.0.5060.134 Safari/537.36" "www.ysfine.com"
64.124.8.52 - - [16/Feb/2023:07:10:17 -0800] "GET /ysbio/usca/norl/fm12.jpg HTTP/1.1" 404 88 "-" "Mozilla/5.0 (Macintosh; Intel Mac OS X 10_15_7) AppleWebKit/537.36 (KHTML, like Gecko) Chrome/107.0.0.0 Safari/537.36" "www.ysfine.com"
64.124.8.50 - - [16/Feb/2023:07:10:45 -0800] "GET /ysbio/world/russ/kiev009.jpg HTTP/1.1" 404 88 "-" "Mozilla/5.0 (Macintosh; Intel Mac OS X 10_15_7) AppleWebKit/537.36 (KHTML, like Gecko) Chrome/107.0.0.0 Safari/537.36" "www.ysfine.com"
158.148.194.58 - - [16/Feb/2023:07:10:52 -0800] "GET /maga/yukawa.html HTTP/1.1" 200 5658 "-" "Mozilla/5.0 (iPhone; CPU iPhone OS 16_0 like Mac OS X) AppleWebKit/605.1.15 (KHTML, like Gecko) Version/16.0 Mobile/15E148 Safari/604.1" "ysfine.com"
158.148.194.58 - - [16/Feb/2023:07:10:53 -0800] "GET /apple-touch-icon-120x120-precomposed.png HTTP/1.1" 404 88 "-" "MobileSafari/8614.1.25.0.30 CFNetwork/1390 Darwin/22.0.0" "ysfine.com"
158.148.194.58 - - [16/Feb/2023:07:10:53 -0800] "GET /apple-touch-icon-120x120.png HTTP/1.1" 404 88 "-" "MobileSafari/8614.1.25.0.30 CFNetwork/1390 Darwin/22.0.0" "ysfine.com"
158.148.194.58 - - [16/Feb/2023:07:10:54 -0800] "GET /apple-touch-icon-precomposed.png HTTP/1.1" 404 88 "-" "MobileSafari/8614.1.25.0.30 CFNetwork/1390 Darwin/22.0.0" "ysfine.com"
158.148.194.58 - - [16/Feb/2023:07:10:54 -0800] "GET /apple-touch-icon.png HTTP/1.1" 404 88 "-" "MobileSafari/8614.1.25.0.30 CFNetwork/1390 Darwin/22.0.0" "ysfine.com"
64.124.8.54 - - [16/Feb/2023:07:10:55 -0800] "GET /world/russ/kiev030.jpg HTTP/1.1" 200 91229 "-" "Mozilla/5.0 (Macintosh; Intel Mac OS X 10_15_7) AppleWebKit/537.36 (KHTML, like Gecko) Chrome/107.0.0.0 Safari/537.36" "www.ysfine.com"
52.167.144.35 - - [16/Feb/2023:07:11:01 -0800] "GET /kobak/rhee48.jpg HTTP/1.1" 200 340529 "-" "Mozilla/5.0 AppleWebKit/537.36 (KHTML, like Gecko; compatible; bingbot/2.0; +http://www.bing.com/bingbot.htm) Chrome/103.0.5060.134 Safari/537.36" "www.ysfine.com"
64.124.8.54 - - [16/Feb/2023:07:11:07 -0800] "GET /world/france/champ1232.jpg HTTP/1.1" 200 125463 "-" "Mozilla/5.0 (Macintosh; Intel Mac OS X 10_15_7) AppleWebKit/537.36 (KHTML, like Gecko) Chrome/107.0.0.0 Safari/537.36" "www.ysfine.com"
52.167.144.35 - - [16/Feb/2023:07:11:30 -0800] "GET /home/sing.html HTTP/1.1" 200 2927 "-" "Mozilla/5.0 AppleWebKit/537.36 (KHTML, like Gecko; compatible; bingbot/2.0; +http://www.bing.com/bingbot.htm) Chrome/103.0.5060.134 Safari/537.36" "ysfine.com"
157.55.39.207 - - [16/Feb/2023:07:11:45 -0800] "GET /ysbio/usca/pitt/forbesfld02.jpg HTTP/1.1" 404 88 "-" "Mozilla/5.0 AppleWebKit/537.36 (KHTML, like Gecko; compatible; bingbot/2.0; +http://www.bing.com/bingbot.htm) Chrome/103.0.5060.134 Safari/537.36" "www.ysfine.com"
52.167.144.62 - - [16/Feb/2023:07:13:23 -0800] "GET /sbk/2008viln22.jpg HTTP/1.1" 200 201541 "-" "Mozilla/5.0 AppleWebKit/537.36 (KHTML, like Gecko; compatible; bingbot/2.0; +http://www.bing.com/bingbot.htm) Chrome/103.0.5060.134 Safari/537.36" "ysfine.com"
65.21.7.254 - - [16/Feb/2023:07:14:13 -0800] "GET /world/russ/spbb15.jpg HTTP/1.1" 200 111645 "-" "Mozilla/5.0 (X11; Fedora; Linux x86_64) AppleWebKit/537.36 (KHTML, like Gecko) Chrome/79.0.3945.117 Safari/537.36" "ysfine.com"
64.124.8.55 - - [16/Feb/2023:07:15:02 -0800] "GET /world/europe/alps01.jpg HTTP/1.1" 200 196153 "-" "Mozilla/5.0 (Macintosh; Intel Mac OS X 10_15_7) AppleWebKit/537.36 (KHTML, like Gecko) Chrome/107.0.0.0 Safari/537.36" "ysfine.com"
64.124.8.52 - - [16/Feb/2023:07:15:06 -0800] "GET /style/musee/britmu19.jpg HTTP/1.1" 200 95820 "-" "Mozilla/5.0 (Macintosh; Intel Mac OS X 10_15_7) AppleWebKit/537.36 (KHTML, like Gecko) Chrome/107.0.0.0 Safari/537.36" "www.ysfine.com"
185.191.171.17 - - [16/Feb/2023:07:15:07 -0800] "GET /robots.txt HTTP/1.1" 404 88 "-" "Mozilla/5.0 (compatible; SemrushBot/7~bl; +http://www.semrush.com/bot.html)" "www.ysfine.com"
185.191.171.11 - - [16/Feb/2023:07:15:08 -0800] "GET /bio09.html HTTP/1.1" 200 12731 "-" "Mozilla/5.0 (compatible; SemrushBot/7~bl; +http://www.semrush.com/bot.html)" "www.ysfine.com"
64.124.8.28 - - [16/Feb/2023:07:16:06 -0800] "GET /ffriends/aline/delta01.jpg HTTP/1.1" 200 72912 "-" "Mozilla/5.0 (Macintosh; Intel Mac OS X 10_15_7) AppleWebKit/537.36 (KHTML, like Gecko) Chrome/107.0.0.0 Safari/537.36" "ysfine.com"
64.124.8.56 - - [16/Feb/2023:07:16:34 -0800] "GET /ysbio/world/scandi/copen029.jpg HTTP/1.1" 404 88 "-" "Mozilla/5.0 (Macintosh; Intel Mac OS X 10_15_7) AppleWebKit/537.36 (KHTML, like Gecko) Chrome/107.0.0.0 Safari/537.36" "ysfine.com"
64.124.8.53 - - [16/Feb/2023:07:17:17 -0800] "GET /world/ital/venice01ff.jpg HTTP/1.1" 200 127956 "-" "Mozilla/5.0 (Macintosh; Intel Mac OS X 10_15_7) AppleWebKit/537.36 (KHTML, like Gecko) Chrome/107.0.0.0 Safari/537.36" "ysfine.com"
114.239.165.140 - - [16/Feb/2023:07:17:49 -0800] "GET /yspapers/index.html HTTP/1.1" 200 21304 "-" "Mozilla/5.0 (Windows NT 6.2; Win64; x64) AppleWebKit/537.36 (KHTML, like Gecko) Chrome/60.0.3112.90 Safari/537.36" "ysfine.com"
64.124.8.56 - - [16/Feb/2023:07:18:00 -0800] "GET /dongio/kuwait01.jpg HTTP/1.1" 404 88 "-" "Mozilla/5.0 (Macintosh; Intel Mac OS X 10_15_7) AppleWebKit/537.36 (KHTML, like Gecko) Chrome/107.0.0.0 Safari/537.36" "ysfine.com"
114.239.165.140 - - [16/Feb/2023:07:18:29 -0800] "GET /style/stbot.html HTTP/1.1" 200 122 "-" "Mozilla/5.0 (Windows NT 6.2; Win64; x64) AppleWebKit/537.36 (KHTML, like Gecko) Chrome/60.0.3112.90 Safari/537.36" "ysfine.com"
17.241.75.202 - - [16/Feb/2023:07:18:44 -0800] "GET /heisen/einheisen11.html HTTP/1.1" 200 3870 "-" "Mozilla/5.0 (Macintosh; Intel Mac OS X 10_15_5) AppleWebKit/605.1.15 (KHTML, like Gecko) Version/13.1.1 Safari/605.1.15 (Applebot/0.1; +http://www.apple.com/go/applebot)" "ysfine.com"
116.179.32.38 - - [16/Feb/2023:07:19:12 -0800] "GET /wigner/wstorie.html HTTP/1.1" 200 3909 "-" "Mozilla/5.0 (compatible; Baiduspider/2.0; +http://www.baidu.com/search/spider.html)" "www.ysfine.com"
64.124.8.50 - - [16/Feb/2023:07:19:43 -0800] "GET /ysbio/dongio/russparis02.jpg HTTP/1.1" 404 88 "-" "Mozilla/5.0 (Macintosh; Intel Mac OS X 10_15_7) AppleWebKit/537.36 (KHTML, like Gecko) Chrome/107.0.0.0 Safari/537.36" "ysfine.com"
154.130.84.192 - - [16/Feb/2023:07:19:59 -0800] "GET /feynman/feychin.jpg HTTP/1.1" 200 33472 "https://www.google.com/" "Mozilla/5.0 (iPhone; CPU iPhone OS 16_0_3 like Mac OS X) AppleWebKit/605.1.15 (KHTML, like Gecko) Version/16.0 Mobile/15E148 Safari/604.1" "ysfine.com"
64.124.8.57 - - [16/Feb/2023:07:20:27 -0800] "GET /world/france/champ9611.jpg HTTP/1.1" 200 83996 "-" "Mozilla/5.0 (Macintosh; Intel Mac OS X 10_15_7) AppleWebKit/537.36 (KHTML, like Gecko) Chrome/107.0.0.0 Safari/537.36" "ysfine.com"
66.249.89.63 - - [16/Feb/2023:07:21:01 -0800] "GET /princeton/leigh.jpg HTTP/1.1" 404 88 "-" "Mozilla/5.0 (Macintosh; Intel Mac OS X 10_8_4) AppleWebKit/537.36 (KHTML, like Gecko) Chrome/28.0.1500.71 Safari/537.36" "ysfine.com"
66.249.89.37 - - [16/Feb/2023:07:21:01 -0800] "GET /princeton/leigh.jpg HTTP/1.1" 404 88 "-" "Mozilla/5.0 (Macintosh; Intel Mac OS X 10_8_4) AppleWebKit/537.36 (KHTML, like Gecko) Chrome/28.0.1500.71 Safari/537.36" "ysfine.com"
52.167.144.62 - - [16/Feb/2023:07:21:15 -0800] "GET /bio/style/proschanie.html HTTP/1.1" 404 88 "-" "Mozilla/5.0 AppleWebKit/537.36 (KHTML, like Gecko; compatible; bingbot/2.0; +http://www.bing.com/bingbot.htm) Chrome/103.0.5060.134 Safari/537.36" "ysfine.com"
52.167.144.35 - - [16/Feb/2023:07:21:32 -0800] "GET /bio/sbk/1950.html HTTP/1.1" 404 88 "-" "Mozilla/5.0 AppleWebKit/537.36 (KHTML, like Gecko; compatible; bingbot/2.0; +http://www.bing.com/bingbot.htm) Chrome/103.0.5060.134 Safari/537.36" "ysfine.com"
64.124.8.55 - - [16/Feb/2023:07:21:54 -0800] "GET /ysbio/kobak/vtubes.jpg HTTP/1.1" 404 88 "-" "Mozilla/5.0 (Macintosh; Intel Mac OS X 10_15_7) AppleWebKit/537.36 (KHTML, like Gecko) Chrome/107.0.0.0 Safari/537.36" "www.ysfine.com"
52.167.144.35 - - [16/Feb/2023:07:22:10 -0800] "GET /bio/style/artlove.html HTTP/1.1" 404 88 "-" "Mozilla/5.0 AppleWebKit/537.36 (KHTML, like Gecko; compatible; bingbot/2.0; +http://www.bing.com/bingbot.htm) Chrome/103.0.5060.134 Safari/537.36" "ysfine.com"
185.191.171.34 - - [16/Feb/2023:07:23:24 -0800] "GET /wigner/neupol.html HTTP/1.1" 200 1742 "-" "Mozilla/5.0 (compatible; SemrushBot/7~bl; +http://www.semrush.com/bot.html)" "www.ysfine.com"
64.124.8.53 - - [16/Feb/2023:07:24:14 -0800] "GET /world/hungary/buda045.jpg HTTP/1.1" 200 117771 "-" "Mozilla/5.0 (Macintosh; Intel Mac OS X 10_15_7) AppleWebKit/537.36 (KHTML, like Gecko) Chrome/107.0.0.0 Safari/537.36" "www.ysfine.com"
64.124.8.28 - - [16/Feb/2023:07:24:21 -0800] "GET /world/brit/cam06.jpg HTTP/1.1" 200 142608 "-" "Mozilla/5.0 (Macintosh; Intel Mac OS X 10_15_7) AppleWebKit/537.36 (KHTML, like Gecko) Chrome/107.0.0.0 Safari/537.36" "www.ysfine.com"
89.0.53.145 - - [16/Feb/2023:07:24:55 -0800] "GET /wisdom/bigpower01.jpg HTTP/1.1" 200 77902 "https://www.google.com/" "Mozilla/5.0 (Windows NT 10.0; Win64; x64) AppleWebKit/537.36 (KHTML, like Gecko) Chrome/110.0.0.0 Safari/537.36" "ysfine.com"
64.124.8.28 - - [16/Feb/2023:07:24:58 -0800] "GET /world/china/dalian75.jpg HTTP/1.1" 200 93429 "-" "Mozilla/5.0 (Macintosh; Intel Mac OS X 10_15_7) AppleWebKit/537.36 (KHTML, like Gecko) Chrome/107.0.0.0 Safari/537.36" "www.ysfine.com"
52.167.144.86 - - [16/Feb/2023:07:25:42 -0800] "GET /auto/bio21.html HTTP/1.1" 200 5217 "-" "Mozilla/5.0 AppleWebKit/537.36 (KHTML, like Gecko; compatible; bingbot/2.0; +http://www.bing.com/bingbot.htm) Chrome/103.0.5060.134 Safari/537.36" "ysfine.com"
52.167.144.86 - - [16/Feb/2023:07:26:52 -0800] "GET /bio/wigner/e(2).html HTTP/1.1" 404 88 "-" "Mozilla/5.0 AppleWebKit/537.36 (KHTML, like Gecko; compatible; bingbot/2.0; +http://www.bing.com/bingbot.htm) Chrome/103.0.5060.134 Safari/537.36" "ysfine.com"
64.124.8.28 - - [16/Feb/2023:07:26:56 -0800] "GET /ysbio/world/scandi/copen084.jpg HTTP/1.1" 404 88 "-" "Mozilla/5.0 (Macintosh; Intel Mac OS X 10_15_7) AppleWebKit/537.36 (KHTML, like Gecko) Chrome/107.0.0.0 Safari/537.36" "ysfine.com"
64.124.8.57 - - [16/Feb/2023:07:26:58 -0800] "GET /ysbio/wdc/corco22.jpg HTTP/1.1" 404 88 "-" "Mozilla/5.0 (Macintosh; Intel Mac OS X 10_15_7) AppleWebKit/537.36 (KHTML, like Gecko) Chrome/107.0.0.0 Safari/537.36" "ysfine.com"
64.124.8.50 - - [16/Feb/2023:07:27:20 -0800] "GET /world/germany/vienna15.jpg HTTP/1.1" 200 138576 "-" "Mozilla/5.0 (Macintosh; Intel Mac OS X 10_15_7) AppleWebKit/537.36 (KHTML, like Gecko) Chrome/107.0.0.0 Safari/537.36" "www.ysfine.com"
64.124.8.29 - - [16/Feb/2023:07:27:22 -0800] "GET /ysbio/kobak/father.jpg HTTP/1.1" 404 88 "-" "Mozilla/5.0 (Macintosh; Intel Mac OS X 10_15_7) AppleWebKit/537.36 (KHTML, like Gecko) Chrome/107.0.0.0 Safari/537.36" "ysfine.com"
52.167.144.86 - - [16/Feb/2023:07:27:31 -0800] "GET /bio/princeton/campus.html HTTP/1.1" 404 88 "-" "Mozilla/5.0 AppleWebKit/537.36 (KHTML, like Gecko; compatible; bingbot/2.0; +http://www.bing.com/bingbot.htm) Chrome/103.0.5060.134 Safari/537.36" "ysfine.com"
64.124.8.29 - - [16/Feb/2023:07:27:41 -0800] "GET /ysbio/wdc/lafpark04.jpg HTTP/1.1" 404 88 "-" "Mozilla/5.0 (Macintosh; Intel Mac OS X 10_15_7) AppleWebKit/537.36 (KHTML, like Gecko) Chrome/107.0.0.0 Safari/537.36" "ysfine.com"
64.124.8.49 - - [16/Feb/2023:07:27:58 -0800] "GET /dirac/bankers.html HTTP/1.1" 200 4453 "-" "Mozilla/5.0 (X11; Linux x86_64) AppleWebKit/537.36 (KHTML, like Gecko) Chrome/61.0.3163.79 Safari/537.36" "ysfine.com"
114.239.165.140 - - [16/Feb/2023:07:29:14 -0800] "GET /awards/index.html HTTP/1.1" 200 10082 "-" "Mozilla/5.0 (Windows NT 6.2; Win64; x64) AppleWebKit/537.36 (KHTML, like Gecko) Chrome/60.0.3112.90 Safari/537.36" "ysfine.com"
95.163.255.62 - - [16/Feb/2023:07:29:19 -0800] "GET /world/france/orsaym31.jpg HTTP/1.1" 200 96186 "-" "Mozilla/5.0 (compatible; Linux x86_64; Mail.RU_Bot/2.0; +https://help.mail.ru/webmaster/indexing/robots)" "www.ysfine.com"
95.163.255.63 - - [16/Feb/2023:07:29:24 -0800] "GET /robots.txt HTTP/1.1" 404 73 "-" "Mozilla/5.0 (compatible; Linux x86_64; Mail.RU_Bot/2.0; +https://help.mail.ru/webmaster/indexing/robots)" "ysfine.com"
95.163.255.67 - - [16/Feb/2023:07:29:25 -0800] "GET /maga/phil/marx55.jpg HTTP/1.1" 200 244771 "-" "Mozilla/5.0 (compatible; Linux x86_64; Mail.RU_Bot/2.0; +https://help.mail.ru/webmaster/indexing/robots)" "www.ysfine.com"
64.124.8.29 - - [16/Feb/2023:07:29:30 -0800] "GET /style/vienopera22.jpg HTTP/1.1" 200 125468 "-" "Mozilla/5.0 (Macintosh; Intel Mac OS X 10_15_7) AppleWebKit/537.36 (KHTML, like Gecko) Chrome/107.0.0.0 Safari/537.36" "ysfine.com"
95.163.255.64 - - [16/Feb/2023:07:29:31 -0800] "GET /world/brit/cam36.jpg HTTP/1.1" 200 78844 "-" "Mozilla/5.0 (compatible; Linux x86_64; Mail.RU_Bot/2.0; +https://help.mail.ru/webmaster/indexing/robots)" "www.ysfine.com"
52.167.144.86 - - [16/Feb/2023:07:29:31 -0800] "GET /world/china/shenyang22.jpg HTTP/1.1" 200 95576 "-" "Mozilla/5.0 AppleWebKit/537.36 (KHTML, like Gecko; compatible; bingbot/2.0; +http://www.bing.com/bingbot.htm) Chrome/103.0.5060.134 Safari/537.36" "ysfine.com"
95.163.255.69 - - [16/Feb/2023:07:29:37 -0800] "GET /world/france/nice301.jpg HTTP/1.1" 200 156611 "-" "Mozilla/5.0 (compatible; Linux x86_64; Mail.RU_Bot/2.0; +https://help.mail.ru/webmaster/indexing/robots)" "www.ysfine.com"
95.163.255.67 - - [16/Feb/2023:07:29:41 -0800] "GET /world/france/lipp03.jpg HTTP/1.1" 200 87932 "-" "Mozilla/5.0 (compatible; Linux x86_64; Mail.RU_Bot/2.0; +https://help.mail.ru/webmaster/indexing/robots)" "www.ysfine.com"
95.163.255.63 - - [16/Feb/2023:07:29:44 -0800] "GET /maga/phil/freud2.jpg HTTP/1.1" 200 40482 "-" "Mozilla/5.0 (compatible; Linux x86_64; Mail.RU_Bot/2.0; +https://help.mail.ru/webmaster/indexing/robots)" "ysfine.com"
95.163.255.69 - - [16/Feb/2023:07:29:49 -0800] "GET /world/france/nicef33.jpg HTTP/1.1" 200 98178 "-" "Mozilla/5.0 (compatible; Linux x86_64; Mail.RU_Bot/2.0; +https://help.mail.ru/webmaster/indexing/robots)" "ysfine.com"
64.124.8.49 - - [16/Feb/2023:07:29:49 -0800] "GET /wdc/annapolis.html HTTP/1.1" 200 3158 "-" "Mozilla/5.0 (X11; Linux x86_64) AppleWebKit/537.36 (KHTML, like Gecko) Chrome/61.0.3163.79 Safari/537.36" "ysfine.com"
216.244.66.229 - - [16/Feb/2023:07:29:54 -0800] "GET /robots.txt HTTP/1.1" 404 73 "-" "Mozilla/5.0 (compatible; DotBot/1.2; +https://opensiteexplorer.org/dotbot; help@moz.com)" "ysfine.com"
95.163.255.68 - - [16/Feb/2023:07:29:55 -0800] "GET /world/brit/loncafe22.jpg HTTP/1.1" 200 112967 "-" "Mozilla/5.0 (compatible; Linux x86_64; Mail.RU_Bot/2.0; +https://help.mail.ru/webmaster/indexing/robots)" "ysfine.com"
52.167.144.62 - - [16/Feb/2023:07:31:25 -0800] "GET /world/ital/palermo03.jpg HTTP/1.1" 200 103656 "-" "Mozilla/5.0 AppleWebKit/537.36 (KHTML, like Gecko; compatible; bingbot/2.0; +http://www.bing.com/bingbot.htm) Chrome/103.0.5060.134 Safari/537.36" "ysfine.com"
64.124.8.55 - - [16/Feb/2023:07:31:50 -0800] "GET /ysbio/style/schonbr11.jpg HTTP/1.1" 404 88 "-" "Mozilla/5.0 (Macintosh; Intel Mac OS X 10_15_7) AppleWebKit/537.36 (KHTML, like Gecko) Chrome/107.0.0.0 Safari/537.36" "www.ysfine.com"
64.124.8.52 - - [16/Feb/2023:07:31:50 -0800] "GET /ysbio/dirac/dirfoc11.jpg HTTP/1.1" 404 88 "-" "Mozilla/5.0 (Macintosh; Intel Mac OS X 10_15_7) AppleWebKit/537.36 (KHTML, like Gecko) Chrome/107.0.0.0 Safari/537.36" "ysfine.com"
64.124.8.55 - - [16/Feb/2023:07:32:03 -0800] "GET /ysbio/style/swanlake.jpg HTTP/1.1" 404 88 "-" "Mozilla/5.0 (Macintosh; Intel Mac OS X 10_15_7) AppleWebKit/537.36 (KHTML, like Gecko) Chrome/107.0.0.0 Safari/537.36" "www.ysfine.com"
216.244.66.229 - - [16/Feb/2023:07:32:15 -0800] "GET /philo/marx.html HTTP/1.1" 200 17804 "-" "Mozilla/5.0 (compatible; DotBot/1.2; +https://opensiteexplorer.org/dotbot; help@moz.com)" "ysfine.com"
64.124.8.49 - - [16/Feb/2023:07:32:18 -0800] "GET /ysbio/world/israel/jeru17.jpg HTTP/1.1" 404 88 "-" "Mozilla/5.0 (Macintosh; Intel Mac OS X 10_15_7) AppleWebKit/537.36 (KHTML, like Gecko) Chrome/107.0.0.0 Safari/537.36" "www.ysfine.com"
216.244.66.229 - - [16/Feb/2023:07:32:20 -0800] "GET /style/nga22.jpg HTTP/1.1" 200 132866 "-" "Mozilla/5.0 (compatible; DotBot/1.2; +https://opensiteexplorer.org/dotbot; help@moz.com)" "ysfine.com"
216.244.66.229 - - [16/Feb/2023:07:32:24 -0800] "GET /wdc/whx18.html HTTP/1.1" 200 10996 "-" "Mozilla/5.0 (compatible; DotBot/1.2; +https://opensiteexplorer.org/dotbot; help@moz.com)" "ysfine.com"
64.124.8.50 - - [16/Feb/2023:07:32:30 -0800] "GET /ysbio/kobak/severance2.jpg HTTP/1.1" 404 88 "-" "Mozilla/5.0 (Macintosh; Intel Mac OS X 10_15_7) AppleWebKit/537.36 (KHTML, like Gecko) Chrome/107.0.0.0 Safari/537.36" "ysfine.com"
138.201.48.103 - - [16/Feb/2023:07:32:34 -0800] "GET /friends/monalisa11.jpg HTTP/1.1" 404 73 "-" "GuzzleHttp/6.3.3 curl/7.38.0 PHP/7.2.11-2+0~20181015120510.9+jessie~1.gbp8105e0" "ysfine.com"
216.244.66.229 - - [16/Feb/2023:07:32:39 -0800] "GET /ffriends/romania02.jpg HTTP/1.1" 200 241790 "-" "Mozilla/5.0 (compatible; DotBot/1.2; +https://opensiteexplorer.org/dotbot; help@moz.com)" "ysfine.com"
216.244.66.229 - - [16/Feb/2023:07:32:41 -0800] "GET /ffriends/serbian11.jpg HTTP/1.1" 200 100169 "-" "Mozilla/5.0 (compatible; DotBot/1.2; +https://opensiteexplorer.org/dotbot; help@moz.com)" "ysfine.com"
216.244.66.229 - - [16/Feb/2023:07:32:43 -0800] "GET /heisen/einheisen22.html HTTP/1.1" 200 12702 "-" "Mozilla/5.0 (compatible; DotBot/1.2; +https://opensiteexplorer.org/dotbot; help@moz.com)" "ysfine.com"
216.244.66.229 - - [16/Feb/2023:07:32:44 -0800] "GET /home/kids20.jpg HTTP/1.1" 200 153106 "-" "Mozilla/5.0 (compatible; DotBot/1.2; +https://opensiteexplorer.org/dotbot; help@moz.com)" "ysfine.com"
216.244.66.229 - - [16/Feb/2023:07:32:46 -0800] "GET /world/france/pariso12.jpg HTTP/1.1" 200 74030 "-" "Mozilla/5.0 (compatible; DotBot/1.2; +https://opensiteexplorer.org/dotbot; help@moz.com)" "ysfine.com"
216.244.66.229 - - [16/Feb/2023:07:32:47 -0800] "GET /world/poland/chopin05.jpg HTTP/1.1" 200 77552 "-" "Mozilla/5.0 (compatible; DotBot/1.2; +https://opensiteexplorer.org/dotbot; help@moz.com)" "ysfine.com"
216.244.66.229 - - [16/Feb/2023:07:32:49 -0800] "GET /world/spain/cordoc11.jpg HTTP/1.1" 200 293874 "-" "Mozilla/5.0 (compatible; DotBot/1.2; +https://opensiteexplorer.org/dotbot; help@moz.com)" "ysfine.com"
64.124.8.50 - - [16/Feb/2023:07:33:05 -0800] "GET /feynman/page22.jpg HTTP/1.1" 200 111640 "-" "Mozilla/5.0 (Macintosh; Intel Mac OS X 10_15_7) AppleWebKit/537.36 (KHTML, like Gecko) Chrome/107.0.0.0 Safari/537.36" "www.ysfine.com"
64.124.8.28 - - [16/Feb/2023:07:33:24 -0800] "GET /ysbio/world/poland/hcross01.jpg HTTP/1.1" 404 88 "-" "Mozilla/5.0 (Macintosh; Intel Mac OS X 10_15_7) AppleWebKit/537.36 (KHTML, like Gecko) Chrome/107.0.0.0 Safari/537.36" "www.ysfine.com"
64.124.8.29 - - [16/Feb/2023:07:33:34 -0800] "GET /ysbio/bek55.jpg HTTP/1.1" 404 88 "-" "Mozilla/5.0 (Macintosh; Intel Mac OS X 10_15_7) AppleWebKit/537.36 (KHTML, like Gecko) Chrome/107.0.0.0 Safari/537.36" "ysfine.com"
64.124.8.55 - - [16/Feb/2023:07:33:56 -0800] "GET /world/france/champ9605.jpg HTTP/1.1" 200 104970 "-" "Mozilla/5.0 (Macintosh; Intel Mac OS X 10_15_7) AppleWebKit/537.36 (KHTML, like Gecko) Chrome/107.0.0.0 Safari/537.36" "ysfine.com"
64.124.8.52 - - [16/Feb/2023:07:35:04 -0800] "GET /ysbio/world/hungary/eoto03.jpg HTTP/1.1" 404 88 "-" "Mozilla/5.0 (Macintosh; Intel Mac OS X 10_15_7) AppleWebKit/537.36 (KHTML, like Gecko) Chrome/107.0.0.0 Safari/537.36" "www.ysfine.com"
77.88.31.232 - - [16/Feb/2023:07:36:21 -0800] "GET /kobak/rhee12.jpg HTTP/1.1" 200 235392 "-" "Mozilla/5.0 (compatible; YandexImageResizer/2.0; +http://yandex.com/bots)" "www.ysfine.com"
64.124.8.54 - - [16/Feb/2023:07:36:27 -0800] "GET /ysbio/world/russ/protvi02.jpg HTTP/1.1" 404 88 "-" "Mozilla/5.0 (Macintosh; Intel Mac OS X 10_15_7) AppleWebKit/537.36 (KHTML, like Gecko) Chrome/107.0.0.0 Safari/537.36" "ysfine.com"
52.167.144.62 - - [16/Feb/2023:07:36:35 -0800] "GET /world/china/nanjing05.jpg HTTP/1.1" 200 88862 "-" "Mozilla/5.0 AppleWebKit/537.36 (KHTML, like Gecko; compatible; bingbot/2.0; +http://www.bing.com/bingbot.htm) Chrome/103.0.5060.134 Safari/537.36" "www.ysfine.com"
124.59.33.38 - - [16/Feb/2023:07:36:40 -0800] "GET /world/places/ulm03.jpg HTTP/1.1" 200 145594 "https://www.google.com/" "Mozilla/5.0 (Windows NT 10.0; Win64; x64) AppleWebKit/537.36 (KHTML, like Gecko) Chrome/110.0.0.0 Whale/3.19.166.16 Safari/537.36" "ysfine.com"
64.124.8.53 - - [16/Feb/2023:07:36:43 -0800] "GET /world/brit/cam11.jpg HTTP/1.1" 200 83753 "-" "Mozilla/5.0 (Macintosh; Intel Mac OS X 10_15_7) AppleWebKit/537.36 (KHTML, like Gecko) Chrome/107.0.0.0 Safari/537.36" "ysfine.com"
79.167.207.158 - - [16/Feb/2023:07:38:11 -0800] "GET /feynman/feyfirm3.jpg HTTP/1.1" 200 39603 "https://www.google.com/" "Mozilla/5.0 (X11; Linux x86_64) AppleWebKit/537.36 (KHTML, like Gecko) Chrome/110.0.0.0 Safari/537.36" "ysfine.com"
64.124.8.53 - - [16/Feb/2023:07:38:30 -0800] "GET /world/baltic/kalin22.jpg HTTP/1.1" 200 152819 "-" "Mozilla/5.0 (Macintosh; Intel Mac OS X 10_15_7) AppleWebKit/537.36 (KHTML, like Gecko) Chrome/107.0.0.0 Safari/537.36" "ysfine.com"
64.124.8.50 - - [16/Feb/2023:07:39:37 -0800] "GET /ffriends/sicily33.jpg HTTP/1.1" 200 67256 "-" "Mozilla/5.0 (Macintosh; Intel Mac OS X 10_15_7) AppleWebKit/537.36 (KHTML, like Gecko) Chrome/107.0.0.0 Safari/537.36" "ysfine.com"
64.124.8.57 - - [16/Feb/2023:07:40:07 -0800] "GET /style/music/liszt04.jpg HTTP/1.1" 200 168754 "-" "Mozilla/5.0 (Macintosh; Intel Mac OS X 10_15_7) AppleWebKit/537.36 (KHTML, like Gecko) Chrome/107.0.0.0 Safari/537.36" "www.ysfine.com"
64.124.8.29 - - [16/Feb/2023:07:40:12 -0800] "GET /ysbio/world/france/flore05.jpg HTTP/1.1" 404 88 "-" "Mozilla/5.0 (Macintosh; Intel Mac OS X 10_15_7) AppleWebKit/537.36 (KHTML, like Gecko) Chrome/107.0.0.0 Safari/537.36" "www.ysfine.com"
77.75.78.165 - - [16/Feb/2023:07:40:34 -0800] "GET /robots.txt HTTP/1.1" 404 88 "-" "Mozilla/5.0 (compatible; SeznamBot/3.2; +http://napoveda.seznam.cz/en/seznambot-intro/)" "ysfine.com"
77.75.78.165 - - [16/Feb/2023:07:40:35 -0800] "GET /style/musee/berlinmus26.jpg HTTP/1.1" 200 124583 "-" "Mozilla/5.0 (compatible; SeznamBot/3.2; +http://napoveda.seznam.cz/en/seznambot-intro/)" "ysfine.com"
77.75.78.165 - - [16/Feb/2023:07:40:39 -0800] "GET /world/france/royalpa04.jpg HTTP/1.1" 200 136452 "-" "Mozilla/5.0 (compatible; SeznamBot/3.2; +http://napoveda.seznam.cz/en/seznambot-intro/)" "ysfine.com"
77.75.78.165 - - [16/Feb/2023:07:40:42 -0800] "GET /world/russ/arbat15.jpg HTTP/1.1" 200 166840 "-" "Mozilla/5.0 (compatible; SeznamBot/3.2; +http://napoveda.seznam.cz/en/seznambot-intro/)" "ysfine.com"
77.75.78.165 - - [16/Feb/2023:07:40:45 -0800] "GET /world/ital/flor023.jpg HTTP/1.1" 304 - "-" "Mozilla/5.0 (compatible; SeznamBot/3.2; +http://napoveda.seznam.cz/en/seznambot-intro/)" "ysfine.com"
77.75.78.165 - - [16/Feb/2023:07:40:45 -0800] "GET /feynman/chewfra.jpg HTTP/1.1" 200 53664 "-" "Mozilla/5.0 (compatible; SeznamBot/3.2; +http://napoveda.seznam.cz/en/seznambot-intro/)" "ysfine.com"
77.75.78.165 - - [16/Feb/2023:07:40:46 -0800] "GET /wdc/redcross11.jpg HTTP/1.1" 304 - "-" "Mozilla/5.0 (compatible; SeznamBot/3.2; +http://napoveda.seznam.cz/en/seznambot-intro/)" "ysfine.com"
52.167.144.62 - - [16/Feb/2023:07:41:55 -0800] "GET /maga/phil/marxvalue11.jpg HTTP/1.1" 200 109000 "-" "Mozilla/5.0 AppleWebKit/537.36 (KHTML, like Gecko; compatible; bingbot/2.0; +http://www.bing.com/bingbot.htm) Chrome/103.0.5060.134 Safari/537.36" "ysfine.com"
64.124.8.29 - - [16/Feb/2023:07:42:03 -0800] "GET /ysbio/world/balkan/istan013.jpg HTTP/1.1" 404 88 "-" "Mozilla/5.0 (Macintosh; Intel Mac OS X 10_15_7) AppleWebKit/537.36 (KHTML, like Gecko) Chrome/107.0.0.0 Safari/537.36" "www.ysfine.com"
64.124.8.49 - - [16/Feb/2023:07:42:20 -0800] "GET /style/cameras/blackwhite02.jpg HTTP/1.1" 200 103815 "-" "Mozilla/5.0 (Macintosh; Intel Mac OS X 10_15_7) AppleWebKit/537.36 (KHTML, like Gecko) Chrome/107.0.0.0 Safari/537.36" "ysfine.com"
64.124.8.55 - - [16/Feb/2023:07:42:20 -0800] "GET /world/russ/minsk004.jpg HTTP/1.1" 200 116449 "-" "Mozilla/5.0 (Macintosh; Intel Mac OS X 10_15_7) AppleWebKit/537.36 (KHTML, like Gecko) Chrome/107.0.0.0 Safari/537.36" "ysfine.com"
64.124.8.55 - - [16/Feb/2023:07:42:24 -0800] "GET /world/places/ulm26.jpg HTTP/1.1" 200 104983 "-" "Mozilla/5.0 (Macintosh; Intel Mac OS X 10_15_7) AppleWebKit/537.36 (KHTML, like Gecko) Chrome/107.0.0.0 Safari/537.36" "www.ysfine.com"
79.167.207.158 - - [16/Feb/2023:07:42:33 -0800] "GET /feynman/feydirac.jpg HTTP/1.1" 200 98378 "https://www.google.com/" "Mozilla/5.0 (X11; Linux x86_64) AppleWebKit/537.36 (KHTML, like Gecko) Chrome/110.0.0.0 Safari/537.36" "ysfine.com"
114.239.165.140 - - [16/Feb/2023:07:42:53 -0800] "GET /einstein/index.html HTTP/1.1" 200 135 "-" "Mozilla/5.0 (Windows NT 6.2; Win64; x64) AppleWebKit/537.36 (KHTML, like Gecko) Chrome/60.0.3112.90 Safari/537.36" "ysfine.com"
185.191.171.34 - - [16/Feb/2023:07:43:45 -0800] "GET /maga/deforest.html HTTP/1.1" 200 4660 "-" "Mozilla/5.0 (compatible; SemrushBot/7~bl; +http://www.semrush.com/bot.html)" "www.ysfine.com"
64.124.8.52 - - [16/Feb/2023:07:44:07 -0800] "GET /ysbio/kobak/kostu01.jpg HTTP/1.1" 404 88 "-" "Mozilla/5.0 (Macintosh; Intel Mac OS X 10_15_7) AppleWebKit/537.36 (KHTML, like Gecko) Chrome/107.0.0.0 Safari/537.36" "www.ysfine.com"
185.191.171.4 - - [16/Feb/2023:07:44:43 -0800] "GET /robots.txt HTTP/1.1" 404 88 "-" "Mozilla/5.0 (compatible; SemrushBot/7~bl; +http://www.semrush.com/bot.html)" "ysfine.com"
185.191.171.12 - - [16/Feb/2023:07:44:44 -0800] "GET /maga/keigel.html HTTP/1.1" 200 6995 "-" "Mozilla/5.0 (compatible; SemrushBot/7~bl; +http://www.semrush.com/bot.html)" "ysfine.com"
189.186.64.125 - - [16/Feb/2023:07:45:18 -0800] "GET /princeton/ias11.jpg HTTP/1.1" 200 76978 "https://mx.images.search.yahoo.com/search/images;_ylt=AwrO8nuwTu5jWcQYsrvF8Qt.;_ylu=c2VjA3NlYXJjaARzbGsDYnV0dG9u;_ylc=X1MDMjExNDcxMjAwNQRfcgMyBGZyA21jYWZlZQRmcjIDcDpzLHY6aSxtOnNiLXRvcARncHJpZANIVE5QUjZodVQwZTV2bDV3b2xFWXRBBG5fcnNsdAMwBG5fc3VnZwMwBG9yaWdpbgNteC5pbWFnZXMuc2VhcmNoLnlhaG9vLmNvbQRwb3MDMARwcXN0cgMEcHFzdHJsAzAEcXN0cmwDMTkEcXVlcnkDaW5zdGl0dXRvJTIwcHJpbmNldG9uBHRfc3RtcAMxNjc2NTYyMzEx?p=instituto+princeton&fr=mcafee&fr2=p%3As%2Cv%3Ai%2Cm%3Asb-top&ei=UTF-8&x=wrt&type=E211MX714G0" "Mozilla/5.0 (Windows NT 10.0; Win64; x64) AppleWebKit/537.36 (KHTML, like Gecko) Chrome/110.0.0.0 Safari/537.36" "ysfine.com"
64.124.8.50 - - [16/Feb/2023:07:45:34 -0800] "GET /world/poland/degalle11.jpg HTTP/1.1" 200 80284 "-" "Mozilla/5.0 (Macintosh; Intel Mac OS X 10_15_7) AppleWebKit/537.36 (KHTML, like Gecko) Chrome/107.0.0.0 Safari/537.36" "ysfine.com"
64.124.8.54 - - [16/Feb/2023:07:46:00 -0800] "GET /dongio/israel02.jpg HTTP/1.1" 404 88 "-" "Mozilla/5.0 (Macintosh; Intel Mac OS X 10_15_7) AppleWebKit/537.36 (KHTML, like Gecko) Chrome/107.0.0.0 Safari/537.36" "www.ysfine.com"
64.124.8.53 - - [16/Feb/2023:07:46:12 -0800] "GET /ysbio/world/russ/mosko03.jpg HTTP/1.1" 404 88 "-" "Mozilla/5.0 (Macintosh; Intel Mac OS X 10_15_7) AppleWebKit/537.36 (KHTML, like Gecko) Chrome/107.0.0.0 Safari/537.36" "ysfine.com"
64.124.8.52 - - [16/Feb/2023:07:46:12 -0800] "GET /ysbio/world/russ/kiev047.jpg HTTP/1.1" 404 88 "-" "Mozilla/5.0 (Macintosh; Intel Mac OS X 10_15_7) AppleWebKit/537.36 (KHTML, like Gecko) Chrome/107.0.0.0 Safari/537.36" "ysfine.com"
64.124.8.52 - - [16/Feb/2023:07:46:16 -0800] "GET /ysbio/usca/norl/napo10.jpg HTTP/1.1" 404 88 "-" "Mozilla/5.0 (Macintosh; Intel Mac OS X 10_15_7) AppleWebKit/537.36 (KHTML, like Gecko) Chrome/107.0.0.0 Safari/537.36" "ysfine.com"
114.119.159.62 - - [16/Feb/2023:07:46:17 -0800] "GET /folks/sbt.html HTTP/1.1" 200 529 "https://ysfine.com/folks/pimage.html" "Mozilla/5.0 (Linux; Android 7.0;) AppleWebKit/537.36 (KHTML, like Gecko) Mobile Safari/537.36 (compatible; PetalBot;+https://webmaster.petalsearch.com/site/petalbot)" "ysfine.com"
52.167.144.35 - - [16/Feb/2023:07:46:33 -0800] "GET /ysbio/sbk/2014shangh66.jpg HTTP/1.1" 404 88 "-" "Mozilla/5.0 AppleWebKit/537.36 (KHTML, like Gecko; compatible; bingbot/2.0; +http://www.bing.com/bingbot.htm) Chrome/103.0.5060.134 Safari/537.36" "ysfine.com"
52.167.144.86 - - [16/Feb/2023:07:46:37 -0800] "GET /world/baltic/rigaeisen06.jpg HTTP/1.1" 200 101030 "-" "Mozilla/5.0 AppleWebKit/537.36 (KHTML, like Gecko; compatible; bingbot/2.0; +http://www.bing.com/bingbot.htm) Chrome/103.0.5060.134 Safari/537.36" "ysfine.com"
128.0.74.68 - - [16/Feb/2023:07:46:38 -0800] "GET /wigner/neum/ymath.jpg HTTP/1.1" 200 64930 "https://www.google.com/" "Mozilla/5.0 (Windows NT 10.0; Win64; x64) AppleWebKit/537.36 (KHTML, like Gecko) Chrome/109.0.0.0 Safari/537.36 Edg/109.0.1518.78" "ysfine.com"
124.120.200.66 - - [16/Feb/2023:07:46:41 -0800] "GET /dirac/dirfoc11.jpg HTTP/1.1" 200 149712 "https://www.google.co.th/" "Mozilla/5.0 (Windows NT 10.0; Win64; x64) AppleWebKit/537.36 (KHTML, like Gecko) Chrome/110.0.0.0 Safari/537.36" "ysfine.com"
52.167.144.35 - - [16/Feb/2023:07:46:43 -0800] "GET /bio/kobak/yskor.html HTTP/1.1" 404 88 "-" "Mozilla/5.0 AppleWebKit/537.36 (KHTML, like Gecko; compatible; bingbot/2.0; +http://www.bing.com/bingbot.htm) Chrome/103.0.5060.134 Safari/537.36" "ysfine.com"
64.124.8.57 - - [16/Feb/2023:07:46:50 -0800] "GET /ffriends/aline/northwes09.jpg HTTP/1.1" 200 169391 "-" "Mozilla/5.0 (Macintosh; Intel Mac OS X 10_15_7) AppleWebKit/537.36 (KHTML, like Gecko) Chrome/107.0.0.0 Safari/537.36" "ysfine.com"
64.124.8.50 - - [16/Feb/2023:07:47:03 -0800] "GET /world/brit/cam36.jpg HTTP/1.1" 200 78844 "-" "Mozilla/5.0 (Macintosh; Intel Mac OS X 10_15_7) AppleWebKit/537.36 (KHTML, like Gecko) Chrome/107.0.0.0 Safari/537.36" "ysfine.com"
64.124.8.55 - - [16/Feb/2023:07:47:28 -0800] "GET /feynman/feybongo.jpg HTTP/1.1" 200 47448 "http://ysfine.com/feynman/feybongo.jpg" "Mozilla/5.0 (Macintosh; Intel Mac OS X 10_15_7) AppleWebKit/537.36 (KHTML, like Gecko) Chrome/107.0.0.0 Safari/537.36" "ysfine.com"
64.124.8.55 - - [16/Feb/2023:07:47:34 -0800] "GET /world/wignobel.jpg HTTP/1.1" 404 88 "-" "Mozilla/5.0 (Macintosh; Intel Mac OS X 10_15_7) AppleWebKit/537.36 (KHTML, like Gecko) Chrome/107.0.0.0 Safari/537.36" "ysfine.com"
64.124.8.49 - - [16/Feb/2023:07:47:54 -0800] "GET /world/balkan/istan084.jpg HTTP/1.1" 200 104664 "-" "Mozilla/5.0 (Macintosh; Intel Mac OS X 10_15_7) AppleWebKit/537.36 (KHTML, like Gecko) Chrome/107.0.0.0 Safari/537.36" "ysfine.com"
