116.179.37.251 - - [16/Feb/2023:02:45:25 -0800] "GET /maga/phys/yukadirac55b.jpg HTTP/1.1" 200 41758 "https://www.ysfine.com/dirac/dirpoet.html" "Mozilla/5.0 (compatible; Baiduspider-render/2.0; +http://www.baidu.com/search/spider.html)" "www.ysfine.com"
116.179.37.84 - - [16/Feb/2023:02:45:25 -0800] "GET /dirac/dirwig33b.jpg HTTP/1.1" 200 11663 "https://www.ysfine.com/dirac/dirpoet.html" "Mozilla/5.0 (compatible; Baiduspider-render/2.0; +http://www.baidu.com/search/spider.html)" "www.ysfine.com"
116.179.37.59 - - [16/Feb/2023:02:45:25 -0800] "GET /home/marquis21a.jpg HTTP/1.1" 404 88 "https://www.ysfine.com/dirac/dirpoet.html" "Mozilla/5.0 (compatible; Baiduspider-render/2.0; +http://www.baidu.com/search/spider.html)" "www.ysfine.com"
116.179.37.31 - - [16/Feb/2023:02:45:25 -0800] "GET /maga/phys/yukadirac53b.jpg HTTP/1.1" 200 46220 "https://www.ysfine.com/dirac/dirpoet.html" "Mozilla/5.0 (compatible; Baiduspider-render/2.0; +http://www.baidu.com/search/spider.html)" "www.ysfine.com"
52.167.144.39 - - [16/Feb/2023:02:45:53 -0800] "GET /world/germany/franko22b.jpg HTTP/1.1" 200 43358 "-" "Mozilla/5.0 AppleWebKit/537.36 (KHTML, like Gecko; compatible; bingbot/2.0; +http://www.bing.com/bingbot.htm) Chrome/103.0.5060.134 Safari/537.36" "www.ysfine.com"
64.124.8.56 - - [16/Feb/2023:02:45:55 -0800] "GET /world/russ/gum10.jpg HTTP/1.1" 200 137554 "-" "Mozilla/5.0 (Macintosh; Intel Mac OS X 10_15_7) AppleWebKit/537.36 (KHTML, like Gecko) Chrome/107.0.0.0 Safari/537.36" "ysfine.com"
40.77.167.192 - - [16/Feb/2023:02:46:09 -0800] "GET /maga/phil/kanthegel55.jpg HTTP/1.1" 200 163134 "-" "Mozilla/5.0 AppleWebKit/537.36 (KHTML, like Gecko; compatible; bingbot/2.0; +http://www.bing.com/bingbot.htm) Chrome/103.0.5060.134 Safari/537.36" "ysfine.com"
40.77.167.192 - - [16/Feb/2023:02:46:09 -0800] "GET /feynman/jf2.jpg HTTP/1.1" 200 10558 "-" "Mozilla/5.0 AppleWebKit/537.36 (KHTML, like Gecko; compatible; bingbot/2.0; +http://www.bing.com/bingbot.htm) Chrome/103.0.5060.134 Safari/537.36" "ysfine.com"
40.77.167.192 - - [16/Feb/2023:02:46:09 -0800] "GET /auto/bio02.html HTTP/1.1" 200 12239 "-" "Mozilla/5.0 AppleWebKit/537.36 (KHTML, like Gecko; compatible; bingbot/2.0; +http://www.bing.com/bingbot.htm) Chrome/103.0.5060.134 Safari/537.36" "ysfine.com"
185.191.171.13 - - [16/Feb/2023:02:46:23 -0800] "GET /robots.txt HTTP/1.1" 404 88 "-" "Mozilla/5.0 (compatible; SemrushBot/7~bl; +http://www.semrush.com/bot.html)" "ysfine.com"
185.191.171.18 - - [16/Feb/2023:02:46:23 -0800] "GET /dirac/dirheisen.html HTTP/1.1" 200 4650 "-" "Mozilla/5.0 (compatible; SemrushBot/7~bl; +http://www.semrush.com/bot.html)" "ysfine.com"
185.191.171.16 - - [16/Feb/2023:02:46:36 -0800] "GET /auto/bio17.html HTTP/1.1" 200 10912 "-" "Mozilla/5.0 (compatible; SemrushBot/7~bl; +http://www.semrush.com/bot.html)" "ysfine.com"
216.244.66.229 - - [16/Feb/2023:02:46:47 -0800] "GET /ffriends/amkor/amcalver22.jpg HTTP/1.1" 200 85461 "-" "Mozilla/5.0 (compatible; DotBot/1.2; +https://opensiteexplorer.org/dotbot; help@moz.com)" "ysfine.com"
216.244.66.229 - - [16/Feb/2023:02:46:50 -0800] "GET /world/russ/mosmusic17.jpg HTTP/1.1" 200 119724 "-" "Mozilla/5.0 (compatible; DotBot/1.2; +https://opensiteexplorer.org/dotbot; help@moz.com)" "www.ysfine.com"
64.124.8.54 - - [16/Feb/2023:02:46:51 -0800] "GET /world/germany/hofbrau55.jpg HTTP/1.1" 200 107423 "-" "Mozilla/5.0 (Macintosh; Intel Mac OS X 10_15_7) AppleWebKit/537.36 (KHTML, like Gecko) Chrome/107.0.0.0 Safari/537.36" "ysfine.com"
64.124.8.21 - - [16/Feb/2023:02:47:13 -0800] "GET /robots.txt HTTP/1.1" 404 88 "-" "Mozilla/5.0 (X11; Linux x86_64) AppleWebKit/537.36 (KHTML, like Gecko) Chrome/61.0.3163.79 Safari/537.36" "ysfine.com"
64.124.8.29 - - [16/Feb/2023:02:47:13 -0800] "GET /beau/moso15.jpg HTTP/1.1" 404 88 "-" "Mozilla/5.0 (Macintosh; Intel Mac OS X 10_15_7) AppleWebKit/537.36 (KHTML, like Gecko) Chrome/107.0.0.0 Safari/537.36" "www.ysfine.com"
64.124.8.21 - - [16/Feb/2023:02:47:13 -0800] "GET /robots.txt HTTP/1.1" 404 88 "-" "Mozilla/5.0 (X11; Linux x86_64) AppleWebKit/537.36 (KHTML, like Gecko) Chrome/61.0.3163.79 Safari/537.36" "ysfine.com"
64.124.8.21 - - [16/Feb/2023:02:47:13 -0800] "GET /jobs/joleft.html HTTP/1.1" 200 335 "-" "Mozilla/5.0 (X11; Linux x86_64) AppleWebKit/537.36 (KHTML, like Gecko) Chrome/61.0.3163.79 Safari/537.36" "ysfine.com"
216.244.66.229 - - [16/Feb/2023:02:47:31 -0800] "GET /awards/iaotp/list21.pdf HTTP/1.1" 200 891261 "-" "Mozilla/5.0 (compatible; DotBot/1.2; +https://opensiteexplorer.org/dotbot; help@moz.com)" "ysfine.com"
17.246.23.91 - - [16/Feb/2023:02:47:39 -0800] "GET /confer/conleft.html HTTP/1.1" 200 546 "https://ysfine.com/confer/conbot.html" "Mozilla/5.0 (Macintosh; Intel Mac OS X 10_15_5) AppleWebKit/605.1.15 (KHTML, like Gecko) Version/13.1.1 Safari/605.1.15 (Applebot/0.1; +http://www.apple.com/go/applebot)" "ysfine.com"
17.246.19.80 - - [16/Feb/2023:02:47:39 -0800] "GET /confer/conrigh.html HTTP/1.1" 200 1964 "https://ysfine.com/confer/conbot.html" "Mozilla/5.0 (Macintosh; Intel Mac OS X 10_15_5) AppleWebKit/605.1.15 (KHTML, like Gecko) Version/13.1.1 Safari/605.1.15 (Applebot/0.1; +http://www.apple.com/go/applebot)" "ysfine.com"
64.124.8.55 - - [16/Feb/2023:02:47:49 -0800] "GET /world/russ/mosf16.jpg HTTP/1.1" 200 92402 "-" "Mozilla/5.0 (Macintosh; Intel Mac OS X 10_15_7) AppleWebKit/537.36 (KHTML, like Gecko) Chrome/107.0.0.0 Safari/537.36" "ysfine.com"
119.94.97.7 - - [16/Feb/2023:02:47:51 -0800] "GET /kowar/tanks/m46c.jpg HTTP/1.1" 200 74862 "https://www.google.com/" "Mozilla/5.0 (Windows NT 10.0; Win64; x64) AppleWebKit/537.36 (KHTML, like Gecko) Chrome/110.0.0.0 Safari/537.36" "ysfine.com"
212.150.246.134 - - [16/Feb/2023:02:48:17 -0800] "GET /favicon.ico HTTP/1.1" 404 88 "https://ysfine.com/wigner/wigner39.pdf" "Mozilla/5.0 (Macintosh; Intel Mac OS X 10_15_7) AppleWebKit/605.1.15 (KHTML, like Gecko) Version/16.3 Safari/605.1.15" "ysfine.com"
64.124.8.57 - - [16/Feb/2023:02:48:24 -0800] "GET /world/germany/benz07.jpg HTTP/1.1" 200 108681 "-" "Mozilla/5.0 (Macintosh; Intel Mac OS X 10_15_7) AppleWebKit/537.36 (KHTML, like Gecko) Chrome/107.0.0.0 Safari/537.36" "www.ysfine.com"
52.167.144.39 - - [16/Feb/2023:02:48:44 -0800] "GET /wdc/kennedyc04.jpg HTTP/1.1" 200 76587 "-" "Mozilla/5.0 AppleWebKit/537.36 (KHTML, like Gecko; compatible; bingbot/2.0; +http://www.bing.com/bingbot.htm) Chrome/103.0.5060.134 Safari/537.36" "www.ysfine.com"
64.124.8.29 - - [16/Feb/2023:02:49:09 -0800] "GET /maga/phil/sine33.jpg HTTP/1.1" 200 72721 "-" "Mozilla/5.0 (Macintosh; Intel Mac OS X 10_15_7) AppleWebKit/537.36 (KHTML, like Gecko) Chrome/107.0.0.0 Safari/537.36" "www.ysfine.com"
52.167.144.86 - - [16/Feb/2023:02:49:10 -0800] "GET /ysbio/usca/pitt/ks58.jpg HTTP/1.1" 404 88 "-" "Mozilla/5.0 AppleWebKit/537.36 (KHTML, like Gecko; compatible; bingbot/2.0; +http://www.bing.com/bingbot.htm) Chrome/103.0.5060.134 Safari/537.36" "ysfine.com"
52.167.144.86 - - [16/Feb/2023:02:49:11 -0800] "GET /auto/bio06.html HTTP/1.1" 200 14697 "-" "Mozilla/5.0 AppleWebKit/537.36 (KHTML, like Gecko; compatible; bingbot/2.0; +http://www.bing.com/bingbot.htm) Chrome/103.0.5060.134 Safari/537.36" "ysfine.com"
40.77.167.192 - - [16/Feb/2023:02:49:20 -0800] "GET /bio/kobak/soraech.html HTTP/1.1" 404 88 "-" "Mozilla/5.0 AppleWebKit/537.36 (KHTML, like Gecko; compatible; bingbot/2.0; +http://www.bing.com/bingbot.htm) Chrome/103.0.5060.134 Safari/537.36" "ysfine.com"
64.124.8.42 - - [16/Feb/2023:02:49:27 -0800] "GET /ysbio/class54/class5470/total_data/sub_801.htm HTTP/1.1" 404 88 "-" "Mozilla/5.0 (X11; Linux x86_64) AppleWebKit/537.36 (KHTML, like Gecko) Chrome/61.0.3163.79 Safari/537.36" "www.ysfine.com"
52.167.144.39 - - [16/Feb/2023:02:49:44 -0800] "GET /world/russ/stalinorg11b.jpg HTTP/1.1" 200 47741 "-" "Mozilla/5.0 AppleWebKit/537.36 (KHTML, like Gecko; compatible; bingbot/2.0; +http://www.bing.com/bingbot.htm) Chrome/103.0.5060.134 Safari/537.36" "ysfine.com"
114.119.157.250 - - [16/Feb/2023:02:49:44 -0800] "GET /ffriends/african.html HTTP/1.1" 200 3870 "https://ysfine.com/ffriends/fdw.html" "Mozilla/5.0 (Linux; Android 7.0;) AppleWebKit/537.36 (KHTML, like Gecko) Mobile Safari/537.36 (compatible; PetalBot;+https://webmaster.petalsearch.com/site/petalbot)" "ysfine.com"
200.18.121.162 - - [16/Feb/2023:02:49:58 -0800] "GET /dirac/dirheisen30.jpg HTTP/1.1" 200 141929 "https://www.google.com/" "Mozilla/5.0 (Windows NT 10.0; Win64; x64) AppleWebKit/537.36 (KHTML, like Gecko) Chrome/110.0.0.0 Safari/537.36" "ysfine.com"
52.167.144.62 - - [16/Feb/2023:02:50:08 -0800] "GET /einstein/muon2.jpg HTTP/1.1" 200 41017 "-" "Mozilla/5.0 AppleWebKit/537.36 (KHTML, like Gecko; compatible; bingbot/2.0; +http://www.bing.com/bingbot.htm) Chrome/103.0.5060.134 Safari/537.36" "ysfine.com"
114.119.159.232 - - [16/Feb/2023:02:51:04 -0800] "GET /class54/class5470/total_data/sub_145.htm HTTP/1.1" 200 3287 "https://www.ysfine.com/class54/class5470/total_data/sub_135.htm" "Mozilla/5.0 (Linux; Android 7.0;) AppleWebKit/537.36 (KHTML, like Gecko) Mobile Safari/537.36 (compatible; PetalBot;+https://webmaster.petalsearch.com/site/petalbot)" "www.ysfine.com"
52.167.144.86 - - [16/Feb/2023:02:51:22 -0800] "GET /auto/bio21.html HTTP/1.1" 200 5217 "-" "Mozilla/5.0 AppleWebKit/537.36 (KHTML, like Gecko; compatible; bingbot/2.0; +http://www.bing.com/bingbot.htm) Chrome/103.0.5060.134 Safari/537.36" "ysfine.com"
64.124.8.53 - - [16/Feb/2023:02:51:26 -0800] "GET /ysbio/world/balkan/ath101.jpg HTTP/1.1" 404 88 "-" "Mozilla/5.0 (Macintosh; Intel Mac OS X 10_15_7) AppleWebKit/537.36 (KHTML, like Gecko) Chrome/107.0.0.0 Safari/537.36" "www.ysfine.com"
64.124.8.29 - - [16/Feb/2023:02:51:38 -0800] "GET /princeton/pumu12.jpg HTTP/1.1" 200 91047 "-" "Mozilla/5.0 (Macintosh; Intel Mac OS X 10_15_7) AppleWebKit/537.36 (KHTML, like Gecko) Chrome/107.0.0.0 Safari/537.36" "www.ysfine.com"
52.167.144.86 - - [16/Feb/2023:02:51:51 -0800] "GET /world/china/china015.jpg HTTP/1.1" 200 208572 "-" "Mozilla/5.0 AppleWebKit/537.36 (KHTML, like Gecko; compatible; bingbot/2.0; +http://www.bing.com/bingbot.htm) Chrome/103.0.5060.134 Safari/537.36" "www.ysfine.com"
64.124.8.55 - - [16/Feb/2023:02:52:33 -0800] "GET /world/france/flore07.jpg HTTP/1.1" 200 110654 "-" "Mozilla/5.0 (Macintosh; Intel Mac OS X 10_15_7) AppleWebKit/537.36 (KHTML, like Gecko) Chrome/107.0.0.0 Safari/537.36" "www.ysfine.com"
64.124.8.56 - - [16/Feb/2023:02:52:44 -0800] "GET /style/nga33.jpg HTTP/1.1" 200 164263 "-" "Mozilla/5.0 (Macintosh; Intel Mac OS X 10_15_7) AppleWebKit/537.36 (KHTML, like Gecko) Chrome/107.0.0.0 Safari/537.36" "ysfine.com"
185.191.171.34 - - [16/Feb/2023:02:53:07 -0800] "GET /wisdom/wk99.html HTTP/1.1" 200 77336 "-" "Mozilla/5.0 (compatible; SemrushBot/7~bl; +http://www.semrush.com/bot.html)" "ysfine.com"
64.124.8.53 - - [16/Feb/2023:02:53:18 -0800] "GET /world/germany/berlin012.jpg HTTP/1.1" 200 117182 "-" "Mozilla/5.0 (Macintosh; Intel Mac OS X 10_15_7) AppleWebKit/537.36 (KHTML, like Gecko) Chrome/107.0.0.0 Safari/537.36" "ysfine.com"
216.244.66.229 - - [16/Feb/2023:02:54:12 -0800] "GET /people/klauder.jpg HTTP/1.1" 200 89143 "-" "Mozilla/5.0 (compatible; DotBot/1.2; +https://opensiteexplorer.org/dotbot; help@moz.com)" "www.ysfine.com"
52.167.144.39 - - [16/Feb/2023:02:54:14 -0800] "GET /world/scandi/norw18.jpg HTTP/1.1" 200 79144 "-" "Mozilla/5.0 AppleWebKit/537.36 (KHTML, like Gecko; compatible; bingbot/2.0; +http://www.bing.com/bingbot.htm) Chrome/103.0.5060.134 Safari/537.36" "ysfine.com"
72.14.201.204 - - [16/Feb/2023:02:54:21 -0800] "GET /dirac/dirfeyn.html HTTP/1.1" 200 6341 "-" "Mozilla/5.0 (Linux; Android 10; K) AppleWebKit/537.36 (KHTML, like Gecko) Chrome/109.0.0.0 Mobile Safari/537.36" "ysfine.com"
157.55.39.207 - - [16/Feb/2023:02:54:21 -0800] "GET /world/baltic/kantmuse22.jpg HTTP/1.1" 200 82332 "-" "Mozilla/5.0 AppleWebKit/537.36 (KHTML, like Gecko; compatible; bingbot/2.0; +http://www.bing.com/bingbot.htm) Chrome/103.0.5060.134 Safari/537.36" "ysfine.com"
68.133.1.95 - - [16/Feb/2023:02:54:31 -0800] "GET /dirac/feydirac300.jpg HTTP/1.1" 200 38223 "https://ysfine.com/dirac/dirfeyn.html" "Mozilla/5.0 (Linux; Android 12; SM-A326U) AppleWebKit/537.36 (KHTML, like Gecko) Chrome/109.0.0.0 Mobile Safari/537.36" "ysfine.com"
68.133.1.95 - - [16/Feb/2023:02:54:31 -0800] "GET /dirac/dfkim11c.jpg HTTP/1.1" 200 34801 "https://ysfine.com/dirac/dirfeyn.html" "Mozilla/5.0 (Linux; Android 12; SM-A326U) AppleWebKit/537.36 (KHTML, like Gecko) Chrome/109.0.0.0 Mobile Safari/537.36" "ysfine.com"
68.133.1.95 - - [16/Feb/2023:02:54:31 -0800] "GET /dirac/nicodem11c.jpg HTTP/1.1" 200 72684 "https://ysfine.com/dirac/dirfeyn.html" "Mozilla/5.0 (Linux; Android 12; SM-A326U) AppleWebKit/537.36 (KHTML, like Gecko) Chrome/109.0.0.0 Mobile Safari/537.36" "ysfine.com"
68.133.1.95 - - [16/Feb/2023:02:54:31 -0800] "GET /dirac/sq73c.jpg HTTP/1.1" 200 35501 "https://ysfine.com/dirac/dirfeyn.html" "Mozilla/5.0 (Linux; Android 12; SM-A326U) AppleWebKit/537.36 (KHTML, like Gecko) Chrome/109.0.0.0 Mobile Safari/537.36" "ysfine.com"
68.133.1.95 - - [16/Feb/2023:02:54:31 -0800] "GET /dirac/2osc22c.jpg HTTP/1.1" 200 28929 "https://ysfine.com/dirac/dirfeyn.html" "Mozilla/5.0 (Linux; Android 12; SM-A326U) AppleWebKit/537.36 (KHTML, like Gecko) Chrome/109.0.0.0 Mobile Safari/537.36" "ysfine.com"
68.133.1.95 - - [16/Feb/2023:02:54:31 -0800] "GET /dirac/dirackn33c.jpg HTTP/1.1" 200 50420 "https://ysfine.com/dirac/dirfeyn.html" "Mozilla/5.0 (Linux; Android 12; SM-A326U) AppleWebKit/537.36 (KHTML, like Gecko) Chrome/109.0.0.0 Mobile Safari/537.36" "ysfine.com"
68.133.1.95 - - [16/Feb/2023:02:54:31 -0800] "GET /feynman/jacdrum11c.jpg HTTP/1.1" 200 39178 "https://ysfine.com/dirac/dirfeyn.html" "Mozilla/5.0 (Linux; Android 12; SM-A326U) AppleWebKit/537.36 (KHTML, like Gecko) Chrome/109.0.0.0 Mobile Safari/537.36" "ysfine.com"
68.133.1.95 - - [16/Feb/2023:02:54:31 -0800] "GET /wigner/isomor66c.jpg HTTP/1.1" 200 47632 "https://ysfine.com/dirac/dirfeyn.html" "Mozilla/5.0 (Linux; Android 12; SM-A326U) AppleWebKit/537.36 (KHTML, like Gecko) Chrome/109.0.0.0 Mobile Safari/537.36" "ysfine.com"
68.133.1.95 - - [16/Feb/2023:02:54:31 -0800] "GET /eink/eink61c.jpg HTTP/1.1" 200 34119 "https://ysfine.com/dirac/dirfeyn.html" "Mozilla/5.0 (Linux; Android 12; SM-A326U) AppleWebKit/537.36 (KHTML, like Gecko) Chrome/109.0.0.0 Mobile Safari/537.36" "ysfine.com"
68.133.1.95 - - [16/Feb/2023:02:54:31 -0800] "GET /wigner/wigkim11c.jpg HTTP/1.1" 200 30443 "https://ysfine.com/dirac/dirfeyn.html" "Mozilla/5.0 (Linux; Android 12; SM-A326U) AppleWebKit/537.36 (KHTML, like Gecko) Chrome/109.0.0.0 Mobile Safari/537.36" "ysfine.com"
68.133.1.95 - - [16/Feb/2023:02:54:31 -0800] "GET /people/sbt11c.jpg HTTP/1.1" 200 31479 "https://ysfine.com/dirac/dirfeyn.html" "Mozilla/5.0 (Linux; Android 12; SM-A326U) AppleWebKit/537.36 (KHTML, like Gecko) Chrome/109.0.0.0 Mobile Safari/537.36" "ysfine.com"
68.133.1.95 - - [16/Feb/2023:02:54:31 -0800] "GET /favicon.ico HTTP/1.1" 404 88 "https://ysfine.com/dirac/dirfeyn.html" "Mozilla/5.0 (Linux; Android 12; SM-A326U) AppleWebKit/537.36 (KHTML, like Gecko) Chrome/109.0.0.0 Mobile Safari/537.36" "ysfine.com"
64.124.8.50 - - [16/Feb/2023:02:54:48 -0800] "GET /world/germany/leipzig66.jpg HTTP/1.1" 200 305028 "-" "Mozilla/5.0 (Macintosh; Intel Mac OS X 10_15_7) AppleWebKit/537.36 (KHTML, like Gecko) Chrome/107.0.0.0 Safari/537.36" "ysfine.com"
216.244.66.229 - - [16/Feb/2023:02:54:52 -0800] "GET /sbk/2011aa11.jpg HTTP/1.1" 200 102299 "-" "Mozilla/5.0 (compatible; DotBot/1.2; +https://opensiteexplorer.org/dotbot; help@moz.com)" "www.ysfine.com"
64.124.8.50 - - [16/Feb/2023:02:54:54 -0800] "GET /dongio/mongo01.jpg HTTP/1.1" 404 88 "-" "Mozilla/5.0 (Macintosh; Intel Mac OS X 10_15_7) AppleWebKit/537.36 (KHTML, like Gecko) Chrome/107.0.0.0 Safari/537.36" "www.ysfine.com"
64.124.8.49 - - [16/Feb/2023:02:54:59 -0800] "GET /world/brit/paddington22.jpg HTTP/1.1" 200 121659 "-" "Mozilla/5.0 (Macintosh; Intel Mac OS X 10_15_7) AppleWebKit/537.36 (KHTML, like Gecko) Chrome/107.0.0.0 Safari/537.36" "ysfine.com"
216.244.66.229 - - [16/Feb/2023:02:55:25 -0800] "GET /world/poland/gdnf07.jpg HTTP/1.1" 200 101785 "-" "Mozilla/5.0 (compatible; DotBot/1.2; +https://opensiteexplorer.org/dotbot; help@moz.com)" "www.ysfine.com"
185.191.171.4 - - [16/Feb/2023:02:55:54 -0800] "GET /style/beetho.html HTTP/1.1" 200 3228 "-" "Mozilla/5.0 (compatible; SemrushBot/7~bl; +http://www.semrush.com/bot.html)" "ysfine.com"
216.244.66.229 - - [16/Feb/2023:02:55:55 -0800] "GET /kobak/105mm.jpg HTTP/1.1" 200 112698 "-" "Mozilla/5.0 (compatible; DotBot/1.2; +https://opensiteexplorer.org/dotbot; help@moz.com)" "ysfine.com"
64.124.8.54 - - [16/Feb/2023:02:56:00 -0800] "GET /world/scandi/copen004.jpg HTTP/1.1" 200 151533 "-" "Mozilla/5.0 (Macintosh; Intel Mac OS X 10_15_7) AppleWebKit/537.36 (KHTML, like Gecko) Chrome/107.0.0.0 Safari/537.36" "www.ysfine.com"
52.167.144.62 - - [16/Feb/2023:02:56:19 -0800] "GET /bio/style/proschanie.html HTTP/1.1" 404 88 "-" "Mozilla/5.0 AppleWebKit/537.36 (KHTML, like Gecko; compatible; bingbot/2.0; +http://www.bing.com/bingbot.htm) Chrome/103.0.5060.134 Safari/537.36" "ysfine.com"
216.244.66.229 - - [16/Feb/2023:02:56:45 -0800] "GET /people/bronzan61.jpg HTTP/1.1" 200 126915 "-" "Mozilla/5.0 (compatible; DotBot/1.2; +https://opensiteexplorer.org/dotbot; help@moz.com)" "ysfine.com"
52.167.144.86 - - [16/Feb/2023:02:57:12 -0800] "GET /kobak/sonja2.jpg HTTP/1.1" 200 31693 "-" "Mozilla/5.0 AppleWebKit/537.36 (KHTML, like Gecko; compatible; bingbot/2.0; +http://www.bing.com/bingbot.htm) Chrome/103.0.5060.134 Safari/537.36" "ysfine.com"
216.244.66.229 - - [16/Feb/2023:02:57:36 -0800] "GET /sbk/1965aa22.jpg HTTP/1.1" 200 62263 "-" "Mozilla/5.0 (compatible; DotBot/1.2; +https://opensiteexplorer.org/dotbot; help@moz.com)" "ysfine.com"
64.124.8.56 - - [16/Feb/2023:02:57:36 -0800] "GET /wigner/tollwig11.jpg HTTP/1.1" 200 124000 "-" "Mozilla/5.0 (Macintosh; Intel Mac OS X 10_15_7) AppleWebKit/537.36 (KHTML, like Gecko) Chrome/107.0.0.0 Safari/537.36" "ysfine.com"
216.244.66.229 - - [16/Feb/2023:02:58:10 -0800] "GET /sbk/2008bru11.jpg HTTP/1.1" 200 192487 "-" "Mozilla/5.0 (compatible; DotBot/1.2; +https://opensiteexplorer.org/dotbot; help@moz.com)" "ysfine.com"
64.124.8.42 - - [16/Feb/2023:02:58:39 -0800] "GET /world/balticw.html HTTP/1.1" 304 - "-" "Mozilla/5.0 (X11; Linux x86_64) AppleWebKit/537.36 (KHTML, like Gecko) Chrome/61.0.3163.79 Safari/537.36" "www.ysfine.com"
64.124.8.53 - - [16/Feb/2023:02:58:53 -0800] "GET /world/russ/kiev018.jpg HTTP/1.1" 200 75448 "-" "Mozilla/5.0 (Macintosh; Intel Mac OS X 10_15_7) AppleWebKit/537.36 (KHTML, like Gecko) Chrome/107.0.0.0 Safari/537.36" "ysfine.com"
216.244.66.229 - - [16/Feb/2023:02:59:00 -0800] "GET /world/hungary/buda201.jpg HTTP/1.1" 200 74542 "-" "Mozilla/5.0 (compatible; DotBot/1.2; +https://opensiteexplorer.org/dotbot; help@moz.com)" "ysfine.com"
45.149.120.9 - - [16/Feb/2023:02:59:14 -0800] "GET /world/ital/repub25.jpg HTTP/1.1" 200 117601 "https://www.google.com/" "Mozilla/5.0 (Windows NT 10.0; Win64; x64) AppleWebKit/537.36 (KHTML, like Gecko) Chrome/110.0.0.0 Safari/537.36" "ysfine.com"
185.191.171.8 - - [16/Feb/2023:02:59:30 -0800] "GET /world/ysworld.html HTTP/1.1" 200 3224 "-" "Mozilla/5.0 (compatible; SemrushBot/7~bl; +http://www.semrush.com/bot.html)" "ysfine.com"
52.167.144.68 - - [16/Feb/2023:02:59:35 -0800] "GET /bio/kobak/yskor.html HTTP/1.1" 404 88 "-" "Mozilla/5.0 AppleWebKit/537.36 (KHTML, like Gecko; compatible; bingbot/2.0; +http://www.bing.com/bingbot.htm) Chrome/103.0.5060.134 Safari/537.36" "ysfine.com"
64.124.8.56 - - [16/Feb/2023:02:59:49 -0800] "GET /world/russ/spbg01.jpg HTTP/1.1" 200 60960 "-" "Mozilla/5.0 (Macintosh; Intel Mac OS X 10_15_7) AppleWebKit/537.36 (KHTML, like Gecko) Chrome/107.0.0.0 Safari/537.36" "ysfine.com"
134.19.38.126 - - [16/Feb/2023:03:00:44 -0800] "GET /world/france/metz10.jpg HTTP/1.1" 200 110025 "https://www.google.com/" "Mozilla/5.0 (X11; Ubuntu; Linux x86_64; rv:109.0) Gecko/20100101 Firefox/110.0" "ysfine.com"
64.124.8.55 - - [16/Feb/2023:03:00:55 -0800] "GET /world/russ/kazanmap11.jpg HTTP/1.1" 200 73185 "-" "Mozilla/5.0 (Macintosh; Intel Mac OS X 10_15_7) AppleWebKit/537.36 (KHTML, like Gecko) Chrome/107.0.0.0 Safari/537.36" "ysfine.com"
64.124.8.54 - - [16/Feb/2023:03:01:17 -0800] "GET /world/ital/venice73.jpg HTTP/1.1" 200 88635 "-" "Mozilla/5.0 (Macintosh; Intel Mac OS X 10_15_7) AppleWebKit/537.36 (KHTML, like Gecko) Chrome/107.0.0.0 Safari/537.36" "ysfine.com"
157.55.39.207 - - [16/Feb/2023:03:01:34 -0800] "GET /awards/index.html HTTP/1.1" 200 10082 "-" "Mozilla/5.0 AppleWebKit/537.36 (KHTML, like Gecko; compatible; bingbot/2.0; +http://www.bing.com/bingbot.htm) Chrome/103.0.5060.134 Safari/537.36" "ysfine.com"
188.238.160.242 - - [16/Feb/2023:03:01:52 -0800] "GET /maga/bohrkierk.html HTTP/1.1" 200 2947 "-" "Mozilla/5.0 (Macintosh; Intel Mac OS X 10.15; rv:109.0) Gecko/20100101 Firefox/109.0" "ysfine.com"
188.238.160.242 - - [16/Feb/2023:03:01:52 -0800] "GET /feynman/chewfra2.jpg HTTP/1.1" 200 40458 "https://ysfine.com/maga/bohrkierk.html" "Mozilla/5.0 (Macintosh; Intel Mac OS X 10.15; rv:109.0) Gecko/20100101 Firefox/109.0" "ysfine.com"
188.238.160.242 - - [16/Feb/2023:03:01:52 -0800] "GET /maga/phil/kierke11b.jpg HTTP/1.1" 200 32163 "https://ysfine.com/maga/bohrkierk.html" "Mozilla/5.0 (Macintosh; Intel Mac OS X 10.15; rv:109.0) Gecko/20100101 Firefox/109.0" "ysfine.com"
188.238.160.242 - - [16/Feb/2023:03:01:52 -0800] "GET /maga/phys/bohr11b.jpg HTTP/1.1" 200 30607 "https://ysfine.com/maga/bohrkierk.html" "Mozilla/5.0 (Macintosh; Intel Mac OS X 10.15; rv:109.0) Gecko/20100101 Firefox/109.0" "ysfine.com"
188.238.160.242 - - [16/Feb/2023:03:01:52 -0800] "GET /eink/eink61c.jpg HTTP/1.1" 200 34119 "https://ysfine.com/maga/bohrkierk.html" "Mozilla/5.0 (Macintosh; Intel Mac OS X 10.15; rv:109.0) Gecko/20100101 Firefox/109.0" "ysfine.com"
188.238.160.242 - - [16/Feb/2023:03:01:52 -0800] "GET /einstein/evol22b.jpg HTTP/1.1" 200 29614 "https://ysfine.com/maga/bohrkierk.html" "Mozilla/5.0 (Macintosh; Intel Mac OS X 10.15; rv:109.0) Gecko/20100101 Firefox/109.0" "ysfine.com"
188.238.160.242 - - [16/Feb/2023:03:01:52 -0800] "GET /world/france/magots03b.jpg HTTP/1.1" 200 48195 "https://ysfine.com/maga/bohrkierk.html" "Mozilla/5.0 (Macintosh; Intel Mac OS X 10.15; rv:109.0) Gecko/20100101 Firefox/109.0" "ysfine.com"
188.238.160.242 - - [16/Feb/2023:03:01:52 -0800] "GET /maga/phys/bohr22b.jpg HTTP/1.1" 200 31482 "https://ysfine.com/maga/bohrkierk.html" "Mozilla/5.0 (Macintosh; Intel Mac OS X 10.15; rv:109.0) Gecko/20100101 Firefox/109.0" "ysfine.com"
64.124.8.57 - - [16/Feb/2023:03:02:26 -0800] "GET /kowar/tanks/m24.jpg HTTP/1.1" 200 86947 "-" "Mozilla/5.0 (Macintosh; Intel Mac OS X 10_15_7) AppleWebKit/537.36 (KHTML, like Gecko) Chrome/107.0.0.0 Safari/537.36" "www.ysfine.com"
52.167.144.39 - - [16/Feb/2023:03:02:34 -0800] "GET /ysbio/usca/pitt/carnlibra03d.jpg HTTP/1.1" 404 88 "-" "Mozilla/5.0 AppleWebKit/537.36 (KHTML, like Gecko; compatible; bingbot/2.0; +http://www.bing.com/bingbot.htm) Chrome/103.0.5060.134 Safari/537.36" "www.ysfine.com"
64.124.8.57 - - [16/Feb/2023:03:02:37 -0800] "GET /world/baltic/lithu04.jpg HTTP/1.1" 200 63670 "-" "Mozilla/5.0 (Macintosh; Intel Mac OS X 10_15_7) AppleWebKit/537.36 (KHTML, like Gecko) Chrome/107.0.0.0 Safari/537.36" "www.ysfine.com"
108.185.32.33 - - [16/Feb/2023:03:02:38 -0800] "GET /kobak/sl628.jpg HTTP/1.1" 200 225100 "https://www.google.com/" "Mozilla/5.0 (Windows NT 10.0; Win64; x64) AppleWebKit/537.36 (KHTML, like Gecko) Chrome/109.0.0.0 Safari/537.36" "ysfine.com"
108.185.32.33 - - [16/Feb/2023:03:02:46 -0800] "GET /world/kor/sel803.jpg HTTP/1.1" 200 195155 "https://www.google.com/" "Mozilla/5.0 (Windows NT 10.0; Win64; x64) AppleWebKit/537.36 (KHTML, like Gecko) Chrome/109.0.0.0 Safari/537.36" "ysfine.com"
216.244.66.229 - - [16/Feb/2023:03:02:56 -0800] "GET /kobak/namdae01.jpg HTTP/1.1" 200 234546 "-" "Mozilla/5.0 (compatible; DotBot/1.2; +https://opensiteexplorer.org/dotbot; help@moz.com)" "www.ysfine.com"
185.191.171.43 - - [16/Feb/2023:03:03:25 -0800] "GET /world/sfrance.html HTTP/1.1" 200 8453 "-" "Mozilla/5.0 (compatible; SemrushBot/7~bl; +http://www.semrush.com/bot.html)" "ysfine.com"
64.124.8.57 - - [16/Feb/2023:03:03:38 -0800] "GET /ysbio/newyork/nypops11.jpg HTTP/1.1" 404 88 "-" "Mozilla/5.0 (Macintosh; Intel Mac OS X 10_15_7) AppleWebKit/537.36 (KHTML, like Gecko) Chrome/107.0.0.0 Safari/537.36" "www.ysfine.com"
216.244.66.229 - - [16/Feb/2023:03:03:46 -0800] "GET /remote/wigner111/frame18.html HTTP/1.1" 200 2319 "-" "Mozilla/5.0 (compatible; DotBot/1.2; +https://opensiteexplorer.org/dotbot; help@moz.com)" "www.ysfine.com"
64.124.8.57 - - [16/Feb/2023:03:03:51 -0800] "GET /ysbio/friends/danstu22.jpg HTTP/1.1" 404 88 "-" "Mozilla/5.0 (Macintosh; Intel Mac OS X 10_15_7) AppleWebKit/537.36 (KHTML, like Gecko) Chrome/107.0.0.0 Safari/537.36" "ysfine.com"
157.55.39.207 - - [16/Feb/2023:03:04:03 -0800] "GET /wdc/usna18.jpg HTTP/1.1" 200 96787 "-" "Mozilla/5.0 AppleWebKit/537.36 (KHTML, like Gecko; compatible; bingbot/2.0; +http://www.bing.com/bingbot.htm) Chrome/103.0.5060.134 Safari/537.36" "www.ysfine.com"
64.124.8.53 - - [16/Feb/2023:03:04:11 -0800] "GET /ysbio/style/smithonian.jpg HTTP/1.1" 404 88 "-" "Mozilla/5.0 (Macintosh; Intel Mac OS X 10_15_7) AppleWebKit/537.36 (KHTML, like Gecko) Chrome/107.0.0.0 Safari/537.36" "ysfine.com"
216.244.66.229 - - [16/Feb/2023:03:04:15 -0800] "GET /wigner/weiss11.jpg HTTP/1.1" 200 68129 "-" "Mozilla/5.0 (compatible; DotBot/1.2; +https://opensiteexplorer.org/dotbot; help@moz.com)" "www.ysfine.com"
20.239.77.165 - - [16/Feb/2023:03:04:24 -0800] "GET / HTTP/1.1" 200 5295 "http://www.ysfine.com" "Mozilla/5.0 (Windows NT 6.1; WOW64) AppleWebKit/534.50 (KHTML, like Gecko) Version/5.1 Safari/534.50" "www.ysfine.com"
64.124.8.55 - - [16/Feb/2023:03:04:28 -0800] "GET /ysbio/world/scandi/copen015.jpg HTTP/1.1" 404 88 "-" "Mozilla/5.0 (Macintosh; Intel Mac OS X 10_15_7) AppleWebKit/537.36 (KHTML, like Gecko) Chrome/107.0.0.0 Safari/537.36" "ysfine.com"
216.244.66.229 - - [16/Feb/2023:03:04:50 -0800] "GET /eink/einbern55.jpg HTTP/1.1" 200 138067 "-" "Mozilla/5.0 (compatible; DotBot/1.2; +https://opensiteexplorer.org/dotbot; help@moz.com)" "ysfine.com"
64.124.8.42 - - [16/Feb/2023:03:05:08 -0800] "GET /ysbio/wigner/wigheisen.html HTTP/1.1" 404 88 "-" "Mozilla/5.0 (X11; Linux x86_64) AppleWebKit/537.36 (KHTML, like Gecko) Chrome/61.0.3163.79 Safari/537.36" "www.ysfine.com"
177.124.70.96 - - [16/Feb/2023:03:05:18 -0800] "GET /wigner/neum/vnc01.jpg HTTP/1.1" 200 133641 "-" "Mozilla/5.0 (iPhone; CPU iPhone OS 16_3 like Mac OS X) AppleWebKit/605.1.15 (KHTML, like Gecko) Version/16.3 Mobile/15E148 Safari/604.1" "ysfine.com"
103.73.167.188 - - [16/Feb/2023:03:05:40 -0800] "GET / HTTP/1.1" 200 5295 "-" "python-requests/2.28.1" "ysfine.com"
216.244.66.229 - - [16/Feb/2023:03:05:40 -0800] "GET /ffriends/aline/austri01.jpg HTTP/1.1" 200 175235 "-" "Mozilla/5.0 (compatible; DotBot/1.2; +https://opensiteexplorer.org/dotbot; help@moz.com)" "ysfine.com"
5.161.62.190 - - [16/Feb/2023:03:05:55 -0800] "GET /dirac/twobroth.html HTTP/1.1" 200 2887 "-" "Mozilla/5.0 (Windows NT 10.0; Win64; x64) AppleWebKit/537.36 (KHTML, like Gecko) Chrome/84.0.4147.105 Safari/537.36" "ysfine.com"
5.161.76.53 - - [16/Feb/2023:03:05:55 -0800] "GET /dirac/wigsis.html HTTP/1.1" 200 10275 "-" "Mozilla/5.0 (Windows NT 10.0; Win64; x64) AppleWebKit/537.36 (KHTML, like Gecko) Chrome/84.0.4147.105 Safari/537.36" "ysfine.com"
177.124.70.96 - - [16/Feb/2023:03:06:22 -0800] "GET /wigner/neum/vnc01.jpg HTTP/1.1" 200 133641 "-" "Mozilla/5.0 (iPhone; CPU iPhone OS 16_3 like Mac OS X) AppleWebKit/605.1.15 (KHTML, like Gecko) Version/16.3 Mobile/15E148 Safari/604.1" "ysfine.com"
216.244.66.229 - - [16/Feb/2023:03:06:30 -0800] "GET /figs/waskor042.jpg HTTP/1.1" 200 68063 "-" "Mozilla/5.0 (compatible; DotBot/1.2; +https://opensiteexplorer.org/dotbot; help@moz.com)" "ysfine.com"
52.167.144.68 - - [16/Feb/2023:03:06:34 -0800] "GET /world/hungary/liszt06.jpg HTTP/1.1" 200 119697 "-" "Mozilla/5.0 AppleWebKit/537.36 (KHTML, like Gecko; compatible; bingbot/2.0; +http://www.bing.com/bingbot.htm) Chrome/103.0.5060.134 Safari/537.36" "ysfine.com"
52.167.144.68 - - [16/Feb/2023:03:06:55 -0800] "GET /bio/style/artlove.html HTTP/1.1" 404 88 "-" "Mozilla/5.0 AppleWebKit/537.36 (KHTML, like Gecko; compatible; bingbot/2.0; +http://www.bing.com/bingbot.htm) Chrome/103.0.5060.134 Safari/537.36" "ysfine.com"
216.244.66.229 - - [16/Feb/2023:03:07:21 -0800] "GET /fotos/wigner62.jpg HTTP/1.1" 200 361335 "-" "Mozilla/5.0 (compatible; DotBot/1.2; +https://opensiteexplorer.org/dotbot; help@moz.com)" "ysfine.com"
64.124.8.55 - - [16/Feb/2023:03:07:40 -0800] "GET /ysbio/world/spain/cordoc15.jpg HTTP/1.1" 404 88 "-" "Mozilla/5.0 (Macintosh; Intel Mac OS X 10_15_7) AppleWebKit/537.36 (KHTML, like Gecko) Chrome/107.0.0.0 Safari/537.36" "ysfine.com"
52.167.144.62 - - [16/Feb/2023:03:08:11 -0800] "GET /world/hungary/buda003.jpg HTTP/1.1" 200 95157 "-" "Mozilla/5.0 AppleWebKit/537.36 (KHTML, like Gecko; compatible; bingbot/2.0; +http://www.bing.com/bingbot.htm) Chrome/103.0.5060.134 Safari/537.36" "ysfine.com"
52.167.144.62 - - [16/Feb/2023:03:08:29 -0800] "GET /dirac/dart/dirac45a.pdf HTTP/1.1" 304 - "-" "Mozilla/5.0 AppleWebKit/537.36 (KHTML, like Gecko; compatible; bingbot/2.0; +http://www.bing.com/bingbot.htm) Chrome/103.0.5060.134 Safari/537.36" "www.ysfine.com"
64.124.8.42 - - [16/Feb/2023:03:08:40 -0800] "GET /world/florence.html HTTP/1.1" 304 - "-" "Mozilla/5.0 (X11; Linux x86_64) AppleWebKit/537.36 (KHTML, like Gecko) Chrome/61.0.3163.79 Safari/537.36" "www.ysfine.com"
64.124.8.21 - - [16/Feb/2023:03:08:54 -0800] "GET /world HTTP/1.1" 301 1407 "-" "Mozilla/5.0 (X11; Linux x86_64) AppleWebKit/537.36 (KHTML, like Gecko) Chrome/61.0.3163.79 Safari/537.36" "ysfine.com"
64.124.8.21 - - [16/Feb/2023:03:08:54 -0800] "GET /world/ HTTP/1.1" 200 123 "-" "Mozilla/5.0 (X11; Linux x86_64) AppleWebKit/537.36 (KHTML, like Gecko) Chrome/61.0.3163.79 Safari/537.36" "ysfine.com"
52.167.144.39 - - [16/Feb/2023:03:08:56 -0800] "GET /bio/folks/tolstoy.html HTTP/1.1" 404 88 "-" "Mozilla/5.0 AppleWebKit/537.36 (KHTML, like Gecko; compatible; bingbot/2.0; +http://www.bing.com/bingbot.htm) Chrome/103.0.5060.134 Safari/537.36" "ysfine.com"
87.250.224.237 - - [16/Feb/2023:03:09:09 -0800] "GET /yshome.html HTTP/1.1" 404 88 "-" "Mozilla/5.0 (compatible; YandexBot/3.0; +http://yandex.com/bots) AppleWebKit/537.36 (KHTML, like Gecko) Chrome/81.0.4044.268" "www.ysfine.com"
216.244.66.229 - - [16/Feb/2023:03:09:13 -0800] "GET /ffriends/aline/airfr22.jpg HTTP/1.1" 200 128992 "-" "Mozilla/5.0 (compatible; DotBot/1.2; +https://opensiteexplorer.org/dotbot; help@moz.com)" "ysfine.com"
64.124.8.50 - - [16/Feb/2023:03:09:15 -0800] "GET /world/germany/berlinf03.jpg HTTP/1.1" 200 89519 "-" "Mozilla/5.0 (Macintosh; Intel Mac OS X 10_15_7) AppleWebKit/537.36 (KHTML, like Gecko) Chrome/107.0.0.0 Safari/537.36" "ysfine.com"
64.124.8.56 - - [16/Feb/2023:03:09:38 -0800] "GET /world/russ/mosko01.jpg HTTP/1.1" 200 74314 "-" "Mozilla/5.0 (Macintosh; Intel Mac OS X 10_15_7) AppleWebKit/537.36 (KHTML, like Gecko) Chrome/107.0.0.0 Safari/537.36" "ysfine.com"
64.124.8.55 - - [16/Feb/2023:03:09:43 -0800] "GET /world/france/nice101.jpg HTTP/1.1" 200 62215 "-" "Mozilla/5.0 (Macintosh; Intel Mac OS X 10_15_7) AppleWebKit/537.36 (KHTML, like Gecko) Chrome/107.0.0.0 Safari/537.36" "ysfine.com"
52.167.144.86 - - [16/Feb/2023:03:10:24 -0800] "GET /bio/princeton/campus.html HTTP/1.1" 404 88 "-" "Mozilla/5.0 AppleWebKit/537.36 (KHTML, like Gecko; compatible; bingbot/2.0; +http://www.bing.com/bingbot.htm) Chrome/103.0.5060.134 Safari/537.36" "ysfine.com"
52.167.144.39 - - [16/Feb/2023:03:10:36 -0800] "GET /wdc/pulaski01.jpg HTTP/1.1" 200 281060 "-" "Mozilla/5.0 AppleWebKit/537.36 (KHTML, like Gecko; compatible; bingbot/2.0; +http://www.bing.com/bingbot.htm) Chrome/103.0.5060.134 Safari/537.36" "www.ysfine.com"
52.167.144.62 - - [16/Feb/2023:03:10:40 -0800] "GET /world/germany/hofbrau33b.jpg HTTP/1.1" 200 51219 "-" "Mozilla/5.0 AppleWebKit/537.36 (KHTML, like Gecko; compatible; bingbot/2.0; +http://www.bing.com/bingbot.htm) Chrome/103.0.5060.134 Safari/537.36" "www.ysfine.com"
64.124.8.56 - - [16/Feb/2023:03:10:59 -0800] "GET /princeton/alexan22.jpg HTTP/1.1" 200 175436 "-" "Mozilla/5.0 (Macintosh; Intel Mac OS X 10_15_7) AppleWebKit/537.36 (KHTML, like Gecko) Chrome/107.0.0.0 Safari/537.36" "ysfine.com"
64.124.8.56 - - [16/Feb/2023:03:11:13 -0800] "GET /ysbio/wigner/wighouse.jpg HTTP/1.1" 404 88 "-" "Mozilla/5.0 (Macintosh; Intel Mac OS X 10_15_7) AppleWebKit/537.36 (KHTML, like Gecko) Chrome/107.0.0.0 Safari/537.36" "ysfine.com"
64.124.8.50 - - [16/Feb/2023:03:11:20 -0800] "GET /wdc/kobell05.jpg HTTP/1.1" 200 145608 "-" "Mozilla/5.0 (Macintosh; Intel Mac OS X 10_15_7) AppleWebKit/537.36 (KHTML, like Gecko) Chrome/107.0.0.0 Safari/537.36" "ysfine.com"
64.124.8.54 - - [16/Feb/2023:03:11:31 -0800] "GET /home/facu63.jpg HTTP/1.1" 200 296378 "-" "Mozilla/5.0 (Macintosh; Intel Mac OS X 10_15_7) AppleWebKit/537.36 (KHTML, like Gecko) Chrome/107.0.0.0 Safari/537.36" "www.ysfine.com"
52.167.144.62 - - [16/Feb/2023:03:11:59 -0800] "GET /princeton/pcomm450.jpg HTTP/1.1" 200 63849 "-" "Mozilla/5.0 AppleWebKit/537.36 (KHTML, like Gecko; compatible; bingbot/2.0; +http://www.bing.com/bingbot.htm) Chrome/103.0.5060.134 Safari/537.36" "ysfine.com"
52.167.144.86 - - [16/Feb/2023:03:12:03 -0800] "GET /feynman/restof55.jpg HTTP/1.1" 200 72520 "-" "Mozilla/5.0 AppleWebKit/537.36 (KHTML, like Gecko; compatible; bingbot/2.0; +http://www.bing.com/bingbot.htm) Chrome/103.0.5060.134 Safari/537.36" "www.ysfine.com"
52.167.144.86 - - [16/Feb/2023:03:12:04 -0800] "GET /world/scandi/vaxfree22.jpg HTTP/1.1" 200 75313 "-" "Mozilla/5.0 AppleWebKit/537.36 (KHTML, like Gecko; compatible; bingbot/2.0; +http://www.bing.com/bingbot.htm) Chrome/103.0.5060.134 Safari/537.36" "www.ysfine.com"
64.124.8.42 - - [16/Feb/2023:03:12:16 -0800] "GET /ysbio/home/wcartoon.html HTTP/1.1" 404 88 "-" "Mozilla/5.0 (X11; Linux x86_64) AppleWebKit/537.36 (KHTML, like Gecko) Chrome/61.0.3163.79 Safari/537.36" "www.ysfine.com"
64.124.8.28 - - [16/Feb/2023:03:12:18 -0800] "GET /world/france/champ9611.jpg HTTP/1.1" 200 83996 "-" "Mozilla/5.0 (Macintosh; Intel Mac OS X 10_15_7) AppleWebKit/537.36 (KHTML, like Gecko) Chrome/107.0.0.0 Safari/537.36" "www.ysfine.com"
64.124.8.28 - - [16/Feb/2023:03:12:27 -0800] "GET /world/poland/wawf16.jpg HTTP/1.1" 200 90207 "-" "Mozilla/5.0 (Macintosh; Intel Mac OS X 10_15_7) AppleWebKit/537.36 (KHTML, like Gecko) Chrome/107.0.0.0 Safari/537.36" "ysfine.com"
64.124.8.57 - - [16/Feb/2023:03:12:31 -0800] "GET /ysbio/maga/phys/farad16.jpg HTTP/1.1" 404 88 "-" "Mozilla/5.0 (Macintosh; Intel Mac OS X 10_15_7) AppleWebKit/537.36 (KHTML, like Gecko) Chrome/107.0.0.0 Safari/537.36" "ysfine.com"
64.124.8.53 - - [16/Feb/2023:03:12:58 -0800] "GET /ysbio/people/jweber.jpg HTTP/1.1" 404 88 "-" "Mozilla/5.0 (Macintosh; Intel Mac OS X 10_15_7) AppleWebKit/537.36 (KHTML, like Gecko) Chrome/107.0.0.0 Safari/537.36" "ysfine.com"
64.124.8.42 - - [16/Feb/2023:03:13:01 -0800] "GET /world/latina/feynplate.html HTTP/1.1" 304 - "-" "Mozilla/5.0 (X11; Linux x86_64) AppleWebKit/537.36 (KHTML, like Gecko) Chrome/61.0.3163.79 Safari/537.36" "www.ysfine.com"
216.244.66.229 - - [16/Feb/2023:03:13:02 -0800] "GET /ffriends/frsp03.jpg HTTP/1.1" 200 219323 "-" "Mozilla/5.0 (compatible; DotBot/1.2; +https://opensiteexplorer.org/dotbot; help@moz.com)" "ysfine.com"
95.163.255.68 - - [16/Feb/2023:03:13:04 -0800] "GET /robots.txt HTTP/1.1" 404 73 "-" "Mozilla/5.0 (compatible; Linux x86_64; Mail.RU_Bot/2.0; +https://help.mail.ru/webmaster/indexing/robots)" "www.ysfine.com"
216.244.66.229 - - [16/Feb/2023:03:13:52 -0800] "GET /ffriends/russit11.jpg HTTP/1.1" 200 72773 "-" "Mozilla/5.0 (compatible; DotBot/1.2; +https://opensiteexplorer.org/dotbot; help@moz.com)" "ysfine.com"
216.244.66.229 - - [16/Feb/2023:03:14:27 -0800] "GET /ffriends/russzuri03.jpg HTTP/1.1" 200 94837 "-" "Mozilla/5.0 (compatible; DotBot/1.2; +https://opensiteexplorer.org/dotbot; help@moz.com)" "ysfine.com"
64.124.8.56 - - [16/Feb/2023:03:14:39 -0800] "GET /world/ital/rome128.jpg HTTP/1.1" 200 151231 "-" "Mozilla/5.0 (Macintosh; Intel Mac OS X 10_15_7) AppleWebKit/537.36 (KHTML, like Gecko) Chrome/107.0.0.0 Safari/537.36" "ysfine.com"
45.176.135.6 - - [16/Feb/2023:03:14:55 -0800] "GET /wigner/neum/vnc01.jpg HTTP/1.1" 200 133641 "https://www.google.com/" "Mozilla/5.0 (X11; Linux x86_64) AppleWebKit/537.36 (KHTML, like Gecko) Chrome/110.0.0.0 Safari/537.36" "ysfine.com"
64.124.8.54 - - [16/Feb/2023:03:15:00 -0800] "GET /world/germany/vienna07.jpg HTTP/1.1" 200 96133 "-" "Mozilla/5.0 (Macintosh; Intel Mac OS X 10_15_7) AppleWebKit/537.36 (KHTML, like Gecko) Chrome/107.0.0.0 Safari/537.36" "ysfine.com"
64.124.8.42 - - [16/Feb/2023:03:15:17 -0800] "GET /ysbio/world/veneto.html HTTP/1.1" 404 88 "-" "Mozilla/5.0 (X11; Linux x86_64) AppleWebKit/537.36 (KHTML, like Gecko) Chrome/61.0.3163.79 Safari/537.36" "www.ysfine.com"
64.124.8.49 - - [16/Feb/2023:03:15:25 -0800] "GET /einstein/evol22.jpg HTTP/1.1" 200 59140 "-" "Mozilla/5.0 (Macintosh; Intel Mac OS X 10_15_7) AppleWebKit/537.36 (KHTML, like Gecko) Chrome/107.0.0.0 Safari/537.36" "www.ysfine.com"
185.191.171.44 - - [16/Feb/2023:03:15:26 -0800] "GET /archives/proceedings/ff3/hospi.html HTTP/1.1" 200 1942 "-" "Mozilla/5.0 (compatible; SemrushBot/7~bl; +http://www.semrush.com/bot.html)" "ysfine.com"
185.191.171.37 - - [16/Feb/2023:03:15:28 -0800] "GET /awards/marq.html HTTP/1.1" 200 3212 "-" "Mozilla/5.0 (compatible; SemrushBot/7~bl; +http://www.semrush.com/bot.html)" "ysfine.com"
64.124.8.55 - - [16/Feb/2023:03:15:56 -0800] "GET /newyork/hilton11.jpg HTTP/1.1" 200 76633 "-" "Mozilla/5.0 (Macintosh; Intel Mac OS X 10_15_7) AppleWebKit/537.36 (KHTML, like Gecko) Chrome/107.0.0.0 Safari/537.36" "ysfine.com"
216.244.66.229 - - [16/Feb/2023:03:16:04 -0800] "GET /class54/class5470/total_data/sub_122.htm HTTP/1.1" 200 12987 "-" "Mozilla/5.0 (compatible; DotBot/1.2; +https://opensiteexplorer.org/dotbot; help@moz.com)" "ysfine.com"
64.124.8.42 - - [16/Feb/2023:03:16:07 -0800] "GET /home/yspapers/index.html HTTP/1.1" 200 21306 "-" "Mozilla/5.0 (X11; Linux x86_64) AppleWebKit/537.36 (KHTML, like Gecko) Chrome/61.0.3163.79 Safari/537.36" "www.ysfine.com"
52.167.144.68 - - [16/Feb/2023:03:16:26 -0800] "GET /maga/phys/yukadirac55b.jpg HTTP/1.1" 200 41758 "-" "Mozilla/5.0 AppleWebKit/537.36 (KHTML, like Gecko; compatible; bingbot/2.0; +http://www.bing.com/bingbot.htm) Chrome/103.0.5060.134 Safari/537.36" "ysfine.com"
216.244.66.229 - - [16/Feb/2023:03:16:31 -0800] "GET /ffriends/aline/airbaltic11.jpg HTTP/1.1" 200 85687 "-" "Mozilla/5.0 (compatible; DotBot/1.2; +https://opensiteexplorer.org/dotbot; help@moz.com)" "ysfine.com"
190.196.156.37 - - [16/Feb/2023:03:16:36 -0800] "GET /maga/phys/naimar/pewk06.jpg HTTP/1.1" 200 78645 "https://www.google.com/" "Mozilla/5.0 (Windows NT 10.0; Win64; x64) AppleWebKit/537.36 (KHTML, like Gecko) Chrome/110.0.0.0 Safari/537.36" "ysfine.com"
52.167.144.39 - - [16/Feb/2023:03:16:56 -0800] "GET /wigner/isomor33.jpg HTTP/1.1" 200 90868 "-" "Mozilla/5.0 AppleWebKit/537.36 (KHTML, like Gecko; compatible; bingbot/2.0; +http://www.bing.com/bingbot.htm) Chrome/103.0.5060.134 Safari/537.36" "ysfine.com"
64.124.8.53 - - [16/Feb/2023:03:17:06 -0800] "GET /ysbio/world/russ/kazan018.jpg HTTP/1.1" 404 88 "-" "Mozilla/5.0 (Macintosh; Intel Mac OS X 10_15_7) AppleWebKit/537.36 (KHTML, like Gecko) Chrome/107.0.0.0 Safari/537.36" "ysfine.com"
52.167.144.68 - - [16/Feb/2023:03:17:15 -0800] "GET /world/baltic/estof08.jpg HTTP/1.1" 200 84539 "-" "Mozilla/5.0 AppleWebKit/537.36 (KHTML, like Gecko; compatible; bingbot/2.0; +http://www.bing.com/bingbot.htm) Chrome/103.0.5060.134 Safari/537.36" "ysfine.com"
216.244.66.229 - - [16/Feb/2023:03:17:22 -0800] "GET /ffriends/aline/northwes08.jpg HTTP/1.1" 200 96349 "-" "Mozilla/5.0 (compatible; DotBot/1.2; +https://opensiteexplorer.org/dotbot; help@moz.com)" "ysfine.com"
190.196.156.37 - - [16/Feb/2023:03:17:26 -0800] "GET /princeton/wightman02.jpg HTTP/1.1" 200 101151 "https://www.google.com/" "Mozilla/5.0 (Windows NT 10.0; Win64; x64) AppleWebKit/537.36 (KHTML, like Gecko) Chrome/110.0.0.0 Safari/537.36" "ysfine.com"
52.167.144.86 - - [16/Feb/2023:03:17:34 -0800] "GET /bio/wigner/e(2).html HTTP/1.1" 404 88 "-" "Mozilla/5.0 AppleWebKit/537.36 (KHTML, like Gecko; compatible; bingbot/2.0; +http://www.bing.com/bingbot.htm) Chrome/103.0.5060.134 Safari/537.36" "ysfine.com"
173.238.9.152 - - [16/Feb/2023:03:17:38 -0800] "GET /maga/phys/yukafeyn.jpg HTTP/1.1" 200 111167 "https://www.google.com.vn/" "Mozilla/5.0 (Windows NT 10.0; Win64; x64) AppleWebKit/537.36 (KHTML, like Gecko) Chrome/109.0.0.0 Safari/537.36" "ysfine.com"
64.124.8.21 - - [16/Feb/2023:03:17:40 -0800] "GET /world/wdrigh.html HTTP/1.1" 200 2208 "-" "Mozilla/5.0 (X11; Linux x86_64) AppleWebKit/537.36 (KHTML, like Gecko) Chrome/61.0.3163.79 Safari/537.36" "ysfine.com"
52.167.144.39 - - [16/Feb/2023:03:17:46 -0800] "GET /jobs/koreaj.html HTTP/1.1" 304 - "-" "Mozilla/5.0 AppleWebKit/537.36 (KHTML, like Gecko; compatible; bingbot/2.0; +http://www.bing.com/bingbot.htm) Chrome/103.0.5060.134 Safari/537.36" "www.ysfine.com"
52.167.144.86 - - [16/Feb/2023:03:18:04 -0800] "GET /maga/phil/trinity01.jpg HTTP/1.1" 200 111374 "-" "Mozilla/5.0 AppleWebKit/537.36 (KHTML, like Gecko; compatible; bingbot/2.0; +http://www.bing.com/bingbot.htm) Chrome/103.0.5060.134 Safari/537.36" "www.ysfine.com"
103.242.196.236 - - [16/Feb/2023:03:18:24 -0800] "GET /kobak/sohnwi01.jpg HTTP/1.1" 200 67716 "https://www.google.com/" "Mozilla/5.0 (Windows NT 10.0; Win64; x64) AppleWebKit/537.36 (KHTML, like Gecko) Chrome/109.0.0.0 Safari/537.36" "ysfine.com"
77.75.79.109 - - [16/Feb/2023:03:18:25 -0800] "GET /robots.txt HTTP/1.1" 404 88 "-" "Mozilla/5.0 (compatible; SeznamBot/3.2; +http://napoveda.seznam.cz/en/seznambot-intro/)" "ysfine.com"
77.75.79.109 - - [16/Feb/2023:03:18:26 -0800] "GET /world/scandi/copen052.jpg HTTP/1.1" 304 - "-" "Mozilla/5.0 (compatible; SeznamBot/3.2; +http://napoveda.seznam.cz/en/seznambot-intro/)" "ysfine.com"
77.75.79.109 - - [16/Feb/2023:03:18:27 -0800] "GET /world/hungary/buda112.jpg HTTP/1.1" 304 - "-" "Mozilla/5.0 (compatible; SeznamBot/3.2; +http://napoveda.seznam.cz/en/seznambot-intro/)" "ysfine.com"
77.75.79.109 - - [16/Feb/2023:03:18:27 -0800] "GET /world/russ/kazan041.jpg HTTP/1.1" 200 64820 "-" "Mozilla/5.0 (compatible; SeznamBot/3.2; +http://napoveda.seznam.cz/en/seznambot-intro/)" "ysfine.com"
77.75.79.109 - - [16/Feb/2023:03:18:29 -0800] "GET /world/ital/palat21.jpg HTTP/1.1" 304 - "-" "Mozilla/5.0 (compatible; SeznamBot/3.2; +http://napoveda.seznam.cz/en/seznambot-intro/)" "ysfine.com"
77.75.79.109 - - [16/Feb/2023:03:18:30 -0800] "GET /home/figs/parton33.jpg HTTP/1.1" 200 155572 "-" "Mozilla/5.0 (compatible; SeznamBot/3.2; +http://napoveda.seznam.cz/en/seznambot-intro/)" "ysfine.com"
77.75.79.109 - - [16/Feb/2023:03:18:33 -0800] "GET /world/russ/msu10.jpg HTTP/1.1" 200 106798 "-" "Mozilla/5.0 (compatible; SeznamBot/3.2; +http://napoveda.seznam.cz/en/seznambot-intro/)" "ysfine.com"
80.192.63.201 - - [16/Feb/2023:03:18:36 -0800] "GET /maga/phys/bohr22b.jpg HTTP/1.1" 200 31482 "https://www.google.co.uk/" "Mozilla/5.0 (iPhone; CPU iPhone OS 15_7_3 like Mac OS X) AppleWebKit/605.1.15 (KHTML, like Gecko) Version/15.6.4 Mobile/15E148 Safari/604.1" "ysfine.com"
157.55.39.207 - - [16/Feb/2023:03:19:23 -0800] "GET /world/baltic/riga57b.jpg HTTP/1.1" 200 34801 "-" "Mozilla/5.0 AppleWebKit/537.36 (KHTML, like Gecko; compatible; bingbot/2.0; +http://www.bing.com/bingbot.htm) Chrome/103.0.5060.134 Safari/537.36" "ysfine.com"
185.191.171.19 - - [16/Feb/2023:03:19:56 -0800] "GET /heisen/einheisen00.html HTTP/1.1" 200 5149 "-" "Mozilla/5.0 (compatible; SemrushBot/7~bl; +http://www.semrush.com/bot.html)" "ysfine.com"
64.124.8.49 - - [16/Feb/2023:03:21:01 -0800] "GET /world/france/stras38.jpg HTTP/1.1" 200 99407 "-" "Mozilla/5.0 (Macintosh; Intel Mac OS X 10_15_7) AppleWebKit/537.36 (KHTML, like Gecko) Chrome/107.0.0.0 Safari/537.36" "ysfine.com"
40.77.167.192 - - [16/Feb/2023:03:22:26 -0800] "GET /bio.html HTTP/1.1" 200 18260 "-" "Mozilla/5.0 AppleWebKit/537.36 (KHTML, like Gecko; compatible; bingbot/2.0; +http://www.bing.com/bingbot.htm) Chrome/103.0.5060.134 Safari/537.36" "ysfine.com"
52.167.144.68 - - [16/Feb/2023:03:23:38 -0800] "GET /bio/sbk/1950.html HTTP/1.1" 404 88 "-" "Mozilla/5.0 AppleWebKit/537.36 (KHTML, like Gecko; compatible; bingbot/2.0; +http://www.bing.com/bingbot.htm) Chrome/103.0.5060.134 Safari/537.36" "ysfine.com"
40.77.167.192 - - [16/Feb/2023:03:23:54 -0800] "GET /style/cameras/lumixfan11b.jpg HTTP/1.1" 200 35886 "-" "Mozilla/5.0 AppleWebKit/537.36 (KHTML, like Gecko; compatible; bingbot/2.0; +http://www.bing.com/bingbot.htm) Chrome/103.0.5060.134 Safari/537.36" "www.ysfine.com"
200.18.121.162 - - [16/Feb/2023:03:24:03 -0800] "GET /dirac/dirheisen30.jpg HTTP/1.1" 200 141929 "https://www.google.com/" "Mozilla/5.0 (Windows NT 10.0; Win64; x64) AppleWebKit/537.36 (KHTML, like Gecko) Chrome/110.0.0.0 Safari/537.36" "ysfine.com"
222.122.190.77 - - [16/Feb/2023:03:24:06 -0800] "GET / HTTP/1.1" 200 15915 "-" "Mozilla/5.0 (Windows NT 10.0; ZumBot/1.0; Win64; x64) AppleWebKit/537.36 (KHTML, like Gecko) Chrome/79.0.3945.130 Safari/537.36" "ysfine.com"
222.122.190.77 - - [16/Feb/2023:03:24:07 -0800] "GET / HTTP/1.1" 200 15915 "-" "Mozilla/5.0 (Windows NT 10.0; ZumBot/1.0; Win64; x64) AppleWebKit/537.36 (KHTML, like Gecko) Chrome/79.0.3945.130 Safari/537.36" "ysfine.com"
64.124.8.57 - - [16/Feb/2023:03:24:28 -0800] "GET /wigner/weiss22.jpg HTTP/1.1" 200 65125 "-" "Mozilla/5.0 (Macintosh; Intel Mac OS X 10_15_7) AppleWebKit/537.36 (KHTML, like Gecko) Chrome/107.0.0.0 Safari/537.36" "ysfine.com"
177.174.221.159 - - [16/Feb/2023:03:24:40 -0800] "GET /wigner/neum/vnc01.jpg HTTP/1.1" 200 133641 "https://sites.google.com/" "Mozilla/5.0 (Linux; Android 12; SM-A325M) AppleWebKit/537.36 (KHTML, like Gecko) Chrome/109.0.0.0 Mobile Safari/537.36" "ysfine.com"
64.124.8.53 - - [16/Feb/2023:03:24:47 -0800] "GET /ysbio/world/russ/kiev007.jpg HTTP/1.1" 404 88 "-" "Mozilla/5.0 (Macintosh; Intel Mac OS X 10_15_7) AppleWebKit/537.36 (KHTML, like Gecko) Chrome/107.0.0.0 Safari/537.36" "www.ysfine.com"
40.77.167.192 - - [16/Feb/2023:03:24:53 -0800] "GET /kowar/tanks/sherman52.jpg HTTP/1.1" 200 99286 "-" "Mozilla/5.0 AppleWebKit/537.36 (KHTML, like Gecko; compatible; bingbot/2.0; +http://www.bing.com/bingbot.htm) Chrome/103.0.5060.134 Safari/537.36" "ysfine.com"
3.15.37.163 - - [16/Feb/2023:03:25:00 -0800] "GET /ads.txt HTTP/1.1" 404 88 "http://ysfine.com/ads.txt" "AdsTxtCrawler/1.0; +https://github.com/InteractiveAdvertisingBureau/adstxtcrawler" "ysfine.com"
64.124.8.50 - - [16/Feb/2023:03:26:03 -0800] "GET /kobak/rhee10.jpg HTTP/1.1" 200 116308 "-" "Mozilla/5.0 (Macintosh; Intel Mac OS X 10_15_7) AppleWebKit/537.36 (KHTML, like Gecko) Chrome/107.0.0.0 Safari/537.36" "ysfine.com"
193.206.153.230 - - [16/Feb/2023:03:26:20 -0800] "GET / HTTP/1.1" 200 5295 "-" "Mozilla/5.0 (Macintosh; Intel Mac OS X 10_15_7) AppleWebKit/605.1.15 (KHTML, like Gecko) Version/16.3 Safari/605.1.15" "ysfine.com"
64.124.8.29 - - [16/Feb/2023:03:27:17 -0800] "GET /world/baltic/rigaeisen07.jpg HTTP/1.1" 200 140915 "-" "Mozilla/5.0 (Macintosh; Intel Mac OS X 10_15_7) AppleWebKit/537.36 (KHTML, like Gecko) Chrome/107.0.0.0 Safari/537.36" "ysfine.com"
64.124.8.49 - - [16/Feb/2023:03:28:39 -0800] "GET /world/scandi/copen064.jpg HTTP/1.1" 200 124387 "-" "Mozilla/5.0 (Macintosh; Intel Mac OS X 10_15_7) AppleWebKit/537.36 (KHTML, like Gecko) Chrome/107.0.0.0 Safari/537.36" "www.ysfine.com"
64.124.8.57 - - [16/Feb/2023:03:29:02 -0800] "GET /world/latina/rio056.jpg HTTP/1.1" 200 80917 "-" "Mozilla/5.0 (Macintosh; Intel Mac OS X 10_15_7) AppleWebKit/537.36 (KHTML, like Gecko) Chrome/107.0.0.0 Safari/537.36" "www.ysfine.com"
216.244.66.229 - - [16/Feb/2023:03:29:39 -0800] "GET /robots.txt HTTP/1.1" 404 73 "-" "Mozilla/5.0 (compatible; DotBot/1.2; +https://opensiteexplorer.org/dotbot; help@moz.com)" "www.ysfine.com"
216.244.66.229 - - [16/Feb/2023:03:29:39 -0800] "GET /robots.txt HTTP/1.1" 404 73 "-" "Mozilla/5.0 (compatible; DotBot/1.2; +https://opensiteexplorer.org/dotbot; help@moz.com)" "ysfine.com"
64.124.8.28 - - [16/Feb/2023:03:30:11 -0800] "GET /world/ital/flor090.jpg HTTP/1.1" 200 149164 "-" "Mozilla/5.0 (Macintosh; Intel Mac OS X 10_15_7) AppleWebKit/537.36 (KHTML, like Gecko) Chrome/107.0.0.0 Safari/537.36" "www.ysfine.com"
80.72.251.110 - - [16/Feb/2023:03:30:16 -0800] "GET /style/songs22.html HTTP/1.1" 200 39419 "https://www.google.com/" "Mozilla/5.0 (Windows NT 10.0; Win64; x64) AppleWebKit/537.36 (KHTML, like Gecko) Chrome/109.0.0.0 Safari/537.36" "www.ysfine.com"
80.72.251.110 - - [16/Feb/2023:03:30:17 -0800] "GET /sbk/2017berlin01b.jpg HTTP/1.1" 200 33403 "https://www.ysfine.com/style/songs22.html" "Mozilla/5.0 (Windows NT 10.0; Win64; x64) AppleWebKit/537.36 (KHTML, like Gecko) Chrome/109.0.0.0 Safari/537.36" "www.ysfine.com"
80.72.251.110 - - [16/Feb/2023:03:30:17 -0800] "GET /style/tatyana11b.jpg HTTP/1.1" 200 29416 "https://www.ysfine.com/style/songs22.html" "Mozilla/5.0 (Windows NT 10.0; Win64; x64) AppleWebKit/537.36 (KHTML, like Gecko) Chrome/109.0.0.0 Safari/537.36" "www.ysfine.com"
80.72.251.110 - - [16/Feb/2023:03:30:17 -0800] "GET /style/bachkova11b.jpg HTTP/1.1" 200 45475 "https://www.ysfine.com/style/songs22.html" "Mozilla/5.0 (Windows NT 10.0; Win64; x64) AppleWebKit/537.36 (KHTML, like Gecko) Chrome/109.0.0.0 Safari/537.36" "www.ysfine.com"
80.72.251.110 - - [16/Feb/2023:03:30:17 -0800] "GET /style/beetho00b.jpg HTTP/1.1" 200 43559 "https://www.ysfine.com/style/songs22.html" "Mozilla/5.0 (Windows NT 10.0; Win64; x64) AppleWebKit/537.36 (KHTML, like Gecko) Chrome/109.0.0.0 Safari/537.36" "www.ysfine.com"
