71.178.208.102 - - [16/Feb/2023:18:11:10 -0800] "GET /auto/fotos/einhaus450.jpg HTTP/1.1" 200 65369 "https://ysfine.com/auto/bio.html?fbclid=IwAR3T-paAf1GdwvC9FzCQO73f7bXxFJ2w46ZZYfyaiMu-hbui3bezbYyTt2Y" "Mozilla/5.0 (Windows NT 10.0; Win64; x64; rv:109.0) Gecko/20100101 Firefox/110.0" "ysfine.com"
71.178.208.102 - - [16/Feb/2023:18:11:10 -0800] "GET /auto/fotos/103c.jpg HTTP/1.1" 200 32825 "https://ysfine.com/auto/bio.html?fbclid=IwAR3T-paAf1GdwvC9FzCQO73f7bXxFJ2w46ZZYfyaiMu-hbui3bezbYyTt2Y" "Mozilla/5.0 (Windows NT 10.0; Win64; x64; rv:109.0) Gecko/20100101 Firefox/110.0" "ysfine.com"
71.178.208.102 - - [16/Feb/2023:18:11:10 -0800] "GET /auto/fotos/kids20f.jpg HTTP/1.1" 200 103189 "https://ysfine.com/auto/bio.html?fbclid=IwAR3T-paAf1GdwvC9FzCQO73f7bXxFJ2w46ZZYfyaiMu-hbui3bezbYyTt2Y" "Mozilla/5.0 (Windows NT 10.0; Win64; x64; rv:109.0) Gecko/20100101 Firefox/110.0" "ysfine.com"
71.178.208.102 - - [16/Feb/2023:18:11:10 -0800] "GET /auto/fotos/marxlon02c.jpg HTTP/1.1" 200 47919 "https://ysfine.com/auto/bio.html?fbclid=IwAR3T-paAf1GdwvC9FzCQO73f7bXxFJ2w46ZZYfyaiMu-hbui3bezbYyTt2Y" "Mozilla/5.0 (Windows NT 10.0; Win64; x64; rv:109.0) Gecko/20100101 Firefox/110.0" "ysfine.com"
64.124.8.49 - - [16/Feb/2023:18:11:53 -0800] "GET /ysbio/world/israel/jeru64.jpg HTTP/1.1" 404 88 "-" "Mozilla/5.0 (Macintosh; Intel Mac OS X 10_15_7) AppleWebKit/537.36 (KHTML, like Gecko) Chrome/107.0.0.0 Safari/537.36" "ysfine.com"
64.124.8.28 - - [16/Feb/2023:18:12:06 -0800] "GET /wdc/gtown34.jpg HTTP/1.1" 200 89523 "-" "Mozilla/5.0 (Macintosh; Intel Mac OS X 10_15_7) AppleWebKit/537.36 (KHTML, like Gecko) Chrome/107.0.0.0 Safari/537.36" "ysfine.com"
64.124.8.29 - - [16/Feb/2023:18:12:40 -0800] "GET /ffriends/russberlin02.jpg HTTP/1.1" 200 128537 "-" "Mozilla/5.0 (Macintosh; Intel Mac OS X 10_15_7) AppleWebKit/537.36 (KHTML, like Gecko) Chrome/107.0.0.0 Safari/537.36" "www.ysfine.com"
71.178.208.102 - - [16/Feb/2023:18:12:43 -0800] "GET /auto/bio.html?fbclid=IwAR2DvQPYHw_LIq6-gsziL6pae_yJbmEjOMviN3iTWpXhbB9Fnhe1RJK_1AY HTTP/1.1" 200 18256 "https://l.facebook.com/" "Mozilla/5.0 (Windows NT 10.0; Win64; x64; rv:109.0) Gecko/20100101 Firefox/110.0" "ysfine.com"
64.124.8.29 - - [16/Feb/2023:18:12:43 -0800] "GET /newyork/trump35.jpg HTTP/1.1" 200 100732 "-" "Mozilla/5.0 (Macintosh; Intel Mac OS X 10_15_7) AppleWebKit/537.36 (KHTML, like Gecko) Chrome/107.0.0.0 Safari/537.36" "ysfine.com"
64.124.8.29 - - [16/Feb/2023:18:13:06 -0800] "GET /ysbio/world/latina/rio075.jpg HTTP/1.1" 404 88 "-" "Mozilla/5.0 (Macintosh; Intel Mac OS X 10_15_7) AppleWebKit/537.36 (KHTML, like Gecko) Chrome/107.0.0.0 Safari/537.36" "www.ysfine.com"
32.221.140.196 - - [16/Feb/2023:18:13:06 -0800] "GET /world/france/stras10.jpg HTTP/1.1" 200 105338 "https://www.google.com/" "Mozilla/5.0 (Windows NT 10.0; Win64; x64) AppleWebKit/537.36 (KHTML, like Gecko) Chrome/109.0.0.0 Safari/537.36" "ysfine.com"
114.119.155.81 - - [16/Feb/2023:18:13:24 -0800] "GET /robots.txt HTTP/1.1" 404 88 "-" "Mozilla/5.0 (compatible;PetalBot;+https://webmaster.petalsearch.com/site/petalbot)" "www.ysfine.com"
66.249.70.30 - - [16/Feb/2023:18:14:34 -0800] "GET /usca/norl/missi26b.jpg HTTP/1.1" 200 38185 "-" "Googlebot-Image/1.0" "ysfine.com"
216.244.66.229 - - [16/Feb/2023:18:14:42 -0800] "GET /kobak/severance.jpg HTTP/1.1" 200 123261 "-" "Mozilla/5.0 (compatible; DotBot/1.2; +https://opensiteexplorer.org/dotbot; help@moz.com)" "www.ysfine.com"
52.167.144.35 - - [16/Feb/2023:18:15:12 -0800] "GET /ysbio/sbt11d.jpg HTTP/1.1" 404 88 "-" "Mozilla/5.0 AppleWebKit/537.36 (KHTML, like Gecko; compatible; bingbot/2.0; +http://www.bing.com/bingbot.htm) Chrome/103.0.5060.134 Safari/537.36" "ysfine.com"
216.244.66.229 - - [16/Feb/2023:18:15:25 -0800] "GET /usca/pitt/scotkrk.jpg HTTP/1.1" 200 101142 "-" "Mozilla/5.0 (compatible; DotBot/1.2; +https://opensiteexplorer.org/dotbot; help@moz.com)" "www.ysfine.com"
64.124.8.52 - - [16/Feb/2023:18:15:51 -0800] "GET /world/germany/leipzig66.jpg HTTP/1.1" 200 305028 "-" "Mozilla/5.0 (Macintosh; Intel Mac OS X 10_15_7) AppleWebKit/537.36 (KHTML, like Gecko) Chrome/107.0.0.0 Safari/537.36" "ysfine.com"
216.244.66.229 - - [16/Feb/2023:18:16:06 -0800] "GET /world/france/pariso01.jpg HTTP/1.1" 200 118161 "-" "Mozilla/5.0 (compatible; DotBot/1.2; +https://opensiteexplorer.org/dotbot; help@moz.com)" "ysfine.com"
64.124.8.56 - - [16/Feb/2023:18:16:28 -0800] "GET /dirac/diracpqm58.jpg HTTP/1.1" 200 69325 "-" "Mozilla/5.0 (Macintosh; Intel Mac OS X 10_15_7) AppleWebKit/537.36 (KHTML, like Gecko) Chrome/107.0.0.0 Safari/537.36" "ysfine.com"
216.244.66.229 - - [16/Feb/2023:18:16:51 -0800] "GET /world/france/pariso04.jpg HTTP/1.1" 200 109626 "-" "Mozilla/5.0 (compatible; DotBot/1.2; +https://opensiteexplorer.org/dotbot; help@moz.com)" "ysfine.com"
64.124.8.49 - - [16/Feb/2023:18:16:52 -0800] "GET /ysbio/wdc/usna21.jpg HTTP/1.1" 404 88 "-" "Mozilla/5.0 (Macintosh; Intel Mac OS X 10_15_7) AppleWebKit/537.36 (KHTML, like Gecko) Chrome/107.0.0.0 Safari/537.36" "ysfine.com"
64.124.8.53 - - [16/Feb/2023:18:17:19 -0800] "GET /feynman/fb5.jpg HTTP/1.1" 200 33961 "-" "Mozilla/5.0 (Macintosh; Intel Mac OS X 10_15_7) AppleWebKit/537.36 (KHTML, like Gecko) Chrome/107.0.0.0 Safari/537.36" "ysfine.com"
216.244.66.229 - - [16/Feb/2023:18:17:27 -0800] "GET /world/germany/oktf14.jpg HTTP/1.1" 200 100660 "-" "Mozilla/5.0 (compatible; DotBot/1.2; +https://opensiteexplorer.org/dotbot; help@moz.com)" "ysfine.com"
64.124.8.55 - - [16/Feb/2023:18:17:51 -0800] "GET /world/baltic/riga30.jpg HTTP/1.1" 200 63272 "-" "Mozilla/5.0 (Macintosh; Intel Mac OS X 10_15_7) AppleWebKit/537.36 (KHTML, like Gecko) Chrome/107.0.0.0 Safari/537.36" "ysfine.com"
216.244.66.229 - - [16/Feb/2023:18:18:01 -0800] "GET /world/russ/redsq49.jpg HTTP/1.1" 200 122299 "-" "Mozilla/5.0 (compatible; DotBot/1.2; +https://opensiteexplorer.org/dotbot; help@moz.com)" "ysfine.com"
114.119.137.28 - - [16/Feb/2023:18:19:04 -0800] "GET /world/vienna.html HTTP/1.1" 200 7048 "https://ysfine.com/maga/schrodein.html" "Mozilla/5.0 (Linux; Android 7.0;) AppleWebKit/537.36 (KHTML, like Gecko) Mobile Safari/537.36 (compatible; PetalBot;+https://webmaster.petalsearch.com/site/petalbot)" "ysfine.com"
64.124.8.52 - - [16/Feb/2023:18:19:08 -0800] "GET /philo/sartre66.jpg HTTP/1.1" 200 239329 "-" "Mozilla/5.0 (Macintosh; Intel Mac OS X 10_15_7) AppleWebKit/537.36 (KHTML, like Gecko) Chrome/107.0.0.0 Safari/537.36" "ysfine.com"
52.167.144.62 - - [16/Feb/2023:18:19:15 -0800] "GET /world/scandi/vaxprom11.jpg HTTP/1.1" 200 98628 "-" "Mozilla/5.0 AppleWebKit/537.36 (KHTML, like Gecko; compatible; bingbot/2.0; +http://www.bing.com/bingbot.htm) Chrome/103.0.5060.134 Safari/537.36" "www.ysfine.com"
64.124.8.56 - - [16/Feb/2023:18:19:23 -0800] "GET /world/scandi/sto026.jpg HTTP/1.1" 200 67854 "http://ysfine.com/world/scandi/sto026.jpg" "Mozilla/5.0 (Macintosh; Intel Mac OS X 10_15_7) AppleWebKit/537.36 (KHTML, like Gecko) Chrome/107.0.0.0 Safari/537.36" "ysfine.com"
64.124.8.29 - - [16/Feb/2023:18:19:26 -0800] "GET /world/germany/benz21.jpg HTTP/1.1" 200 91871 "-" "Mozilla/5.0 (Macintosh; Intel Mac OS X 10_15_7) AppleWebKit/537.36 (KHTML, like Gecko) Chrome/107.0.0.0 Safari/537.36" "www.ysfine.com"
51.222.253.1 - - [16/Feb/2023:18:20:10 -0800] "GET /robots.txt HTTP/1.1" 404 88 "-" "Mozilla/5.0 (compatible; AhrefsBot/7.0; +http://ahrefs.com/robot/)" "ysfine.com"
64.124.8.57 - - [16/Feb/2023:18:20:14 -0800] "GET /people/wheemos.jpg HTTP/1.1" 200 98122 "-" "Mozilla/5.0 (Macintosh; Intel Mac OS X 10_15_7) AppleWebKit/537.36 (KHTML, like Gecko) Chrome/107.0.0.0 Safari/537.36" "ysfine.com"
64.124.8.50 - - [16/Feb/2023:18:20:24 -0800] "GET /world/latina/rio105.jpg HTTP/1.1" 200 94261 "-" "Mozilla/5.0 (Macintosh; Intel Mac OS X 10_15_7) AppleWebKit/537.36 (KHTML, like Gecko) Chrome/107.0.0.0 Safari/537.36" "ysfine.com"
114.119.165.200 - - [16/Feb/2023:18:20:29 -0800] "GET /kobak/sebiro.html HTTP/1.1" 200 8966 "http://ysfine.com/kobak/kimc.html" "Mozilla/5.0 (Linux; Android 7.0;) AppleWebKit/537.36 (KHTML, like Gecko) Mobile Safari/537.36 (compatible; PetalBot;+https://webmaster.petalsearch.com/site/petalbot)" "ysfine.com"
95.161.239.143 - - [16/Feb/2023:18:21:27 -0800] "GET /style/socrates.html HTTP/1.1" 200 589 "https://yandex.ru/" "Mozilla/5.0 (Windows NT 6.3; Win64; x64) AppleWebKit/537.36 (KHTML, like Gecko) Chrome/108.0.0.0 YaBrowser/23.1.2.931 Yowser/2.5 Safari/537.36" "www.ysfine.com"
95.161.239.143 - - [16/Feb/2023:18:21:27 -0800] "GET /style/socrates22.jpg HTTP/1.1" 200 134316 "https://www.ysfine.com/style/socrates.html" "Mozilla/5.0 (Windows NT 6.3; Win64; x64) AppleWebKit/537.36 (KHTML, like Gecko) Chrome/108.0.0.0 YaBrowser/23.1.2.931 Yowser/2.5 Safari/537.36" "www.ysfine.com"
95.161.239.143 - - [16/Feb/2023:18:21:27 -0800] "GET /style/socrates11.jpg HTTP/1.1" 200 81464 "https://www.ysfine.com/style/socrates.html" "Mozilla/5.0 (Windows NT 6.3; Win64; x64) AppleWebKit/537.36 (KHTML, like Gecko) Chrome/108.0.0.0 YaBrowser/23.1.2.931 Yowser/2.5 Safari/537.36" "www.ysfine.com"
95.161.239.143 - - [16/Feb/2023:18:21:27 -0800] "GET /style/socrates33.jpg HTTP/1.1" 200 88220 "https://www.ysfine.com/style/socrates.html" "Mozilla/5.0 (Windows NT 6.3; Win64; x64) AppleWebKit/537.36 (KHTML, like Gecko) Chrome/108.0.0.0 YaBrowser/23.1.2.931 Yowser/2.5 Safari/537.36" "www.ysfine.com"
64.124.8.28 - - [16/Feb/2023:18:21:32 -0800] "GET /ysbio/world/spain/cordoc19.jpg HTTP/1.1" 404 88 "-" "Mozilla/5.0 (Macintosh; Intel Mac OS X 10_15_7) AppleWebKit/537.36 (KHTML, like Gecko) Chrome/107.0.0.0 Safari/537.36" "ysfine.com"
52.167.144.35 - - [16/Feb/2023:18:22:23 -0800] "GET /ysbio/yspapers/zakopane96.pdf HTTP/1.1" 404 88 "-" "Mozilla/5.0 AppleWebKit/537.36 (KHTML, like Gecko; compatible; bingbot/2.0; +http://www.bing.com/bingbot.htm) Chrome/103.0.5060.134 Safari/537.36" "www.ysfine.com"
66.249.70.3 - - [16/Feb/2023:18:22:49 -0800] "GET /fbook/fortune11.jpg HTTP/1.1" 200 270524 "-" "Googlebot-Image/1.0" "ysfine.com"
64.124.8.53 - - [16/Feb/2023:18:23:42 -0800] "GET /usca/norl/fm10.jpg HTTP/1.1" 200 116036 "-" "Mozilla/5.0 (Macintosh; Intel Mac OS X 10_15_7) AppleWebKit/537.36 (KHTML, like Gecko) Chrome/107.0.0.0 Safari/537.36" "ysfine.com"
52.167.144.35 - - [16/Feb/2023:18:23:53 -0800] "GET /bio/style/artlove.html HTTP/1.1" 404 88 "-" "Mozilla/5.0 AppleWebKit/537.36 (KHTML, like Gecko; compatible; bingbot/2.0; +http://www.bing.com/bingbot.htm) Chrome/103.0.5060.134 Safari/537.36" "ysfine.com"
64.124.8.50 - - [16/Feb/2023:18:24:05 -0800] "GET /world/hungary/buda220.jpg HTTP/1.1" 200 119184 "-" "Mozilla/5.0 (Macintosh; Intel Mac OS X 10_15_7) AppleWebKit/537.36 (KHTML, like Gecko) Chrome/107.0.0.0 Safari/537.36" "www.ysfine.com"
66.249.70.3 - - [16/Feb/2023:18:24:53 -0800] "GET /ads.txt HTTP/1.1" 404 88 "-" "Mozilla/5.0 (compatible; Googlebot/2.1; +http://www.google.com/bot.html)" "ysfine.com"
64.124.8.56 - - [16/Feb/2023:18:24:53 -0800] "GET /world/brit/harrow06.jpg HTTP/1.1" 200 130044 "-" "Mozilla/5.0 (Macintosh; Intel Mac OS X 10_15_7) AppleWebKit/537.36 (KHTML, like Gecko) Chrome/107.0.0.0 Safari/537.36" "www.ysfine.com"
64.124.8.57 - - [16/Feb/2023:18:27:18 -0800] "GET /sbk/1970conn66.jpg HTTP/1.1" 200 117496 "-" "Mozilla/5.0 (Macintosh; Intel Mac OS X 10_15_7) AppleWebKit/537.36 (KHTML, like Gecko) Chrome/107.0.0.0 Safari/537.36" "www.ysfine.com"
71.178.208.102 - - [16/Feb/2023:18:28:27 -0800] "GET /auto/bio21.html HTTP/1.1" 200 5217 "https://www.ysfine.com/ys11/index.html" "Mozilla/5.0 (Windows NT 10.0; Win64; x64; rv:109.0) Gecko/20100101 Firefox/110.0" "www.ysfine.com"
71.178.208.102 - - [16/Feb/2023:18:28:27 -0800] "GET /auto/photo01f.jpg HTTP/1.1" 200 121178 "https://www.ysfine.com/auto/bio21.html" "Mozilla/5.0 (Windows NT 10.0; Win64; x64; rv:109.0) Gecko/20100101 Firefox/110.0" "www.ysfine.com"
71.178.208.102 - - [16/Feb/2023:18:28:27 -0800] "GET /auto/photo04f.jpg HTTP/1.1" 200 154495 "https://www.ysfine.com/auto/bio21.html" "Mozilla/5.0 (Windows NT 10.0; Win64; x64; rv:109.0) Gecko/20100101 Firefox/110.0" "www.ysfine.com"
71.178.208.102 - - [16/Feb/2023:18:28:27 -0800] "GET /auto/photo03f.jpg HTTP/1.1" 200 73444 "https://www.ysfine.com/auto/bio21.html" "Mozilla/5.0 (Windows NT 10.0; Win64; x64; rv:109.0) Gecko/20100101 Firefox/110.0" "www.ysfine.com"
71.178.208.102 - - [16/Feb/2023:18:28:27 -0800] "GET /auto/photo07f.jpg HTTP/1.1" 200 72735 "https://www.ysfine.com/auto/bio21.html" "Mozilla/5.0 (Windows NT 10.0; Win64; x64; rv:109.0) Gecko/20100101 Firefox/110.0" "www.ysfine.com"
71.178.208.102 - - [16/Feb/2023:18:28:27 -0800] "GET /auto/photo11f.jpg HTTP/1.1" 200 129106 "https://www.ysfine.com/auto/bio21.html" "Mozilla/5.0 (Windows NT 10.0; Win64; x64; rv:109.0) Gecko/20100101 Firefox/110.0" "www.ysfine.com"
71.178.208.102 - - [16/Feb/2023:18:28:27 -0800] "GET /auto/photo02f.jpg HTTP/1.1" 200 155379 "https://www.ysfine.com/auto/bio21.html" "Mozilla/5.0 (Windows NT 10.0; Win64; x64; rv:109.0) Gecko/20100101 Firefox/110.0" "www.ysfine.com"
71.178.208.102 - - [16/Feb/2023:18:28:27 -0800] "GET /auto/photo12f.jpg HTTP/1.1" 200 109924 "https://www.ysfine.com/auto/bio21.html" "Mozilla/5.0 (Windows NT 10.0; Win64; x64; rv:109.0) Gecko/20100101 Firefox/110.0" "www.ysfine.com"
71.178.208.102 - - [16/Feb/2023:18:28:27 -0800] "GET /auto/photo06f.jpg HTTP/1.1" 200 178503 "https://www.ysfine.com/auto/bio21.html" "Mozilla/5.0 (Windows NT 10.0; Win64; x64; rv:109.0) Gecko/20100101 Firefox/110.0" "www.ysfine.com"
71.178.208.102 - - [16/Feb/2023:18:28:27 -0800] "GET /auto/photo05f.jpg HTTP/1.1" 200 157477 "https://www.ysfine.com/auto/bio21.html" "Mozilla/5.0 (Windows NT 10.0; Win64; x64; rv:109.0) Gecko/20100101 Firefox/110.0" "www.ysfine.com"
71.178.208.102 - - [16/Feb/2023:18:28:27 -0800] "GET /auto/photo09f.jpg HTTP/1.1" 200 76253 "https://www.ysfine.com/auto/bio21.html" "Mozilla/5.0 (Windows NT 10.0; Win64; x64; rv:109.0) Gecko/20100101 Firefox/110.0" "www.ysfine.com"
71.178.208.102 - - [16/Feb/2023:18:28:27 -0800] "GET /auto/photo08f.jpg HTTP/1.1" 200 87658 "https://www.ysfine.com/auto/bio21.html" "Mozilla/5.0 (Windows NT 10.0; Win64; x64; rv:109.0) Gecko/20100101 Firefox/110.0" "www.ysfine.com"
71.178.208.102 - - [16/Feb/2023:18:28:27 -0800] "GET /auto/photo10f.jpg HTTP/1.1" 200 142444 "https://www.ysfine.com/auto/bio21.html" "Mozilla/5.0 (Windows NT 10.0; Win64; x64; rv:109.0) Gecko/20100101 Firefox/110.0" "www.ysfine.com"
216.244.66.229 - - [16/Feb/2023:18:28:57 -0800] "GET /robots.txt HTTP/1.1" 404 73 "-" "Mozilla/5.0 (compatible; DotBot/1.2; +https://opensiteexplorer.org/dotbot; help@moz.com)" "www.ysfine.com"
216.244.66.229 - - [16/Feb/2023:18:28:57 -0800] "GET /robots.txt HTTP/1.1" 404 73 "-" "Mozilla/5.0 (compatible; DotBot/1.2; +https://opensiteexplorer.org/dotbot; help@moz.com)" "ysfine.com"
52.167.144.86 - - [16/Feb/2023:18:29:07 -0800] "GET /style/shagall33.jpg HTTP/1.1" 200 68486 "-" "Mozilla/5.0 AppleWebKit/537.36 (KHTML, like Gecko; compatible; bingbot/2.0; +http://www.bing.com/bingbot.htm) Chrome/103.0.5060.134 Safari/537.36" "ysfine.com"
207.126.89.11 - - [16/Feb/2023:18:29:42 -0800] "GET /maga/phil/marxber22.jpg HTTP/1.1" 200 106927 "https://www.google.com.hk/" "Mozilla/5.0 (Windows NT 10.0; Win64; x64) AppleWebKit/537.36 (KHTML, like Gecko) Chrome/110.0.0.0 Safari/537.36 Edg/110.0.1587.46" "ysfine.com"
64.124.8.54 - - [16/Feb/2023:18:30:04 -0800] "GET /feynman/jf1.jpg HTTP/1.1" 200 13411 "-" "Mozilla/5.0 (Macintosh; Intel Mac OS X 10_15_7) AppleWebKit/537.36 (KHTML, like Gecko) Chrome/107.0.0.0 Safari/537.36" "ysfine.com"
64.124.8.28 - - [16/Feb/2023:18:30:08 -0800] "GET /ysbio/ellipse53.jpg HTTP/1.1" 404 88 "-" "Mozilla/5.0 (Macintosh; Intel Mac OS X 10_15_7) AppleWebKit/537.36 (KHTML, like Gecko) Chrome/107.0.0.0 Safari/537.36" "www.ysfine.com"
114.119.151.155 - - [16/Feb/2023:18:30:11 -0800] "GET /wisdom/wk10.html HTTP/1.1" 200 24659 "-" "Mozilla/5.0 (Linux; Android 7.0;) AppleWebKit/537.36 (KHTML, like Gecko) Mobile Safari/537.36 (compatible; PetalBot;+https://webmaster.petalsearch.com/site/petalbot)" "ysfine.com"
77.75.77.101 - - [16/Feb/2023:18:30:15 -0800] "GET /robots.txt HTTP/1.1" 404 88 "-" "Mozilla/5.0 (compatible; SeznamBot/3.2; +http://napoveda.seznam.cz/en/seznambot-intro/)" "ysfine.com"
77.75.77.101 - - [16/Feb/2023:18:30:16 -0800] "GET /world/balkan/ath109.jpg HTTP/1.1" 304 - "-" "Mozilla/5.0 (compatible; SeznamBot/3.2; +http://napoveda.seznam.cz/en/seznambot-intro/)" "ysfine.com"
77.75.77.101 - - [16/Feb/2023:18:30:17 -0800] "GET /world/balkan/ath027.jpg HTTP/1.1" 304 - "-" "Mozilla/5.0 (compatible; SeznamBot/3.2; +http://napoveda.seznam.cz/en/seznambot-intro/)" "ysfine.com"
64.124.8.54 - - [16/Feb/2023:18:30:17 -0800] "GET /ysbio/world/israel/jeru42.jpg HTTP/1.1" 404 88 "-" "Mozilla/5.0 (Macintosh; Intel Mac OS X 10_15_7) AppleWebKit/537.36 (KHTML, like Gecko) Chrome/107.0.0.0 Safari/537.36" "www.ysfine.com"
77.75.77.101 - - [16/Feb/2023:18:30:17 -0800] "GET /wigner/wigheis66.jpg HTTP/1.1" 304 - "-" "Mozilla/5.0 (compatible; SeznamBot/3.2; +http://napoveda.seznam.cz/en/seznambot-intro/)" "ysfine.com"
77.75.77.101 - - [16/Feb/2023:18:30:18 -0800] "GET /newyork/colum25.jpg HTTP/1.1" 304 - "-" "Mozilla/5.0 (compatible; SeznamBot/3.2; +http://napoveda.seznam.cz/en/seznambot-intro/)" "ysfine.com"
77.75.77.101 - - [16/Feb/2023:18:30:18 -0800] "GET /kobak/namdae01a.jpg HTTP/1.1" 304 - "-" "Mozilla/5.0 (compatible; SeznamBot/3.2; +http://napoveda.seznam.cz/en/seznambot-intro/)" "ysfine.com"
77.75.77.101 - - [16/Feb/2023:18:30:19 -0800] "GET /kobak/rheetr11.jpg HTTP/1.1" 304 - "-" "Mozilla/5.0 (compatible; SeznamBot/3.2; +http://napoveda.seznam.cz/en/seznambot-intro/)" "ysfine.com"
2.85.196.151 - - [16/Feb/2023:18:30:20 -0800] "GET /maga/phys/naimar/pewk05.jpg HTTP/1.1" 200 94458 "https://www.google.com/" "Mozilla/5.0 (Windows NT 10.0; Win64; x64) AppleWebKit/537.36 (KHTML, like Gecko) Chrome/110.0.0.0 Safari/537.36" "ysfine.com"
2.85.196.151 - - [16/Feb/2023:18:30:25 -0800] "GET /maga/phys/naimar/pewk09.jpg HTTP/1.1" 200 54557 "https://www.google.com/" "Mozilla/5.0 (Windows NT 10.0; Win64; x64) AppleWebKit/537.36 (KHTML, like Gecko) Chrome/110.0.0.0 Safari/537.36" "ysfine.com"
2.85.196.151 - - [16/Feb/2023:18:30:26 -0800] "GET /maga/phys/naimar/pewk02.jpg HTTP/1.1" 200 41315 "https://www.google.com/" "Mozilla/5.0 (Windows NT 10.0; Win64; x64) AppleWebKit/537.36 (KHTML, like Gecko) Chrome/110.0.0.0 Safari/537.36" "ysfine.com"
52.167.144.35 - - [16/Feb/2023:18:30:34 -0800] "GET /bio/sbk/1950.html HTTP/1.1" 404 88 "-" "Mozilla/5.0 AppleWebKit/537.36 (KHTML, like Gecko; compatible; bingbot/2.0; +http://www.bing.com/bingbot.htm) Chrome/103.0.5060.134 Safari/537.36" "ysfine.com"
2.85.196.151 - - [16/Feb/2023:18:30:42 -0800] "GET /remote/wigner111/kim-29.jpg HTTP/1.1" 200 50548 "https://www.google.com/" "Mozilla/5.0 (Windows NT 10.0; Win64; x64) AppleWebKit/537.36 (KHTML, like Gecko) Chrome/110.0.0.0 Safari/537.36" "ysfine.com"
2.85.196.151 - - [16/Feb/2023:18:30:43 -0800] "GET /maga/phys/naimar/pewk03.jpg HTTP/1.1" 200 45583 "https://www.google.com/" "Mozilla/5.0 (Windows NT 10.0; Win64; x64) AppleWebKit/537.36 (KHTML, like Gecko) Chrome/110.0.0.0 Safari/537.36" "ysfine.com"
64.124.8.28 - - [16/Feb/2023:18:30:45 -0800] "GET /style/musee/britmu07.jpg HTTP/1.1" 200 91844 "-" "Mozilla/5.0 (Macintosh; Intel Mac OS X 10_15_7) AppleWebKit/537.36 (KHTML, like Gecko) Chrome/107.0.0.0 Safari/537.36" "ysfine.com"
216.244.66.229 - - [16/Feb/2023:18:31:05 -0800] "GET /home/brooke87.jpg HTTP/1.1" 200 257411 "-" "Mozilla/5.0 (compatible; DotBot/1.2; +https://opensiteexplorer.org/dotbot; help@moz.com)" "www.ysfine.com"
216.244.66.229 - - [16/Feb/2023:18:31:36 -0800] "GET /world/spain/madrid08.jpg HTTP/1.1" 200 181877 "-" "Mozilla/5.0 (compatible; DotBot/1.2; +https://opensiteexplorer.org/dotbot; help@moz.com)" "ysfine.com"
114.119.145.36 - - [16/Feb/2023:18:31:47 -0800] "GET /style/sicily33.jpg HTTP/1.1" 200 67256 "-" "Mozilla/5.0 (Linux; Android 7.0;) AppleWebKit/537.36 (KHTML, like Gecko) Mobile Safari/537.36 (compatible; PetalBot;+https://webmaster.petalsearch.com/site/petalbot)" "ysfine.com"
64.124.8.50 - - [16/Feb/2023:18:31:58 -0800] "GET /ysbio/kobak/rok48.jpg HTTP/1.1" 404 88 "-" "Mozilla/5.0 (Macintosh; Intel Mac OS X 10_15_7) AppleWebKit/537.36 (KHTML, like Gecko) Chrome/107.0.0.0 Safari/537.36" "www.ysfine.com"
64.124.8.29 - - [16/Feb/2023:18:31:59 -0800] "GET /wdc/jeffm02.jpg HTTP/1.1" 200 56769 "-" "Mozilla/5.0 (Macintosh; Intel Mac OS X 10_15_7) AppleWebKit/537.36 (KHTML, like Gecko) Chrome/107.0.0.0 Safari/537.36" "www.ysfine.com"
52.167.144.62 - - [16/Feb/2023:18:32:07 -0800] "GET /newyork/stpaul44.jpg HTTP/1.1" 200 216165 "-" "Mozilla/5.0 AppleWebKit/537.36 (KHTML, like Gecko; compatible; bingbot/2.0; +http://www.bing.com/bingbot.htm) Chrome/103.0.5060.134 Safari/537.36" "ysfine.com"
216.244.66.229 - - [16/Feb/2023:18:32:14 -0800] "GET /world/spain/madrid22.jpg HTTP/1.1" 200 186807 "-" "Mozilla/5.0 (compatible; DotBot/1.2; +https://opensiteexplorer.org/dotbot; help@moz.com)" "ysfine.com"
114.119.166.63 - - [16/Feb/2023:18:33:12 -0800] "GET /remote/wigner111/frame02.html HTTP/1.1" 200 772 "https://ysfine.com/remote/wigner111/goto.html" "Mozilla/5.0 (Linux; Android 7.0;) AppleWebKit/537.36 (KHTML, like Gecko) Mobile Safari/537.36 (compatible; PetalBot;+https://webmaster.petalsearch.com/site/petalbot)" "ysfine.com"
52.167.144.86 - - [16/Feb/2023:18:33:16 -0800] "GET /wdc/whx12.html HTTP/1.1" 200 1590 "-" "Mozilla/5.0 AppleWebKit/537.36 (KHTML, like Gecko; compatible; bingbot/2.0; +http://www.bing.com/bingbot.htm) Chrome/103.0.5060.134 Safari/537.36" "www.ysfine.com"
52.167.144.86 - - [16/Feb/2023:18:33:37 -0800] "GET /auto/bio21.html HTTP/1.1" 200 5217 "-" "Mozilla/5.0 AppleWebKit/537.36 (KHTML, like Gecko; compatible; bingbot/2.0; +http://www.bing.com/bingbot.htm) Chrome/103.0.5060.134 Safari/537.36" "ysfine.com"
64.124.8.29 - - [16/Feb/2023:18:33:44 -0800] "GET /world/baltic/kalin32.jpg HTTP/1.1" 200 120599 "-" "Mozilla/5.0 (Macintosh; Intel Mac OS X 10_15_7) AppleWebKit/537.36 (KHTML, like Gecko) Chrome/107.0.0.0 Safari/537.36" "www.ysfine.com"
64.124.8.54 - - [16/Feb/2023:18:33:52 -0800] "GET /ysbio/world/hungary/buda208.jpg HTTP/1.1" 404 88 "-" "Mozilla/5.0 (Macintosh; Intel Mac OS X 10_15_7) AppleWebKit/537.36 (KHTML, like Gecko) Chrome/107.0.0.0 Safari/537.36" "www.ysfine.com"
52.167.144.86 - - [16/Feb/2023:18:34:18 -0800] "GET /maga/phil/sisfa12/frame55.html HTTP/1.1" 200 319 "-" "Mozilla/5.0 AppleWebKit/537.36 (KHTML, like Gecko; compatible; bingbot/2.0; +http://www.bing.com/bingbot.htm) Chrome/103.0.5060.134 Safari/537.36" "www.ysfine.com"
114.119.165.43 - - [16/Feb/2023:18:34:36 -0800] "GET /maga/phil/sisfa12/frame49.html HTTP/1.1" 200 320 "https://ysfine.com/maga/phil/sisfa12/frame50.html" "Mozilla/5.0 (Linux; Android 7.0;) AppleWebKit/537.36 (KHTML, like Gecko) Mobile Safari/537.36 (compatible; PetalBot;+https://webmaster.petalsearch.com/site/petalbot)" "ysfine.com"
216.244.66.229 - - [16/Feb/2023:18:35:31 -0800] "GET /fotos/taylor54.jpg HTTP/1.1" 200 112585 "-" "Mozilla/5.0 (compatible; DotBot/1.2; +https://opensiteexplorer.org/dotbot; help@moz.com)" "ysfine.com"
216.244.66.229 - - [16/Feb/2023:18:35:55 -0800] "GET /newyork/macy16.jpg HTTP/1.1" 200 184182 "-" "Mozilla/5.0 (compatible; DotBot/1.2; +https://opensiteexplorer.org/dotbot; help@moz.com)" "ysfine.com"
114.119.132.76 - - [16/Feb/2023:18:36:02 -0800] "GET /maga/hosc.html HTTP/1.1" 200 1463 "https://ysfine.com/maga/index.html" "Mozilla/5.0 (Linux; Android 7.0;) AppleWebKit/537.36 (KHTML, like Gecko) Mobile Safari/537.36 (compatible; PetalBot;+https://webmaster.petalsearch.com/site/petalbot)" "ysfine.com"
66.249.70.3 - - [16/Feb/2023:18:36:37 -0800] "GET /einstein/newton55b.jpg HTTP/1.1" 304 - "-" "Googlebot-Image/1.0" "ysfine.com"
64.124.8.53 - - [16/Feb/2023:18:36:38 -0800] "GET /world/russ/krem25.jpg HTTP/1.1" 200 95275 "-" "Mozilla/5.0 (Macintosh; Intel Mac OS X 10_15_7) AppleWebKit/537.36 (KHTML, like Gecko) Chrome/107.0.0.0 Safari/537.36" "www.ysfine.com"
216.244.66.229 - - [16/Feb/2023:18:36:41 -0800] "GET /newyork/russtea55.jpg HTTP/1.1" 200 175533 "-" "Mozilla/5.0 (compatible; DotBot/1.2; +https://opensiteexplorer.org/dotbot; help@moz.com)" "ysfine.com"
216.244.66.229 - - [16/Feb/2023:18:37:15 -0800] "GET /sbk/2011bei22.jpg HTTP/1.1" 200 197336 "-" "Mozilla/5.0 (compatible; DotBot/1.2; +https://opensiteexplorer.org/dotbot; help@moz.com)" "ysfine.com"
114.119.138.111 - - [16/Feb/2023:18:37:18 -0800] "GET /home/mathphys.html HTTP/1.1" 200 2690 "https://ysfine.com/home/yshome.html" "Mozilla/5.0 (Linux; Android 7.0;) AppleWebKit/537.36 (KHTML, like Gecko) Mobile Safari/537.36 (compatible; PetalBot;+https://webmaster.petalsearch.com/site/petalbot)" "ysfine.com"
64.124.8.50 - - [16/Feb/2023:18:37:28 -0800] "GET /world/russ/minsk038.jpg HTTP/1.1" 200 103081 "-" "Mozilla/5.0 (Macintosh; Intel Mac OS X 10_15_7) AppleWebKit/537.36 (KHTML, like Gecko) Chrome/107.0.0.0 Safari/537.36" "www.ysfine.com"
64.124.8.28 - - [16/Feb/2023:18:37:51 -0800] "GET /world/balkan/istan074.jpg HTTP/1.1" 200 75638 "-" "Mozilla/5.0 (Macintosh; Intel Mac OS X 10_15_7) AppleWebKit/537.36 (KHTML, like Gecko) Chrome/107.0.0.0 Safari/537.36" "ysfine.com"
216.244.66.229 - - [16/Feb/2023:18:38:05 -0800] "GET /world/germany/berlin122.jpg HTTP/1.1" 200 148946 "-" "Mozilla/5.0 (compatible; DotBot/1.2; +https://opensiteexplorer.org/dotbot; help@moz.com)" "ysfine.com"
157.55.39.207 - - [16/Feb/2023:18:38:23 -0800] "GET /home/figs/evol77.jpg HTTP/1.1" 200 145608 "-" "Mozilla/5.0 AppleWebKit/537.36 (KHTML, like Gecko; compatible; bingbot/2.0; +http://www.bing.com/bingbot.htm) Chrome/103.0.5060.134 Safari/537.36" "ysfine.com"
64.124.8.52 - - [16/Feb/2023:18:38:32 -0800] "GET /world/france/champ9612.jpg HTTP/1.1" 200 135251 "-" "Mozilla/5.0 (Macintosh; Intel Mac OS X 10_15_7) AppleWebKit/537.36 (KHTML, like Gecko) Chrome/107.0.0.0 Safari/537.36" "ysfine.com"
114.119.167.129 - - [16/Feb/2023:18:38:36 -0800] "GET /home/bio44.html HTTP/1.1" 404 88 "http://ysfine.com/home/marq.html" "Mozilla/5.0 (Linux; Android 7.0;) AppleWebKit/537.36 (KHTML, like Gecko) Mobile Safari/537.36 (compatible; PetalBot;+https://webmaster.petalsearch.com/site/petalbot)" "ysfine.com"
216.244.66.229 - - [16/Feb/2023:18:38:55 -0800] "GET /einstein/places/einmu16.jpg HTTP/1.1" 200 68273 "-" "Mozilla/5.0 (compatible; DotBot/1.2; +https://opensiteexplorer.org/dotbot; help@moz.com)" "ysfine.com"
157.55.39.207 - - [16/Feb/2023:18:39:04 -0800] "GET /confer/listall.html HTTP/1.1" 200 6460 "-" "Mozilla/5.0 AppleWebKit/537.36 (KHTML, like Gecko; compatible; bingbot/2.0; +http://www.bing.com/bingbot.htm) Chrome/103.0.5060.134 Safari/537.36" "www.ysfine.com"
157.55.39.207 - - [16/Feb/2023:18:39:04 -0800] "GET /maga/naimark.html HTTP/1.1" 200 4603 "-" "Mozilla/5.0 AppleWebKit/537.36 (KHTML, like Gecko; compatible; bingbot/2.0; +http://www.bing.com/bingbot.htm) Chrome/103.0.5060.134 Safari/537.36" "www.ysfine.com"
157.55.39.207 - - [16/Feb/2023:18:39:04 -0800] "GET /einstein/einbohr.html HTTP/1.1" 200 6142 "-" "Mozilla/5.0 AppleWebKit/537.36 (KHTML, like Gecko; compatible; bingbot/2.0; +http://www.bing.com/bingbot.htm) Chrome/103.0.5060.134 Safari/537.36" "www.ysfine.com"
157.55.39.207 - - [16/Feb/2023:18:39:04 -0800] "GET / HTTP/1.1" 200 5295 "-" "Mozilla/5.0 AppleWebKit/537.36 (KHTML, like Gecko; compatible; bingbot/2.0; +http://www.bing.com/bingbot.htm) Chrome/103.0.5060.134 Safari/537.36" "www.ysfine.com"
72.143.228.40 - - [16/Feb/2023:18:39:07 -0800] "GET /world/places/ulm02.jpg HTTP/1.1" 200 135530 "https://www.google.com/" "Mozilla/5.0 (iPhone; CPU iPhone OS 16_0 like Mac OS X) AppleWebKit/605.1.15 (KHTML, like Gecko) GSA/249.0.504450501 Mobile/20A362 Safari/604.1" "ysfine.com"
52.167.144.86 - - [16/Feb/2023:18:39:08 -0800] "GET /usca/neworl.html HTTP/1.1" 200 14308 "-" "Mozilla/5.0 AppleWebKit/537.36 (KHTML, like Gecko; compatible; bingbot/2.0; +http://www.bing.com/bingbot.htm) Chrome/103.0.5060.134 Safari/537.36" "www.ysfine.com"
52.167.144.86 - - [16/Feb/2023:18:39:08 -0800] "GET /maga/bohrkierk.html HTTP/1.1" 200 2947 "-" "Mozilla/5.0 AppleWebKit/537.36 (KHTML, like Gecko; compatible; bingbot/2.0; +http://www.bing.com/bingbot.htm) Chrome/103.0.5060.134 Safari/537.36" "www.ysfine.com"
52.167.144.86 - - [16/Feb/2023:18:39:08 -0800] "GET /bio/wigner/e(2).html HTTP/1.1" 404 88 "-" "Mozilla/5.0 AppleWebKit/537.36 (KHTML, like Gecko; compatible; bingbot/2.0; +http://www.bing.com/bingbot.htm) Chrome/103.0.5060.134 Safari/537.36" "ysfine.com"
66.249.84.49 - - [16/Feb/2023:18:39:30 -0800] "GET /kobak/sl628.jpg HTTP/1.1" 200 225100 "-" "Mozilla/5.0 (Windows NT 5.1; rv:11.0) Gecko Firefox/11.0 (via ggpht.com GoogleImageProxy)" "ysfine.com"
216.244.66.229 - - [16/Feb/2023:18:39:30 -0800] "GET /ffriends/arianna01.jpg HTTP/1.1" 200 71006 "-" "Mozilla/5.0 (compatible; DotBot/1.2; +https://opensiteexplorer.org/dotbot; help@moz.com)" "ysfine.com"
52.167.144.86 - - [16/Feb/2023:18:39:37 -0800] "GET /bio/princeton/campus.html HTTP/1.1" 404 88 "-" "Mozilla/5.0 AppleWebKit/537.36 (KHTML, like Gecko; compatible; bingbot/2.0; +http://www.bing.com/bingbot.htm) Chrome/103.0.5060.134 Safari/537.36" "ysfine.com"
114.119.149.203 - - [16/Feb/2023:18:39:49 -0800] "GET /ffriends/mil/kmc11b.jpg HTTP/1.1" 200 57461 "https://ysfine.com/ffriends/kmc.html" "Mozilla/5.0 (Linux; Android 7.0;) AppleWebKit/537.36 (KHTML, like Gecko) Mobile Safari/537.36 (compatible; PetalBot;+https://webmaster.petalsearch.com/site/petalbot)" "ysfine.com"
216.244.66.229 - - [16/Feb/2023:18:40:01 -0800] "GET /ffriends/venez03.jpg HTTP/1.1" 200 211722 "-" "Mozilla/5.0 (compatible; DotBot/1.2; +https://opensiteexplorer.org/dotbot; help@moz.com)" "ysfine.com"
64.124.8.53 - - [16/Feb/2023:18:40:20 -0800] "GET /maga/phys/arnold.jpg HTTP/1.1" 200 142180 "-" "Mozilla/5.0 (Macintosh; Intel Mac OS X 10_15_7) AppleWebKit/537.36 (KHTML, like Gecko) Chrome/107.0.0.0 Safari/537.36" "ysfine.com"
64.124.8.56 - - [16/Feb/2023:18:40:25 -0800] "GET /ysbio/world/china/dandongbr05.jpg HTTP/1.1" 404 88 "-" "Mozilla/5.0 (Macintosh; Intel Mac OS X 10_15_7) AppleWebKit/537.36 (KHTML, like Gecko) Chrome/107.0.0.0 Safari/537.36" "www.ysfine.com"
64.124.8.53 - - [16/Feb/2023:18:40:30 -0800] "GET /wigner/gim/gimn31.jpg HTTP/1.1" 200 76106 "-" "Mozilla/5.0 (Macintosh; Intel Mac OS X 10_15_7) AppleWebKit/537.36 (KHTML, like Gecko) Chrome/107.0.0.0 Safari/537.36" "ysfine.com"
64.124.8.49 - - [16/Feb/2023:18:40:33 -0800] "GET /world/balkan/istan035.jpg HTTP/1.1" 200 115216 "-" "Mozilla/5.0 (Macintosh; Intel Mac OS X 10_15_7) AppleWebKit/537.36 (KHTML, like Gecko) Chrome/107.0.0.0 Safari/537.36" "www.ysfine.com"
52.167.144.62 - - [16/Feb/2023:18:40:48 -0800] "GET /bio/style/proschanie.html HTTP/1.1" 404 88 "-" "Mozilla/5.0 AppleWebKit/537.36 (KHTML, like Gecko; compatible; bingbot/2.0; +http://www.bing.com/bingbot.htm) Chrome/103.0.5060.134 Safari/537.36" "ysfine.com"
64.124.8.53 - - [16/Feb/2023:18:40:50 -0800] "GET /ysbio/wdc/capitol02.jpg HTTP/1.1" 404 88 "-" "Mozilla/5.0 (Macintosh; Intel Mac OS X 10_15_7) AppleWebKit/537.36 (KHTML, like Gecko) Chrome/107.0.0.0 Safari/537.36" "www.ysfine.com"
216.244.66.229 - - [16/Feb/2023:18:40:52 -0800] "GET /remote/wigner111/frame48.html HTTP/1.1" 200 931 "-" "Mozilla/5.0 (compatible; DotBot/1.2; +https://opensiteexplorer.org/dotbot; help@moz.com)" "ysfine.com"
72.143.228.40 - - [16/Feb/2023:18:40:56 -0800] "GET /world/places/ulm04.jpg HTTP/1.1" 200 119116 "https://www.google.com/" "Mozilla/5.0 (iPhone; CPU iPhone OS 16_0 like Mac OS X) AppleWebKit/605.1.15 (KHTML, like Gecko) GSA/249.0.504450501 Mobile/20A362 Safari/604.1" "ysfine.com"
72.143.228.40 - - [16/Feb/2023:18:40:59 -0800] "GET /world/places/ulm04b.jpg HTTP/1.1" 200 38533 "https://www.google.com/" "Mozilla/5.0 (iPhone; CPU iPhone OS 16_0 like Mac OS X) AppleWebKit/605.1.15 (KHTML, like Gecko) GSA/249.0.504450501 Mobile/20A362 Safari/604.1" "ysfine.com"
72.143.228.40 - - [16/Feb/2023:18:41:05 -0800] "GET /world/places/ulm29.jpg HTTP/1.1" 200 112304 "https://www.google.com/" "Mozilla/5.0 (iPhone; CPU iPhone OS 16_0 like Mac OS X) AppleWebKit/605.1.15 (KHTML, like Gecko) GSA/249.0.504450501 Mobile/20A362 Safari/604.1" "ysfine.com"
72.143.228.40 - - [16/Feb/2023:18:41:11 -0800] "GET /world/places/ulm30.jpg HTTP/1.1" 200 130120 "https://www.google.com/" "Mozilla/5.0 (iPhone; CPU iPhone OS 16_0 like Mac OS X) AppleWebKit/605.1.15 (KHTML, like Gecko) GSA/249.0.504450501 Mobile/20A362 Safari/604.1" "ysfine.com"
72.143.228.40 - - [16/Feb/2023:18:41:17 -0800] "GET /world/places/ulm28.jpg HTTP/1.1" 200 105515 "https://www.google.com/" "Mozilla/5.0 (iPhone; CPU iPhone OS 16_0 like Mac OS X) AppleWebKit/605.1.15 (KHTML, like Gecko) GSA/249.0.504450501 Mobile/20A362 Safari/604.1" "ysfine.com"
72.143.228.40 - - [16/Feb/2023:18:41:19 -0800] "GET /world/places/ulm05b.jpg HTTP/1.1" 200 40932 "https://www.google.com/" "Mozilla/5.0 (iPhone; CPU iPhone OS 16_0 like Mac OS X) AppleWebKit/605.1.15 (KHTML, like Gecko) GSA/249.0.504450501 Mobile/20A362 Safari/604.1" "ysfine.com"
216.244.66.229 - - [16/Feb/2023:18:41:21 -0800] "GET /world/brit/britmu12.jpg HTTP/1.1" 200 59456 "-" "Mozilla/5.0 (compatible; DotBot/1.2; +https://opensiteexplorer.org/dotbot; help@moz.com)" "ysfine.com"
114.119.146.114 - - [16/Feb/2023:18:41:24 -0800] "GET /ffriends/amkor/kostu16b.jpg HTTP/1.1" 200 43207 "https://ysfine.com/kobak/korigh.html" "Mozilla/5.0 (Linux; Android 7.0;) AppleWebKit/537.36 (KHTML, like Gecko) Mobile Safari/537.36 (compatible; PetalBot;+https://webmaster.petalsearch.com/site/petalbot)" "ysfine.com"
64.124.8.52 - - [16/Feb/2023:18:41:46 -0800] "GET /world/china/chongking22.jpg HTTP/1.1" 200 100366 "-" "Mozilla/5.0 (Macintosh; Intel Mac OS X 10_15_7) AppleWebKit/537.36 (KHTML, like Gecko) Chrome/107.0.0.0 Safari/537.36" "www.ysfine.com"
52.167.144.86 - - [16/Feb/2023:18:41:48 -0800] "GET /world/germany/oktf02.jpg HTTP/1.1" 200 119086 "-" "Mozilla/5.0 AppleWebKit/537.36 (KHTML, like Gecko; compatible; bingbot/2.0; +http://www.bing.com/bingbot.htm) Chrome/103.0.5060.134 Safari/537.36" "www.ysfine.com"
216.244.66.229 - - [16/Feb/2023:18:42:00 -0800] "GET /world/brit/firew05.jpg HTTP/1.1" 200 75205 "-" "Mozilla/5.0 (compatible; DotBot/1.2; +https://opensiteexplorer.org/dotbot; help@moz.com)" "ysfine.com"
64.124.8.29 - - [16/Feb/2023:18:42:08 -0800] "GET /ffriends/omsk22.jpg HTTP/1.1" 200 90268 "-" "Mozilla/5.0 (Macintosh; Intel Mac OS X 10_15_7) AppleWebKit/537.36 (KHTML, like Gecko) Chrome/107.0.0.0 Safari/537.36" "ysfine.com"
216.244.66.229 - - [16/Feb/2023:18:42:39 -0800] "GET /world/brit/oxlon64.jpg HTTP/1.1" 200 42481 "-" "Mozilla/5.0 (compatible; DotBot/1.2; +https://opensiteexplorer.org/dotbot; help@moz.com)" "ysfine.com"
114.119.136.150 - - [16/Feb/2023:18:42:40 -0800] "GET /einstein/photoel.html HTTP/1.1" 200 6054 "https://ysfine.com/home/optics.html" "Mozilla/5.0 (Linux; Android 7.0;) AppleWebKit/537.36 (KHTML, like Gecko) Mobile Safari/537.36 (compatible; PetalBot;+https://webmaster.petalsearch.com/site/petalbot)" "ysfine.com"
216.244.66.229 - - [16/Feb/2023:18:43:10 -0800] "GET /world/france/printemps02.jpg HTTP/1.1" 200 115619 "-" "Mozilla/5.0 (compatible; DotBot/1.2; +https://opensiteexplorer.org/dotbot; help@moz.com)" "ysfine.com"
157.55.39.207 - - [16/Feb/2023:18:43:44 -0800] "GET /world/ital/rome047.jpg HTTP/1.1" 200 108139 "-" "Mozilla/5.0 AppleWebKit/537.36 (KHTML, like Gecko; compatible; bingbot/2.0; +http://www.bing.com/bingbot.htm) Chrome/103.0.5060.134 Safari/537.36" "ysfine.com"
157.55.39.207 - - [16/Feb/2023:18:43:46 -0800] "GET /world/scandi/sto017.jpg HTTP/1.1" 200 105208 "-" "Mozilla/5.0 AppleWebKit/537.36 (KHTML, like Gecko; compatible; bingbot/2.0; +http://www.bing.com/bingbot.htm) Chrome/103.0.5060.134 Safari/537.36" "ysfine.com"
216.244.66.229 - - [16/Feb/2023:18:43:49 -0800] "GET /ffriends/aline/airberlin11.jpg HTTP/1.1" 200 269250 "-" "Mozilla/5.0 (compatible; DotBot/1.2; +https://opensiteexplorer.org/dotbot; help@moz.com)" "ysfine.com"
114.119.132.242 - - [16/Feb/2023:18:43:57 -0800] "GET /confer/newadd.html HTTP/1.1" 200 1741 "https://ysfine.com/confer/conleft.html" "Mozilla/5.0 (Linux; Android 7.0;) AppleWebKit/537.36 (KHTML, like Gecko) Mobile Safari/537.36 (compatible; PetalBot;+https://webmaster.petalsearch.com/site/petalbot)" "ysfine.com"
64.124.8.55 - - [16/Feb/2023:18:44:01 -0800] "GET /style/musee/louvre16.jpg HTTP/1.1" 200 184890 "-" "Mozilla/5.0 (Macintosh; Intel Mac OS X 10_15_7) AppleWebKit/537.36 (KHTML, like Gecko) Chrome/107.0.0.0 Safari/537.36" "ysfine.com"
216.244.66.229 - - [16/Feb/2023:18:45:09 -0800] "GET /ffriends/russlon03.jpg HTTP/1.1" 200 126749 "-" "Mozilla/5.0 (compatible; DotBot/1.2; +https://opensiteexplorer.org/dotbot; help@moz.com)" "ysfine.com"
114.119.144.165 - - [16/Feb/2023:18:45:25 -0800] "GET /class54/class5470/total_data/photo_img/1-18.jpg HTTP/1.1" 200 195052 "https://ysfine.com/class54/class5470/total_data/sub_118.htm" "Mozilla/5.0 (Linux; Android 7.0;) AppleWebKit/537.36 (KHTML, like Gecko) Mobile Safari/537.36 (compatible; PetalBot;+https://webmaster.petalsearch.com/site/petalbot)" "ysfine.com"
216.244.66.229 - - [16/Feb/2023:18:45:59 -0800] "GET /ffriends/aline/delta07.jpg HTTP/1.1" 200 84541 "-" "Mozilla/5.0 (compatible; DotBot/1.2; +https://opensiteexplorer.org/dotbot; help@moz.com)" "ysfine.com"
216.244.66.229 - - [16/Feb/2023:18:46:35 -0800] "GET /ffriends/aline/panam55.jpg HTTP/1.1" 200 159036 "-" "Mozilla/5.0 (compatible; DotBot/1.2; +https://opensiteexplorer.org/dotbot; help@moz.com)" "ysfine.com"
64.124.8.52 - - [16/Feb/2023:18:46:58 -0800] "GET /princeton/prospectg11.jpg HTTP/1.1" 200 142955 "-" "Mozilla/5.0 (Macintosh; Intel Mac OS X 10_15_7) AppleWebKit/537.36 (KHTML, like Gecko) Chrome/107.0.0.0 Safari/537.36" "ysfine.com"
5.255.231.108 - - [16/Feb/2023:18:47:01 -0800] "GET /robots.txt HTTP/1.1" 404 73 "-" "Mozilla/5.0 (compatible; YandexBot/3.0; +http://yandex.com/bots)" "www.ysfine.com"
5.255.253.165 - - [16/Feb/2023:18:47:05 -0800] "GET /einstein/photoelr.gif HTTP/1.1" 200 4549 "-" "Mozilla/5.0 (compatible; YandexImages/3.0; +http://yandex.com/bots)" "www.ysfine.com"
114.119.137.160 - - [16/Feb/2023:18:47:06 -0800] "GET /world/russ/kazan001b.jpg HTTP/1.1" 200 41163 "https://www.ysfine.com/world/kazan.html" "Mozilla/5.0 (Linux; Android 7.0;) AppleWebKit/537.36 (KHTML, like Gecko) Mobile Safari/537.36 (compatible; PetalBot;+https://webmaster.petalsearch.com/site/petalbot)" "www.ysfine.com"
216.244.66.229 - - [16/Feb/2023:18:47:25 -0800] "GET /ffriends/mil/selfa01.jpg HTTP/1.1" 200 155431 "-" "Mozilla/5.0 (compatible; DotBot/1.2; +https://opensiteexplorer.org/dotbot; help@moz.com)" "ysfine.com"
67.193.125.41 - - [16/Feb/2023:18:47:28 -0800] "GET /class54/eighth11.jpg HTTP/1.1" 200 200367 "-" "Mozilla/5.0 (Windows NT 10.0; Win64; x64) AppleWebKit/537.36 (KHTML, like Gecko) Chrome/110.0.0.0 Safari/537.36" "ysfine.com"
75.209.236.221 - - [16/Feb/2023:18:47:51 -0800] "GET /world/ital/padova01.jpg HTTP/1.1" 200 102668 "https://www.google.com/" "Mozilla/5.0 (Windows NT 10.0; Win64; x64) AppleWebKit/537.36 (KHTML, like Gecko) Chrome/109.0.0.0 Safari/537.36" "ysfine.com"
64.124.8.57 - - [16/Feb/2023:18:47:58 -0800] "GET /home/kbrain22.jpg HTTP/1.1" 200 174082 "-" "Mozilla/5.0 (Macintosh; Intel Mac OS X 10_15_7) AppleWebKit/537.36 (KHTML, like Gecko) Chrome/107.0.0.0 Safari/537.36" "ysfine.com"
52.167.144.35 - - [16/Feb/2023:18:48:05 -0800] "GET /bio/kobak/yskor.html HTTP/1.1" 404 88 "-" "Mozilla/5.0 AppleWebKit/537.36 (KHTML, like Gecko; compatible; bingbot/2.0; +http://www.bing.com/bingbot.htm) Chrome/103.0.5060.134 Safari/537.36" "ysfine.com"
216.244.66.229 - - [16/Feb/2023:18:48:17 -0800] "GET /ffriends/amkor/koharp03.jpg HTTP/1.1" 200 167357 "-" "Mozilla/5.0 (compatible; DotBot/1.2; +https://opensiteexplorer.org/dotbot; help@moz.com)" "ysfine.com"
64.124.8.29 - - [16/Feb/2023:18:48:17 -0800] "GET /world/poland/hcross01.jpg HTTP/1.1" 200 95455 "-" "Mozilla/5.0 (Macintosh; Intel Mac OS X 10_15_7) AppleWebKit/537.36 (KHTML, like Gecko) Chrome/107.0.0.0 Safari/537.36" "ysfine.com"
64.124.8.50 - - [16/Feb/2023:18:48:21 -0800] "GET /ysbio/world/ital/sapienza04.jpg HTTP/1.1" 404 88 "-" "Mozilla/5.0 (Macintosh; Intel Mac OS X 10_15_7) AppleWebKit/537.36 (KHTML, like Gecko) Chrome/107.0.0.0 Safari/537.36" "ysfine.com"
64.124.8.53 - - [16/Feb/2023:18:48:29 -0800] "GET /world/russ/redsq02.jpg HTTP/1.1" 200 77346 "-" "Mozilla/5.0 (Macintosh; Intel Mac OS X 10_15_7) AppleWebKit/537.36 (KHTML, like Gecko) Chrome/107.0.0.0 Safari/537.36" "www.ysfine.com"
114.119.156.154 - - [16/Feb/2023:18:48:39 -0800] "GET /folks/garden.html HTTP/1.1" 200 35721 "https://www.ysfine.com/bio04.html" "Mozilla/5.0 (Linux; Android 7.0;) AppleWebKit/537.36 (KHTML, like Gecko) Mobile Safari/537.36 (compatible; PetalBot;+https://webmaster.petalsearch.com/site/petalbot)" "www.ysfine.com"
123.125.109.143 - - [16/Feb/2023:18:48:43 -0800] "GET / HTTP/1.1" 200 5295 "-" "Sogou web spider/4.0(+http://www.sogou.com/docs/help/webmasters.htm#07)" "www.ysfine.com"
87.176.72.145 - - [16/Feb/2023:18:49:04 -0800] "GET /dirac/sq73.jpg HTTP/1.1" 200 141429 "https://www.google.com/" "Mozilla/5.0 (X11; Linux x86_64; rv:103.0) Gecko/20100101 Firefox/103.0" "ysfine.com"
216.244.66.229 - - [16/Feb/2023:18:49:08 -0800] "GET /ffriends/germpol01.jpg HTTP/1.1" 200 144381 "-" "Mozilla/5.0 (compatible; DotBot/1.2; +https://opensiteexplorer.org/dotbot; help@moz.com)" "ysfine.com"
52.167.144.86 - - [16/Feb/2023:18:49:08 -0800] "GET /world/china/dalian06.jpg HTTP/1.1" 200 117350 "-" "Mozilla/5.0 AppleWebKit/537.36 (KHTML, like Gecko; compatible; bingbot/2.0; +http://www.bing.com/bingbot.htm) Chrome/103.0.5060.134 Safari/537.36" "ysfine.com"
185.191.171.18 - - [16/Feb/2023:18:49:53 -0800] "GET /robots.txt HTTP/1.1" 404 88 "-" "Mozilla/5.0 (compatible; SemrushBot/7~bl; +http://www.semrush.com/bot.html)" "www.ysfine.com"
185.191.171.1 - - [16/Feb/2023:18:49:53 -0800] "GET /einstein/maxein.html HTTP/1.1" 200 2651 "-" "Mozilla/5.0 (compatible; SemrushBot/7~bl; +http://www.semrush.com/bot.html)" "www.ysfine.com"
114.119.140.211 - - [16/Feb/2023:18:50:05 -0800] "GET /confer/pcatal.html HTTP/1.1" 200 10154 "https://www.ysfine.com/confer/online.html" "Mozilla/5.0 (Linux; Android 7.0;) AppleWebKit/537.36 (KHTML, like Gecko) Mobile Safari/537.36 (compatible; PetalBot;+https://webmaster.petalsearch.com/site/petalbot)" "www.ysfine.com"
64.124.8.28 - - [16/Feb/2023:18:50:36 -0800] "GET /kowar/tanks/tank10.jpg HTTP/1.1" 200 76703 "-" "Mozilla/5.0 (Macintosh; Intel Mac OS X 10_15_7) AppleWebKit/537.36 (KHTML, like Gecko) Chrome/107.0.0.0 Safari/537.36" "ysfine.com"
64.124.8.54 - - [16/Feb/2023:18:50:55 -0800] "GET /ysbio/princeton/bikes.jpg HTTP/1.1" 404 88 "-" "Mozilla/5.0 (Macintosh; Intel Mac OS X 10_15_7) AppleWebKit/537.36 (KHTML, like Gecko) Chrome/107.0.0.0 Safari/537.36" "ysfine.com"
114.119.128.162 - - [16/Feb/2023:18:51:23 -0800] "GET /class54/emailed04.html HTTP/1.1" 200 16139 "https://www.ysfine.com/class54/emailed05.html" "Mozilla/5.0 (Linux; Android 7.0;) AppleWebKit/537.36 (KHTML, like Gecko) Mobile Safari/537.36 (compatible; PetalBot;+https://webmaster.petalsearch.com/site/petalbot)" "www.ysfine.com"
52.167.144.62 - - [16/Feb/2023:18:52:09 -0800] "GET /ysbio/kobak/angelus11c.jpg HTTP/1.1" 404 88 "-" "Mozilla/5.0 AppleWebKit/537.36 (KHTML, like Gecko; compatible; bingbot/2.0; +http://www.bing.com/bingbot.htm) Chrome/103.0.5060.134 Safari/537.36" "ysfine.com"
66.249.70.4 - - [16/Feb/2023:18:52:13 -0800] "GET /world/ital/repub09.jpg HTTP/1.1" 304 - "-" "Googlebot-Image/1.0" "ysfine.com"
64.124.8.29 - - [16/Feb/2023:18:52:16 -0800] "GET /world/places/ulm26.jpg HTTP/1.1" 200 104983 "-" "Mozilla/5.0 (Macintosh; Intel Mac OS X 10_15_7) AppleWebKit/537.36 (KHTML, like Gecko) Chrome/107.0.0.0 Safari/537.36" "ysfine.com"
114.119.157.96 - - [16/Feb/2023:18:52:41 -0800] "GET /class54/class5470/total_data/sub_299.htm HTTP/1.1" 200 3386 "https://www.ysfine.com/class54/class5470/total_data/sub_288.htm" "Mozilla/5.0 (Linux; Android 7.0;) AppleWebKit/537.36 (KHTML, like Gecko) Mobile Safari/537.36 (compatible; PetalBot;+https://webmaster.petalsearch.com/site/petalbot)" "www.ysfine.com"
157.55.39.207 - - [16/Feb/2023:18:52:45 -0800] "GET /people/kocinski.jpg HTTP/1.1" 200 81177 "-" "Mozilla/5.0 AppleWebKit/537.36 (KHTML, like Gecko; compatible; bingbot/2.0; +http://www.bing.com/bingbot.htm) Chrome/103.0.5060.134 Safari/537.36" "www.ysfine.com"
64.124.8.57 - - [16/Feb/2023:18:53:16 -0800] "GET /ysbio/world/russ/mosf35.jpg HTTP/1.1" 404 88 "-" "Mozilla/5.0 (Macintosh; Intel Mac OS X 10_15_7) AppleWebKit/537.36 (KHTML, like Gecko) Chrome/107.0.0.0 Safari/537.36" "www.ysfine.com"
114.119.130.111 - - [16/Feb/2023:18:53:58 -0800] "GET /class54/class5470/total_data/sub_290.htm HTTP/1.1" 200 3386 "https://www.ysfine.com/class54/class5470/total_data/sub_288.htm" "Mozilla/5.0 (Linux; Android 7.0;) AppleWebKit/537.36 (KHTML, like Gecko) Mobile Safari/537.36 (compatible; PetalBot;+https://webmaster.petalsearch.com/site/petalbot)" "www.ysfine.com"
5.255.253.146 - - [16/Feb/2023:18:54:52 -0800] "GET /kobak/jutlandia.jpg HTTP/1.1" 200 163063 "-" "Mozilla/5.0 (compatible; YandexImages/3.0; +http://yandex.com/bots)" "www.ysfine.com"
157.90.181.152 - - [16/Feb/2023:18:54:52 -0800] "GET /robots.txt HTTP/1.1" 404 88 "-" "Mozilla/5.0 (compatible; BLEXBot/1.0; +http://webmeup-crawler.com/)" "ysfine.com"
157.90.181.152 - - [16/Feb/2023:18:54:53 -0800] "GET /robots.txt HTTP/1.1" 404 88 "-" "Mozilla/5.0 (compatible; BLEXBot/1.0; +http://webmeup-crawler.com/)" "www.ysfine.com"
157.90.181.152 - - [16/Feb/2023:18:54:55 -0800] "GET /kobak/taylor.html HTTP/1.1" 200 384 "-" "Mozilla/5.0 (compatible; BLEXBot/1.0; +http://webmeup-crawler.com/)" "ysfine.com"
157.90.181.152 - - [16/Feb/2023:18:54:57 -0800] "GET /robots.txt HTTP/1.1" 404 88 "-" "Mozilla/5.0 (compatible; BLEXBot/1.0; +http://webmeup-crawler.com/)" "www.ysfine.com"
157.90.181.152 - - [16/Feb/2023:18:54:58 -0800] "GET /kobak/yskor.html HTTP/1.1" 200 9943 "-" "Mozilla/5.0 (compatible; BLEXBot/1.0; +http://webmeup-crawler.com/)" "ysfine.com"
157.90.181.152 - - [16/Feb/2023:18:54:59 -0800] "GET /sitemap HTTP/1.1" 200 166 "-" "Mozilla/5.0 (compatible; BLEXBot/1.0; +http://webmeup-crawler.com/)" "www.ysfine.com"
157.90.181.152 - - [16/Feb/2023:18:55:01 -0800] "GET /sitemap HTTP/1.1" 200 166 "-" "Mozilla/5.0 (compatible; BLEXBot/1.0; +http://webmeup-crawler.com/)" "www.ysfine.com"
157.90.181.152 - - [16/Feb/2023:18:55:03 -0800] "GET /kowar/index.html HTTP/1.1" 200 135 "-" "Mozilla/5.0 (compatible; BLEXBot/1.0; +http://webmeup-crawler.com/)" "ysfine.com"
157.90.181.152 - - [16/Feb/2023:18:55:05 -0800] "GET /robots.txt HTTP/1.1" 404 88 "-" "Mozilla/5.0 (compatible; BLEXBot/1.0; +http://webmeup-crawler.com/)" "ysfine.com"
157.90.181.152 - - [16/Feb/2023:18:55:05 -0800] "GET /kowar/tanks.html HTTP/1.1" 200 8699 "-" "Mozilla/5.0 (compatible; BLEXBot/1.0; +http://webmeup-crawler.com/)" "ysfine.com"
123.183.224.87 - - [16/Feb/2023:18:55:07 -0800] "GET / HTTP/1.1" 200 5295 "-" "Sogou web spider/4.0(+http://www.sogou.com/docs/help/webmasters.htm#07)" "ysfine.com"
157.90.181.152 - - [16/Feb/2023:18:55:08 -0800] "GET /maga/herod.html HTTP/1.1" 200 4341 "-" "Mozilla/5.0 (compatible; BLEXBot/1.0; +http://webmeup-crawler.com/)" "ysfine.com"
157.90.181.152 - - [16/Feb/2023:18:55:08 -0800] "GET /sitemap.txt HTTP/1.1" 404 88 "-" "Mozilla/5.0 (compatible; BLEXBot/1.0; +http://webmeup-crawler.com/)" "ysfine.com"
157.90.181.152 - - [16/Feb/2023:18:55:10 -0800] "GET /maga/index.html HTTP/1.1" 200 6127 "-" "Mozilla/5.0 (compatible; BLEXBot/1.0; +http://webmeup-crawler.com/)" "ysfine.com"
157.90.181.152 - - [16/Feb/2023:18:55:11 -0800] "GET /sitemap.txt HTTP/1.1" 404 88 "-" "Mozilla/5.0 (compatible; BLEXBot/1.0; +http://webmeup-crawler.com/)" "www.ysfine.com"
157.90.181.152 - - [16/Feb/2023:18:55:12 -0800] "GET /maga/kant.html HTTP/1.1" 200 8714 "-" "Mozilla/5.0 (compatible; BLEXBot/1.0; +http://webmeup-crawler.com/)" "ysfine.com"
157.90.181.152 - - [16/Feb/2023:18:55:14 -0800] "GET /sitemap.txt HTTP/1.1" 404 88 "-" "Mozilla/5.0 (compatible; BLEXBot/1.0; +http://webmeup-crawler.com/)" "ysfine.com"
157.90.181.152 - - [16/Feb/2023:18:55:17 -0800] "GET /sitemap.txt HTTP/1.1" 404 88 "-" "Mozilla/5.0 (compatible; BLEXBot/1.0; +http://webmeup-crawler.com/)" "www.ysfine.com"
157.90.181.152 - - [16/Feb/2023:18:55:18 -0800] "GET /maga/keigel.html HTTP/1.1" 200 6995 "-" "Mozilla/5.0 (compatible; BLEXBot/1.0; +http://webmeup-crawler.com/)" "ysfine.com"
157.90.181.152 - - [16/Feb/2023:18:55:20 -0800] "GET /awards/home/autobio.html HTTP/1.1" 404 88 "-" "Mozilla/5.0 (compatible; BLEXBot/1.0; +http://webmeup-crawler.com/)" "ysfine.com"
157.90.181.152 - - [16/Feb/2023:18:55:21 -0800] "GET /maga/maxedin.html HTTP/1.1" 200 6756 "-" "Mozilla/5.0 (compatible; BLEXBot/1.0; +http://webmeup-crawler.com/)" "ysfine.com"
157.90.181.152 - - [16/Feb/2023:18:55:22 -0800] "GET /awards/iao.html HTTP/1.1" 200 2748 "-" "Mozilla/5.0 (compatible; BLEXBot/1.0; +http://webmeup-crawler.com/)" "ysfine.com"
157.90.181.152 - - [16/Feb/2023:18:55:24 -0800] "GET /maga/mellon.html HTTP/1.1" 200 2949 "-" "Mozilla/5.0 (compatible; BLEXBot/1.0; +http://webmeup-crawler.com/)" "ysfine.com"
157.90.181.152 - - [16/Feb/2023:18:55:25 -0800] "GET /awards/index.html HTTP/1.1" 200 10082 "-" "Mozilla/5.0 (compatible; BLEXBot/1.0; +http://webmeup-crawler.com/)" "ysfine.com"
157.90.181.152 - - [16/Feb/2023:18:55:26 -0800] "GET /maga/poincare.html HTTP/1.1" 200 7726 "-" "Mozilla/5.0 (compatible; BLEXBot/1.0; +http://webmeup-crawler.com/)" "ysfine.com"
157.90.181.152 - - [16/Feb/2023:18:55:28 -0800] "GET /awards/marq.html HTTP/1.1" 200 3212 "-" "Mozilla/5.0 (compatible; BLEXBot/1.0; +http://webmeup-crawler.com/)" "ysfine.com"
157.90.181.152 - - [16/Feb/2023:18:55:28 -0800] "GET /maga/sarnoff.html HTTP/1.1" 200 7540 "-" "Mozilla/5.0 (compatible; BLEXBot/1.0; +http://webmeup-crawler.com/)" "ysfine.com"
