65.108.0.71 - - [16/Feb/2023:00:29:19 -0800] "GET /class54/class5480/Pictures/2.%C3%AA%C2%B8%C2%B0%C3%AB%C2%85%C2%90%C3%AD%C2%96%C2%89%C3%AC%C2%82%C2%AC/%C3%AA%C2%B8%C2%B0%C3%AB%C2%85%C2%90%C3%AD%C2%96%C2%89%C3%AC%C2%82%C2%AC%20(163).jpg HTTP/1.1" 200 4422916 "-" "Mozilla/5.0 (compatible; MJ12bot/v1.4.8; http://mj12bot.com/)" "www.ysfine.com"
65.108.0.71 - - [16/Feb/2023:00:29:21 -0800] "GET /class54/class5480/Pictures/2.%C3%AA%C2%B8%C2%B0%C3%AB%C2%85%C2%90%C3%AD%C2%96%C2%89%C3%AC%C2%82%C2%AC/%C3%AA%C2%B8%C2%B0%C3%AB%C2%85%C2%90%C3%AD%C2%96%C2%89%C3%AC%C2%82%C2%AC%20(164).jpg HTTP/1.1" 200 3197836 "-" "Mozilla/5.0 (compatible; MJ12bot/v1.4.8; http://mj12bot.com/)" "www.ysfine.com"
52.167.144.39 - - [16/Feb/2023:00:29:22 -0800] "GET /home/philo/sisfa12/frame25.html HTTP/1.1" 200 320 "-" "Mozilla/5.0 AppleWebKit/537.36 (KHTML, like Gecko; compatible; bingbot/2.0; +http://www.bing.com/bingbot.htm) Chrome/103.0.5060.134 Safari/537.36" "ysfine.com"
52.167.144.39 - - [16/Feb/2023:00:29:23 -0800] "GET /home/kant.html HTTP/1.1" 404 88 "-" "Mozilla/5.0 AppleWebKit/537.36 (KHTML, like Gecko; compatible; bingbot/2.0; +http://www.bing.com/bingbot.htm) Chrome/103.0.5060.134 Safari/537.36" "ysfine.com"
65.108.0.71 - - [16/Feb/2023:00:29:23 -0800] "GET /class54/class5480/Pictures/2.%C3%AA%C2%B8%C2%B0%C3%AB%C2%85%C2%90%C3%AD%C2%96%C2%89%C3%AC%C2%82%C2%AC/%C3%AA%C2%B8%C2%B0%C3%AB%C2%85%C2%90%C3%AD%C2%96%C2%89%C3%AC%C2%82%C2%AC%20(165).jpg HTTP/1.1" 200 3344809 "-" "Mozilla/5.0 (compatible; MJ12bot/v1.4.8; http://mj12bot.com/)" "www.ysfine.com"
65.108.0.71 - - [16/Feb/2023:00:29:25 -0800] "GET /class54/class5480/Pictures/2.%C3%AA%C2%B8%C2%B0%C3%AB%C2%85%C2%90%C3%AD%C2%96%C2%89%C3%AC%C2%82%C2%AC/%C3%AA%C2%B8%C2%B0%C3%AB%C2%85%C2%90%C3%AD%C2%96%C2%89%C3%AC%C2%82%C2%AC%20(166).jpg HTTP/1.1" 200 3740186 "-" "Mozilla/5.0 (compatible; MJ12bot/v1.4.8; http://mj12bot.com/)" "www.ysfine.com"
65.108.0.71 - - [16/Feb/2023:00:29:27 -0800] "GET /class54/class5480/Pictures/2.%C3%AA%C2%B8%C2%B0%C3%AB%C2%85%C2%90%C3%AD%C2%96%C2%89%C3%AC%C2%82%C2%AC/%C3%AA%C2%B8%C2%B0%C3%AB%C2%85%C2%90%C3%AD%C2%96%C2%89%C3%AC%C2%82%C2%AC%20(167).jpg HTTP/1.1" 200 5955583 "-" "Mozilla/5.0 (compatible; MJ12bot/v1.4.8; http://mj12bot.com/)" "www.ysfine.com"
40.77.167.192 - - [16/Feb/2023:00:29:27 -0800] "GET /home/philo/sisfa12/frame11.html HTTP/1.1" 200 319 "-" "Mozilla/5.0 AppleWebKit/537.36 (KHTML, like Gecko; compatible; bingbot/2.0; +http://www.bing.com/bingbot.htm) Chrome/103.0.5060.134 Safari/537.36" "ysfine.com"
40.77.167.192 - - [16/Feb/2023:00:29:27 -0800] "GET /home/philo/sisfa12/frame36.html HTTP/1.1" 200 319 "-" "Mozilla/5.0 AppleWebKit/537.36 (KHTML, like Gecko; compatible; bingbot/2.0; +http://www.bing.com/bingbot.htm) Chrome/103.0.5060.134 Safari/537.36" "ysfine.com"
40.77.167.192 - - [16/Feb/2023:00:29:27 -0800] "GET /home/philo/sisfa12/frame12.html HTTP/1.1" 200 320 "-" "Mozilla/5.0 AppleWebKit/537.36 (KHTML, like Gecko; compatible; bingbot/2.0; +http://www.bing.com/bingbot.htm) Chrome/103.0.5060.134 Safari/537.36" "ysfine.com"
65.108.0.71 - - [16/Feb/2023:00:29:29 -0800] "GET /class54/class5480/Pictures/2.%C3%AA%C2%B8%C2%B0%C3%AB%C2%85%C2%90%C3%AD%C2%96%C2%89%C3%AC%C2%82%C2%AC/%C3%AA%C2%B8%C2%B0%C3%AB%C2%85%C2%90%C3%AD%C2%96%C2%89%C3%AC%C2%82%C2%AC%20(168).jpg HTTP/1.1" 200 4875846 "-" "Mozilla/5.0 (compatible; MJ12bot/v1.4.8; http://mj12bot.com/)" "www.ysfine.com"
65.108.0.71 - - [16/Feb/2023:00:29:31 -0800] "GET /class54/class5480/Pictures/2.%C3%AA%C2%B8%C2%B0%C3%AB%C2%85%C2%90%C3%AD%C2%96%C2%89%C3%AC%C2%82%C2%AC/%C3%AA%C2%B8%C2%B0%C3%AB%C2%85%C2%90%C3%AD%C2%96%C2%89%C3%AC%C2%82%C2%AC%20(169).jpg HTTP/1.1" 200 6042808 "-" "Mozilla/5.0 (compatible; MJ12bot/v1.4.8; http://mj12bot.com/)" "www.ysfine.com"
52.167.144.68 - - [16/Feb/2023:00:29:32 -0800] "GET /home/philo/sisfa12/frame14.html HTTP/1.1" 404 88 "-" "Mozilla/5.0 AppleWebKit/537.36 (KHTML, like Gecko; compatible; bingbot/2.0; +http://www.bing.com/bingbot.htm) Chrome/103.0.5060.134 Safari/537.36" "ysfine.com"
65.108.0.71 - - [16/Feb/2023:00:29:33 -0800] "GET /class54/class5480/Pictures/2.%C3%AA%C2%B8%C2%B0%C3%AB%C2%85%C2%90%C3%AD%C2%96%C2%89%C3%AC%C2%82%C2%AC/%C3%AA%C2%B8%C2%B0%C3%AB%C2%85%C2%90%C3%AD%C2%96%C2%89%C3%AC%C2%82%C2%AC%20(17).jpg HTTP/1.1" 200 4026051 "-" "Mozilla/5.0 (compatible; MJ12bot/v1.4.8; http://mj12bot.com/)" "www.ysfine.com"
65.108.0.71 - - [16/Feb/2023:00:29:35 -0800] "GET /class54/class5480/Pictures/2.%C3%AA%C2%B8%C2%B0%C3%AB%C2%85%C2%90%C3%AD%C2%96%C2%89%C3%AC%C2%82%C2%AC/%C3%AA%C2%B8%C2%B0%C3%AB%C2%85%C2%90%C3%AD%C2%96%C2%89%C3%AC%C2%82%C2%AC%20(170).jpg HTTP/1.1" 200 4164232 "-" "Mozilla/5.0 (compatible; MJ12bot/v1.4.8; http://mj12bot.com/)" "www.ysfine.com"
65.108.0.71 - - [16/Feb/2023:00:29:37 -0800] "GET /class54/class5480/Pictures/2.%C3%AA%C2%B8%C2%B0%C3%AB%C2%85%C2%90%C3%AD%C2%96%C2%89%C3%AC%C2%82%C2%AC/%C3%AA%C2%B8%C2%B0%C3%AB%C2%85%C2%90%C3%AD%C2%96%C2%89%C3%AC%C2%82%C2%AC%20(171).jpg HTTP/1.1" 200 3927787 "-" "Mozilla/5.0 (compatible; MJ12bot/v1.4.8; http://mj12bot.com/)" "www.ysfine.com"
40.77.167.192 - - [16/Feb/2023:00:29:37 -0800] "GET /home/hegel.html HTTP/1.1" 404 88 "-" "Mozilla/5.0 AppleWebKit/537.36 (KHTML, like Gecko; compatible; bingbot/2.0; +http://www.bing.com/bingbot.htm) Chrome/103.0.5060.134 Safari/537.36" "ysfine.com"
65.108.0.71 - - [16/Feb/2023:00:29:39 -0800] "GET /class54/class5480/Pictures/2.%C3%AA%C2%B8%C2%B0%C3%AB%C2%85%C2%90%C3%AD%C2%96%C2%89%C3%AC%C2%82%C2%AC/%C3%AA%C2%B8%C2%B0%C3%AB%C2%85%C2%90%C3%AD%C2%96%C2%89%C3%AC%C2%82%C2%AC%20(172).jpg HTTP/1.1" 200 5829618 "-" "Mozilla/5.0 (compatible; MJ12bot/v1.4.8; http://mj12bot.com/)" "www.ysfine.com"
65.108.0.71 - - [16/Feb/2023:00:29:41 -0800] "GET /class54/class5480/Pictures/2.%C3%AA%C2%B8%C2%B0%C3%AB%C2%85%C2%90%C3%AD%C2%96%C2%89%C3%AC%C2%82%C2%AC/%C3%AA%C2%B8%C2%B0%C3%AB%C2%85%C2%90%C3%AD%C2%96%C2%89%C3%AC%C2%82%C2%AC%20(173).jpg HTTP/1.1" 200 5925715 "-" "Mozilla/5.0 (compatible; MJ12bot/v1.4.8; http://mj12bot.com/)" "www.ysfine.com"
65.108.0.71 - - [16/Feb/2023:00:29:43 -0800] "GET /class54/class5480/Pictures/2.%C3%AA%C2%B8%C2%B0%C3%AB%C2%85%C2%90%C3%AD%C2%96%C2%89%C3%AC%C2%82%C2%AC/%C3%AA%C2%B8%C2%B0%C3%AB%C2%85%C2%90%C3%AD%C2%96%C2%89%C3%AC%C2%82%C2%AC%20(174).jpg HTTP/1.1" 200 5218700 "-" "Mozilla/5.0 (compatible; MJ12bot/v1.4.8; http://mj12bot.com/)" "www.ysfine.com"
65.108.0.71 - - [16/Feb/2023:00:29:45 -0800] "GET /class54/class5480/Pictures/2.%C3%AA%C2%B8%C2%B0%C3%AB%C2%85%C2%90%C3%AD%C2%96%C2%89%C3%AC%C2%82%C2%AC/%C3%AA%C2%B8%C2%B0%C3%AB%C2%85%C2%90%C3%AD%C2%96%C2%89%C3%AC%C2%82%C2%AC%20(175).jpg HTTP/1.1" 200 5978366 "-" "Mozilla/5.0 (compatible; MJ12bot/v1.4.8; http://mj12bot.com/)" "www.ysfine.com"
65.108.0.71 - - [16/Feb/2023:00:29:47 -0800] "GET /class54/class5480/Pictures/2.%C3%AA%C2%B8%C2%B0%C3%AB%C2%85%C2%90%C3%AD%C2%96%C2%89%C3%AC%C2%82%C2%AC/%C3%AA%C2%B8%C2%B0%C3%AB%C2%85%C2%90%C3%AD%C2%96%C2%89%C3%AC%C2%82%C2%AC%20(176).jpg HTTP/1.1" 200 6642604 "-" "Mozilla/5.0 (compatible; MJ12bot/v1.4.8; http://mj12bot.com/)" "www.ysfine.com"
65.108.0.71 - - [16/Feb/2023:00:29:49 -0800] "GET /class54/class5480/Pictures/2.%C3%AA%C2%B8%C2%B0%C3%AB%C2%85%C2%90%C3%AD%C2%96%C2%89%C3%AC%C2%82%C2%AC/%C3%AA%C2%B8%C2%B0%C3%AB%C2%85%C2%90%C3%AD%C2%96%C2%89%C3%AC%C2%82%C2%AC%20(177).jpg HTTP/1.1" 200 7072671 "-" "Mozilla/5.0 (compatible; MJ12bot/v1.4.8; http://mj12bot.com/)" "www.ysfine.com"
65.108.0.71 - - [16/Feb/2023:00:29:51 -0800] "GET /class54/class5480/Pictures/2.%C3%AA%C2%B8%C2%B0%C3%AB%C2%85%C2%90%C3%AD%C2%96%C2%89%C3%AC%C2%82%C2%AC/%C3%AA%C2%B8%C2%B0%C3%AB%C2%85%C2%90%C3%AD%C2%96%C2%89%C3%AC%C2%82%C2%AC%20(178).jpg HTTP/1.1" 200 5740850 "-" "Mozilla/5.0 (compatible; MJ12bot/v1.4.8; http://mj12bot.com/)" "www.ysfine.com"
65.108.0.71 - - [16/Feb/2023:00:29:53 -0800] "GET /class54/class5480/Pictures/2.%C3%AA%C2%B8%C2%B0%C3%AB%C2%85%C2%90%C3%AD%C2%96%C2%89%C3%AC%C2%82%C2%AC/%C3%AA%C2%B8%C2%B0%C3%AB%C2%85%C2%90%C3%AD%C2%96%C2%89%C3%AC%C2%82%C2%AC%20(179).jpg HTTP/1.1" 200 4148005 "-" "Mozilla/5.0 (compatible; MJ12bot/v1.4.8; http://mj12bot.com/)" "www.ysfine.com"
65.108.0.71 - - [16/Feb/2023:00:29:55 -0800] "GET /class54/class5480/Pictures/2.%C3%AA%C2%B8%C2%B0%C3%AB%C2%85%C2%90%C3%AD%C2%96%C2%89%C3%AC%C2%82%C2%AC/%C3%AA%C2%B8%C2%B0%C3%AB%C2%85%C2%90%C3%AD%C2%96%C2%89%C3%AC%C2%82%C2%AC%20(18).jpg HTTP/1.1" 200 3694227 "-" "Mozilla/5.0 (compatible; MJ12bot/v1.4.8; http://mj12bot.com/)" "www.ysfine.com"
71.178.208.102 - - [16/Feb/2023:00:29:55 -0800] "GET /ys22/dondon.html HTTP/1.1" 401 90 "https://ysfine.com/ys11/" "Mozilla/5.0 (Windows NT 10.0; Win64; x64) AppleWebKit/537.36 (KHTML, like Gecko) Chrome/110.0.0.0 Safari/537.36 Edg/110.0.1587.41" "ysfine.com"
65.108.0.71 - - [16/Feb/2023:00:29:57 -0800] "GET /class54/class5480/Pictures/2.%C3%AA%C2%B8%C2%B0%C3%AB%C2%85%C2%90%C3%AD%C2%96%C2%89%C3%AC%C2%82%C2%AC/%C3%AA%C2%B8%C2%B0%C3%AB%C2%85%C2%90%C3%AD%C2%96%C2%89%C3%AC%C2%82%C2%AC%20(180).jpg HTTP/1.1" 200 4810922 "-" "Mozilla/5.0 (compatible; MJ12bot/v1.4.8; http://mj12bot.com/)" "www.ysfine.com"
65.108.0.71 - - [16/Feb/2023:00:29:59 -0800] "GET /class54/class5480/Pictures/2.%C3%AA%C2%B8%C2%B0%C3%AB%C2%85%C2%90%C3%AD%C2%96%C2%89%C3%AC%C2%82%C2%AC/%C3%AA%C2%B8%C2%B0%C3%AB%C2%85%C2%90%C3%AD%C2%96%C2%89%C3%AC%C2%82%C2%AC%20(181).jpg HTTP/1.1" 200 5699951 "-" "Mozilla/5.0 (compatible; MJ12bot/v1.4.8; http://mj12bot.com/)" "www.ysfine.com"
65.108.0.71 - - [16/Feb/2023:00:30:01 -0800] "GET /class54/class5480/Pictures/2.%C3%AA%C2%B8%C2%B0%C3%AB%C2%85%C2%90%C3%AD%C2%96%C2%89%C3%AC%C2%82%C2%AC/%C3%AA%C2%B8%C2%B0%C3%AB%C2%85%C2%90%C3%AD%C2%96%C2%89%C3%AC%C2%82%C2%AC%20(182).jpg HTTP/1.1" 200 7788510 "-" "Mozilla/5.0 (compatible; MJ12bot/v1.4.8; http://mj12bot.com/)" "www.ysfine.com"
65.108.0.71 - - [16/Feb/2023:00:30:03 -0800] "GET /class54/class5480/Pictures/2.%C3%AA%C2%B8%C2%B0%C3%AB%C2%85%C2%90%C3%AD%C2%96%C2%89%C3%AC%C2%82%C2%AC/%C3%AA%C2%B8%C2%B0%C3%AB%C2%85%C2%90%C3%AD%C2%96%C2%89%C3%AC%C2%82%C2%AC%20(183).jpg HTTP/1.1" 200 5414698 "-" "Mozilla/5.0 (compatible; MJ12bot/v1.4.8; http://mj12bot.com/)" "www.ysfine.com"
65.108.0.71 - - [16/Feb/2023:00:30:05 -0800] "GET /class54/class5480/Pictures/2.%C3%AA%C2%B8%C2%B0%C3%AB%C2%85%C2%90%C3%AD%C2%96%C2%89%C3%AC%C2%82%C2%AC/%C3%AA%C2%B8%C2%B0%C3%AB%C2%85%C2%90%C3%AD%C2%96%C2%89%C3%AC%C2%82%C2%AC%20(184).jpg HTTP/1.1" 200 5283643 "-" "Mozilla/5.0 (compatible; MJ12bot/v1.4.8; http://mj12bot.com/)" "www.ysfine.com"
65.108.0.71 - - [16/Feb/2023:00:30:07 -0800] "GET /class54/class5480/Pictures/2.%C3%AA%C2%B8%C2%B0%C3%AB%C2%85%C2%90%C3%AD%C2%96%C2%89%C3%AC%C2%82%C2%AC/%C3%AA%C2%B8%C2%B0%C3%AB%C2%85%C2%90%C3%AD%C2%96%C2%89%C3%AC%C2%82%C2%AC%20(185).jpg HTTP/1.1" 200 6436828 "-" "Mozilla/5.0 (compatible; MJ12bot/v1.4.8; http://mj12bot.com/)" "www.ysfine.com"
65.108.0.71 - - [16/Feb/2023:00:30:09 -0800] "GET /class54/class5480/Pictures/2.%C3%AA%C2%B8%C2%B0%C3%AB%C2%85%C2%90%C3%AD%C2%96%C2%89%C3%AC%C2%82%C2%AC/%C3%AA%C2%B8%C2%B0%C3%AB%C2%85%C2%90%C3%AD%C2%96%C2%89%C3%AC%C2%82%C2%AC%20(186).jpg HTTP/1.1" 200 6479677 "-" "Mozilla/5.0 (compatible; MJ12bot/v1.4.8; http://mj12bot.com/)" "www.ysfine.com"
64.124.8.49 - - [16/Feb/2023:00:30:11 -0800] "GET /sbk/1994harv11.jpg HTTP/1.1" 200 192535 "-" "Mozilla/5.0 (Macintosh; Intel Mac OS X 10_15_7) AppleWebKit/537.36 (KHTML, like Gecko) Chrome/107.0.0.0 Safari/537.36" "ysfine.com"
65.108.0.71 - - [16/Feb/2023:00:30:11 -0800] "GET /class54/class5480/Pictures/2.%C3%AA%C2%B8%C2%B0%C3%AB%C2%85%C2%90%C3%AD%C2%96%C2%89%C3%AC%C2%82%C2%AC/%C3%AA%C2%B8%C2%B0%C3%AB%C2%85%C2%90%C3%AD%C2%96%C2%89%C3%AC%C2%82%C2%AC%20(187).jpg HTTP/1.1" 200 6427964 "-" "Mozilla/5.0 (compatible; MJ12bot/v1.4.8; http://mj12bot.com/)" "www.ysfine.com"
65.108.0.71 - - [16/Feb/2023:00:30:13 -0800] "GET /class54/class5480/Pictures/2.%C3%AA%C2%B8%C2%B0%C3%AB%C2%85%C2%90%C3%AD%C2%96%C2%89%C3%AC%C2%82%C2%AC/%C3%AA%C2%B8%C2%B0%C3%AB%C2%85%C2%90%C3%AD%C2%96%C2%89%C3%AC%C2%82%C2%AC%20(201).jpg HTTP/1.1" 200 7386937 "-" "Mozilla/5.0 (compatible; MJ12bot/v1.4.8; http://mj12bot.com/)" "www.ysfine.com"
65.108.0.71 - - [16/Feb/2023:00:30:14 -0800] "GET /class54/class5480/Pictures/2.%C3%AA%C2%B8%C2%B0%C3%AB%C2%85%C2%90%C3%AD%C2%96%C2%89%C3%AC%C2%82%C2%AC/%C3%AA%C2%B8%C2%B0%C3%AB%C2%85%C2%90%C3%AD%C2%96%C2%89%C3%AC%C2%82%C2%AC%20(202).jpg HTTP/1.1" 200 3803926 "-" "Mozilla/5.0 (compatible; MJ12bot/v1.4.8; http://mj12bot.com/)" "www.ysfine.com"
65.108.0.71 - - [16/Feb/2023:00:30:17 -0800] "GET /class54/class5480/Pictures/2.%C3%AA%C2%B8%C2%B0%C3%AB%C2%85%C2%90%C3%AD%C2%96%C2%89%C3%AC%C2%82%C2%AC/%C3%AA%C2%B8%C2%B0%C3%AB%C2%85%C2%90%C3%AD%C2%96%C2%89%C3%AC%C2%82%C2%AC%20(203).jpg HTTP/1.1" 200 5608507 "-" "Mozilla/5.0 (compatible; MJ12bot/v1.4.8; http://mj12bot.com/)" "www.ysfine.com"
65.108.0.71 - - [16/Feb/2023:00:30:18 -0800] "GET /class54/class5480/Pictures/2.%C3%AA%C2%B8%C2%B0%C3%AB%C2%85%C2%90%C3%AD%C2%96%C2%89%C3%AC%C2%82%C2%AC/%C3%AA%C2%B8%C2%B0%C3%AB%C2%85%C2%90%C3%AD%C2%96%C2%89%C3%AC%C2%82%C2%AC%20(204).jpg HTTP/1.1" 200 5966877 "-" "Mozilla/5.0 (compatible; MJ12bot/v1.4.8; http://mj12bot.com/)" "www.ysfine.com"
65.108.0.71 - - [16/Feb/2023:00:30:20 -0800] "GET /class54/class5480/Pictures/2.%C3%AA%C2%B8%C2%B0%C3%AB%C2%85%C2%90%C3%AD%C2%96%C2%89%C3%AC%C2%82%C2%AC/%C3%AA%C2%B8%C2%B0%C3%AB%C2%85%C2%90%C3%AD%C2%96%C2%89%C3%AC%C2%82%C2%AC%20(205).jpg HTTP/1.1" 200 6028825 "-" "Mozilla/5.0 (compatible; MJ12bot/v1.4.8; http://mj12bot.com/)" "www.ysfine.com"
64.124.8.50 - - [16/Feb/2023:00:30:41 -0800] "GET /usca/norl/jackson11.jpg HTTP/1.1" 200 134090 "-" "Mozilla/5.0 (Macintosh; Intel Mac OS X 10_15_7) AppleWebKit/537.36 (KHTML, like Gecko) Chrome/107.0.0.0 Safari/537.36" "ysfine.com"
64.124.8.21 - - [16/Feb/2023:00:31:05 -0800] "GET /world/chinw.html HTTP/1.1" 404 88 "-" "Mozilla/5.0 (X11; Linux x86_64) AppleWebKit/537.36 (KHTML, like Gecko) Chrome/61.0.3163.79 Safari/537.36" "ysfine.com"
216.244.66.229 - - [16/Feb/2023:00:31:15 -0800] "GET /dirac/dirheisen30.jpg HTTP/1.1" 200 141929 "-" "Mozilla/5.0 (compatible; DotBot/1.2; +https://opensiteexplorer.org/dotbot; help@moz.com)" "ysfine.com"
52.167.144.39 - - [16/Feb/2023:00:31:41 -0800] "GET /world/poland/gdn56.jpg HTTP/1.1" 200 110527 "-" "Mozilla/5.0 AppleWebKit/537.36 (KHTML, like Gecko; compatible; bingbot/2.0; +http://www.bing.com/bingbot.htm) Chrome/103.0.5060.134 Safari/537.36" "www.ysfine.com"
52.167.144.86 - - [16/Feb/2023:00:31:47 -0800] "GET /newyork/wtcob02.jpg HTTP/1.1" 200 143374 "-" "Mozilla/5.0 AppleWebKit/537.36 (KHTML, like Gecko; compatible; bingbot/2.0; +http://www.bing.com/bingbot.htm) Chrome/103.0.5060.134 Safari/537.36" "ysfine.com"
216.244.66.229 - - [16/Feb/2023:00:32:05 -0800] "GET /einstein/newtmax02.jpg HTTP/1.1" 200 55929 "-" "Mozilla/5.0 (compatible; DotBot/1.2; +https://opensiteexplorer.org/dotbot; help@moz.com)" "ysfine.com"
52.167.144.86 - - [16/Feb/2023:00:32:17 -0800] "GET /bio/wigner/e(2).html HTTP/1.1" 404 88 "-" "Mozilla/5.0 AppleWebKit/537.36 (KHTML, like Gecko; compatible; bingbot/2.0; +http://www.bing.com/bingbot.htm) Chrome/103.0.5060.134 Safari/537.36" "ysfine.com"
216.244.66.229 - - [16/Feb/2023:00:32:42 -0800] "GET /wdc/umd02.jpg HTTP/1.1" 200 113373 "-" "Mozilla/5.0 (compatible; DotBot/1.2; +https://opensiteexplorer.org/dotbot; help@moz.com)" "ysfine.com"
64.124.8.49 - - [16/Feb/2023:00:32:50 -0800] "GET /wdc/whxmas/whxmas19.jpg HTTP/1.1" 200 134880 "-" "Mozilla/5.0 (Macintosh; Intel Mac OS X 10_15_7) AppleWebKit/537.36 (KHTML, like Gecko) Chrome/107.0.0.0 Safari/537.36" "ysfine.com"
61.147.15.65 - - [16/Feb/2023:00:32:55 -0800] "GET / HTTP/1.1" 200 5295 "-" "Dalvik/2.1.0 (Linux; U; Android 9.0; ZTE BA520 Build/MRA58K)" "ysfine.com"
61.147.15.65 - - [16/Feb/2023:00:33:01 -0800] "GET / HTTP/1.1" 200 5295 "-" "Mozilla/5.0 (Macintosh; Intel Mac OS X 10_11) AppleWebKit/601.1.27 (KHTML, like Gecko) Chrome/47.0.2526.106 Safari/601.1.27" "ysfine.com"
52.167.144.68 - - [16/Feb/2023:00:34:30 -0800] "GET /style/chulmo2.jpg HTTP/1.1" 200 49387 "-" "Mozilla/5.0 AppleWebKit/537.36 (KHTML, like Gecko; compatible; bingbot/2.0; +http://www.bing.com/bingbot.htm) Chrome/103.0.5060.134 Safari/537.36" "ysfine.com"
58.3.86.92 - - [16/Feb/2023:00:34:30 -0800] "GET /kobak/rhee28.jpg HTTP/1.1" 200 216656 "https://www.google.com/" "Mozilla/5.0 (Windows NT 10.0; Win64; x64) AppleWebKit/537.36 (KHTML, like Gecko) Chrome/110.0.0.0 Safari/537.36" "ysfine.com"
52.167.144.39 - - [16/Feb/2023:00:34:34 -0800] "GET /kobak/sormount.jpg HTTP/1.1" 200 66453 "-" "Mozilla/5.0 AppleWebKit/537.36 (KHTML, like Gecko; compatible; bingbot/2.0; +http://www.bing.com/bingbot.htm) Chrome/103.0.5060.134 Safari/537.36" "ysfine.com"
64.124.8.54 - - [16/Feb/2023:00:35:22 -0800] "GET /people/wheejac.jpg HTTP/1.1" 200 113624 "-" "Mozilla/5.0 (Macintosh; Intel Mac OS X 10_15_7) AppleWebKit/537.36 (KHTML, like Gecko) Chrome/107.0.0.0 Safari/537.36" "ysfine.com"
64.124.8.49 - - [16/Feb/2023:00:35:24 -0800] "GET /wigner/wighome11.jpg HTTP/1.1" 200 201679 "-" "Mozilla/5.0 (Macintosh; Intel Mac OS X 10_15_7) AppleWebKit/537.36 (KHTML, like Gecko) Chrome/107.0.0.0 Safari/537.36" "www.ysfine.com"
64.124.8.21 - - [16/Feb/2023:00:36:17 -0800] "GET /princeton/prtop.html HTTP/1.1" 200 389 "-" "Mozilla/5.0 (X11; Linux x86_64) AppleWebKit/537.36 (KHTML, like Gecko) Chrome/61.0.3163.79 Safari/537.36" "ysfine.com"
185.191.171.43 - - [16/Feb/2023:00:36:56 -0800] "GET /robots.txt HTTP/1.1" 404 88 "-" "Mozilla/5.0 (compatible; SemrushBot/7~bl; +http://www.semrush.com/bot.html)" "ysfine.com"
185.191.171.22 - - [16/Feb/2023:00:36:56 -0800] "GET /bio54.html HTTP/1.1" 200 8798 "-" "Mozilla/5.0 (compatible; SemrushBot/7~bl; +http://www.semrush.com/bot.html)" "ysfine.com"
64.124.8.56 - - [16/Feb/2023:00:36:59 -0800] "GET /world/russ/minsk002.jpg HTTP/1.1" 200 69019 "-" "Mozilla/5.0 (Macintosh; Intel Mac OS X 10_15_7) AppleWebKit/537.36 (KHTML, like Gecko) Chrome/107.0.0.0 Safari/537.36" "www.ysfine.com"
64.124.8.28 - - [16/Feb/2023:00:37:17 -0800] "GET /world/poland/curiewa01.jpg HTTP/1.1" 200 59184 "-" "Mozilla/5.0 (Macintosh; Intel Mac OS X 10_15_7) AppleWebKit/537.36 (KHTML, like Gecko) Chrome/107.0.0.0 Safari/537.36" "ysfine.com"
123.125.109.88 - - [16/Feb/2023:00:37:21 -0800] "GET / HTTP/1.1" 200 5295 "-" "Sogou web spider/4.0(+http://www.sogou.com/docs/help/webmasters.htm#07)" "www.ysfine.com"
64.124.8.49 - - [16/Feb/2023:00:37:33 -0800] "GET /ysbio/world/germany/hegel14.jpg HTTP/1.1" 404 88 "-" "Mozilla/5.0 (Macintosh; Intel Mac OS X 10_15_7) AppleWebKit/537.36 (KHTML, like Gecko) Chrome/107.0.0.0 Safari/537.36" "www.ysfine.com"
116.179.32.130 - - [16/Feb/2023:00:38:28 -0800] "GET /dirac/teuncer.html HTTP/1.1" 200 1652 "-" "Mozilla/5.0 (compatible; Baiduspider/2.0; +http://www.baidu.com/search/spider.html)" "www.ysfine.com"
116.179.37.16 - - [16/Feb/2023:00:38:30 -0800] "GET /dirac/quantum2.jpg HTTP/1.1" 200 28714 "https://www.ysfine.com/dirac/teuncer.html" "Mozilla/5.0 (compatible; Baiduspider-render/2.0; +http://www.baidu.com/search/spider.html)" "www.ysfine.com"
188.92.58.118 - - [16/Feb/2023:00:38:32 -0800] "GET /style/picass55b.jpg HTTP/1.1" 200 45890 "https://www.google.com/" "Mozilla/5.0 (Windows NT 10.0; Win64; x64) AppleWebKit/537.36 (KHTML, like Gecko) Chrome/109.0.0.0 Safari/537.36" "ysfine.com"
116.179.37.148 - - [16/Feb/2023:00:38:33 -0800] "GET /dirac/dirackim62.jpg HTTP/1.1" 200 86930 "https://www.ysfine.com/dirac/teuncer.html" "Mozilla/5.0 (compatible; Baiduspider-render/2.0; +http://www.baidu.com/search/spider.html)" "www.ysfine.com"
188.92.58.118 - - [16/Feb/2023:00:38:37 -0800] "GET /style/picass55b.jpg HTTP/1.1" 200 45890 "https://www.google.com/" "Mozilla/5.0 (Windows NT 10.0; Win64; x64) AppleWebKit/537.36 (KHTML, like Gecko) Chrome/109.0.0.0 Safari/537.36" "ysfine.com"
52.167.144.62 - - [16/Feb/2023:00:38:45 -0800] "GET /maga/phys/naimar/pewk09b.jpg HTTP/1.1" 200 35133 "-" "Mozilla/5.0 AppleWebKit/537.36 (KHTML, like Gecko; compatible; bingbot/2.0; +http://www.bing.com/bingbot.htm) Chrome/103.0.5060.134 Safari/537.36" "ysfine.com"
71.178.208.102 - - [16/Feb/2023:00:39:04 -0800] "GET /awards/index.html HTTP/1.1" 200 10082 "https://www.bing.com/" "Mozilla/5.0 (Windows NT 10.0; Win64; x64; rv:109.0) Gecko/20100101 Firefox/109.0" "www.ysfine.com"
71.178.208.102 - - [16/Feb/2023:00:39:04 -0800] "GET /awards/ewk88d.jpg HTTP/1.1" 200 96031 "https://www.ysfine.com/awards/index.html" "Mozilla/5.0 (Windows NT 10.0; Win64; x64; rv:109.0) Gecko/20100101 Firefox/109.0" "www.ysfine.com"
71.178.208.102 - - [16/Feb/2023:00:39:04 -0800] "GET /awards/fortune23f.jpg HTTP/1.1" 200 293843 "https://www.ysfine.com/awards/index.html" "Mozilla/5.0 (Windows NT 10.0; Win64; x64; rv:109.0) Gecko/20100101 Firefox/109.0" "www.ysfine.com"
71.178.208.102 - - [16/Feb/2023:00:39:04 -0800] "GET /awards/timessq23f.jpg HTTP/1.1" 200 165192 "https://www.ysfine.com/awards/index.html" "Mozilla/5.0 (Windows NT 10.0; Win64; x64; rv:109.0) Gecko/20100101 Firefox/109.0" "www.ysfine.com"
71.178.208.102 - - [16/Feb/2023:00:39:04 -0800] "GET /awards/timeline11f.jpg HTTP/1.1" 200 169039 "https://www.ysfine.com/awards/index.html" "Mozilla/5.0 (Windows NT 10.0; Win64; x64; rv:109.0) Gecko/20100101 Firefox/109.0" "www.ysfine.com"
71.178.208.102 - - [16/Feb/2023:00:39:04 -0800] "GET /awards/ysnr11d.jpg HTTP/1.1" 200 61140 "https://www.ysfine.com/awards/index.html" "Mozilla/5.0 (Windows NT 10.0; Win64; x64; rv:109.0) Gecko/20100101 Firefox/109.0" "www.ysfine.com"
71.178.208.102 - - [16/Feb/2023:00:39:04 -0800] "GET /awards/bridge22f.jpg HTTP/1.1" 200 98225 "https://www.ysfine.com/awards/index.html" "Mozilla/5.0 (Windows NT 10.0; Win64; x64; rv:109.0) Gecko/20100101 Firefox/109.0" "www.ysfine.com"
71.178.208.102 - - [16/Feb/2023:00:39:04 -0800] "GET /awards/wsj21f.jpg HTTP/1.1" 200 172238 "https://www.ysfine.com/awards/index.html" "Mozilla/5.0 (Windows NT 10.0; Win64; x64; rv:109.0) Gecko/20100101 Firefox/109.0" "www.ysfine.com"
71.178.208.102 - - [16/Feb/2023:00:39:04 -0800] "GET /awards/feygell01d.jpg HTTP/1.1" 200 31895 "https://www.ysfine.com/awards/index.html" "Mozilla/5.0 (Windows NT 10.0; Win64; x64; rv:109.0) Gecko/20100101 Firefox/109.0" "www.ysfine.com"
71.178.208.102 - - [16/Feb/2023:00:39:04 -0800] "GET /awards/fortune21f.jpg HTTP/1.1" 200 234815 "https://www.ysfine.com/awards/index.html" "Mozilla/5.0 (Windows NT 10.0; Win64; x64; rv:109.0) Gecko/20100101 Firefox/109.0" "www.ysfine.com"
71.178.208.102 - - [16/Feb/2023:00:39:04 -0800] "GET /awards/lasvegas11f.jpg HTTP/1.1" 200 243749 "https://www.ysfine.com/awards/index.html" "Mozilla/5.0 (Windows NT 10.0; Win64; x64; rv:109.0) Gecko/20100101 Firefox/109.0" "www.ysfine.com"
71.178.208.102 - - [16/Feb/2023:00:39:04 -0800] "GET /awards/iaotp/top21c.jpg HTTP/1.1" 200 49015 "https://www.ysfine.com/awards/index.html" "Mozilla/5.0 (Windows NT 10.0; Win64; x64; rv:109.0) Gecko/20100101 Firefox/109.0" "www.ysfine.com"
71.178.208.102 - - [16/Feb/2023:00:39:04 -0800] "GET /awards/einbohr25d.jpg HTTP/1.1" 200 49476 "https://www.ysfine.com/awards/index.html" "Mozilla/5.0 (Windows NT 10.0; Win64; x64; rv:109.0) Gecko/20100101 Firefox/109.0" "www.ysfine.com"
71.178.208.102 - - [16/Feb/2023:00:39:04 -0800] "GET /awards/whoswho11f.jpg HTTP/1.1" 200 86318 "https://www.ysfine.com/awards/index.html" "Mozilla/5.0 (Windows NT 10.0; Win64; x64; rv:109.0) Gecko/20100101 Firefox/109.0" "www.ysfine.com"
71.178.208.102 - - [16/Feb/2023:00:39:04 -0800] "GET /awards/marq/marq22f.jpg HTTP/1.1" 200 142401 "https://www.ysfine.com/awards/index.html" "Mozilla/5.0 (Windows NT 10.0; Win64; x64; rv:109.0) Gecko/20100101 Firefox/109.0" "www.ysfine.com"
71.178.208.102 - - [16/Feb/2023:00:39:04 -0800] "GET /awards/marq/marq16d.jpg HTTP/1.1" 200 107457 "https://www.ysfine.com/awards/index.html" "Mozilla/5.0 (Windows NT 10.0; Win64; x64; rv:109.0) Gecko/20100101 Firefox/109.0" "www.ysfine.com"
71.178.208.102 - - [16/Feb/2023:00:39:04 -0800] "GET /home/yspr61d.jpg HTTP/1.1" 200 64126 "https://www.ysfine.com/awards/index.html" "Mozilla/5.0 (Windows NT 10.0; Win64; x64; rv:109.0) Gecko/20100101 Firefox/109.0" "www.ysfine.com"
71.178.208.102 - - [16/Feb/2023:00:39:04 -0800] "GET /awards/acs96f.jpg HTTP/1.1" 200 118636 "https://www.ysfine.com/awards/index.html" "Mozilla/5.0 (Windows NT 10.0; Win64; x64; rv:109.0) Gecko/20100101 Firefox/109.0" "www.ysfine.com"
71.178.208.102 - - [16/Feb/2023:00:39:04 -0800] "GET /awards/beward11f.jpg HTTP/1.1" 200 123557 "https://www.ysfine.com/awards/index.html" "Mozilla/5.0 (Windows NT 10.0; Win64; x64; rv:109.0) Gecko/20100101 Firefox/109.0" "www.ysfine.com"
71.178.208.102 - - [16/Feb/2023:00:39:04 -0800] "GET /awards/top100d.jpg HTTP/1.1" 200 74998 "https://www.ysfine.com/awards/index.html" "Mozilla/5.0 (Windows NT 10.0; Win64; x64; rv:109.0) Gecko/20100101 Firefox/109.0" "www.ysfine.com"
71.178.208.102 - - [16/Feb/2023:00:39:04 -0800] "GET /awards/acs55f.jpg HTTP/1.1" 200 83340 "https://www.ysfine.com/awards/index.html" "Mozilla/5.0 (Windows NT 10.0; Win64; x64; rv:109.0) Gecko/20100101 Firefox/109.0" "www.ysfine.com"
71.178.208.102 - - [16/Feb/2023:00:39:04 -0800] "GET /awards/acs20f.jpg HTTP/1.1" 200 145842 "https://www.ysfine.com/awards/index.html" "Mozilla/5.0 (Windows NT 10.0; Win64; x64; rv:109.0) Gecko/20100101 Firefox/109.0" "www.ysfine.com"
64.124.8.58 - - [16/Feb/2023:00:39:06 -0800] "GET /einstein/kant.html HTTP/1.1" 404 88 "-" "Mozilla/5.0 (X11; Linux x86_64) AppleWebKit/537.36 (KHTML, like Gecko) Chrome/61.0.3163.79 Safari/537.36" "www.ysfine.com"
52.167.144.39 - - [16/Feb/2023:00:39:22 -0800] "GET /world/france/montpar03.jpg HTTP/1.1" 200 108206 "-" "Mozilla/5.0 AppleWebKit/537.36 (KHTML, like Gecko; compatible; bingbot/2.0; +http://www.bing.com/bingbot.htm) Chrome/103.0.5060.134 Safari/537.36" "www.ysfine.com"
64.124.8.57 - - [16/Feb/2023:00:39:28 -0800] "GET /ysbio/princeton/westmin33.jpg HTTP/1.1" 404 88 "-" "Mozilla/5.0 (Macintosh; Intel Mac OS X 10_15_7) AppleWebKit/537.36 (KHTML, like Gecko) Chrome/107.0.0.0 Safari/537.36" "ysfine.com"
216.244.66.229 - - [16/Feb/2023:00:39:47 -0800] "GET /wigner/inonu.jpg HTTP/1.1" 200 68717 "-" "Mozilla/5.0 (compatible; DotBot/1.2; +https://opensiteexplorer.org/dotbot; help@moz.com)" "ysfine.com"
71.178.208.102 - - [16/Feb/2023:00:39:48 -0800] "GET /class54/index.html HTTP/1.1" 200 2554 "https://www.bing.com/" "Mozilla/5.0 (Windows NT 10.0; Win64; x64; rv:109.0) Gecko/20100101 Firefox/109.0" "www.ysfine.com"
71.178.208.102 - - [16/Feb/2023:00:39:48 -0800] "GET /class54/tallm02b.jpg HTTP/1.1" 200 46210 "https://www.ysfine.com/class54/index.html" "Mozilla/5.0 (Windows NT 10.0; Win64; x64; rv:109.0) Gecko/20100101 Firefox/109.0" "www.ysfine.com"
71.178.208.102 - - [16/Feb/2023:00:39:48 -0800] "GET /class54/tallm03b.jpg HTTP/1.1" 200 41459 "https://www.ysfine.com/class54/index.html" "Mozilla/5.0 (Windows NT 10.0; Win64; x64; rv:109.0) Gecko/20100101 Firefox/109.0" "www.ysfine.com"
71.178.208.102 - - [16/Feb/2023:00:39:48 -0800] "GET /class54/tallm08b.jpg HTTP/1.1" 200 43331 "https://www.ysfine.com/class54/index.html" "Mozilla/5.0 (Windows NT 10.0; Win64; x64; rv:109.0) Gecko/20100101 Firefox/109.0" "www.ysfine.com"
71.178.208.102 - - [16/Feb/2023:00:39:48 -0800] "GET /class54/tallm09b.jpg HTTP/1.1" 200 43676 "https://www.ysfine.com/class54/index.html" "Mozilla/5.0 (Windows NT 10.0; Win64; x64; rv:109.0) Gecko/20100101 Firefox/109.0" "www.ysfine.com"
71.178.208.102 - - [16/Feb/2023:00:39:48 -0800] "GET /class54/tallm06b.jpg HTTP/1.1" 200 55344 "https://www.ysfine.com/class54/index.html" "Mozilla/5.0 (Windows NT 10.0; Win64; x64; rv:109.0) Gecko/20100101 Firefox/109.0" "www.ysfine.com"
40.77.167.192 - - [16/Feb/2023:00:40:00 -0800] "GET /bio.html HTTP/1.1" 200 18260 "-" "Mozilla/5.0 AppleWebKit/537.36 (KHTML, like Gecko; compatible; bingbot/2.0; +http://www.bing.com/bingbot.htm) Chrome/103.0.5060.134 Safari/537.36" "ysfine.com"
216.244.66.229 - - [16/Feb/2023:00:40:17 -0800] "GET /world/france/montpar01.jpg HTTP/1.1" 200 81237 "-" "Mozilla/5.0 (compatible; DotBot/1.2; +https://opensiteexplorer.org/dotbot; help@moz.com)" "ysfine.com"
52.167.144.68 - - [16/Feb/2023:00:40:22 -0800] "GET /bio/sbk/1950.html HTTP/1.1" 404 88 "-" "Mozilla/5.0 AppleWebKit/537.36 (KHTML, like Gecko; compatible; bingbot/2.0; +http://www.bing.com/bingbot.htm) Chrome/103.0.5060.134 Safari/537.36" "ysfine.com"
52.167.144.68 - - [16/Feb/2023:00:40:22 -0800] "GET /auto/bio13.html HTTP/1.1" 200 3567 "-" "Mozilla/5.0 AppleWebKit/537.36 (KHTML, like Gecko; compatible; bingbot/2.0; +http://www.bing.com/bingbot.htm) Chrome/103.0.5060.134 Safari/537.36" "ysfine.com"
64.124.8.58 - - [16/Feb/2023:00:40:50 -0800] "GET /wdc/washmobird.html HTTP/1.1" 304 - "-" "Mozilla/5.0 (X11; Linux x86_64) AppleWebKit/537.36 (KHTML, like Gecko) Chrome/61.0.3163.79 Safari/537.36" "www.ysfine.com"
216.244.66.229 - - [16/Feb/2023:00:41:07 -0800] "GET /world/germany/berlin022.jpg HTTP/1.1" 200 110113 "-" "Mozilla/5.0 (compatible; DotBot/1.2; +https://opensiteexplorer.org/dotbot; help@moz.com)" "ysfine.com"
52.167.144.86 - - [16/Feb/2023:00:41:07 -0800] "GET /eink/ecitizen40.jpg HTTP/1.1" 200 224595 "-" "Mozilla/5.0 AppleWebKit/537.36 (KHTML, like Gecko; compatible; bingbot/2.0; +http://www.bing.com/bingbot.htm) Chrome/103.0.5060.134 Safari/537.36" "ysfine.com"
217.226.119.245 - - [16/Feb/2023:00:41:17 -0800] "GET /kobak/rhee28.jpg HTTP/1.1" 200 216656 "https://www.google.com/" "Mozilla/5.0 (Windows NT 10.0; Win64; x64) AppleWebKit/537.36 (KHTML, like Gecko) Chrome/110.0.0.0 Safari/537.36" "ysfine.com"
185.191.171.1 - - [16/Feb/2023:00:41:43 -0800] "GET /people/peo.html HTTP/1.1" 200 13502 "-" "Mozilla/5.0 (compatible; SemrushBot/7~bl; +http://www.semrush.com/bot.html)" "www.ysfine.com"
64.124.8.53 - - [16/Feb/2023:00:42:40 -0800] "GET /ysbio/world/france/sartsq10.jpg HTTP/1.1" 404 88 "-" "Mozilla/5.0 (Macintosh; Intel Mac OS X 10_15_7) AppleWebKit/537.36 (KHTML, like Gecko) Chrome/107.0.0.0 Safari/537.36" "www.ysfine.com"
64.124.8.49 - - [16/Feb/2023:00:42:45 -0800] "GET /ysbio/world/scandi/sto009.jpg HTTP/1.1" 404 88 "-" "Mozilla/5.0 (Macintosh; Intel Mac OS X 10_15_7) AppleWebKit/537.36 (KHTML, like Gecko) Chrome/107.0.0.0 Safari/537.36" "www.ysfine.com"
114.119.135.217 - - [16/Feb/2023:00:43:26 -0800] "GET /wdc/vernon.html HTTP/1.1" 200 1958 "http://www.ysfine.com/wdc/wasdc.html" "Mozilla/5.0 (Linux; Android 7.0;) AppleWebKit/537.36 (KHTML, like Gecko) Mobile Safari/537.36 (compatible; PetalBot;+https://webmaster.petalsearch.com/site/petalbot)" "www.ysfine.com"
52.167.144.86 - - [16/Feb/2023:00:43:28 -0800] "GET /auto/bio21.html HTTP/1.1" 200 5217 "-" "Mozilla/5.0 AppleWebKit/537.36 (KHTML, like Gecko; compatible; bingbot/2.0; +http://www.bing.com/bingbot.htm) Chrome/103.0.5060.134 Safari/537.36" "ysfine.com"
64.124.8.28 - - [16/Feb/2023:00:43:43 -0800] "GET /wdc/usna07.jpg HTTP/1.1" 200 96517 "-" "Mozilla/5.0 (Macintosh; Intel Mac OS X 10_15_7) AppleWebKit/537.36 (KHTML, like Gecko) Chrome/107.0.0.0 Safari/537.36" "www.ysfine.com"
64.124.8.54 - - [16/Feb/2023:00:44:10 -0800] "GET /newyork/trump31.jpg HTTP/1.1" 200 110610 "-" "Mozilla/5.0 (Macintosh; Intel Mac OS X 10_15_7) AppleWebKit/537.36 (KHTML, like Gecko) Chrome/107.0.0.0 Safari/537.36" "ysfine.com"
40.77.167.192 - - [16/Feb/2023:00:44:18 -0800] "GET /bio/kobak/soraech.html HTTP/1.1" 404 88 "-" "Mozilla/5.0 AppleWebKit/537.36 (KHTML, like Gecko; compatible; bingbot/2.0; +http://www.bing.com/bingbot.htm) Chrome/103.0.5060.134 Safari/537.36" "ysfine.com"
52.167.144.62 - - [16/Feb/2023:00:46:06 -0800] "GET /folks/austra06.jpg HTTP/1.1" 200 60209 "-" "Mozilla/5.0 AppleWebKit/537.36 (KHTML, like Gecko; compatible; bingbot/2.0; +http://www.bing.com/bingbot.htm) Chrome/103.0.5060.134 Safari/537.36" "ysfine.com"
64.124.8.29 - - [16/Feb/2023:00:46:11 -0800] "GET /world/germany/salzmo03.jpg HTTP/1.1" 200 118743 "-" "Mozilla/5.0 (Macintosh; Intel Mac OS X 10_15_7) AppleWebKit/537.36 (KHTML, like Gecko) Chrome/107.0.0.0 Safari/537.36" "www.ysfine.com"
52.167.144.62 - - [16/Feb/2023:00:46:36 -0800] "GET /world/china/shanghai051.jpg HTTP/1.1" 200 83825 "-" "Mozilla/5.0 AppleWebKit/537.36 (KHTML, like Gecko; compatible; bingbot/2.0; +http://www.bing.com/bingbot.htm) Chrome/103.0.5060.134 Safari/537.36" "www.ysfine.com"
66.249.70.30 - - [16/Feb/2023:00:46:39 -0800] "GET /feynman/feydirac270.jpg HTTP/1.1" 304 - "-" "Googlebot-Image/1.0" "ysfine.com"
52.167.144.62 - - [16/Feb/2023:00:46:46 -0800] "GET /beau/mil/kmc06.jpg HTTP/1.1" 404 88 "-" "Mozilla/5.0 AppleWebKit/537.36 (KHTML, like Gecko; compatible; bingbot/2.0; +http://www.bing.com/bingbot.htm) Chrome/103.0.5060.134 Safari/537.36" "www.ysfine.com"
157.55.39.207 - - [16/Feb/2023:00:47:59 -0800] "GET /wisdom/index.html HTTP/1.1" 200 129 "-" "Mozilla/5.0 AppleWebKit/537.36 (KHTML, like Gecko; compatible; bingbot/2.0; +http://www.bing.com/bingbot.htm) Chrome/103.0.5060.134 Safari/537.36" "www.ysfine.com"
185.191.171.19 - - [16/Feb/2023:00:48:43 -0800] "GET /wigner/neum/compu.html HTTP/1.1" 200 2267 "-" "Mozilla/5.0 (compatible; SemrushBot/7~bl; +http://www.semrush.com/bot.html)" "ysfine.com"
216.244.66.229 - - [16/Feb/2023:00:49:22 -0800] "GET /fbook/ysrhee33.jpg HTTP/1.1" 200 112060 "-" "Mozilla/5.0 (compatible; DotBot/1.2; +https://opensiteexplorer.org/dotbot; help@moz.com)" "ysfine.com"
5.91.93.112 - - [16/Feb/2023:00:49:44 -0800] "GET /feynman/feydirac.jpg HTTP/1.1" 200 98378 "-" "WhatsApp/2.23.2.76 A" "ysfine.com"
52.167.144.39 - - [16/Feb/2023:00:49:53 -0800] "GET /dirac/sq500.jpg HTTP/1.1" 200 46129 "-" "Mozilla/5.0 AppleWebKit/537.36 (KHTML, like Gecko; compatible; bingbot/2.0; +http://www.bing.com/bingbot.htm) Chrome/103.0.5060.134 Safari/537.36" "ysfine.com"
216.244.66.229 - - [16/Feb/2023:00:50:04 -0800] "GET /feynman/feyjad.jpg HTTP/1.1" 404 73 "-" "Mozilla/5.0 (compatible; DotBot/1.2; +https://opensiteexplorer.org/dotbot; help@moz.com)" "ysfine.com"
216.244.66.229 - - [16/Feb/2023:00:50:33 -0800] "GET /ffriends/india02.jpg HTTP/1.1" 200 115461 "-" "Mozilla/5.0 (compatible; DotBot/1.2; +https://opensiteexplorer.org/dotbot; help@moz.com)" "ysfine.com"
40.77.167.192 - - [16/Feb/2023:00:50:39 -0800] "GET /world/balkan/istan036.jpg HTTP/1.1" 200 91282 "-" "Mozilla/5.0 AppleWebKit/537.36 (KHTML, like Gecko; compatible; bingbot/2.0; +http://www.bing.com/bingbot.htm) Chrome/103.0.5060.134 Safari/537.36" "ysfine.com"
52.167.144.62 - - [16/Feb/2023:00:51:16 -0800] "GET /people/bhagat.jpg HTTP/1.1" 200 90673 "-" "Mozilla/5.0 AppleWebKit/537.36 (KHTML, like Gecko; compatible; bingbot/2.0; +http://www.bing.com/bingbot.htm) Chrome/103.0.5060.134 Safari/537.36" "ysfine.com"
157.55.39.207 - - [16/Feb/2023:00:51:22 -0800] "GET /kowar/kimis53.jpg HTTP/1.1" 200 159563 "-" "Mozilla/5.0 AppleWebKit/537.36 (KHTML, like Gecko; compatible; bingbot/2.0; +http://www.bing.com/bingbot.htm) Chrome/103.0.5060.134 Safari/537.36" "ysfine.com"
216.244.66.229 - - [16/Feb/2023:00:51:23 -0800] "GET /ffriends/morocco05.jpg HTTP/1.1" 200 187355 "-" "Mozilla/5.0 (compatible; DotBot/1.2; +https://opensiteexplorer.org/dotbot; help@moz.com)" "ysfine.com"
64.124.8.29 - - [16/Feb/2023:00:52:38 -0800] "GET /ysbio/awards/top101.jpg HTTP/1.1" 404 88 "-" "Mozilla/5.0 (Macintosh; Intel Mac OS X 10_15_7) AppleWebKit/537.36 (KHTML, like Gecko) Chrome/107.0.0.0 Safari/537.36" "ysfine.com"
52.167.144.62 - - [16/Feb/2023:00:52:58 -0800] "GET /bio/style/proschanie.html HTTP/1.1" 404 88 "-" "Mozilla/5.0 AppleWebKit/537.36 (KHTML, like Gecko; compatible; bingbot/2.0; +http://www.bing.com/bingbot.htm) Chrome/103.0.5060.134 Safari/537.36" "ysfine.com"
185.191.171.26 - - [16/Feb/2023:00:53:20 -0800] "GET /robots.txt HTTP/1.1" 404 88 "-" "Mozilla/5.0 (compatible; SemrushBot/7~bl; +http://www.semrush.com/bot.html)" "www.ysfine.com"
185.191.171.42 - - [16/Feb/2023:00:53:20 -0800] "GET /people/wheeler.html HTTP/1.1" 200 3348 "-" "Mozilla/5.0 (compatible; SemrushBot/7~bl; +http://www.semrush.com/bot.html)" "www.ysfine.com"
52.167.144.62 - - [16/Feb/2023:00:53:48 -0800] "GET /world/china/shanghai051.jpg HTTP/1.1" 200 83825 "-" "Mozilla/5.0 AppleWebKit/537.36 (KHTML, like Gecko; compatible; bingbot/2.0; +http://www.bing.com/bingbot.htm) Chrome/103.0.5060.134 Safari/537.36" "ysfine.com"
64.124.8.55 - - [16/Feb/2023:00:53:49 -0800] "GET /ysbio/world/scandi/sto035.jpg HTTP/1.1" 404 88 "-" "Mozilla/5.0 (Macintosh; Intel Mac OS X 10_15_7) AppleWebKit/537.36 (KHTML, like Gecko) Chrome/107.0.0.0 Safari/537.36" "ysfine.com"
64.124.8.55 - - [16/Feb/2023:00:54:01 -0800] "GET /ysbio/world/brit/cam15.jpg HTTP/1.1" 404 88 "-" "Mozilla/5.0 (Macintosh; Intel Mac OS X 10_15_7) AppleWebKit/537.36 (KHTML, like Gecko) Chrome/107.0.0.0 Safari/537.36" "ysfine.com"
64.124.8.55 - - [16/Feb/2023:00:55:20 -0800] "GET /world/germany/hegel06.jpg HTTP/1.1" 200 97871 "-" "Mozilla/5.0 (Macintosh; Intel Mac OS X 10_15_7) AppleWebKit/537.36 (KHTML, like Gecko) Chrome/107.0.0.0 Safari/537.36" "www.ysfine.com"
40.77.167.192 - - [16/Feb/2023:00:55:30 -0800] "GET /world/ital/repub13.jpg HTTP/1.1" 200 113727 "-" "Mozilla/5.0 AppleWebKit/537.36 (KHTML, like Gecko; compatible; bingbot/2.0; +http://www.bing.com/bingbot.htm) Chrome/103.0.5060.134 Safari/537.36" "ysfine.com"
64.124.8.57 - - [16/Feb/2023:00:55:31 -0800] "GET /world/places/ulm03.jpg HTTP/1.1" 200 145594 "-" "Mozilla/5.0 (Macintosh; Intel Mac OS X 10_15_7) AppleWebKit/537.36 (KHTML, like Gecko) Chrome/107.0.0.0 Safari/537.36" "ysfine.com"
64.124.8.56 - - [16/Feb/2023:00:56:01 -0800] "GET /einstein/places/einmu07.jpg HTTP/1.1" 200 90443 "-" "Mozilla/5.0 (Macintosh; Intel Mac OS X 10_15_7) AppleWebKit/537.36 (KHTML, like Gecko) Chrome/107.0.0.0 Safari/537.36" "ysfine.com"
52.167.144.39 - - [16/Feb/2023:00:56:04 -0800] "GET /world/brit/embassy01.jpg HTTP/1.1" 200 113443 "-" "Mozilla/5.0 AppleWebKit/537.36 (KHTML, like Gecko; compatible; bingbot/2.0; +http://www.bing.com/bingbot.htm) Chrome/103.0.5060.134 Safari/537.36" "ysfine.com"
64.124.8.21 - - [16/Feb/2023:00:56:08 -0800] "GET /eink/buybook.html HTTP/1.1" 200 1781 "-" "Mozilla/5.0 (X11; Linux x86_64) AppleWebKit/537.36 (KHTML, like Gecko) Chrome/61.0.3163.79 Safari/537.36" "ysfine.com"
52.167.144.68 - - [16/Feb/2023:00:56:08 -0800] "GET /bio/kobak/yskor.html HTTP/1.1" 404 88 "-" "Mozilla/5.0 AppleWebKit/537.36 (KHTML, like Gecko; compatible; bingbot/2.0; +http://www.bing.com/bingbot.htm) Chrome/103.0.5060.134 Safari/537.36" "ysfine.com"
64.124.8.54 - - [16/Feb/2023:00:56:24 -0800] "GET /newyork/trump44.jpg HTTP/1.1" 200 115050 "-" "Mozilla/5.0 (Macintosh; Intel Mac OS X 10_15_7) AppleWebKit/537.36 (KHTML, like Gecko) Chrome/107.0.0.0 Safari/537.36" "ysfine.com"
52.167.144.68 - - [16/Feb/2023:00:56:53 -0800] "GET /world/russ/kazan049.jpg HTTP/1.1" 200 68150 "-" "Mozilla/5.0 AppleWebKit/537.36 (KHTML, like Gecko; compatible; bingbot/2.0; +http://www.bing.com/bingbot.htm) Chrome/103.0.5060.134 Safari/537.36" "www.ysfine.com"
64.124.8.58 - - [16/Feb/2023:00:57:31 -0800] "GET /confer/newsgr.html HTTP/1.1" 304 - "-" "Mozilla/5.0 (X11; Linux x86_64) AppleWebKit/537.36 (KHTML, like Gecko) Chrome/61.0.3163.79 Safari/537.36" "www.ysfine.com"
64.124.8.56 - - [16/Feb/2023:00:57:33 -0800] "GET /world/france/stras10.jpg HTTP/1.1" 200 105338 "-" "Mozilla/5.0 (Macintosh; Intel Mac OS X 10_15_7) AppleWebKit/537.36 (KHTML, like Gecko) Chrome/107.0.0.0 Safari/537.36" "ysfine.com"
64.124.8.21 - - [16/Feb/2023:00:57:56 -0800] "GET /world/copen.html HTTP/1.1" 200 6582 "-" "Mozilla/5.0 (X11; Linux x86_64) AppleWebKit/537.36 (KHTML, like Gecko) Chrome/61.0.3163.79 Safari/537.36" "ysfine.com"
64.124.8.58 - - [16/Feb/2023:00:58:00 -0800] "GET /style/index.html HTTP/1.1" 304 - "-" "Mozilla/5.0 (X11; Linux x86_64) AppleWebKit/537.36 (KHTML, like Gecko) Chrome/61.0.3163.79 Safari/537.36" "www.ysfine.com"
40.77.167.192 - - [16/Feb/2023:00:58:01 -0800] "GET /maga/phys/ellipse77a.jpg HTTP/1.1" 200 16686 "-" "Mozilla/5.0 AppleWebKit/537.36 (KHTML, like Gecko; compatible; bingbot/2.0; +http://www.bing.com/bingbot.htm) Chrome/103.0.5060.134 Safari/537.36" "www.ysfine.com"
64.124.8.55 - - [16/Feb/2023:00:58:21 -0800] "GET /usca/pitt/pghrail33.jpg HTTP/1.1" 200 118198 "-" "Mozilla/5.0 (Macintosh; Intel Mac OS X 10_15_7) AppleWebKit/537.36 (KHTML, like Gecko) Chrome/107.0.0.0 Safari/537.36" "www.ysfine.com"
185.191.171.11 - - [16/Feb/2023:00:58:40 -0800] "GET /princeton/yspr.html HTTP/1.1" 200 5470 "-" "Mozilla/5.0 (compatible; SemrushBot/7~bl; +http://www.semrush.com/bot.html)" "www.ysfine.com"
64.124.8.21 - - [16/Feb/2023:00:58:59 -0800] "GET /wdc/ndu11.html HTTP/1.1" 404 88 "-" "Mozilla/5.0 (X11; Linux x86_64) AppleWebKit/537.36 (KHTML, like Gecko) Chrome/61.0.3163.79 Safari/537.36" "ysfine.com"
40.77.167.192 - - [16/Feb/2023:00:59:49 -0800] "GET /maga/phys/vnm01.jpg HTTP/1.1" 200 60055 "-" "Mozilla/5.0 AppleWebKit/537.36 (KHTML, like Gecko; compatible; bingbot/2.0; +http://www.bing.com/bingbot.htm) Chrome/103.0.5060.134 Safari/537.36" "ysfine.com"
185.191.171.4 - - [16/Feb/2023:00:59:57 -0800] "GET /archives/proceedings/wpro01/losala.html HTTP/1.1" 200 672 "-" "Mozilla/5.0 (compatible; SemrushBot/7~bl; +http://www.semrush.com/bot.html)" "ysfine.com"
64.124.8.55 - - [16/Feb/2023:01:00:14 -0800] "GET /wdc/capitol22.jpg HTTP/1.1" 200 50223 "-" "Mozilla/5.0 (Macintosh; Intel Mac OS X 10_15_7) AppleWebKit/537.36 (KHTML, like Gecko) Chrome/107.0.0.0 Safari/537.36" "www.ysfine.com"
64.124.8.57 - - [16/Feb/2023:01:00:19 -0800] "GET /world/hungary/buda011.jpg HTTP/1.1" 200 103773 "-" "Mozilla/5.0 (Macintosh; Intel Mac OS X 10_15_7) AppleWebKit/537.36 (KHTML, like Gecko) Chrome/107.0.0.0 Safari/537.36" "www.ysfine.com"
95.163.255.65 - - [16/Feb/2023:01:00:49 -0800] "GET /robots.txt HTTP/1.1" 404 73 "-" "Mozilla/5.0 (compatible; Linux x86_64; Mail.RU_Bot/2.0; +https://help.mail.ru/webmaster/indexing/robots)" "ysfine.com"
81.158.85.84 - - [16/Feb/2023:01:01:03 -0800] "GET /feynman/feydirac.jpg HTTP/1.1" 200 98378 "https://www.google.co.uk/" "Mozilla/5.0 (Macintosh; Intel Mac OS X 10_15_6) AppleWebKit/605.1.15 (KHTML, like Gecko) Version/15.6.1 Safari/605.1.15" "ysfine.com"
81.158.85.84 - - [16/Feb/2023:01:01:08 -0800] "GET /dirac/feydirac300.jpg HTTP/1.1" 200 38223 "https://www.google.co.uk/" "Mozilla/5.0 (Macintosh; Intel Mac OS X 10_15_6) AppleWebKit/605.1.15 (KHTML, like Gecko) Version/15.6.1 Safari/605.1.15" "ysfine.com"
185.191.171.39 - - [16/Feb/2023:01:01:13 -0800] "GET /einstein/einstorie.html HTTP/1.1" 200 2529 "-" "Mozilla/5.0 (compatible; SemrushBot/7~bl; +http://www.semrush.com/bot.html)" "ysfine.com"
52.167.144.39 - - [16/Feb/2023:01:01:14 -0800] "GET /kobak/eisenhower22b.jpg HTTP/1.1" 200 43010 "-" "Mozilla/5.0 AppleWebKit/537.36 (KHTML, like Gecko; compatible; bingbot/2.0; +http://www.bing.com/bingbot.htm) Chrome/103.0.5060.134 Safari/537.36" "ysfine.com"
222.110.103.253 - - [16/Feb/2023:01:01:57 -0800] "GET /kobak/underw12.jpg HTTP/1.1" 200 105170 "https://www.google.com/" "Mozilla/5.0 (Windows NT 10.0; Win64; x64) AppleWebKit/537.36 (KHTML, like Gecko) Chrome/110.0.0.0 Safari/537.36" "ysfine.com"
222.110.103.253 - - [16/Feb/2023:01:02:04 -0800] "GET /kobak/nll01.jpg HTTP/1.1" 200 53089 "https://www.google.com/" "Mozilla/5.0 (Windows NT 10.0; Win64; x64) AppleWebKit/537.36 (KHTML, like Gecko) Chrome/110.0.0.0 Safari/537.36" "ysfine.com"
222.110.103.253 - - [16/Feb/2023:01:02:05 -0800] "GET /kowar/war53.html HTTP/1.1" 200 6652 "https://www.google.com/" "Mozilla/5.0 (Windows NT 10.0; Win64; x64) AppleWebKit/537.36 (KHTML, like Gecko) Chrome/110.0.0.0 Safari/537.36" "ysfine.com"
222.110.103.253 - - [16/Feb/2023:01:02:05 -0800] "GET /kowar/photos/eisenhower22b.jpg HTTP/1.1" 200 43010 "https://ysfine.com/kowar/war53.html" "Mozilla/5.0 (Windows NT 10.0; Win64; x64) AppleWebKit/537.36 (KHTML, like Gecko) Chrome/110.0.0.0 Safari/537.36" "ysfine.com"
222.110.103.253 - - [16/Feb/2023:01:02:05 -0800] "GET /kowar/kimis53b.jpg HTTP/1.1" 200 44376 "https://ysfine.com/kowar/war53.html" "Mozilla/5.0 (Windows NT 10.0; Win64; x64) AppleWebKit/537.36 (KHTML, like Gecko) Chrome/110.0.0.0 Safari/537.36" "ysfine.com"
222.110.103.253 - - [16/Feb/2023:01:02:05 -0800] "GET /kobak/underw06b.jpg HTTP/1.1" 200 51332 "https://ysfine.com/kowar/war53.html" "Mozilla/5.0 (Windows NT 10.0; Win64; x64) AppleWebKit/537.36 (KHTML, like Gecko) Chrome/110.0.0.0 Safari/537.36" "ysfine.com"
222.110.103.253 - - [16/Feb/2023:01:02:05 -0800] "GET /kobak/underw12b.jpg HTTP/1.1" 200 42070 "https://ysfine.com/kowar/war53.html" "Mozilla/5.0 (Windows NT 10.0; Win64; x64) AppleWebKit/537.36 (KHTML, like Gecko) Chrome/110.0.0.0 Safari/537.36" "ysfine.com"
222.110.103.253 - - [16/Feb/2023:01:02:05 -0800] "GET /kobak/draftreg33b.jpg HTTP/1.1" 200 39377 "https://ysfine.com/kowar/war53.html" "Mozilla/5.0 (Windows NT 10.0; Win64; x64) AppleWebKit/537.36 (KHTML, like Gecko) Chrome/110.0.0.0 Safari/537.36" "ysfine.com"
222.110.103.253 - - [16/Feb/2023:01:02:05 -0800] "GET /kobak/rhee12b.jpg HTTP/1.1" 200 49113 "https://ysfine.com/kowar/war53.html" "Mozilla/5.0 (Windows NT 10.0; Win64; x64) AppleWebKit/537.36 (KHTML, like Gecko) Chrome/110.0.0.0 Safari/537.36" "ysfine.com"
222.110.103.253 - - [16/Feb/2023:01:02:05 -0800] "GET /kobak/kumipo01b.jpg HTTP/1.1" 200 32923 "https://ysfine.com/kowar/war53.html" "Mozilla/5.0 (Windows NT 10.0; Win64; x64) AppleWebKit/537.36 (KHTML, like Gecko) Chrome/110.0.0.0 Safari/537.36" "ysfine.com"
222.110.103.253 - - [16/Feb/2023:01:02:05 -0800] "GET /kowar/panmun02b.jpg HTTP/1.1" 200 51595 "https://ysfine.com/kowar/war53.html" "Mozilla/5.0 (Windows NT 10.0; Win64; x64) AppleWebKit/537.36 (KHTML, like Gecko) Chrome/110.0.0.0 Safari/537.36" "ysfine.com"
222.110.103.253 - - [16/Feb/2023:01:02:05 -0800] "GET /kobak/sohnwi01b.jpg HTTP/1.1" 200 35047 "https://ysfine.com/kowar/war53.html" "Mozilla/5.0 (Windows NT 10.0; Win64; x64) AppleWebKit/537.36 (KHTML, like Gecko) Chrome/110.0.0.0 Safari/537.36" "ysfine.com"
222.110.103.253 - - [16/Feb/2023:01:02:05 -0800] "GET /kobak/nll01b.jpg HTTP/1.1" 200 30471 "https://ysfine.com/kowar/war53.html" "Mozilla/5.0 (Windows NT 10.0; Win64; x64) AppleWebKit/537.36 (KHTML, like Gecko) Chrome/110.0.0.0 Safari/537.36" "ysfine.com"
222.110.103.253 - - [16/Feb/2023:01:02:05 -0800] "GET /kowar/panmun01b.jpg HTTP/1.1" 200 35620 "https://ysfine.com/kowar/war53.html" "Mozilla/5.0 (Windows NT 10.0; Win64; x64) AppleWebKit/537.36 (KHTML, like Gecko) Chrome/110.0.0.0 Safari/537.36" "ysfine.com"
222.110.103.253 - - [16/Feb/2023:01:02:05 -0800] "GET /kowar/paiksy01b.jpg HTTP/1.1" 200 54700 "https://ysfine.com/kowar/war53.html" "Mozilla/5.0 (Windows NT 10.0; Win64; x64) AppleWebKit/537.36 (KHTML, like Gecko) Chrome/110.0.0.0 Safari/537.36" "ysfine.com"
222.110.103.253 - - [16/Feb/2023:01:02:05 -0800] "GET /kowar/tanks/b36bomber11b.jpg HTTP/1.1" 200 25249 "https://ysfine.com/kowar/war53.html" "Mozilla/5.0 (Windows NT 10.0; Win64; x64) AppleWebKit/537.36 (KHTML, like Gecko) Chrome/110.0.0.0 Safari/537.36" "ysfine.com"
222.110.103.253 - - [16/Feb/2023:01:02:05 -0800] "GET /kobak/somap38b.jpg HTTP/1.1" 200 54149 "https://ysfine.com/kowar/war53.html" "Mozilla/5.0 (Windows NT 10.0; Win64; x64) AppleWebKit/537.36 (KHTML, like Gecko) Chrome/110.0.0.0 Safari/537.36" "ysfine.com"
81.158.85.84 - - [16/Feb/2023:01:02:30 -0800] "GET /feynman/feybongo.jpg HTTP/1.1" 200 47448 "https://www.google.co.uk/" "Mozilla/5.0 (Macintosh; Intel Mac OS X 10_15_6) AppleWebKit/605.1.15 (KHTML, like Gecko) Version/15.6.1 Safari/605.1.15" "ysfine.com"
64.124.8.50 - - [16/Feb/2023:01:02:52 -0800] "GET /ysbio/world/germany/vienvolkart11.jpg HTTP/1.1" 404 88 "-" "Mozilla/5.0 (Macintosh; Intel Mac OS X 10_15_7) AppleWebKit/537.36 (KHTML, like Gecko) Chrome/107.0.0.0 Safari/537.36" "ysfine.com"
216.244.66.229 - - [16/Feb/2023:01:03:15 -0800] "GET /robots.txt HTTP/1.1" 404 73 "-" "Mozilla/5.0 (compatible; DotBot/1.2; +https://opensiteexplorer.org/dotbot; help@moz.com)" "www.ysfine.com"
216.244.66.229 - - [16/Feb/2023:01:03:15 -0800] "GET /robots.txt HTTP/1.1" 404 73 "-" "Mozilla/5.0 (compatible; DotBot/1.2; +https://opensiteexplorer.org/dotbot; help@moz.com)" "ysfine.com"
81.158.85.84 - - [16/Feb/2023:01:03:33 -0800] "GET /dirac/dirfeyn.html HTTP/1.1" 200 6341 "https://www.google.co.uk/" "Mozilla/5.0 (Macintosh; Intel Mac OS X 10_15_6) AppleWebKit/605.1.15 (KHTML, like Gecko) Version/15.6.1 Safari/605.1.15" "ysfine.com"
81.158.85.84 - - [16/Feb/2023:01:03:34 -0800] "GET /dirac/sq73c.jpg HTTP/1.1" 200 35501 "https://ysfine.com/dirac/dirfeyn.html" "Mozilla/5.0 (Macintosh; Intel Mac OS X 10_15_6) AppleWebKit/605.1.15 (KHTML, like Gecko) Version/15.6.1 Safari/605.1.15" "ysfine.com"
81.158.85.84 - - [16/Feb/2023:01:03:34 -0800] "GET /dirac/dirackn33c.jpg HTTP/1.1" 200 50420 "https://ysfine.com/dirac/dirfeyn.html" "Mozilla/5.0 (Macintosh; Intel Mac OS X 10_15_6) AppleWebKit/605.1.15 (KHTML, like Gecko) Version/15.6.1 Safari/605.1.15" "ysfine.com"
81.158.85.84 - - [16/Feb/2023:01:03:34 -0800] "GET /dirac/feydirac300.jpg HTTP/1.1" 200 38223 "https://ysfine.com/dirac/dirfeyn.html" "Mozilla/5.0 (Macintosh; Intel Mac OS X 10_15_6) AppleWebKit/605.1.15 (KHTML, like Gecko) Version/15.6.1 Safari/605.1.15" "ysfine.com"
81.158.85.84 - - [16/Feb/2023:01:03:34 -0800] "GET /dirac/dfkim11c.jpg HTTP/1.1" 200 34801 "https://ysfine.com/dirac/dirfeyn.html" "Mozilla/5.0 (Macintosh; Intel Mac OS X 10_15_6) AppleWebKit/605.1.15 (KHTML, like Gecko) Version/15.6.1 Safari/605.1.15" "ysfine.com"
81.158.85.84 - - [16/Feb/2023:01:03:34 -0800] "GET /dirac/nicodem11c.jpg HTTP/1.1" 200 72684 "https://ysfine.com/dirac/dirfeyn.html" "Mozilla/5.0 (Macintosh; Intel Mac OS X 10_15_6) AppleWebKit/605.1.15 (KHTML, like Gecko) Version/15.6.1 Safari/605.1.15" "ysfine.com"
81.158.85.84 - - [16/Feb/2023:01:03:34 -0800] "GET /feynman/jacdrum11c.jpg HTTP/1.1" 200 39178 "https://ysfine.com/dirac/dirfeyn.html" "Mozilla/5.0 (Macintosh; Intel Mac OS X 10_15_6) AppleWebKit/605.1.15 (KHTML, like Gecko) Version/15.6.1 Safari/605.1.15" "ysfine.com"
81.158.85.84 - - [16/Feb/2023:01:03:34 -0800] "GET /eink/eink61c.jpg HTTP/1.1" 200 34119 "https://ysfine.com/dirac/dirfeyn.html" "Mozilla/5.0 (Macintosh; Intel Mac OS X 10_15_6) AppleWebKit/605.1.15 (KHTML, like Gecko) Version/15.6.1 Safari/605.1.15" "ysfine.com"
