152.58.160.197 - - [16/Feb/2023:09:19:19 -0800] "GET /einstein/einbohr33.jpg HTTP/1.1" 200 87797 "https://www.google.com/" "Mozilla/5.0 (Windows NT 6.1; rv:109.0) Gecko/20100101 Firefox/109.0" "ysfine.com"
152.58.160.197 - - [16/Feb/2023:09:19:25 -0800] "GET /feynman/feydirac.jpg HTTP/1.1" 200 98378 "https://www.google.com/" "Mozilla/5.0 (Windows NT 6.1; rv:109.0) Gecko/20100101 Firefox/109.0" "ysfine.com"
17.22.245.75 - - [16/Feb/2023:09:19:39 -0800] "GET /feynman/feyntop.html HTTP/1.1" 200 435 "https://ysfine.com/feynman/index.html" "Mozilla/5.0 (Macintosh; Intel Mac OS X 10_15_5) AppleWebKit/605.1.15 (KHTML, like Gecko) Version/13.1.1 Safari/605.1.15 (Applebot/0.1; +http://www.apple.com/go/applebot)" "ysfine.com"
17.22.245.108 - - [16/Feb/2023:09:19:39 -0800] "GET /feynman/feynbot.html HTTP/1.1" 200 138 "https://ysfine.com/feynman/index.html" "Mozilla/5.0 (Macintosh; Intel Mac OS X 10_15_5) AppleWebKit/605.1.15 (KHTML, like Gecko) Version/13.1.1 Safari/605.1.15 (Applebot/0.1; +http://www.apple.com/go/applebot)" "ysfine.com"
17.22.245.108 - - [16/Feb/2023:09:19:40 -0800] "GET /feynman/feynrigh.html HTTP/1.1" 200 2183 "https://ysfine.com/feynman/feynbot.html" "Mozilla/5.0 (Macintosh; Intel Mac OS X 10_15_5) AppleWebKit/605.1.15 (KHTML, like Gecko) Version/13.1.1 Safari/605.1.15 (Applebot/0.1; +http://www.apple.com/go/applebot)" "ysfine.com"
17.22.245.75 - - [16/Feb/2023:09:19:40 -0800] "GET /feynman/feynleft.html HTTP/1.1" 200 523 "https://ysfine.com/feynman/feynbot.html" "Mozilla/5.0 (Macintosh; Intel Mac OS X 10_15_5) AppleWebKit/605.1.15 (KHTML, like Gecko) Version/13.1.1 Safari/605.1.15 (Applebot/0.1; +http://www.apple.com/go/applebot)" "ysfine.com"
114.79.167.52 - - [16/Feb/2023:09:20:17 -0800] "GET /dirac/wigsis11.jpg HTTP/1.1" 200 71741 "https://www.google.com/" "Mozilla/5.0 (Windows NT 10.0; Win64; x64) AppleWebKit/537.36 (KHTML, like Gecko) Chrome/110.0.0.0 Safari/537.36" "ysfine.com"
177.95.148.12 - - [16/Feb/2023:09:20:24 -0800] "GET /wigner/neum/vnc01.jpg HTTP/1.1" 200 133641 "https://sites.google.com/" "Mozilla/5.0 (Windows NT 10.0; Win64; x64) AppleWebKit/537.36 (KHTML, like Gecko) Chrome/109.0.0.0 Safari/537.36" "ysfine.com"
114.239.165.140 - - [16/Feb/2023:09:20:34 -0800] "GET /usca/pgh.html HTTP/1.1" 200 13572 "-" "Mozilla/5.0 (Windows NT 6.2; Win64; x64) AppleWebKit/537.36 (KHTML, like Gecko) Chrome/60.0.3112.90 Safari/537.36" "ysfine.com"
211.234.195.131 - - [16/Feb/2023:09:21:14 -0800] "GET /jobs/koreaj.html HTTP/1.1" 304 - "https://www.google.com/" "Mozilla/5.0 (Linux; Android 12; SM-G977N) AppleWebKit/537.36 (KHTML, like Gecko) Chrome/109.0.0.0 Mobile Safari/537.36" "ysfine.com"
211.234.195.131 - - [16/Feb/2023:09:21:14 -0800] "GET /jobs/koreaj11b.jpg HTTP/1.1" 200 67543 "https://ysfine.com/jobs/koreaj.html" "Mozilla/5.0 (Linux; Android 12; SM-G977N) AppleWebKit/537.36 (KHTML, like Gecko) Chrome/109.0.0.0 Mobile Safari/537.36" "ysfine.com"
211.234.195.131 - - [16/Feb/2023:09:21:17 -0800] "GET /jobs/koreaj11b.jpg HTTP/1.1" 206 1 "https://ysfine.com/jobs/koreaj.html" "Mozilla/5.0 (Linux; Android 12; SM-G977N) AppleWebKit/537.36 (KHTML, like Gecko) Chrome/109.0.0.0 Mobile Safari/537.36" "ysfine.com"
211.234.195.131 - - [16/Feb/2023:09:21:18 -0800] "GET /jobs/koreaj11b.jpg HTTP/1.1" 206 51452 "https://ysfine.com/jobs/koreaj.html" "Mozilla/5.0 (Linux; Android 12; SM-G977N) AppleWebKit/537.36 (KHTML, like Gecko) Chrome/109.0.0.0 Mobile Safari/537.36" "ysfine.com"
185.191.171.38 - - [16/Feb/2023:09:21:25 -0800] "GET /maga/sanchez.html HTTP/1.1" 200 1278 "-" "Mozilla/5.0 (compatible; SemrushBot/7~bl; +http://www.semrush.com/bot.html)" "ysfine.com"
52.167.144.62 - - [16/Feb/2023:09:21:26 -0800] "GET /world/japan/nara005b.jpg HTTP/1.1" 200 49269 "-" "Mozilla/5.0 AppleWebKit/537.36 (KHTML, like Gecko; compatible; bingbot/2.0; +http://www.bing.com/bingbot.htm) Chrome/103.0.5060.134 Safari/537.36" "ysfine.com"
179.185.133.114 - - [16/Feb/2023:09:22:54 -0800] "GET /wigner/neum/vnc01.jpg HTTP/1.1" 200 133641 "https://sites.google.com/" "Mozilla/5.0 (Windows NT 10.0; Win64; x64) AppleWebKit/537.36 (KHTML, like Gecko) Chrome/110.0.0.0 Safari/537.36" "ysfine.com"
64.124.8.28 - - [16/Feb/2023:09:23:26 -0800] "GET /maga/phil/marxmos02.jpg HTTP/1.1" 200 74082 "-" "Mozilla/5.0 (Macintosh; Intel Mac OS X 10_15_7) AppleWebKit/537.36 (KHTML, like Gecko) Chrome/107.0.0.0 Safari/537.36" "www.ysfine.com"
18.205.189.43 - - [16/Feb/2023:09:23:27 -0800] "GET /sitemap.xml HTTP/1.1" 304 - "https://www.google.com/" "Mozilla/5.0 (Macintosh; Intel Mac OS X 10_15_2) AppleWebKit/537.36 (KHTML, like Gecko) Chrome/80.0.3987.132 Safari/537.36" "www.ysfine.com"
64.124.8.55 - - [16/Feb/2023:09:24:03 -0800] "GET /world/scandi/sto035.jpg HTTP/1.1" 200 93331 "-" "Mozilla/5.0 (Macintosh; Intel Mac OS X 10_15_7) AppleWebKit/537.36 (KHTML, like Gecko) Chrome/107.0.0.0 Safari/537.36" "ysfine.com"
185.191.171.26 - - [16/Feb/2023:09:24:57 -0800] "GET /world/china/hongkong.html HTTP/1.1" 200 4914 "-" "Mozilla/5.0 (compatible; SemrushBot/7~bl; +http://www.semrush.com/bot.html)" "www.ysfine.com"
114.119.156.238 - - [16/Feb/2023:09:25:17 -0800] "GET /class54/class5470/total_data/photo_img/1-34.jpg HTTP/1.1" 200 168274 "https://www.ysfine.com/class54/class5470/total_data/sub_134.htm" "Mozilla/5.0 (Linux; Android 7.0;) AppleWebKit/537.36 (KHTML, like Gecko) Mobile Safari/537.36 (compatible; PetalBot;+https://webmaster.petalsearch.com/site/petalbot)" "www.ysfine.com"
52.167.144.86 - - [16/Feb/2023:09:25:24 -0800] "GET /auto/bio21.html HTTP/1.1" 200 5217 "-" "Mozilla/5.0 AppleWebKit/537.36 (KHTML, like Gecko; compatible; bingbot/2.0; +http://www.bing.com/bingbot.htm) Chrome/103.0.5060.134 Safari/537.36" "ysfine.com"
52.167.144.62 - - [16/Feb/2023:09:25:28 -0800] "GET /bio/style/proschanie.html HTTP/1.1" 404 88 "-" "Mozilla/5.0 AppleWebKit/537.36 (KHTML, like Gecko; compatible; bingbot/2.0; +http://www.bing.com/bingbot.htm) Chrome/103.0.5060.134 Safari/537.36" "ysfine.com"
52.167.144.35 - - [16/Feb/2023:09:26:13 -0800] "GET /bio/sbk/1950.html HTTP/1.1" 404 88 "-" "Mozilla/5.0 AppleWebKit/537.36 (KHTML, like Gecko; compatible; bingbot/2.0; +http://www.bing.com/bingbot.htm) Chrome/103.0.5060.134 Safari/537.36" "ysfine.com"
64.124.8.52 - - [16/Feb/2023:09:26:29 -0800] "GET /world/balkan/istan034.jpg HTTP/1.1" 200 112751 "-" "Mozilla/5.0 (Macintosh; Intel Mac OS X 10_15_7) AppleWebKit/537.36 (KHTML, like Gecko) Chrome/107.0.0.0 Safari/537.36" "ysfine.com"
64.124.8.52 - - [16/Feb/2023:09:26:53 -0800] "GET /ysbio/newyork/colum05.jpg HTTP/1.1" 404 88 "-" "Mozilla/5.0 (Macintosh; Intel Mac OS X 10_15_7) AppleWebKit/537.36 (KHTML, like Gecko) Chrome/107.0.0.0 Safari/537.36" "ysfine.com"
52.167.144.86 - - [16/Feb/2023:09:27:04 -0800] "GET /kobak/chungilk02b.jpg HTTP/1.1" 200 61073 "-" "Mozilla/5.0 AppleWebKit/537.36 (KHTML, like Gecko; compatible; bingbot/2.0; +http://www.bing.com/bingbot.htm) Chrome/103.0.5060.134 Safari/537.36" "www.ysfine.com"
52.143.242.6 - - [16/Feb/2023:09:27:23 -0800] "GET /princeton/ias11.jpg HTTP/1.1" 200 76978 "-" "DuckDuckBot/1.1; (+http://duckduckgo.com/duckduckbot.html)" "www.ysfine.com"
64.124.8.28 - - [16/Feb/2023:09:28:13 -0800] "GET /style/nga33.jpg HTTP/1.1" 200 164263 "-" "Mozilla/5.0 (Macintosh; Intel Mac OS X 10_15_7) AppleWebKit/537.36 (KHTML, like Gecko) Chrome/107.0.0.0 Safari/537.36" "www.ysfine.com"
52.167.144.35 - - [16/Feb/2023:09:28:33 -0800] "GET /bio/style/artlove.html HTTP/1.1" 404 88 "-" "Mozilla/5.0 AppleWebKit/537.36 (KHTML, like Gecko; compatible; bingbot/2.0; +http://www.bing.com/bingbot.htm) Chrome/103.0.5060.134 Safari/537.36" "ysfine.com"
64.124.8.52 - - [16/Feb/2023:09:28:36 -0800] "GET /sbk/2000nyc22.jpg HTTP/1.1" 200 169210 "-" "Mozilla/5.0 (Macintosh; Intel Mac OS X 10_15_7) AppleWebKit/537.36 (KHTML, like Gecko) Chrome/107.0.0.0 Safari/537.36" "ysfine.com"
200.201.116.173 - - [16/Feb/2023:09:29:11 -0800] "GET /wigner/neum/ymath.jpg HTTP/1.1" 200 64930 "https://www.google.com/" "Mozilla/5.0 (Windows NT 10.0; Win64; x64) AppleWebKit/537.36 (KHTML, like Gecko) Chrome/110.0.0.0 Safari/537.36" "ysfine.com"
47.19.32.78 - - [16/Feb/2023:09:29:36 -0800] "GET /kowar/tanks/tank03.jpg HTTP/1.1" 200 106726 "https://www.google.com/" "Mozilla/5.0 (X11; CrOS x86_64 14541.0.0) AppleWebKit/537.36 (KHTML, like Gecko) Chrome/109.0.0.0 Safari/537.36" "ysfine.com"
64.124.8.54 - - [16/Feb/2023:09:29:43 -0800] "GET /feynman/krz.jpg HTTP/1.1" 200 38441 "-" "Mozilla/5.0 (Macintosh; Intel Mac OS X 10_15_7) AppleWebKit/537.36 (KHTML, like Gecko) Chrome/107.0.0.0 Safari/537.36" "ysfine.com"
114.239.165.140 - - [16/Feb/2023:09:30:05 -0800] "GET /princeton/index.html HTTP/1.1" 200 140 "-" "Mozilla/5.0 (Windows NT 6.2; Win64; x64) AppleWebKit/537.36 (KHTML, like Gecko) Chrome/60.0.3112.90 Safari/537.36" "ysfine.com"
64.124.8.49 - - [16/Feb/2023:09:30:08 -0800] "GET /ysbio/world/russ/kiev025.jpg HTTP/1.1" 404 88 "-" "Mozilla/5.0 (Macintosh; Intel Mac OS X 10_15_7) AppleWebKit/537.36 (KHTML, like Gecko) Chrome/107.0.0.0 Safari/537.36" "ysfine.com"
64.124.8.53 - - [16/Feb/2023:09:30:13 -0800] "GET /ysbio/usca/pitt/pgh52.jpg HTTP/1.1" 404 88 "-" "Mozilla/5.0 (Macintosh; Intel Mac OS X 10_15_7) AppleWebKit/537.36 (KHTML, like Gecko) Chrome/107.0.0.0 Safari/537.36" "ysfine.com"
64.124.8.53 - - [16/Feb/2023:09:30:25 -0800] "GET /world/russ/kiev001.jpg HTTP/1.1" 200 170854 "-" "Mozilla/5.0 (Macintosh; Intel Mac OS X 10_15_7) AppleWebKit/537.36 (KHTML, like Gecko) Chrome/107.0.0.0 Safari/537.36" "www.ysfine.com"
77.75.78.169 - - [16/Feb/2023:09:30:27 -0800] "GET /robots.txt HTTP/1.1" 404 88 "-" "Mozilla/5.0 (compatible; SeznamBot/3.2; +http://napoveda.seznam.cz/en/seznambot-intro/)" "ysfine.com"
77.75.78.169 - - [16/Feb/2023:09:30:28 -0800] "GET /world/poland/sienkiew01.jpg HTTP/1.1" 304 - "-" "Mozilla/5.0 (compatible; SeznamBot/3.2; +http://napoveda.seznam.cz/en/seznambot-intro/)" "ysfine.com"
77.75.78.169 - - [16/Feb/2023:09:30:29 -0800] "GET /maga/phys/maxwell06.jpg HTTP/1.1" 200 94271 "-" "Mozilla/5.0 (compatible; SeznamBot/3.2; +http://napoveda.seznam.cz/en/seznambot-intro/)" "ysfine.com"
77.75.78.169 - - [16/Feb/2023:09:30:32 -0800] "GET /world/ital/rome022.jpg HTTP/1.1" 304 - "-" "Mozilla/5.0 (compatible; SeznamBot/3.2; +http://napoveda.seznam.cz/en/seznambot-intro/)" "ysfine.com"
77.75.78.169 - - [16/Feb/2023:09:30:33 -0800] "GET /world/brit/oxlon65.jpg HTTP/1.1" 304 - "-" "Mozilla/5.0 (compatible; SeznamBot/3.2; +http://napoveda.seznam.cz/en/seznambot-intro/)" "ysfine.com"
77.75.78.169 - - [16/Feb/2023:09:30:33 -0800] "GET /world/poland/gdn33.jpg HTTP/1.1" 304 - "-" "Mozilla/5.0 (compatible; SeznamBot/3.2; +http://napoveda.seznam.cz/en/seznambot-intro/)" "ysfine.com"
77.75.78.169 - - [16/Feb/2023:09:30:33 -0800] "GET /home/facu63.jpg HTTP/1.1" 200 296378 "-" "Mozilla/5.0 (compatible; SeznamBot/3.2; +http://napoveda.seznam.cz/en/seznambot-intro/)" "ysfine.com"
98.161.172.57 - - [16/Feb/2023:09:31:29 -0800] "GET /houses/house10.jpg HTTP/1.1" 200 76259 "https://www.google.com/" "Mozilla/5.0 (Windows NT 10.0; Win64; x64) AppleWebKit/537.36 (KHTML, like Gecko) Chrome/110.0.0.0 Safari/537.36" "ysfine.com"
98.161.172.57 - - [16/Feb/2023:09:31:38 -0800] "GET /houses/myhouse.html HTTP/1.1" 200 1473 "https://www.google.com/" "Mozilla/5.0 (Windows NT 10.0; Win64; x64) AppleWebKit/537.36 (KHTML, like Gecko) Chrome/110.0.0.0 Safari/537.36 Edg/110.0.1587.41" "ysfine.com"
98.161.172.57 - - [16/Feb/2023:09:31:39 -0800] "GET /houses/house34c.jpg HTTP/1.1" 200 22712 "https://ysfine.com/houses/myhouse.html" "Mozilla/5.0 (Windows NT 10.0; Win64; x64) AppleWebKit/537.36 (KHTML, like Gecko) Chrome/110.0.0.0 Safari/537.36 Edg/110.0.1587.41" "ysfine.com"
98.161.172.57 - - [16/Feb/2023:09:31:39 -0800] "GET /houses/house11c.jpg HTTP/1.1" 200 30925 "https://ysfine.com/houses/myhouse.html" "Mozilla/5.0 (Windows NT 10.0; Win64; x64) AppleWebKit/537.36 (KHTML, like Gecko) Chrome/110.0.0.0 Safari/537.36 Edg/110.0.1587.41" "ysfine.com"
98.161.172.57 - - [16/Feb/2023:09:31:39 -0800] "GET /houses/capitol33c.jpg HTTP/1.1" 200 32326 "https://ysfine.com/houses/myhouse.html" "Mozilla/5.0 (Windows NT 10.0; Win64; x64) AppleWebKit/537.36 (KHTML, like Gecko) Chrome/110.0.0.0 Safari/537.36 Edg/110.0.1587.41" "ysfine.com"
98.161.172.57 - - [16/Feb/2023:09:31:39 -0800] "GET /houses/house12c.jpg HTTP/1.1" 200 29087 "https://ysfine.com/houses/myhouse.html" "Mozilla/5.0 (Windows NT 10.0; Win64; x64) AppleWebKit/537.36 (KHTML, like Gecko) Chrome/110.0.0.0 Safari/537.36 Edg/110.0.1587.41" "ysfine.com"
98.161.172.57 - - [16/Feb/2023:09:31:39 -0800] "GET /houses/house44c.jpg HTTP/1.1" 200 36128 "https://ysfine.com/houses/myhouse.html" "Mozilla/5.0 (Windows NT 10.0; Win64; x64) AppleWebKit/537.36 (KHTML, like Gecko) Chrome/110.0.0.0 Safari/537.36 Edg/110.0.1587.41" "ysfine.com"
98.161.172.57 - - [16/Feb/2023:09:31:55 -0800] "GET /houses/house10.jpg HTTP/1.1" 200 76259 "https://ysfine.com/houses/myhouse.html" "Mozilla/5.0 (Windows NT 10.0; Win64; x64) AppleWebKit/537.36 (KHTML, like Gecko) Chrome/110.0.0.0 Safari/537.36 Edg/110.0.1587.41" "ysfine.com"
98.161.172.57 - - [16/Feb/2023:09:32:17 -0800] "GET /houses/house99.jpg HTTP/1.1" 200 163720 "https://ysfine.com/houses/myhouse.html" "Mozilla/5.0 (Windows NT 10.0; Win64; x64) AppleWebKit/537.36 (KHTML, like Gecko) Chrome/110.0.0.0 Safari/537.36 Edg/110.0.1587.41" "ysfine.com"
52.167.144.86 - - [16/Feb/2023:09:32:24 -0800] "GET /bio/wigner/e(2).html HTTP/1.1" 404 88 "-" "Mozilla/5.0 AppleWebKit/537.36 (KHTML, like Gecko; compatible; bingbot/2.0; +http://www.bing.com/bingbot.htm) Chrome/103.0.5060.134 Safari/537.36" "ysfine.com"
64.124.8.57 - - [16/Feb/2023:09:32:36 -0800] "GET /world/france/champ9606.jpg HTTP/1.1" 200 43990 "-" "Mozilla/5.0 (Macintosh; Intel Mac OS X 10_15_7) AppleWebKit/537.36 (KHTML, like Gecko) Chrome/107.0.0.0 Safari/537.36" "www.ysfine.com"
116.179.32.162 - - [16/Feb/2023:09:32:38 -0800] "GET /princeton/prosprade.html HTTP/1.1" 200 242 "-" "Mozilla/5.0 (compatible; Baiduspider/2.0; +http://www.baidu.com/search/spider.html)" "www.ysfine.com"
116.179.37.12 - - [16/Feb/2023:09:32:41 -0800] "GET /princeton/pros05.jpg HTTP/1.1" 200 83329 "https://www.ysfine.com/princeton/prosprade.html" "Mozilla/5.0 (compatible; Baiduspider-render/2.0; +http://www.baidu.com/search/spider.html)" "www.ysfine.com"
116.179.37.51 - - [16/Feb/2023:09:32:41 -0800] "GET /princeton/pros02.jpg HTTP/1.1" 200 72340 "https://www.ysfine.com/princeton/prosprade.html" "Mozilla/5.0 (compatible; Baiduspider-render/2.0; +http://www.baidu.com/search/spider.html)" "www.ysfine.com"
116.179.37.125 - - [16/Feb/2023:09:32:41 -0800] "GET /princeton/pros08.jpg HTTP/1.1" 200 82950 "https://www.ysfine.com/princeton/prosprade.html" "Mozilla/5.0 (compatible; Baiduspider-render/2.0; +http://www.baidu.com/search/spider.html)" "www.ysfine.com"
116.179.37.140 - - [16/Feb/2023:09:32:41 -0800] "GET /princeton/pros01.jpg HTTP/1.1" 200 82076 "https://www.ysfine.com/princeton/prosprade.html" "Mozilla/5.0 (compatible; Baiduspider-render/2.0; +http://www.baidu.com/search/spider.html)" "www.ysfine.com"
116.179.37.110 - - [16/Feb/2023:09:32:41 -0800] "GET /princeton/pros06.jpg HTTP/1.1" 200 76933 "https://www.ysfine.com/princeton/prosprade.html" "Mozilla/5.0 (compatible; Baiduspider-render/2.0; +http://www.baidu.com/search/spider.html)" "www.ysfine.com"
116.179.37.76 - - [16/Feb/2023:09:32:41 -0800] "GET /princeton/pros07.jpg HTTP/1.1" 200 84749 "https://www.ysfine.com/princeton/prosprade.html" "Mozilla/5.0 (compatible; Baiduspider-render/2.0; +http://www.baidu.com/search/spider.html)" "www.ysfine.com"
116.179.37.167 - - [16/Feb/2023:09:32:41 -0800] "GET /princeton/pros04.jpg HTTP/1.1" 200 88519 "https://www.ysfine.com/princeton/prosprade.html" "Mozilla/5.0 (compatible; Baiduspider-render/2.0; +http://www.baidu.com/search/spider.html)" "www.ysfine.com"
116.179.37.116 - - [16/Feb/2023:09:32:41 -0800] "GET /princeton/pros09.jpg HTTP/1.1" 200 59864 "https://www.ysfine.com/princeton/prosprade.html" "Mozilla/5.0 (compatible; Baiduspider-render/2.0; +http://www.baidu.com/search/spider.html)" "www.ysfine.com"
116.179.37.159 - - [16/Feb/2023:09:32:41 -0800] "GET /princeton/pros03.jpg HTTP/1.1" 200 71076 "https://www.ysfine.com/princeton/prosprade.html" "Mozilla/5.0 (compatible; Baiduspider-render/2.0; +http://www.baidu.com/search/spider.html)" "www.ysfine.com"
116.179.37.242 - - [16/Feb/2023:09:32:41 -0800] "GET /princeton/pros10.jpg HTTP/1.1" 200 111737 "https://www.ysfine.com/princeton/prosprade.html" "Mozilla/5.0 (compatible; Baiduspider-render/2.0; +http://www.baidu.com/search/spider.html)" "www.ysfine.com"
98.161.172.57 - - [16/Feb/2023:09:32:43 -0800] "GET /houses/house22.jpg HTTP/1.1" 200 112513 "https://ysfine.com/houses/myhouse.html" "Mozilla/5.0 (Windows NT 10.0; Win64; x64) AppleWebKit/537.36 (KHTML, like Gecko) Chrome/110.0.0.0 Safari/537.36 Edg/110.0.1587.41" "ysfine.com"
52.167.144.86 - - [16/Feb/2023:09:32:45 -0800] "GET /ysbio/style/mushalls.html HTTP/1.1" 404 88 "-" "Mozilla/5.0 AppleWebKit/537.36 (KHTML, like Gecko; compatible; bingbot/2.0; +http://www.bing.com/bingbot.htm) Chrome/103.0.5060.134 Safari/537.36" "ysfine.com"
64.124.8.29 - - [16/Feb/2023:09:32:50 -0800] "GET /ysbio/wigner/stevew.jpg HTTP/1.1" 404 88 "-" "Mozilla/5.0 (Macintosh; Intel Mac OS X 10_15_7) AppleWebKit/537.36 (KHTML, like Gecko) Chrome/107.0.0.0 Safari/537.36" "ysfine.com"
98.161.172.57 - - [16/Feb/2023:09:32:51 -0800] "GET /houses/house76.jpg HTTP/1.1" 200 128639 "https://ysfine.com/houses/myhouse.html" "Mozilla/5.0 (Windows NT 10.0; Win64; x64) AppleWebKit/537.36 (KHTML, like Gecko) Chrome/110.0.0.0 Safari/537.36 Edg/110.0.1587.41" "ysfine.com"
98.161.172.57 - - [16/Feb/2023:09:33:01 -0800] "GET /houses/house88.jpg HTTP/1.1" 200 129086 "https://ysfine.com/houses/myhouse.html" "Mozilla/5.0 (Windows NT 10.0; Win64; x64) AppleWebKit/537.36 (KHTML, like Gecko) Chrome/110.0.0.0 Safari/537.36 Edg/110.0.1587.41" "ysfine.com"
98.161.172.57 - - [16/Feb/2023:09:33:07 -0800] "GET /houses/house33.jpg HTTP/1.1" 200 66134 "https://ysfine.com/houses/myhouse.html" "Mozilla/5.0 (Windows NT 10.0; Win64; x64) AppleWebKit/537.36 (KHTML, like Gecko) Chrome/110.0.0.0 Safari/537.36 Edg/110.0.1587.41" "ysfine.com"
98.161.172.57 - - [16/Feb/2023:09:33:15 -0800] "GET /houses/house34.jpg HTTP/1.1" 200 62289 "https://ysfine.com/houses/myhouse.html" "Mozilla/5.0 (Windows NT 10.0; Win64; x64) AppleWebKit/537.36 (KHTML, like Gecko) Chrome/110.0.0.0 Safari/537.36 Edg/110.0.1587.41" "ysfine.com"
98.161.172.57 - - [16/Feb/2023:09:33:25 -0800] "GET /sbk/index.html HTTP/1.1" 200 198 "https://ysfine.com/houses/myhouse.html" "Mozilla/5.0 (Windows NT 10.0; Win64; x64) AppleWebKit/537.36 (KHTML, like Gecko) Chrome/110.0.0.0 Safari/537.36 Edg/110.0.1587.41" "ysfine.com"
98.161.172.57 - - [16/Feb/2023:09:33:25 -0800] "GET /sbk/sbleft.html HTTP/1.1" 200 426 "https://ysfine.com/sbk/index.html" "Mozilla/5.0 (Windows NT 10.0; Win64; x64) AppleWebKit/537.36 (KHTML, like Gecko) Chrome/110.0.0.0 Safari/537.36 Edg/110.0.1587.41" "ysfine.com"
98.161.172.57 - - [16/Feb/2023:09:33:25 -0800] "GET /sbk/1950.html HTTP/1.1" 200 5522 "https://ysfine.com/sbk/index.html" "Mozilla/5.0 (Windows NT 10.0; Win64; x64) AppleWebKit/537.36 (KHTML, like Gecko) Chrome/110.0.0.0 Safari/537.36 Edg/110.0.1587.41" "ysfine.com"
98.161.172.57 - - [16/Feb/2023:09:33:25 -0800] "GET /sbk/1959aa11c.jpg HTTP/1.1" 200 27910 "https://ysfine.com/sbk/1950.html" "Mozilla/5.0 (Windows NT 10.0; Win64; x64) AppleWebKit/537.36 (KHTML, like Gecko) Chrome/110.0.0.0 Safari/537.36 Edg/110.0.1587.41" "ysfine.com"
98.161.172.57 - - [16/Feb/2023:09:33:25 -0800] "GET /sbk/1965cc11c.jpg HTTP/1.1" 200 23254 "https://ysfine.com/sbk/1950.html" "Mozilla/5.0 (Windows NT 10.0; Win64; x64) AppleWebKit/537.36 (KHTML, like Gecko) Chrome/110.0.0.0 Safari/537.36 Edg/110.0.1587.41" "ysfine.com"
98.161.172.57 - - [16/Feb/2023:09:33:25 -0800] "GET /sbk/1963aa33c.jpg HTTP/1.1" 200 23379 "https://ysfine.com/sbk/1950.html" "Mozilla/5.0 (Windows NT 10.0; Win64; x64) AppleWebKit/537.36 (KHTML, like Gecko) Chrome/110.0.0.0 Safari/537.36 Edg/110.0.1587.41" "ysfine.com"
98.161.172.57 - - [16/Feb/2023:09:33:25 -0800] "GET /sbk/1967annapo11c.jpg HTTP/1.1" 200 31737 "https://ysfine.com/sbk/1950.html" "Mozilla/5.0 (Windows NT 10.0; Win64; x64) AppleWebKit/537.36 (KHTML, like Gecko) Chrome/110.0.0.0 Safari/537.36 Edg/110.0.1587.41" "ysfine.com"
98.161.172.57 - - [16/Feb/2023:09:33:25 -0800] "GET /sbk/1968bb300.jpg HTTP/1.1" 200 28047 "https://ysfine.com/sbk/1950.html" "Mozilla/5.0 (Windows NT 10.0; Win64; x64) AppleWebKit/537.36 (KHTML, like Gecko) Chrome/110.0.0.0 Safari/537.36 Edg/110.0.1587.41" "ysfine.com"
98.161.172.57 - - [16/Feb/2023:09:33:25 -0800] "GET /sbk/1969cornell300.jpg HTTP/1.1" 200 26073 "https://ysfine.com/sbk/1950.html" "Mozilla/5.0 (Windows NT 10.0; Win64; x64) AppleWebKit/537.36 (KHTML, like Gecko) Chrome/110.0.0.0 Safari/537.36 Edg/110.0.1587.41" "ysfine.com"
98.161.172.57 - - [16/Feb/2023:09:33:25 -0800] "GET /sbk/1970nyc11c.jpg HTTP/1.1" 200 31503 "https://ysfine.com/sbk/1950.html" "Mozilla/5.0 (Windows NT 10.0; Win64; x64) AppleWebKit/537.36 (KHTML, like Gecko) Chrome/110.0.0.0 Safari/537.36 Edg/110.0.1587.41" "ysfine.com"
98.161.172.57 - - [16/Feb/2023:09:33:25 -0800] "GET /sbk/1971nia11c.jpg HTTP/1.1" 200 39954 "https://ysfine.com/sbk/1950.html" "Mozilla/5.0 (Windows NT 10.0; Win64; x64) AppleWebKit/537.36 (KHTML, like Gecko) Chrome/110.0.0.0 Safari/537.36 Edg/110.0.1587.41" "ysfine.com"
98.161.172.57 - - [16/Feb/2023:09:33:25 -0800] "GET /sbk/1973kc300.jpg HTTP/1.1" 200 31285 "https://ysfine.com/sbk/1950.html" "Mozilla/5.0 (Windows NT 10.0; Win64; x64) AppleWebKit/537.36 (KHTML, like Gecko) Chrome/110.0.0.0 Safari/537.36 Edg/110.0.1587.41" "ysfine.com"
98.161.172.57 - - [16/Feb/2023:09:33:25 -0800] "GET /sbk/1976wdc11c.jpg HTTP/1.1" 200 30085 "https://ysfine.com/sbk/1950.html" "Mozilla/5.0 (Windows NT 10.0; Win64; x64) AppleWebKit/537.36 (KHTML, like Gecko) Chrome/110.0.0.0 Safari/537.36 Edg/110.0.1587.41" "ysfine.com"
98.161.172.57 - - [16/Feb/2023:09:33:25 -0800] "GET /sbk/1972house11c.jpg HTTP/1.1" 200 26749 "https://ysfine.com/sbk/1950.html" "Mozilla/5.0 (Windows NT 10.0; Win64; x64) AppleWebKit/537.36 (KHTML, like Gecko) Chrome/110.0.0.0 Safari/537.36 Edg/110.0.1587.41" "ysfine.com"
98.161.172.57 - - [16/Feb/2023:09:33:25 -0800] "GET /sbk/1989ogun11c.jpg HTTP/1.1" 200 47447 "https://ysfine.com/sbk/1950.html" "Mozilla/5.0 (Windows NT 10.0; Win64; x64) AppleWebKit/537.36 (KHTML, like Gecko) Chrome/110.0.0.0 Safari/537.36 Edg/110.0.1587.41" "ysfine.com"
98.161.172.57 - - [16/Feb/2023:09:33:25 -0800] "GET /sbk/1980ff300.jpg HTTP/1.1" 200 47109 "https://ysfine.com/sbk/1950.html" "Mozilla/5.0 (Windows NT 10.0; Win64; x64) AppleWebKit/537.36 (KHTML, like Gecko) Chrome/110.0.0.0 Safari/537.36 Edg/110.0.1587.41" "ysfine.com"
98.161.172.57 - - [16/Feb/2023:09:33:25 -0800] "GET /sbk/1982balto22c.jpg HTTP/1.1" 200 27345 "https://ysfine.com/sbk/1950.html" "Mozilla/5.0 (Windows NT 10.0; Win64; x64) AppleWebKit/537.36 (KHTML, like Gecko) Chrome/110.0.0.0 Safari/537.36 Edg/110.0.1587.41" "ysfine.com"
98.161.172.57 - - [16/Feb/2023:09:33:25 -0800] "GET /sbk/1984pr11c.jpg HTTP/1.1" 200 35625 "https://ysfine.com/sbk/1950.html" "Mozilla/5.0 (Windows NT 10.0; Win64; x64) AppleWebKit/537.36 (KHTML, like Gecko) Chrome/110.0.0.0 Safari/537.36 Edg/110.0.1587.41" "ysfine.com"
98.161.172.57 - - [16/Feb/2023:09:33:25 -0800] "GET /sbk/1978cc300.jpg HTTP/1.1" 200 49771 "https://ysfine.com/sbk/1950.html" "Mozilla/5.0 (Windows NT 10.0; Win64; x64) AppleWebKit/537.36 (KHTML, like Gecko) Chrome/110.0.0.0 Safari/537.36 Edg/110.0.1587.41" "ysfine.com"
98.161.172.57 - - [16/Feb/2023:09:33:25 -0800] "GET /sbk/1983pr88c.jpg HTTP/1.1" 200 39529 "https://ysfine.com/sbk/1950.html" "Mozilla/5.0 (Windows NT 10.0; Win64; x64) AppleWebKit/537.36 (KHTML, like Gecko) Chrome/110.0.0.0 Safari/537.36 Edg/110.0.1587.41" "ysfine.com"
98.161.172.57 - - [16/Feb/2023:09:33:25 -0800] "GET /sbk/1975nyc11c.jpg HTTP/1.1" 200 35038 "https://ysfine.com/sbk/1950.html" "Mozilla/5.0 (Windows NT 10.0; Win64; x64) AppleWebKit/537.36 (KHTML, like Gecko) Chrome/110.0.0.0 Safari/537.36 Edg/110.0.1587.41" "ysfine.com"
98.161.172.57 - - [16/Feb/2023:09:33:25 -0800] "GET /sbk/1985burl01c.jpg HTTP/1.1" 200 41414 "https://ysfine.com/sbk/1950.html" "Mozilla/5.0 (Windows NT 10.0; Win64; x64) AppleWebKit/537.36 (KHTML, like Gecko) Chrome/110.0.0.0 Safari/537.36 Edg/110.0.1587.41" "ysfine.com"
98.161.172.57 - - [16/Feb/2023:09:33:25 -0800] "GET /sbk/1987brooke11c.jpg HTTP/1.1" 200 44914 "https://ysfine.com/sbk/1950.html" "Mozilla/5.0 (Windows NT 10.0; Win64; x64) AppleWebKit/537.36 (KHTML, like Gecko) Chrome/110.0.0.0 Safari/537.36 Edg/110.0.1587.41" "ysfine.com"
98.161.172.57 - - [16/Feb/2023:09:33:25 -0800] "GET /sbk/1981montr11c.jpg HTTP/1.1" 200 49585 "https://ysfine.com/sbk/1950.html" "Mozilla/5.0 (Windows NT 10.0; Win64; x64) AppleWebKit/537.36 (KHTML, like Gecko) Chrome/110.0.0.0 Safari/537.36 Edg/110.0.1587.41" "ysfine.com"
64.124.8.55 - - [16/Feb/2023:09:34:10 -0800] "GET /ysbio/world/brit/paddington25.jpg HTTP/1.1" 404 88 "-" "Mozilla/5.0 (Macintosh; Intel Mac OS X 10_15_7) AppleWebKit/537.36 (KHTML, like Gecko) Chrome/107.0.0.0 Safari/537.36" "ysfine.com"
64.124.8.54 - - [16/Feb/2023:09:35:03 -0800] "GET /world/hungary/buda014.jpg HTTP/1.1" 200 91720 "-" "Mozilla/5.0 (Macintosh; Intel Mac OS X 10_15_7) AppleWebKit/537.36 (KHTML, like Gecko) Chrome/107.0.0.0 Safari/537.36" "www.ysfine.com"
64.124.8.28 - - [16/Feb/2023:09:35:09 -0800] "GET /einstein/places/einha01.jpg HTTP/1.1" 200 75624 "-" "Mozilla/5.0 (Macintosh; Intel Mac OS X 10_15_7) AppleWebKit/537.36 (KHTML, like Gecko) Chrome/107.0.0.0 Safari/537.36" "ysfine.com"
64.124.8.55 - - [16/Feb/2023:09:35:36 -0800] "GET /ysbio/world/russ/minsk068.jpg HTTP/1.1" 404 88 "-" "Mozilla/5.0 (Macintosh; Intel Mac OS X 10_15_7) AppleWebKit/537.36 (KHTML, like Gecko) Chrome/107.0.0.0 Safari/537.36" "www.ysfine.com"
157.32.105.215 - - [16/Feb/2023:09:35:42 -0800] "GET /world/places/ulm03.jpg HTTP/1.1" 200 145594 "https://www.google.com/" "Mozilla/5.0 (iPhone; CPU iPhone OS 16_3 like Mac OS X) AppleWebKit/605.1.15 (KHTML, like Gecko) CriOS/110.0.5481.83 Mobile/15E148 Safari/604.1" "ysfine.com"
64.124.8.53 - - [16/Feb/2023:09:35:59 -0800] "GET /world/france/montpar11.jpg HTTP/1.1" 200 191109 "-" "Mozilla/5.0 (Macintosh; Intel Mac OS X 10_15_7) AppleWebKit/537.36 (KHTML, like Gecko) Chrome/107.0.0.0 Safari/537.36" "ysfine.com"
157.55.39.207 - - [16/Feb/2023:09:36:10 -0800] "GET /world/russ/kazan066.jpg HTTP/1.1" 200 44197 "-" "Mozilla/5.0 AppleWebKit/537.36 (KHTML, like Gecko; compatible; bingbot/2.0; +http://www.bing.com/bingbot.htm) Chrome/103.0.5060.134 Safari/537.36" "ysfine.com"
64.124.8.57 - - [16/Feb/2023:09:36:19 -0800] "GET /world/china/hongkong75.jpg HTTP/1.1" 200 95112 "-" "Mozilla/5.0 (Macintosh; Intel Mac OS X 10_15_7) AppleWebKit/537.36 (KHTML, like Gecko) Chrome/107.0.0.0 Safari/537.36" "ysfine.com"
128.135.98.183 - - [16/Feb/2023:09:36:23 -0800] "GET /princeton/alexan22.jpg HTTP/1.1" 200 175436 "https://www.google.com/" "Mozilla/5.0 (Macintosh; Intel Mac OS X 10_15_7) AppleWebKit/537.36 (KHTML, like Gecko) Chrome/109.0.0.0 Safari/537.36" "ysfine.com"
64.124.8.52 - - [16/Feb/2023:09:36:25 -0800] "GET /robots.txt HTTP/1.1" 404 88 "-" "Mozilla/5.0 (X11; Linux x86_64) AppleWebKit/537.36 (KHTML, like Gecko) Chrome/61.0.3163.79 Safari/537.36" "www.ysfine.com"
64.124.8.52 - - [16/Feb/2023:09:36:25 -0800] "GET /ysbio/style/physmusic.html HTTP/1.1" 404 88 "-" "Mozilla/5.0 (X11; Linux x86_64) AppleWebKit/537.36 (KHTML, like Gecko) Chrome/61.0.3163.79 Safari/537.36" "www.ysfine.com"
114.239.165.140 - - [16/Feb/2023:09:37:24 -0800] "GET /dirac/dirk62.html HTTP/1.1" 200 3949 "-" "Mozilla/5.0 (Windows NT 6.2; Win64; x64) AppleWebKit/537.36 (KHTML, like Gecko) Chrome/60.0.3112.90 Safari/537.36" "ysfine.com"
5.255.253.184 - - [16/Feb/2023:09:37:31 -0800] "GET /robots.txt HTTP/1.1" 404 73 "-" "Mozilla/5.0 (compatible; YandexBot/3.0; +http://yandex.com/bots)" "www.ysfine.com"
5.255.253.188 - - [16/Feb/2023:09:37:35 -0800] "GET /maga/index.html HTTP/1.1" 200 6127 "-" "Mozilla/5.0 (compatible; YandexBot/3.0; +http://yandex.com/bots)" "www.ysfine.com"
213.180.203.88 - - [16/Feb/2023:09:37:39 -0800] "GET /maga/mellon.html HTTP/1.1" 200 2949 "-" "Mozilla/5.0 (compatible; YandexBot/3.0; +http://yandex.com/bots)" "www.ysfine.com"
5.255.253.146 - - [16/Feb/2023:09:37:42 -0800] "GET /wdc/eindc.html HTTP/1.1" 200 923 "-" "Mozilla/5.0 (compatible; YandexBot/3.0; +http://yandex.com/bots)" "www.ysfine.com"
213.180.203.88 - - [16/Feb/2023:09:37:45 -0800] "GET /world/index.html HTTP/1.1" 200 123 "-" "Mozilla/5.0 (compatible; YandexBot/3.0; +http://yandex.com/bots)" "www.ysfine.com"
5.255.253.184 - - [16/Feb/2023:09:37:48 -0800] "GET /newyork/nyc.html HTTP/1.1" 200 31389 "-" "Mozilla/5.0 (compatible; YandexBot/3.0; +http://yandex.com/bots)" "www.ysfine.com"
5.255.253.188 - - [16/Feb/2023:09:37:51 -0800] "GET /wdc/annapolis.html HTTP/1.1" 200 3158 "-" "Mozilla/5.0 (compatible; YandexBot/3.0; +http://yandex.com/bots)" "www.ysfine.com"
174.115.247.195 - - [16/Feb/2023:09:37:51 -0800] "GET /princeton/butler11.jpg HTTP/1.1" 200 95442 "https://www.bing.com/" "Mozilla/5.0 (Windows NT 10.0; Win64; x64) AppleWebKit/537.36 (KHTML, like Gecko) Chrome/110.0.0.0 Safari/537.36 Edg/110.0.1587.46" "ysfine.com"
174.115.247.195 - - [16/Feb/2023:09:37:51 -0800] "GET /princeton/butler22.jpg HTTP/1.1" 200 80209 "https://www.bing.com/" "Mozilla/5.0 (Windows NT 10.0; Win64; x64) AppleWebKit/537.36 (KHTML, like Gecko) Chrome/110.0.0.0 Safari/537.36 Edg/110.0.1587.46" "ysfine.com"
5.255.253.188 - - [16/Feb/2023:09:37:54 -0800] "GET /maga/sarnoff.html HTTP/1.1" 200 7540 "-" "Mozilla/5.0 (compatible; YandexBot/3.0; +http://yandex.com/bots)" "www.ysfine.com"
87.250.224.4 - - [16/Feb/2023:09:37:57 -0800] "GET /wdc/wasdc.html HTTP/1.1" 200 13715 "-" "Mozilla/5.0 (compatible; YandexBot/3.0; +http://yandex.com/bots)" "www.ysfine.com"
5.255.253.184 - - [16/Feb/2023:09:38:00 -0800] "GET /einstein/index.html HTTP/1.1" 200 135 "-" "Mozilla/5.0 (compatible; YandexBot/3.0; +http://yandex.com/bots)" "www.ysfine.com"
87.250.224.4 - - [16/Feb/2023:09:38:02 -0800] "GET /maga/tesla.html HTTP/1.1" 200 4852 "-" "Mozilla/5.0 (compatible; YandexBot/3.0; +http://yandex.com/bots)" "www.ysfine.com"
64.124.8.53 - - [16/Feb/2023:09:38:06 -0800] "GET /world/russ/mosko01.jpg HTTP/1.1" 200 74314 "-" "Mozilla/5.0 (Macintosh; Intel Mac OS X 10_15_7) AppleWebKit/537.36 (KHTML, like Gecko) Chrome/107.0.0.0 Safari/537.36" "www.ysfine.com"
72.49.45.185 - - [16/Feb/2023:09:38:19 -0800] "GET /maga/phys/schrod03.jpg HTTP/1.1" 200 184623 "https://www.google.com/" "Mozilla/5.0 (Windows NT 10.0; Win64; x64) AppleWebKit/537.36 (KHTML, like Gecko) Chrome/110.0.0.0 Safari/537.36" "ysfine.com"
64.124.8.52 - - [16/Feb/2023:09:38:42 -0800] "GET /princeton/pleft.html HTTP/1.1" 200 670 "-" "Mozilla/5.0 (X11; Linux x86_64) AppleWebKit/537.36 (KHTML, like Gecko) Chrome/61.0.3163.79 Safari/537.36" "www.ysfine.com"
64.124.8.52 - - [16/Feb/2023:09:38:48 -0800] "GET /ysbio/awards/bio44.html HTTP/1.1" 404 88 "-" "Mozilla/5.0 (X11; Linux x86_64) AppleWebKit/537.36 (KHTML, like Gecko) Chrome/61.0.3163.79 Safari/537.36" "www.ysfine.com"
64.124.8.56 - - [16/Feb/2023:09:39:20 -0800] "GET /robots.txt HTTP/1.1" 404 88 "-" "Mozilla/5.0 (X11; Linux x86_64) AppleWebKit/537.36 (KHTML, like Gecko) Chrome/61.0.3163.79 Safari/537.36" "ysfine.com"
64.124.8.56 - - [16/Feb/2023:09:39:21 -0800] "GET /robots.txt HTTP/1.1" 404 88 "-" "Mozilla/5.0 (X11; Linux x86_64) AppleWebKit/537.36 (KHTML, like Gecko) Chrome/61.0.3163.79 Safari/537.36" "ysfine.com"
64.124.8.56 - - [16/Feb/2023:09:39:21 -0800] "GET /princeton/prince.html HTTP/1.1" 200 2567 "-" "Mozilla/5.0 (X11; Linux x86_64) AppleWebKit/537.36 (KHTML, like Gecko) Chrome/61.0.3163.79 Safari/537.36" "ysfine.com"
209.106.41.253 - - [16/Feb/2023:09:40:03 -0800] "GET /princeton/alexan22.jpg HTTP/1.1" 200 175436 "https://www.google.com/" "Mozilla/5.0 (X11; CrOS x86_64 14541.0.0) AppleWebKit/537.36 (KHTML, like Gecko) Chrome/109.0.0.0 Safari/537.36" "ysfine.com"
64.124.8.53 - - [16/Feb/2023:09:40:13 -0800] "GET /wigner/gim/class20.jpg HTTP/1.1" 200 128376 "-" "Mozilla/5.0 (Macintosh; Intel Mac OS X 10_15_7) AppleWebKit/537.36 (KHTML, like Gecko) Chrome/107.0.0.0 Safari/537.36" "www.ysfine.com"
73.10.226.9 - - [16/Feb/2023:09:40:36 -0800] "GET /usca/pitt/margmor.jpg HTTP/1.1" 200 99402 "https://www.google.com/" "Mozilla/5.0 (Windows NT 10.0; Win64; x64) AppleWebKit/537.36 (KHTML, like Gecko) Chrome/110.0.0.0 Safari/537.36" "ysfine.com"
64.124.8.56 - - [16/Feb/2023:09:40:57 -0800] "GET /style/guggen11.jpg HTTP/1.1" 200 92648 "-" "Mozilla/5.0 (Macintosh; Intel Mac OS X 10_15_7) AppleWebKit/537.36 (KHTML, like Gecko) Chrome/107.0.0.0 Safari/537.36" "www.ysfine.com"
64.124.8.53 - - [16/Feb/2023:09:41:50 -0800] "GET /world/balkan/istan033.jpg HTTP/1.1" 200 161512 "-" "Mozilla/5.0 (Macintosh; Intel Mac OS X 10_15_7) AppleWebKit/537.36 (KHTML, like Gecko) Chrome/107.0.0.0 Safari/537.36" "ysfine.com"
192.100.230.252 - - [16/Feb/2023:09:42:17 -0800] "GET /kobak/sl628.jpg HTTP/1.1" 200 225100 "https://www.google.com/" "Mozilla/5.0 (Macintosh; Intel Mac OS X 10_15_7) AppleWebKit/537.36 (KHTML, like Gecko) Chrome/107.0.0.0 Safari/537.36" "ysfine.com"
64.124.8.29 - - [16/Feb/2023:09:42:47 -0800] "GET /wigner/gim/gimn17.jpg HTTP/1.1" 200 148508 "-" "Mozilla/5.0 (Macintosh; Intel Mac OS X 10_15_7) AppleWebKit/537.36 (KHTML, like Gecko) Chrome/107.0.0.0 Safari/537.36" "ysfine.com"
64.124.8.52 - - [16/Feb/2023:09:42:54 -0800] "GET /ysbio/einstein/photoel.html HTTP/1.1" 404 88 "-" "Mozilla/5.0 (X11; Linux x86_64) AppleWebKit/537.36 (KHTML, like Gecko) Chrome/61.0.3163.79 Safari/537.36" "www.ysfine.com"
52.167.144.86 - - [16/Feb/2023:09:42:56 -0800] "GET /usca/pitt/machinery22.jpg HTTP/1.1" 200 140879 "-" "Mozilla/5.0 AppleWebKit/537.36 (KHTML, like Gecko; compatible; bingbot/2.0; +http://www.bing.com/bingbot.htm) Chrome/103.0.5060.134 Safari/537.36" "www.ysfine.com"
52.167.144.62 - - [16/Feb/2023:09:43:07 -0800] "GET /ysbio/usca/pitt/stadium01.jpg HTTP/1.1" 404 88 "-" "Mozilla/5.0 AppleWebKit/537.36 (KHTML, like Gecko; compatible; bingbot/2.0; +http://www.bing.com/bingbot.htm) Chrome/103.0.5060.134 Safari/537.36" "www.ysfine.com"
17.246.19.35 - - [16/Feb/2023:09:43:38 -0800] "GET /style/sttop.html HTTP/1.1" 200 367 "https://ysfine.com/style/index.html" "Mozilla/5.0 (Macintosh; Intel Mac OS X 10_15_5) AppleWebKit/605.1.15 (KHTML, like Gecko) Version/13.1.1 Safari/605.1.15 (Applebot/0.1; +http://www.apple.com/go/applebot)" "ysfine.com"
17.246.15.139 - - [16/Feb/2023:09:43:39 -0800] "GET /style/stbot.html HTTP/1.1" 200 122 "https://ysfine.com/style/index.html" "Mozilla/5.0 (Macintosh; Intel Mac OS X 10_15_5) AppleWebKit/605.1.15 (KHTML, like Gecko) Version/13.1.1 Safari/605.1.15 (Applebot/0.1; +http://www.apple.com/go/applebot)" "ysfine.com"
17.246.19.35 - - [16/Feb/2023:09:43:39 -0800] "GET /style/stleft.html HTTP/1.1" 200 548 "https://ysfine.com/style/stbot.html" "Mozilla/5.0 (Macintosh; Intel Mac OS X 10_15_5) AppleWebKit/605.1.15 (KHTML, like Gecko) Version/13.1.1 Safari/605.1.15 (Applebot/0.1; +http://www.apple.com/go/applebot)" "ysfine.com"
17.246.15.139 - - [16/Feb/2023:09:43:40 -0800] "GET /style/strigh.html HTTP/1.1" 200 1471 "https://ysfine.com/style/stbot.html" "Mozilla/5.0 (Macintosh; Intel Mac OS X 10_15_5) AppleWebKit/605.1.15 (KHTML, like Gecko) Version/13.1.1 Safari/605.1.15 (Applebot/0.1; +http://www.apple.com/go/applebot)" "ysfine.com"
64.124.8.54 - - [16/Feb/2023:09:44:18 -0800] "GET /world/ital/rome123.jpg HTTP/1.1" 200 127091 "-" "Mozilla/5.0 (Macintosh; Intel Mac OS X 10_15_7) AppleWebKit/537.36 (KHTML, like Gecko) Chrome/107.0.0.0 Safari/537.36" "ysfine.com"
5.188.210.43 - - [16/Feb/2023:09:44:20 -0800] "GET /world/visas.html HTTP/1.1" 200 7643 "https://www.ysfine.com/world/visas.html" "Mozilla/5.0 (Windows NT 6.1; WOW64) AppleWebKit/537.36 (KHTML, like Gecko) Chrome/90.0.4430.85 Safari/537.36" "www.ysfine.com"
64.124.8.54 - - [16/Feb/2023:09:45:57 -0800] "GET /world/russ/kiev026.jpg HTTP/1.1" 200 129433 "-" "Mozilla/5.0 (Macintosh; Intel Mac OS X 10_15_7) AppleWebKit/537.36 (KHTML, like Gecko) Chrome/107.0.0.0 Safari/537.36" "www.ysfine.com"
64.124.8.28 - - [16/Feb/2023:09:46:05 -0800] "GET /home/figs/isomor90.jpg HTTP/1.1" 200 88858 "-" "Mozilla/5.0 (Macintosh; Intel Mac OS X 10_15_7) AppleWebKit/537.36 (KHTML, like Gecko) Chrome/107.0.0.0 Safari/537.36" "ysfine.com"
52.167.144.35 - - [16/Feb/2023:09:46:14 -0800] "GET /world/france/sorbonne15.jpg HTTP/1.1" 200 102545 "-" "Mozilla/5.0 AppleWebKit/537.36 (KHTML, like Gecko; compatible; bingbot/2.0; +http://www.bing.com/bingbot.htm) Chrome/103.0.5060.134 Safari/537.36" "www.ysfine.com"
52.167.144.86 - - [16/Feb/2023:09:46:16 -0800] "GET /auto/bio06.html HTTP/1.1" 200 14697 "-" "Mozilla/5.0 AppleWebKit/537.36 (KHTML, like Gecko; compatible; bingbot/2.0; +http://www.bing.com/bingbot.htm) Chrome/103.0.5060.134 Safari/537.36" "ysfine.com"
64.124.8.52 - - [16/Feb/2023:09:46:52 -0800] "GET /maga/histo/oscar22.jpg HTTP/1.1" 200 101665 "-" "Mozilla/5.0 (Macintosh; Intel Mac OS X 10_15_7) AppleWebKit/537.36 (KHTML, like Gecko) Chrome/107.0.0.0 Safari/537.36" "www.ysfine.com"
64.124.8.55 - - [16/Feb/2023:09:47:34 -0800] "GET /world/france/pantheon12.jpg HTTP/1.1" 200 106956 "-" "Mozilla/5.0 (Macintosh; Intel Mac OS X 10_15_7) AppleWebKit/537.36 (KHTML, like Gecko) Chrome/107.0.0.0 Safari/537.36" "ysfine.com"
185.191.171.5 - - [16/Feb/2023:09:49:54 -0800] "GET /ffriends/moslems.html HTTP/1.1" 200 6567 "-" "Mozilla/5.0 (compatible; SemrushBot/7~bl; +http://www.semrush.com/bot.html)" "ysfine.com"
64.124.8.52 - - [16/Feb/2023:09:49:56 -0800] "GET /ysbio/style/songs.html HTTP/1.1" 404 88 "-" "Mozilla/5.0 (X11; Linux x86_64) AppleWebKit/537.36 (KHTML, like Gecko) Chrome/61.0.3163.79 Safari/537.36" "www.ysfine.com"
52.167.144.62 - - [16/Feb/2023:09:50:28 -0800] "GET /ysbio/princeton/yspapers/index.html HTTP/1.1" 404 88 "-" "Mozilla/5.0 AppleWebKit/537.36 (KHTML, like Gecko; compatible; bingbot/2.0; +http://www.bing.com/bingbot.htm) Chrome/103.0.5060.134 Safari/537.36" "ysfine.com"
64.124.8.56 - - [16/Feb/2023:09:50:59 -0800] "GET /style/alexandrov33.jpg HTTP/1.1" 200 79590 "-" "Mozilla/5.0 (Macintosh; Intel Mac OS X 10_15_7) AppleWebKit/537.36 (KHTML, like Gecko) Chrome/107.0.0.0 Safari/537.36" "ysfine.com"
118.184.177.18 - - [16/Feb/2023:09:51:23 -0800] "GET / HTTP/1.1" 200 5295 "-" "Sogou web spider/4.0(+http://www.sogou.com/docs/help/webmasters.htm#07)" "ysfine.com"
52.167.144.35 - - [16/Feb/2023:09:51:25 -0800] "GET /bio/kobak/yskor.html HTTP/1.1" 404 88 "-" "Mozilla/5.0 AppleWebKit/537.36 (KHTML, like Gecko; compatible; bingbot/2.0; +http://www.bing.com/bingbot.htm) Chrome/103.0.5060.134 Safari/537.36" "ysfine.com"
185.191.171.15 - - [16/Feb/2023:09:52:10 -0800] "GET /robots.txt HTTP/1.1" 404 88 "-" "Mozilla/5.0 (compatible; SemrushBot/7~bl; +http://www.semrush.com/bot.html)" "ysfine.com"
185.191.171.40 - - [16/Feb/2023:09:52:10 -0800] "GET /wdc/tysonsm.html HTTP/1.1" 200 844 "-" "Mozilla/5.0 (compatible; SemrushBot/7~bl; +http://www.semrush.com/bot.html)" "ysfine.com"
212.112.111.19 - - [16/Feb/2023:09:52:34 -0800] "GET /people/princeton68.jpg HTTP/1.1" 200 192633 "https://www.google.com/" "Mozilla/5.0 (Macintosh; Intel Mac OS X 10_15_7) AppleWebKit/605.1.15 (KHTML, like Gecko) Version/16.2 Safari/605.1.15" "ysfine.com"
64.124.8.53 - - [16/Feb/2023:09:52:45 -0800] "GET /ysbio/world/latina/rio070.jpg HTTP/1.1" 404 88 "-" "Mozilla/5.0 (Macintosh; Intel Mac OS X 10_15_7) AppleWebKit/537.36 (KHTML, like Gecko) Chrome/107.0.0.0 Safari/537.36" "ysfine.com"
52.167.144.35 - - [16/Feb/2023:09:52:45 -0800] "GET /sbk/2003pr11.jpg HTTP/1.1" 200 192096 "-" "Mozilla/5.0 AppleWebKit/537.36 (KHTML, like Gecko; compatible; bingbot/2.0; +http://www.bing.com/bingbot.htm) Chrome/103.0.5060.134 Safari/537.36" "ysfine.com"
64.124.8.28 - - [16/Feb/2023:09:52:53 -0800] "GET /ysbio/world/russ/krem04.jpg HTTP/1.1" 404 88 "-" "Mozilla/5.0 (Macintosh; Intel Mac OS X 10_15_7) AppleWebKit/537.36 (KHTML, like Gecko) Chrome/107.0.0.0 Safari/537.36" "ysfine.com"
216.244.66.229 - - [16/Feb/2023:09:52:59 -0800] "GET /robots.txt HTTP/1.1" 404 73 "-" "Mozilla/5.0 (compatible; DotBot/1.2; +https://opensiteexplorer.org/dotbot; help@moz.com)" "ysfine.com"
91.181.16.114 - - [16/Feb/2023:09:53:37 -0800] "GET /maga/phys/schrod08.jpg HTTP/1.1" 200 84522 "https://www.google.com/" "Mozilla/5.0 (Windows NT 10.0; Win64; x64) AppleWebKit/537.36 (KHTML, like Gecko) Chrome/110.0.0.0 Safari/537.36" "ysfine.com"
64.124.8.49 - - [16/Feb/2023:09:53:52 -0800] "GET /world/latina/rio097.jpg HTTP/1.1" 200 128131 "-" "Mozilla/5.0 (Macintosh; Intel Mac OS X 10_15_7) AppleWebKit/537.36 (KHTML, like Gecko) Chrome/107.0.0.0 Safari/537.36" "ysfine.com"
69.57.113.30 - - [16/Feb/2023:09:53:53 -0800] "GET /wdc/usna14.jpg HTTP/1.1" 200 98975 "https://www.bing.com/" "Mozilla/5.0 (Macintosh; Intel Mac OS X 10_15_7) AppleWebKit/605.1.15 (KHTML, like Gecko) Version/16.2 Safari/605.1.15" "www.ysfine.com"
69.57.113.30 - - [16/Feb/2023:09:53:53 -0800] "GET /wdc/usna18.jpg HTTP/1.1" 200 96787 "https://www.bing.com/" "Mozilla/5.0 (Macintosh; Intel Mac OS X 10_15_7) AppleWebKit/605.1.15 (KHTML, like Gecko) Version/16.2 Safari/605.1.15" "www.ysfine.com"
64.124.8.55 - - [16/Feb/2023:09:53:54 -0800] "GET /wigner/gim/gimn15.jpg HTTP/1.1" 200 79259 "-" "Mozilla/5.0 (Macintosh; Intel Mac OS X 10_15_7) AppleWebKit/537.36 (KHTML, like Gecko) Chrome/107.0.0.0 Safari/537.36" "www.ysfine.com"
69.57.113.30 - - [16/Feb/2023:09:53:56 -0800] "GET /wdc/usna14.jpg HTTP/1.1" 200 98975 "https://www.bing.com/" "Mozilla/5.0 (Macintosh; Intel Mac OS X 10_15_7) AppleWebKit/605.1.15 (KHTML, like Gecko) Version/16.2 Safari/605.1.15" "www.ysfine.com"
3.111.23.205 - - [16/Feb/2023:09:54:01 -0800] "GET /wp-login.php HTTP/1.1" 404 88 "http://ysfine.com/wp-login.php" "Mozilla/5.0 (Windows NT 10.0; Win64; x64; rv:96.0) Gecko/20100101 Firefox/96" "ysfine.com"
64.124.8.54 - - [16/Feb/2023:09:54:57 -0800] "GET /world/russ/arndt22.jpg HTTP/1.1" 200 79189 "-" "Mozilla/5.0 (Macintosh; Intel Mac OS X 10_15_7) AppleWebKit/537.36 (KHTML, like Gecko) Chrome/107.0.0.0 Safari/537.36" "ysfine.com"
64.124.8.28 - - [16/Feb/2023:09:55:04 -0800] "GET /ysbio/world/russ/ballerina11.jpg HTTP/1.1" 404 88 "-" "Mozilla/5.0 (Macintosh; Intel Mac OS X 10_15_7) AppleWebKit/537.36 (KHTML, like Gecko) Chrome/107.0.0.0 Safari/537.36" "ysfine.com"
216.244.66.229 - - [16/Feb/2023:09:55:17 -0800] "GET /auto/bio02.html HTTP/1.1" 200 35730 "-" "Mozilla/5.0 (compatible; DotBot/1.2; +https://opensiteexplorer.org/dotbot; help@moz.com)" "ysfine.com"
216.244.66.229 - - [16/Feb/2023:09:55:21 -0800] "GET /auto/bio11.html HTTP/1.1" 200 9412 "-" "Mozilla/5.0 (compatible; DotBot/1.2; +https://opensiteexplorer.org/dotbot; help@moz.com)" "ysfine.com"
216.244.66.229 - - [16/Feb/2023:09:55:26 -0800] "GET /home/fig22/silvana49.jpg HTTP/1.1" 200 60976 "-" "Mozilla/5.0 (compatible; DotBot/1.2; +https://opensiteexplorer.org/dotbot; help@moz.com)" "ysfine.com"
216.244.66.229 - - [16/Feb/2023:09:55:29 -0800] "GET /home/home/top21.jpg HTTP/1.1" 404 73 "-" "Mozilla/5.0 (compatible; DotBot/1.2; +https://opensiteexplorer.org/dotbot; help@moz.com)" "ysfine.com"
37.65.0.228 - - [16/Feb/2023:09:55:35 -0800] "GET /maga/phil/kanthegel66.jpg HTTP/1.1" 200 76782 "https://www.google.fr/" "Mozilla/5.0 (Windows NT 10.0; Win64; x64) AppleWebKit/537.36 (KHTML, like Gecko) Chrome/109.0.0.0 Safari/537.36" "ysfine.com"
52.167.144.62 - - [16/Feb/2023:09:56:19 -0800] "GET /bio/articles/cylin.pdf HTTP/1.1" 404 88 "-" "Mozilla/5.0 AppleWebKit/537.36 (KHTML, like Gecko; compatible; bingbot/2.0; +http://www.bing.com/bingbot.htm) Chrome/103.0.5060.134 Safari/537.36" "www.ysfine.com"
185.191.171.26 - - [16/Feb/2023:09:56:34 -0800] "GET /world/andal.html HTTP/1.1" 200 10097 "-" "Mozilla/5.0 (compatible; SemrushBot/7~bl; +http://www.semrush.com/bot.html)" "ysfine.com"
64.124.8.54 - - [16/Feb/2023:09:57:10 -0800] "GET /usca/pitt/westifn01.jpg HTTP/1.1" 200 198929 "-" "Mozilla/5.0 (Macintosh; Intel Mac OS X 10_15_7) AppleWebKit/537.36 (KHTML, like Gecko) Chrome/107.0.0.0 Safari/537.36" "ysfine.com"
64.124.8.56 - - [16/Feb/2023:09:57:31 -0800] "GET /world/france/antibes03.jpg HTTP/1.1" 200 147752 "-" "Mozilla/5.0 (Macintosh; Intel Mac OS X 10_15_7) AppleWebKit/537.36 (KHTML, like Gecko) Chrome/107.0.0.0 Safari/537.36" "www.ysfine.com"
64.124.8.55 - - [16/Feb/2023:09:57:31 -0800] "GET /ysbio/usca/norl/missi22.jpg HTTP/1.1" 404 88 "-" "Mozilla/5.0 (Macintosh; Intel Mac OS X 10_15_7) AppleWebKit/537.36 (KHTML, like Gecko) Chrome/107.0.0.0 Safari/537.36" "ysfine.com"
52.167.144.86 - - [16/Feb/2023:09:57:57 -0800] "GET /bio10.html HTTP/1.1" 200 4664 "-" "Mozilla/5.0 AppleWebKit/537.36 (KHTML, like Gecko; compatible; bingbot/2.0; +http://www.bing.com/bingbot.htm) Chrome/103.0.5060.134 Safari/537.36" "ysfine.com"
52.167.144.62 - - [16/Feb/2023:09:58:01 -0800] "GET /class54/roofless.html HTTP/1.1" 200 13341 "-" "Mozilla/5.0 AppleWebKit/537.36 (KHTML, like Gecko; compatible; bingbot/2.0; +http://www.bing.com/bingbot.htm) Chrome/103.0.5060.134 Safari/537.36" "ysfine.com"
172.176.192.136 - - [16/Feb/2023:09:58:13 -0800] "GET / HTTP/1.1" 200 15915 "-" "Mozilla/5.0 (Windows NT 10.0; Win64; x64) AppleWebKit/537.36 (KHTML, like Gecko) Chrome/88.0.4240.193 Safari/537.36" "ysfine.com"
172.176.192.136 - - [16/Feb/2023:09:58:13 -0800] "GET /wp-includes/wlwmanifest.xml HTTP/1.1" 404 73 "-" "Mozilla/5.0 (Windows NT 10.0; Win64; x64) AppleWebKit/537.36 (KHTML, like Gecko) Chrome/88.0.4240.193 Safari/537.36" "ysfine.com"
172.176.192.136 - - [16/Feb/2023:09:58:13 -0800] "GET /xmlrpc.php?rsd HTTP/1.1" 404 73 "-" "Mozilla/5.0 (Windows NT 10.0; Win64; x64) AppleWebKit/537.36 (KHTML, like Gecko) Chrome/88.0.4240.193 Safari/537.36" "ysfine.com"
172.176.192.136 - - [16/Feb/2023:09:58:13 -0800] "GET / HTTP/1.1" 200 15915 "-" "Mozilla/5.0 (Windows NT 10.0; Win64; x64) AppleWebKit/537.36 (KHTML, like Gecko) Chrome/88.0.4240.193 Safari/537.36" "ysfine.com"
172.176.192.136 - - [16/Feb/2023:09:58:13 -0800] "GET /blog/wp-includes/wlwmanifest.xml HTTP/1.1" 404 73 "-" "Mozilla/5.0 (Windows NT 10.0; Win64; x64) AppleWebKit/537.36 (KHTML, like Gecko) Chrome/88.0.4240.193 Safari/537.36" "ysfine.com"
172.176.192.136 - - [16/Feb/2023:09:58:13 -0800] "GET /web/wp-includes/wlwmanifest.xml HTTP/1.1" 404 73 "-" "Mozilla/5.0 (Windows NT 10.0; Win64; x64) AppleWebKit/537.36 (KHTML, like Gecko) Chrome/88.0.4240.193 Safari/537.36" "ysfine.com"
172.176.192.136 - - [16/Feb/2023:09:58:13 -0800] "GET /wordpress/wp-includes/wlwmanifest.xml HTTP/1.1" 404 73 "-" "Mozilla/5.0 (Windows NT 10.0; Win64; x64) AppleWebKit/537.36 (KHTML, like Gecko) Chrome/88.0.4240.193 Safari/537.36" "ysfine.com"
172.176.192.136 - - [16/Feb/2023:09:58:14 -0800] "GET /website/wp-includes/wlwmanifest.xml HTTP/1.1" 404 73 "-" "Mozilla/5.0 (Windows NT 10.0; Win64; x64) AppleWebKit/537.36 (KHTML, like Gecko) Chrome/88.0.4240.193 Safari/537.36" "ysfine.com"
172.176.192.136 - - [16/Feb/2023:09:58:14 -0800] "GET /wp/wp-includes/wlwmanifest.xml HTTP/1.1" 404 73 "-" "Mozilla/5.0 (Windows NT 10.0; Win64; x64) AppleWebKit/537.36 (KHTML, like Gecko) Chrome/88.0.4240.193 Safari/537.36" "ysfine.com"
172.176.192.136 - - [16/Feb/2023:09:58:14 -0800] "GET /news/wp-includes/wlwmanifest.xml HTTP/1.1" 404 73 "-" "Mozilla/5.0 (Windows NT 10.0; Win64; x64) AppleWebKit/537.36 (KHTML, like Gecko) Chrome/88.0.4240.193 Safari/537.36" "ysfine.com"
172.176.192.136 - - [16/Feb/2023:09:58:14 -0800] "GET /2020/wp-includes/wlwmanifest.xml HTTP/1.1" 404 73 "-" "Mozilla/5.0 (Windows NT 10.0; Win64; x64) AppleWebKit/537.36 (KHTML, like Gecko) Chrome/88.0.4240.193 Safari/537.36" "ysfine.com"
172.176.192.136 - - [16/Feb/2023:09:58:14 -0800] "GET /2019/wp-includes/wlwmanifest.xml HTTP/1.1" 404 73 "-" "Mozilla/5.0 (Windows NT 10.0; Win64; x64) AppleWebKit/537.36 (KHTML, like Gecko) Chrome/88.0.4240.193 Safari/537.36" "ysfine.com"
172.176.192.136 - - [16/Feb/2023:09:58:14 -0800] "GET /shop/wp-includes/wlwmanifest.xml HTTP/1.1" 404 73 "-" "Mozilla/5.0 (Windows NT 10.0; Win64; x64) AppleWebKit/537.36 (KHTML, like Gecko) Chrome/88.0.4240.193 Safari/537.36" "ysfine.com"
64.124.8.29 - - [16/Feb/2023:09:58:14 -0800] "GET /world/spain/cordo18.jpg HTTP/1.1" 200 250581 "-" "Mozilla/5.0 (Macintosh; Intel Mac OS X 10_15_7) AppleWebKit/537.36 (KHTML, like Gecko) Chrome/107.0.0.0 Safari/537.36" "ysfine.com"
172.176.192.136 - - [16/Feb/2023:09:58:14 -0800] "GET /wp1/wp-includes/wlwmanifest.xml HTTP/1.1" 404 73 "-" "Mozilla/5.0 (Windows NT 10.0; Win64; x64) AppleWebKit/537.36 (KHTML, like Gecko) Chrome/88.0.4240.193 Safari/537.36" "ysfine.com"
172.176.192.136 - - [16/Feb/2023:09:58:14 -0800] "GET /test/wp-includes/wlwmanifest.xml HTTP/1.1" 404 73 "-" "Mozilla/5.0 (Windows NT 10.0; Win64; x64) AppleWebKit/537.36 (KHTML, like Gecko) Chrome/88.0.4240.193 Safari/537.36" "ysfine.com"
172.176.192.136 - - [16/Feb/2023:09:58:15 -0800] "GET /wp2/wp-includes/wlwmanifest.xml HTTP/1.1" 404 73 "-" "Mozilla/5.0 (Windows NT 10.0; Win64; x64) AppleWebKit/537.36 (KHTML, like Gecko) Chrome/88.0.4240.193 Safari/537.36" "ysfine.com"
172.176.192.136 - - [16/Feb/2023:09:58:15 -0800] "GET /site/wp-includes/wlwmanifest.xml HTTP/1.1" 404 73 "-" "Mozilla/5.0 (Windows NT 10.0; Win64; x64) AppleWebKit/537.36 (KHTML, like Gecko) Chrome/88.0.4240.193 Safari/537.36" "ysfine.com"
85.208.98.18 - - [16/Feb/2023:09:58:15 -0800] "GET /robots.txt HTTP/1.1" 404 88 "http://www.ysfine.com/robots.txt" "Mozilla/5.0 (compatible; SemrushBot; +http://www.semrush.com/bot.html)" "www.ysfine.com"
172.176.192.136 - - [16/Feb/2023:09:58:15 -0800] "GET /cms/wp-includes/wlwmanifest.xml HTTP/1.1" 404 73 "-" "Mozilla/5.0 (Windows NT 10.0; Win64; x64) AppleWebKit/537.36 (KHTML, like Gecko) Chrome/88.0.4240.193 Safari/537.36" "ysfine.com"
