64.124.8.56 - - [16/Feb/2023:17:40:33 -0800] "GET /ysbio/world/france/eiffel01.jpg HTTP/1.1" 404 88 "-" "Mozilla/5.0 (Macintosh; Intel Mac OS X 10_15_7) AppleWebKit/537.36 (KHTML, like Gecko) Chrome/107.0.0.0 Safari/537.36" "ysfine.com"
52.167.144.62 - - [16/Feb/2023:17:40:52 -0800] "GET /world/ital/spstep02.jpg HTTP/1.1" 200 130708 "-" "Mozilla/5.0 AppleWebKit/537.36 (KHTML, like Gecko; compatible; bingbot/2.0; +http://www.bing.com/bingbot.htm) Chrome/103.0.5060.134 Safari/537.36" "ysfine.com"
64.124.8.49 - - [16/Feb/2023:17:41:05 -0800] "GET /newyork/un09.jpg HTTP/1.1" 200 102954 "-" "Mozilla/5.0 (Macintosh; Intel Mac OS X 10_15_7) AppleWebKit/537.36 (KHTML, like Gecko) Chrome/107.0.0.0 Safari/537.36" "ysfine.com"
64.124.8.49 - - [16/Feb/2023:17:41:10 -0800] "GET /style/guggen11.jpg HTTP/1.1" 200 92648 "-" "Mozilla/5.0 (Macintosh; Intel Mac OS X 10_15_7) AppleWebKit/537.36 (KHTML, like Gecko) Chrome/107.0.0.0 Safari/537.36" "ysfine.com"
64.124.8.28 - - [16/Feb/2023:17:41:10 -0800] "GET /world/balkan/istan054.jpg HTTP/1.1" 200 85062 "-" "Mozilla/5.0 (Macintosh; Intel Mac OS X 10_15_7) AppleWebKit/537.36 (KHTML, like Gecko) Chrome/107.0.0.0 Safari/537.36" "www.ysfine.com"
114.119.135.206 - - [16/Feb/2023:17:41:30 -0800] "GET /yspapers/newphys75.pdf HTTP/1.1" 200 264527 "https://ysfine.com/yspapers/index.html" "Mozilla/5.0 (Linux; Android 7.0;) AppleWebKit/537.36 (KHTML, like Gecko) Mobile Safari/537.36 (compatible; PetalBot;+https://webmaster.petalsearch.com/site/petalbot)" "ysfine.com"
216.244.66.229 - - [16/Feb/2023:17:41:32 -0800] "GET /robots.txt HTTP/1.1" 404 73 "-" "Mozilla/5.0 (compatible; DotBot/1.2; +https://opensiteexplorer.org/dotbot; help@moz.com)" "ysfine.com"
216.244.66.229 - - [16/Feb/2023:17:41:32 -0800] "GET /robots.txt HTTP/1.1" 404 73 "-" "Mozilla/5.0 (compatible; DotBot/1.2; +https://opensiteexplorer.org/dotbot; help@moz.com)" "www.ysfine.com"
17.241.219.117 - - [16/Feb/2023:17:41:45 -0800] "GET /eink/mose.html HTTP/1.1" 200 14315 "-" "Mozilla/5.0 (Macintosh; Intel Mac OS X 10_15_5) AppleWebKit/605.1.15 (KHTML, like Gecko) Version/13.1.1 Safari/605.1.15 (Applebot/0.1; +http://www.apple.com/go/applebot)" "ysfine.com"
43.143.68.98 - - [16/Feb/2023:17:41:47 -0800] "GET / HTTP/1.1" 200 5295 "http://ysfine.com/" "Mozilla/5.0 (Linux; Android 6.0; Nexus 5 Build/MRA58N) AppleWebKit/537.36 (KHTML, like Gecko) Chrome/81.0.4044.138 Mobile Safari/537.36" "ysfine.com"
52.167.144.62 - - [16/Feb/2023:17:42:02 -0800] "GET /world/balkan/istan002.jpg HTTP/1.1" 200 137911 "-" "Mozilla/5.0 AppleWebKit/537.36 (KHTML, like Gecko; compatible; bingbot/2.0; +http://www.bing.com/bingbot.htm) Chrome/103.0.5060.134 Safari/537.36" "ysfine.com"
43.143.68.98 - - [16/Feb/2023:17:42:06 -0800] "GET / HTTP/1.1" 200 5295 "http://ysfine.com/" "Mozilla/5.0 (Linux; Android 6.0; Nexus 5 Build/MRA58N) AppleWebKit/537.36 (KHTML, like Gecko) Chrome/81.0.4044.138 Mobile Safari/537.36" "ysfine.com"
52.167.144.35 - - [16/Feb/2023:17:42:09 -0800] "GET /bio/style/artlove.html HTTP/1.1" 404 88 "-" "Mozilla/5.0 AppleWebKit/537.36 (KHTML, like Gecko; compatible; bingbot/2.0; +http://www.bing.com/bingbot.htm) Chrome/103.0.5060.134 Safari/537.36" "ysfine.com"
64.124.8.55 - - [16/Feb/2023:17:42:49 -0800] "GET /maga/phil/tao05.jpg HTTP/1.1" 200 70219 "-" "Mozilla/5.0 (Macintosh; Intel Mac OS X 10_15_7) AppleWebKit/537.36 (KHTML, like Gecko) Chrome/107.0.0.0 Safari/537.36" "ysfine.com"
185.191.171.22 - - [16/Feb/2023:17:42:53 -0800] "GET /world/tdrome.html HTTP/1.1" 200 5611 "-" "Mozilla/5.0 (compatible; SemrushBot/7~bl; +http://www.semrush.com/bot.html)" "ysfine.com"
64.124.8.56 - - [16/Feb/2023:17:43:13 -0800] "GET /world/brit/windsor01.jpg HTTP/1.1" 200 118277 "-" "Mozilla/5.0 (Macintosh; Intel Mac OS X 10_15_7) AppleWebKit/537.36 (KHTML, like Gecko) Chrome/107.0.0.0 Safari/537.36" "ysfine.com"
185.191.171.22 - - [16/Feb/2023:17:43:25 -0800] "GET /einstein/dual.html HTTP/1.1" 200 950 "-" "Mozilla/5.0 (compatible; SemrushBot/7~bl; +http://www.semrush.com/bot.html)" "www.ysfine.com"
216.244.66.229 - - [16/Feb/2023:17:43:48 -0800] "GET /auto/home/dashen.html HTTP/1.1" 404 73 "-" "Mozilla/5.0 (compatible; DotBot/1.2; +https://opensiteexplorer.org/dotbot; help@moz.com)" "ysfine.com"
64.124.8.50 - - [16/Feb/2023:17:44:09 -0800] "GET /ysbio/wigner/hazi11.jpg HTTP/1.1" 404 88 "-" "Mozilla/5.0 (Macintosh; Intel Mac OS X 10_15_7) AppleWebKit/537.36 (KHTML, like Gecko) Chrome/107.0.0.0 Safari/537.36" "ysfine.com"
216.244.66.229 - - [16/Feb/2023:17:44:24 -0800] "GET /maga/phys/yukadirac53.jpg HTTP/1.1" 200 72355 "-" "Mozilla/5.0 (compatible; DotBot/1.2; +https://opensiteexplorer.org/dotbot; help@moz.com)" "www.ysfine.com"
216.244.66.229 - - [16/Feb/2023:17:44:27 -0800] "GET /newyork HTTP/1.1" 301 3206 "-" "Mozilla/5.0 (compatible; DotBot/1.2; +https://opensiteexplorer.org/dotbot; help@moz.com)" "www.ysfine.com"
216.244.66.229 - - [16/Feb/2023:17:44:29 -0800] "GET /world/france/matisse11.jpg HTTP/1.1" 200 88385 "-" "Mozilla/5.0 (compatible; DotBot/1.2; +https://opensiteexplorer.org/dotbot; help@moz.com)" "www.ysfine.com"
216.244.66.229 - - [16/Feb/2023:17:44:31 -0800] "GET /world/france/metz57.jpg HTTP/1.1" 200 105656 "-" "Mozilla/5.0 (compatible; DotBot/1.2; +https://opensiteexplorer.org/dotbot; help@moz.com)" "www.ysfine.com"
216.244.66.229 - - [16/Feb/2023:17:44:52 -0800] "GET /world/germany/berlin020.jpg HTTP/1.1" 200 80879 "-" "Mozilla/5.0 (compatible; DotBot/1.2; +https://opensiteexplorer.org/dotbot; help@moz.com)" "www.ysfine.com"
185.191.171.43 - - [16/Feb/2023:17:45:01 -0800] "GET /auto/bio03.html HTTP/1.1" 200 10059 "-" "Mozilla/5.0 (compatible; SemrushBot/7~bl; +http://www.semrush.com/bot.html)" "www.ysfine.com"
216.244.66.229 - - [16/Feb/2023:17:45:07 -0800] "GET /world/scandi/copenf02.jpg HTTP/1.1" 200 107546 "-" "Mozilla/5.0 (compatible; DotBot/1.2; +https://opensiteexplorer.org/dotbot; help@moz.com)" "www.ysfine.com"
64.124.8.52 - - [16/Feb/2023:17:45:16 -0800] "GET /wdc/whxmas/whxmas20.jpg HTTP/1.1" 200 116269 "-" "Mozilla/5.0 (Macintosh; Intel Mac OS X 10_15_7) AppleWebKit/537.36 (KHTML, like Gecko) Chrome/107.0.0.0 Safari/537.36" "ysfine.com"
216.244.66.229 - - [16/Feb/2023:17:45:21 -0800] "GET /princeton/pcomm03.jpg HTTP/1.1" 200 98689 "-" "Mozilla/5.0 (compatible; DotBot/1.2; +https://opensiteexplorer.org/dotbot; help@moz.com)" "ysfine.com"
64.124.8.56 - - [16/Feb/2023:17:45:25 -0800] "GET /world/balkan/ath109.jpg HTTP/1.1" 200 116839 "-" "Mozilla/5.0 (Macintosh; Intel Mac OS X 10_15_7) AppleWebKit/537.36 (KHTML, like Gecko) Chrome/107.0.0.0 Safari/537.36" "ysfine.com"
216.244.66.229 - - [16/Feb/2023:17:45:36 -0800] "GET /style/kievopera55.jpg HTTP/1.1" 200 93047 "-" "Mozilla/5.0 (compatible; DotBot/1.2; +https://opensiteexplorer.org/dotbot; help@moz.com)" "ysfine.com"
216.244.66.229 - - [16/Feb/2023:17:45:49 -0800] "GET /world/germany/hofbrau55.jpg HTTP/1.1" 200 107423 "-" "Mozilla/5.0 (compatible; DotBot/1.2; +https://opensiteexplorer.org/dotbot; help@moz.com)" "ysfine.com"
64.124.8.28 - - [16/Feb/2023:17:46:04 -0800] "GET /world/germany/benz12.jpg HTTP/1.1" 200 132634 "-" "Mozilla/5.0 (Macintosh; Intel Mac OS X 10_15_7) AppleWebKit/537.36 (KHTML, like Gecko) Chrome/107.0.0.0 Safari/537.36" "ysfine.com"
147.9.2.78 - - [16/Feb/2023:17:47:37 -0800] "GET /world/france/arusas01.jpg HTTP/1.1" 200 364636 "https://www.google.com/" "Mozilla/5.0 (iPhone; CPU iPhone OS 16_0_2 like Mac OS X) AppleWebKit/605.1.15 (KHTML, like Gecko) Version/16.0 Mobile/15E148 Safari/604.1" "ysfine.com"
35.238.152.155 - - [16/Feb/2023:17:47:43 -0800] "GET / HTTP/1.1" 200 5295 "-" "Mozilla/5.0 (X11; Linux x86_64) AppleWebKit/537.36 (KHTML, like Gecko) Chrome/112.0.0.0 Safari/537.36" "ysfine.com"
35.238.152.155 - - [16/Feb/2023:17:47:45 -0800] "GET /home/top21d.jpg HTTP/1.1" 200 74409 "https://ysfine.com/" "Mozilla/5.0 (X11; Linux x86_64) AppleWebKit/537.36 (KHTML, like Gecko) Chrome/112.0.0.0 Safari/537.36" "ysfine.com"
35.238.152.155 - - [16/Feb/2023:17:47:45 -0800] "GET /home/eink450.jpg HTTP/1.1" 200 66794 "https://ysfine.com/" "Mozilla/5.0 (X11; Linux x86_64) AppleWebKit/537.36 (KHTML, like Gecko) Chrome/112.0.0.0 Safari/537.36" "ysfine.com"
35.238.152.155 - - [16/Feb/2023:17:47:45 -0800] "GET /home/facu450.jpg HTTP/1.1" 200 74535 "https://ysfine.com/" "Mozilla/5.0 (X11; Linux x86_64) AppleWebKit/537.36 (KHTML, like Gecko) Chrome/112.0.0.0 Safari/537.36" "ysfine.com"
35.238.152.155 - - [16/Feb/2023:17:47:45 -0800] "GET /home/goodbad450.jpg HTTP/1.1" 200 32258 "https://ysfine.com/" "Mozilla/5.0 (X11; Linux x86_64) AppleWebKit/537.36 (KHTML, like Gecko) Chrome/112.0.0.0 Safari/537.36" "ysfine.com"
35.238.152.155 - - [16/Feb/2023:17:47:47 -0800] "GET /home/truck450.jpg HTTP/1.1" 200 42871 "https://ysfine.com/" "Mozilla/5.0 (X11; Linux x86_64) AppleWebKit/537.36 (KHTML, like Gecko) Chrome/112.0.0.0 Safari/537.36" "ysfine.com"
35.238.152.155 - - [16/Feb/2023:17:47:47 -0800] "GET /eink/ewk86f.jpg HTTP/1.1" 200 122173 "https://ysfine.com/" "Mozilla/5.0 (X11; Linux x86_64) AppleWebKit/537.36 (KHTML, like Gecko) Chrome/112.0.0.0 Safari/537.36" "ysfine.com"
35.238.152.155 - - [16/Feb/2023:17:47:47 -0800] "GET /home/washmo23d.jpg HTTP/1.1" 200 32142 "https://ysfine.com/" "Mozilla/5.0 (X11; Linux x86_64) AppleWebKit/537.36 (KHTML, like Gecko) Chrome/112.0.0.0 Safari/537.36" "ysfine.com"
35.238.152.155 - - [16/Feb/2023:17:47:48 -0800] "GET /home/eindc03d.jpg HTTP/1.1" 200 95860 "https://ysfine.com/" "Mozilla/5.0 (X11; Linux x86_64) AppleWebKit/537.36 (KHTML, like Gecko) Chrome/112.0.0.0 Safari/537.36" "ysfine.com"
35.238.152.155 - - [16/Feb/2023:17:47:48 -0800] "GET /home/1987pr22d.jpg HTTP/1.1" 200 66428 "https://ysfine.com/" "Mozilla/5.0 (X11; Linux x86_64) AppleWebKit/537.36 (KHTML, like Gecko) Chrome/112.0.0.0 Safari/537.36" "ysfine.com"
35.238.152.155 - - [16/Feb/2023:17:47:48 -0800] "GET /eink/einhaus11c.jpg HTTP/1.1" 200 42522 "https://ysfine.com/" "Mozilla/5.0 (X11; Linux x86_64) AppleWebKit/537.36 (KHTML, like Gecko) Chrome/112.0.0.0 Safari/537.36" "ysfine.com"
35.238.152.155 - - [16/Feb/2023:17:47:49 -0800] "GET /eink/einhaus33c.jpg HTTP/1.1" 200 23792 "https://ysfine.com/" "Mozilla/5.0 (X11; Linux x86_64) AppleWebKit/537.36 (KHTML, like Gecko) Chrome/112.0.0.0 Safari/537.36" "ysfine.com"
35.238.152.155 - - [16/Feb/2023:17:47:49 -0800] "GET /home/taylor500.jpg HTTP/1.1" 200 79197 "https://ysfine.com/" "Mozilla/5.0 (X11; Linux x86_64) AppleWebKit/537.36 (KHTML, like Gecko) Chrome/112.0.0.0 Safari/537.36" "ysfine.com"
35.238.152.155 - - [16/Feb/2023:17:47:49 -0800] "GET /home/eink54f.jpg HTTP/1.1" 200 96332 "https://ysfine.com/" "Mozilla/5.0 (X11; Linux x86_64) AppleWebKit/537.36 (KHTML, like Gecko) Chrome/112.0.0.0 Safari/537.36" "ysfine.com"
35.238.152.155 - - [16/Feb/2023:17:47:49 -0800] "GET /home/eward55f.jpg HTTP/1.1" 200 122802 "https://ysfine.com/" "Mozilla/5.0 (X11; Linux x86_64) AppleWebKit/537.36 (KHTML, like Gecko) Chrome/112.0.0.0 Safari/537.36" "ysfine.com"
64.124.8.29 - - [16/Feb/2023:17:47:49 -0800] "GET /world/ital/rome047.jpg HTTP/1.1" 200 108139 "-" "Mozilla/5.0 (Macintosh; Intel Mac OS X 10_15_7) AppleWebKit/537.36 (KHTML, like Gecko) Chrome/107.0.0.0 Safari/537.36" "www.ysfine.com"
35.238.152.155 - - [16/Feb/2023:17:47:51 -0800] "GET /favicon.ico HTTP/1.1" 404 88 "https://ysfine.com/" "Mozilla/5.0 (X11; Linux x86_64) AppleWebKit/537.36 (KHTML, like Gecko) Chrome/112.0.0.0 Safari/537.36" "ysfine.com"
52.167.144.35 - - [16/Feb/2023:17:48:10 -0800] "GET /sbk/2009lon22.jpg HTTP/1.1" 200 196366 "-" "Mozilla/5.0 AppleWebKit/537.36 (KHTML, like Gecko; compatible; bingbot/2.0; +http://www.bing.com/bingbot.htm) Chrome/103.0.5060.134 Safari/537.36" "ysfine.com"
52.167.144.35 - - [16/Feb/2023:17:49:00 -0800] "GET /bio/sbk/1950.html HTTP/1.1" 404 88 "-" "Mozilla/5.0 AppleWebKit/537.36 (KHTML, like Gecko; compatible; bingbot/2.0; +http://www.bing.com/bingbot.htm) Chrome/103.0.5060.134 Safari/537.36" "ysfine.com"
64.124.8.52 - - [16/Feb/2023:17:49:15 -0800] "GET /world/scandi/copen071.jpg HTTP/1.1" 200 91082 "-" "Mozilla/5.0 (Macintosh; Intel Mac OS X 10_15_7) AppleWebKit/537.36 (KHTML, like Gecko) Chrome/107.0.0.0 Safari/537.36" "ysfine.com"
64.124.8.52 - - [16/Feb/2023:17:49:25 -0800] "GET /world/ital/panth04.jpg HTTP/1.1" 200 105432 "-" "Mozilla/5.0 (Macintosh; Intel Mac OS X 10_15_7) AppleWebKit/537.36 (KHTML, like Gecko) Chrome/107.0.0.0 Safari/537.36" "ysfine.com"
64.124.8.55 - - [16/Feb/2023:17:49:34 -0800] "GET /ysbio/wdc/usna14.jpg HTTP/1.1" 404 88 "-" "Mozilla/5.0 (Macintosh; Intel Mac OS X 10_15_7) AppleWebKit/537.36 (KHTML, like Gecko) Chrome/107.0.0.0 Safari/537.36" "ysfine.com"
64.124.8.50 - - [16/Feb/2023:17:49:47 -0800] "GET /princeton/undorm01.jpg HTTP/1.1" 200 183096 "-" "Mozilla/5.0 (Macintosh; Intel Mac OS X 10_15_7) AppleWebKit/537.36 (KHTML, like Gecko) Chrome/107.0.0.0 Safari/537.36" "www.ysfine.com"
52.167.144.35 - - [16/Feb/2023:17:50:40 -0800] "GET /world/hungary/pecs03b.jpg HTTP/1.1" 200 45373 "-" "Mozilla/5.0 AppleWebKit/537.36 (KHTML, like Gecko; compatible; bingbot/2.0; +http://www.bing.com/bingbot.htm) Chrome/103.0.5060.134 Safari/537.36" "ysfine.com"
52.167.144.86 - - [16/Feb/2023:17:50:52 -0800] "GET /world/russ/arbat05.jpg HTTP/1.1" 200 126250 "-" "Mozilla/5.0 AppleWebKit/537.36 (KHTML, like Gecko; compatible; bingbot/2.0; +http://www.bing.com/bingbot.htm) Chrome/103.0.5060.134 Safari/537.36" "ysfine.com"
64.124.8.55 - - [16/Feb/2023:17:51:20 -0800] "GET /world/russ/kiev020.jpg HTTP/1.1" 200 110480 "-" "Mozilla/5.0 (Macintosh; Intel Mac OS X 10_15_7) AppleWebKit/537.36 (KHTML, like Gecko) Chrome/107.0.0.0 Safari/537.36" "www.ysfine.com"
52.167.144.62 - - [16/Feb/2023:17:51:23 -0800] "GET /einstein/jsbell01.jpg HTTP/1.1" 200 47911 "-" "Mozilla/5.0 AppleWebKit/537.36 (KHTML, like Gecko; compatible; bingbot/2.0; +http://www.bing.com/bingbot.htm) Chrome/103.0.5060.134 Safari/537.36" "ysfine.com"
64.124.8.55 - - [16/Feb/2023:17:51:28 -0800] "GET /world/germany/berlin159.jpg HTTP/1.1" 200 131790 "-" "Mozilla/5.0 (Macintosh; Intel Mac OS X 10_15_7) AppleWebKit/537.36 (KHTML, like Gecko) Chrome/107.0.0.0 Safari/537.36" "ysfine.com"
116.179.32.235 - - [16/Feb/2023:17:51:40 -0800] "GET /maga/twobytwo.html HTTP/1.1" 200 1998 "-" "Mozilla/5.0 (compatible; Baiduspider/2.0; +http://www.baidu.com/search/spider.html)" "www.ysfine.com"
116.179.37.76 - - [16/Feb/2023:17:51:41 -0800] "GET /maga/phys/rectan.jpg HTTP/1.1" 200 21089 "https://www.ysfine.com/maga/twobytwo.html" "Mozilla/5.0 (compatible; Baiduspider-render/2.0; +http://www.baidu.com/search/spider.html)" "www.ysfine.com"
116.179.37.142 - - [16/Feb/2023:17:51:41 -0800] "GET /maga/phys/ellipse77b.jpg HTTP/1.1" 200 16161 "https://www.ysfine.com/maga/twobytwo.html" "Mozilla/5.0 (compatible; Baiduspider-render/2.0; +http://www.baidu.com/search/spider.html)" "www.ysfine.com"
116.179.37.173 - - [16/Feb/2023:17:51:41 -0800] "GET /maga/phys/ellipse77c.jpg HTTP/1.1" 200 15950 "https://www.ysfine.com/maga/twobytwo.html" "Mozilla/5.0 (compatible; Baiduspider-render/2.0; +http://www.baidu.com/search/spider.html)" "www.ysfine.com"
116.179.37.202 - - [16/Feb/2023:17:51:41 -0800] "GET /maga/phys/ellipse77a.jpg HTTP/1.1" 200 16686 "https://www.ysfine.com/maga/twobytwo.html" "Mozilla/5.0 (compatible; Baiduspider-render/2.0; +http://www.baidu.com/search/spider.html)" "www.ysfine.com"
52.167.144.35 - - [16/Feb/2023:17:52:20 -0800] "GET /world/hungary/buda133b.jpg HTTP/1.1" 200 41694 "-" "Mozilla/5.0 AppleWebKit/537.36 (KHTML, like Gecko; compatible; bingbot/2.0; +http://www.bing.com/bingbot.htm) Chrome/103.0.5060.134 Safari/537.36" "ysfine.com"
114.119.150.203 - - [16/Feb/2023:17:52:43 -0800] "GET /bio54.html HTTP/1.1" 200 8798 "https://ysfine.com/class54/emailed.html" "Mozilla/5.0 (Linux; Android 7.0;) AppleWebKit/537.36 (KHTML, like Gecko) Mobile Safari/537.36 (compatible; PetalBot;+https://webmaster.petalsearch.com/site/petalbot)" "ysfine.com"
118.151.148.150 - - [16/Feb/2023:17:53:32 -0800] "GET /usca/pitt/emblem01.jpg HTTP/1.1" 200 134378 "https://www.google.com/" "Mozilla/5.0 (Windows NT 10.0; Win64; x64) AppleWebKit/537.36 (KHTML, like Gecko) Chrome/109.0.0.0 Safari/537.36" "ysfine.com"
52.167.144.62 - - [16/Feb/2023:17:53:43 -0800] "GET /maga/phil/sisfa12/frame19.html HTTP/1.1" 200 321 "-" "Mozilla/5.0 AppleWebKit/537.36 (KHTML, like Gecko; compatible; bingbot/2.0; +http://www.bing.com/bingbot.htm) Chrome/103.0.5060.134 Safari/537.36" "www.ysfine.com"
114.119.159.40 - - [16/Feb/2023:17:54:10 -0800] "GET /maga/phys HTTP/1.1" 301 1409 "https://www.ysfine.com/maga/phys/naimar?C=N%3BO%3DD" "Mozilla/5.0 (Linux; Android 7.0;) AppleWebKit/537.36 (KHTML, like Gecko) Mobile Safari/537.36 (compatible; PetalBot;+https://webmaster.petalsearch.com/site/petalbot)" "www.ysfine.com"
114.119.159.40 - - [16/Feb/2023:17:54:11 -0800] "GET /maga/phys/ HTTP/1.1" 200 5114 "https://www.ysfine.com/maga/phys/naimar?C=N%3BO%3DD" "Mozilla/5.0 (Linux; Android 7.0;) AppleWebKit/537.36 (KHTML, like Gecko) Mobile Safari/537.36 (compatible; PetalBot;+https://webmaster.petalsearch.com/site/petalbot)" "www.ysfine.com"
52.167.144.62 - - [16/Feb/2023:17:54:43 -0800] "GET /maga/phys/naimar/pewk11.jpg HTTP/1.1" 200 63326 "-" "Mozilla/5.0 AppleWebKit/537.36 (KHTML, like Gecko; compatible; bingbot/2.0; +http://www.bing.com/bingbot.htm) Chrome/103.0.5060.134 Safari/537.36" "ysfine.com"
64.124.8.56 - - [16/Feb/2023:17:55:07 -0800] "GET /world/china/dalian01.jpg HTTP/1.1" 200 184443 "-" "Mozilla/5.0 (Macintosh; Intel Mac OS X 10_15_7) AppleWebKit/537.36 (KHTML, like Gecko) Chrome/107.0.0.0 Safari/537.36" "www.ysfine.com"
64.124.8.52 - - [16/Feb/2023:17:55:09 -0800] "GET /world/russ/redsq38.jpg HTTP/1.1" 200 104160 "-" "Mozilla/5.0 (Macintosh; Intel Mac OS X 10_15_7) AppleWebKit/537.36 (KHTML, like Gecko) Chrome/107.0.0.0 Safari/537.36" "ysfine.com"
64.124.8.53 - - [16/Feb/2023:17:55:29 -0800] "GET /world/baltic/riga02.jpg HTTP/1.1" 200 100885 "-" "Mozilla/5.0 (Macintosh; Intel Mac OS X 10_15_7) AppleWebKit/537.36 (KHTML, like Gecko) Chrome/107.0.0.0 Safari/537.36" "www.ysfine.com"
52.167.144.62 - - [16/Feb/2023:17:55:42 -0800] "GET /kobak/1014b.jpg HTTP/1.1" 200 42115 "-" "Mozilla/5.0 AppleWebKit/537.36 (KHTML, like Gecko; compatible; bingbot/2.0; +http://www.bing.com/bingbot.htm) Chrome/103.0.5060.134 Safari/537.36" "ysfine.com"
64.124.8.29 - - [16/Feb/2023:17:56:09 -0800] "GET /wdc/lincoln02.jpg HTTP/1.1" 200 67312 "-" "Mozilla/5.0 (Macintosh; Intel Mac OS X 10_15_7) AppleWebKit/537.36 (KHTML, like Gecko) Chrome/107.0.0.0 Safari/537.36" "ysfine.com"
64.124.8.57 - - [16/Feb/2023:17:56:27 -0800] "GET /ysbio/world/baltic/kantname11.jpg HTTP/1.1" 404 88 "-" "Mozilla/5.0 (Macintosh; Intel Mac OS X 10_15_7) AppleWebKit/537.36 (KHTML, like Gecko) Chrome/107.0.0.0 Safari/537.36" "www.ysfine.com"
52.167.144.86 - - [16/Feb/2023:17:56:33 -0800] "GET /bio/wigner/e(2).html HTTP/1.1" 404 88 "-" "Mozilla/5.0 AppleWebKit/537.36 (KHTML, like Gecko; compatible; bingbot/2.0; +http://www.bing.com/bingbot.htm) Chrome/103.0.5060.134 Safari/537.36" "ysfine.com"
52.167.144.86 - - [16/Feb/2023:17:57:03 -0800] "GET /bio/princeton/campus.html HTTP/1.1" 404 88 "-" "Mozilla/5.0 AppleWebKit/537.36 (KHTML, like Gecko; compatible; bingbot/2.0; +http://www.bing.com/bingbot.htm) Chrome/103.0.5060.134 Safari/537.36" "ysfine.com"
64.124.8.28 - - [16/Feb/2023:17:57:04 -0800] "GET /world/brit/britmu20.jpg HTTP/1.1" 200 76232 "-" "Mozilla/5.0 (Macintosh; Intel Mac OS X 10_15_7) AppleWebKit/537.36 (KHTML, like Gecko) Chrome/107.0.0.0 Safari/537.36" "ysfine.com"
64.124.8.53 - - [16/Feb/2023:17:57:18 -0800] "GET /world/china/shenyang10.jpg HTTP/1.1" 200 145872 "-" "Mozilla/5.0 (Macintosh; Intel Mac OS X 10_15_7) AppleWebKit/537.36 (KHTML, like Gecko) Chrome/107.0.0.0 Safari/537.36" "www.ysfine.com"
52.167.144.86 - - [16/Feb/2023:17:57:53 -0800] "GET /home/philo/keigel.html HTTP/1.1" 200 6906 "-" "Mozilla/5.0 AppleWebKit/537.36 (KHTML, like Gecko; compatible; bingbot/2.0; +http://www.bing.com/bingbot.htm) Chrome/103.0.5060.134 Safari/537.36" "ysfine.com"
64.124.8.54 - - [16/Feb/2023:17:57:57 -0800] "GET /world/russ/kazan034.jpg HTTP/1.1" 200 135443 "-" "Mozilla/5.0 (Macintosh; Intel Mac OS X 10_15_7) AppleWebKit/537.36 (KHTML, like Gecko) Chrome/107.0.0.0 Safari/537.36" "ysfine.com"
64.124.8.56 - - [16/Feb/2023:17:58:45 -0800] "GET /ysbio/wdc/umd04.jpg HTTP/1.1" 404 88 "-" "Mozilla/5.0 (Macintosh; Intel Mac OS X 10_15_7) AppleWebKit/537.36 (KHTML, like Gecko) Chrome/107.0.0.0 Safari/537.36" "www.ysfine.com"
52.167.144.86 - - [16/Feb/2023:18:00:03 -0800] "GET /world/kalinin.html HTTP/1.1" 304 - "-" "Mozilla/5.0 AppleWebKit/537.36 (KHTML, like Gecko; compatible; bingbot/2.0; +http://www.bing.com/bingbot.htm) Chrome/103.0.5060.134 Safari/537.36" "www.ysfine.com"
72.14.201.206 - - [16/Feb/2023:18:00:23 -0800] "GET /dirac/wigsis.html HTTP/1.1" 200 10275 "-" "Mozilla/5.0 (Linux; Android 10; K) AppleWebKit/537.36 (KHTML, like Gecko) Chrome/109.0.0.0 Mobile Safari/537.36" "ysfine.com"
52.167.144.62 - - [16/Feb/2023:18:01:15 -0800] "GET /bio/style/proschanie.html HTTP/1.1" 404 88 "-" "Mozilla/5.0 AppleWebKit/537.36 (KHTML, like Gecko; compatible; bingbot/2.0; +http://www.bing.com/bingbot.htm) Chrome/103.0.5060.134 Safari/537.36" "ysfine.com"
64.124.8.28 - - [16/Feb/2023:18:01:30 -0800] "GET /world/scandi/copenf66.jpg HTTP/1.1" 200 102608 "-" "Mozilla/5.0 (Macintosh; Intel Mac OS X 10_15_7) AppleWebKit/537.36 (KHTML, like Gecko) Chrome/107.0.0.0 Safari/537.36" "ysfine.com"
64.124.8.49 - - [16/Feb/2023:18:01:39 -0800] "GET /ysbio/style/vienopera22.jpg HTTP/1.1" 404 88 "-" "Mozilla/5.0 (Macintosh; Intel Mac OS X 10_15_7) AppleWebKit/537.36 (KHTML, like Gecko) Chrome/107.0.0.0 Safari/537.36" "ysfine.com"
64.124.8.57 - - [16/Feb/2023:18:01:52 -0800] "GET /world/ital/flor009.jpg HTTP/1.1" 200 175847 "-" "Mozilla/5.0 (Macintosh; Intel Mac OS X 10_15_7) AppleWebKit/537.36 (KHTML, like Gecko) Chrome/107.0.0.0 Safari/537.36" "ysfine.com"
154.53.92.132 - - [16/Feb/2023:18:03:11 -0800] "GET /style/artlove.html HTTP/1.1" 200 16005 "-" "Mozilla/5.0 (X11; Ubuntu; Linux i686; rv:102.0) Gecko/20100101 Firefox/102.0" "ysfine.com"
154.53.92.132 - - [16/Feb/2023:18:03:20 -0800] "GET /style/socrates.html HTTP/1.1" 200 589 "https://ysfine.com/style/artlove.html" "Mozilla/5.0 (X11; Ubuntu; Linux i686; rv:102.0) Gecko/20100101 Firefox/102.0" "ysfine.com"
154.53.92.132 - - [16/Feb/2023:18:03:24 -0800] "GET /style/stbot.html HTTP/1.1" 200 122 "https://ysfine.com/style/artlove.html" "Mozilla/5.0 (X11; Ubuntu; Linux i686; rv:102.0) Gecko/20100101 Firefox/102.0" "ysfine.com"
154.53.92.132 - - [16/Feb/2023:18:03:27 -0800] "GET /home/index.html HTTP/1.1" 200 142 "https://ysfine.com/style/artlove.html" "Mozilla/5.0 (X11; Ubuntu; Linux i686; rv:102.0) Gecko/20100101 Firefox/102.0" "ysfine.com"
154.53.92.132 - - [16/Feb/2023:18:03:31 -0800] "GET /einstein/index.html HTTP/1.1" 200 135 "https://ysfine.com/style/artlove.html" "Mozilla/5.0 (X11; Ubuntu; Linux i686; rv:102.0) Gecko/20100101 Firefox/102.0" "ysfine.com"
157.55.39.207 - - [16/Feb/2023:18:03:31 -0800] "GET /world/russ/kazan041.jpg HTTP/1.1" 200 64820 "-" "Mozilla/5.0 AppleWebKit/537.36 (KHTML, like Gecko; compatible; bingbot/2.0; +http://www.bing.com/bingbot.htm) Chrome/103.0.5060.134 Safari/537.36" "www.ysfine.com"
64.124.8.57 - - [16/Feb/2023:18:03:35 -0800] "GET /world/baltic/riga16.jpg HTTP/1.1" 200 60014 "-" "Mozilla/5.0 (Macintosh; Intel Mac OS X 10_15_7) AppleWebKit/537.36 (KHTML, like Gecko) Chrome/107.0.0.0 Safari/537.36" "ysfine.com"
154.53.92.132 - - [16/Feb/2023:18:03:40 -0800] "GET /maga/mellon.html HTTP/1.1" 200 2949 "https://ysfine.com/style/artlove.html" "Mozilla/5.0 (X11; Ubuntu; Linux i686; rv:102.0) Gecko/20100101 Firefox/102.0" "ysfine.com"
154.53.92.132 - - [16/Feb/2023:18:03:43 -0800] "GET /princeton/yspr.html HTTP/1.1" 200 5470 "https://ysfine.com/style/artlove.html" "Mozilla/5.0 (X11; Ubuntu; Linux i686; rv:102.0) Gecko/20100101 Firefox/102.0" "ysfine.com"
154.53.92.132 - - [16/Feb/2023:18:03:47 -0800] "GET /style/britmu.html HTTP/1.1" 200 5093 "https://ysfine.com/style/artlove.html" "Mozilla/5.0 (X11; Ubuntu; Linux i686; rv:102.0) Gecko/20100101 Firefox/102.0" "ysfine.com"
154.53.92.132 - - [16/Feb/2023:18:03:50 -0800] "GET /home/bio.html HTTP/1.1" 404 88 "https://ysfine.com/style/artlove.html" "Mozilla/5.0 (X11; Ubuntu; Linux i686; rv:102.0) Gecko/20100101 Firefox/102.0" "ysfine.com"
154.53.92.132 - - [16/Feb/2023:18:03:51 -0800] "GET /maga/hugo.html HTTP/1.1" 200 4000 "https://ysfine.com/style/artlove.html" "Mozilla/5.0 (X11; Ubuntu; Linux i686; rv:102.0) Gecko/20100101 Firefox/102.0" "ysfine.com"
154.53.92.132 - - [16/Feb/2023:18:03:54 -0800] "GET /home/yshome.html HTTP/1.1" 200 5639 "https://ysfine.com/style/artlove.html" "Mozilla/5.0 (X11; Ubuntu; Linux i686; rv:102.0) Gecko/20100101 Firefox/102.0" "ysfine.com"
66.249.70.4 - - [16/Feb/2023:18:04:04 -0800] "GET /usca/norl/canal01.jpg HTTP/1.1" 200 121560 "-" "Googlebot-Image/1.0" "ysfine.com"
154.53.94.75 - - [16/Feb/2023:18:04:25 -0800] "GET /eink/mose.html HTTP/1.1" 200 14315 "https://ysfine.com/style/artlove.html" "Mozilla/5.0 (X11; Ubuntu; Linux i686; rv:102.0) Gecko/20100101 Firefox/102.0" "ysfine.com"
154.53.94.75 - - [16/Feb/2023:18:04:25 -0800] "GET /world/florence.html HTTP/1.1" 200 9706 "https://ysfine.com/style/artlove.html" "Mozilla/5.0 (X11; Ubuntu; Linux i686; rv:102.0) Gecko/20100101 Firefox/102.0" "ysfine.com"
154.53.94.75 - - [16/Feb/2023:18:04:26 -0800] "GET /eink/index.html HTTP/1.1" 200 17716 "https://ysfine.com/style/artlove.html" "Mozilla/5.0 (X11; Ubuntu; Linux i686; rv:102.0) Gecko/20100101 Firefox/102.0" "ysfine.com"
154.53.94.75 - - [16/Feb/2023:18:04:29 -0800] "GET /princeton/campus.html HTTP/1.1" 200 15141 "https://ysfine.com/style/artlove.html" "Mozilla/5.0 (X11; Ubuntu; Linux i686; rv:102.0) Gecko/20100101 Firefox/102.0" "ysfine.com"
154.53.94.75 - - [16/Feb/2023:18:04:33 -0800] "GET /dongio/moso.html HTTP/1.1" 404 88 "https://ysfine.com/style/artlove.html" "Mozilla/5.0 (X11; Ubuntu; Linux i686; rv:102.0) Gecko/20100101 Firefox/102.0" "ysfine.com"
154.53.94.75 - - [16/Feb/2023:18:04:42 -0800] "GET /princeton/prade.html HTTP/1.1" 200 9863 "https://ysfine.com/style/artlove.html" "Mozilla/5.0 (X11; Ubuntu; Linux i686; rv:102.0) Gecko/20100101 Firefox/102.0" "ysfine.com"
154.53.94.75 - - [16/Feb/2023:18:04:46 -0800] "GET /style/digilit.html HTTP/1.1" 200 8470 "https://ysfine.com/style/artlove.html" "Mozilla/5.0 (X11; Ubuntu; Linux i686; rv:102.0) Gecko/20100101 Firefox/102.0" "ysfine.com"
154.53.94.75 - - [16/Feb/2023:18:04:55 -0800] "GET /style/venuspics.html HTTP/1.1" 200 794 "https://ysfine.com/style/artlove.html" "Mozilla/5.0 (X11; Ubuntu; Linux i686; rv:102.0) Gecko/20100101 Firefox/102.0" "ysfine.com"
154.53.94.75 - - [16/Feb/2023:18:04:55 -0800] "GET /feynman/feynart.html HTTP/1.1" 200 10277 "https://ysfine.com/style/artlove.html" "Mozilla/5.0 (X11; Ubuntu; Linux i686; rv:102.0) Gecko/20100101 Firefox/102.0" "ysfine.com"
154.53.94.75 - - [16/Feb/2023:18:04:59 -0800] "GET /dongio/garden.html HTTP/1.1" 404 88 "https://ysfine.com/style/artlove.html" "Mozilla/5.0 (X11; Ubuntu; Linux i686; rv:102.0) Gecko/20100101 Firefox/102.0" "ysfine.com"
103.37.142.38 - - [16/Feb/2023:18:05:57 -0800] "GET /world/latina/rio103b.jpg HTTP/1.1" 200 37857 "-" "Mozilla/5.0 (X11; Ubuntu; Linux x86_64; rv:72.0) Gecko/20100101 Firefox/72.0" "ysfine.com"
52.167.144.35 - - [16/Feb/2023:18:06:12 -0800] "GET /bio/kobak/yskor.html HTTP/1.1" 404 88 "-" "Mozilla/5.0 AppleWebKit/537.36 (KHTML, like Gecko; compatible; bingbot/2.0; +http://www.bing.com/bingbot.htm) Chrome/103.0.5060.134 Safari/537.36" "ysfine.com"
73.229.19.38 - - [16/Feb/2023:18:06:26 -0800] "GET /kowar/tanks/tank21.jpg HTTP/1.1" 200 52329 "https://images.search.yahoo.com/yhs/search;_ylt=AwrVrN4I4e5j5zQABgAPxQt.;_ylu=Y29sbwNncTEEcG9zAzEEdnRpZANKVFlDXzEEc2VjA3BpdnM-?p=first+tank+to+ever+be+made&type=fc_A4AE35CAED5_s69_g_e_d_n5560_c24&param1=7&param2=eJw1jM0OgyAQhF9ljzYxuiAgwWufoNemB1RqiSjGn9j06bskbfYw3%2B7M7OD7e%2FO4XRkiryXe88dMu5QqYbJIOhIuCPySSCEzXHPDkBstBZpK686wp7NGt1IZIXRP4cFFSh8b4WGJpvjxIdhSFgjZ6ec%2BnhvMOzAssAE6KNHAW4kL2GUJ7nTt6PdSVnVRKcjG1z6FHIIfHQyuG%2BMFutcaJ1ey9CANbPZpV%2F%2BvuH74eUzquhDqC4eNQ9w%3D&hsimp=yhs-3563&hspart=fc&ei=UTF-8&fr=yhs-fc-3563" "Mozilla/5.0 (Windows NT 10.0; Win64; x64) AppleWebKit/537.36 (KHTML, like Gecko) Chrome/110.0.0.0 Safari/537.36 Edg/110.0.1587.46" "ysfine.com"
64.124.8.49 - - [16/Feb/2023:18:07:22 -0800] "GET /style/musee/orsaym11.jpg HTTP/1.1" 200 91266 "-" "Mozilla/5.0 (Macintosh; Intel Mac OS X 10_15_7) AppleWebKit/537.36 (KHTML, like Gecko) Chrome/107.0.0.0 Safari/537.36" "ysfine.com"
71.178.208.102 - - [16/Feb/2023:18:07:31 -0800] "GET /bio.html?fbclid=IwAR0r4wfiz7V-QbmYxlTTS368LZAhE8AjrXK9lXXDztmtmBll9dE5IbqGdt0 HTTP/1.1" 200 18260 "https://l.facebook.com/" "Mozilla/5.0 (Windows NT 10.0; Win64; x64; rv:109.0) Gecko/20100101 Firefox/110.0" "ysfine.com"
71.178.208.102 - - [16/Feb/2023:18:07:31 -0800] "GET /home/fotos/korjap03c.jpg HTTP/1.1" 200 24308 "https://ysfine.com/bio.html?fbclid=IwAR0r4wfiz7V-QbmYxlTTS368LZAhE8AjrXK9lXXDztmtmBll9dE5IbqGdt0" "Mozilla/5.0 (Windows NT 10.0; Win64; x64; rv:109.0) Gecko/20100101 Firefox/110.0" "ysfine.com"
71.178.208.102 - - [16/Feb/2023:18:07:31 -0800] "GET /fotos/photo04c.jpg HTTP/1.1" 200 39964 "https://ysfine.com/bio.html?fbclid=IwAR0r4wfiz7V-QbmYxlTTS368LZAhE8AjrXK9lXXDztmtmBll9dE5IbqGdt0" "Mozilla/5.0 (Windows NT 10.0; Win64; x64; rv:109.0) Gecko/20100101 Firefox/110.0" "ysfine.com"
71.178.208.102 - - [16/Feb/2023:18:07:31 -0800] "GET /home/bew22f.jpg HTTP/1.1" 200 124596 "https://ysfine.com/bio.html?fbclid=IwAR0r4wfiz7V-QbmYxlTTS368LZAhE8AjrXK9lXXDztmtmBll9dE5IbqGdt0" "Mozilla/5.0 (Windows NT 10.0; Win64; x64; rv:109.0) Gecko/20100101 Firefox/110.0" "ysfine.com"
71.178.208.102 - - [16/Feb/2023:18:07:31 -0800] "GET /home/fotos/campus06c.jpg HTTP/1.1" 200 49136 "https://ysfine.com/bio.html?fbclid=IwAR0r4wfiz7V-QbmYxlTTS368LZAhE8AjrXK9lXXDztmtmBll9dE5IbqGdt0" "Mozilla/5.0 (Windows NT 10.0; Win64; x64; rv:109.0) Gecko/20100101 Firefox/110.0" "ysfine.com"
71.178.208.102 - - [16/Feb/2023:18:07:31 -0800] "GET /fotos/photo09c.jpg HTTP/1.1" 200 25413 "https://ysfine.com/bio.html?fbclid=IwAR0r4wfiz7V-QbmYxlTTS368LZAhE8AjrXK9lXXDztmtmBll9dE5IbqGdt0" "Mozilla/5.0 (Windows NT 10.0; Win64; x64; rv:109.0) Gecko/20100101 Firefox/110.0" "ysfine.com"
71.178.208.102 - - [16/Feb/2023:18:07:31 -0800] "GET /kobak/underw03c.jpg HTTP/1.1" 200 26805 "https://ysfine.com/bio.html?fbclid=IwAR0r4wfiz7V-QbmYxlTTS368LZAhE8AjrXK9lXXDztmtmBll9dE5IbqGdt0" "Mozilla/5.0 (Windows NT 10.0; Win64; x64; rv:109.0) Gecko/20100101 Firefox/110.0" "ysfine.com"
71.178.208.102 - - [16/Feb/2023:18:07:31 -0800] "GET /kobak/taylor11c.jpg HTTP/1.1" 200 37695 "https://ysfine.com/bio.html?fbclid=IwAR0r4wfiz7V-QbmYxlTTS368LZAhE8AjrXK9lXXDztmtmBll9dE5IbqGdt0" "Mozilla/5.0 (Windows NT 10.0; Win64; x64; rv:109.0) Gecko/20100101 Firefox/110.0" "ysfine.com"
71.178.208.102 - - [16/Feb/2023:18:07:31 -0800] "GET /home/resonance33c.jpg HTTP/1.1" 200 36247 "https://ysfine.com/bio.html?fbclid=IwAR0r4wfiz7V-QbmYxlTTS368LZAhE8AjrXK9lXXDztmtmBll9dE5IbqGdt0" "Mozilla/5.0 (Windows NT 10.0; Win64; x64; rv:109.0) Gecko/20100101 Firefox/110.0" "ysfine.com"
71.178.208.102 - - [16/Feb/2023:18:07:31 -0800] "GET /fotos/photo08c.jpg HTTP/1.1" 200 28474 "https://ysfine.com/bio.html?fbclid=IwAR0r4wfiz7V-QbmYxlTTS368LZAhE8AjrXK9lXXDztmtmBll9dE5IbqGdt0" "Mozilla/5.0 (Windows NT 10.0; Win64; x64; rv:109.0) Gecko/20100101 Firefox/110.0" "ysfine.com"
71.178.208.102 - - [16/Feb/2023:18:07:31 -0800] "GET /wigner/tollwig11c.jpg HTTP/1.1" 200 30497 "https://ysfine.com/bio.html?fbclid=IwAR0r4wfiz7V-QbmYxlTTS368LZAhE8AjrXK9lXXDztmtmBll9dE5IbqGdt0" "Mozilla/5.0 (Windows NT 10.0; Win64; x64; rv:109.0) Gecko/20100101 Firefox/110.0" "ysfine.com"
71.178.208.102 - - [16/Feb/2023:18:07:31 -0800] "GET /fotos/photo06c.jpg HTTP/1.1" 200 40796 "https://ysfine.com/bio.html?fbclid=IwAR0r4wfiz7V-QbmYxlTTS368LZAhE8AjrXK9lXXDztmtmBll9dE5IbqGdt0" "Mozilla/5.0 (Windows NT 10.0; Win64; x64; rv:109.0) Gecko/20100101 Firefox/110.0" "ysfine.com"
71.178.208.102 - - [16/Feb/2023:18:07:31 -0800] "GET /fotos/wsj450.jpg HTTP/1.1" 200 68132 "https://ysfine.com/bio.html?fbclid=IwAR0r4wfiz7V-QbmYxlTTS368LZAhE8AjrXK9lXXDztmtmBll9dE5IbqGdt0" "Mozilla/5.0 (Windows NT 10.0; Win64; x64; rv:109.0) Gecko/20100101 Firefox/110.0" "ysfine.com"
71.178.208.102 - - [16/Feb/2023:18:07:31 -0800] "GET /fotos/101c.jpg HTTP/1.1" 200 37079 "https://ysfine.com/bio.html?fbclid=IwAR0r4wfiz7V-QbmYxlTTS368LZAhE8AjrXK9lXXDztmtmBll9dE5IbqGdt0" "Mozilla/5.0 (Windows NT 10.0; Win64; x64; rv:109.0) Gecko/20100101 Firefox/110.0" "ysfine.com"
71.178.208.102 - - [16/Feb/2023:18:07:31 -0800] "GET /fotos/photo05c.jpg HTTP/1.1" 200 39109 "https://ysfine.com/bio.html?fbclid=IwAR0r4wfiz7V-QbmYxlTTS368LZAhE8AjrXK9lXXDztmtmBll9dE5IbqGdt0" "Mozilla/5.0 (Windows NT 10.0; Win64; x64; rv:109.0) Gecko/20100101 Firefox/110.0" "ysfine.com"
71.178.208.102 - - [16/Feb/2023:18:07:31 -0800] "GET /fotos/photo03c.jpg HTTP/1.1" 200 23013 "https://ysfine.com/bio.html?fbclid=IwAR0r4wfiz7V-QbmYxlTTS368LZAhE8AjrXK9lXXDztmtmBll9dE5IbqGdt0" "Mozilla/5.0 (Windows NT 10.0; Win64; x64; rv:109.0) Gecko/20100101 Firefox/110.0" "ysfine.com"
71.178.208.102 - - [16/Feb/2023:18:07:31 -0800] "GET /home/ewk86f.jpg HTTP/1.1" 200 123121 "https://ysfine.com/bio.html?fbclid=IwAR0r4wfiz7V-QbmYxlTTS368LZAhE8AjrXK9lXXDztmtmBll9dE5IbqGdt0" "Mozilla/5.0 (Windows NT 10.0; Win64; x64; rv:109.0) Gecko/20100101 Firefox/110.0" "ysfine.com"
71.178.208.102 - - [16/Feb/2023:18:07:31 -0800] "GET /home/fotos/gongdae54f.jpg HTTP/1.1" 200 88096 "https://ysfine.com/bio.html?fbclid=IwAR0r4wfiz7V-QbmYxlTTS368LZAhE8AjrXK9lXXDztmtmBll9dE5IbqGdt0" "Mozilla/5.0 (Windows NT 10.0; Win64; x64; rv:109.0) Gecko/20100101 Firefox/110.0" "ysfine.com"
71.178.208.102 - - [16/Feb/2023:18:07:31 -0800] "GET /home/canal55c.jpg HTTP/1.1" 200 41665 "https://ysfine.com/bio.html?fbclid=IwAR0r4wfiz7V-QbmYxlTTS368LZAhE8AjrXK9lXXDztmtmBll9dE5IbqGdt0" "Mozilla/5.0 (Windows NT 10.0; Win64; x64; rv:109.0) Gecko/20100101 Firefox/110.0" "ysfine.com"
71.178.208.102 - - [16/Feb/2023:18:07:31 -0800] "GET /fotos/105c.jpg HTTP/1.1" 200 41825 "https://ysfine.com/bio.html?fbclid=IwAR0r4wfiz7V-QbmYxlTTS368LZAhE8AjrXK9lXXDztmtmBll9dE5IbqGdt0" "Mozilla/5.0 (Windows NT 10.0; Win64; x64; rv:109.0) Gecko/20100101 Firefox/110.0" "ysfine.com"
71.178.208.102 - - [16/Feb/2023:18:07:31 -0800] "GET /wdc/eindc03c.jpg HTTP/1.1" 200 48446 "https://ysfine.com/bio.html?fbclid=IwAR0r4wfiz7V-QbmYxlTTS368LZAhE8AjrXK9lXXDztmtmBll9dE5IbqGdt0" "Mozilla/5.0 (Windows NT 10.0; Win64; x64; rv:109.0) Gecko/20100101 Firefox/110.0" "ysfine.com"
71.178.208.102 - - [16/Feb/2023:18:07:31 -0800] "GET /sbk/1987pr22d.jpg HTTP/1.1" 200 69031 "https://ysfine.com/bio.html?fbclid=IwAR0r4wfiz7V-QbmYxlTTS368LZAhE8AjrXK9lXXDztmtmBll9dE5IbqGdt0" "Mozilla/5.0 (Windows NT 10.0; Win64; x64; rv:109.0) Gecko/20100101 Firefox/110.0" "ysfine.com"
71.178.208.102 - - [16/Feb/2023:18:07:31 -0800] "GET /home/sq600c.jpg HTTP/1.1" 200 18492 "https://ysfine.com/bio.html?fbclid=IwAR0r4wfiz7V-QbmYxlTTS368LZAhE8AjrXK9lXXDztmtmBll9dE5IbqGdt0" "Mozilla/5.0 (Windows NT 10.0; Win64; x64; rv:109.0) Gecko/20100101 Firefox/110.0" "ysfine.com"
71.178.208.102 - - [16/Feb/2023:18:07:31 -0800] "GET /fotos/photo12c.jpg HTTP/1.1" 200 31719 "https://ysfine.com/bio.html?fbclid=IwAR0r4wfiz7V-QbmYxlTTS368LZAhE8AjrXK9lXXDztmtmBll9dE5IbqGdt0" "Mozilla/5.0 (Windows NT 10.0; Win64; x64; rv:109.0) Gecko/20100101 Firefox/110.0" "ysfine.com"
71.178.208.102 - - [16/Feb/2023:18:07:31 -0800] "GET /home/fotos/photo00c.jpg HTTP/1.1" 200 34216 "https://ysfine.com/bio.html?fbclid=IwAR0r4wfiz7V-QbmYxlTTS368LZAhE8AjrXK9lXXDztmtmBll9dE5IbqGdt0" "Mozilla/5.0 (Windows NT 10.0; Win64; x64; rv:109.0) Gecko/20100101 Firefox/110.0" "ysfine.com"
71.178.208.102 - - [16/Feb/2023:18:07:31 -0800] "GET /dirac/dirbust22c.jpg HTTP/1.1" 200 36029 "https://ysfine.com/bio.html?fbclid=IwAR0r4wfiz7V-QbmYxlTTS368LZAhE8AjrXK9lXXDztmtmBll9dE5IbqGdt0" "Mozilla/5.0 (Windows NT 10.0; Win64; x64; rv:109.0) Gecko/20100101 Firefox/110.0" "ysfine.com"
71.178.208.102 - - [16/Feb/2023:18:07:31 -0800] "GET /yspapers/iop20c.jpg HTTP/1.1" 200 29134 "https://ysfine.com/bio.html?fbclid=IwAR0r4wfiz7V-QbmYxlTTS368LZAhE8AjrXK9lXXDztmtmBll9dE5IbqGdt0" "Mozilla/5.0 (Windows NT 10.0; Win64; x64; rv:109.0) Gecko/20100101 Firefox/110.0" "ysfine.com"
71.178.208.102 - - [16/Feb/2023:18:07:31 -0800] "GET /home/fotos/seoul50f.jpg HTTP/1.1" 200 127542 "https://ysfine.com/bio.html?fbclid=IwAR0r4wfiz7V-QbmYxlTTS368LZAhE8AjrXK9lXXDztmtmBll9dE5IbqGdt0" "Mozilla/5.0 (Windows NT 10.0; Win64; x64; rv:109.0) Gecko/20100101 Firefox/110.0" "ysfine.com"
71.178.208.102 - - [16/Feb/2023:18:07:31 -0800] "GET /home/eink77c.jpg HTTP/1.1" 200 47471 "https://ysfine.com/bio.html?fbclid=IwAR0r4wfiz7V-QbmYxlTTS368LZAhE8AjrXK9lXXDztmtmBll9dE5IbqGdt0" "Mozilla/5.0 (Windows NT 10.0; Win64; x64; rv:109.0) Gecko/20100101 Firefox/110.0" "ysfine.com"
71.178.208.102 - - [16/Feb/2023:18:07:31 -0800] "GET /home/family66f.jpg HTTP/1.1" 200 102254 "https://ysfine.com/bio.html?fbclid=IwAR0r4wfiz7V-QbmYxlTTS368LZAhE8AjrXK9lXXDztmtmBll9dE5IbqGdt0" "Mozilla/5.0 (Windows NT 10.0; Win64; x64; rv:109.0) Gecko/20100101 Firefox/110.0" "ysfine.com"
71.178.208.102 - - [16/Feb/2023:18:07:31 -0800] "GET /home/eward55f.jpg HTTP/1.1" 200 122802 "https://ysfine.com/bio.html?fbclid=IwAR0r4wfiz7V-QbmYxlTTS368LZAhE8AjrXK9lXXDztmtmBll9dE5IbqGdt0" "Mozilla/5.0 (Windows NT 10.0; Win64; x64; rv:109.0) Gecko/20100101 Firefox/110.0" "ysfine.com"
71.178.208.102 - - [16/Feb/2023:18:07:31 -0800] "GET /princeton/yspr61c.jpg HTTP/1.1" 200 27257 "https://ysfine.com/bio.html?fbclid=IwAR0r4wfiz7V-QbmYxlTTS368LZAhE8AjrXK9lXXDztmtmBll9dE5IbqGdt0" "Mozilla/5.0 (Windows NT 10.0; Win64; x64; rv:109.0) Gecko/20100101 Firefox/110.0" "ysfine.com"
71.178.208.102 - - [16/Feb/2023:18:07:31 -0800] "GET /fotos/dirfeyn62c.jpg HTTP/1.1" 200 52150 "https://ysfine.com/bio.html?fbclid=IwAR0r4wfiz7V-QbmYxlTTS368LZAhE8AjrXK9lXXDztmtmBll9dE5IbqGdt0" "Mozilla/5.0 (Windows NT 10.0; Win64; x64; rv:109.0) Gecko/20100101 Firefox/110.0" "ysfine.com"
71.178.208.102 - - [16/Feb/2023:18:07:31 -0800] "GET /dirac/truck/truck18c.jpg HTTP/1.1" 200 32663 "https://ysfine.com/bio.html?fbclid=IwAR0r4wfiz7V-QbmYxlTTS368LZAhE8AjrXK9lXXDztmtmBll9dE5IbqGdt0" "Mozilla/5.0 (Windows NT 10.0; Win64; x64; rv:109.0) Gecko/20100101 Firefox/110.0" "ysfine.com"
71.178.208.102 - - [16/Feb/2023:18:07:31 -0800] "GET /fotos/house99d.jpg HTTP/1.1" 200 38264 "https://ysfine.com/bio.html?fbclid=IwAR0r4wfiz7V-QbmYxlTTS368LZAhE8AjrXK9lXXDztmtmBll9dE5IbqGdt0" "Mozilla/5.0 (Windows NT 10.0; Win64; x64; rv:109.0) Gecko/20100101 Firefox/110.0" "ysfine.com"
71.178.208.102 - - [16/Feb/2023:18:07:31 -0800] "GET /home/top21c.jpg HTTP/1.1" 200 53120 "https://ysfine.com/bio.html?fbclid=IwAR0r4wfiz7V-QbmYxlTTS368LZAhE8AjrXK9lXXDztmtmBll9dE5IbqGdt0" "Mozilla/5.0 (Windows NT 10.0; Win64; x64; rv:109.0) Gecko/20100101 Firefox/110.0" "ysfine.com"
71.178.208.102 - - [16/Feb/2023:18:07:31 -0800] "GET /fotos/104c.jpg HTTP/1.1" 200 35089 "https://ysfine.com/bio.html?fbclid=IwAR0r4wfiz7V-QbmYxlTTS368LZAhE8AjrXK9lXXDztmtmBll9dE5IbqGdt0" "Mozilla/5.0 (Windows NT 10.0; Win64; x64; rv:109.0) Gecko/20100101 Firefox/110.0" "ysfine.com"
71.178.208.102 - - [16/Feb/2023:18:07:31 -0800] "GET /wdc/jeffm02c.jpg HTTP/1.1" 200 27659 "https://ysfine.com/bio.html?fbclid=IwAR0r4wfiz7V-QbmYxlTTS368LZAhE8AjrXK9lXXDztmtmBll9dE5IbqGdt0" "Mozilla/5.0 (Windows NT 10.0; Win64; x64; rv:109.0) Gecko/20100101 Firefox/110.0" "ysfine.com"
71.178.208.102 - - [16/Feb/2023:18:07:31 -0800] "GET /fotos/marxlon02c.jpg HTTP/1.1" 200 47919 "https://ysfine.com/bio.html?fbclid=IwAR0r4wfiz7V-QbmYxlTTS368LZAhE8AjrXK9lXXDztmtmBll9dE5IbqGdt0" "Mozilla/5.0 (Windows NT 10.0; Win64; x64; rv:109.0) Gecko/20100101 Firefox/110.0" "ysfine.com"
71.178.208.102 - - [16/Feb/2023:18:07:31 -0800] "GET /fotos/kids20f.jpg HTTP/1.1" 200 103189 "https://ysfine.com/bio.html?fbclid=IwAR0r4wfiz7V-QbmYxlTTS368LZAhE8AjrXK9lXXDztmtmBll9dE5IbqGdt0" "Mozilla/5.0 (Windows NT 10.0; Win64; x64; rv:109.0) Gecko/20100101 Firefox/110.0" "ysfine.com"
71.178.208.102 - - [16/Feb/2023:18:07:31 -0800] "GET /home/facu63c.jpg HTTP/1.1" 200 41710 "https://ysfine.com/bio.html?fbclid=IwAR0r4wfiz7V-QbmYxlTTS368LZAhE8AjrXK9lXXDztmtmBll9dE5IbqGdt0" "Mozilla/5.0 (Windows NT 10.0; Win64; x64; rv:109.0) Gecko/20100101 Firefox/110.0" "ysfine.com"
71.178.208.102 - - [16/Feb/2023:18:07:31 -0800] "GET /fotos/103c.jpg HTTP/1.1" 200 32825 "https://ysfine.com/bio.html?fbclid=IwAR0r4wfiz7V-QbmYxlTTS368LZAhE8AjrXK9lXXDztmtmBll9dE5IbqGdt0" "Mozilla/5.0 (Windows NT 10.0; Win64; x64; rv:109.0) Gecko/20100101 Firefox/110.0" "ysfine.com"
71.178.208.102 - - [16/Feb/2023:18:07:31 -0800] "GET /home/comet40c.jpg HTTP/1.1" 200 41188 "https://ysfine.com/bio.html?fbclid=IwAR0r4wfiz7V-QbmYxlTTS368LZAhE8AjrXK9lXXDztmtmBll9dE5IbqGdt0" "Mozilla/5.0 (Windows NT 10.0; Win64; x64; rv:109.0) Gecko/20100101 Firefox/110.0" "ysfine.com"
71.178.208.102 - - [16/Feb/2023:18:07:31 -0800] "GET /style/bstring33c.jpg HTTP/1.1" 200 28940 "https://ysfine.com/bio.html?fbclid=IwAR0r4wfiz7V-QbmYxlTTS368LZAhE8AjrXK9lXXDztmtmBll9dE5IbqGdt0" "Mozilla/5.0 (Windows NT 10.0; Win64; x64; rv:109.0) Gecko/20100101 Firefox/110.0" "ysfine.com"
71.178.208.102 - - [16/Feb/2023:18:07:31 -0800] "GET /home/fotos/einhaus450.jpg HTTP/1.1" 200 65369 "https://ysfine.com/bio.html?fbclid=IwAR0r4wfiz7V-QbmYxlTTS368LZAhE8AjrXK9lXXDztmtmBll9dE5IbqGdt0" "Mozilla/5.0 (Windows NT 10.0; Win64; x64; rv:109.0) Gecko/20100101 Firefox/110.0" "ysfine.com"
71.178.208.102 - - [16/Feb/2023:18:07:31 -0800] "GET /kobak/swr51c.jpg HTTP/1.1" 200 35677 "https://ysfine.com/bio.html?fbclid=IwAR0r4wfiz7V-QbmYxlTTS368LZAhE8AjrXK9lXXDztmtmBll9dE5IbqGdt0" "Mozilla/5.0 (Windows NT 10.0; Win64; x64; rv:109.0) Gecko/20100101 Firefox/110.0" "ysfine.com"
71.178.208.102 - - [16/Feb/2023:18:07:31 -0800] "GET /favicon.ico HTTP/1.1" 404 88 "https://ysfine.com/bio.html?fbclid=IwAR0r4wfiz7V-QbmYxlTTS368LZAhE8AjrXK9lXXDztmtmBll9dE5IbqGdt0" "Mozilla/5.0 (Windows NT 10.0; Win64; x64; rv:109.0) Gecko/20100101 Firefox/110.0" "ysfine.com"
157.55.39.207 - - [16/Feb/2023:18:07:41 -0800] "GET /world/france/metz53.jpg HTTP/1.1" 200 115985 "-" "Mozilla/5.0 AppleWebKit/537.36 (KHTML, like Gecko; compatible; bingbot/2.0; +http://www.bing.com/bingbot.htm) Chrome/103.0.5060.134 Safari/537.36" "ysfine.com"
64.124.8.53 - - [16/Feb/2023:18:08:07 -0800] "GET /ysbio/wdc/whouse03.jpg HTTP/1.1" 404 88 "-" "Mozilla/5.0 (Macintosh; Intel Mac OS X 10_15_7) AppleWebKit/537.36 (KHTML, like Gecko) Chrome/107.0.0.0 Safari/537.36" "www.ysfine.com"
64.124.8.29 - - [16/Feb/2023:18:08:14 -0800] "GET /world/russ/roskei08.jpg HTTP/1.1" 200 128893 "-" "Mozilla/5.0 (Macintosh; Intel Mac OS X 10_15_7) AppleWebKit/537.36 (KHTML, like Gecko) Chrome/107.0.0.0 Safari/537.36" "ysfine.com"
69.220.155.133 - - [16/Feb/2023:18:08:45 -0800] "GET /world/russ/mosf16b.jpg HTTP/1.1" 200 42050 "https://www.google.com/" "Mozilla/5.0 (Windows NT 10.0; Win64; x64) AppleWebKit/537.36 (KHTML, like Gecko) Chrome/110.0.0.0 Safari/537.36" "ysfine.com"
64.124.8.49 - - [16/Feb/2023:18:09:53 -0800] "GET /einstein/eins54.jpg HTTP/1.1" 200 86686 "-" "Mozilla/5.0 (Macintosh; Intel Mac OS X 10_15_7) AppleWebKit/537.36 (KHTML, like Gecko) Chrome/107.0.0.0 Safari/537.36" "ysfine.com"
64.124.8.53 - - [16/Feb/2023:18:09:58 -0800] "GET /ysbio/einstein/chewfra11.jpg HTTP/1.1" 404 88 "-" "Mozilla/5.0 (Macintosh; Intel Mac OS X 10_15_7) AppleWebKit/537.36 (KHTML, like Gecko) Chrome/107.0.0.0 Safari/537.36" "ysfine.com"
71.178.208.102 - - [16/Feb/2023:18:10:05 -0800] "GET /bio.html?fbclid=IwAR18qYXv6kMruUNP6GJ2McEfm-FliaNIsT0YXia6QApvLhPriw83KZ-V3Tg HTTP/1.1" 200 18260 "https://l.facebook.com/" "Mozilla/5.0 (Windows NT 10.0; Win64; x64; rv:109.0) Gecko/20100101 Firefox/110.0" "ysfine.com"
64.124.8.29 - - [16/Feb/2023:18:10:29 -0800] "GET /world/ital/venice22.jpg HTTP/1.1" 200 128073 "-" "Mozilla/5.0 (Macintosh; Intel Mac OS X 10_15_7) AppleWebKit/537.36 (KHTML, like Gecko) Chrome/107.0.0.0 Safari/537.36" "ysfine.com"
64.124.8.28 - - [16/Feb/2023:18:10:41 -0800] "GET /world/ital/bolog10.jpg HTTP/1.1" 200 110477 "-" "Mozilla/5.0 (Macintosh; Intel Mac OS X 10_15_7) AppleWebKit/537.36 (KHTML, like Gecko) Chrome/107.0.0.0 Safari/537.36" "www.ysfine.com"
71.178.208.102 - - [16/Feb/2023:18:11:10 -0800] "GET /auto/bio.html?fbclid=IwAR3T-paAf1GdwvC9FzCQO73f7bXxFJ2w46ZZYfyaiMu-hbui3bezbYyTt2Y HTTP/1.1" 200 18256 "https://l.facebook.com/" "Mozilla/5.0 (Windows NT 10.0; Win64; x64; rv:109.0) Gecko/20100101 Firefox/110.0" "ysfine.com"
71.178.208.102 - - [16/Feb/2023:18:11:10 -0800] "GET /auto/fotos/photo00c.jpg HTTP/1.1" 200 34216 "https://ysfine.com/auto/bio.html?fbclid=IwAR3T-paAf1GdwvC9FzCQO73f7bXxFJ2w46ZZYfyaiMu-hbui3bezbYyTt2Y" "Mozilla/5.0 (Windows NT 10.0; Win64; x64; rv:109.0) Gecko/20100101 Firefox/110.0" "ysfine.com"
71.178.208.102 - - [16/Feb/2023:18:11:10 -0800] "GET /auto/fotos/photo08c.jpg HTTP/1.1" 200 28474 "https://ysfine.com/auto/bio.html?fbclid=IwAR3T-paAf1GdwvC9FzCQO73f7bXxFJ2w46ZZYfyaiMu-hbui3bezbYyTt2Y" "Mozilla/5.0 (Windows NT 10.0; Win64; x64; rv:109.0) Gecko/20100101 Firefox/110.0" "ysfine.com"
71.178.208.102 - - [16/Feb/2023:18:11:10 -0800] "GET /auto/fotos/korjap03c.jpg HTTP/1.1" 200 24308 "https://ysfine.com/auto/bio.html?fbclid=IwAR3T-paAf1GdwvC9FzCQO73f7bXxFJ2w46ZZYfyaiMu-hbui3bezbYyTt2Y" "Mozilla/5.0 (Windows NT 10.0; Win64; x64; rv:109.0) Gecko/20100101 Firefox/110.0" "ysfine.com"
71.178.208.102 - - [16/Feb/2023:18:11:10 -0800] "GET /auto/fotos/photo03c.jpg HTTP/1.1" 200 23013 "https://ysfine.com/auto/bio.html?fbclid=IwAR3T-paAf1GdwvC9FzCQO73f7bXxFJ2w46ZZYfyaiMu-hbui3bezbYyTt2Y" "Mozilla/5.0 (Windows NT 10.0; Win64; x64; rv:109.0) Gecko/20100101 Firefox/110.0" "ysfine.com"
71.178.208.102 - - [16/Feb/2023:18:11:10 -0800] "GET /auto/fotos/photo05c.jpg HTTP/1.1" 200 39109 "https://ysfine.com/auto/bio.html?fbclid=IwAR3T-paAf1GdwvC9FzCQO73f7bXxFJ2w46ZZYfyaiMu-hbui3bezbYyTt2Y" "Mozilla/5.0 (Windows NT 10.0; Win64; x64; rv:109.0) Gecko/20100101 Firefox/110.0" "ysfine.com"
71.178.208.102 - - [16/Feb/2023:18:11:10 -0800] "GET /auto/fotos/dirfeyn62c.jpg HTTP/1.1" 200 52150 "https://ysfine.com/auto/bio.html?fbclid=IwAR3T-paAf1GdwvC9FzCQO73f7bXxFJ2w46ZZYfyaiMu-hbui3bezbYyTt2Y" "Mozilla/5.0 (Windows NT 10.0; Win64; x64; rv:109.0) Gecko/20100101 Firefox/110.0" "ysfine.com"
71.178.208.102 - - [16/Feb/2023:18:11:10 -0800] "GET /auto/fotos/house99d.jpg HTTP/1.1" 200 38264 "https://ysfine.com/auto/bio.html?fbclid=IwAR3T-paAf1GdwvC9FzCQO73f7bXxFJ2w46ZZYfyaiMu-hbui3bezbYyTt2Y" "Mozilla/5.0 (Windows NT 10.0; Win64; x64; rv:109.0) Gecko/20100101 Firefox/110.0" "ysfine.com"
71.178.208.102 - - [16/Feb/2023:18:11:10 -0800] "GET /auto/fotos/photo06c.jpg HTTP/1.1" 200 40796 "https://ysfine.com/auto/bio.html?fbclid=IwAR3T-paAf1GdwvC9FzCQO73f7bXxFJ2w46ZZYfyaiMu-hbui3bezbYyTt2Y" "Mozilla/5.0 (Windows NT 10.0; Win64; x64; rv:109.0) Gecko/20100101 Firefox/110.0" "ysfine.com"
71.178.208.102 - - [16/Feb/2023:18:11:10 -0800] "GET /auto/fotos/campus06c.jpg HTTP/1.1" 200 49136 "https://ysfine.com/auto/bio.html?fbclid=IwAR3T-paAf1GdwvC9FzCQO73f7bXxFJ2w46ZZYfyaiMu-hbui3bezbYyTt2Y" "Mozilla/5.0 (Windows NT 10.0; Win64; x64; rv:109.0) Gecko/20100101 Firefox/110.0" "ysfine.com"
71.178.208.102 - - [16/Feb/2023:18:11:10 -0800] "GET /auto/fotos/photo12c.jpg HTTP/1.1" 200 31719 "https://ysfine.com/auto/bio.html?fbclid=IwAR3T-paAf1GdwvC9FzCQO73f7bXxFJ2w46ZZYfyaiMu-hbui3bezbYyTt2Y" "Mozilla/5.0 (Windows NT 10.0; Win64; x64; rv:109.0) Gecko/20100101 Firefox/110.0" "ysfine.com"
71.178.208.102 - - [16/Feb/2023:18:11:10 -0800] "GET /auto/fotos/wsj450.jpg HTTP/1.1" 200 68132 "https://ysfine.com/auto/bio.html?fbclid=IwAR3T-paAf1GdwvC9FzCQO73f7bXxFJ2w46ZZYfyaiMu-hbui3bezbYyTt2Y" "Mozilla/5.0 (Windows NT 10.0; Win64; x64; rv:109.0) Gecko/20100101 Firefox/110.0" "ysfine.com"
71.178.208.102 - - [16/Feb/2023:18:11:10 -0800] "GET /auto/fotos/seoul50f.jpg HTTP/1.1" 200 127542 "https://ysfine.com/auto/bio.html?fbclid=IwAR3T-paAf1GdwvC9FzCQO73f7bXxFJ2w46ZZYfyaiMu-hbui3bezbYyTt2Y" "Mozilla/5.0 (Windows NT 10.0; Win64; x64; rv:109.0) Gecko/20100101 Firefox/110.0" "ysfine.com"
71.178.208.102 - - [16/Feb/2023:18:11:10 -0800] "GET /auto/fotos/photo04c.jpg HTTP/1.1" 200 39964 "https://ysfine.com/auto/bio.html?fbclid=IwAR3T-paAf1GdwvC9FzCQO73f7bXxFJ2w46ZZYfyaiMu-hbui3bezbYyTt2Y" "Mozilla/5.0 (Windows NT 10.0; Win64; x64; rv:109.0) Gecko/20100101 Firefox/110.0" "ysfine.com"
71.178.208.102 - - [16/Feb/2023:18:11:10 -0800] "GET /auto/fotos/105c.jpg HTTP/1.1" 200 41825 "https://ysfine.com/auto/bio.html?fbclid=IwAR3T-paAf1GdwvC9FzCQO73f7bXxFJ2w46ZZYfyaiMu-hbui3bezbYyTt2Y" "Mozilla/5.0 (Windows NT 10.0; Win64; x64; rv:109.0) Gecko/20100101 Firefox/110.0" "ysfine.com"
71.178.208.102 - - [16/Feb/2023:18:11:10 -0800] "GET /auto/fotos/photo09c.jpg HTTP/1.1" 200 25413 "https://ysfine.com/auto/bio.html?fbclid=IwAR3T-paAf1GdwvC9FzCQO73f7bXxFJ2w46ZZYfyaiMu-hbui3bezbYyTt2Y" "Mozilla/5.0 (Windows NT 10.0; Win64; x64; rv:109.0) Gecko/20100101 Firefox/110.0" "ysfine.com"
71.178.208.102 - - [16/Feb/2023:18:11:10 -0800] "GET /auto/fotos/101c.jpg HTTP/1.1" 200 37079 "https://ysfine.com/auto/bio.html?fbclid=IwAR3T-paAf1GdwvC9FzCQO73f7bXxFJ2w46ZZYfyaiMu-hbui3bezbYyTt2Y" "Mozilla/5.0 (Windows NT 10.0; Win64; x64; rv:109.0) Gecko/20100101 Firefox/110.0" "ysfine.com"
71.178.208.102 - - [16/Feb/2023:18:11:10 -0800] "GET /auto/fotos/104c.jpg HTTP/1.1" 200 35089 "https://ysfine.com/auto/bio.html?fbclid=IwAR3T-paAf1GdwvC9FzCQO73f7bXxFJ2w46ZZYfyaiMu-hbui3bezbYyTt2Y" "Mozilla/5.0 (Windows NT 10.0; Win64; x64; rv:109.0) Gecko/20100101 Firefox/110.0" "ysfine.com"
71.178.208.102 - - [16/Feb/2023:18:11:10 -0800] "GET /auto/fotos/gongdae54f.jpg HTTP/1.1" 200 88096 "https://ysfine.com/auto/bio.html?fbclid=IwAR3T-paAf1GdwvC9FzCQO73f7bXxFJ2w46ZZYfyaiMu-hbui3bezbYyTt2Y" "Mozilla/5.0 (Windows NT 10.0; Win64; x64; rv:109.0) Gecko/20100101 Firefox/110.0" "ysfine.com"
