114.119.128.126 - - [16/Feb/2023:07:48:12 -0800] "GET /remote/wigner111/frame29.html HTTP/1.1" 200 451 "https://www.ysfine.com/remote/wigner111/goto.html" "Mozilla/5.0 (Linux; Android 7.0;) AppleWebKit/537.36 (KHTML, like Gecko) Mobile Safari/537.36 (compatible; PetalBot;+https://webmaster.petalsearch.com/site/petalbot)" "www.ysfine.com"
64.124.8.50 - - [16/Feb/2023:07:49:03 -0800] "GET /world/china/opium10.jpg HTTP/1.1" 200 82976 "-" "Mozilla/5.0 (Macintosh; Intel Mac OS X 10_15_7) AppleWebKit/537.36 (KHTML, like Gecko) Chrome/107.0.0.0 Safari/537.36" "ysfine.com"
64.124.8.53 - - [16/Feb/2023:07:49:36 -0800] "GET /world/brit/harrod16.jpg HTTP/1.1" 200 75507 "-" "Mozilla/5.0 (Macintosh; Intel Mac OS X 10_15_7) AppleWebKit/537.36 (KHTML, like Gecko) Chrome/107.0.0.0 Safari/537.36" "www.ysfine.com"
64.124.8.56 - - [16/Feb/2023:07:49:44 -0800] "GET /world/baltic/rigaeisen05.jpg HTTP/1.1" 200 118431 "-" "Mozilla/5.0 (Macintosh; Intel Mac OS X 10_15_7) AppleWebKit/537.36 (KHTML, like Gecko) Chrome/107.0.0.0 Safari/537.36" "ysfine.com"
114.119.143.214 - - [16/Feb/2023:07:50:00 -0800] "GET /maga/phil/sisfa12/frame60.html HTTP/1.1" 200 326 "https://www.ysfine.com/maga/phil/sisfa12/frame59.html" "Mozilla/5.0 (Linux; Android 7.0;) AppleWebKit/537.36 (KHTML, like Gecko) Mobile Safari/537.36 (compatible; PetalBot;+https://webmaster.petalsearch.com/site/petalbot)" "www.ysfine.com"
64.124.8.29 - - [16/Feb/2023:07:50:07 -0800] "GET /ysbio/awards/marq/mille33.jpg HTTP/1.1" 404 88 "-" "Mozilla/5.0 (Macintosh; Intel Mac OS X 10_15_7) AppleWebKit/537.36 (KHTML, like Gecko) Chrome/107.0.0.0 Safari/537.36" "ysfine.com"
216.244.66.229 - - [16/Feb/2023:07:50:14 -0800] "GET /einstein/eindcmap.jpg HTTP/1.1" 200 88773 "-" "Mozilla/5.0 (compatible; DotBot/1.2; +https://opensiteexplorer.org/dotbot; help@moz.com)" "ysfine.com"
64.124.8.29 - - [16/Feb/2023:07:50:38 -0800] "GET /ysbio/world/russ/kiev032.jpg HTTP/1.1" 404 88 "-" "Mozilla/5.0 (Macintosh; Intel Mac OS X 10_15_7) AppleWebKit/537.36 (KHTML, like Gecko) Chrome/107.0.0.0 Safari/537.36" "ysfine.com"
64.124.8.55 - - [16/Feb/2023:07:50:43 -0800] "GET /ffriends/amkor/amhigh09.jpg HTTP/1.1" 200 124909 "-" "Mozilla/5.0 (Macintosh; Intel Mac OS X 10_15_7) AppleWebKit/537.36 (KHTML, like Gecko) Chrome/107.0.0.0 Safari/537.36" "ysfine.com"
216.244.66.229 - - [16/Feb/2023:07:50:53 -0800] "GET /kobak/underw12.jpg HTTP/1.1" 200 105170 "-" "Mozilla/5.0 (compatible; DotBot/1.2; +https://opensiteexplorer.org/dotbot; help@moz.com)" "ysfine.com"
52.167.144.62 - - [16/Feb/2023:07:50:57 -0800] "GET /auto/bio03.html HTTP/1.1" 200 10059 "-" "Mozilla/5.0 AppleWebKit/537.36 (KHTML, like Gecko; compatible; bingbot/2.0; +http://www.bing.com/bingbot.htm) Chrome/103.0.5060.134 Safari/537.36" "ysfine.com"
157.55.39.207 - - [16/Feb/2023:07:51:22 -0800] "GET /world/germany/franko11.jpg HTTP/1.1" 200 71379 "-" "Mozilla/5.0 AppleWebKit/537.36 (KHTML, like Gecko; compatible; bingbot/2.0; +http://www.bing.com/bingbot.htm) Chrome/103.0.5060.134 Safari/537.36" "ysfine.com"
142.132.184.119 - - [16/Feb/2023:07:51:35 -0800] "GET /einstein/einvio11b.jpg HTTP/1.1" 200 38018 "-" "Mozilla/5.0 (X11; Fedora; Linux x86_64) AppleWebKit/537.36 (KHTML, like Gecko) Chrome/79.0.3945.117 Safari/537.36" "www.ysfine.com"
64.124.8.53 - - [16/Feb/2023:07:51:36 -0800] "GET /world/poland/palaceof01.jpg HTTP/1.1" 200 66592 "-" "Mozilla/5.0 (Macintosh; Intel Mac OS X 10_15_7) AppleWebKit/537.36 (KHTML, like Gecko) Chrome/107.0.0.0 Safari/537.36" "ysfine.com"
216.244.66.229 - - [16/Feb/2023:07:51:43 -0800] "GET /sbk/2009lon44.jpg HTTP/1.1" 200 161528 "-" "Mozilla/5.0 (compatible; DotBot/1.2; +https://opensiteexplorer.org/dotbot; help@moz.com)" "ysfine.com"
64.124.8.57 - - [16/Feb/2023:07:51:57 -0800] "GET /ysbio/wdc/nga03.jpg HTTP/1.1" 404 88 "-" "Mozilla/5.0 (Macintosh; Intel Mac OS X 10_15_7) AppleWebKit/537.36 (KHTML, like Gecko) Chrome/107.0.0.0 Safari/537.36" "www.ysfine.com"
114.119.147.129 - - [16/Feb/2023:07:52:04 -0800] "GET /class54/class5470/total_data/sub_853.htm HTTP/1.1" 200 3526 "https://www.ysfine.com/class54/class5470/total_data/sub_839.htm" "Mozilla/5.0 (Linux; Android 7.0;) AppleWebKit/537.36 (KHTML, like Gecko) Mobile Safari/537.36 (compatible; PetalBot;+https://webmaster.petalsearch.com/site/petalbot)" "www.ysfine.com"
216.244.66.229 - - [16/Feb/2023:07:52:35 -0800] "GET /world/spain/sevif10.jpg HTTP/1.1" 200 280123 "-" "Mozilla/5.0 (compatible; DotBot/1.2; +https://opensiteexplorer.org/dotbot; help@moz.com)" "ysfine.com"
64.124.8.54 - - [16/Feb/2023:07:52:40 -0800] "GET /usca/pitt/westifn02.jpg HTTP/1.1" 200 227902 "-" "Mozilla/5.0 (Macintosh; Intel Mac OS X 10_15_7) AppleWebKit/537.36 (KHTML, like Gecko) Chrome/107.0.0.0 Safari/537.36" "www.ysfine.com"
64.124.8.54 - - [16/Feb/2023:07:52:58 -0800] "GET /world/brit/windsor04.jpg HTTP/1.1" 200 94935 "-" "Mozilla/5.0 (Macintosh; Intel Mac OS X 10_15_7) AppleWebKit/537.36 (KHTML, like Gecko) Chrome/107.0.0.0 Safari/537.36" "ysfine.com"
64.124.8.49 - - [16/Feb/2023:07:53:12 -0800] "GET /people/sakharov01.jpg HTTP/1.1" 200 107028 "-" "Mozilla/5.0 (Macintosh; Intel Mac OS X 10_15_7) AppleWebKit/537.36 (KHTML, like Gecko) Chrome/107.0.0.0 Safari/537.36" "ysfine.com"
64.124.8.49 - - [16/Feb/2023:07:53:38 -0800] "GET /style/muisc/chopin01.jpg HTTP/1.1" 404 88 "-" "Mozilla/5.0 (Macintosh; Intel Mac OS X 10_15_7) AppleWebKit/537.36 (KHTML, like Gecko) Chrome/107.0.0.0 Safari/537.36" "ysfine.com"
64.124.8.52 - - [16/Feb/2023:07:54:37 -0800] "GET /world/brit/cam17.jpg HTTP/1.1" 200 185221 "-" "Mozilla/5.0 (Macintosh; Intel Mac OS X 10_15_7) AppleWebKit/537.36 (KHTML, like Gecko) Chrome/107.0.0.0 Safari/537.36" "ysfine.com"
64.124.8.53 - - [16/Feb/2023:07:55:13 -0800] "GET /world/spain/cordo11.jpg HTTP/1.1" 200 233828 "-" "Mozilla/5.0 (Macintosh; Intel Mac OS X 10_15_7) AppleWebKit/537.36 (KHTML, like Gecko) Chrome/107.0.0.0 Safari/537.36" "ysfine.com"
64.124.8.28 - - [16/Feb/2023:07:55:40 -0800] "GET /ysbio/kobak/underw03.jpg HTTP/1.1" 404 88 "-" "Mozilla/5.0 (Macintosh; Intel Mac OS X 10_15_7) AppleWebKit/537.36 (KHTML, like Gecko) Chrome/107.0.0.0 Safari/537.36" "www.ysfine.com"
192.146.190.219 - - [16/Feb/2023:07:55:51 -0800] "GET /maga/histo/oscar33.jpg HTTP/1.1" 200 140181 "https://www.google.com/" "Mozilla/5.0 (Windows NT 10.0; Win64; x64) AppleWebKit/537.36 (KHTML, like Gecko) Chrome/109.0.0.0 Safari/537.36" "ysfine.com"
52.167.144.35 - - [16/Feb/2023:07:56:04 -0800] "GET /ysbio/philo/sisfa12/frame15.html HTTP/1.1" 404 88 "-" "Mozilla/5.0 AppleWebKit/537.36 (KHTML, like Gecko; compatible; bingbot/2.0; +http://www.bing.com/bingbot.htm) Chrome/103.0.5060.134 Safari/537.36" "ysfine.com"
130.234.183.118 - - [16/Feb/2023:07:56:21 -0800] "GET /maga/phys/landau35b.jpg HTTP/1.1" 200 26143 "https://www.google.com/" "Mozilla/5.0 (Windows NT 10.0; Win64; x64) AppleWebKit/537.36 (KHTML, like Gecko) Chrome/110.0.0.0 Safari/537.36" "ysfine.com"
64.124.8.54 - - [16/Feb/2023:07:56:28 -0800] "GET /kowar/mil/sherman50.jpg HTTP/1.1" 404 88 "-" "Mozilla/5.0 (Macintosh; Intel Mac OS X 10_15_7) AppleWebKit/537.36 (KHTML, like Gecko) Chrome/107.0.0.0 Safari/537.36" "ysfine.com"
64.124.8.57 - - [16/Feb/2023:07:56:41 -0800] "GET /people/sakharov01.jpg HTTP/1.1" 200 107028 "-" "Mozilla/5.0 (Macintosh; Intel Mac OS X 10_15_7) AppleWebKit/537.36 (KHTML, like Gecko) Chrome/107.0.0.0 Safari/537.36" "www.ysfine.com"
52.167.144.86 - - [16/Feb/2023:07:57:24 -0800] "GET /auto/bio21.html HTTP/1.1" 304 - "-" "Mozilla/5.0 AppleWebKit/537.36 (KHTML, like Gecko; compatible; bingbot/2.0; +http://www.bing.com/bingbot.htm) Chrome/103.0.5060.134 Safari/537.36" "www.ysfine.com"
5.188.210.91 - - [16/Feb/2023:07:57:35 -0800] "GET /world/visas.html HTTP/1.1" 200 7643 "https://www.ysfine.com/world/visas.html" "Mozilla/5.0 (Windows NT 10.0; Win64; x64) AppleWebKit/537.36 (KHTML, like Gecko) Chrome/90.0.4430.85 Safari/537.36 Edg/90.0.818.49" "www.ysfine.com"
114.239.165.140 - - [16/Feb/2023:07:57:40 -0800] "GET /dirac/index.html HTTP/1.1" 200 124 "-" "Mozilla/5.0 (Windows NT 6.2; Win64; x64) AppleWebKit/537.36 (KHTML, like Gecko) Chrome/60.0.3112.90 Safari/537.36" "ysfine.com"
64.124.8.41 - - [16/Feb/2023:07:57:47 -0800] "GET /robots.txt HTTP/1.1" 404 88 "-" "Mozilla/5.0 (X11; Linux x86_64) AppleWebKit/537.36 (KHTML, like Gecko) Chrome/61.0.3163.79 Safari/537.36" "ysfine.com"
64.124.8.41 - - [16/Feb/2023:07:57:47 -0800] "GET /robots.txt HTTP/1.1" 404 88 "-" "Mozilla/5.0 (X11; Linux x86_64) AppleWebKit/537.36 (KHTML, like Gecko) Chrome/61.0.3163.79 Safari/537.36" "ysfine.com"
64.124.8.41 - - [16/Feb/2023:07:57:47 -0800] "GET /dirac/o32inho22jpg HTTP/1.1" 404 88 "-" "Mozilla/5.0 (X11; Linux x86_64) AppleWebKit/537.36 (KHTML, like Gecko) Chrome/61.0.3163.79 Safari/537.36" "ysfine.com"
64.124.8.54 - - [16/Feb/2023:07:57:53 -0800] "GET /dirac/dirackn33.jpg HTTP/1.1" 200 98181 "-" "Mozilla/5.0 (Macintosh; Intel Mac OS X 10_15_7) AppleWebKit/537.36 (KHTML, like Gecko) Chrome/107.0.0.0 Safari/537.36" "www.ysfine.com"
185.191.171.33 - - [16/Feb/2023:07:57:55 -0800] "GET /world/china11.html HTTP/1.1" 200 24682 "-" "Mozilla/5.0 (compatible; SemrushBot/7~bl; +http://www.semrush.com/bot.html)" "ysfine.com"
64.124.8.56 - - [16/Feb/2023:07:58:19 -0800] "GET /ysbio/newyork/metny77.jpg HTTP/1.1" 404 88 "-" "Mozilla/5.0 (Macintosh; Intel Mac OS X 10_15_7) AppleWebKit/537.36 (KHTML, like Gecko) Chrome/107.0.0.0 Safari/537.36" "ysfine.com"
216.244.66.229 - - [16/Feb/2023:07:59:17 -0800] "GET /fbook/hongkong66.jpg HTTP/1.1" 200 210834 "-" "Mozilla/5.0 (compatible; DotBot/1.2; +https://opensiteexplorer.org/dotbot; help@moz.com)" "ysfine.com"
64.124.8.52 - - [16/Feb/2023:07:59:51 -0800] "GET /style/curie.jpg HTTP/1.1" 200 104666 "-" "Mozilla/5.0 (Macintosh; Intel Mac OS X 10_15_7) AppleWebKit/537.36 (KHTML, like Gecko) Chrome/107.0.0.0 Safari/537.36" "ysfine.com"
64.124.8.56 - - [16/Feb/2023:07:59:58 -0800] "GET /world/latina/sambario14.jpg HTTP/1.1" 200 72783 "-" "Mozilla/5.0 (Macintosh; Intel Mac OS X 10_15_7) AppleWebKit/537.36 (KHTML, like Gecko) Chrome/107.0.0.0 Safari/537.36" "www.ysfine.com"
64.124.8.57 - - [16/Feb/2023:08:00:05 -0800] "GET /world/russ/minskf05.jpg HTTP/1.1" 200 72773 "-" "Mozilla/5.0 (Macintosh; Intel Mac OS X 10_15_7) AppleWebKit/537.36 (KHTML, like Gecko) Chrome/107.0.0.0 Safari/537.36" "ysfine.com"
216.244.66.229 - - [16/Feb/2023:08:00:06 -0800] "GET /ffriends/luxem01.jpg HTTP/1.1" 200 92008 "-" "Mozilla/5.0 (compatible; DotBot/1.2; +https://opensiteexplorer.org/dotbot; help@moz.com)" "ysfine.com"
206.57.225.8 - - [16/Feb/2023:08:00:06 -0800] "GET /kowar/gi002.jpg HTTP/1.1" 200 69969 "https://www.google.com/" "Mozilla/5.0 (X11; CrOS x86_64 14541.0.0) AppleWebKit/537.36 (KHTML, like Gecko) Chrome/109.0.0.0 Safari/537.36" "ysfine.com"
216.244.66.229 - - [16/Feb/2023:08:00:47 -0800] "GET /ffriends/safrica22.jpg HTTP/1.1" 200 178122 "-" "Mozilla/5.0 (compatible; DotBot/1.2; +https://opensiteexplorer.org/dotbot; help@moz.com)" "ysfine.com"
64.124.8.29 - - [16/Feb/2023:08:01:01 -0800] "GET /ffriends/masha22.jpg HTTP/1.1" 404 88 "-" "Mozilla/5.0 (Macintosh; Intel Mac OS X 10_15_7) AppleWebKit/537.36 (KHTML, like Gecko) Chrome/107.0.0.0 Safari/537.36" "ysfine.com"
157.55.39.207 - - [16/Feb/2023:08:01:10 -0800] "GET /style/songs.html HTTP/1.1" 200 31567 "-" "Mozilla/5.0 AppleWebKit/537.36 (KHTML, like Gecko; compatible; bingbot/2.0; +http://www.bing.com/bingbot.htm) Chrome/103.0.5060.134 Safari/537.36" "www.ysfine.com"
52.167.144.86 - - [16/Feb/2023:08:01:14 -0800] "GET /world/season.html HTTP/1.1" 200 23901 "-" "Mozilla/5.0 AppleWebKit/537.36 (KHTML, like Gecko; compatible; bingbot/2.0; +http://www.bing.com/bingbot.htm) Chrome/103.0.5060.134 Safari/537.36" "www.ysfine.com"
64.124.8.49 - - [16/Feb/2023:08:01:31 -0800] "GET /world/ital/rome131.jpg HTTP/1.1" 200 125613 "-" "Mozilla/5.0 (Macintosh; Intel Mac OS X 10_15_7) AppleWebKit/537.36 (KHTML, like Gecko) Chrome/107.0.0.0 Safari/537.36" "www.ysfine.com"
216.244.66.229 - - [16/Feb/2023:08:01:37 -0800] "GET /maga/invent/westing.jpg HTTP/1.1" 200 89836 "-" "Mozilla/5.0 (compatible; DotBot/1.2; +https://opensiteexplorer.org/dotbot; help@moz.com)" "ysfine.com"
185.191.171.10 - - [16/Feb/2023:08:01:42 -0800] "GET /maga/faraday.html HTTP/1.1" 200 6233 "-" "Mozilla/5.0 (compatible; SemrushBot/7~bl; +http://www.semrush.com/bot.html)" "ysfine.com"
209.166.122.18 - - [16/Feb/2023:08:01:49 -0800] "GET /princeton/brooke22.jpg HTTP/1.1" 200 87673 "https://www.google.com/" "Mozilla/5.0 (Windows NT 10.0; Win64; x64) AppleWebKit/537.36 (KHTML, like Gecko) Chrome/103.0.0.0 Safari/537.36" "ysfine.com"
64.124.8.54 - - [16/Feb/2023:08:01:54 -0800] "GET /style/smithonian.jpg HTTP/1.1" 200 88645 "-" "Mozilla/5.0 (Macintosh; Intel Mac OS X 10_15_7) AppleWebKit/537.36 (KHTML, like Gecko) Chrome/107.0.0.0 Safari/537.36" "www.ysfine.com"
216.244.66.229 - - [16/Feb/2023:08:02:12 -0800] "GET /style/cameras/comedians.jpg HTTP/1.1" 200 159639 "-" "Mozilla/5.0 (compatible; DotBot/1.2; +https://opensiteexplorer.org/dotbot; help@moz.com)" "ysfine.com"
52.167.144.35 - - [16/Feb/2023:08:02:25 -0800] "GET /bio/sbk/1950.html HTTP/1.1" 404 88 "-" "Mozilla/5.0 AppleWebKit/537.36 (KHTML, like Gecko; compatible; bingbot/2.0; +http://www.bing.com/bingbot.htm) Chrome/103.0.5060.134 Safari/537.36" "ysfine.com"
52.167.144.35 - - [16/Feb/2023:08:02:45 -0800] "GET /ysbio/articles/yukadirac80.pdf HTTP/1.1" 404 88 "-" "Mozilla/5.0 AppleWebKit/537.36 (KHTML, like Gecko; compatible; bingbot/2.0; +http://www.bing.com/bingbot.htm) Chrome/103.0.5060.134 Safari/537.36" "ysfine.com"
216.244.66.229 - - [16/Feb/2023:08:02:54 -0800] "GET /world/brit/oxlon25.jpg HTTP/1.1" 200 135280 "-" "Mozilla/5.0 (compatible; DotBot/1.2; +https://opensiteexplorer.org/dotbot; help@moz.com)" "ysfine.com"
52.167.144.62 - - [16/Feb/2023:08:03:08 -0800] "GET /bio/style/proschanie.html HTTP/1.1" 404 88 "-" "Mozilla/5.0 AppleWebKit/537.36 (KHTML, like Gecko; compatible; bingbot/2.0; +http://www.bing.com/bingbot.htm) Chrome/103.0.5060.134 Safari/537.36" "ysfine.com"
216.244.66.229 - - [16/Feb/2023:08:03:35 -0800] "GET /world/france/champ96.html HTTP/1.1" 200 1116 "-" "Mozilla/5.0 (compatible; DotBot/1.2; +https://opensiteexplorer.org/dotbot; help@moz.com)" "ysfine.com"
216.244.66.229 - - [16/Feb/2023:08:04:05 -0800] "GET /world/france/lachaise01cc.jpg HTTP/1.1" 200 159475 "-" "Mozilla/5.0 (compatible; DotBot/1.2; +https://opensiteexplorer.org/dotbot; help@moz.com)" "ysfine.com"
64.124.8.55 - - [16/Feb/2023:08:04:22 -0800] "GET /world/russ/spbm02.jpg HTTP/1.1" 200 143388 "-" "Mozilla/5.0 (Macintosh; Intel Mac OS X 10_15_7) AppleWebKit/537.36 (KHTML, like Gecko) Chrome/107.0.0.0 Safari/537.36" "ysfine.com"
64.124.8.28 - - [16/Feb/2023:08:04:23 -0800] "GET /world/germany/johannstra44.jpg HTTP/1.1" 200 116375 "-" "Mozilla/5.0 (Macintosh; Intel Mac OS X 10_15_7) AppleWebKit/537.36 (KHTML, like Gecko) Chrome/107.0.0.0 Safari/537.36" "www.ysfine.com"
52.167.144.35 - - [16/Feb/2023:08:04:45 -0800] "GET /bio/style/artlove.html HTTP/1.1" 404 88 "-" "Mozilla/5.0 AppleWebKit/537.36 (KHTML, like Gecko; compatible; bingbot/2.0; +http://www.bing.com/bingbot.htm) Chrome/103.0.5060.134 Safari/537.36" "ysfine.com"
216.244.66.229 - - [16/Feb/2023:08:04:55 -0800] "GET /world/france/louvre01.jpg HTTP/1.1" 200 88323 "-" "Mozilla/5.0 (compatible; DotBot/1.2; +https://opensiteexplorer.org/dotbot; help@moz.com)" "ysfine.com"
64.124.8.29 - - [16/Feb/2023:08:05:14 -0800] "GET /world/hungary/buda106.jpg HTTP/1.1" 200 78392 "-" "Mozilla/5.0 (Macintosh; Intel Mac OS X 10_15_7) AppleWebKit/537.36 (KHTML, like Gecko) Chrome/107.0.0.0 Safari/537.36" "www.ysfine.com"
216.244.66.229 - - [16/Feb/2023:08:05:31 -0800] "GET /world/france/matisse01.jpg HTTP/1.1" 200 122873 "-" "Mozilla/5.0 (compatible; DotBot/1.2; +https://opensiteexplorer.org/dotbot; help@moz.com)" "ysfine.com"
5.188.210.42 - - [16/Feb/2023:08:05:43 -0800] "GET /world/visas.html HTTP/1.1" 200 7643 "https://www.ysfine.com/world/visas.html" "Mozilla/5.0 (Windows NT 10.0; Win64; x64) AppleWebKit/537.36 (KHTML, like Gecko) Chrome/90.0.4430.85 Safari/537.36 Edg/90.0.818.46" "www.ysfine.com"
216.244.66.229 - - [16/Feb/2023:08:06:12 -0800] "GET /world/france/montmar10.jpg HTTP/1.1" 200 111686 "-" "Mozilla/5.0 (compatible; DotBot/1.2; +https://opensiteexplorer.org/dotbot; help@moz.com)" "ysfine.com"
17.241.75.229 - - [16/Feb/2023:08:06:21 -0800] "GET /home/dashen.html HTTP/1.1" 200 4015 "-" "Mozilla/5.0 (Macintosh; Intel Mac OS X 10_15_5) AppleWebKit/605.1.15 (KHTML, like Gecko) Version/13.1.1 Safari/605.1.15 (Applebot/0.1; +http://www.apple.com/go/applebot)" "ysfine.com"
52.167.144.62 - - [16/Feb/2023:08:07:17 -0800] "GET /dirac/dirk62.html HTTP/1.1" 304 - "-" "Mozilla/5.0 AppleWebKit/537.36 (KHTML, like Gecko; compatible; bingbot/2.0; +http://www.bing.com/bingbot.htm) Chrome/103.0.5060.134 Safari/537.36" "www.ysfine.com"
64.124.8.53 - - [16/Feb/2023:08:07:20 -0800] "GET /ysbio/houses/house44.jpg HTTP/1.1" 404 88 "-" "Mozilla/5.0 (Macintosh; Intel Mac OS X 10_15_7) AppleWebKit/537.36 (KHTML, like Gecko) Chrome/107.0.0.0 Safari/537.36" "ysfine.com"
52.167.144.86 - - [16/Feb/2023:08:08:36 -0800] "GET /bio/princeton/campus.html HTTP/1.1" 404 88 "-" "Mozilla/5.0 AppleWebKit/537.36 (KHTML, like Gecko; compatible; bingbot/2.0; +http://www.bing.com/bingbot.htm) Chrome/103.0.5060.134 Safari/537.36" "ysfine.com"
185.191.171.24 - - [16/Feb/2023:08:09:10 -0800] "GET /auto/bio14.html HTTP/1.1" 200 22138 "-" "Mozilla/5.0 (compatible; SemrushBot/7~bl; +http://www.semrush.com/bot.html)" "ysfine.com"
64.124.8.53 - - [16/Feb/2023:08:09:16 -0800] "GET /world/germany/vienna12.jpg HTTP/1.1" 200 102202 "-" "Mozilla/5.0 (Macintosh; Intel Mac OS X 10_15_7) AppleWebKit/537.36 (KHTML, like Gecko) Chrome/107.0.0.0 Safari/537.36" "ysfine.com"
107.145.232.32 - - [16/Feb/2023:08:09:39 -0800] "GET /style/picass55b.jpg HTTP/1.1" 200 45890 "https://www.google.com/" "Mozilla/5.0 (Windows NT 10.0; Win64; x64) AppleWebKit/537.36 (KHTML, like Gecko) Chrome/110.0.0.0 Safari/537.36" "ysfine.com"
193.137.179.115 - - [16/Feb/2023:08:09:54 -0800] "GET /wigner/wiglittle.pdf HTTP/1.1" 200 2659296 "https://www.google.com/" "Mozilla/5.0 (X11; Linux x86_64) AppleWebKit/537.36 (KHTML, like Gecko) Chrome/109.0.0.0 Safari/537.36" "ysfine.com"
193.186.4.37 - - [16/Feb/2023:08:09:59 -0800] "GET /wisdom/wk98.html HTTP/1.1" 200 71649 "-" "Mozilla/5.0 (Linux; Android 10; K) AppleWebKit/537.36 (KHTML, like Gecko) Chrome/110.0.0.0 Mobile Safari/537.36" "ysfine.com"
52.167.144.62 - - [16/Feb/2023:08:10:08 -0800] "GET /ysbio/kobak/rhee10b.jpg HTTP/1.1" 404 88 "-" "Mozilla/5.0 AppleWebKit/537.36 (KHTML, like Gecko; compatible; bingbot/2.0; +http://www.bing.com/bingbot.htm) Chrome/103.0.5060.134 Safari/537.36" "ysfine.com"
185.191.171.14 - - [16/Feb/2023:08:10:20 -0800] "GET /world/kazan22.html HTTP/1.1" 200 13786 "-" "Mozilla/5.0 (compatible; SemrushBot/7~bl; +http://www.semrush.com/bot.html)" "ysfine.com"
52.167.144.35 - - [16/Feb/2023:08:10:25 -0800] "GET /kobak/soraech.html HTTP/1.1" 304 - "-" "Mozilla/5.0 AppleWebKit/537.36 (KHTML, like Gecko; compatible; bingbot/2.0; +http://www.bing.com/bingbot.htm) Chrome/103.0.5060.134 Safari/537.36" "www.ysfine.com"
64.124.8.29 - - [16/Feb/2023:08:11:59 -0800] "GET /ysbio/world/scandi/fin07.jpg HTTP/1.1" 404 88 "-" "Mozilla/5.0 (Macintosh; Intel Mac OS X 10_15_7) AppleWebKit/537.36 (KHTML, like Gecko) Chrome/107.0.0.0 Safari/537.36" "ysfine.com"
52.167.144.86 - - [16/Feb/2023:08:12:05 -0800] "GET /dirac/pspace33.jpg HTTP/1.1" 200 78800 "-" "Mozilla/5.0 AppleWebKit/537.36 (KHTML, like Gecko; compatible; bingbot/2.0; +http://www.bing.com/bingbot.htm) Chrome/103.0.5060.134 Safari/537.36" "ysfine.com"
52.167.144.86 - - [16/Feb/2023:08:12:06 -0800] "GET /bio/wigner/e(2).html HTTP/1.1" 404 88 "-" "Mozilla/5.0 AppleWebKit/537.36 (KHTML, like Gecko; compatible; bingbot/2.0; +http://www.bing.com/bingbot.htm) Chrome/103.0.5060.134 Safari/537.36" "ysfine.com"
114.239.165.140 - - [16/Feb/2023:08:12:40 -0800] "GET /wigner/index.html HTTP/1.1" 200 124 "-" "Mozilla/5.0 (Windows NT 6.2; Win64; x64) AppleWebKit/537.36 (KHTML, like Gecko) Chrome/60.0.3112.90 Safari/537.36" "ysfine.com"
64.124.8.54 - - [16/Feb/2023:08:12:48 -0800] "GET /ysbio/world/france/eiffel10.jpg HTTP/1.1" 404 88 "-" "Mozilla/5.0 (Macintosh; Intel Mac OS X 10_15_7) AppleWebKit/537.36 (KHTML, like Gecko) Chrome/107.0.0.0 Safari/537.36" "ysfine.com"
52.167.144.62 - - [16/Feb/2023:08:12:58 -0800] "GET /style/music/bolshoi55.jpg HTTP/1.1" 200 76519 "-" "Mozilla/5.0 AppleWebKit/537.36 (KHTML, like Gecko; compatible; bingbot/2.0; +http://www.bing.com/bingbot.htm) Chrome/103.0.5060.134 Safari/537.36" "ysfine.com"
114.119.146.206 - - [16/Feb/2023:08:13:19 -0800] "GET /ffriends/fdw.html HTTP/1.1" 200 45463 "https://www.ysfine.com/ys11/index.html" "Mozilla/5.0 (Linux; Android 7.0;) AppleWebKit/537.36 (KHTML, like Gecko) Mobile Safari/537.36 (compatible; PetalBot;+https://webmaster.petalsearch.com/site/petalbot)" "www.ysfine.com"
118.184.177.128 - - [16/Feb/2023:08:15:37 -0800] "GET / HTTP/1.1" 200 5295 "-" "Sogou web spider/4.0(+http://www.sogou.com/docs/help/webmasters.htm#07)" "ysfine.com"
185.191.171.40 - - [16/Feb/2023:08:15:50 -0800] "GET /auto/bio07.html HTTP/1.1" 200 6849 "-" "Mozilla/5.0 (compatible; SemrushBot/7~bl; +http://www.semrush.com/bot.html)" "ysfine.com"
216.244.66.229 - - [16/Feb/2023:08:17:27 -0800] "GET /robots.txt HTTP/1.1" 404 73 "-" "Mozilla/5.0 (compatible; DotBot/1.2; +https://opensiteexplorer.org/dotbot; help@moz.com)" "ysfine.com"
216.244.66.229 - - [16/Feb/2023:08:17:27 -0800] "GET /robots.txt HTTP/1.1" 404 73 "-" "Mozilla/5.0 (compatible; DotBot/1.2; +https://opensiteexplorer.org/dotbot; help@moz.com)" "www.ysfine.com"
64.124.8.50 - - [16/Feb/2023:08:17:28 -0800] "GET /style/beetho11.jpg HTTP/1.1" 200 141470 "-" "Mozilla/5.0 (Macintosh; Intel Mac OS X 10_15_7) AppleWebKit/537.36 (KHTML, like Gecko) Chrome/107.0.0.0 Safari/537.36" "www.ysfine.com"
64.124.8.55 - - [16/Feb/2023:08:19:16 -0800] "GET /world/balkan/istan026.jpg HTTP/1.1" 200 84272 "-" "Mozilla/5.0 (Macintosh; Intel Mac OS X 10_15_7) AppleWebKit/537.36 (KHTML, like Gecko) Chrome/107.0.0.0 Safari/537.36" "ysfine.com"
216.244.66.229 - - [16/Feb/2023:08:19:49 -0800] "GET /auto/wdc/umd09.jpg HTTP/1.1" 404 73 "-" "Mozilla/5.0 (compatible; DotBot/1.2; +https://opensiteexplorer.org/dotbot; help@moz.com)" "ysfine.com"
216.244.66.229 - - [16/Feb/2023:08:19:54 -0800] "GET /auto/maga/maxedin.html HTTP/1.1" 404 73 "-" "Mozilla/5.0 (compatible; DotBot/1.2; +https://opensiteexplorer.org/dotbot; help@moz.com)" "ysfine.com"
216.244.66.229 - - [16/Feb/2023:08:20:10 -0800] "GET /style/musee/aix02.jpg HTTP/1.1" 200 183560 "-" "Mozilla/5.0 (compatible; DotBot/1.2; +https://opensiteexplorer.org/dotbot; help@moz.com)" "ysfine.com"
99.246.28.63 - - [16/Feb/2023:08:20:12 -0800] "GET /kowar/tanks/tank03.jpg HTTP/1.1" 200 106726 "https://www.google.com/" "Mozilla/5.0 (Windows NT 10.0; Win64; x64) AppleWebKit/537.36 (KHTML, like Gecko) Chrome/110.0.0.0 Safari/537.36" "ysfine.com"
216.244.66.229 - - [16/Feb/2023:08:20:20 -0800] "GET /world/ital/romef103b.jpg HTTP/1.1" 200 47660 "-" "Mozilla/5.0 (compatible; DotBot/1.2; +https://opensiteexplorer.org/dotbot; help@moz.com)" "www.ysfine.com"
64.124.8.53 - - [16/Feb/2023:08:20:39 -0800] "GET /world/france/champ9604.jpg HTTP/1.1" 200 102875 "-" "Mozilla/5.0 (Macintosh; Intel Mac OS X 10_15_7) AppleWebKit/537.36 (KHTML, like Gecko) Chrome/107.0.0.0 Safari/537.36" "ysfine.com"
216.244.66.229 - - [16/Feb/2023:08:20:44 -0800] "GET /world/ital/venice17b.jpg HTTP/1.1" 200 24808 "-" "Mozilla/5.0 (compatible; DotBot/1.2; +https://opensiteexplorer.org/dotbot; help@moz.com)" "www.ysfine.com"
64.124.8.50 - - [16/Feb/2023:08:20:56 -0800] "GET /wdc/eindc02.jpg HTTP/1.1" 200 147414 "-" "Mozilla/5.0 (Macintosh; Intel Mac OS X 10_15_7) AppleWebKit/537.36 (KHTML, like Gecko) Chrome/107.0.0.0 Safari/537.36" "ysfine.com"
216.244.66.229 - - [16/Feb/2023:08:21:08 -0800] "GET /class54/class5470/total_data/sub_375.htm HTTP/1.1" 200 13777 "-" "Mozilla/5.0 (compatible; DotBot/1.2; +https://opensiteexplorer.org/dotbot; help@moz.com)" "ysfine.com"
64.124.8.50 - - [16/Feb/2023:08:21:19 -0800] "GET /maga/phys/bohrheisen11.jpg HTTP/1.1" 200 104546 "-" "Mozilla/5.0 (Macintosh; Intel Mac OS X 10_15_7) AppleWebKit/537.36 (KHTML, like Gecko) Chrome/107.0.0.0 Safari/537.36" "ysfine.com"
157.55.39.207 - - [16/Feb/2023:08:21:23 -0800] "GET /dirac/dirac77c.jpg HTTP/1.1" 200 30547 "-" "Mozilla/5.0 AppleWebKit/537.36 (KHTML, like Gecko; compatible; bingbot/2.0; +http://www.bing.com/bingbot.htm) Chrome/103.0.5060.134 Safari/537.36" "www.ysfine.com"
128.220.159.216 - - [16/Feb/2023:08:21:27 -0800] "GET /kobak/rheetr11.jpg HTTP/1.1" 200 184635 "https://www.google.com/" "Mozilla/5.0 (Macintosh; Intel Mac OS X 10_15_7) AppleWebKit/605.1.15 (KHTML, like Gecko) Version/15.6 Safari/605.1.15" "ysfine.com"
99.246.28.63 - - [16/Feb/2023:08:21:30 -0800] "GET /kowar/tanks/tank09.jpg HTTP/1.1" 200 72713 "https://www.google.com/" "Mozilla/5.0 (Windows NT 10.0; Win64; x64) AppleWebKit/537.36 (KHTML, like Gecko) Chrome/110.0.0.0 Safari/537.36" "ysfine.com"
216.244.66.229 - - [16/Feb/2023:08:21:30 -0800] "GET /ffriends/service.html HTTP/1.1" 200 13551 "-" "Mozilla/5.0 (compatible; DotBot/1.2; +https://opensiteexplorer.org/dotbot; help@moz.com)" "ysfine.com"
64.124.8.56 - - [16/Feb/2023:08:21:49 -0800] "GET /world/russ/kazan004.jpg HTTP/1.1" 200 120550 "-" "Mozilla/5.0 (Macintosh; Intel Mac OS X 10_15_7) AppleWebKit/537.36 (KHTML, like Gecko) Chrome/107.0.0.0 Safari/537.36" "ysfine.com"
216.244.66.229 - - [16/Feb/2023:08:21:51 -0800] "GET /kobak/sobeach.html HTTP/1.1" 200 2169 "-" "Mozilla/5.0 (compatible; DotBot/1.2; +https://opensiteexplorer.org/dotbot; help@moz.com)" "ysfine.com"
216.244.66.229 - - [16/Feb/2023:08:22:12 -0800] "GET /sbk/1998berlin11.jpg HTTP/1.1" 200 111141 "-" "Mozilla/5.0 (compatible; DotBot/1.2; +https://opensiteexplorer.org/dotbot; help@moz.com)" "ysfine.com"
64.124.8.28 - - [16/Feb/2023:08:22:25 -0800] "GET /world/baltic/kantm09.jpg HTTP/1.1" 200 132684 "-" "Mozilla/5.0 (Macintosh; Intel Mac OS X 10_15_7) AppleWebKit/537.36 (KHTML, like Gecko) Chrome/107.0.0.0 Safari/537.36" "www.ysfine.com"
64.124.8.49 - - [16/Feb/2023:08:22:36 -0800] "GET /ysbio/world/china/chongking22.jpg HTTP/1.1" 404 88 "-" "Mozilla/5.0 (Macintosh; Intel Mac OS X 10_15_7) AppleWebKit/537.36 (KHTML, like Gecko) Chrome/107.0.0.0 Safari/537.36" "ysfine.com"
216.244.66.229 - - [16/Feb/2023:08:22:51 -0800] "GET /world/baltic/kalin45.jpg HTTP/1.1" 200 604281 "-" "Mozilla/5.0 (compatible; DotBot/1.2; +https://opensiteexplorer.org/dotbot; help@moz.com)" "ysfine.com"
216.244.66.229 - - [16/Feb/2023:08:23:42 -0800] "GET /world/baltic/riga01b.jpg HTTP/1.1" 200 45466 "-" "Mozilla/5.0 (compatible; DotBot/1.2; +https://opensiteexplorer.org/dotbot; help@moz.com)" "ysfine.com"
46.143.50.233 - - [16/Feb/2023:08:23:45 -0800] "GET /maga/histo/oscar22.jpg HTTP/1.1" 200 101665 "https://www.google.com/" "Mozilla/5.0 (Linux; Android 10; BLA-L29 Build/HUAWEIBLA-L29S; wv) AppleWebKit/537.36 (KHTML, like Gecko) Version/4.0 Chrome/108.0.5359.128 Mobile Safari/537.36 GoogleApp/14.5.11.26.arm64" "ysfine.com"
64.124.8.57 - - [16/Feb/2023:08:24:13 -0800] "GET /ysbio/world/Balkan/istan065.jpg HTTP/1.1" 404 88 "-" "Mozilla/5.0 (Macintosh; Intel Mac OS X 10_15_7) AppleWebKit/537.36 (KHTML, like Gecko) Chrome/107.0.0.0 Safari/537.36" "ysfine.com"
175.123.146.165 - - [16/Feb/2023:08:24:29 -0800] "GET /bio.html?fbclid=IwAR0352zWg4ziBbYpfP6zzl98jz6uDECYVt6OcVTb4M3DGv8PXOYDOi3FvnE HTTP/1.1" 200 18260 "-" "Mozilla/5.0 (Windows NT 10.0; Win64; x64) AppleWebKit/537.36 (KHTML, like Gecko) Chrome/110.0.0.0 Safari/537.36 Edg/110.0.1587.41" "ysfine.com"
175.123.146.165 - - [16/Feb/2023:08:24:30 -0800] "GET /home/yskim10c.jpg HTTP/1.1" 200 88826 "https://ysfine.com/bio.html?fbclid=IwAR0352zWg4ziBbYpfP6zzl98jz6uDECYVt6OcVTb4M3DGv8PXOYDOi3FvnE" "Mozilla/5.0 (Windows NT 10.0; Win64; x64) AppleWebKit/537.36 (KHTML, like Gecko) Chrome/110.0.0.0 Safari/537.36 Edg/110.0.1587.41" "ysfine.com"
175.123.146.165 - - [16/Feb/2023:08:24:30 -0800] "GET /kobak/underw03c.jpg HTTP/1.1" 200 26805 "https://ysfine.com/bio.html?fbclid=IwAR0352zWg4ziBbYpfP6zzl98jz6uDECYVt6OcVTb4M3DGv8PXOYDOi3FvnE" "Mozilla/5.0 (Windows NT 10.0; Win64; x64) AppleWebKit/537.36 (KHTML, like Gecko) Chrome/110.0.0.0 Safari/537.36 Edg/110.0.1587.41" "ysfine.com"
175.123.146.165 - - [16/Feb/2023:08:24:30 -0800] "GET /princeton/ysrhee33c.jpg HTTP/1.1" 200 26817 "https://ysfine.com/bio.html?fbclid=IwAR0352zWg4ziBbYpfP6zzl98jz6uDECYVt6OcVTb4M3DGv8PXOYDOi3FvnE" "Mozilla/5.0 (Windows NT 10.0; Win64; x64) AppleWebKit/537.36 (KHTML, like Gecko) Chrome/110.0.0.0 Safari/537.36 Edg/110.0.1587.41" "ysfine.com"
175.123.146.165 - - [16/Feb/2023:08:24:30 -0800] "GET /fotos/photo03c.jpg HTTP/1.1" 200 23013 "https://ysfine.com/bio.html?fbclid=IwAR0352zWg4ziBbYpfP6zzl98jz6uDECYVt6OcVTb4M3DGv8PXOYDOi3FvnE" "Mozilla/5.0 (Windows NT 10.0; Win64; x64) AppleWebKit/537.36 (KHTML, like Gecko) Chrome/110.0.0.0 Safari/537.36 Edg/110.0.1587.41" "ysfine.com"
175.123.146.165 - - [16/Feb/2023:08:24:30 -0800] "GET /kobak/taylor11c.jpg HTTP/1.1" 200 37695 "https://ysfine.com/bio.html?fbclid=IwAR0352zWg4ziBbYpfP6zzl98jz6uDECYVt6OcVTb4M3DGv8PXOYDOi3FvnE" "Mozilla/5.0 (Windows NT 10.0; Win64; x64) AppleWebKit/537.36 (KHTML, like Gecko) Chrome/110.0.0.0 Safari/537.36 Edg/110.0.1587.41" "ysfine.com"
175.123.146.165 - - [16/Feb/2023:08:24:30 -0800] "GET /home/fotos/campus06c.jpg HTTP/1.1" 200 49136 "https://ysfine.com/bio.html?fbclid=IwAR0352zWg4ziBbYpfP6zzl98jz6uDECYVt6OcVTb4M3DGv8PXOYDOi3FvnE" "Mozilla/5.0 (Windows NT 10.0; Win64; x64) AppleWebKit/537.36 (KHTML, like Gecko) Chrome/110.0.0.0 Safari/537.36 Edg/110.0.1587.41" "ysfine.com"
175.123.146.165 - - [16/Feb/2023:08:24:30 -0800] "GET /home/fotos/photo00c.jpg HTTP/1.1" 200 34216 "https://ysfine.com/bio.html?fbclid=IwAR0352zWg4ziBbYpfP6zzl98jz6uDECYVt6OcVTb4M3DGv8PXOYDOi3FvnE" "Mozilla/5.0 (Windows NT 10.0; Win64; x64) AppleWebKit/537.36 (KHTML, like Gecko) Chrome/110.0.0.0 Safari/537.36 Edg/110.0.1587.41" "ysfine.com"
175.123.146.165 - - [16/Feb/2023:08:24:30 -0800] "GET /home/fotos/korjap03c.jpg HTTP/1.1" 200 24308 "https://ysfine.com/bio.html?fbclid=IwAR0352zWg4ziBbYpfP6zzl98jz6uDECYVt6OcVTb4M3DGv8PXOYDOi3FvnE" "Mozilla/5.0 (Windows NT 10.0; Win64; x64) AppleWebKit/537.36 (KHTML, like Gecko) Chrome/110.0.0.0 Safari/537.36 Edg/110.0.1587.41" "ysfine.com"
175.123.146.165 - - [16/Feb/2023:08:24:30 -0800] "GET /home/bew22f.jpg HTTP/1.1" 200 124596 "https://ysfine.com/bio.html?fbclid=IwAR0352zWg4ziBbYpfP6zzl98jz6uDECYVt6OcVTb4M3DGv8PXOYDOi3FvnE" "Mozilla/5.0 (Windows NT 10.0; Win64; x64) AppleWebKit/537.36 (KHTML, like Gecko) Chrome/110.0.0.0 Safari/537.36 Edg/110.0.1587.41" "ysfine.com"
175.123.146.165 - - [16/Feb/2023:08:24:30 -0800] "GET /home/ewk86f.jpg HTTP/1.1" 200 123121 "https://ysfine.com/bio.html?fbclid=IwAR0352zWg4ziBbYpfP6zzl98jz6uDECYVt6OcVTb4M3DGv8PXOYDOi3FvnE" "Mozilla/5.0 (Windows NT 10.0; Win64; x64) AppleWebKit/537.36 (KHTML, like Gecko) Chrome/110.0.0.0 Safari/537.36 Edg/110.0.1587.41" "ysfine.com"
175.123.146.165 - - [16/Feb/2023:08:24:30 -0800] "GET /home/canal55c.jpg HTTP/1.1" 200 41665 "https://ysfine.com/bio.html?fbclid=IwAR0352zWg4ziBbYpfP6zzl98jz6uDECYVt6OcVTb4M3DGv8PXOYDOi3FvnE" "Mozilla/5.0 (Windows NT 10.0; Win64; x64) AppleWebKit/537.36 (KHTML, like Gecko) Chrome/110.0.0.0 Safari/537.36 Edg/110.0.1587.41" "ysfine.com"
175.123.146.165 - - [16/Feb/2023:08:24:30 -0800] "GET /fotos/photo06c.jpg HTTP/1.1" 200 40796 "https://ysfine.com/bio.html?fbclid=IwAR0352zWg4ziBbYpfP6zzl98jz6uDECYVt6OcVTb4M3DGv8PXOYDOi3FvnE" "Mozilla/5.0 (Windows NT 10.0; Win64; x64) AppleWebKit/537.36 (KHTML, like Gecko) Chrome/110.0.0.0 Safari/537.36 Edg/110.0.1587.41" "ysfine.com"
175.123.146.165 - - [16/Feb/2023:08:24:30 -0800] "GET /fotos/photo08c.jpg HTTP/1.1" 200 28474 "https://ysfine.com/bio.html?fbclid=IwAR0352zWg4ziBbYpfP6zzl98jz6uDECYVt6OcVTb4M3DGv8PXOYDOi3FvnE" "Mozilla/5.0 (Windows NT 10.0; Win64; x64) AppleWebKit/537.36 (KHTML, like Gecko) Chrome/110.0.0.0 Safari/537.36 Edg/110.0.1587.41" "ysfine.com"
175.123.146.165 - - [16/Feb/2023:08:24:30 -0800] "GET /fotos/dirfeyn62c.jpg HTTP/1.1" 200 52150 "https://ysfine.com/bio.html?fbclid=IwAR0352zWg4ziBbYpfP6zzl98jz6uDECYVt6OcVTb4M3DGv8PXOYDOi3FvnE" "Mozilla/5.0 (Windows NT 10.0; Win64; x64) AppleWebKit/537.36 (KHTML, like Gecko) Chrome/110.0.0.0 Safari/537.36 Edg/110.0.1587.41" "ysfine.com"
175.123.146.165 - - [16/Feb/2023:08:24:30 -0800] "GET /home/resonance33c.jpg HTTP/1.1" 200 36247 "https://ysfine.com/bio.html?fbclid=IwAR0352zWg4ziBbYpfP6zzl98jz6uDECYVt6OcVTb4M3DGv8PXOYDOi3FvnE" "Mozilla/5.0 (Windows NT 10.0; Win64; x64) AppleWebKit/537.36 (KHTML, like Gecko) Chrome/110.0.0.0 Safari/537.36 Edg/110.0.1587.41" "ysfine.com"
175.123.146.165 - - [16/Feb/2023:08:24:30 -0800] "GET /fotos/photo04c.jpg HTTP/1.1" 200 39964 "https://ysfine.com/bio.html?fbclid=IwAR0352zWg4ziBbYpfP6zzl98jz6uDECYVt6OcVTb4M3DGv8PXOYDOi3FvnE" "Mozilla/5.0 (Windows NT 10.0; Win64; x64) AppleWebKit/537.36 (KHTML, like Gecko) Chrome/110.0.0.0 Safari/537.36 Edg/110.0.1587.41" "ysfine.com"
175.123.146.165 - - [16/Feb/2023:08:24:30 -0800] "GET /dirac/dirbust22c.jpg HTTP/1.1" 200 36029 "https://ysfine.com/bio.html?fbclid=IwAR0352zWg4ziBbYpfP6zzl98jz6uDECYVt6OcVTb4M3DGv8PXOYDOi3FvnE" "Mozilla/5.0 (Windows NT 10.0; Win64; x64) AppleWebKit/537.36 (KHTML, like Gecko) Chrome/110.0.0.0 Safari/537.36 Edg/110.0.1587.41" "ysfine.com"
175.123.146.165 - - [16/Feb/2023:08:24:30 -0800] "GET /home/family66f.jpg HTTP/1.1" 200 102254 "https://ysfine.com/bio.html?fbclid=IwAR0352zWg4ziBbYpfP6zzl98jz6uDECYVt6OcVTb4M3DGv8PXOYDOi3FvnE" "Mozilla/5.0 (Windows NT 10.0; Win64; x64) AppleWebKit/537.36 (KHTML, like Gecko) Chrome/110.0.0.0 Safari/537.36 Edg/110.0.1587.41" "ysfine.com"
175.123.146.165 - - [16/Feb/2023:08:24:30 -0800] "GET /fotos/kids20f.jpg HTTP/1.1" 200 103189 "https://ysfine.com/bio.html?fbclid=IwAR0352zWg4ziBbYpfP6zzl98jz6uDECYVt6OcVTb4M3DGv8PXOYDOi3FvnE" "Mozilla/5.0 (Windows NT 10.0; Win64; x64) AppleWebKit/537.36 (KHTML, like Gecko) Chrome/110.0.0.0 Safari/537.36 Edg/110.0.1587.41" "ysfine.com"
175.123.146.165 - - [16/Feb/2023:08:24:30 -0800] "GET /wigner/tollwig11c.jpg HTTP/1.1" 200 30497 "https://ysfine.com/bio.html?fbclid=IwAR0352zWg4ziBbYpfP6zzl98jz6uDECYVt6OcVTb4M3DGv8PXOYDOi3FvnE" "Mozilla/5.0 (Windows NT 10.0; Win64; x64) AppleWebKit/537.36 (KHTML, like Gecko) Chrome/110.0.0.0 Safari/537.36 Edg/110.0.1587.41" "ysfine.com"
175.123.146.165 - - [16/Feb/2023:08:24:30 -0800] "GET /home/eink77c.jpg HTTP/1.1" 200 47471 "https://ysfine.com/bio.html?fbclid=IwAR0352zWg4ziBbYpfP6zzl98jz6uDECYVt6OcVTb4M3DGv8PXOYDOi3FvnE" "Mozilla/5.0 (Windows NT 10.0; Win64; x64) AppleWebKit/537.36 (KHTML, like Gecko) Chrome/110.0.0.0 Safari/537.36 Edg/110.0.1587.41" "ysfine.com"
175.123.146.165 - - [16/Feb/2023:08:24:30 -0800] "GET /home/comet40c.jpg HTTP/1.1" 200 41188 "https://ysfine.com/bio.html?fbclid=IwAR0352zWg4ziBbYpfP6zzl98jz6uDECYVt6OcVTb4M3DGv8PXOYDOi3FvnE" "Mozilla/5.0 (Windows NT 10.0; Win64; x64) AppleWebKit/537.36 (KHTML, like Gecko) Chrome/110.0.0.0 Safari/537.36 Edg/110.0.1587.41" "ysfine.com"
175.123.146.165 - - [16/Feb/2023:08:24:30 -0800] "GET /home/top21c.jpg HTTP/1.1" 200 53120 "https://ysfine.com/bio.html?fbclid=IwAR0352zWg4ziBbYpfP6zzl98jz6uDECYVt6OcVTb4M3DGv8PXOYDOi3FvnE" "Mozilla/5.0 (Windows NT 10.0; Win64; x64) AppleWebKit/537.36 (KHTML, like Gecko) Chrome/110.0.0.0 Safari/537.36 Edg/110.0.1587.41" "ysfine.com"
175.123.146.165 - - [16/Feb/2023:08:24:30 -0800] "GET /home/facu63c.jpg HTTP/1.1" 200 41710 "https://ysfine.com/bio.html?fbclid=IwAR0352zWg4ziBbYpfP6zzl98jz6uDECYVt6OcVTb4M3DGv8PXOYDOi3FvnE" "Mozilla/5.0 (Windows NT 10.0; Win64; x64) AppleWebKit/537.36 (KHTML, like Gecko) Chrome/110.0.0.0 Safari/537.36 Edg/110.0.1587.41" "ysfine.com"
175.123.146.165 - - [16/Feb/2023:08:24:30 -0800] "GET /fotos/104c.jpg HTTP/1.1" 200 35089 "https://ysfine.com/bio.html?fbclid=IwAR0352zWg4ziBbYpfP6zzl98jz6uDECYVt6OcVTb4M3DGv8PXOYDOi3FvnE" "Mozilla/5.0 (Windows NT 10.0; Win64; x64) AppleWebKit/537.36 (KHTML, like Gecko) Chrome/110.0.0.0 Safari/537.36 Edg/110.0.1587.41" "ysfine.com"
175.123.146.165 - - [16/Feb/2023:08:24:30 -0800] "GET /fotos/photo12c.jpg HTTP/1.1" 200 31719 "https://ysfine.com/bio.html?fbclid=IwAR0352zWg4ziBbYpfP6zzl98jz6uDECYVt6OcVTb4M3DGv8PXOYDOi3FvnE" "Mozilla/5.0 (Windows NT 10.0; Win64; x64) AppleWebKit/537.36 (KHTML, like Gecko) Chrome/110.0.0.0 Safari/537.36 Edg/110.0.1587.41" "ysfine.com"
175.123.146.165 - - [16/Feb/2023:08:24:30 -0800] "GET /home/fotos/gongdae54f.jpg HTTP/1.1" 200 88096 "https://ysfine.com/bio.html?fbclid=IwAR0352zWg4ziBbYpfP6zzl98jz6uDECYVt6OcVTb4M3DGv8PXOYDOi3FvnE" "Mozilla/5.0 (Windows NT 10.0; Win64; x64) AppleWebKit/537.36 (KHTML, like Gecko) Chrome/110.0.0.0 Safari/537.36 Edg/110.0.1587.41" "ysfine.com"
175.123.146.165 - - [16/Feb/2023:08:24:30 -0800] "GET /dirac/truck/truck18c.jpg HTTP/1.1" 200 32663 "https://ysfine.com/bio.html?fbclid=IwAR0352zWg4ziBbYpfP6zzl98jz6uDECYVt6OcVTb4M3DGv8PXOYDOi3FvnE" "Mozilla/5.0 (Windows NT 10.0; Win64; x64) AppleWebKit/537.36 (KHTML, like Gecko) Chrome/110.0.0.0 Safari/537.36 Edg/110.0.1587.41" "ysfine.com"
175.123.146.165 - - [16/Feb/2023:08:24:30 -0800] "GET /kobak/swr51c.jpg HTTP/1.1" 200 35677 "https://ysfine.com/bio.html?fbclid=IwAR0352zWg4ziBbYpfP6zzl98jz6uDECYVt6OcVTb4M3DGv8PXOYDOi3FvnE" "Mozilla/5.0 (Windows NT 10.0; Win64; x64) AppleWebKit/537.36 (KHTML, like Gecko) Chrome/110.0.0.0 Safari/537.36 Edg/110.0.1587.41" "ysfine.com"
175.123.146.165 - - [16/Feb/2023:08:24:30 -0800] "GET /home/fotos/einhaus450.jpg HTTP/1.1" 200 65369 "https://ysfine.com/bio.html?fbclid=IwAR0352zWg4ziBbYpfP6zzl98jz6uDECYVt6OcVTb4M3DGv8PXOYDOi3FvnE" "Mozilla/5.0 (Windows NT 10.0; Win64; x64) AppleWebKit/537.36 (KHTML, like Gecko) Chrome/110.0.0.0 Safari/537.36 Edg/110.0.1587.41" "ysfine.com"
175.123.146.165 - - [16/Feb/2023:08:24:30 -0800] "GET /yspapers/iop20c.jpg HTTP/1.1" 200 29134 "https://ysfine.com/bio.html?fbclid=IwAR0352zWg4ziBbYpfP6zzl98jz6uDECYVt6OcVTb4M3DGv8PXOYDOi3FvnE" "Mozilla/5.0 (Windows NT 10.0; Win64; x64) AppleWebKit/537.36 (KHTML, like Gecko) Chrome/110.0.0.0 Safari/537.36 Edg/110.0.1587.41" "ysfine.com"
175.123.146.165 - - [16/Feb/2023:08:24:30 -0800] "GET /princeton/yspr61c.jpg HTTP/1.1" 200 27257 "https://ysfine.com/bio.html?fbclid=IwAR0352zWg4ziBbYpfP6zzl98jz6uDECYVt6OcVTb4M3DGv8PXOYDOi3FvnE" "Mozilla/5.0 (Windows NT 10.0; Win64; x64) AppleWebKit/537.36 (KHTML, like Gecko) Chrome/110.0.0.0 Safari/537.36 Edg/110.0.1587.41" "ysfine.com"
175.123.146.165 - - [16/Feb/2023:08:24:30 -0800] "GET /fotos/105c.jpg HTTP/1.1" 200 41825 "https://ysfine.com/bio.html?fbclid=IwAR0352zWg4ziBbYpfP6zzl98jz6uDECYVt6OcVTb4M3DGv8PXOYDOi3FvnE" "Mozilla/5.0 (Windows NT 10.0; Win64; x64) AppleWebKit/537.36 (KHTML, like Gecko) Chrome/110.0.0.0 Safari/537.36 Edg/110.0.1587.41" "ysfine.com"
175.123.146.165 - - [16/Feb/2023:08:24:30 -0800] "GET /fotos/marxlon02c.jpg HTTP/1.1" 200 47919 "https://ysfine.com/bio.html?fbclid=IwAR0352zWg4ziBbYpfP6zzl98jz6uDECYVt6OcVTb4M3DGv8PXOYDOi3FvnE" "Mozilla/5.0 (Windows NT 10.0; Win64; x64) AppleWebKit/537.36 (KHTML, like Gecko) Chrome/110.0.0.0 Safari/537.36 Edg/110.0.1587.41" "ysfine.com"
175.123.146.165 - - [16/Feb/2023:08:24:30 -0800] "GET /sbk/1987pr22d.jpg HTTP/1.1" 200 69031 "https://ysfine.com/bio.html?fbclid=IwAR0352zWg4ziBbYpfP6zzl98jz6uDECYVt6OcVTb4M3DGv8PXOYDOi3FvnE" "Mozilla/5.0 (Windows NT 10.0; Win64; x64) AppleWebKit/537.36 (KHTML, like Gecko) Chrome/110.0.0.0 Safari/537.36 Edg/110.0.1587.41" "ysfine.com"
175.123.146.165 - - [16/Feb/2023:08:24:30 -0800] "GET /wdc/eindc03c.jpg HTTP/1.1" 200 48446 "https://ysfine.com/bio.html?fbclid=IwAR0352zWg4ziBbYpfP6zzl98jz6uDECYVt6OcVTb4M3DGv8PXOYDOi3FvnE" "Mozilla/5.0 (Windows NT 10.0; Win64; x64) AppleWebKit/537.36 (KHTML, like Gecko) Chrome/110.0.0.0 Safari/537.36 Edg/110.0.1587.41" "ysfine.com"
175.123.146.165 - - [16/Feb/2023:08:24:30 -0800] "GET /home/fotos/seoul50f.jpg HTTP/1.1" 200 127542 "https://ysfine.com/bio.html?fbclid=IwAR0352zWg4ziBbYpfP6zzl98jz6uDECYVt6OcVTb4M3DGv8PXOYDOi3FvnE" "Mozilla/5.0 (Windows NT 10.0; Win64; x64) AppleWebKit/537.36 (KHTML, like Gecko) Chrome/110.0.0.0 Safari/537.36 Edg/110.0.1587.41" "ysfine.com"
175.123.146.165 - - [16/Feb/2023:08:24:30 -0800] "GET /fotos/photo05c.jpg HTTP/1.1" 200 39109 "https://ysfine.com/bio.html?fbclid=IwAR0352zWg4ziBbYpfP6zzl98jz6uDECYVt6OcVTb4M3DGv8PXOYDOi3FvnE" "Mozilla/5.0 (Windows NT 10.0; Win64; x64) AppleWebKit/537.36 (KHTML, like Gecko) Chrome/110.0.0.0 Safari/537.36 Edg/110.0.1587.41" "ysfine.com"
175.123.146.165 - - [16/Feb/2023:08:24:30 -0800] "GET /fotos/photo09c.jpg HTTP/1.1" 200 25413 "https://ysfine.com/bio.html?fbclid=IwAR0352zWg4ziBbYpfP6zzl98jz6uDECYVt6OcVTb4M3DGv8PXOYDOi3FvnE" "Mozilla/5.0 (Windows NT 10.0; Win64; x64) AppleWebKit/537.36 (KHTML, like Gecko) Chrome/110.0.0.0 Safari/537.36 Edg/110.0.1587.41" "ysfine.com"
175.123.146.165 - - [16/Feb/2023:08:24:30 -0800] "GET /home/sq600c.jpg HTTP/1.1" 200 18492 "https://ysfine.com/bio.html?fbclid=IwAR0352zWg4ziBbYpfP6zzl98jz6uDECYVt6OcVTb4M3DGv8PXOYDOi3FvnE" "Mozilla/5.0 (Windows NT 10.0; Win64; x64) AppleWebKit/537.36 (KHTML, like Gecko) Chrome/110.0.0.0 Safari/537.36 Edg/110.0.1587.41" "ysfine.com"
175.123.146.165 - - [16/Feb/2023:08:24:30 -0800] "GET /fotos/101c.jpg HTTP/1.1" 200 37079 "https://ysfine.com/bio.html?fbclid=IwAR0352zWg4ziBbYpfP6zzl98jz6uDECYVt6OcVTb4M3DGv8PXOYDOi3FvnE" "Mozilla/5.0 (Windows NT 10.0; Win64; x64) AppleWebKit/537.36 (KHTML, like Gecko) Chrome/110.0.0.0 Safari/537.36 Edg/110.0.1587.41" "ysfine.com"
175.123.146.165 - - [16/Feb/2023:08:24:30 -0800] "GET /home/eward55f.jpg HTTP/1.1" 200 122802 "https://ysfine.com/bio.html?fbclid=IwAR0352zWg4ziBbYpfP6zzl98jz6uDECYVt6OcVTb4M3DGv8PXOYDOi3FvnE" "Mozilla/5.0 (Windows NT 10.0; Win64; x64) AppleWebKit/537.36 (KHTML, like Gecko) Chrome/110.0.0.0 Safari/537.36 Edg/110.0.1587.41" "ysfine.com"
175.123.146.165 - - [16/Feb/2023:08:24:30 -0800] "GET /style/bstring33c.jpg HTTP/1.1" 200 28940 "https://ysfine.com/bio.html?fbclid=IwAR0352zWg4ziBbYpfP6zzl98jz6uDECYVt6OcVTb4M3DGv8PXOYDOi3FvnE" "Mozilla/5.0 (Windows NT 10.0; Win64; x64) AppleWebKit/537.36 (KHTML, like Gecko) Chrome/110.0.0.0 Safari/537.36 Edg/110.0.1587.41" "ysfine.com"
175.123.146.165 - - [16/Feb/2023:08:24:30 -0800] "GET /fotos/103c.jpg HTTP/1.1" 200 32825 "https://ysfine.com/bio.html?fbclid=IwAR0352zWg4ziBbYpfP6zzl98jz6uDECYVt6OcVTb4M3DGv8PXOYDOi3FvnE" "Mozilla/5.0 (Windows NT 10.0; Win64; x64) AppleWebKit/537.36 (KHTML, like Gecko) Chrome/110.0.0.0 Safari/537.36 Edg/110.0.1587.41" "ysfine.com"
175.123.146.165 - - [16/Feb/2023:08:24:30 -0800] "GET /wdc/jeffm02c.jpg HTTP/1.1" 200 27659 "https://ysfine.com/bio.html?fbclid=IwAR0352zWg4ziBbYpfP6zzl98jz6uDECYVt6OcVTb4M3DGv8PXOYDOi3FvnE" "Mozilla/5.0 (Windows NT 10.0; Win64; x64) AppleWebKit/537.36 (KHTML, like Gecko) Chrome/110.0.0.0 Safari/537.36 Edg/110.0.1587.41" "ysfine.com"
175.123.146.165 - - [16/Feb/2023:08:24:41 -0800] "GET /favicon.ico HTTP/1.1" 404 88 "https://ysfine.com/bio.html?fbclid=IwAR0352zWg4ziBbYpfP6zzl98jz6uDECYVt6OcVTb4M3DGv8PXOYDOi3FvnE" "Mozilla/5.0 (Windows NT 10.0; Win64; x64) AppleWebKit/537.36 (KHTML, like Gecko) Chrome/110.0.0.0 Safari/537.36 Edg/110.0.1587.41" "ysfine.com"
216.244.66.229 - - [16/Feb/2023:08:25:04 -0800] "GET /class54/class5470/total_data/sub_134.htm HTTP/1.1" 200 12872 "-" "Mozilla/5.0 (compatible; DotBot/1.2; +https://opensiteexplorer.org/dotbot; help@moz.com)" "www.ysfine.com"
185.191.171.1 - - [16/Feb/2023:08:25:19 -0800] "GET /einstein/fieldstr.html HTTP/1.1" 200 4257 "-" "Mozilla/5.0 (compatible; SemrushBot/7~bl; +http://www.semrush.com/bot.html)" "ysfine.com"
216.244.66.229 - - [16/Feb/2023:08:25:34 -0800] "GET /class54/class5470/total_data/sub_516.htm HTTP/1.1" 200 12867 "-" "Mozilla/5.0 (compatible; DotBot/1.2; +https://opensiteexplorer.org/dotbot; help@moz.com)" "www.ysfine.com"
216.244.66.229 - - [16/Feb/2023:08:26:02 -0800] "GET /class54/class5470/total_data/sub_532.htm HTTP/1.1" 200 12967 "-" "Mozilla/5.0 (compatible; DotBot/1.2; +https://opensiteexplorer.org/dotbot; help@moz.com)" "www.ysfine.com"
64.124.8.54 - - [16/Feb/2023:08:26:08 -0800] "GET /style/nga77.jpg HTTP/1.1" 200 92170 "-" "Mozilla/5.0 (Macintosh; Intel Mac OS X 10_15_7) AppleWebKit/537.36 (KHTML, like Gecko) Chrome/107.0.0.0 Safari/537.36" "www.ysfine.com"
64.124.8.55 - - [16/Feb/2023:08:26:13 -0800] "GET /maga/invent/wright06.jpg HTTP/1.1" 200 118643 "-" "Mozilla/5.0 (Macintosh; Intel Mac OS X 10_15_7) AppleWebKit/537.36 (KHTML, like Gecko) Chrome/107.0.0.0 Safari/537.36" "ysfine.com"
95.108.213.159 - - [16/Feb/2023:08:26:19 -0800] "GET /kobak/korart.html HTTP/1.1" 200 3759 "-" "Mozilla/5.0 (compatible; YandexBot/3.0; +http://yandex.com/bots)" "www.ysfine.com"
216.244.66.229 - - [16/Feb/2023:08:26:30 -0800] "GET /maga/phil/marxlon07.jpg HTTP/1.1" 200 130821 "-" "Mozilla/5.0 (compatible; DotBot/1.2; +https://opensiteexplorer.org/dotbot; help@moz.com)" "www.ysfine.com"
64.124.8.56 - - [16/Feb/2023:08:26:39 -0800] "GET /ysbio/world/balkan/istan077.jpg HTTP/1.1" 404 88 "-" "Mozilla/5.0 (Macintosh; Intel Mac OS X 10_15_7) AppleWebKit/537.36 (KHTML, like Gecko) Chrome/107.0.0.0 Safari/537.36" "ysfine.com"
52.167.144.62 - - [16/Feb/2023:08:26:40 -0800] "GET /newyork/colum01.jpg HTTP/1.1" 200 99832 "-" "Mozilla/5.0 AppleWebKit/537.36 (KHTML, like Gecko; compatible; bingbot/2.0; +http://www.bing.com/bingbot.htm) Chrome/103.0.5060.134 Safari/537.36" "ysfine.com"
52.167.144.35 - - [16/Feb/2023:08:27:17 -0800] "GET /bio/kobak/yskor.html HTTP/1.1" 404 88 "-" "Mozilla/5.0 AppleWebKit/537.36 (KHTML, like Gecko; compatible; bingbot/2.0; +http://www.bing.com/bingbot.htm) Chrome/103.0.5060.134 Safari/537.36" "ysfine.com"
216.244.66.229 - - [16/Feb/2023:08:27:20 -0800] "GET /maga/phys/schrod07.jpg HTTP/1.1" 200 83845 "-" "Mozilla/5.0 (compatible; DotBot/1.2; +https://opensiteexplorer.org/dotbot; help@moz.com)" "www.ysfine.com"
114.239.165.140 - - [16/Feb/2023:08:27:24 -0800] "GET /feynman/index.html HTTP/1.1" 200 124 "-" "Mozilla/5.0 (Windows NT 6.2; Win64; x64) AppleWebKit/537.36 (KHTML, like Gecko) Chrome/60.0.3112.90 Safari/537.36" "ysfine.com"
216.244.66.229 - - [16/Feb/2023:08:27:56 -0800] "GET /world/france/louvre22.jpg HTTP/1.1" 200 90347 "-" "Mozilla/5.0 (compatible; DotBot/1.2; +https://opensiteexplorer.org/dotbot; help@moz.com)" "www.ysfine.com"
64.124.8.41 - - [16/Feb/2023:08:28:06 -0800] "GET /world/index.html HTTP/1.1" 200 123 "-" "Mozilla/5.0 (X11; Linux x86_64) AppleWebKit/537.36 (KHTML, like Gecko) Chrome/61.0.3163.79 Safari/537.36" "ysfine.com"
216.244.66.229 - - [16/Feb/2023:08:28:30 -0800] "GET /world/france/orsaym02.jpg HTTP/1.1" 200 160016 "-" "Mozilla/5.0 (compatible; DotBot/1.2; +https://opensiteexplorer.org/dotbot; help@moz.com)" "www.ysfine.com"
52.167.144.86 - - [16/Feb/2023:08:28:58 -0800] "GET /auto/bio15.html HTTP/1.1" 200 16013 "-" "Mozilla/5.0 AppleWebKit/537.36 (KHTML, like Gecko; compatible; bingbot/2.0; +http://www.bing.com/bingbot.htm) Chrome/103.0.5060.134 Safari/537.36" "ysfine.com"
52.167.144.86 - - [16/Feb/2023:08:29:07 -0800] "GET /bio/easy.html HTTP/1.1" 404 88 "-" "Mozilla/5.0 AppleWebKit/537.36 (KHTML, like Gecko; compatible; bingbot/2.0; +http://www.bing.com/bingbot.htm) Chrome/103.0.5060.134 Safari/537.36" "www.ysfine.com"
216.244.66.229 - - [16/Feb/2023:08:29:20 -0800] "GET /world/france/orsaym08.jpg HTTP/1.1" 200 91118 "-" "Mozilla/5.0 (compatible; DotBot/1.2; +https://opensiteexplorer.org/dotbot; help@moz.com)" "www.ysfine.com"
64.124.8.57 - - [16/Feb/2023:08:29:27 -0800] "GET /kowar/tanks/tank54.jpg HTTP/1.1" 200 76330 "-" "Mozilla/5.0 (Macintosh; Intel Mac OS X 10_15_7) AppleWebKit/537.36 (KHTML, like Gecko) Chrome/107.0.0.0 Safari/537.36" "ysfine.com"
64.124.8.29 - - [16/Feb/2023:08:29:34 -0800] "GET /ysbio/newyork/colum23.jpg HTTP/1.1" 404 88 "-" "Mozilla/5.0 (Macintosh; Intel Mac OS X 10_15_7) AppleWebKit/537.36 (KHTML, like Gecko) Chrome/107.0.0.0 Safari/537.36" "ysfine.com"
52.167.144.62 - - [16/Feb/2023:08:29:41 -0800] "GET /einstein/eins47.jpg HTTP/1.1" 200 108796 "-" "Mozilla/5.0 AppleWebKit/537.36 (KHTML, like Gecko; compatible; bingbot/2.0; +http://www.bing.com/bingbot.htm) Chrome/103.0.5060.134 Safari/537.36" "ysfine.com"
52.167.144.62 - - [16/Feb/2023:08:30:10 -0800] "GET /dirac/dirosc.pdf HTTP/1.1" 304 - "-" "Mozilla/5.0 AppleWebKit/537.36 (KHTML, like Gecko; compatible; bingbot/2.0; +http://www.bing.com/bingbot.htm) Chrome/103.0.5060.134 Safari/537.36" "ysfine.com"
64.124.8.50 - - [16/Feb/2023:08:30:11 -0800] "GET /ysbio/dirac/dirfoc11.jpg HTTP/1.1" 404 88 "-" "Mozilla/5.0 (Macintosh; Intel Mac OS X 10_15_7) AppleWebKit/537.36 (KHTML, like Gecko) Chrome/107.0.0.0 Safari/537.36" "www.ysfine.com"
216.244.66.229 - - [16/Feb/2023:08:30:11 -0800] "GET /world/france/stras38.jpg HTTP/1.1" 200 99407 "-" "Mozilla/5.0 (compatible; DotBot/1.2; +https://opensiteexplorer.org/dotbot; help@moz.com)" "www.ysfine.com"
216.244.66.229 - - [16/Feb/2023:08:30:46 -0800] "GET /world/france/stras53.jpg HTTP/1.1" 200 78694 "-" "Mozilla/5.0 (compatible; DotBot/1.2; +https://opensiteexplorer.org/dotbot; help@moz.com)" "www.ysfine.com"
64.124.8.54 - - [16/Feb/2023:08:31:13 -0800] "GET /ysbio/world/ital/rome006.jpg HTTP/1.1" 404 88 "-" "Mozilla/5.0 (Macintosh; Intel Mac OS X 10_15_7) AppleWebKit/537.36 (KHTML, like Gecko) Chrome/107.0.0.0 Safari/537.36" "ysfine.com"
216.244.66.229 - - [16/Feb/2023:08:31:36 -0800] "GET /world/ital/sicily55.pdf HTTP/1.1" 200 171770 "-" "Mozilla/5.0 (compatible; DotBot/1.2; +https://opensiteexplorer.org/dotbot; help@moz.com)" "www.ysfine.com"
216.244.66.229 - - [16/Feb/2023:08:32:26 -0800] "GET /world/latina/sambario16.jpg HTTP/1.1" 200 102838 "-" "Mozilla/5.0 (compatible; DotBot/1.2; +https://opensiteexplorer.org/dotbot; help@moz.com)" "www.ysfine.com"
