64.124.8.56 - - [16/Feb/2023:13:52:15 -0800] "GET /people/sbt85.jpg HTTP/1.1" 200 144903 "-" "Mozilla/5.0 (Macintosh; Intel Mac OS X 10_15_7) AppleWebKit/537.36 (KHTML, like Gecko) Chrome/107.0.0.0 Safari/537.36" "ysfine.com"
64.124.8.29 - - [16/Feb/2023:13:53:04 -0800] "GET /world/france/champbenz05.jpg HTTP/1.1" 200 108562 "-" "Mozilla/5.0 (Macintosh; Intel Mac OS X 10_15_7) AppleWebKit/537.36 (KHTML, like Gecko) Chrome/107.0.0.0 Safari/537.36" "ysfine.com"
12.195.125.58 - - [16/Feb/2023:13:53:27 -0800] "GET /style/durbin.jpg HTTP/1.1" 200 16279 "https://www.google.com/" "Mozilla/5.0 (Linux; Android 12; SM-N970U Build/SP1A.210812.016; wv) AppleWebKit/537.36 (KHTML, like Gecko) Version/4.0 Chrome/109.0.5414.118 Mobile Safari/537.36 GoogleLens/14.4.6.26.arm64" "ysfine.com"
138.75.119.143 - - [16/Feb/2023:13:53:31 -0800] "GET /kobak/kwk11b.jpg HTTP/1.1" 200 46888 "https://ysfine.com/world/brit/etonharrow.html" "Mozilla/5.0 (Linux; Android 11; SM-G781B) AppleWebKit/537.36 (KHTML, like Gecko) Chrome/109.0.0.0 Mobile Safari/537.36" "ysfine.com"
138.75.119.143 - - [16/Feb/2023:13:53:31 -0800] "GET /world/brit/winston01b.jpg HTTP/1.1" 200 38436 "https://ysfine.com/world/brit/etonharrow.html" "Mozilla/5.0 (Linux; Android 11; SM-G781B) AppleWebKit/537.36 (KHTML, like Gecko) Chrome/109.0.0.0 Mobile Safari/537.36" "ysfine.com"
138.75.119.143 - - [16/Feb/2023:13:53:31 -0800] "GET /world/brit/eton01b.jpg HTTP/1.1" 200 47771 "https://ysfine.com/world/brit/etonharrow.html" "Mozilla/5.0 (Linux; Android 11; SM-G781B) AppleWebKit/537.36 (KHTML, like Gecko) Chrome/109.0.0.0 Mobile Safari/537.36" "ysfine.com"
138.75.119.143 - - [16/Feb/2023:13:53:31 -0800] "GET /world/brit/eton02b.jpg HTTP/1.1" 200 39432 "https://ysfine.com/world/brit/etonharrow.html" "Mozilla/5.0 (Linux; Android 11; SM-G781B) AppleWebKit/537.36 (KHTML, like Gecko) Chrome/109.0.0.0 Mobile Safari/537.36" "ysfine.com"
138.75.119.143 - - [16/Feb/2023:13:53:31 -0800] "GET /world/brit/eton07b.jpg HTTP/1.1" 200 36566 "https://ysfine.com/world/brit/etonharrow.html" "Mozilla/5.0 (Linux; Android 11; SM-G781B) AppleWebKit/537.36 (KHTML, like Gecko) Chrome/109.0.0.0 Mobile Safari/537.36" "ysfine.com"
138.75.119.143 - - [16/Feb/2023:13:53:31 -0800] "GET /world/brit/nehru11b.jpg HTTP/1.1" 200 43052 "https://ysfine.com/world/brit/etonharrow.html" "Mozilla/5.0 (Linux; Android 11; SM-G781B) AppleWebKit/537.36 (KHTML, like Gecko) Chrome/109.0.0.0 Mobile Safari/537.36" "ysfine.com"
138.75.119.143 - - [16/Feb/2023:13:53:33 -0800] "GET /world/brit/eton03b.jpg HTTP/1.1" 200 45141 "https://ysfine.com/world/brit/etonharrow.html" "Mozilla/5.0 (Linux; Android 11; SM-G781B) AppleWebKit/537.36 (KHTML, like Gecko) Chrome/109.0.0.0 Mobile Safari/537.36" "ysfine.com"
138.75.119.143 - - [16/Feb/2023:13:53:33 -0800] "GET /world/brit/harrow12b.jpg HTTP/1.1" 200 45104 "https://ysfine.com/world/brit/etonharrow.html" "Mozilla/5.0 (Linux; Android 11; SM-G781B) AppleWebKit/537.36 (KHTML, like Gecko) Chrome/109.0.0.0 Mobile Safari/537.36" "ysfine.com"
138.75.119.143 - - [16/Feb/2023:13:53:33 -0800] "GET /world/brit/harrow11b.jpg HTTP/1.1" 200 42533 "https://ysfine.com/world/brit/etonharrow.html" "Mozilla/5.0 (Linux; Android 11; SM-G781B) AppleWebKit/537.36 (KHTML, like Gecko) Chrome/109.0.0.0 Mobile Safari/537.36" "ysfine.com"
138.75.119.143 - - [16/Feb/2023:13:53:33 -0800] "GET /kobak/taylor33c.jpg HTTP/1.1" 200 39951 "https://ysfine.com/world/brit/etonharrow.html" "Mozilla/5.0 (Linux; Android 11; SM-G781B) AppleWebKit/537.36 (KHTML, like Gecko) Chrome/109.0.0.0 Mobile Safari/537.36" "ysfine.com"
138.75.119.143 - - [16/Feb/2023:13:53:33 -0800] "GET /world/brit/windsor02b.jpg HTTP/1.1" 200 40724 "https://ysfine.com/world/brit/etonharrow.html" "Mozilla/5.0 (Linux; Android 11; SM-G781B) AppleWebKit/537.36 (KHTML, like Gecko) Chrome/109.0.0.0 Mobile Safari/537.36" "ysfine.com"
138.75.119.143 - - [16/Feb/2023:13:53:33 -0800] "GET /world/brit/harrow09b.jpg HTTP/1.1" 200 48797 "https://ysfine.com/world/brit/etonharrow.html" "Mozilla/5.0 (Linux; Android 11; SM-G781B) AppleWebKit/537.36 (KHTML, like Gecko) Chrome/109.0.0.0 Mobile Safari/537.36" "ysfine.com"
138.75.119.143 - - [16/Feb/2023:13:53:33 -0800] "GET /world/brit/harrow01b.jpg HTTP/1.1" 200 54632 "https://ysfine.com/world/brit/etonharrow.html" "Mozilla/5.0 (Linux; Android 11; SM-G781B) AppleWebKit/537.36 (KHTML, like Gecko) Chrome/109.0.0.0 Mobile Safari/537.36" "ysfine.com"
138.75.119.143 - - [16/Feb/2023:13:53:33 -0800] "GET /world/brit/harrow04b.jpg HTTP/1.1" 200 48004 "https://ysfine.com/world/brit/etonharrow.html" "Mozilla/5.0 (Linux; Android 11; SM-G781B) AppleWebKit/537.36 (KHTML, like Gecko) Chrome/109.0.0.0 Mobile Safari/537.36" "ysfine.com"
138.75.119.143 - - [16/Feb/2023:13:53:33 -0800] "GET /eink/pwk19c.jpg HTTP/1.1" 200 57759 "https://ysfine.com/world/brit/etonharrow.html" "Mozilla/5.0 (Linux; Android 11; SM-G781B) AppleWebKit/537.36 (KHTML, like Gecko) Chrome/109.0.0.0 Mobile Safari/537.36" "ysfine.com"
138.75.119.143 - - [16/Feb/2023:13:53:39 -0800] "GET /favicon.ico HTTP/1.1" 404 88 "https://ysfine.com/world/brit/etonharrow.html" "Mozilla/5.0 (Linux; Android 11; SM-G781B) AppleWebKit/537.36 (KHTML, like Gecko) Chrome/109.0.0.0 Mobile Safari/537.36" "ysfine.com"
66.249.70.30 - - [16/Feb/2023:13:54:56 -0800] "GET /usca/norl/napo03.jpg HTTP/1.1" 304 - "-" "Googlebot-Image/1.0" "ysfine.com"
103.37.142.70 - - [16/Feb/2023:13:55:16 -0800] "GET /home/facu63.jpg HTTP/1.1" 200 296378 "-" "Mozilla/5.0 (X11; Ubuntu; Linux x86_64; rv:72.0) Gecko/20100101 Firefox/72.0" "ysfine.com"
103.37.142.38 - - [16/Feb/2023:13:55:16 -0800] "GET /wigner/tollwig11.jpg HTTP/1.1" 200 124000 "-" "Mozilla/5.0 (X11; Ubuntu; Linux x86_64; rv:72.0) Gecko/20100101 Firefox/72.0" "ysfine.com"
103.37.142.70 - - [16/Feb/2023:13:55:16 -0800] "GET /home/facu63b.jpg HTTP/1.1" 200 34108 "-" "Mozilla/5.0 (X11; Ubuntu; Linux x86_64; rv:72.0) Gecko/20100101 Firefox/72.0" "ysfine.com"
52.167.144.35 - - [16/Feb/2023:13:55:27 -0800] "GET /bio/kobak/yskor.html HTTP/1.1" 404 88 "-" "Mozilla/5.0 AppleWebKit/537.36 (KHTML, like Gecko; compatible; bingbot/2.0; +http://www.bing.com/bingbot.htm) Chrome/103.0.5060.134 Safari/537.36" "ysfine.com"
17.241.219.216 - - [16/Feb/2023:13:56:00 -0800] "GET /usca/pgh.html HTTP/1.1" 200 13572 "-" "Mozilla/5.0 (Macintosh; Intel Mac OS X 10_15_5) AppleWebKit/605.1.15 (KHTML, like Gecko) Version/13.1.1 Safari/605.1.15 (Applebot/0.1; +http://www.apple.com/go/applebot)" "ysfine.com"
64.124.8.28 - - [16/Feb/2023:13:57:03 -0800] "GET /world/france/nice121.jpg HTTP/1.1" 200 91630 "-" "Mozilla/5.0 (Macintosh; Intel Mac OS X 10_15_7) AppleWebKit/537.36 (KHTML, like Gecko) Chrome/107.0.0.0 Safari/537.36" "ysfine.com"
128.12.123.54 - - [16/Feb/2023:13:57:44 -0800] "GET /wigner/wiglittle.pdf HTTP/1.1" 200 2659296 "https://www.google.com/" "Mozilla/5.0 (Macintosh; Intel Mac OS X 10_15_7) AppleWebKit/537.36 (KHTML, like Gecko) Chrome/110.0.0.0 Safari/537.36" "ysfine.com"
64.124.8.54 - - [16/Feb/2023:13:57:49 -0800] "GET /wigner/parents.jpg HTTP/1.1" 200 69463 "-" "Mozilla/5.0 (Macintosh; Intel Mac OS X 10_15_7) AppleWebKit/537.36 (KHTML, like Gecko) Chrome/107.0.0.0 Safari/537.36" "ysfine.com"
69.247.215.44 - - [16/Feb/2023:13:58:35 -0800] "GET /kowar/changdoy01.jpg HTTP/1.1" 200 89483 "https://www.google.com/" "Mozilla/5.0 (iPad; CPU OS 14_8_1 like Mac OS X) AppleWebKit/605.1.15 (KHTML, like Gecko) Version/14.1.2 Mobile/15E148 Safari/604.1" "ysfine.com"
5.255.253.184 - - [16/Feb/2023:13:59:00 -0800] "GET /articles/aipproc2011.pdf HTTP/1.1" 401 90 "-" "Mozilla/5.0 (compatible; YandexBot/3.0; +http://yandex.com/bots)" "www.ysfine.com"
64.124.8.53 - - [16/Feb/2023:13:59:36 -0800] "GET /world/balkan/istan057.jpg HTTP/1.1" 200 96046 "-" "Mozilla/5.0 (Macintosh; Intel Mac OS X 10_15_7) AppleWebKit/537.36 (KHTML, like Gecko) Chrome/107.0.0.0 Safari/537.36" "ysfine.com"
52.167.144.86 - - [16/Feb/2023:14:00:17 -0800] "GET /kobak/1014c270.jpg HTTP/1.1" 200 56853 "-" "Mozilla/5.0 AppleWebKit/537.36 (KHTML, like Gecko; compatible; bingbot/2.0; +http://www.bing.com/bingbot.htm) Chrome/103.0.5060.134 Safari/537.36" "ysfine.com"
52.167.144.86 - - [16/Feb/2023:14:00:37 -0800] "GET /auto/bio21.html HTTP/1.1" 200 5217 "-" "Mozilla/5.0 AppleWebKit/537.36 (KHTML, like Gecko; compatible; bingbot/2.0; +http://www.bing.com/bingbot.htm) Chrome/103.0.5060.134 Safari/537.36" "ysfine.com"
64.124.8.50 - - [16/Feb/2023:14:00:44 -0800] "GET /world/ital/sapienza16.jpg HTTP/1.1" 200 103901 "-" "Mozilla/5.0 (Macintosh; Intel Mac OS X 10_15_7) AppleWebKit/537.36 (KHTML, like Gecko) Chrome/107.0.0.0 Safari/537.36" "www.ysfine.com"
52.167.144.35 - - [16/Feb/2023:14:02:18 -0800] "GET /bio/world/home/optics.html HTTP/1.1" 404 88 "-" "Mozilla/5.0 AppleWebKit/537.36 (KHTML, like Gecko; compatible; bingbot/2.0; +http://www.bing.com/bingbot.htm) Chrome/103.0.5060.134 Safari/537.36" "www.ysfine.com"
186.249.228.188 - - [16/Feb/2023:14:02:41 -0800] "GET /wigner/neum/vnc01.jpg HTTP/1.1" 200 133641 "https://www.google.com/" "Mozilla/5.0 (Macintosh; Intel Mac OS X 10_15_7) AppleWebKit/537.36 (KHTML, like Gecko) Chrome/109.0.0.0 Safari/537.36" "ysfine.com"
116.179.32.201 - - [16/Feb/2023:14:02:48 -0800] "GET /feynman/chewfrau.html HTTP/1.1" 200 3075 "-" "Mozilla/5.0 (compatible; Baiduspider/2.0; +http://www.baidu.com/search/spider.html)" "ysfine.com"
116.179.37.13 - - [16/Feb/2023:14:02:49 -0800] "GET /feynman/chewfra11c.jpg HTTP/1.1" 200 34838 "https://ysfine.com/feynman/chewfrau.html" "Mozilla/5.0 (compatible; Baiduspider-render/2.0; +http://www.baidu.com/search/spider.html)" "ysfine.com"
116.179.37.59 - - [16/Feb/2023:14:02:49 -0800] "GET /feynman/gfchew11c.jpg HTTP/1.1" 200 27337 "https://ysfine.com/feynman/chewfrau.html" "Mozilla/5.0 (compatible; Baiduspider-render/2.0; +http://www.baidu.com/search/spider.html)" "ysfine.com"
116.179.37.76 - - [16/Feb/2023:14:02:49 -0800] "GET /feynman/feyn70cc.jpg HTTP/1.1" 200 19224 "https://ysfine.com/feynman/chewfrau.html" "Mozilla/5.0 (compatible; Baiduspider-render/2.0; +http://www.baidu.com/search/spider.html)" "ysfine.com"
116.179.37.145 - - [16/Feb/2023:14:02:49 -0800] "GET /feynman/feybongo77c.jpg HTTP/1.1" 200 25947 "https://ysfine.com/feynman/chewfrau.html" "Mozilla/5.0 (compatible; Baiduspider-render/2.0; +http://www.baidu.com/search/spider.html)" "ysfine.com"
64.124.8.54 - - [16/Feb/2023:14:03:11 -0800] "GET /style/cameras/leicalens.jpg HTTP/1.1" 200 70684 "-" "Mozilla/5.0 (Macintosh; Intel Mac OS X 10_15_7) AppleWebKit/537.36 (KHTML, like Gecko) Chrome/107.0.0.0 Safari/537.36" "www.ysfine.com"
52.167.144.86 - - [16/Feb/2023:14:03:27 -0800] "GET /ysbio/usca/pitt/palom01.jpg HTTP/1.1" 404 88 "-" "Mozilla/5.0 AppleWebKit/537.36 (KHTML, like Gecko; compatible; bingbot/2.0; +http://www.bing.com/bingbot.htm) Chrome/103.0.5060.134 Safari/537.36" "www.ysfine.com"
64.124.8.56 - - [16/Feb/2023:14:04:01 -0800] "GET /ysbio/world/balkan/istan007.jpg HTTP/1.1" 404 88 "-" "Mozilla/5.0 (Macintosh; Intel Mac OS X 10_15_7) AppleWebKit/537.36 (KHTML, like Gecko) Chrome/107.0.0.0 Safari/537.36" "ysfine.com"
52.167.144.86 - - [16/Feb/2023:14:04:17 -0800] "GET /world/poland/krkf51b.jpg HTTP/1.1" 200 46620 "-" "Mozilla/5.0 AppleWebKit/537.36 (KHTML, like Gecko; compatible; bingbot/2.0; +http://www.bing.com/bingbot.htm) Chrome/103.0.5060.134 Safari/537.36" "www.ysfine.com"
64.124.8.52 - - [16/Feb/2023:14:05:14 -0800] "GET /world/france/montpar03.jpg HTTP/1.1" 200 108206 "-" "Mozilla/5.0 (Macintosh; Intel Mac OS X 10_15_7) AppleWebKit/537.36 (KHTML, like Gecko) Chrome/107.0.0.0 Safari/537.36" "www.ysfine.com"
64.124.8.29 - - [16/Feb/2023:14:05:16 -0800] "GET /ysbio/folks/amkor/jaslondon03.jpg HTTP/1.1" 404 88 "-" "Mozilla/5.0 (Macintosh; Intel Mac OS X 10_15_7) AppleWebKit/537.36 (KHTML, like Gecko) Chrome/107.0.0.0 Safari/537.36" "www.ysfine.com"
64.124.8.53 - - [16/Feb/2023:14:05:23 -0800] "GET /world/brit/paddington06.jpg HTTP/1.1" 200 126897 "-" "Mozilla/5.0 (Macintosh; Intel Mac OS X 10_15_7) AppleWebKit/537.36 (KHTML, like Gecko) Chrome/107.0.0.0 Safari/537.36" "ysfine.com"
31.94.4.26 - - [16/Feb/2023:14:05:25 -0800] "GET /kobak/1014c.jpg HTTP/1.1" 200 164928 "https://www.google.com/" "Mozilla/5.0 (Macintosh; Intel Mac OS X 10.15; rv:109.0) Gecko/20100101 Firefox/109.0" "ysfine.com"
64.124.8.54 - - [16/Feb/2023:14:06:15 -0800] "GET /wdc/umdbarn07.jpg HTTP/1.1" 200 70243 "-" "Mozilla/5.0 (Macintosh; Intel Mac OS X 10_15_7) AppleWebKit/537.36 (KHTML, like Gecko) Chrome/107.0.0.0 Safari/537.36" "ysfine.com"
185.191.171.1 - - [16/Feb/2023:14:06:17 -0800] "GET /robots.txt HTTP/1.1" 404 88 "-" "Mozilla/5.0 (compatible; SemrushBot/7~bl; +http://www.semrush.com/bot.html)" "ysfine.com"
185.191.171.44 - - [16/Feb/2023:14:06:18 -0800] "GET /sbk/2010.html HTTP/1.1" 200 14455 "-" "Mozilla/5.0 (compatible; SemrushBot/7~bl; +http://www.semrush.com/bot.html)" "ysfine.com"
20.71.12.143 - - [16/Feb/2023:14:07:28 -0800] "GET /dirac/dirheisen31.jpg HTTP/1.1" 200 107372 "-" "DuckDuckBot/1.1; (+http://duckduckgo.com/duckduckbot.html)" "www.ysfine.com"
64.124.8.54 - - [16/Feb/2023:14:08:34 -0800] "GET /ysbio/world/france/magots07.jpg HTTP/1.1" 404 88 "-" "Mozilla/5.0 (Macintosh; Intel Mac OS X 10_15_7) AppleWebKit/537.36 (KHTML, like Gecko) Chrome/107.0.0.0 Safari/537.36" "ysfine.com"
64.124.8.56 - - [16/Feb/2023:14:09:13 -0800] "GET /ysbio/einstein/eink33.jpg HTTP/1.1" 404 88 "-" "Mozilla/5.0 (Macintosh; Intel Mac OS X 10_15_7) AppleWebKit/537.36 (KHTML, like Gecko) Chrome/107.0.0.0 Safari/537.36" "ysfine.com"
64.124.8.50 - - [16/Feb/2023:14:09:43 -0800] "GET /world/ital/bologu11.jpg HTTP/1.1" 200 163564 "-" "Mozilla/5.0 (Macintosh; Intel Mac OS X 10_15_7) AppleWebKit/537.36 (KHTML, like Gecko) Chrome/107.0.0.0 Safari/537.36" "ysfine.com"
52.167.144.62 - - [16/Feb/2023:14:10:11 -0800] "GET /world/germany/oktf03.jpg HTTP/1.1" 200 108768 "-" "Mozilla/5.0 AppleWebKit/537.36 (KHTML, like Gecko; compatible; bingbot/2.0; +http://www.bing.com/bingbot.htm) Chrome/103.0.5060.134 Safari/537.36" "ysfine.com"
52.167.144.35 - - [16/Feb/2023:14:10:59 -0800] "GET /wdc/gtown04.jpg HTTP/1.1" 200 154553 "-" "Mozilla/5.0 AppleWebKit/537.36 (KHTML, like Gecko; compatible; bingbot/2.0; +http://www.bing.com/bingbot.htm) Chrome/103.0.5060.134 Safari/537.36" "www.ysfine.com"
71.178.208.102 - - [16/Feb/2023:14:11:24 -0800] "GET /ys22/dondon.html HTTP/1.1" 401 90 "https://ysfine.com/ys11/" "Mozilla/5.0 (Windows NT 10.0; Win64; x64) AppleWebKit/537.36 (KHTML, like Gecko) Chrome/110.0.0.0 Safari/537.36 Edg/110.0.1587.41" "ysfine.com"
52.167.144.35 - - [16/Feb/2023:14:11:39 -0800] "GET /ysbio/einstein/eins54.jpg HTTP/1.1" 404 88 "-" "Mozilla/5.0 AppleWebKit/537.36 (KHTML, like Gecko; compatible; bingbot/2.0; +http://www.bing.com/bingbot.htm) Chrome/103.0.5060.134 Safari/537.36" "www.ysfine.com"
71.178.208.102 - - [16/Feb/2023:14:11:40 -0800] "GET /ys22/dondon.html HTTP/1.1" 401 90 "https://ysfine.com/ys11/" "Mozilla/5.0 (Windows NT 10.0; Win64; x64) AppleWebKit/537.36 (KHTML, like Gecko) Chrome/110.0.0.0 Safari/537.36 Edg/110.0.1587.46" "ysfine.com"
71.178.208.102 - - [16/Feb/2023:14:12:03 -0800] "GET /ys22/dondon.html HTTP/1.1" 401 90 "https://ysfine.com/ys11/" "Mozilla/5.0 (Windows NT 10.0; Win64; x64) AppleWebKit/537.36 (KHTML, like Gecko) Chrome/110.0.0.0 Safari/537.36 Edg/110.0.1587.46" "ysfine.com"
65.108.2.171 - - [16/Feb/2023:14:12:09 -0800] "GET /robots.txt HTTP/1.1" 404 73 "-" "Mozilla/5.0 (compatible; MJ12bot/v1.4.8; http://mj12bot.com/)" "www.ysfine.com"
65.108.2.171 - - [16/Feb/2023:14:12:11 -0800] "GET /ysbio/class54/acs/acs17.jpg HTTP/1.1" 404 88 "-" "Mozilla/5.0 (compatible; MJ12bot/v1.4.8; http://mj12bot.com/)" "www.ysfine.com"
65.108.2.171 - - [16/Feb/2023:14:12:13 -0800] "GET /ysbio/class54/acs/acs68.jpg HTTP/1.1" 404 88 "-" "Mozilla/5.0 (compatible; MJ12bot/v1.4.8; http://mj12bot.com/)" "www.ysfine.com"
65.108.2.171 - - [16/Feb/2023:14:12:15 -0800] "GET /ysbio/class54/acs/acs75.jpg HTTP/1.1" 404 88 "-" "Mozilla/5.0 (compatible; MJ12bot/v1.4.8; http://mj12bot.com/)" "www.ysfine.com"
65.108.2.171 - - [16/Feb/2023:14:12:17 -0800] "GET /ysbio/class54/acs/acs96.jpg HTTP/1.1" 404 88 "-" "Mozilla/5.0 (compatible; MJ12bot/v1.4.8; http://mj12bot.com/)" "www.ysfine.com"
65.108.2.171 - - [16/Feb/2023:14:12:19 -0800] "GET /ysbio/world/kor/sel803.jpg HTTP/1.1" 404 88 "-" "Mozilla/5.0 (compatible; MJ12bot/v1.4.8; http://mj12bot.com/)" "www.ysfine.com"
65.108.2.171 - - [16/Feb/2023:14:12:21 -0800] "GET /ysbio/einstein/ulm.html HTTP/1.1" 404 88 "-" "Mozilla/5.0 (compatible; MJ12bot/v1.4.8; http://mj12bot.com/)" "www.ysfine.com"
71.178.208.102 - - [16/Feb/2023:14:12:55 -0800] "GET /ys11/ HTTP/1.1" 304 - "-" "Mozilla/5.0 (Windows NT 10.0; Win64; x64) AppleWebKit/537.36 (KHTML, like Gecko) Chrome/109.0.5414.120 Safari/537.36" "ysfine.com"
52.167.144.35 - - [16/Feb/2023:14:13:19 -0800] "GET /bio/style/artlove.html HTTP/1.1" 404 88 "-" "Mozilla/5.0 AppleWebKit/537.36 (KHTML, like Gecko; compatible; bingbot/2.0; +http://www.bing.com/bingbot.htm) Chrome/103.0.5060.134 Safari/537.36" "ysfine.com"
64.124.8.54 - - [16/Feb/2023:14:13:36 -0800] "GET /maga/phys/darwin05.jpg HTTP/1.1" 200 236119 "-" "Mozilla/5.0 (Macintosh; Intel Mac OS X 10_15_7) AppleWebKit/537.36 (KHTML, like Gecko) Chrome/107.0.0.0 Safari/537.36" "ysfine.com"
64.124.8.28 - - [16/Feb/2023:14:14:24 -0800] "GET /ysbio/world/russ/kiev029.jpg HTTP/1.1" 404 88 "-" "Mozilla/5.0 (Macintosh; Intel Mac OS X 10_15_7) AppleWebKit/537.36 (KHTML, like Gecko) Chrome/107.0.0.0 Safari/537.36" "www.ysfine.com"
181.198.15.238 - - [16/Feb/2023:14:14:49 -0800] "GET /dirac/jablo62.jpg HTTP/1.1" 200 206686 "https://www.google.com/" "Mozilla/5.0 (Macintosh; Intel Mac OS X 10_15_7) AppleWebKit/605.1.15 (KHTML, like Gecko) Version/16.3 Safari/605.1.15" "ysfine.com"
157.55.39.207 - - [16/Feb/2023:14:15:18 -0800] "GET /world/ital/repub08.jpg HTTP/1.1" 200 102907 "-" "Mozilla/5.0 AppleWebKit/537.36 (KHTML, like Gecko; compatible; bingbot/2.0; +http://www.bing.com/bingbot.htm) Chrome/103.0.5060.134 Safari/537.36" "ysfine.com"
181.198.15.238 - - [16/Feb/2023:14:15:21 -0800] "GET /dirac/wigsis11.jpg HTTP/1.1" 200 71741 "https://www.google.com/" "Mozilla/5.0 (Macintosh; Intel Mac OS X 10_15_7) AppleWebKit/605.1.15 (KHTML, like Gecko) Version/16.3 Safari/605.1.15" "ysfine.com"
64.124.8.57 - - [16/Feb/2023:14:15:30 -0800] "GET /ysbio/world/scandi/sto037.jpg HTTP/1.1" 404 88 "-" "Mozilla/5.0 (Macintosh; Intel Mac OS X 10_15_7) AppleWebKit/537.36 (KHTML, like Gecko) Chrome/107.0.0.0 Safari/537.36" "www.ysfine.com"
64.124.8.57 - - [16/Feb/2023:14:15:57 -0800] "GET /princeton/shapiro11.jpg HTTP/1.1" 200 53951 "-" "Mozilla/5.0 (Macintosh; Intel Mac OS X 10_15_7) AppleWebKit/537.36 (KHTML, like Gecko) Chrome/107.0.0.0 Safari/537.36" "ysfine.com"
64.124.8.56 - - [16/Feb/2023:14:15:58 -0800] "GET /newyork/gwbr22.jpg HTTP/1.1" 200 276233 "-" "Mozilla/5.0 (Macintosh; Intel Mac OS X 10_15_7) AppleWebKit/537.36 (KHTML, like Gecko) Chrome/107.0.0.0 Safari/537.36" "ysfine.com"
64.124.8.28 - - [16/Feb/2023:14:16:19 -0800] "GET /world/latina/rio018.jpg HTTP/1.1" 200 110548 "-" "Mozilla/5.0 (Macintosh; Intel Mac OS X 10_15_7) AppleWebKit/537.36 (KHTML, like Gecko) Chrome/107.0.0.0 Safari/537.36" "ysfine.com"
52.167.144.35 - - [16/Feb/2023:14:16:50 -0800] "GET /bio/sbk/1950.html HTTP/1.1" 404 88 "-" "Mozilla/5.0 AppleWebKit/537.36 (KHTML, like Gecko; compatible; bingbot/2.0; +http://www.bing.com/bingbot.htm) Chrome/103.0.5060.134 Safari/537.36" "ysfine.com"
71.178.208.102 - - [16/Feb/2023:14:17:10 -0800] "GET /ys11/index.html HTTP/1.1" 304 - "-" "Mozilla/5.0 (Windows NT 10.0; Win64; x64) AppleWebKit/537.36 (KHTML, like Gecko) Chrome/110.0.0.0 Safari/537.36 Edg/110.0.1587.46" "www.ysfine.com"
71.178.208.102 - - [16/Feb/2023:14:17:17 -0800] "GET /ys22/dondon.html HTTP/1.1" 401 90 "https://www.ysfine.com/ys11/index.html" "Mozilla/5.0 (Windows NT 10.0; Win64; x64) AppleWebKit/537.36 (KHTML, like Gecko) Chrome/110.0.0.0 Safari/537.36 Edg/110.0.1587.46" "www.ysfine.com"
64.124.8.57 - - [16/Feb/2023:14:17:23 -0800] "GET /world/russ/minsk004.jpg HTTP/1.1" 200 116449 "-" "Mozilla/5.0 (Macintosh; Intel Mac OS X 10_15_7) AppleWebKit/537.36 (KHTML, like Gecko) Chrome/107.0.0.0 Safari/537.36" "ysfine.com"
64.124.8.57 - - [16/Feb/2023:14:17:26 -0800] "GET /world/france/chagall29.jpg HTTP/1.1" 200 47051 "-" "Mozilla/5.0 (Macintosh; Intel Mac OS X 10_15_7) AppleWebKit/537.36 (KHTML, like Gecko) Chrome/107.0.0.0 Safari/537.36" "www.ysfine.com"
71.178.208.102 - - [16/Feb/2023:14:17:30 -0800] "GET /ys11/index.html HTTP/1.1" 304 - "https://www.bing.com/" "Mozilla/5.0 (Windows NT 10.0; Win64; x64; rv:109.0) Gecko/20100101 Firefox/110.0" "www.ysfine.com"
64.124.8.52 - - [16/Feb/2023:14:17:33 -0800] "GET /world/germany/leipzig40.jpg HTTP/1.1" 200 280032 "-" "Mozilla/5.0 (Macintosh; Intel Mac OS X 10_15_7) AppleWebKit/537.36 (KHTML, like Gecko) Chrome/107.0.0.0 Safari/537.36" "ysfine.com"
64.124.8.28 - - [16/Feb/2023:14:18:08 -0800] "GET /world/baltic/kalin33.jpg HTTP/1.1" 200 95990 "-" "Mozilla/5.0 (Macintosh; Intel Mac OS X 10_15_7) AppleWebKit/537.36 (KHTML, like Gecko) Chrome/107.0.0.0 Safari/537.36" "www.ysfine.com"
217.182.67.146 - - [16/Feb/2023:14:18:35 -0800] "GET /ysbio/style/shops.html HTTP/1.1" 404 88 "-" "newspaper/0.2.6" "www.ysfine.com"
52.167.144.62 - - [16/Feb/2023:14:19:02 -0800] "GET /eink/abomb66c.jpg HTTP/1.1" 200 22350 "-" "Mozilla/5.0 AppleWebKit/537.36 (KHTML, like Gecko; compatible; bingbot/2.0; +http://www.bing.com/bingbot.htm) Chrome/103.0.5060.134 Safari/537.36" "ysfine.com"
205.175.220.10 - - [16/Feb/2023:14:19:07 -0800] "GET /wdc/loc01.jpg HTTP/1.1" 200 665931 "https://www.google.com/" "Mozilla/5.0 (Macintosh; Intel Mac OS X 10_15_7) AppleWebKit/537.36 (KHTML, like Gecko) Chrome/110.0.0.0 Safari/537.36" "ysfine.com"
64.124.8.55 - - [16/Feb/2023:14:19:32 -0800] "GET /world/russ/minskf14.jpg HTTP/1.1" 200 75273 "-" "Mozilla/5.0 (Macintosh; Intel Mac OS X 10_15_7) AppleWebKit/537.36 (KHTML, like Gecko) Chrome/107.0.0.0 Safari/537.36" "ysfine.com"
52.167.144.35 - - [16/Feb/2023:14:20:00 -0800] "GET /sbk/2013salz01.jpg HTTP/1.1" 200 132771 "-" "Mozilla/5.0 AppleWebKit/537.36 (KHTML, like Gecko; compatible; bingbot/2.0; +http://www.bing.com/bingbot.htm) Chrome/103.0.5060.134 Safari/537.36" "www.ysfine.com"
17.241.227.17 - - [16/Feb/2023:14:20:35 -0800] "GET /maga/yukawa.html HTTP/1.1" 200 5658 "-" "Mozilla/5.0 (Macintosh; Intel Mac OS X 10_15_5) AppleWebKit/605.1.15 (KHTML, like Gecko) Version/13.1.1 Safari/605.1.15 (Applebot/0.1; +http://www.apple.com/go/applebot)" "ysfine.com"
130.45.96.201 - - [16/Feb/2023:14:20:43 -0800] "GET /world/france/arusas01.jpg HTTP/1.1" 200 364636 "https://www.google.com/" "Mozilla/5.0 (X11; CrOS x86_64 15183.69.0) AppleWebKit/537.36 (KHTML, like Gecko) Chrome/108.0.0.0 Safari/537.36" "ysfine.com"
64.124.8.55 - - [16/Feb/2023:14:20:53 -0800] "GET /ysbio/usca/norl/bour06.jpg HTTP/1.1" 404 88 "-" "Mozilla/5.0 (Macintosh; Intel Mac OS X 10_15_7) AppleWebKit/537.36 (KHTML, like Gecko) Chrome/107.0.0.0 Safari/537.36" "www.ysfine.com"
64.124.8.56 - - [16/Feb/2023:14:21:01 -0800] "GET /eink/hyperell61.jpg HTTP/1.1" 200 51720 "-" "Mozilla/5.0 (Macintosh; Intel Mac OS X 10_15_7) AppleWebKit/537.36 (KHTML, like Gecko) Chrome/107.0.0.0 Safari/537.36" "ysfine.com"
71.178.208.102 - - [16/Feb/2023:14:22:16 -0800] "GET /ys22/dondon.html HTTP/1.1" 401 90 "https://ysfine.com/ys11/" "Mozilla/5.0 (Windows NT 10.0; Win64; x64) AppleWebKit/537.36 (KHTML, like Gecko) Chrome/110.0.0.0 Safari/537.36 Edg/110.0.1587.46" "ysfine.com"
71.178.208.102 - - [16/Feb/2023:14:23:13 -0800] "GET /home/index.html HTTP/1.1" 200 142 "https://ysfine.com/ys11/" "Mozilla/5.0 (Windows NT 10.0; Win64; x64) AppleWebKit/537.36 (KHTML, like Gecko) Chrome/109.0.5414.120 Safari/537.36" "ysfine.com"
71.178.208.102 - - [16/Feb/2023:14:23:13 -0800] "GET /home/hmtop.html HTTP/1.1" 200 444 "https://ysfine.com/home/index.html" "Mozilla/5.0 (Windows NT 10.0; Win64; x64) AppleWebKit/537.36 (KHTML, like Gecko) Chrome/109.0.5414.120 Safari/537.36" "ysfine.com"
71.178.208.102 - - [16/Feb/2023:14:23:13 -0800] "GET /home/hmbot.html HTTP/1.1" 200 132 "https://ysfine.com/home/index.html" "Mozilla/5.0 (Windows NT 10.0; Win64; x64) AppleWebKit/537.36 (KHTML, like Gecko) Chrome/109.0.5414.120 Safari/537.36" "ysfine.com"
71.178.208.102 - - [16/Feb/2023:14:23:13 -0800] "GET /home/hmleft.html HTTP/1.1" 200 858 "https://ysfine.com/home/hmbot.html" "Mozilla/5.0 (Windows NT 10.0; Win64; x64) AppleWebKit/537.36 (KHTML, like Gecko) Chrome/109.0.5414.120 Safari/537.36" "ysfine.com"
71.178.208.102 - - [16/Feb/2023:14:23:13 -0800] "GET /home/hmrigh.html HTTP/1.1" 200 4207 "https://ysfine.com/home/hmbot.html" "Mozilla/5.0 (Windows NT 10.0; Win64; x64) AppleWebKit/537.36 (KHTML, like Gecko) Chrome/109.0.5414.120 Safari/537.36" "ysfine.com"
71.178.208.102 - - [16/Feb/2023:14:23:13 -0800] "GET /awards/eward55a.jpg HTTP/1.1" 200 85213 "https://ysfine.com/home/hmrigh.html" "Mozilla/5.0 (Windows NT 10.0; Win64; x64) AppleWebKit/537.36 (KHTML, like Gecko) Chrome/109.0.5414.120 Safari/537.36" "ysfine.com"
71.178.208.102 - - [16/Feb/2023:14:23:13 -0800] "GET /home/top21c.jpg HTTP/1.1" 304 - "https://ysfine.com/home/hmrigh.html" "Mozilla/5.0 (Windows NT 10.0; Win64; x64) AppleWebKit/537.36 (KHTML, like Gecko) Chrome/109.0.5414.120 Safari/537.36" "ysfine.com"
71.178.208.102 - - [16/Feb/2023:14:23:13 -0800] "GET /home/eink77c.jpg HTTP/1.1" 304 - "https://ysfine.com/home/hmrigh.html" "Mozilla/5.0 (Windows NT 10.0; Win64; x64) AppleWebKit/537.36 (KHTML, like Gecko) Chrome/109.0.5414.120 Safari/537.36" "ysfine.com"
71.178.208.102 - - [16/Feb/2023:14:23:13 -0800] "GET /eink/eink54a.jpg HTTP/1.1" 200 79717 "https://ysfine.com/home/hmrigh.html" "Mozilla/5.0 (Windows NT 10.0; Win64; x64) AppleWebKit/537.36 (KHTML, like Gecko) Chrome/109.0.5414.120 Safari/537.36" "ysfine.com"
71.178.208.102 - - [16/Feb/2023:14:23:13 -0800] "GET /kobak/taylor33c.jpg HTTP/1.1" 200 39951 "https://ysfine.com/home/hmrigh.html" "Mozilla/5.0 (Windows NT 10.0; Win64; x64) AppleWebKit/537.36 (KHTML, like Gecko) Chrome/109.0.5414.120 Safari/537.36" "ysfine.com"
71.178.208.102 - - [16/Feb/2023:14:23:13 -0800] "GET /home/tollwig11c.jpg HTTP/1.1" 200 28199 "https://ysfine.com/home/hmrigh.html" "Mozilla/5.0 (Windows NT 10.0; Win64; x64) AppleWebKit/537.36 (KHTML, like Gecko) Chrome/109.0.5414.120 Safari/537.36" "ysfine.com"
71.178.208.102 - - [16/Feb/2023:14:23:13 -0800] "GET /home/coke300.jpg HTTP/1.1" 200 50941 "https://ysfine.com/home/hmrigh.html" "Mozilla/5.0 (Windows NT 10.0; Win64; x64) AppleWebKit/537.36 (KHTML, like Gecko) Chrome/109.0.5414.120 Safari/537.36" "ysfine.com"
71.178.208.102 - - [16/Feb/2023:14:23:13 -0800] "GET /home/socrates55c.jpg HTTP/1.1" 200 36471 "https://ysfine.com/home/hmrigh.html" "Mozilla/5.0 (Windows NT 10.0; Win64; x64) AppleWebKit/537.36 (KHTML, like Gecko) Chrome/109.0.5414.120 Safari/537.36" "ysfine.com"
71.178.208.102 - - [16/Feb/2023:14:23:13 -0800] "GET /home/figs/einbohr33c.jpg HTTP/1.1" 200 36413 "https://ysfine.com/home/hmrigh.html" "Mozilla/5.0 (Windows NT 10.0; Win64; x64) AppleWebKit/537.36 (KHTML, like Gecko) Chrome/109.0.5414.120 Safari/537.36" "ysfine.com"
71.178.208.102 - - [16/Feb/2023:14:23:13 -0800] "GET /home/emc22a.jpg HTTP/1.1" 200 59239 "https://ysfine.com/home/hmrigh.html" "Mozilla/5.0 (Windows NT 10.0; Win64; x64) AppleWebKit/537.36 (KHTML, like Gecko) Chrome/109.0.5414.120 Safari/537.36" "ysfine.com"
71.178.208.102 - - [16/Feb/2023:14:23:13 -0800] "GET /eink/einhaus33c.jpg HTTP/1.1" 200 23792 "https://ysfine.com/home/hmrigh.html" "Mozilla/5.0 (Windows NT 10.0; Win64; x64) AppleWebKit/537.36 (KHTML, like Gecko) Chrome/109.0.5414.120 Safari/537.36" "ysfine.com"
71.178.208.102 - - [16/Feb/2023:14:23:13 -0800] "GET /home/further22a.jpg HTTP/1.1" 200 75776 "https://ysfine.com/home/hmrigh.html" "Mozilla/5.0 (Windows NT 10.0; Win64; x64) AppleWebKit/537.36 (KHTML, like Gecko) Chrome/109.0.5414.120 Safari/537.36" "ysfine.com"
71.178.208.102 - - [16/Feb/2023:14:23:13 -0800] "GET /home/facu63c.jpg HTTP/1.1" 304 - "https://ysfine.com/home/hmrigh.html" "Mozilla/5.0 (Windows NT 10.0; Win64; x64) AppleWebKit/537.36 (KHTML, like Gecko) Chrome/109.0.5414.120 Safari/537.36" "ysfine.com"
71.178.208.102 - - [16/Feb/2023:14:23:13 -0800] "GET /home/comet50a.jpg HTTP/1.1" 200 52015 "https://ysfine.com/home/hmrigh.html" "Mozilla/5.0 (Windows NT 10.0; Win64; x64) AppleWebKit/537.36 (KHTML, like Gecko) Chrome/109.0.5414.120 Safari/537.36" "ysfine.com"
71.178.208.102 - - [16/Feb/2023:14:23:13 -0800] "GET /home/think55c.jpg HTTP/1.1" 200 37438 "https://ysfine.com/home/hmrigh.html" "Mozilla/5.0 (Windows NT 10.0; Win64; x64) AppleWebKit/537.36 (KHTML, like Gecko) Chrome/109.0.5414.120 Safari/537.36" "ysfine.com"
71.178.208.102 - - [16/Feb/2023:14:23:13 -0800] "GET /eink/einhaus11c.jpg HTTP/1.1" 200 42522 "https://ysfine.com/home/hmrigh.html" "Mozilla/5.0 (Windows NT 10.0; Win64; x64) AppleWebKit/537.36 (KHTML, like Gecko) Chrome/109.0.5414.120 Safari/537.36" "ysfine.com"
89.196.49.237 - - [16/Feb/2023:14:23:26 -0800] "GET /maga/histo/oscar22.jpg HTTP/1.1" 200 101665 "https://www.google.com/" "Mozilla/5.0 (Linux; Android 10; HRY-LX1MEB) AppleWebKit/537.36 (KHTML, like Gecko) Chrome/105.0.0.0 Mobile Safari/537.36" "ysfine.com"
71.178.208.102 - - [16/Feb/2023:14:23:57 -0800] "GET /trips/numbers.html HTTP/1.1" 401 90 "https://ysfine.com/ys11/" "Mozilla/5.0 (Windows NT 10.0; Win64; x64) AppleWebKit/537.36 (KHTML, like Gecko) Chrome/109.0.5414.120 Safari/537.36" "ysfine.com"
71.178.208.102 - jake [16/Feb/2023:14:24:02 -0800] "GET /trips/numbers.html HTTP/1.1" 200 2685 "https://ysfine.com/ys11/" "Mozilla/5.0 (Windows NT 10.0; Win64; x64) AppleWebKit/537.36 (KHTML, like Gecko) Chrome/109.0.5414.120 Safari/537.36" "ysfine.com"
89.196.49.237 - - [16/Feb/2023:14:24:23 -0800] "GET /maga/histo/desiree22.jpg HTTP/1.1" 200 113561 "https://www.google.com/" "Mozilla/5.0 (Linux; Android 10; HRY-LX1MEB) AppleWebKit/537.36 (KHTML, like Gecko) Chrome/105.0.0.0 Mobile Safari/537.36" "ysfine.com"
52.167.144.62 - - [16/Feb/2023:14:24:23 -0800] "GET /world/france/arles02.jpg HTTP/1.1" 200 116923 "-" "Mozilla/5.0 AppleWebKit/537.36 (KHTML, like Gecko; compatible; bingbot/2.0; +http://www.bing.com/bingbot.htm) Chrome/103.0.5060.134 Safari/537.36" "ysfine.com"
181.128.164.0 - - [16/Feb/2023:14:24:26 -0800] "GET /einstein/einplanck3.jpg HTTP/1.1" 200 37784 "https://www.google.com/" "Mozilla/5.0 (Linux; Android 10; SM-J610G) AppleWebKit/537.36 (KHTML, like Gecko) Chrome/109.0.0.0 Mobile Safari/537.36" "ysfine.com"
142.116.106.1 - - [16/Feb/2023:14:25:11 -0800] "GET /princeton/brooke88.jpg HTTP/1.1" 200 82208 "https://www.google.ca/" "Mozilla/5.0 (iPhone; CPU iPhone OS 16_2 like Mac OS X) AppleWebKit/605.1.15 (KHTML, like Gecko) Version/16.2 Mobile/15E148 Safari/604.1" "ysfine.com"
72.53.201.71 - - [16/Feb/2023:14:25:24 -0800] "GET /feynman/jf2.jpg HTTP/1.1" 200 10558 "https://www.google.com/" "Mozilla/5.0 (iPhone; CPU iPhone OS 15_1 like Mac OS X) AppleWebKit/605.1.15 (KHTML, like Gecko) CriOS/110.0.5481.83 Mobile/15E148 Safari/604.1" "ysfine.com"
72.53.201.71 - - [16/Feb/2023:14:25:35 -0800] "GET /feynman/fphoto.html HTTP/1.1" 200 3714 "https://www.google.com/" "Mozilla/5.0 (iPhone; CPU iPhone OS 15_1 like Mac OS X) AppleWebKit/605.1.15 (KHTML, like Gecko) CriOS/110.0.5481.83 Mobile/15E148 Safari/604.1" "ysfine.com"
72.53.201.71 - - [16/Feb/2023:14:25:35 -0800] "GET /feynman/feyn86b.jpg HTTP/1.1" 200 26190 "https://ysfine.com/" "Mozilla/5.0 (iPhone; CPU iPhone OS 15_1 like Mac OS X) AppleWebKit/605.1.15 (KHTML, like Gecko) CriOS/110.0.5481.83 Mobile/15E148 Safari/604.1" "ysfine.com"
72.53.201.71 - - [16/Feb/2023:14:25:35 -0800] "GET /feynman/feynma2.jpg HTTP/1.1" 200 41543 "https://ysfine.com/" "Mozilla/5.0 (iPhone; CPU iPhone OS 15_1 like Mac OS X) AppleWebKit/605.1.15 (KHTML, like Gecko) CriOS/110.0.5481.83 Mobile/15E148 Safari/604.1" "ysfine.com"
72.53.201.71 - - [16/Feb/2023:14:25:35 -0800] "GET /feynman/chapline2.jpg HTTP/1.1" 200 36026 "https://ysfine.com/" "Mozilla/5.0 (iPhone; CPU iPhone OS 15_1 like Mac OS X) AppleWebKit/605.1.15 (KHTML, like Gecko) CriOS/110.0.5481.83 Mobile/15E148 Safari/604.1" "ysfine.com"
72.53.201.71 - - [16/Feb/2023:14:25:35 -0800] "GET /favicon.ico HTTP/1.1" 404 88 "-" "Mozilla/5.0 (iPhone; CPU iPhone OS 15_1 like Mac OS X) AppleWebKit/605.1.15 (KHTML, like Gecko) CriOS/110.0.5481.83 Mobile/15E148 Safari/604.1" "ysfine.com"
72.53.201.71 - - [16/Feb/2023:14:25:35 -0800] "GET /feynman/feybongo55b.jpg HTTP/1.1" 200 41455 "https://ysfine.com/" "Mozilla/5.0 (iPhone; CPU iPhone OS 15_1 like Mac OS X) AppleWebKit/605.1.15 (KHTML, like Gecko) CriOS/110.0.5481.83 Mobile/15E148 Safari/604.1" "ysfine.com"
72.53.201.71 - - [16/Feb/2023:14:25:35 -0800] "GET /feynman/feyprince2.jpg HTTP/1.1" 200 49143 "https://ysfine.com/" "Mozilla/5.0 (iPhone; CPU iPhone OS 15_1 like Mac OS X) AppleWebKit/605.1.15 (KHTML, like Gecko) CriOS/110.0.5481.83 Mobile/15E148 Safari/604.1" "ysfine.com"
72.53.201.71 - - [16/Feb/2023:14:25:35 -0800] "GET /world/latina/rio025b.jpg HTTP/1.1" 200 39082 "https://ysfine.com/" "Mozilla/5.0 (iPhone; CPU iPhone OS 15_1 like Mac OS X) AppleWebKit/605.1.15 (KHTML, like Gecko) CriOS/110.0.5481.83 Mobile/15E148 Safari/604.1" "ysfine.com"
157.55.39.207 - - [16/Feb/2023:14:26:40 -0800] "GET /dirac/diracqm11.jpg HTTP/1.1" 200 153577 "-" "Mozilla/5.0 AppleWebKit/537.36 (KHTML, like Gecko; compatible; bingbot/2.0; +http://www.bing.com/bingbot.htm) Chrome/103.0.5060.134 Safari/537.36" "www.ysfine.com"
66.249.70.4 - - [16/Feb/2023:14:26:47 -0800] "GET /usca/norl/stcars/stcar55.jpg HTTP/1.1" 200 114509 "-" "Googlebot-Image/1.0" "ysfine.com"
52.167.144.86 - - [16/Feb/2023:14:27:10 -0800] "GET /bio/princeton/campus.html HTTP/1.1" 404 88 "-" "Mozilla/5.0 AppleWebKit/537.36 (KHTML, like Gecko; compatible; bingbot/2.0; +http://www.bing.com/bingbot.htm) Chrome/103.0.5060.134 Safari/537.36" "ysfine.com"
52.167.144.86 - - [16/Feb/2023:14:27:30 -0800] "GET /auto/bio06.html HTTP/1.1" 200 14697 "-" "Mozilla/5.0 AppleWebKit/537.36 (KHTML, like Gecko; compatible; bingbot/2.0; +http://www.bing.com/bingbot.htm) Chrome/103.0.5060.134 Safari/537.36" "ysfine.com"
52.167.144.86 - - [16/Feb/2023:14:27:31 -0800] "GET /bio/wigner/e(2).html HTTP/1.1" 404 88 "-" "Mozilla/5.0 AppleWebKit/537.36 (KHTML, like Gecko; compatible; bingbot/2.0; +http://www.bing.com/bingbot.htm) Chrome/103.0.5060.134 Safari/537.36" "ysfine.com"
185.191.171.34 - - [16/Feb/2023:14:29:01 -0800] "GET /auto/bio06.html HTTP/1.1" 200 14697 "-" "Mozilla/5.0 (compatible; SemrushBot/7~bl; +http://www.semrush.com/bot.html)" "ysfine.com"
52.167.144.62 - - [16/Feb/2023:14:29:25 -0800] "GET /ysbio/wdc/kopol.html HTTP/1.1" 404 88 "-" "Mozilla/5.0 AppleWebKit/537.36 (KHTML, like Gecko; compatible; bingbot/2.0; +http://www.bing.com/bingbot.htm) Chrome/103.0.5060.134 Safari/537.36" "ysfine.com"
52.167.144.86 - - [16/Feb/2023:14:30:20 -0800] "GET /world/poland/jablo17.jpg HTTP/1.1" 200 65815 "-" "Mozilla/5.0 AppleWebKit/537.36 (KHTML, like Gecko; compatible; bingbot/2.0; +http://www.bing.com/bingbot.htm) Chrome/103.0.5060.134 Safari/537.36" "ysfine.com"
52.167.144.62 - - [16/Feb/2023:14:31:05 -0800] "GET /bio/style/proschanie.html HTTP/1.1" 404 88 "-" "Mozilla/5.0 AppleWebKit/537.36 (KHTML, like Gecko; compatible; bingbot/2.0; +http://www.bing.com/bingbot.htm) Chrome/103.0.5060.134 Safari/537.36" "ysfine.com"
71.178.208.102 - - [16/Feb/2023:14:33:55 -0800] "GET /trips/index.html HTTP/1.1" 401 90 "https://ysfine.com/ys11/" "Mozilla/5.0 (Windows NT 10.0; Win64; x64) AppleWebKit/537.36 (KHTML, like Gecko) Chrome/110.0.0.0 Safari/537.36 Edg/110.0.1587.46" "ysfine.com"
71.178.208.102 - - [16/Feb/2023:14:34:08 -0800] "GET /trips/index.html HTTP/1.1" 401 90 "https://www.ysfine.com/ys11/index.html" "Mozilla/5.0 (Windows NT 10.0; Win64; x64; rv:109.0) Gecko/20100101 Firefox/110.0" "www.ysfine.com"
71.178.208.102 - jake [16/Feb/2023:14:34:09 -0800] "GET /trips/index.html HTTP/1.1" 200 1279 "https://www.ysfine.com/ys11/index.html" "Mozilla/5.0 (Windows NT 10.0; Win64; x64; rv:109.0) Gecko/20100101 Firefox/110.0" "www.ysfine.com"
71.178.208.102 - jake [16/Feb/2023:14:34:09 -0800] "GET /trips/siena2014c.jpg HTTP/1.1" 200 48067 "https://www.ysfine.com/trips/index.html" "Mozilla/5.0 (Windows NT 10.0; Win64; x64; rv:109.0) Gecko/20100101 Firefox/110.0" "www.ysfine.com"
71.178.208.102 - jake [16/Feb/2023:14:34:09 -0800] "GET /trips/shen2011c.jpg HTTP/1.1" 200 34613 "https://www.ysfine.com/trips/index.html" "Mozilla/5.0 (Windows NT 10.0; Win64; x64; rv:109.0) Gecko/20100101 Firefox/110.0" "www.ysfine.com"
185.191.171.3 - - [16/Feb/2023:14:34:10 -0800] "GET /wigner/wigpoinc.html HTTP/1.1" 200 6586 "-" "Mozilla/5.0 (compatible; SemrushBot/7~bl; +http://www.semrush.com/bot.html)" "www.ysfine.com"
5.45.207.97 - - [16/Feb/2023:14:34:17 -0800] "GET /feynman/feynrigh.html HTTP/1.1" 200 2183 "-" "Mozilla/5.0 (compatible; YandexBot/3.0; +http://yandex.com/bots)" "www.ysfine.com"
71.178.208.102 - jake [16/Feb/2023:14:34:21 -0800] "GET /trips/prcard.jpg HTTP/1.1" 200 121804 "https://www.ysfine.com/trips/index.html" "Mozilla/5.0 (Windows NT 10.0; Win64; x64; rv:109.0) Gecko/20100101 Firefox/110.0" "www.ysfine.com"
185.191.171.3 - - [16/Feb/2023:14:34:24 -0800] "GET /maga/bohratom.html HTTP/1.1" 200 5125 "-" "Mozilla/5.0 (compatible; SemrushBot/7~bl; +http://www.semrush.com/bot.html)" "www.ysfine.com"
185.191.171.13 - - [16/Feb/2023:14:34:26 -0800] "GET /princeton/prince.html HTTP/1.1" 200 2567 "-" "Mozilla/5.0 (compatible; SemrushBot/7~bl; +http://www.semrush.com/bot.html)" "ysfine.com"
71.178.208.102 - jake [16/Feb/2023:14:34:41 -0800] "GET /trips/numbers.html HTTP/1.1" 200 2690 "https://www.ysfine.com/trips/index.html" "Mozilla/5.0 (Windows NT 10.0; Win64; x64; rv:109.0) Gecko/20100101 Firefox/110.0" "www.ysfine.com"
64.124.8.50 - - [16/Feb/2023:14:35:10 -0800] "GET /ysbio/wdc/redcross22.jpg HTTP/1.1" 404 88 "-" "Mozilla/5.0 (Macintosh; Intel Mac OS X 10_15_7) AppleWebKit/537.36 (KHTML, like Gecko) Chrome/107.0.0.0 Safari/537.36" "www.ysfine.com"
185.191.171.23 - - [16/Feb/2023:14:35:23 -0800] "GET /auto/bio03.html HTTP/1.1" 200 10059 "-" "Mozilla/5.0 (compatible; SemrushBot/7~bl; +http://www.semrush.com/bot.html)" "ysfine.com"
77.75.79.32 - - [16/Feb/2023:14:36:00 -0800] "GET /robots.txt HTTP/1.1" 404 88 "-" "Mozilla/5.0 (compatible; SeznamBot/3.2; +http://napoveda.seznam.cz/en/seznambot-intro/)" "ysfine.com"
77.75.79.32 - - [16/Feb/2023:14:36:01 -0800] "GET /maga/phys/yukasumi11.jpg HTTP/1.1" 200 66330 "-" "Mozilla/5.0 (compatible; SeznamBot/3.2; +http://napoveda.seznam.cz/en/seznambot-intro/)" "ysfine.com"
77.75.79.32 - - [16/Feb/2023:14:36:04 -0800] "GET /style/musee/britmu07.jpg HTTP/1.1" 200 91844 "-" "Mozilla/5.0 (compatible; SeznamBot/3.2; +http://napoveda.seznam.cz/en/seznambot-intro/)" "ysfine.com"
161.35.161.60 - - [16/Feb/2023:14:36:06 -0800] "GET /wp-content/themes/seotheme/db.php?u HTTP/1.1" 404 88 "-" "python-requests/2.28.2" "ysfine.com"
77.75.79.32 - - [16/Feb/2023:14:36:07 -0800] "GET /kobak/sorae/kumipo01.jpg HTTP/1.1" 304 - "-" "Mozilla/5.0 (compatible; SeznamBot/3.2; +http://napoveda.seznam.cz/en/seznambot-intro/)" "ysfine.com"
77.75.79.32 - - [16/Feb/2023:14:36:07 -0800] "GET /world/russ/kiev040.jpg HTTP/1.1" 200 151832 "-" "Mozilla/5.0 (compatible; SeznamBot/3.2; +http://napoveda.seznam.cz/en/seznambot-intro/)" "ysfine.com"
77.75.79.32 - - [16/Feb/2023:14:36:10 -0800] "GET /feynman/feyn70c.jpg HTTP/1.1" 200 33448 "-" "Mozilla/5.0 (compatible; SeznamBot/3.2; +http://napoveda.seznam.cz/en/seznambot-intro/)" "ysfine.com"
77.75.79.32 - - [16/Feb/2023:14:36:12 -0800] "GET /feynman/feyn70.jpg HTTP/1.1" 200 41386 "-" "Mozilla/5.0 (compatible; SeznamBot/3.2; +http://napoveda.seznam.cz/en/seznambot-intro/)" "ysfine.com"
143.202.51.208 - - [16/Feb/2023:14:36:22 -0800] "GET /wigner/neum/vnc01.jpg HTTP/1.1" 200 133641 "https://sites.google.com/" "Mozilla/5.0 (Linux; Android 10; moto g(7) play) AppleWebKit/537.36 (KHTML, like Gecko) Chrome/109.0.0.0 Mobile Safari/537.36" "ysfine.com"
216.244.66.229 - - [16/Feb/2023:14:36:32 -0800] "GET /robots.txt HTTP/1.1" 404 73 "-" "Mozilla/5.0 (compatible; DotBot/1.2; +https://opensiteexplorer.org/dotbot; help@moz.com)" "ysfine.com"
161.35.161.60 - - [16/Feb/2023:14:36:35 -0800] "GET /wp-content/theme/seotheme/db.php?u HTTP/1.1" 404 88 "-" "python-requests/2.28.2" "ysfine.com"
52.167.144.86 - - [16/Feb/2023:14:37:00 -0800] "GET /ysbio/sbk/2012lon22.jpg HTTP/1.1" 404 88 "-" "Mozilla/5.0 AppleWebKit/537.36 (KHTML, like Gecko; compatible; bingbot/2.0; +http://www.bing.com/bingbot.htm) Chrome/103.0.5060.134 Safari/537.36" "ysfine.com"
5.45.207.72 - - [16/Feb/2023:14:37:05 -0800] "GET /home/marquis.html HTTP/1.1" 404 88 "-" "Mozilla/5.0 (compatible; YandexBot/3.0; +http://yandex.com/bots)" "www.ysfine.com"
161.35.161.60 - - [16/Feb/2023:14:37:05 -0800] "GET /wp-content/index.php?x=ooo HTTP/1.1" 404 88 "www.google.com" "Mozlila/5.0 (Linux; Android 7.0; SM-G892A Bulid/NRD90M; wv) AppleWebKit/537.36 (KHTML, like Gecko) Version/4.0 Chrome/60.0.3112.107 Moblie Safari/537.36" "ysfine.com"
161.35.161.60 - - [16/Feb/2023:14:37:34 -0800] "GET /wp-content/plugins/seoplugins/mar.php HTTP/1.1" 404 88 "-" "python-requests/2.28.2" "ysfine.com"
52.167.144.35 - - [16/Feb/2023:14:37:51 -0800] "GET /bio/kobak/yskor.html HTTP/1.1" 404 88 "-" "Mozilla/5.0 AppleWebKit/537.36 (KHTML, like Gecko; compatible; bingbot/2.0; +http://www.bing.com/bingbot.htm) Chrome/103.0.5060.134 Safari/537.36" "ysfine.com"
52.167.144.62 - - [16/Feb/2023:14:37:56 -0800] "GET /world/china/shanghai053b.jpg HTTP/1.1" 200 45086 "-" "Mozilla/5.0 AppleWebKit/537.36 (KHTML, like Gecko; compatible; bingbot/2.0; +http://www.bing.com/bingbot.htm) Chrome/103.0.5060.134 Safari/537.36" "ysfine.com"
161.35.161.60 - - [16/Feb/2023:14:38:04 -0800] "GET /wp-content/plugins/ioptimization/IOptimize.php?rchk HTTP/1.1" 404 88 "-" "python-requests/2.28.2" "ysfine.com"
157.55.39.207 - - [16/Feb/2023:14:38:31 -0800] "GET /trips/index.html HTTP/1.1" 401 90 "-" "Mozilla/5.0 AppleWebKit/537.36 (KHTML, like Gecko; compatible; bingbot/2.0; +http://www.bing.com/bingbot.htm) Chrome/103.0.5060.134 Safari/537.36" "www.ysfine.com"
216.244.66.229 - - [16/Feb/2023:14:38:33 -0800] "GET /home/bio06.html HTTP/1.1" 404 73 "-" "Mozilla/5.0 (compatible; DotBot/1.2; +https://opensiteexplorer.org/dotbot; help@moz.com)" "ysfine.com"
161.35.161.60 - - [16/Feb/2023:14:38:33 -0800] "GET /WP/ HTTP/1.1" 404 88 "-" "python-requests/2.28.2" "ysfine.com"
216.244.66.229 - - [16/Feb/2023:14:38:38 -0800] "GET /home/home/comet05.jpg HTTP/1.1" 404 73 "-" "Mozilla/5.0 (compatible; DotBot/1.2; +https://opensiteexplorer.org/dotbot; help@moz.com)" "ysfine.com"
216.244.66.229 - - [16/Feb/2023:14:38:43 -0800] "GET /world/spain/lisbon01.jpg HTTP/1.1" 200 261819 "-" "Mozilla/5.0 (compatible; DotBot/1.2; +https://opensiteexplorer.org/dotbot; help@moz.com)" "ysfine.com"
157.55.39.207 - - [16/Feb/2023:14:38:50 -0800] "GET /trips/index.html HTTP/1.1" 401 90 "-" "Mozilla/5.0 AppleWebKit/537.36 (KHTML, like Gecko; compatible; bingbot/2.0; +http://www.bing.com/bingbot.htm) Chrome/103.0.5060.134 Safari/537.36" "www.ysfine.com"
161.35.161.60 - - [16/Feb/2023:14:39:03 -0800] "GET /bc/ HTTP/1.1" 404 88 "-" "python-requests/2.28.2" "ysfine.com"
157.55.39.207 - - [16/Feb/2023:14:39:20 -0800] "GET /trips/index.html HTTP/1.1" 401 90 "-" "Mozilla/5.0 AppleWebKit/537.36 (KHTML, like Gecko; compatible; bingbot/2.0; +http://www.bing.com/bingbot.htm) Chrome/103.0.5060.134 Safari/537.36" "www.ysfine.com"
64.124.8.50 - - [16/Feb/2023:14:39:29 -0800] "GET /world/brit/britmu05.jpg HTTP/1.1" 200 87828 "-" "Mozilla/5.0 (Macintosh; Intel Mac OS X 10_15_7) AppleWebKit/537.36 (KHTML, like Gecko) Chrome/107.0.0.0 Safari/537.36" "www.ysfine.com"
161.35.161.60 - - [16/Feb/2023:14:39:32 -0800] "GET /bk/ HTTP/1.1" 404 88 "-" "python-requests/2.28.2" "ysfine.com"
161.35.161.60 - - [16/Feb/2023:14:40:01 -0800] "GET /db/ HTTP/1.1" 404 88 "-" "python-requests/2.28.2" "ysfine.com"
157.55.39.207 - - [16/Feb/2023:14:40:10 -0800] "GET /trips/index.html HTTP/1.1" 401 90 "-" "Mozilla/5.0 AppleWebKit/537.36 (KHTML, like Gecko; compatible; bingbot/2.0; +http://www.bing.com/bingbot.htm) Chrome/103.0.5060.134 Safari/537.36" "www.ysfine.com"
185.191.171.19 - - [16/Feb/2023:14:40:16 -0800] "GET /robots.txt HTTP/1.1" 404 88 "-" "Mozilla/5.0 (compatible; SemrushBot/7~bl; +http://www.semrush.com/bot.html)" "www.ysfine.com"
185.191.171.9 - - [16/Feb/2023:14:40:16 -0800] "GET /philo/hegel.html HTTP/1.1" 200 5090 "-" "Mozilla/5.0 (compatible; SemrushBot/7~bl; +http://www.semrush.com/bot.html)" "www.ysfine.com"
161.35.161.60 - - [16/Feb/2023:14:40:31 -0800] "GET /js/ HTTP/1.1" 404 88 "-" "python-requests/2.28.2" "ysfine.com"
161.35.161.60 - - [16/Feb/2023:14:41:00 -0800] "GET /mt/ HTTP/1.1" 404 88 "-" "python-requests/2.28.2" "ysfine.com"
161.35.161.60 - - [16/Feb/2023:14:41:30 -0800] "GET /up/ HTTP/1.1" 404 88 "-" "python-requests/2.28.2" "ysfine.com"
157.55.39.207 - - [16/Feb/2023:14:41:30 -0800] "GET /trips/index.html HTTP/1.1" 401 90 "-" "Mozilla/5.0 AppleWebKit/537.36 (KHTML, like Gecko; compatible; bingbot/2.0; +http://www.bing.com/bingbot.htm) Chrome/103.0.5060.134 Safari/537.36" "www.ysfine.com"
161.35.161.60 - - [16/Feb/2023:14:41:56 -0800] "GET /wp/ HTTP/1.1" 404 88 "-" "python-requests/2.28.2" "ysfine.com"
161.35.161.60 - - [16/Feb/2023:14:42:17 -0800] "GET /NEW/ HTTP/1.1" 404 88 "-" "python-requests/2.28.2" "ysfine.com"
52.167.144.35 - - [16/Feb/2023:14:42:22 -0800] "GET /princeton/ysrhee33.jpg HTTP/1.1" 200 112060 "-" "Mozilla/5.0 AppleWebKit/537.36 (KHTML, like Gecko; compatible; bingbot/2.0; +http://www.bing.com/bingbot.htm) Chrome/103.0.5060.134 Safari/537.36" "ysfine.com"
185.191.171.38 - - [16/Feb/2023:14:42:22 -0800] "GET /einstein/einqm.html HTTP/1.1" 200 4504 "-" "Mozilla/5.0 (compatible; SemrushBot/7~bl; +http://www.semrush.com/bot.html)" "ysfine.com"
161.35.161.60 - - [16/Feb/2023:14:42:46 -0800] "GET /OLD/ HTTP/1.1" 404 88 "-" "python-requests/2.28.2" "ysfine.com"
161.35.161.60 - - [16/Feb/2023:14:43:15 -0800] "GET /Tmp/ HTTP/1.1" 404 88 "-" "python-requests/2.28.2" "ysfine.com"
161.35.161.60 - - [16/Feb/2023:14:43:44 -0800] "GET /bac/ HTTP/1.1" 404 88 "-" "python-requests/2.28.2" "ysfine.com"
64.124.8.29 - - [16/Feb/2023:14:43:55 -0800] "GET /ysbio/eink/hyperell61.jpg HTTP/1.1" 404 88 "-" "Mozilla/5.0 (Macintosh; Intel Mac OS X 10_15_7) AppleWebKit/537.36 (KHTML, like Gecko) Chrome/107.0.0.0 Safari/537.36" "www.ysfine.com"
74.79.128.96 - - [16/Feb/2023:14:44:06 -0800] "GET /world/china/hangz02.jpg HTTP/1.1" 200 85046 "https://www.bing.com/" "Mozilla/5.0 (Windows NT 10.0; Win64; x64) AppleWebKit/537.36 (KHTML, like Gecko) Chrome/110.0.0.0 Safari/537.36 Edg/110.0.1587.46" "www.ysfine.com"
71.178.208.102 - - [16/Feb/2023:14:44:18 -0800] "GET /einstein/index.html HTTP/1.1" 304 - "https://www.ysfine.com/ys11/index.html" "Mozilla/5.0 (Linux; Android 5.1.1; KFSUWI) AppleWebKit/537.36 (KHTML, like Gecko) Silk/108.1.135 like Chrome/108.0.5359.160 Safari/537.36" "www.ysfine.com"
161.35.161.60 - - [16/Feb/2023:14:44:19 -0800] "GET /bak/ HTTP/1.1" 404 88 "-" "python-requests/2.28.2" "ysfine.com"
64.124.8.54 - - [16/Feb/2023:14:44:41 -0800] "GET /kowar/feb8.jpg HTTP/1.1" 200 184058 "-" "Mozilla/5.0 (Macintosh; Intel Mac OS X 10_15_7) AppleWebKit/537.36 (KHTML, like Gecko) Chrome/107.0.0.0 Safari/537.36" "ysfine.com"
52.167.144.35 - - [16/Feb/2023:14:44:43 -0800] "GET /world/baltic/lithu09.jpg HTTP/1.1" 200 119974 "-" "Mozilla/5.0 AppleWebKit/537.36 (KHTML, like Gecko; compatible; bingbot/2.0; +http://www.bing.com/bingbot.htm) Chrome/103.0.5060.134 Safari/537.36" "ysfine.com"
161.35.161.60 - - [16/Feb/2023:14:44:47 -0800] "GET /cms/ HTTP/1.1" 404 88 "-" "python-requests/2.28.2" "ysfine.com"
157.55.39.207 - - [16/Feb/2023:14:44:50 -0800] "GET /trips/index.html HTTP/1.1" 401 90 "-" "Mozilla/5.0 AppleWebKit/537.36 (KHTML, like Gecko; compatible; bingbot/2.0; +http://www.bing.com/bingbot.htm) Chrome/103.0.5060.134 Safari/537.36" "www.ysfine.com"
161.35.161.60 - - [16/Feb/2023:14:45:17 -0800] "GET /css/ HTTP/1.1" 404 88 "-" "python-requests/2.28.2" "ysfine.com"
161.35.161.60 - - [16/Feb/2023:14:45:46 -0800] "GET /dev/ HTTP/1.1" 404 88 "-" "python-requests/2.28.2" "ysfine.com"
161.35.161.60 - - [16/Feb/2023:14:46:15 -0800] "GET /img/ HTTP/1.1" 404 88 "-" "python-requests/2.28.2" "ysfine.com"
161.35.161.60 - - [16/Feb/2023:14:46:44 -0800] "GET /new/ HTTP/1.1" 404 88 "-" "python-requests/2.28.2" "ysfine.com"
161.35.161.60 - - [16/Feb/2023:14:47:13 -0800] "GET /old/ HTTP/1.1" 404 88 "-" "python-requests/2.28.2" "ysfine.com"
64.124.8.53 - - [16/Feb/2023:14:47:34 -0800] "GET /ysbio/newyork/metny55.jpg HTTP/1.1" 404 88 "-" "Mozilla/5.0 (Macintosh; Intel Mac OS X 10_15_7) AppleWebKit/537.36 (KHTML, like Gecko) Chrome/107.0.0.0 Safari/537.36" "www.ysfine.com"
161.35.161.60 - - [16/Feb/2023:14:47:42 -0800] "GET /pdf/ HTTP/1.1" 404 88 "-" "python-requests/2.28.2" "ysfine.com"
5.188.210.80 - - [16/Feb/2023:14:48:01 -0800] "GET /world/visas.html HTTP/1.1" 200 7643 "https://www.ysfine.com/world/visas.html" "Mozilla/5.0 (Windows NT 6.2; Win64; x64) AppleWebKit/537.36 (KHTML, like Gecko) Chrome/90.0.4430.93 Safari/537.36" "www.ysfine.com"
71.178.208.102 - - [16/Feb/2023:14:48:02 -0800] "GET /ys11/ HTTP/1.1" 304 - "-" "Mozilla/5.0 (Linux; Android 5.1.1; KFSUWI) AppleWebKit/537.36 (KHTML, like Gecko) Silk/108.1.135 like Chrome/108.0.5359.160 Safari/537.36" "ysfine.com"
71.178.208.102 - - [16/Feb/2023:14:48:10 -0800] "GET /ys22/dondon.html HTTP/1.1" 401 90 "https://ysfine.com/ys11/" "Mozilla/5.0 (Linux; Android 5.1.1; KFSUWI) AppleWebKit/537.36 (KHTML, like Gecko) Silk/108.1.135 like Chrome/108.0.5359.160 Safari/537.36" "ysfine.com"
161.35.161.60 - - [16/Feb/2023:14:48:12 -0800] "GET /php/ HTTP/1.1" 404 88 "-" "python-requests/2.28.2" "ysfine.com"
