64.124.8.29 - - [15/Feb/2023:20:00:02 -0800] "GET /home/newtein33.jpg HTTP/1.1" 200 149808 "-" "Mozilla/5.0 (Macintosh; Intel Mac OS X 10_15_7) AppleWebKit/537.36 (KHTML, like Gecko) Chrome/107.0.0.0 Safari/537.36" "ysfine.com"
64.124.8.53 - - [15/Feb/2023:20:00:13 -0800] "GET /world/germany/tub15.jpg HTTP/1.1" 200 101927 "-" "Mozilla/5.0 (Macintosh; Intel Mac OS X 10_15_7) AppleWebKit/537.36 (KHTML, like Gecko) Chrome/107.0.0.0 Safari/537.36" "www.ysfine.com"
64.124.8.52 - - [15/Feb/2023:20:00:17 -0800] "GET /people/wheemaine.jpg HTTP/1.1" 200 98240 "-" "Mozilla/5.0 (Macintosh; Intel Mac OS X 10_15_7) AppleWebKit/537.36 (KHTML, like Gecko) Chrome/107.0.0.0 Safari/537.36" "ysfine.com"
64.124.8.29 - - [15/Feb/2023:20:00:19 -0800] "GET /wdc/umdbarn09.jpg HTTP/1.1" 200 105704 "-" "Mozilla/5.0 (Macintosh; Intel Mac OS X 10_15_7) AppleWebKit/537.36 (KHTML, like Gecko) Chrome/107.0.0.0 Safari/537.36" "ysfine.com"
64.124.8.55 - - [15/Feb/2023:20:00:25 -0800] "GET /style/musee/pradom06.jpg HTTP/1.1" 200 252665 "-" "Mozilla/5.0 (Macintosh; Intel Mac OS X 10_15_7) AppleWebKit/537.36 (KHTML, like Gecko) Chrome/107.0.0.0 Safari/537.36" "ysfine.com"
64.124.8.28 - - [15/Feb/2023:20:00:31 -0800] "GET /world/ital/venice61.jpg HTTP/1.1" 200 176437 "-" "Mozilla/5.0 (Macintosh; Intel Mac OS X 10_15_7) AppleWebKit/537.36 (KHTML, like Gecko) Chrome/107.0.0.0 Safari/537.36" "ysfine.com"
64.124.8.28 - - [15/Feb/2023:20:00:53 -0800] "GET /kobak/feb8.jpg HTTP/1.1" 200 117260 "-" "Mozilla/5.0 (Macintosh; Intel Mac OS X 10_15_7) AppleWebKit/537.36 (KHTML, like Gecko) Chrome/107.0.0.0 Safari/537.36" "www.ysfine.com"
185.191.171.36 - - [15/Feb/2023:20:01:16 -0800] "GET /princeton/wilson14.html HTTP/1.1" 200 774 "-" "Mozilla/5.0 (compatible; SemrushBot/7~bl; +http://www.semrush.com/bot.html)" "ysfine.com"
64.124.8.54 - - [15/Feb/2023:20:01:27 -0800] "GET /world/scandi/sto008.jpg HTTP/1.1" 200 76827 "http://ysfine.com/world/scandi/sto008.jpg" "Mozilla/5.0 (Macintosh; Intel Mac OS X 10_15_7) AppleWebKit/537.36 (KHTML, like Gecko) Chrome/107.0.0.0 Safari/537.36" "ysfine.com"
52.167.144.86 - - [15/Feb/2023:20:01:28 -0800] "GET /newyork/nyharbor03.jpg HTTP/1.1" 200 124041 "-" "Mozilla/5.0 AppleWebKit/537.36 (KHTML, like Gecko; compatible; bingbot/2.0; +http://www.bing.com/bingbot.htm) Chrome/103.0.5060.134 Safari/537.36" "www.ysfine.com"
64.124.8.28 - - [15/Feb/2023:20:01:49 -0800] "GET /wigner/gim/wigner91.jpg HTTP/1.1" 200 104894 "-" "Mozilla/5.0 (Macintosh; Intel Mac OS X 10_15_7) AppleWebKit/537.36 (KHTML, like Gecko) Chrome/107.0.0.0 Safari/537.36" "www.ysfine.com"
185.191.171.37 - - [15/Feb/2023:20:02:01 -0800] "GET /auto/bio15.html HTTP/1.1" 200 16013 "-" "Mozilla/5.0 (compatible; SemrushBot/7~bl; +http://www.semrush.com/bot.html)" "www.ysfine.com"
120.188.79.46 - - [15/Feb/2023:20:02:09 -0800] "GET /heisen/schroheisen33.jpg HTTP/1.1" 200 86213 "-" "Mozilla/5.0 (Linux; Android 6.0.1; SAMSUNG SM-G532G) AppleWebKit/537.36 (KHTML, like Gecko) SamsungBrowser/17.0 Chrome/96.0.4664.104 Mobile Safari/537.36" "ysfine.com"
69.194.143.140 - - [15/Feb/2023:20:02:39 -0800] "GET /ads.txt HTTP/1.1" 404 88 "-" "Mozilla/5.0 (Macintosh; Intel Mac OS X 10_15_7) AppleWebKit/537.36 (KHTML, like Gecko) Chrome/107.0.0.0 Safari/537.36" "ysfine.com"
69.194.143.140 - - [15/Feb/2023:20:02:40 -0800] "GET /ads.txt HTTP/1.1" 404 88 "-" "Mozilla/5.0 (Macintosh; Intel Mac OS X 10_15_7) AppleWebKit/537.36 (KHTML, like Gecko) Chrome/107.0.0.0 Safari/537.36" "ysfine.com"
52.167.144.86 - - [15/Feb/2023:20:03:57 -0800] "GET /wdc/reagan01.jpg HTTP/1.1" 200 153187 "-" "Mozilla/5.0 AppleWebKit/537.36 (KHTML, like Gecko; compatible; bingbot/2.0; +http://www.bing.com/bingbot.htm) Chrome/103.0.5060.134 Safari/537.36" "ysfine.com"
40.77.167.192 - - [15/Feb/2023:20:04:01 -0800] "GET /world/baltic/estof27.jpg HTTP/1.1" 200 193717 "-" "Mozilla/5.0 AppleWebKit/537.36 (KHTML, like Gecko; compatible; bingbot/2.0; +http://www.bing.com/bingbot.htm) Chrome/103.0.5060.134 Safari/537.36" "ysfine.com"
64.124.8.55 - - [15/Feb/2023:20:04:03 -0800] "GET /world/israel/jeru06.jpg HTTP/1.1" 200 124509 "-" "Mozilla/5.0 (Macintosh; Intel Mac OS X 10_15_7) AppleWebKit/537.36 (KHTML, like Gecko) Chrome/107.0.0.0 Safari/537.36" "ysfine.com"
64.124.8.28 - - [15/Feb/2023:20:04:18 -0800] "GET /world/france/stras57.jpg HTTP/1.1" 200 82076 "-" "Mozilla/5.0 (Macintosh; Intel Mac OS X 10_15_7) AppleWebKit/537.36 (KHTML, like Gecko) Chrome/107.0.0.0 Safari/537.36" "www.ysfine.com"
66.189.46.77 - - [15/Feb/2023:20:05:08 -0800] "GET /kobak/eisenhower22.jpg HTTP/1.1" 200 115030 "https://images.search.yahoo.com/search/images;_ylt=AwrFAYvinu1jb6Us7PuJzbkF;_ylu=c2VjA3NlYXJjaARzbGsDYnV0dG9u;_ylc=X1MDOTYwNjI4NTcEX3IDMgRmcgNtY2FmZWUEZnIyA3A6cyx2OmksbTpzYi10b3AEZ3ByaWQDYjVJVmQzUndTN0M1UURuN2t0YnJFQQRuX3JzbHQDMARuX3N1Z2cDMgRvcmlnaW4DaW1hZ2VzLnNlYXJjaC55YWhvby5jb20EcG9zAzAEcHFzdHIDBHBxc3RybAMwBHFzdHJsAzIxBHF1ZXJ5A2tvcmVhbiUyMHdhciUyMGVpc2VuaG93ZXIEdF9zdG1wAzE2NzY1MjAyOTE-?p=korean+war+eisenhower&fr=mcafee&fr2=p%3As%2Cv%3Ai%2Cm%3Asb-top&ei=UTF-8&x=wrt&type=E210US885G91710" "Mozilla/5.0 (Windows NT 10.0; Win64; x64) AppleWebKit/537.36 (KHTML, like Gecko) Chrome/109.0.0.0 Safari/537.36" "ysfine.com"
52.167.144.62 - - [15/Feb/2023:20:05:21 -0800] "GET /bio/style/proschanie.html HTTP/1.1" 404 88 "-" "Mozilla/5.0 AppleWebKit/537.36 (KHTML, like Gecko; compatible; bingbot/2.0; +http://www.bing.com/bingbot.htm) Chrome/103.0.5060.134 Safari/537.36" "ysfine.com"
40.77.167.192 - - [15/Feb/2023:20:05:25 -0800] "GET /auto/bio02.html HTTP/1.1" 200 12239 "-" "Mozilla/5.0 AppleWebKit/537.36 (KHTML, like Gecko; compatible; bingbot/2.0; +http://www.bing.com/bingbot.htm) Chrome/103.0.5060.134 Safari/537.36" "ysfine.com"
64.124.8.29 - - [15/Feb/2023:20:05:58 -0800] "GET /usca/norl/fq11.jpg HTTP/1.1" 200 94323 "-" "Mozilla/5.0 (Macintosh; Intel Mac OS X 10_15_7) AppleWebKit/537.36 (KHTML, like Gecko) Chrome/107.0.0.0 Safari/537.36" "www.ysfine.com"
157.55.39.207 - - [15/Feb/2023:20:06:10 -0800] "GET /awards/index.html HTTP/1.1" 200 10082 "-" "Mozilla/5.0 AppleWebKit/537.36 (KHTML, like Gecko; compatible; bingbot/2.0; +http://www.bing.com/bingbot.htm) Chrome/103.0.5060.134 Safari/537.36" "ysfine.com"
64.124.8.52 - - [15/Feb/2023:20:06:25 -0800] "GET /world/latina/rio031.jpg HTTP/1.1" 200 93587 "-" "Mozilla/5.0 (Macintosh; Intel Mac OS X 10_15_7) AppleWebKit/537.36 (KHTML, like Gecko) Chrome/107.0.0.0 Safari/537.36" "www.ysfine.com"
114.119.131.123 - - [15/Feb/2023:20:06:44 -0800] "GET /robots.txt HTTP/1.1" 404 88 "-" "Mozilla/5.0 (compatible;PetalBot;+https://webmaster.petalsearch.com/site/petalbot)" "ysfine.com"
185.191.171.13 - - [15/Feb/2023:20:06:51 -0800] "GET /world/season.html HTTP/1.1" 200 23901 "-" "Mozilla/5.0 (compatible; SemrushBot/7~bl; +http://www.semrush.com/bot.html)" "www.ysfine.com"
64.124.8.55 - - [15/Feb/2023:20:07:17 -0800] "GET /home/comet.jpg HTTP/1.1" 404 88 "-" "Mozilla/5.0 (Macintosh; Intel Mac OS X 10_15_7) AppleWebKit/537.36 (KHTML, like Gecko) Chrome/107.0.0.0 Safari/537.36" "www.ysfine.com"
40.77.167.186 - - [15/Feb/2023:20:07:27 -0800] "GET /bio/kobak/yskor.html HTTP/1.1" 404 88 "-" "Mozilla/5.0 AppleWebKit/537.36 (KHTML, like Gecko; compatible; bingbot/2.0; +http://www.bing.com/bingbot.htm) Chrome/103.0.5060.134 Safari/537.36" "ysfine.com"
64.124.8.52 - - [15/Feb/2023:20:07:38 -0800] "GET /wdc/kennedyc17.jpg HTTP/1.1" 200 101334 "-" "Mozilla/5.0 (Macintosh; Intel Mac OS X 10_15_7) AppleWebKit/537.36 (KHTML, like Gecko) Chrome/107.0.0.0 Safari/537.36" "ysfine.com"
64.124.8.52 - - [15/Feb/2023:20:07:44 -0800] "GET /world/russ/mosf24.jpg HTTP/1.1" 200 96565 "-" "Mozilla/5.0 (Macintosh; Intel Mac OS X 10_15_7) AppleWebKit/537.36 (KHTML, like Gecko) Chrome/107.0.0.0 Safari/537.36" "ysfine.com"
64.124.8.54 - - [15/Feb/2023:20:08:23 -0800] "GET /world/scandi/copen027.jpg HTTP/1.1" 200 121912 "-" "Mozilla/5.0 (Macintosh; Intel Mac OS X 10_15_7) AppleWebKit/537.36 (KHTML, like Gecko) Chrome/107.0.0.0 Safari/537.36" "ysfine.com"
64.124.8.56 - - [15/Feb/2023:20:08:34 -0800] "GET /wdc/washmo02.jpg HTTP/1.1" 200 71803 "-" "Mozilla/5.0 (Macintosh; Intel Mac OS X 10_15_7) AppleWebKit/537.36 (KHTML, like Gecko) Chrome/107.0.0.0 Safari/537.36" "www.ysfine.com"
40.77.167.192 - - [15/Feb/2023:20:08:42 -0800] "GET /style/yerevano11.jpg HTTP/1.1" 200 111096 "-" "Mozilla/5.0 AppleWebKit/537.36 (KHTML, like Gecko; compatible; bingbot/2.0; +http://www.bing.com/bingbot.htm) Chrome/103.0.5060.134 Safari/537.36" "ysfine.com"
64.124.8.57 - - [15/Feb/2023:20:08:57 -0800] "GET /world/scandi/sto039.jpg HTTP/1.1" 200 94746 "-" "Mozilla/5.0 (Macintosh; Intel Mac OS X 10_15_7) AppleWebKit/537.36 (KHTML, like Gecko) Chrome/107.0.0.0 Safari/537.36" "ysfine.com"
64.124.8.52 - - [15/Feb/2023:20:09:04 -0800] "GET /einstrin/einhouse11.jpg HTTP/1.1" 404 88 "-" "Mozilla/5.0 (Macintosh; Intel Mac OS X 10_15_7) AppleWebKit/537.36 (KHTML, like Gecko) Chrome/107.0.0.0 Safari/537.36" "www.ysfine.com"
64.124.8.56 - - [15/Feb/2023:20:09:22 -0800] "GET /awards/wsj21.jpg HTTP/1.1" 200 260984 "-" "Mozilla/5.0 (Macintosh; Intel Mac OS X 10_15_7) AppleWebKit/537.36 (KHTML, like Gecko) Chrome/107.0.0.0 Safari/537.36" "www.ysfine.com"
64.124.8.29 - - [15/Feb/2023:20:09:27 -0800] "GET /style/cameras/nikonf12.jpg HTTP/1.1" 200 78179 "-" "Mozilla/5.0 (Macintosh; Intel Mac OS X 10_15_7) AppleWebKit/537.36 (KHTML, like Gecko) Chrome/107.0.0.0 Safari/537.36" "www.ysfine.com"
40.77.167.192 - - [15/Feb/2023:20:09:41 -0800] "GET /feynman/feybial.jpg HTTP/1.1" 200 56284 "-" "Mozilla/5.0 AppleWebKit/537.36 (KHTML, like Gecko; compatible; bingbot/2.0; +http://www.bing.com/bingbot.htm) Chrome/103.0.5060.134 Safari/537.36" "www.ysfine.com"
64.124.8.52 - - [15/Feb/2023:20:09:42 -0800] "GET /world/russ/minsk029.jpg HTTP/1.1" 200 129969 "-" "Mozilla/5.0 (Macintosh; Intel Mac OS X 10_15_7) AppleWebKit/537.36 (KHTML, like Gecko) Chrome/107.0.0.0 Safari/537.36" "ysfine.com"
75.175.85.243 - - [15/Feb/2023:20:09:44 -0800] "GET /kowar/tanks/bradley.jpg HTTP/1.1" 200 75135 "https://images.search.yahoo.com/search/images;_ylt=AwrFPJwprO1jTlYChgxXNyoA;_ylu=Y29sbwNiZjEEcG9zAzEEdnRpZAMEc2VjA3BpdnM-?p=bradly+tank+next+to+abrams+tank&fr2=piv-web&fr=yfp-t" "Mozilla/5.0 (Windows NT 6.1; WOW64; Trident/7.0; rv:11.0) like Gecko" "www.ysfine.com"
64.124.8.50 - - [15/Feb/2023:20:09:59 -0800] "GET /world/ital/venice29.jpg HTTP/1.1" 200 239826 "-" "Mozilla/5.0 (Macintosh; Intel Mac OS X 10_15_7) AppleWebKit/537.36 (KHTML, like Gecko) Chrome/107.0.0.0 Safari/537.36" "ysfine.com"
216.244.66.229 - - [15/Feb/2023:20:10:00 -0800] "GET /robots.txt HTTP/1.1" 404 73 "-" "Mozilla/5.0 (compatible; DotBot/1.2; +https://opensiteexplorer.org/dotbot; help@moz.com)" "www.ysfine.com"
216.244.66.229 - - [15/Feb/2023:20:10:00 -0800] "GET /robots.txt HTTP/1.1" 404 73 "-" "Mozilla/5.0 (compatible; DotBot/1.2; +https://opensiteexplorer.org/dotbot; help@moz.com)" "ysfine.com"
64.124.8.57 - - [15/Feb/2023:20:10:04 -0800] "GET /world/scandi/wignob03.jpg HTTP/1.1" 200 124713 "-" "Mozilla/5.0 (Macintosh; Intel Mac OS X 10_15_7) AppleWebKit/537.36 (KHTML, like Gecko) Chrome/107.0.0.0 Safari/537.36" "www.ysfine.com"
64.124.8.55 - - [15/Feb/2023:20:10:04 -0800] "GET /world/baltic/kalin08.jpg HTTP/1.1" 200 122454 "-" "Mozilla/5.0 (Macintosh; Intel Mac OS X 10_15_7) AppleWebKit/537.36 (KHTML, like Gecko) Chrome/107.0.0.0 Safari/537.36" "www.ysfine.com"
64.124.8.28 - - [15/Feb/2023:20:10:07 -0800] "GET /dirac/dirackn33.jpg HTTP/1.1" 200 98181 "-" "Mozilla/5.0 (Macintosh; Intel Mac OS X 10_15_7) AppleWebKit/537.36 (KHTML, like Gecko) Chrome/107.0.0.0 Safari/537.36" "ysfine.com"
64.124.8.55 - - [15/Feb/2023:20:10:51 -0800] "GET /world/ital/flor055.jpg HTTP/1.1" 200 129866 "-" "Mozilla/5.0 (Macintosh; Intel Mac OS X 10_15_7) AppleWebKit/537.36 (KHTML, like Gecko) Chrome/107.0.0.0 Safari/537.36" "www.ysfine.com"
64.124.8.54 - - [15/Feb/2023:20:10:53 -0800] "GET /friends/moso10.jpg HTTP/1.1" 404 88 "-" "Mozilla/5.0 (Macintosh; Intel Mac OS X 10_15_7) AppleWebKit/537.36 (KHTML, like Gecko) Chrome/107.0.0.0 Safari/537.36" "www.ysfine.com"
64.124.8.55 - - [15/Feb/2023:20:11:20 -0800] "GET /ysbio/world/scandi/sto031.jpg HTTP/1.1" 404 88 "-" "Mozilla/5.0 (Macintosh; Intel Mac OS X 10_15_7) AppleWebKit/537.36 (KHTML, like Gecko) Chrome/107.0.0.0 Safari/537.36" "ysfine.com"
40.77.167.186 - - [15/Feb/2023:20:11:36 -0800] "GET /world/poland/gdnu02.jpg HTTP/1.1" 200 77469 "-" "Mozilla/5.0 AppleWebKit/537.36 (KHTML, like Gecko; compatible; bingbot/2.0; +http://www.bing.com/bingbot.htm) Chrome/103.0.5060.134 Safari/537.36" "ysfine.com"
64.124.8.57 - - [15/Feb/2023:20:11:45 -0800] "GET /world/brit/harrow15.jpg HTTP/1.1" 200 94341 "-" "Mozilla/5.0 (Macintosh; Intel Mac OS X 10_15_7) AppleWebKit/537.36 (KHTML, like Gecko) Chrome/107.0.0.0 Safari/537.36" "ysfine.com"
40.77.167.186 - - [15/Feb/2023:20:11:46 -0800] "GET /world/france/champ1216.jpg HTTP/1.1" 200 196639 "-" "Mozilla/5.0 AppleWebKit/537.36 (KHTML, like Gecko; compatible; bingbot/2.0; +http://www.bing.com/bingbot.htm) Chrome/103.0.5060.134 Safari/537.36" "www.ysfine.com"
68.185.68.242 - - [15/Feb/2023:20:11:58 -0800] "GET /wdc/lafpark05.jpg HTTP/1.1" 200 119003 "https://www.google.com/" "Mozilla/5.0 (iPhone; CPU iPhone OS 16_0 like Mac OS X) AppleWebKit/605.1.15 (KHTML, like Gecko) Version/16.0 Mobile/15E148 Safari/604.1" "ysfine.com"
34.210.86.142 - - [15/Feb/2023:20:12:01 -0800] "GET / HTTP/1.1" 200 5295 "-" "Mozilla/5.0 (X11; Linux x86_64) AppleWebKit/537.36 (KHTML, like Gecko) Chrome/83.0.4103.97 Safari/537.36" "ysfine.com"
35.93.59.61 - - [15/Feb/2023:20:12:04 -0800] "GET / HTTP/1.1" 200 5295 "-" "Mozilla/5.0 (X11; Linux x86_64) AppleWebKit/537.36 (KHTML, like Gecko) Chrome/83.0.4103.97 Safari/537.36" "ysfine.com"
157.55.39.207 - - [15/Feb/2023:20:12:31 -0800] "GET /world/germany/salzm05b.jpg HTTP/1.1" 200 52328 "-" "Mozilla/5.0 AppleWebKit/537.36 (KHTML, like Gecko; compatible; bingbot/2.0; +http://www.bing.com/bingbot.htm) Chrome/103.0.5060.134 Safari/537.36" "www.ysfine.com"
35.164.137.101 - - [15/Feb/2023:20:12:37 -0800] "GET / HTTP/1.1" 200 5295 "-" "Mozilla/5.0 (X11; Linux x86_64) AppleWebKit/537.36 (KHTML, like Gecko) Chrome/83.0.4103.97 Safari/537.36" "ysfine.com"
216.244.66.229 - - [15/Feb/2023:20:13:11 -0800] "GET /venuspics.html HTTP/1.1" 404 73 "-" "Mozilla/5.0 (compatible; DotBot/1.2; +https://opensiteexplorer.org/dotbot; help@moz.com)" "ysfine.com"
216.244.66.229 - - [15/Feb/2023:20:13:30 -0800] "GET /home/awards/wsj21.jpg HTTP/1.1" 404 73 "-" "Mozilla/5.0 (compatible; DotBot/1.2; +https://opensiteexplorer.org/dotbot; help@moz.com)" "ysfine.com"
216.244.66.229 - - [15/Feb/2023:20:13:33 -0800] "GET /world/spain/bcn06.jpg HTTP/1.1" 200 67840 "-" "Mozilla/5.0 (compatible; DotBot/1.2; +https://opensiteexplorer.org/dotbot; help@moz.com)" "ysfine.com"
216.244.66.229 - - [15/Feb/2023:20:13:36 -0800] "GET /world/spain/bcn11.jpg HTTP/1.1" 200 230688 "-" "Mozilla/5.0 (compatible; DotBot/1.2; +https://opensiteexplorer.org/dotbot; help@moz.com)" "ysfine.com"
216.244.66.229 - - [15/Feb/2023:20:13:39 -0800] "GET /world/spain/sala07.jpg HTTP/1.1" 200 138039 "-" "Mozilla/5.0 (compatible; DotBot/1.2; +https://opensiteexplorer.org/dotbot; help@moz.com)" "ysfine.com"
216.244.66.229 - - [15/Feb/2023:20:13:45 -0800] "GET /auto/feynman/partons.html HTTP/1.1" 404 73 "-" "Mozilla/5.0 (compatible; DotBot/1.2; +https://opensiteexplorer.org/dotbot; help@moz.com)" "ysfine.com"
64.124.8.56 - - [15/Feb/2023:20:14:47 -0800] "GET /world/russ/smorodin11.jpg HTTP/1.1" 200 97331 "-" "Mozilla/5.0 (Macintosh; Intel Mac OS X 10_15_7) AppleWebKit/537.36 (KHTML, like Gecko) Chrome/107.0.0.0 Safari/537.36" "ysfine.com"
64.124.8.49 - - [15/Feb/2023:20:14:50 -0800] "GET /world/baltic/lithu25.jpg HTTP/1.1" 200 77162 "-" "Mozilla/5.0 (Macintosh; Intel Mac OS X 10_15_7) AppleWebKit/537.36 (KHTML, like Gecko) Chrome/107.0.0.0 Safari/537.36" "www.ysfine.com"
64.124.8.29 - - [15/Feb/2023:20:15:06 -0800] "GET /wdc/usna24.jpg HTTP/1.1" 200 127186 "-" "Mozilla/5.0 (Macintosh; Intel Mac OS X 10_15_7) AppleWebKit/537.36 (KHTML, like Gecko) Chrome/107.0.0.0 Safari/537.36" "ysfine.com"
64.124.8.49 - - [15/Feb/2023:20:15:09 -0800] "GET /dirac/hyperell01.jpg HTTP/1.1" 200 42675 "-" "Mozilla/5.0 (Macintosh; Intel Mac OS X 10_15_7) AppleWebKit/537.36 (KHTML, like Gecko) Chrome/107.0.0.0 Safari/537.36" "ysfine.com"
64.124.8.55 - - [15/Feb/2023:20:15:21 -0800] "GET /ysbio/world/russ/minsk034.jpg HTTP/1.1" 404 88 "-" "Mozilla/5.0 (Macintosh; Intel Mac OS X 10_15_7) AppleWebKit/537.36 (KHTML, like Gecko) Chrome/107.0.0.0 Safari/537.36" "ysfine.com"
52.167.144.39 - - [15/Feb/2023:20:15:56 -0800] "GET /world/israel/jeru43.jpg HTTP/1.1" 200 248686 "-" "Mozilla/5.0 AppleWebKit/537.36 (KHTML, like Gecko; compatible; bingbot/2.0; +http://www.bing.com/bingbot.htm) Chrome/103.0.5060.134 Safari/537.36" "ysfine.com"
195.191.219.131 - - [15/Feb/2023:20:15:59 -0800] "GET /robots.txt HTTP/1.1" 404 73 "-" "Mozilla/5.0 (compatible; MJ12bot/v1.4.8; http://mj12bot.com/)" "ysfine.com"
195.191.219.131 - - [15/Feb/2023:20:16:01 -0800] "GET / HTTP/1.1" 200 5295 "-" "Mozilla/5.0 (compatible; MJ12bot/v1.4.8; http://mj12bot.com/)" "ysfine.com"
185.191.171.33 - - [15/Feb/2023:20:16:08 -0800] "GET /style/songs54.html HTTP/1.1" 200 2599 "-" "Mozilla/5.0 (compatible; SemrushBot/7~bl; +http://www.semrush.com/bot.html)" "www.ysfine.com"
64.124.8.55 - - [15/Feb/2023:20:16:38 -0800] "GET /maga/phil/hegkim01.jpg HTTP/1.1" 200 329887 "-" "Mozilla/5.0 (Macintosh; Intel Mac OS X 10_15_7) AppleWebKit/537.36 (KHTML, like Gecko) Chrome/107.0.0.0 Safari/537.36" "www.ysfine.com"
64.124.8.57 - - [15/Feb/2023:20:16:59 -0800] "GET /ffriends/lekeg04.jpg HTTP/1.1" 404 88 "-" "Mozilla/5.0 (Macintosh; Intel Mac OS X 10_15_7) AppleWebKit/537.36 (KHTML, like Gecko) Chrome/107.0.0.0 Safari/537.36" "ysfine.com"
216.244.66.229 - - [15/Feb/2023:20:17:04 -0800] "GET /world/latina/rio015.jpg HTTP/1.1" 200 105665 "-" "Mozilla/5.0 (compatible; DotBot/1.2; +https://opensiteexplorer.org/dotbot; help@moz.com)" "www.ysfine.com"
52.167.144.39 - - [15/Feb/2023:20:17:16 -0800] "GET /maga/phys/hydrogen01b.jpg HTTP/1.1" 200 39399 "-" "Mozilla/5.0 AppleWebKit/537.36 (KHTML, like Gecko; compatible; bingbot/2.0; +http://www.bing.com/bingbot.htm) Chrome/103.0.5060.134 Safari/537.36" "ysfine.com"
64.124.8.50 - - [15/Feb/2023:20:17:34 -0800] "GET /world/latina/rio026.jpg HTTP/1.1" 200 122818 "-" "Mozilla/5.0 (Macintosh; Intel Mac OS X 10_15_7) AppleWebKit/537.36 (KHTML, like Gecko) Chrome/107.0.0.0 Safari/537.36" "www.ysfine.com"
216.244.66.229 - - [15/Feb/2023:20:17:42 -0800] "GET /world/russ/zul00.jpg HTTP/1.1" 200 242645 "-" "Mozilla/5.0 (compatible; DotBot/1.2; +https://opensiteexplorer.org/dotbot; help@moz.com)" "www.ysfine.com"
64.124.8.54 - - [15/Feb/2023:20:17:47 -0800] "GET /ysbio/world/scandi/wignob01.jpg HTTP/1.1" 404 88 "-" "Mozilla/5.0 (Macintosh; Intel Mac OS X 10_15_7) AppleWebKit/537.36 (KHTML, like Gecko) Chrome/107.0.0.0 Safari/537.36" "ysfine.com"
185.191.171.23 - - [15/Feb/2023:20:17:56 -0800] "GET /dirac/lorendir.html HTTP/1.1" 200 2426 "-" "Mozilla/5.0 (compatible; SemrushBot/7~bl; +http://www.semrush.com/bot.html)" "ysfine.com"
64.124.8.50 - - [15/Feb/2023:20:18:20 -0800] "GET /world/russ/khabarovsk11.jpg HTTP/1.1" 200 63033 "-" "Mozilla/5.0 (Macintosh; Intel Mac OS X 10_15_7) AppleWebKit/537.36 (KHTML, like Gecko) Chrome/107.0.0.0 Safari/537.36" "ysfine.com"
64.124.8.50 - - [15/Feb/2023:20:18:32 -0800] "GET /style/music/salzmo03.jpg HTTP/1.1" 200 118743 "-" "Mozilla/5.0 (Macintosh; Intel Mac OS X 10_15_7) AppleWebKit/537.36 (KHTML, like Gecko) Chrome/107.0.0.0 Safari/537.36" "ysfine.com"
64.124.8.57 - - [15/Feb/2023:20:18:36 -0800] "GET /ysbio/dirac/dirac84.jpg HTTP/1.1" 404 88 "-" "Mozilla/5.0 (Macintosh; Intel Mac OS X 10_15_7) AppleWebKit/537.36 (KHTML, like Gecko) Chrome/107.0.0.0 Safari/537.36" "ysfine.com"
64.124.8.53 - - [15/Feb/2023:20:19:27 -0800] "GET /kowar/tanks/gmc02.jpg HTTP/1.1" 200 71799 "-" "Mozilla/5.0 (Macintosh; Intel Mac OS X 10_15_7) AppleWebKit/537.36 (KHTML, like Gecko) Chrome/107.0.0.0 Safari/537.36" "ysfine.com"
157.55.39.207 - - [15/Feb/2023:20:19:41 -0800] "GET /wigner/neum/pvn07.jpg HTTP/1.1" 200 101823 "-" "Mozilla/5.0 AppleWebKit/537.36 (KHTML, like Gecko; compatible; bingbot/2.0; +http://www.bing.com/bingbot.htm) Chrome/103.0.5060.134 Safari/537.36" "ysfine.com"
64.124.8.52 - - [15/Feb/2023:20:19:52 -0800] "GET /world/scandi/vaxfree11.jpg HTTP/1.1" 200 66239 "-" "Mozilla/5.0 (Macintosh; Intel Mac OS X 10_15_7) AppleWebKit/537.36 (KHTML, like Gecko) Chrome/107.0.0.0 Safari/537.36" "ysfine.com"
64.124.8.52 - - [15/Feb/2023:20:19:57 -0800] "GET /ysbio/usca/pitt/leigh01.jpg HTTP/1.1" 404 88 "-" "Mozilla/5.0 (Macintosh; Intel Mac OS X 10_15_7) AppleWebKit/537.36 (KHTML, like Gecko) Chrome/107.0.0.0 Safari/537.36" "ysfine.com"
64.124.8.52 - - [15/Feb/2023:20:19:58 -0800] "GET /sbk/2000ewha11.jpg HTTP/1.1" 200 105282 "-" "Mozilla/5.0 (Macintosh; Intel Mac OS X 10_15_7) AppleWebKit/537.36 (KHTML, like Gecko) Chrome/107.0.0.0 Safari/537.36" "ysfine.com"
64.124.8.52 - - [15/Feb/2023:20:20:05 -0800] "GET /world/balkan/istan072.jpg HTTP/1.1" 200 76637 "-" "Mozilla/5.0 (Macintosh; Intel Mac OS X 10_15_7) AppleWebKit/537.36 (KHTML, like Gecko) Chrome/107.0.0.0 Safari/537.36" "ysfine.com"
103.131.71.82 - - [15/Feb/2023:20:20:53 -0800] "GET /robots.txt HTTP/1.1" 404 88 "-" "Mozilla/5.0 (compatible; coccocbot-web/1.0; +http://help.coccoc.com/searchengine)" "ysfine.com"
103.131.71.91 - - [15/Feb/2023:20:20:58 -0800] "GET / HTTP/1.1" 304 - "-" "Mozilla/5.0 (compatible; coccocbot-web/1.0; +http://help.coccoc.com/searchengine)" "ysfine.com"
40.77.167.186 - - [15/Feb/2023:20:21:04 -0800] "GET /bio/style/artlove.html HTTP/1.1" 404 88 "-" "Mozilla/5.0 AppleWebKit/537.36 (KHTML, like Gecko; compatible; bingbot/2.0; +http://www.bing.com/bingbot.htm) Chrome/103.0.5060.134 Safari/537.36" "ysfine.com"
64.124.8.54 - - [15/Feb/2023:20:21:11 -0800] "GET /maga/phys/farad06.jpg HTTP/1.1" 200 108532 "-" "Mozilla/5.0 (Macintosh; Intel Mac OS X 10_15_7) AppleWebKit/537.36 (KHTML, like Gecko) Chrome/107.0.0.0 Safari/537.36" "ysfine.com"
64.124.8.29 - - [15/Feb/2023:20:21:26 -0800] "GET /usca/pitt/cmall04.jpg HTTP/1.1" 200 70991 "-" "Mozilla/5.0 (Macintosh; Intel Mac OS X 10_15_7) AppleWebKit/537.36 (KHTML, like Gecko) Chrome/107.0.0.0 Safari/537.36" "ysfine.com"
64.124.8.57 - - [15/Feb/2023:20:21:45 -0800] "GET /world/scandi/copen081.jpg HTTP/1.1" 200 75153 "-" "Mozilla/5.0 (Macintosh; Intel Mac OS X 10_15_7) AppleWebKit/537.36 (KHTML, like Gecko) Chrome/107.0.0.0 Safari/537.36" "ysfine.com"
64.124.8.50 - - [15/Feb/2023:20:21:57 -0800] "GET /ysbio/world/poland/psoldier06.jpg HTTP/1.1" 404 88 "-" "Mozilla/5.0 (Macintosh; Intel Mac OS X 10_15_7) AppleWebKit/537.36 (KHTML, like Gecko) Chrome/107.0.0.0 Safari/537.36" "www.ysfine.com"
216.244.66.229 - - [15/Feb/2023:20:22:04 -0800] "GET /style/charlesbr00.jpg HTTP/1.1" 200 76050 "-" "Mozilla/5.0 (compatible; DotBot/1.2; +https://opensiteexplorer.org/dotbot; help@moz.com)" "www.ysfine.com"
52.167.144.86 - - [15/Feb/2023:20:22:40 -0800] "GET /bio/princeton/campus.html HTTP/1.1" 404 88 "-" "Mozilla/5.0 AppleWebKit/537.36 (KHTML, like Gecko; compatible; bingbot/2.0; +http://www.bing.com/bingbot.htm) Chrome/103.0.5060.134 Safari/537.36" "ysfine.com"
73.78.216.35 - - [15/Feb/2023:20:22:48 -0800] "GET /princeton/alexan22.jpg HTTP/1.1" 200 175436 "https://www.google.com/" "Mozilla/5.0 (iPhone; CPU iPhone OS 16_0_2 like Mac OS X) AppleWebKit/605.1.15 (KHTML, like Gecko) Version/16.0 Mobile/15E148 Safari/604.1" "ysfine.com"
216.244.66.229 - - [15/Feb/2023:20:22:55 -0800] "GET /usca/pitt/pitbridge01.jpg HTTP/1.1" 200 193657 "-" "Mozilla/5.0 (compatible; DotBot/1.2; +https://opensiteexplorer.org/dotbot; help@moz.com)" "www.ysfine.com"
40.77.167.192 - - [15/Feb/2023:20:23:08 -0800] "GET /bio/style/songs.html HTTP/1.1" 404 88 "-" "Mozilla/5.0 AppleWebKit/537.36 (KHTML, like Gecko; compatible; bingbot/2.0; +http://www.bing.com/bingbot.htm) Chrome/103.0.5060.134 Safari/537.36" "ysfine.com"
64.124.8.52 - - [15/Feb/2023:20:23:10 -0800] "GET /world/ital/bolog07.jpg HTTP/1.1" 200 123615 "-" "Mozilla/5.0 (Macintosh; Intel Mac OS X 10_15_7) AppleWebKit/537.36 (KHTML, like Gecko) Chrome/107.0.0.0 Safari/537.36" "www.ysfine.com"
64.124.8.56 - - [15/Feb/2023:20:23:22 -0800] "GET /ysbio/world/scandi/copen037.jpg HTTP/1.1" 404 88 "-" "Mozilla/5.0 (Macintosh; Intel Mac OS X 10_15_7) AppleWebKit/537.36 (KHTML, like Gecko) Chrome/107.0.0.0 Safari/537.36" "ysfine.com"
216.244.66.229 - - [15/Feb/2023:20:23:45 -0800] "GET /feynman/ppic/parton33.jpg HTTP/1.1" 200 116692 "-" "Mozilla/5.0 (compatible; DotBot/1.2; +https://opensiteexplorer.org/dotbot; help@moz.com)" "ysfine.com"
216.244.66.229 - - [15/Feb/2023:20:24:28 -0800] "GET /ffriends/israel02.jpg HTTP/1.1" 200 183719 "-" "Mozilla/5.0 (compatible; DotBot/1.2; +https://opensiteexplorer.org/dotbot; help@moz.com)" "ysfine.com"
64.124.8.54 - - [15/Feb/2023:20:24:29 -0800] "GET /world/germany/augustiner11.jpg HTTP/1.1" 200 162368 "-" "Mozilla/5.0 (Macintosh; Intel Mac OS X 10_15_7) AppleWebKit/537.36 (KHTML, like Gecko) Chrome/107.0.0.0 Safari/537.36" "ysfine.com"
185.191.171.5 - - [15/Feb/2023:20:24:32 -0800] "GET /maga/marx.html HTTP/1.1" 200 5871 "-" "Mozilla/5.0 (compatible; SemrushBot/7~bl; +http://www.semrush.com/bot.html)" "www.ysfine.com"
64.124.8.29 - - [15/Feb/2023:20:24:50 -0800] "GET /ysbio/world/spain/cordo24.jpg HTTP/1.1" 404 88 "-" "Mozilla/5.0 (Macintosh; Intel Mac OS X 10_15_7) AppleWebKit/537.36 (KHTML, like Gecko) Chrome/107.0.0.0 Safari/537.36" "ysfine.com"
64.124.8.52 - - [15/Feb/2023:20:25:12 -0800] "GET /world/france/metz07.jpg HTTP/1.1" 200 70585 "-" "Mozilla/5.0 (Macintosh; Intel Mac OS X 10_15_7) AppleWebKit/537.36 (KHTML, like Gecko) Chrome/107.0.0.0 Safari/537.36" "www.ysfine.com"
216.244.66.229 - - [15/Feb/2023:20:25:17 -0800] "GET /kowar/panmun01.jpg HTTP/1.1" 200 120972 "-" "Mozilla/5.0 (compatible; DotBot/1.2; +https://opensiteexplorer.org/dotbot; help@moz.com)" "ysfine.com"
64.124.8.49 - - [15/Feb/2023:20:25:19 -0800] "GET /world/russ/koryo33.jpg HTTP/1.1" 200 85298 "-" "Mozilla/5.0 (Macintosh; Intel Mac OS X 10_15_7) AppleWebKit/537.36 (KHTML, like Gecko) Chrome/107.0.0.0 Safari/537.36" "ysfine.com"
52.167.144.86 - - [15/Feb/2023:20:25:21 -0800] "GET /bio/wigner/e(2).html HTTP/1.1" 404 88 "-" "Mozilla/5.0 AppleWebKit/537.36 (KHTML, like Gecko; compatible; bingbot/2.0; +http://www.bing.com/bingbot.htm) Chrome/103.0.5060.134 Safari/537.36" "ysfine.com"
64.124.8.28 - - [15/Feb/2023:20:25:41 -0800] "GET /world/poland/uprise05.jpg HTTP/1.1" 200 116482 "-" "Mozilla/5.0 (Macintosh; Intel Mac OS X 10_15_7) AppleWebKit/537.36 (KHTML, like Gecko) Chrome/107.0.0.0 Safari/537.36" "www.ysfine.com"
216.244.66.229 - - [15/Feb/2023:20:26:02 -0800] "GET /wdc/reagan55.jpg HTTP/1.1" 200 70774 "-" "Mozilla/5.0 (compatible; DotBot/1.2; +https://opensiteexplorer.org/dotbot; help@moz.com)" "ysfine.com"
64.124.8.52 - - [15/Feb/2023:20:26:29 -0800] "GET /kobak/wilsonpark.jpg HTTP/1.1" 200 80259 "-" "Mozilla/5.0 (Macintosh; Intel Mac OS X 10_15_7) AppleWebKit/537.36 (KHTML, like Gecko) Chrome/107.0.0.0 Safari/537.36" "ysfine.com"
64.124.8.28 - - [15/Feb/2023:20:26:34 -0800] "GET /world/hungary/buda151.jpg HTTP/1.1" 200 71450 "-" "Mozilla/5.0 (Macintosh; Intel Mac OS X 10_15_7) AppleWebKit/537.36 (KHTML, like Gecko) Chrome/107.0.0.0 Safari/537.36" "www.ysfine.com"
64.124.8.28 - - [15/Feb/2023:20:27:35 -0800] "GET /world/hungary/buda047.jpg HTTP/1.1" 200 78507 "-" "Mozilla/5.0 (Macintosh; Intel Mac OS X 10_15_7) AppleWebKit/537.36 (KHTML, like Gecko) Chrome/107.0.0.0 Safari/537.36" "ysfine.com"
64.124.8.55 - - [15/Feb/2023:20:27:56 -0800] "GET /ysbio/style/schonbr22.jpg HTTP/1.1" 404 88 "-" "Mozilla/5.0 (Macintosh; Intel Mac OS X 10_15_7) AppleWebKit/537.36 (KHTML, like Gecko) Chrome/107.0.0.0 Safari/537.36" "www.ysfine.com"
64.124.8.49 - - [15/Feb/2023:20:27:58 -0800] "GET /ysbio/world/russ/kazan028.jpg HTTP/1.1" 404 88 "-" "Mozilla/5.0 (Macintosh; Intel Mac OS X 10_15_7) AppleWebKit/537.36 (KHTML, like Gecko) Chrome/107.0.0.0 Safari/537.36" "ysfine.com"
64.124.8.53 - - [15/Feb/2023:20:28:09 -0800] "GET /ysbio/world/hungary/buda047.jpg HTTP/1.1" 404 88 "-" "Mozilla/5.0 (Macintosh; Intel Mac OS X 10_15_7) AppleWebKit/537.36 (KHTML, like Gecko) Chrome/107.0.0.0 Safari/537.36" "www.ysfine.com"
114.119.151.233 - - [15/Feb/2023:20:28:22 -0800] "GET /wisdom/happyend.html HTTP/1.1" 200 1088 "https://www.ysfine.com/wisdom/wk00.html" "Mozilla/5.0 (Linux; Android 7.0;) AppleWebKit/537.36 (KHTML, like Gecko) Mobile Safari/537.36 (compatible; PetalBot;+https://webmaster.petalsearch.com/site/petalbot)" "www.ysfine.com"
64.124.8.53 - - [15/Feb/2023:20:28:48 -0800] "GET /world/france/concorde12.jpg HTTP/1.1" 200 83759 "-" "Mozilla/5.0 (Macintosh; Intel Mac OS X 10_15_7) AppleWebKit/537.36 (KHTML, like Gecko) Chrome/107.0.0.0 Safari/537.36" "www.ysfine.com"
64.124.8.57 - - [15/Feb/2023:20:29:25 -0800] "GET /world/france/stras42.jpg HTTP/1.1" 200 93074 "-" "Mozilla/5.0 (Macintosh; Intel Mac OS X 10_15_7) AppleWebKit/537.36 (KHTML, like Gecko) Chrome/107.0.0.0 Safari/537.36" "ysfine.com"
52.167.144.86 - - [15/Feb/2023:20:30:01 -0800] "GET /auto/bio21.html HTTP/1.1" 200 5217 "-" "Mozilla/5.0 AppleWebKit/537.36 (KHTML, like Gecko; compatible; bingbot/2.0; +http://www.bing.com/bingbot.htm) Chrome/103.0.5060.134 Safari/537.36" "ysfine.com"
39.73.196.245 - - [15/Feb/2023:20:30:03 -0800] "HEAD / HTTP/1.1" 200 - "-" "curl/7.64.0" "www.ysfine.com"
64.124.8.54 - - [15/Feb/2023:20:30:06 -0800] "GET /style/3graces/pompei01.jpg HTTP/1.1" 200 30025 "-" "Mozilla/5.0 (Macintosh; Intel Mac OS X 10_15_7) AppleWebKit/537.36 (KHTML, like Gecko) Chrome/107.0.0.0 Safari/537.36" "ysfine.com"
52.167.144.86 - - [15/Feb/2023:20:30:40 -0800] "GET /style/kievopera44.jpg HTTP/1.1" 200 108286 "-" "Mozilla/5.0 AppleWebKit/537.36 (KHTML, like Gecko; compatible; bingbot/2.0; +http://www.bing.com/bingbot.htm) Chrome/103.0.5060.134 Safari/537.36" "ysfine.com"
52.167.144.86 - - [15/Feb/2023:20:30:41 -0800] "GET /maga/phil/ewk.html HTTP/1.1" 200 1816 "-" "Mozilla/5.0 AppleWebKit/537.36 (KHTML, like Gecko; compatible; bingbot/2.0; +http://www.bing.com/bingbot.htm) Chrome/103.0.5060.134 Safari/537.36" "ysfine.com"
64.124.8.53 - - [15/Feb/2023:20:30:46 -0800] "GET /style/curie.jpg HTTP/1.1" 200 104666 "-" "Mozilla/5.0 (Macintosh; Intel Mac OS X 10_15_7) AppleWebKit/537.36 (KHTML, like Gecko) Chrome/107.0.0.0 Safari/537.36" "ysfine.com"
64.124.8.54 - - [15/Feb/2023:20:31:11 -0800] "GET /princeton/brooke04.jpg HTTP/1.1" 200 117666 "-" "Mozilla/5.0 (Macintosh; Intel Mac OS X 10_15_7) AppleWebKit/537.36 (KHTML, like Gecko) Chrome/107.0.0.0 Safari/537.36" "ysfine.com"
64.124.8.57 - - [15/Feb/2023:20:31:40 -0800] "GET /world/france/champ9609.jpg HTTP/1.1" 200 110755 "-" "Mozilla/5.0 (Macintosh; Intel Mac OS X 10_15_7) AppleWebKit/537.36 (KHTML, like Gecko) Chrome/107.0.0.0 Safari/537.36" "www.ysfine.com"
40.77.167.192 - - [15/Feb/2023:20:32:39 -0800] "GET /bio.html HTTP/1.1" 200 18260 "-" "Mozilla/5.0 AppleWebKit/537.36 (KHTML, like Gecko; compatible; bingbot/2.0; +http://www.bing.com/bingbot.htm) Chrome/103.0.5060.134 Safari/537.36" "ysfine.com"
64.124.8.53 - - [15/Feb/2023:20:32:53 -0800] "GET /ysbio/maga/phys/schrod42.jpg HTTP/1.1" 404 88 "-" "Mozilla/5.0 (Macintosh; Intel Mac OS X 10_15_7) AppleWebKit/537.36 (KHTML, like Gecko) Chrome/107.0.0.0 Safari/537.36" "www.ysfine.com"
64.124.8.57 - - [15/Feb/2023:20:32:57 -0800] "GET /world/japan/nara001.jpg HTTP/1.1" 200 129222 "-" "Mozilla/5.0 (Macintosh; Intel Mac OS X 10_15_7) AppleWebKit/537.36 (KHTML, like Gecko) Chrome/107.0.0.0 Safari/537.36" "www.ysfine.com"
77.75.78.168 - - [15/Feb/2023:20:33:22 -0800] "GET /robots.txt HTTP/1.1" 404 88 "-" "Mozilla/5.0 (compatible; SeznamBot/3.2; +http://napoveda.seznam.cz/en/seznambot-intro/)" "ysfine.com"
77.75.78.168 - - [15/Feb/2023:20:33:24 -0800] "GET /princeton/prospectg22.jpg HTTP/1.1" 200 97787 "-" "Mozilla/5.0 (compatible; SeznamBot/3.2; +http://napoveda.seznam.cz/en/seznambot-intro/)" "ysfine.com"
77.75.78.168 - - [15/Feb/2023:20:33:27 -0800] "GET /people/carnation61.jpg HTTP/1.1" 200 111221 "-" "Mozilla/5.0 (compatible; SeznamBot/3.2; +http://napoveda.seznam.cz/en/seznambot-intro/)" "ysfine.com"
64.124.8.56 - - [15/Feb/2023:20:33:28 -0800] "GET /world/baltic/riga58.jpg HTTP/1.1" 200 68424 "-" "Mozilla/5.0 (Macintosh; Intel Mac OS X 10_15_7) AppleWebKit/537.36 (KHTML, like Gecko) Chrome/107.0.0.0 Safari/537.36" "ysfine.com"
77.75.78.168 - - [15/Feb/2023:20:33:29 -0800] "GET /philo/dirhegel11f.jpg HTTP/1.1" 304 - "-" "Mozilla/5.0 (compatible; SeznamBot/3.2; +http://napoveda.seznam.cz/en/seznambot-intro/)" "ysfine.com"
77.75.78.168 - - [15/Feb/2023:20:33:30 -0800] "GET /people/yodh03.jpg HTTP/1.1" 200 68255 "-" "Mozilla/5.0 (compatible; SeznamBot/3.2; +http://napoveda.seznam.cz/en/seznambot-intro/)" "ysfine.com"
77.75.78.168 - - [15/Feb/2023:20:33:31 -0800] "GET /wdc/umd06.jpg HTTP/1.1" 304 - "-" "Mozilla/5.0 (compatible; SeznamBot/3.2; +http://napoveda.seznam.cz/en/seznambot-intro/)" "ysfine.com"
64.124.8.53 - - [15/Feb/2023:20:33:38 -0800] "GET /ysbio/world/ital/flor075.jpg HTTP/1.1" 404 88 "-" "Mozilla/5.0 (Macintosh; Intel Mac OS X 10_15_7) AppleWebKit/537.36 (KHTML, like Gecko) Chrome/107.0.0.0 Safari/537.36" "ysfine.com"
216.244.66.229 - - [15/Feb/2023:20:33:48 -0800] "GET /kobak/105mm.jpg HTTP/1.1" 200 112698 "-" "Mozilla/5.0 (compatible; DotBot/1.2; +https://opensiteexplorer.org/dotbot; help@moz.com)" "www.ysfine.com"
216.244.66.229 - - [15/Feb/2023:20:34:38 -0800] "GET /world/france/flore12.jpg HTTP/1.1" 200 114337 "-" "Mozilla/5.0 (compatible; DotBot/1.2; +https://opensiteexplorer.org/dotbot; help@moz.com)" "www.ysfine.com"
64.124.8.54 - - [15/Feb/2023:20:35:04 -0800] "GET /world/baltic/riga25.jpg HTTP/1.1" 200 112573 "-" "Mozilla/5.0 (Macintosh; Intel Mac OS X 10_15_7) AppleWebKit/537.36 (KHTML, like Gecko) Chrome/107.0.0.0 Safari/537.36" "www.ysfine.com"
216.244.66.229 - - [15/Feb/2023:20:35:23 -0800] "GET /world/germany/berlin122.jpg HTTP/1.1" 200 148946 "-" "Mozilla/5.0 (compatible; DotBot/1.2; +https://opensiteexplorer.org/dotbot; help@moz.com)" "www.ysfine.com"
64.124.8.57 - - [15/Feb/2023:20:36:05 -0800] "GET /newyork/gwbr33.jpg HTTP/1.1" 200 599508 "-" "Mozilla/5.0 (Macintosh; Intel Mac OS X 10_15_7) AppleWebKit/537.36 (KHTML, like Gecko) Chrome/107.0.0.0 Safari/537.36" "ysfine.com"
216.244.66.229 - - [15/Feb/2023:20:36:08 -0800] "GET /world/germany/hegel19.jpg HTTP/1.1" 200 99357 "-" "Mozilla/5.0 (compatible; DotBot/1.2; +https://opensiteexplorer.org/dotbot; help@moz.com)" "www.ysfine.com"
64.124.8.54 - - [15/Feb/2023:20:36:30 -0800] "GET /newyork/centralp14.jpg HTTP/1.1" 200 329759 "-" "Mozilla/5.0 (Macintosh; Intel Mac OS X 10_15_7) AppleWebKit/537.36 (KHTML, like Gecko) Chrome/107.0.0.0 Safari/537.36" "ysfine.com"
216.244.66.229 - - [15/Feb/2023:20:36:40 -0800] "GET /world/germany/mucf27.jpg HTTP/1.1" 200 114997 "-" "Mozilla/5.0 (compatible; DotBot/1.2; +https://opensiteexplorer.org/dotbot; help@moz.com)" "www.ysfine.com"
52.167.144.62 - - [15/Feb/2023:20:36:53 -0800] "GET /beau/braztall.jpg HTTP/1.1" 404 88 "-" "Mozilla/5.0 AppleWebKit/537.36 (KHTML, like Gecko; compatible; bingbot/2.0; +http://www.bing.com/bingbot.htm) Chrome/103.0.5060.134 Safari/537.36" "ysfine.com"
185.191.171.37 - - [15/Feb/2023:20:37:21 -0800] "GET /wisdom/wk00.html HTTP/1.1" 200 85964 "-" "Mozilla/5.0 (compatible; SemrushBot/7~bl; +http://www.semrush.com/bot.html)" "ysfine.com"
64.124.8.28 - - [15/Feb/2023:20:37:55 -0800] "GET /world/ital/venice11.jpg HTTP/1.1" 200 256026 "-" "Mozilla/5.0 (Macintosh; Intel Mac OS X 10_15_7) AppleWebKit/537.36 (KHTML, like Gecko) Chrome/107.0.0.0 Safari/537.36" "www.ysfine.com"
49.7.21.66 - - [15/Feb/2023:20:38:01 -0800] "GET / HTTP/1.1" 200 5295 "-" "Sogou web spider/4.0(+http://www.sogou.com/docs/help/webmasters.htm#07)" "ysfine.com"
64.124.8.28 - - [15/Feb/2023:20:38:35 -0800] "GET /dirac/truck/truck12.jpg HTTP/1.1" 200 98541 "-" "Mozilla/5.0 (Macintosh; Intel Mac OS X 10_15_7) AppleWebKit/537.36 (KHTML, like Gecko) Chrome/107.0.0.0 Safari/537.36" "ysfine.com"
157.55.39.207 - - [15/Feb/2023:20:38:42 -0800] "GET /wdc/whouse03.jpg HTTP/1.1" 200 88237 "-" "Mozilla/5.0 AppleWebKit/537.36 (KHTML, like Gecko; compatible; bingbot/2.0; +http://www.bing.com/bingbot.htm) Chrome/103.0.5060.134 Safari/537.36" "ysfine.com"
52.167.144.86 - - [15/Feb/2023:20:38:51 -0800] "GET /world/israel/armen10c.jpg HTTP/1.1" 200 25673 "-" "Mozilla/5.0 AppleWebKit/537.36 (KHTML, like Gecko; compatible; bingbot/2.0; +http://www.bing.com/bingbot.htm) Chrome/103.0.5060.134 Safari/537.36" "ysfine.com"
40.77.167.192 - - [15/Feb/2023:20:38:56 -0800] "GET /bio/kobak/soraech.html HTTP/1.1" 404 88 "-" "Mozilla/5.0 AppleWebKit/537.36 (KHTML, like Gecko; compatible; bingbot/2.0; +http://www.bing.com/bingbot.htm) Chrome/103.0.5060.134 Safari/537.36" "ysfine.com"
64.124.8.54 - - [15/Feb/2023:20:39:03 -0800] "GET /ysbio/world/france/lipp01.jpg HTTP/1.1" 404 88 "-" "Mozilla/5.0 (Macintosh; Intel Mac OS X 10_15_7) AppleWebKit/537.36 (KHTML, like Gecko) Chrome/107.0.0.0 Safari/537.36" "www.ysfine.com"
64.124.8.28 - - [15/Feb/2023:20:39:04 -0800] "GET /sbk/1966apt11.jpg HTTP/1.1" 200 127150 "-" "Mozilla/5.0 (Macintosh; Intel Mac OS X 10_15_7) AppleWebKit/537.36 (KHTML, like Gecko) Chrome/107.0.0.0 Safari/537.36" "ysfine.com"
40.77.167.186 - - [15/Feb/2023:20:39:49 -0800] "GET /style/russdance11.jpg HTTP/1.1" 200 117906 "-" "Mozilla/5.0 AppleWebKit/537.36 (KHTML, like Gecko; compatible; bingbot/2.0; +http://www.bing.com/bingbot.htm) Chrome/103.0.5060.134 Safari/537.36" "ysfine.com"
114.96.232.84 - - [15/Feb/2023:20:40:01 -0800] "GET /maga/galileo.html HTTP/1.1" 200 4725 "https://m.baidu.com/" "Mozilla/5.0 (Linux; Android 12; PFGM00 Build/SP1A.210812.016; wv) AppleWebKit/537.36 (KHTML, like Gecko) Version/4.0 Chrome/97.0.4692.98 Mobile Safari/537.36 T7/12.27 SP-engine/2.65.0 baiduboxapp/13.27.0.12 (Baidu; P1 12) NABar/1.0" "www.ysfine.com"
216.244.66.229 - - [15/Feb/2023:20:40:09 -0800] "GET /kobak/1014c.jpg HTTP/1.1" 200 164928 "-" "Mozilla/5.0 (compatible; DotBot/1.2; +https://opensiteexplorer.org/dotbot; help@moz.com)" "www.ysfine.com"
64.124.8.49 - - [15/Feb/2023:20:40:30 -0800] "GET /world/hungary/buda151.jpg HTTP/1.1" 200 71450 "-" "Mozilla/5.0 (Macintosh; Intel Mac OS X 10_15_7) AppleWebKit/537.36 (KHTML, like Gecko) Chrome/107.0.0.0 Safari/537.36" "www.ysfine.com"
35.246.0.70 - - [15/Feb/2023:20:40:31 -0800] "GET /xmlrpc.php HTTP/1.1" 404 88 "-" "Mozilla/5.0 (iPhone; CPU iPhone OS 16_0_2 like Mac OS X) AppleWebKit/605.1.15 (KHTML, like Gecko) Version/16.0 Mobile/15E148 Safari/604.1" "ysfine.com"
40.77.167.192 - - [15/Feb/2023:20:40:35 -0800] "GET /world/russ/kazan056.jpg HTTP/1.1" 200 149705 "-" "Mozilla/5.0 AppleWebKit/537.36 (KHTML, like Gecko; compatible; bingbot/2.0; +http://www.bing.com/bingbot.htm) Chrome/103.0.5060.134 Safari/537.36" "www.ysfine.com"
52.167.144.39 - - [15/Feb/2023:20:40:40 -0800] "GET /kobak/yskor.html HTTP/1.1" 200 9943 "-" "Mozilla/5.0 AppleWebKit/537.36 (KHTML, like Gecko; compatible; bingbot/2.0; +http://www.bing.com/bingbot.htm) Chrome/103.0.5060.134 Safari/537.36" "ysfine.com"
216.244.66.229 - - [15/Feb/2023:20:41:00 -0800] "GET /newyork/un09.jpg HTTP/1.1" 200 102954 "-" "Mozilla/5.0 (compatible; DotBot/1.2; +https://opensiteexplorer.org/dotbot; help@moz.com)" "www.ysfine.com"
216.244.66.229 - - [15/Feb/2023:20:41:50 -0800] "GET /wdc/usna03.jpg HTTP/1.1" 200 56319 "-" "Mozilla/5.0 (compatible; DotBot/1.2; +https://opensiteexplorer.org/dotbot; help@moz.com)" "www.ysfine.com"
185.191.171.21 - - [15/Feb/2023:20:41:50 -0800] "GET /einstein/einabel.html HTTP/1.1" 200 5982 "-" "Mozilla/5.0 (compatible; SemrushBot/7~bl; +http://www.semrush.com/bot.html)" "ysfine.com"
157.55.39.207 - - [15/Feb/2023:20:41:53 -0800] "GET /ysbio/usca/pitt/syriamos22.jpg HTTP/1.1" 404 88 "-" "Mozilla/5.0 AppleWebKit/537.36 (KHTML, like Gecko; compatible; bingbot/2.0; +http://www.bing.com/bingbot.htm) Chrome/103.0.5060.134 Safari/537.36" "www.ysfine.com"
135.181.180.59 - - [15/Feb/2023:20:41:58 -0800] "GET /robots.txt HTTP/1.1" 404 73 "-" "Mozilla/5.0 (compatible; MJ12bot/v1.4.8; http://mj12bot.com/)" "ysfine.com"
135.181.180.59 - - [15/Feb/2023:20:42:00 -0800] "GET /home/different.html HTTP/1.1" 200 2354 "-" "Mozilla/5.0 (compatible; MJ12bot/v1.4.8; http://mj12bot.com/)" "ysfine.com"
216.244.66.229 - - [15/Feb/2023:20:42:23 -0800] "GET /world/europe/alps04.jpg HTTP/1.1" 200 114754 "-" "Mozilla/5.0 (compatible; DotBot/1.2; +https://opensiteexplorer.org/dotbot; help@moz.com)" "www.ysfine.com"
135.181.180.59 - - [15/Feb/2023:20:42:37 -0800] "GET /robots.txt HTTP/1.1" 404 73 "-" "Mozilla/5.0 (compatible; MJ12bot/v1.4.8; http://mj12bot.com/)" "ysfine.com"
64.124.8.54 - - [15/Feb/2023:20:42:40 -0800] "GET /world/ital/rome176.jpg HTTP/1.1" 200 96394 "-" "Mozilla/5.0 (Macintosh; Intel Mac OS X 10_15_7) AppleWebKit/537.36 (KHTML, like Gecko) Chrome/107.0.0.0 Safari/537.36" "www.ysfine.com"
135.181.180.59 - - [15/Feb/2023:20:42:40 -0800] "GET /style/socrates.html HTTP/1.1" 200 589 "-" "Mozilla/5.0 (compatible; MJ12bot/v1.4.8; http://mj12bot.com/)" "ysfine.com"
135.181.180.59 - - [15/Feb/2023:20:42:42 -0800] "GET /style/socrates.html HTTP/1.1" 200 589 "-" "Mozilla/5.0 (compatible; MJ12bot/v1.4.8; http://mj12bot.com/)" "ysfine.com"
135.181.180.59 - - [15/Feb/2023:20:42:44 -0800] "GET /robots.txt HTTP/1.1" 404 73 "-" "Mozilla/5.0 (compatible; MJ12bot/v1.4.8; http://mj12bot.com/)" "www.ysfine.com"
40.77.167.192 - - [15/Feb/2023:20:42:44 -0800] "GET /world/russ/arbat40.jpg HTTP/1.1" 200 135205 "-" "Mozilla/5.0 AppleWebKit/537.36 (KHTML, like Gecko; compatible; bingbot/2.0; +http://www.bing.com/bingbot.htm) Chrome/103.0.5060.134 Safari/537.36" "ysfine.com"
135.181.180.59 - - [15/Feb/2023:20:42:46 -0800] "GET /wigner/yswig.html HTTP/1.1" 200 7067 "-" "Mozilla/5.0 (compatible; MJ12bot/v1.4.8; http://mj12bot.com/)" "www.ysfine.com"
216.244.66.229 - - [15/Feb/2023:20:43:13 -0800] "GET /world/poland/palaceof01.jpg HTTP/1.1" 200 66592 "-" "Mozilla/5.0 (compatible; DotBot/1.2; +https://opensiteexplorer.org/dotbot; help@moz.com)" "www.ysfine.com"
38.32.112.34 - - [15/Feb/2023:20:43:45 -0800] "GET /feynman/page44.jpg HTTP/1.1" 200 106223 "-" "Mozilla/5.0 (X11; Ubuntu; Linux x86_64; rv:72.0) Gecko/20100101 Firefox/72.0" "www.ysfine.com"
216.244.66.229 - - [15/Feb/2023:20:43:47 -0800] "GET /sbk/2010paris44.jpg HTTP/1.1" 200 95078 "-" "Mozilla/5.0 (compatible; DotBot/1.2; +https://opensiteexplorer.org/dotbot; help@moz.com)" "ysfine.com"
52.167.144.68 - - [15/Feb/2023:20:44:09 -0800] "GET /einstein/einbohr33.jpg HTTP/1.1" 200 87797 "-" "Mozilla/5.0 AppleWebKit/537.36 (KHTML, like Gecko; compatible; bingbot/2.0; +http://www.bing.com/bingbot.htm) Chrome/103.0.5060.134 Safari/537.36" "ysfine.com"
216.244.66.229 - - [15/Feb/2023:20:44:17 -0800] "GET /sbk/2012lon22.jpg HTTP/1.1" 200 229089 "-" "Mozilla/5.0 (compatible; DotBot/1.2; +https://opensiteexplorer.org/dotbot; help@moz.com)" "ysfine.com"
223.150.224.48 - - [15/Feb/2023:20:44:18 -0800] "HEAD / HTTP/1.1" 200 - "-" "curl/7.64.0" "www.ysfine.com"
185.191.171.15 - - [15/Feb/2023:20:44:49 -0800] "GET /robots.txt HTTP/1.1" 404 88 "-" "Mozilla/5.0 (compatible; SemrushBot/7~bl; +http://www.semrush.com/bot.html)" "www.ysfine.com"
185.191.171.39 - - [15/Feb/2023:20:44:49 -0800] "GET /kobak/kimjap.html HTTP/1.1" 200 2410 "-" "Mozilla/5.0 (compatible; SemrushBot/7~bl; +http://www.semrush.com/bot.html)" "www.ysfine.com"
216.244.66.229 - - [15/Feb/2023:20:45:08 -0800] "GET /wigner/wigbieden.jpg HTTP/1.1" 200 97738 "-" "Mozilla/5.0 (compatible; DotBot/1.2; +https://opensiteexplorer.org/dotbot; help@moz.com)" "ysfine.com"
64.124.8.29 - - [15/Feb/2023:20:45:21 -0800] "GET /world/baltic/riga49.jpg HTTP/1.1" 200 127423 "-" "Mozilla/5.0 (Macintosh; Intel Mac OS X 10_15_7) AppleWebKit/537.36 (KHTML, like Gecko) Chrome/107.0.0.0 Safari/537.36" "ysfine.com"
128.2.149.108 - - [15/Feb/2023:20:45:36 -0800] "GET /wigner/neum/pvn07.jpg HTTP/1.1" 200 101823 "https://www.google.com/" "Mozilla/5.0 (Macintosh; Intel Mac OS X 10.15; rv:108.0) Gecko/20100101 Firefox/108.0" "ysfine.com"
64.124.8.57 - - [15/Feb/2023:20:45:44 -0800] "GET /world/poland/uprise01.jpg HTTP/1.1" 200 115822 "-" "Mozilla/5.0 (Macintosh; Intel Mac OS X 10_15_7) AppleWebKit/537.36 (KHTML, like Gecko) Chrome/107.0.0.0 Safari/537.36" "www.ysfine.com"
52.167.144.62 - - [15/Feb/2023:20:45:55 -0800] "GET /bio/style/proschanie.html HTTP/1.1" 404 88 "-" "Mozilla/5.0 AppleWebKit/537.36 (KHTML, like Gecko; compatible; bingbot/2.0; +http://www.bing.com/bingbot.htm) Chrome/103.0.5060.134 Safari/537.36" "ysfine.com"
64.124.8.55 - - [15/Feb/2023:20:46:12 -0800] "GET /ysbio/world/hungary/buda210.jpg HTTP/1.1" 404 88 "-" "Mozilla/5.0 (Macintosh; Intel Mac OS X 10_15_7) AppleWebKit/537.36 (KHTML, like Gecko) Chrome/107.0.0.0 Safari/537.36" "www.ysfine.com"
112.12.229.102 - - [15/Feb/2023:20:46:14 -0800] "HEAD / HTTP/1.1" 200 - "-" "curl/7.64.0" "www.ysfine.com"
64.124.8.56 - - [15/Feb/2023:20:46:34 -0800] "GET /friends/aline/pakis11.jpg HTTP/1.1" 404 88 "-" "Mozilla/5.0 (Macintosh; Intel Mac OS X 10_15_7) AppleWebKit/537.36 (KHTML, like Gecko) Chrome/107.0.0.0 Safari/537.36" "ysfine.com"
64.124.8.29 - - [15/Feb/2023:20:46:57 -0800] "GET /wdc/gtown15.jpg HTTP/1.1" 200 83582 "-" "Mozilla/5.0 (Macintosh; Intel Mac OS X 10_15_7) AppleWebKit/537.36 (KHTML, like Gecko) Chrome/107.0.0.0 Safari/537.36" "ysfine.com"
64.124.8.53 - - [15/Feb/2023:20:47:34 -0800] "GET /friends/ukradres02.jpg HTTP/1.1" 404 88 "-" "Mozilla/5.0 (Macintosh; Intel Mac OS X 10_15_7) AppleWebKit/537.36 (KHTML, like Gecko) Chrome/107.0.0.0 Safari/537.36" "ysfine.com"
157.55.39.207 - - [15/Feb/2023:20:47:54 -0800] "GET /wdc/fedreserv33.jpg HTTP/1.1" 200 81476 "-" "Mozilla/5.0 AppleWebKit/537.36 (KHTML, like Gecko; compatible; bingbot/2.0; +http://www.bing.com/bingbot.htm) Chrome/103.0.5060.134 Safari/537.36" "ysfine.com"
64.124.8.49 - - [15/Feb/2023:20:48:02 -0800] "GET /world/ital/milan011.jpg HTTP/1.1" 200 103984 "-" "Mozilla/5.0 (Macintosh; Intel Mac OS X 10_15_7) AppleWebKit/537.36 (KHTML, like Gecko) Chrome/107.0.0.0 Safari/537.36" "ysfine.com"
64.124.8.55 - - [15/Feb/2023:20:48:16 -0800] "GET /world/russ/redsq11.jpg HTTP/1.1" 200 94026 "-" "Mozilla/5.0 (Macintosh; Intel Mac OS X 10_15_7) AppleWebKit/537.36 (KHTML, like Gecko) Chrome/107.0.0.0 Safari/537.36" "ysfine.com"
52.167.144.68 - - [15/Feb/2023:20:48:30 -0800] "GET /bio/kobak/yskor.html HTTP/1.1" 404 88 "-" "Mozilla/5.0 AppleWebKit/537.36 (KHTML, like Gecko; compatible; bingbot/2.0; +http://www.bing.com/bingbot.htm) Chrome/103.0.5060.134 Safari/537.36" "ysfine.com"
64.124.8.54 - - [15/Feb/2023:20:49:40 -0800] "GET /newyork/colum23.jpg HTTP/1.1" 200 82657 "-" "Mozilla/5.0 (Macintosh; Intel Mac OS X 10_15_7) AppleWebKit/537.36 (KHTML, like Gecko) Chrome/107.0.0.0 Safari/537.36" "ysfine.com"
64.124.8.28 - - [15/Feb/2023:20:50:05 -0800] "GET /world/ital/stcroce31.jpg HTTP/1.1" 200 121728 "-" "Mozilla/5.0 (Macintosh; Intel Mac OS X 10_15_7) AppleWebKit/537.36 (KHTML, like Gecko) Chrome/107.0.0.0 Safari/537.36" "www.ysfine.com"
64.124.8.28 - - [15/Feb/2023:20:50:06 -0800] "GET /world/balkan/istan033.jpg HTTP/1.1" 200 161512 "-" "Mozilla/5.0 (Macintosh; Intel Mac OS X 10_15_7) AppleWebKit/537.36 (KHTML, like Gecko) Chrome/107.0.0.0 Safari/537.36" "ysfine.com"
52.167.144.39 - - [15/Feb/2023:20:50:49 -0800] "GET /world/france/pontdg03.jpg HTTP/1.1" 200 231960 "-" "Mozilla/5.0 AppleWebKit/537.36 (KHTML, like Gecko; compatible; bingbot/2.0; +http://www.bing.com/bingbot.htm) Chrome/103.0.5060.134 Safari/537.36" "ysfine.com"
64.124.8.57 - - [15/Feb/2023:20:50:55 -0800] "GET /ysbio/resonance33.jpg HTTP/1.1" 404 88 "-" "Mozilla/5.0 (Macintosh; Intel Mac OS X 10_15_7) AppleWebKit/537.36 (KHTML, like Gecko) Chrome/107.0.0.0 Safari/537.36" "ysfine.com"
64.124.8.54 - - [15/Feb/2023:20:51:09 -0800] "GET /style/londonsym.jpg HTTP/1.1" 200 78015 "-" "Mozilla/5.0 (Macintosh; Intel Mac OS X 10_15_7) AppleWebKit/537.36 (KHTML, like Gecko) Chrome/107.0.0.0 Safari/537.36" "www.ysfine.com"
52.167.144.39 - - [15/Feb/2023:20:52:10 -0800] "GET /princeton/gcollege61.jpg HTTP/1.1" 200 84242 "-" "Mozilla/5.0 AppleWebKit/537.36 (KHTML, like Gecko; compatible; bingbot/2.0; +http://www.bing.com/bingbot.htm) Chrome/103.0.5060.134 Safari/537.36" "www.ysfine.com"
40.77.167.192 - - [15/Feb/2023:20:52:27 -0800] "GET /world/russ/kazan023.jpg HTTP/1.1" 200 95500 "-" "Mozilla/5.0 AppleWebKit/537.36 (KHTML, like Gecko; compatible; bingbot/2.0; +http://www.bing.com/bingbot.htm) Chrome/103.0.5060.134 Safari/537.36" "www.ysfine.com"
64.124.8.54 - - [15/Feb/2023:20:52:34 -0800] "GET /world/latina/rio016.jpg HTTP/1.1" 200 109096 "-" "Mozilla/5.0 (Macintosh; Intel Mac OS X 10_15_7) AppleWebKit/537.36 (KHTML, like Gecko) Chrome/107.0.0.0 Safari/537.36" "www.ysfine.com"
64.124.8.56 - - [15/Feb/2023:20:52:53 -0800] "GET /world/balkan/istan055.jpg HTTP/1.1" 200 146742 "-" "Mozilla/5.0 (Macintosh; Intel Mac OS X 10_15_7) AppleWebKit/537.36 (KHTML, like Gecko) Chrome/107.0.0.0 Safari/537.36" "www.ysfine.com"
64.124.8.29 - - [15/Feb/2023:20:53:06 -0800] "GET /world/russ/kiev026.jpg HTTP/1.1" 200 129433 "-" "Mozilla/5.0 (Macintosh; Intel Mac OS X 10_15_7) AppleWebKit/537.36 (KHTML, like Gecko) Chrome/107.0.0.0 Safari/537.36" "ysfine.com"
52.167.144.68 - - [15/Feb/2023:20:53:20 -0800] "GET /sbk/2002nyc22.jpg HTTP/1.1" 200 171993 "-" "Mozilla/5.0 AppleWebKit/537.36 (KHTML, like Gecko; compatible; bingbot/2.0; +http://www.bing.com/bingbot.htm) Chrome/103.0.5060.134 Safari/537.36" "www.ysfine.com"
64.124.8.29 - - [15/Feb/2023:20:53:26 -0800] "GET /ysbio/style/musee/pradom31.jpg HTTP/1.1" 404 88 "-" "Mozilla/5.0 (Macintosh; Intel Mac OS X 10_15_7) AppleWebKit/537.36 (KHTML, like Gecko) Chrome/107.0.0.0 Safari/537.36" "ysfine.com"
