45.12.243.243 - - [16/Feb/2023:11:23:15 -0800] "GET /world/brit/harrow09b.jpg HTTP/1.1" 200 48797 "https://ysfine.com/world/brit/etonharrow.html" "Mozilla/5.0 (Macintosh; Intel Mac OS X 10_15_7) AppleWebKit/537.36 (KHTML, like Gecko) Chrome/109.0.0.0 Safari/537.36" "ysfine.com"
45.12.243.243 - - [16/Feb/2023:11:23:15 -0800] "GET /world/brit/harrow04b.jpg HTTP/1.1" 200 48004 "https://ysfine.com/world/brit/etonharrow.html" "Mozilla/5.0 (Macintosh; Intel Mac OS X 10_15_7) AppleWebKit/537.36 (KHTML, like Gecko) Chrome/109.0.0.0 Safari/537.36" "ysfine.com"
45.12.243.243 - - [16/Feb/2023:11:23:16 -0800] "GET /world/brit/harrow11b.jpg HTTP/1.1" 200 42533 "https://ysfine.com/world/brit/etonharrow.html" "Mozilla/5.0 (Macintosh; Intel Mac OS X 10_15_7) AppleWebKit/537.36 (KHTML, like Gecko) Chrome/109.0.0.0 Safari/537.36" "ysfine.com"
45.12.243.243 - - [16/Feb/2023:11:23:16 -0800] "GET /eink/pwk19c.jpg HTTP/1.1" 200 57759 "https://ysfine.com/world/brit/etonharrow.html" "Mozilla/5.0 (Macintosh; Intel Mac OS X 10_15_7) AppleWebKit/537.36 (KHTML, like Gecko) Chrome/109.0.0.0 Safari/537.36" "ysfine.com"
45.12.243.243 - - [16/Feb/2023:11:23:16 -0800] "GET /kobak/taylor33c.jpg HTTP/1.1" 200 39951 "https://ysfine.com/world/brit/etonharrow.html" "Mozilla/5.0 (Macintosh; Intel Mac OS X 10_15_7) AppleWebKit/537.36 (KHTML, like Gecko) Chrome/109.0.0.0 Safari/537.36" "ysfine.com"
45.12.243.243 - - [16/Feb/2023:11:23:16 -0800] "GET /favicon.ico HTTP/1.1" 404 88 "https://ysfine.com/world/brit/etonharrow.html" "Mozilla/5.0 (Macintosh; Intel Mac OS X 10_15_7) AppleWebKit/537.36 (KHTML, like Gecko) Chrome/109.0.0.0 Safari/537.36" "ysfine.com"
64.124.8.29 - - [16/Feb/2023:11:23:19 -0800] "GET /ysbio/world/baltic/kantmuse22.jpg HTTP/1.1" 404 88 "-" "Mozilla/5.0 (Macintosh; Intel Mac OS X 10_15_7) AppleWebKit/537.36 (KHTML, like Gecko) Chrome/107.0.0.0 Safari/537.36" "ysfine.com"
157.55.39.207 - - [16/Feb/2023:11:23:40 -0800] "GET /beau/india01.jpg HTTP/1.1" 404 88 "-" "Mozilla/5.0 AppleWebKit/537.36 (KHTML, like Gecko; compatible; bingbot/2.0; +http://www.bing.com/bingbot.htm) Chrome/103.0.5060.134 Safari/537.36" "ysfine.com"
204.108.127.138 - - [16/Feb/2023:11:24:15 -0800] "GET /maga/invent/popov03.jpg HTTP/1.1" 200 85311 "https://www.google.com/" "Mozilla/5.0 (X11; CrOS x86_64 14695.173.0) AppleWebKit/537.36 (KHTML, like Gecko) Chrome/102.0.0.0 Safari/537.36" "ysfine.com"
52.58.146.230 - - [16/Feb/2023:11:24:26 -0800] "GET / HTTP/1.1" 200 5295 "-" "Mozilla/5.0 (compatible; MSIE 10.0; Windows NT 6.1; Trident/6.0) LinkCheck by Siteimprove.com" "ysfine.com"
66.249.70.3 - - [16/Feb/2023:11:24:49 -0800] "GET /wigner/bieden11b.jpg HTTP/1.1" 200 34227 "-" "Googlebot-Image/1.0" "ysfine.com"
106.32.13.59 - - [16/Feb/2023:11:25:01 -0800] "GET / HTTP/1.1" 200 5295 "-" "Mozilla/4.0 (compatible; MSIE 7.0; Windows NT 6.1; Trident/5.0; SLCC2; .NET CLR 2.0.50727; .NET CLR 3.5.30729; .NET CLR 3.0.30729; .NET4.0C; .NET4.0E; BIDUBrowser 6.x; BIDUBrowser 6.x)" "ysfine.com"
106.32.13.59 - - [16/Feb/2023:11:25:04 -0800] "GET / HTTP/1.1" 200 5295 "-" "Mozilla/4.0 (compatible; MSIE 7.0; Windows NT 6.1; Trident/5.0; SLCC2; .NET CLR 2.0.50727; .NET CLR 3.5.30729; .NET CLR 3.0.30729; .NET4.0C; .NET4.0E; BIDUBrowser 6.x; BIDUBrowser 6.x)" "ysfine.com"
106.32.13.59 - - [16/Feb/2023:11:25:08 -0800] "GET /eink/index.html HTTP/1.1" 200 17716 "-" "Mozilla/5.0 (Windows NT 6.1; WOW64) AppleWebKit/537.36 (KHTML, like Gecko) Chrome/66.0.3359.181 Safari/537.36" "ysfine.com"
106.32.13.59 - - [16/Feb/2023:11:25:08 -0800] "GET /eink/mose.html HTTP/1.1" 200 14315 "-" "Mozilla/5.0 (Windows NT 6.1; WOW64) AppleWebKit/537.36 (KHTML, like Gecko) Chrome/66.0.3359.181 Safari/537.36" "ysfine.com"
106.32.13.59 - - [16/Feb/2023:11:25:08 -0800] "GET /jobs/index.html HTTP/1.1" 200 123 "-" "Mozilla/5.0 (Windows NT 6.1; WOW64) AppleWebKit/537.36 (KHTML, like Gecko) Chrome/66.0.3359.181 Safari/537.36" "ysfine.com"
106.32.13.59 - - [16/Feb/2023:11:25:08 -0800] "GET /home/index.html HTTP/1.1" 200 142 "-" "Mozilla/5.0 (Windows NT 6.1; WOW64) AppleWebKit/537.36 (KHTML, like Gecko) Chrome/66.0.3359.181 Safari/537.36" "ysfine.com"
106.32.13.59 - - [16/Feb/2023:11:25:09 -0800] "GET /bio.html HTTP/1.1" 200 18260 "-" "Mozilla/5.0 (Windows NT 6.1; WOW64) AppleWebKit/537.36 (KHTML, like Gecko) Chrome/66.0.3359.181 Safari/537.36" "ysfine.com"
106.32.13.59 - - [16/Feb/2023:11:25:09 -0800] "GET /eink/index.html HTTP/1.1" 200 17716 "-" "Mozilla/5.0 (Windows NT 6.1; WOW64) AppleWebKit/537.36 (KHTML, like Gecko) Chrome/66.0.3359.181 Safari/537.36" "ysfine.com"
106.32.13.59 - - [16/Feb/2023:11:25:09 -0800] "GET /yspapers/index.html HTTP/1.1" 200 21304 "-" "Mozilla/5.0 (Windows NT 6.1; WOW64) AppleWebKit/537.36 (KHTML, like Gecko) Chrome/66.0.3359.181 Safari/537.36" "ysfine.com"
106.32.13.59 - - [16/Feb/2023:11:25:09 -0800] "GET /awards/index.html HTTP/1.1" 200 10082 "-" "Mozilla/5.0 (Windows NT 6.1; WOW64) AppleWebKit/537.36 (KHTML, like Gecko) Chrome/66.0.3359.181 Safari/537.36" "ysfine.com"
106.32.13.59 - - [16/Feb/2023:11:25:09 -0800] "GET /bio09.html HTTP/1.1" 200 12731 "-" "Mozilla/5.0 (Windows NT 6.1; WOW64) AppleWebKit/537.36 (KHTML, like Gecko) Chrome/66.0.3359.181 Safari/537.36" "ysfine.com"
106.32.13.59 - - [16/Feb/2023:11:25:09 -0800] "GET /world/ysworld.html HTTP/1.1" 200 3224 "-" "Mozilla/5.0 (Windows NT 6.1; WOW64) AppleWebKit/537.36 (KHTML, like Gecko) Chrome/66.0.3359.181 Safari/537.36" "ysfine.com"
106.32.13.59 - - [16/Feb/2023:11:25:09 -0800] "GET /wigner/index.html HTTP/1.1" 200 124 "-" "Mozilla/5.0 (Windows NT 6.1; WOW64) AppleWebKit/537.36 (KHTML, like Gecko) Chrome/66.0.3359.181 Safari/537.36" "ysfine.com"
64.124.8.56 - - [16/Feb/2023:11:25:10 -0800] "GET /style/vienopera22.jpg HTTP/1.1" 200 125468 "-" "Mozilla/5.0 (Macintosh; Intel Mac OS X 10_15_7) AppleWebKit/537.36 (KHTML, like Gecko) Chrome/107.0.0.0 Safari/537.36" "ysfine.com"
106.32.13.59 - - [16/Feb/2023:11:25:10 -0800] "GET /feynman/index.html HTTP/1.1" 200 124 "-" "Mozilla/5.0 (Windows NT 6.1; WOW64) AppleWebKit/537.36 (KHTML, like Gecko) Chrome/66.0.3359.181 Safari/537.36" "ysfine.com"
106.32.13.59 - - [16/Feb/2023:11:25:11 -0800] "GET /einstein/index.html HTTP/1.1" 200 135 "-" "Mozilla/5.0 (Windows NT 6.1; WOW64) AppleWebKit/537.36 (KHTML, like Gecko) Chrome/66.0.3359.181 Safari/537.36" "ysfine.com"
106.32.13.59 - - [16/Feb/2023:11:25:11 -0800] "GET /kobak/index.html HTTP/1.1" 200 130 "-" "Mozilla/5.0 (Windows NT 6.1; WOW64) AppleWebKit/537.36 (KHTML, like Gecko) Chrome/66.0.3359.181 Safari/537.36" "ysfine.com"
106.32.13.59 - - [16/Feb/2023:11:25:11 -0800] "GET /awards/index.html HTTP/1.1" 200 10082 "-" "Mozilla/5.0 (Windows NT 6.1; WOW64) AppleWebKit/537.36 (KHTML, like Gecko) Chrome/66.0.3359.181 Safari/537.36" "ysfine.com"
106.32.13.59 - - [16/Feb/2023:11:25:12 -0800] "GET /dirac/index.html HTTP/1.1" 200 124 "-" "Mozilla/5.0 (Windows NT 6.1; WOW64) AppleWebKit/537.36 (KHTML, like Gecko) Chrome/66.0.3359.181 Safari/537.36" "ysfine.com"
106.32.13.59 - - [16/Feb/2023:11:25:12 -0800] "GET /people/peo.html HTTP/1.1" 200 13502 "-" "Mozilla/5.0 (Windows NT 6.1; WOW64) AppleWebKit/537.36 (KHTML, like Gecko) Chrome/66.0.3359.181 Safari/537.36" "ysfine.com"
106.32.13.59 - - [16/Feb/2023:11:25:12 -0800] "GET /usca/pgh.html HTTP/1.1" 200 13572 "-" "Mozilla/5.0 (Windows NT 6.1; WOW64) AppleWebKit/537.36 (KHTML, like Gecko) Chrome/66.0.3359.181 Safari/537.36" "ysfine.com"
106.32.13.59 - - [16/Feb/2023:11:25:12 -0800] "GET /home/facu63.jpg HTTP/1.1" 200 296378 "-" "Mozilla/5.0 (Windows NT 6.1; WOW64) AppleWebKit/537.36 (KHTML, like Gecko) Chrome/66.0.3359.181 Safari/537.36" "ysfine.com"
106.32.13.59 - - [16/Feb/2023:11:25:13 -0800] "GET /home/dwf.html HTTP/1.1" 200 4126 "-" "Mozilla/5.0 (Windows NT 6.1; WOW64) AppleWebKit/537.36 (KHTML, like Gecko) Chrome/66.0.3359.181 Safari/537.36" "ysfine.com"
106.32.13.59 - - [16/Feb/2023:11:25:13 -0800] "GET /home/dashen.html HTTP/1.1" 200 4015 "-" "Mozilla/5.0 (Windows NT 6.1; WOW64) AppleWebKit/537.36 (KHTML, like Gecko) Chrome/66.0.3359.181 Safari/537.36" "ysfine.com"
106.32.13.59 - - [16/Feb/2023:11:25:13 -0800] "GET /princeton/index.html HTTP/1.1" 200 140 "-" "Mozilla/5.0 (Windows NT 6.1; WOW64) AppleWebKit/537.36 (KHTML, like Gecko) Chrome/66.0.3359.181 Safari/537.36" "ysfine.com"
106.32.13.59 - - [16/Feb/2023:11:25:14 -0800] "GET /world/ysworld.html HTTP/1.1" 200 3224 "-" "Mozilla/5.0 (Windows NT 6.1; WOW64) AppleWebKit/537.36 (KHTML, like Gecko) Chrome/66.0.3359.181 Safari/537.36" "ysfine.com"
106.32.13.59 - - [16/Feb/2023:11:25:14 -0800] "GET /dirac/dirk62.html HTTP/1.1" 200 3949 "-" "Mozilla/5.0 (Windows NT 6.1; WOW64) AppleWebKit/537.36 (KHTML, like Gecko) Chrome/66.0.3359.181 Safari/537.36" "ysfine.com"
106.32.13.59 - - [16/Feb/2023:11:25:14 -0800] "GET /maga/herod.html HTTP/1.1" 200 4341 "-" "Mozilla/5.0 (Windows NT 6.1; WOW64) AppleWebKit/537.36 (KHTML, like Gecko) Chrome/66.0.3359.181 Safari/537.36" "ysfine.com"
106.32.13.59 - - [16/Feb/2023:11:25:15 -0800] "GET /home/dashen.html HTTP/1.1" 200 4015 "-" "Mozilla/5.0 (Windows NT 6.1; WOW64) AppleWebKit/537.36 (KHTML, like Gecko) Chrome/66.0.3359.181 Safari/537.36" "ysfine.com"
168.138.24.178 - - [16/Feb/2023:11:25:16 -0800] "GET /princeton/mudd11.jpg HTTP/1.1" 200 155119 "-" "Mozilla/5.0 (X11; Ubuntu; Linux x86_64; rv:72.0) Gecko/20100101 Firefox/72.0" "www.ysfine.com"
64.124.8.57 - - [16/Feb/2023:11:25:18 -0800] "GET /maga/boltz/maxrel11.jpg HTTP/1.1" 200 85867 "-" "Mozilla/5.0 (Macintosh; Intel Mac OS X 10_15_7) AppleWebKit/537.36 (KHTML, like Gecko) Chrome/107.0.0.0 Safari/537.36" "ysfine.com"
106.32.13.59 - - [16/Feb/2023:11:25:24 -0800] "GET /home/bio22.html HTTP/1.1" 404 88 "-" "Mozilla/5.0 (Windows NT 6.1; WOW64) AppleWebKit/537.36 (KHTML, like Gecko) Chrome/66.0.3359.181 Safari/537.36" "ysfine.com"
52.167.144.62 - - [16/Feb/2023:11:26:36 -0800] "GET /beau/amkor/amchi22.jpg HTTP/1.1" 404 88 "-" "Mozilla/5.0 AppleWebKit/537.36 (KHTML, like Gecko; compatible; bingbot/2.0; +http://www.bing.com/bingbot.htm) Chrome/103.0.5060.134 Safari/537.36" "ysfine.com"
174.206.168.141 - - [16/Feb/2023:11:26:39 -0800] "GET /princeton/alexan22.jpg HTTP/1.1" 200 175436 "https://www.google.com/" "Mozilla/5.0 (iPhone; CPU iPhone OS 16_3_1 like Mac OS X) AppleWebKit/605.1.15 (KHTML, like Gecko) GSA/251.0.508228821 Mobile/20D67 Safari/604.1" "ysfine.com"
157.55.39.207 - - [16/Feb/2023:11:26:41 -0800] "GET /sbk/2008mrs11.jpg HTTP/1.1" 200 164737 "-" "Mozilla/5.0 AppleWebKit/537.36 (KHTML, like Gecko; compatible; bingbot/2.0; +http://www.bing.com/bingbot.htm) Chrome/103.0.5060.134 Safari/537.36" "ysfine.com"
216.244.66.229 - - [16/Feb/2023:11:27:04 -0800] "GET /robots.txt HTTP/1.1" 404 73 "-" "Mozilla/5.0 (compatible; DotBot/1.2; +https://opensiteexplorer.org/dotbot; help@moz.com)" "ysfine.com"
64.124.8.57 - - [16/Feb/2023:11:27:04 -0800] "GET /ysbio/maga/phys/schrod35.jpg HTTP/1.1" 404 88 "-" "Mozilla/5.0 (Macintosh; Intel Mac OS X 10_15_7) AppleWebKit/537.36 (KHTML, like Gecko) Chrome/107.0.0.0 Safari/537.36" "ysfine.com"
64.124.8.56 - - [16/Feb/2023:11:27:05 -0800] "GET /world/poland/waw11.jpg HTTP/1.1" 200 157505 "-" "Mozilla/5.0 (Macintosh; Intel Mac OS X 10_15_7) AppleWebKit/537.36 (KHTML, like Gecko) Chrome/107.0.0.0 Safari/537.36" "www.ysfine.com"
64.124.8.50 - - [16/Feb/2023:11:28:03 -0800] "GET /ysbio/dirac/dirfeyn22.html HTTP/1.1" 404 88 "-" "Mozilla/5.0 (X11; Linux x86_64) AppleWebKit/537.36 (KHTML, like Gecko) Chrome/61.0.3163.79 Safari/537.36" "www.ysfine.com"
37.228.252.22 - - [16/Feb/2023:11:28:33 -0800] "GET /heisen/bohrheisen11.jpg HTTP/1.1" 200 104546 "https://www.google.ie/" "Mozilla/5.0 (iPhone; CPU iPhone OS 14_8 like Mac OS X) AppleWebKit/605.1.15 (KHTML, like Gecko) Version/14.1.2 Mobile/15E148 Safari/604.1" "ysfine.com"
216.244.66.229 - - [16/Feb/2023:11:29:21 -0800] "GET /auto/princeton/yspr.html HTTP/1.1" 404 73 "-" "Mozilla/5.0 (compatible; DotBot/1.2; +https://opensiteexplorer.org/dotbot; help@moz.com)" "ysfine.com"
64.124.8.28 - - [16/Feb/2023:11:29:24 -0800] "GET /world/germany/leipzig65.jpg HTTP/1.1" 200 283640 "-" "Mozilla/5.0 (Macintosh; Intel Mac OS X 10_15_7) AppleWebKit/537.36 (KHTML, like Gecko) Chrome/107.0.0.0 Safari/537.36" "ysfine.com"
216.244.66.229 - - [16/Feb/2023:11:29:26 -0800] "GET /home/home/genea.html HTTP/1.1" 404 73 "-" "Mozilla/5.0 (compatible; DotBot/1.2; +https://opensiteexplorer.org/dotbot; help@moz.com)" "ysfine.com"
216.244.66.229 - - [16/Feb/2023:11:29:31 -0800] "GET /auto/yspapers/index.html HTTP/1.1" 404 73 "-" "Mozilla/5.0 (compatible; DotBot/1.2; +https://opensiteexplorer.org/dotbot; help@moz.com)" "ysfine.com"
216.244.66.229 - - [16/Feb/2023:11:30:02 -0800] "GET /wdc/waskor014.jpg HTTP/1.1" 200 67774 "-" "Mozilla/5.0 (compatible; DotBot/1.2; +https://opensiteexplorer.org/dotbot; help@moz.com)" "ysfine.com"
64.124.8.54 - - [16/Feb/2023:11:31:12 -0800] "GET /dirac/bridge66.jpg HTTP/1.1" 200 194740 "-" "Mozilla/5.0 (Macintosh; Intel Mac OS X 10_15_7) AppleWebKit/537.36 (KHTML, like Gecko) Chrome/107.0.0.0 Safari/537.36" "ysfine.com"
64.124.8.54 - - [16/Feb/2023:11:31:27 -0800] "GET /world/ital/flor61.jpg HTTP/1.1" 404 88 "-" "Mozilla/5.0 (Macintosh; Intel Mac OS X 10_15_7) AppleWebKit/537.36 (KHTML, like Gecko) Chrome/107.0.0.0 Safari/537.36" "www.ysfine.com"
64.124.8.55 - - [16/Feb/2023:11:31:43 -0800] "GET /ysbio/wdc/whouse15.jpg HTTP/1.1" 404 88 "-" "Mozilla/5.0 (Macintosh; Intel Mac OS X 10_15_7) AppleWebKit/537.36 (KHTML, like Gecko) Chrome/107.0.0.0 Safari/537.36" "www.ysfine.com"
64.124.8.30 - - [16/Feb/2023:11:33:09 -0800] "GET /robots.txt HTTP/1.1" 404 88 "-" "Mozilla/5.0 (X11; Linux x86_64) AppleWebKit/537.36 (KHTML, like Gecko) Chrome/61.0.3163.79 Safari/537.36" "www.ysfine.com"
64.124.8.30 - - [16/Feb/2023:11:33:09 -0800] "GET /ysbio/class54/roskeim.html HTTP/1.1" 404 88 "-" "Mozilla/5.0 (X11; Linux x86_64) AppleWebKit/537.36 (KHTML, like Gecko) Chrome/61.0.3163.79 Safari/537.36" "www.ysfine.com"
52.167.144.62 - - [16/Feb/2023:11:34:18 -0800] "GET /bio/style/proschanie.html HTTP/1.1" 404 88 "-" "Mozilla/5.0 AppleWebKit/537.36 (KHTML, like Gecko; compatible; bingbot/2.0; +http://www.bing.com/bingbot.htm) Chrome/103.0.5060.134 Safari/537.36" "ysfine.com"
64.124.8.50 - - [16/Feb/2023:11:34:37 -0800] "GET /world/balkan/istan027.jpg HTTP/1.1" 200 60721 "-" "Mozilla/5.0 (Macintosh; Intel Mac OS X 10_15_7) AppleWebKit/537.36 (KHTML, like Gecko) Chrome/107.0.0.0 Safari/537.36" "ysfine.com"
64.124.8.53 - - [16/Feb/2023:11:34:47 -0800] "GET /world/brit/imperialc06.jpg HTTP/1.1" 200 184813 "-" "Mozilla/5.0 (Macintosh; Intel Mac OS X 10_15_7) AppleWebKit/537.36 (KHTML, like Gecko) Chrome/107.0.0.0 Safari/537.36" "ysfine.com"
64.124.8.52 - - [16/Feb/2023:11:35:50 -0800] "GET /world/ital/panth11.jpg HTTP/1.1" 200 118055 "-" "Mozilla/5.0 (Macintosh; Intel Mac OS X 10_15_7) AppleWebKit/537.36 (KHTML, like Gecko) Chrome/107.0.0.0 Safari/537.36" "www.ysfine.com"
40.77.167.184 - - [16/Feb/2023:11:36:05 -0800] "GET /robots.txt HTTP/1.1" 404 88 "-" "Mozilla/5.0 AppleWebKit/537.36 (KHTML, like Gecko; compatible; bingbot/2.0; +http://www.bing.com/bingbot.htm) Chrome/103.0.5060.134 Safari/537.36" "ysfine.com"
52.167.144.86 - - [16/Feb/2023:11:36:08 -0800] "GET /kowar/tanks/arisakaguns01b.jpg HTTP/1.1" 200 33229 "-" "Mozilla/5.0 AppleWebKit/537.36 (KHTML, like Gecko; compatible; bingbot/2.0; +http://www.bing.com/bingbot.htm) Chrome/103.0.5060.134 Safari/537.36" "ysfine.com"
52.167.144.86 - - [16/Feb/2023:11:36:08 -0800] "GET /figs/pwk450.jpg HTTP/1.1" 200 84171 "-" "Mozilla/5.0 AppleWebKit/537.36 (KHTML, like Gecko; compatible; bingbot/2.0; +http://www.bing.com/bingbot.htm) Chrome/103.0.5060.134 Safari/537.36" "ysfine.com"
52.167.144.86 - - [16/Feb/2023:11:36:09 -0800] "GET /world/brit/imperialc10.jpg HTTP/1.1" 200 58053 "-" "Mozilla/5.0 AppleWebKit/537.36 (KHTML, like Gecko; compatible; bingbot/2.0; +http://www.bing.com/bingbot.htm) Chrome/103.0.5060.134 Safari/537.36" "ysfine.com"
52.167.144.62 - - [16/Feb/2023:11:36:38 -0800] "GET /usca/pitt/fortpitt01.jpg HTTP/1.1" 200 165647 "-" "Mozilla/5.0 AppleWebKit/537.36 (KHTML, like Gecko; compatible; bingbot/2.0; +http://www.bing.com/bingbot.htm) Chrome/103.0.5060.134 Safari/537.36" "ysfine.com"
24.168.89.74 - - [16/Feb/2023:11:37:35 -0800] "GET /wigner/gim/gimn00.jpg HTTP/1.1" 200 115301 "https://www.google.com/" "Mozilla/5.0 (Macintosh; Intel Mac OS X 10_13_6) AppleWebKit/605.1.15 (KHTML, like Gecko) Version/13.1.2 Safari/605.1.15" "ysfine.com"
52.167.144.86 - - [16/Feb/2023:11:37:39 -0800] "GET /bio/wigner/e(2).html HTTP/1.1" 404 88 "-" "Mozilla/5.0 AppleWebKit/537.36 (KHTML, like Gecko; compatible; bingbot/2.0; +http://www.bing.com/bingbot.htm) Chrome/103.0.5060.134 Safari/537.36" "ysfine.com"
213.174.148.161 - - [16/Feb/2023:11:37:57 -0800] "GET /robots.txt HTTP/1.1" 404 73 "-" "Mozilla/5.0 (X11; Ubuntu; Linux x86_64; rv:39.0) Gecko/20100101 Firefox/39.0" "ysfine.com"
213.174.148.161 - - [16/Feb/2023:11:37:58 -0800] "GET /wisdom/wk96.html HTTP/1.1" 200 68873 "-" "Mozilla/5.0 (X11; Ubuntu; Linux x86_64; rv:39.0) Gecko/20100101 Firefox/39.0" "ysfine.com"
52.167.144.86 - - [16/Feb/2023:11:38:20 -0800] "GET /bio/princeton/campus.html HTTP/1.1" 404 88 "-" "Mozilla/5.0 AppleWebKit/537.36 (KHTML, like Gecko; compatible; bingbot/2.0; +http://www.bing.com/bingbot.htm) Chrome/103.0.5060.134 Safari/537.36" "ysfine.com"
166.109.26.79 - - [16/Feb/2023:11:38:20 -0800] "GET /world/france/arusas01.jpg HTTP/1.1" 200 364636 "https://www.google.com/" "Mozilla/5.0 (Macintosh; Intel Mac OS X 10_15_7) AppleWebKit/537.36 (KHTML, like Gecko) Chrome/109.0.0.0 Safari/537.36" "ysfine.com"
52.167.144.35 - - [16/Feb/2023:11:38:54 -0800] "GET /world/ital/stcroce14.jpg HTTP/1.1" 200 67622 "-" "Mozilla/5.0 AppleWebKit/537.36 (KHTML, like Gecko; compatible; bingbot/2.0; +http://www.bing.com/bingbot.htm) Chrome/103.0.5060.134 Safari/537.36" "ysfine.com"
52.167.144.35 - - [16/Feb/2023:11:38:54 -0800] "GET /world/russ/tchaikovhall04.jpg HTTP/1.1" 200 77132 "-" "Mozilla/5.0 AppleWebKit/537.36 (KHTML, like Gecko; compatible; bingbot/2.0; +http://www.bing.com/bingbot.htm) Chrome/103.0.5060.134 Safari/537.36" "ysfine.com"
52.167.144.35 - - [16/Feb/2023:11:38:55 -0800] "GET /dirac/truck/truck16d.jpg HTTP/1.1" 200 31562 "-" "Mozilla/5.0 AppleWebKit/537.36 (KHTML, like Gecko; compatible; bingbot/2.0; +http://www.bing.com/bingbot.htm) Chrome/103.0.5060.134 Safari/537.36" "ysfine.com"
52.167.144.35 - - [16/Feb/2023:11:38:55 -0800] "GET /bio/sbk/1950.html HTTP/1.1" 404 88 "-" "Mozilla/5.0 AppleWebKit/537.36 (KHTML, like Gecko; compatible; bingbot/2.0; +http://www.bing.com/bingbot.htm) Chrome/103.0.5060.134 Safari/537.36" "ysfine.com"
52.167.144.86 - - [16/Feb/2023:11:39:29 -0800] "GET /world/france/chagall03.jpg HTTP/1.1" 200 195198 "-" "Mozilla/5.0 AppleWebKit/537.36 (KHTML, like Gecko; compatible; bingbot/2.0; +http://www.bing.com/bingbot.htm) Chrome/103.0.5060.134 Safari/537.36" "ysfine.com"
52.167.144.86 - - [16/Feb/2023:11:39:30 -0800] "GET /auto/bio21.html HTTP/1.1" 200 5217 "-" "Mozilla/5.0 AppleWebKit/537.36 (KHTML, like Gecko; compatible; bingbot/2.0; +http://www.bing.com/bingbot.htm) Chrome/103.0.5060.134 Safari/537.36" "ysfine.com"
64.124.8.29 - - [16/Feb/2023:11:39:44 -0800] "GET /ysbio/princeton/puband10.jpg HTTP/1.1" 404 88 "-" "Mozilla/5.0 (Macintosh; Intel Mac OS X 10_15_7) AppleWebKit/537.36 (KHTML, like Gecko) Chrome/107.0.0.0 Safari/537.36" "ysfine.com"
64.124.8.34 - - [16/Feb/2023:11:40:02 -0800] "GET /robots.txt HTTP/1.1" 404 88 "-" "Mozilla/5.0 (X11; Linux x86_64) AppleWebKit/537.36 (KHTML, like Gecko) Chrome/61.0.3163.79 Safari/537.36" "ysfine.com"
64.124.8.34 - - [16/Feb/2023:11:40:03 -0800] "GET /robots.txt HTTP/1.1" 404 88 "-" "Mozilla/5.0 (X11; Linux x86_64) AppleWebKit/537.36 (KHTML, like Gecko) Chrome/61.0.3163.79 Safari/537.36" "ysfine.com"
64.124.8.34 - - [16/Feb/2023:11:40:03 -0800] "GET /jobs/usaj.html HTTP/1.1" 200 649 "-" "Mozilla/5.0 (X11; Linux x86_64) AppleWebKit/537.36 (KHTML, like Gecko) Chrome/61.0.3163.79 Safari/537.36" "ysfine.com"
64.124.8.55 - - [16/Feb/2023:11:41:17 -0800] "GET /ysbio/world/scandi/copenf60.jpg HTTP/1.1" 404 88 "-" "Mozilla/5.0 (Macintosh; Intel Mac OS X 10_15_7) AppleWebKit/537.36 (KHTML, like Gecko) Chrome/107.0.0.0 Safari/537.36" "ysfine.com"
107.77.219.168 - - [16/Feb/2023:11:41:39 -0800] "GET /kowar/panmun04.jpg HTTP/1.1" 200 126386 "https://www.google.com/" "Mozilla/5.0 (iPhone; CPU iPhone OS 16_1_1 like Mac OS X) AppleWebKit/605.1.15 (KHTML, like Gecko) Version/16.1 Mobile/15E148 Safari/604.1" "ysfine.com"
52.167.144.35 - - [16/Feb/2023:11:41:46 -0800] "GET /wdc/fedreserv11.jpg HTTP/1.1" 200 133455 "-" "Mozilla/5.0 AppleWebKit/537.36 (KHTML, like Gecko; compatible; bingbot/2.0; +http://www.bing.com/bingbot.htm) Chrome/103.0.5060.134 Safari/537.36" "www.ysfine.com"
64.124.8.55 - - [16/Feb/2023:11:41:48 -0800] "GET /world/poland/hcross04.jpg HTTP/1.1" 200 141968 "-" "Mozilla/5.0 (Macintosh; Intel Mac OS X 10_15_7) AppleWebKit/537.36 (KHTML, like Gecko) Chrome/107.0.0.0 Safari/537.36" "www.ysfine.com"
64.124.8.28 - - [16/Feb/2023:11:41:52 -0800] "GET /einstein/chewfra11.jpg HTTP/1.1" 200 73493 "-" "Mozilla/5.0 (Macintosh; Intel Mac OS X 10_15_7) AppleWebKit/537.36 (KHTML, like Gecko) Chrome/107.0.0.0 Safari/537.36" "www.ysfine.com"
64.124.8.29 - - [16/Feb/2023:11:41:58 -0800] "GET /world/france/nicef08.jpg HTTP/1.1" 200 93349 "-" "Mozilla/5.0 (Macintosh; Intel Mac OS X 10_15_7) AppleWebKit/537.36 (KHTML, like Gecko) Chrome/107.0.0.0 Safari/537.36" "www.ysfine.com"
20.62.224.44 - - [16/Feb/2023:11:43:24 -0800] "GET /newyork/colum12.jpg HTTP/1.1" 200 105871 "-" "DuckDuckBot/1.1; (+http://duckduckgo.com/duckduckbot.html)" "www.ysfine.com"
52.167.144.35 - - [16/Feb/2023:11:43:26 -0800] "GET /world/russ/kazan043.jpg HTTP/1.1" 200 121131 "-" "Mozilla/5.0 AppleWebKit/537.36 (KHTML, like Gecko; compatible; bingbot/2.0; +http://www.bing.com/bingbot.htm) Chrome/103.0.5060.134 Safari/537.36" "www.ysfine.com"
64.124.8.34 - - [16/Feb/2023:11:43:38 -0800] "GET /world/balticw.html HTTP/1.1" 200 15785 "-" "Mozilla/5.0 (X11; Linux x86_64) AppleWebKit/537.36 (KHTML, like Gecko) Chrome/61.0.3163.79 Safari/537.36" "ysfine.com"
157.55.39.207 - - [16/Feb/2023:11:44:13 -0800] "GET /maga/einstein/ewk.html HTTP/1.1" 404 88 "-" "Mozilla/5.0 AppleWebKit/537.36 (KHTML, like Gecko; compatible; bingbot/2.0; +http://www.bing.com/bingbot.htm) Chrome/103.0.5060.134 Safari/537.36" "www.ysfine.com"
157.55.39.207 - - [16/Feb/2023:11:44:13 -0800] "GET /awards/index.html HTTP/1.1" 200 10082 "-" "Mozilla/5.0 AppleWebKit/537.36 (KHTML, like Gecko; compatible; bingbot/2.0; +http://www.bing.com/bingbot.htm) Chrome/103.0.5060.134 Safari/537.36" "www.ysfine.com"
157.55.39.207 - - [16/Feb/2023:11:44:14 -0800] "GET /world/istanbul.html HTTP/1.1" 200 11361 "-" "Mozilla/5.0 AppleWebKit/537.36 (KHTML, like Gecko; compatible; bingbot/2.0; +http://www.bing.com/bingbot.htm) Chrome/103.0.5060.134 Safari/537.36" "www.ysfine.com"
5.188.210.38 - - [16/Feb/2023:11:44:21 -0800] "GET /world/visas.html HTTP/1.1" 200 7643 "https://www.ysfine.com/world/visas.html" "Mozilla/5.0 (Windows NT 6.3; Win64; x64) AppleWebKit/537.36 (KHTML, like Gecko) Chrome/90.0.4430.85 Safari/537.36 Edg/90.0.818.46" "www.ysfine.com"
64.124.8.54 - - [16/Feb/2023:11:44:30 -0800] "GET /ysbio/world/balkan/istan022.jpg HTTP/1.1" 404 88 "-" "Mozilla/5.0 (Macintosh; Intel Mac OS X 10_15_7) AppleWebKit/537.36 (KHTML, like Gecko) Chrome/107.0.0.0 Safari/537.36" "ysfine.com"
77.75.78.169 - - [16/Feb/2023:11:44:34 -0800] "GET /robots.txt HTTP/1.1" 404 88 "-" "Mozilla/5.0 (compatible; SeznamBot/3.2; +http://napoveda.seznam.cz/en/seznambot-intro/)" "ysfine.com"
77.75.78.169 - - [16/Feb/2023:11:44:36 -0800] "GET /world/baltic/riga28.jpg HTTP/1.1" 304 - "-" "Mozilla/5.0 (compatible; SeznamBot/3.2; +http://napoveda.seznam.cz/en/seznambot-intro/)" "ysfine.com"
77.75.78.169 - - [16/Feb/2023:11:44:37 -0800] "GET /world/russ/kazan066.jpg HTTP/1.1" 200 44197 "-" "Mozilla/5.0 (compatible; SeznamBot/3.2; +http://napoveda.seznam.cz/en/seznambot-intro/)" "ysfine.com"
64.124.8.30 - - [16/Feb/2023:11:44:37 -0800] "GET /robots.txt HTTP/1.1" 404 88 "-" "Mozilla/5.0 (X11; Linux x86_64) AppleWebKit/537.36 (KHTML, like Gecko) Chrome/61.0.3163.79 Safari/537.36" "www.ysfine.com"
64.124.8.30 - - [16/Feb/2023:11:44:38 -0800] "GET /maga/index.html HTTP/1.1" 200 6127 "-" "Mozilla/5.0 (X11; Linux x86_64) AppleWebKit/537.36 (KHTML, like Gecko) Chrome/61.0.3163.79 Safari/537.36" "www.ysfine.com"
77.75.78.169 - - [16/Feb/2023:11:44:39 -0800] "GET /princeton/brownh11.jpg HTTP/1.1" 200 120838 "-" "Mozilla/5.0 (compatible; SeznamBot/3.2; +http://napoveda.seznam.cz/en/seznambot-intro/)" "ysfine.com"
77.75.78.169 - - [16/Feb/2023:11:44:42 -0800] "GET /newyork/lincolnc22.jpg HTTP/1.1" 304 - "-" "Mozilla/5.0 (compatible; SeznamBot/3.2; +http://napoveda.seznam.cz/en/seznambot-intro/)" "ysfine.com"
77.75.78.169 - - [16/Feb/2023:11:44:42 -0800] "GET /world/ital/panth04.jpg HTTP/1.1" 304 - "-" "Mozilla/5.0 (compatible; SeznamBot/3.2; +http://napoveda.seznam.cz/en/seznambot-intro/)" "ysfine.com"
77.75.78.169 - - [16/Feb/2023:11:44:43 -0800] "GET /style/shagall33.jpg HTTP/1.1" 200 68486 "-" "Mozilla/5.0 (compatible; SeznamBot/3.2; +http://napoveda.seznam.cz/en/seznambot-intro/)" "ysfine.com"
77.75.78.169 - - [16/Feb/2023:11:44:45 -0800] "GET /feynman/millik.jpg HTTP/1.1" 200 79301 "-" "Mozilla/5.0 (compatible; SeznamBot/3.2; +http://napoveda.seznam.cz/en/seznambot-intro/)" "ysfine.com"
64.124.8.34 - - [16/Feb/2023:11:44:51 -0800] "GET /einstein/eimaga.html HTTP/1.1" 404 88 "-" "Mozilla/5.0 (X11; Linux x86_64) AppleWebKit/537.36 (KHTML, like Gecko) Chrome/61.0.3163.79 Safari/537.36" "ysfine.com"
66.249.70.4 - - [16/Feb/2023:11:44:57 -0800] "GET /world/russ/spbpi06.jpg HTTP/1.1" 304 - "-" "Googlebot-Image/1.0" "ysfine.com"
64.124.8.30 - - [16/Feb/2023:11:45:16 -0800] "GET /remote/wigner111/frame26.html HTTP/1.1" 304 - "-" "Mozilla/5.0 (X11; Linux x86_64) AppleWebKit/537.36 (KHTML, like Gecko) Chrome/61.0.3163.79 Safari/537.36" "www.ysfine.com"
157.55.39.207 - - [16/Feb/2023:11:45:32 -0800] "GET /feynman/feygell66c.jpg HTTP/1.1" 200 32056 "-" "Mozilla/5.0 AppleWebKit/537.36 (KHTML, like Gecko; compatible; bingbot/2.0; +http://www.bing.com/bingbot.htm) Chrome/103.0.5060.134 Safari/537.36" "www.ysfine.com"
64.124.8.49 - - [16/Feb/2023:11:45:40 -0800] "GET /world/germany/hegel08.jpg HTTP/1.1" 200 86429 "-" "Mozilla/5.0 (Macintosh; Intel Mac OS X 10_15_7) AppleWebKit/537.36 (KHTML, like Gecko) Chrome/107.0.0.0 Safari/537.36" "ysfine.com"
104.176.69.143 - - [16/Feb/2023:11:45:41 -0800] "GET /wigner/wiglittle.pdf HTTP/1.1" 200 2659296 "https://www.google.com/" "Mozilla/5.0 (iPhone; CPU iPhone OS 16_0 like Mac OS X) AppleWebKit/605.1.15 (KHTML, like Gecko) Version/16.0 Mobile/15E148 Safari/604.1" "ysfine.com"
104.176.69.143 - - [16/Feb/2023:11:45:45 -0800] "GET /favicon.ico HTTP/1.1" 404 88 "https://ysfine.com/wigner/wiglittle.pdf" "Mozilla/5.0 (iPhone; CPU iPhone OS 16_0 like Mac OS X) AppleWebKit/605.1.15 (KHTML, like Gecko) Version/16.0 Mobile/15E148 Safari/604.1" "ysfine.com"
64.124.8.30 - - [16/Feb/2023:11:46:00 -0800] "GET /remote/wigner111/frame42.html HTTP/1.1" 304 - "-" "Mozilla/5.0 (X11; Linux x86_64) AppleWebKit/537.36 (KHTML, like Gecko) Chrome/61.0.3163.79 Safari/537.36" "www.ysfine.com"
64.124.8.52 - - [16/Feb/2023:11:47:07 -0800] "GET /world/russ/mosf36.jpg HTTP/1.1" 200 131282 "-" "Mozilla/5.0 (Macintosh; Intel Mac OS X 10_15_7) AppleWebKit/537.36 (KHTML, like Gecko) Chrome/107.0.0.0 Safari/537.36" "ysfine.com"
64.124.8.53 - - [16/Feb/2023:11:47:09 -0800] "GET /world/russ/krem04.jpg HTTP/1.1" 200 96851 "-" "Mozilla/5.0 (Macintosh; Intel Mac OS X 10_15_7) AppleWebKit/537.36 (KHTML, like Gecko) Chrome/107.0.0.0 Safari/537.36" "ysfine.com"
66.249.70.30 - - [16/Feb/2023:11:47:18 -0800] "GET /awards/marq20.jpg HTTP/1.1" 200 280201 "-" "Googlebot-Image/1.0" "ysfine.com"
66.249.70.30 - - [16/Feb/2023:11:47:20 -0800] "GET /awards/marq20a.jpg HTTP/1.1" 200 108224 "-" "Googlebot-Image/1.0" "ysfine.com"
2.223.144.175 - - [16/Feb/2023:11:48:04 -0800] "GET /style/rieu01.jpg HTTP/1.1" 200 163272 "https://www.bing.com/" "Mozilla/5.0 (Windows NT 10.0; Win64; x64) AppleWebKit/537.36 (KHTML, like Gecko) Chrome/110.0.0.0 Safari/537.36" "www.ysfine.com"
64.124.8.37 - - [16/Feb/2023:11:48:05 -0800] "GET /world/chopingr.html HTTP/1.1" 404 88 "-" "Mozilla/5.0 (X11; Linux x86_64) AppleWebKit/537.36 (KHTML, like Gecko) Chrome/61.0.3163.79 Safari/537.36" "ysfine.com"
103.37.142.38 - - [16/Feb/2023:11:48:15 -0800] "GET /maga/phys/weylbook22.jpg HTTP/1.1" 200 129949 "-" "Mozilla/5.0 (X11; Ubuntu; Linux x86_64; rv:72.0) Gecko/20100101 Firefox/72.0" "ysfine.com"
103.37.142.26 - - [16/Feb/2023:11:48:16 -0800] "GET /maga/phys/sternberg.jpg HTTP/1.1" 200 95403 "-" "Mozilla/5.0 (X11; Ubuntu; Linux x86_64; rv:72.0) Gecko/20100101 Firefox/72.0" "ysfine.com"
103.37.142.26 - - [16/Feb/2023:11:48:16 -0800] "GET /maga/phys/weylbook11.jpg HTTP/1.1" 200 221547 "-" "Mozilla/5.0 (X11; Ubuntu; Linux x86_64; rv:72.0) Gecko/20100101 Firefox/72.0" "ysfine.com"
103.37.142.70 - - [16/Feb/2023:11:48:24 -0800] "GET /maga/phys/weylbook11b.jpg HTTP/1.1" 200 25098 "-" "Mozilla/5.0 (X11; Ubuntu; Linux x86_64; rv:72.0) Gecko/20100101 Firefox/72.0" "ysfine.com"
103.37.142.42 - - [16/Feb/2023:11:48:24 -0800] "GET /maga/phys/arnold.jpg HTTP/1.1" 200 142180 "-" "Mozilla/5.0 (X11; Ubuntu; Linux x86_64; rv:72.0) Gecko/20100101 Firefox/72.0" "ysfine.com"
66.154.210.254 - - [16/Feb/2023:11:48:26 -0800] "GET /style/tatiana11.jpg HTTP/1.1" 200 146910 "https://www.google.com/" "Mozilla/5.0 (X11; CrOS x86_64 14989.107.0) AppleWebKit/537.36 (KHTML, like Gecko) Chrome/105.0.0.0 Safari/537.36" "ysfine.com"
64.124.8.56 - - [16/Feb/2023:11:48:57 -0800] "GET /wigner/gim/map02.jpg HTTP/1.1" 200 135793 "-" "Mozilla/5.0 (Macintosh; Intel Mac OS X 10_15_7) AppleWebKit/537.36 (KHTML, like Gecko) Chrome/107.0.0.0 Safari/537.36" "www.ysfine.com"
64.124.8.50 - - [16/Feb/2023:11:49:08 -0800] "GET /world/germany.html HTTP/1.1" 200 474 "-" "Mozilla/5.0 (X11; Linux x86_64) AppleWebKit/537.36 (KHTML, like Gecko) Chrome/61.0.3163.79 Safari/537.36" "www.ysfine.com"
185.46.229.3 - - [16/Feb/2023:11:49:13 -0800] "GET /wp-login.php HTTP/1.1" 404 88 "http://www.ysfine.com/wp-login.php" "Mozilla/5.0 (Windows NT 10.0; Win64; x64; rv:96.0) Gecko/20100101 Firefox/96" "www.ysfine.com"
186.122.181.18 - - [16/Feb/2023:11:49:28 -0800] "GET /kowar/tanks/m46c.jpg HTTP/1.1" 200 74862 "https://www.google.com/" "Mozilla/5.0 (Windows NT 10.0; Win64; x64) AppleWebKit/537.36 (KHTML, like Gecko) Chrome/110.0.0.0 Safari/537.36" "ysfine.com"
64.124.8.57 - - [16/Feb/2023:11:50:18 -0800] "GET /world/germany/vienstdpark05.jpg HTTP/1.1" 200 129466 "-" "Mozilla/5.0 (Macintosh; Intel Mac OS X 10_15_7) AppleWebKit/537.36 (KHTML, like Gecko) Chrome/107.0.0.0 Safari/537.36" "www.ysfine.com"
64.124.8.53 - - [16/Feb/2023:11:50:20 -0800] "GET /newyork/grant01.jpg HTTP/1.1" 200 86409 "-" "Mozilla/5.0 (Macintosh; Intel Mac OS X 10_15_7) AppleWebKit/537.36 (KHTML, like Gecko) Chrome/107.0.0.0 Safari/537.36" "ysfine.com"
64.124.8.50 - - [16/Feb/2023:11:50:33 -0800] "GET /archives/proceedings/ff3/ff3righ.html HTTP/1.1" 200 1328 "-" "Mozilla/5.0 (X11; Linux x86_64) AppleWebKit/537.36 (KHTML, like Gecko) Chrome/61.0.3163.79 Safari/537.36" "www.ysfine.com"
185.191.171.43 - - [16/Feb/2023:11:50:48 -0800] "GET /world/cordoba.html HTTP/1.1" 200 5417 "-" "Mozilla/5.0 (compatible; SemrushBot/7~bl; +http://www.semrush.com/bot.html)" "ysfine.com"
20.239.77.165 - - [16/Feb/2023:11:51:28 -0800] "GET / HTTP/1.1" 200 5295 "http://www.ysfine.com" "Mozilla/5.0 (Windows; U; Windows NT 6.1; en-US) AppleWebKit/534.3 (KHTML, like Gecko) Chrome/6.0.472.33 Safari/534.3 SE 2.X MetaSr 1.0" "www.ysfine.com"
64.124.8.56 - - [16/Feb/2023:11:52:13 -0800] "GET /kowar/tanks/sherman52.jpg HTTP/1.1" 200 99286 "-" "Mozilla/5.0 (Macintosh; Intel Mac OS X 10_15_7) AppleWebKit/537.36 (KHTML, like Gecko) Chrome/107.0.0.0 Safari/537.36" "ysfine.com"
64.124.8.56 - - [16/Feb/2023:11:52:15 -0800] "GET /world/germany/tub37.jpg HTTP/1.1" 200 94124 "-" "Mozilla/5.0 (Macintosh; Intel Mac OS X 10_15_7) AppleWebKit/537.36 (KHTML, like Gecko) Chrome/107.0.0.0 Safari/537.36" "www.ysfine.com"
66.249.70.30 - - [16/Feb/2023:11:52:28 -0800] "GET /awards/top100a.jpg HTTP/1.1" 200 134592 "-" "Googlebot-Image/1.0" "ysfine.com"
64.124.8.52 - - [16/Feb/2023:11:52:29 -0800] "GET /style/nga77.jpg HTTP/1.1" 200 92170 "-" "Mozilla/5.0 (Macintosh; Intel Mac OS X 10_15_7) AppleWebKit/537.36 (KHTML, like Gecko) Chrome/107.0.0.0 Safari/537.36" "ysfine.com"
5.188.210.20 - - [16/Feb/2023:11:52:31 -0800] "GET /world/visas.html HTTP/1.1" 200 7643 "https://www.ysfine.com/world/visas.html" "Mozilla/5.0 (Windows NT 10.0) AppleWebKit/537.36 (KHTML, like Gecko) Chrome/90.0.4430.72 Safari/537.36" "www.ysfine.com"
129.110.242.24 - - [16/Feb/2023:11:52:32 -0800] "GET /yspapers/cylin.pdf HTTP/1.1" 200 358984 "https://www.google.com/" "Mozilla/5.0 (Windows NT 10.0; Win64; x64; rv:102.0) Gecko/20100101 Firefox/102.0" "ysfine.com"
129.110.242.24 - - [16/Feb/2023:11:52:33 -0800] "GET /favicon.ico HTTP/1.1" 404 88 "https://ysfine.com/" "Mozilla/5.0 (Windows NT 10.0; Win64; x64; rv:102.0) Gecko/20100101 Firefox/102.0" "ysfine.com"
129.110.242.24 - - [16/Feb/2023:11:52:33 -0800] "GET /yspapers/cylin.pdf HTTP/1.1" 206 31304 "https://www.google.com/" "Mozilla/5.0 (Windows NT 10.0; Win64; x64; rv:102.0) Gecko/20100101 Firefox/102.0" "ysfine.com"
129.110.242.24 - - [16/Feb/2023:11:52:33 -0800] "GET /yspapers/cylin.pdf HTTP/1.1" 206 65536 "https://www.google.com/" "Mozilla/5.0 (Windows NT 10.0; Win64; x64; rv:102.0) Gecko/20100101 Firefox/102.0" "ysfine.com"
157.55.39.207 - - [16/Feb/2023:11:52:34 -0800] "GET /ysbio/ys5458g.jpg HTTP/1.1" 404 88 "-" "Mozilla/5.0 AppleWebKit/537.36 (KHTML, like Gecko; compatible; bingbot/2.0; +http://www.bing.com/bingbot.htm) Chrome/103.0.5060.134 Safari/537.36" "www.ysfine.com"
200.159.101.98 - - [16/Feb/2023:11:52:36 -0800] "GET /wigner/neum/vnc01.jpg HTTP/1.1" 200 133641 "https://sites.google.com/" "Mozilla/5.0 (Windows NT 10.0; Win64; x64) AppleWebKit/537.36 (KHTML, like Gecko) Chrome/110.0.0.0 Safari/537.36" "ysfine.com"
64.124.8.29 - - [16/Feb/2023:11:52:45 -0800] "GET /world/germany/benz07.jpg HTTP/1.1" 200 108681 "-" "Mozilla/5.0 (Macintosh; Intel Mac OS X 10_15_7) AppleWebKit/537.36 (KHTML, like Gecko) Chrome/107.0.0.0 Safari/537.36" "www.ysfine.com"
64.124.8.53 - - [16/Feb/2023:11:52:52 -0800] "GET /world/germany/mucu03.jpg HTTP/1.1" 200 96419 "-" "Mozilla/5.0 (Macintosh; Intel Mac OS X 10_15_7) AppleWebKit/537.36 (KHTML, like Gecko) Chrome/107.0.0.0 Safari/537.36" "ysfine.com"
52.167.144.35 - - [16/Feb/2023:11:53:07 -0800] "GET /bio/kobak/yskor.html HTTP/1.1" 404 88 "-" "Mozilla/5.0 AppleWebKit/537.36 (KHTML, like Gecko; compatible; bingbot/2.0; +http://www.bing.com/bingbot.htm) Chrome/103.0.5060.134 Safari/537.36" "ysfine.com"
64.124.8.30 - - [16/Feb/2023:11:53:09 -0800] "GET /usca/pgh22.html HTTP/1.1" 304 - "-" "Mozilla/5.0 (X11; Linux x86_64) AppleWebKit/537.36 (KHTML, like Gecko) Chrome/61.0.3163.79 Safari/537.36" "www.ysfine.com"
213.210.183.189 - - [16/Feb/2023:11:53:24 -0800] "GET /kowar/panmun04.jpg HTTP/1.1" 200 126386 "https://www.google.com/" "Mozilla/5.0 (Windows NT 10.0; Win64; x64) AppleWebKit/537.36 (KHTML, like Gecko) Chrome/109.0.0.0 Safari/537.36 Avast/109.0.19987.120" "ysfine.com"
64.124.8.53 - - [16/Feb/2023:11:54:11 -0800] "GET /sbk/1963bb.jpg HTTP/1.1" 200 59039 "-" "Mozilla/5.0 (Macintosh; Intel Mac OS X 10_15_7) AppleWebKit/537.36 (KHTML, like Gecko) Chrome/107.0.0.0 Safari/537.36" "ysfine.com"
46.53.243.51 - - [16/Feb/2023:11:54:11 -0800] "GET /einstein/einstorie.html HTTP/1.1" 200 2529 "http://ysfine.com/einstein/einstorie.html" "Mozilla/5.0 (Macintosh; Intel Mac OS X 12_5) AppleWebKit/605.1.15 (KHTML, like Gecko) Version/15.4 Safari/605.1.15" "ysfine.com"
46.53.243.51 - - [16/Feb/2023:11:54:12 -0800] "GET /einstein/fantova/fantova.html HTTP/1.1" 200 6506 "https://ysfine.com/einstein/einstorie.html" "Mozilla/5.0 (Macintosh; Intel Mac OS X 12_5) AppleWebKit/605.1.15 (KHTML, like Gecko) Version/15.4 Safari/605.1.15" "ysfine.com"
99.248.234.18 - - [16/Feb/2023:11:55:12 -0800] "GET /maga/phys/minkowski.jpg HTTP/1.1" 200 35156 "https://www.google.com/" "Mozilla/5.0 (Macintosh; Intel Mac OS X 10_15_7) AppleWebKit/605.1.15 (KHTML, like Gecko) Version/16.0 Safari/605.1.15" "ysfine.com"
64.124.8.52 - - [16/Feb/2023:11:55:41 -0800] "GET /world/baltic/lithu13.jpg HTTP/1.1" 200 78910 "-" "Mozilla/5.0 (Macintosh; Intel Mac OS X 10_15_7) AppleWebKit/537.36 (KHTML, like Gecko) Chrome/107.0.0.0 Safari/537.36" "www.ysfine.com"
64.124.8.52 - - [16/Feb/2023:11:55:47 -0800] "GET /world/ital/venice01dd.jpg HTTP/1.1" 200 169849 "-" "Mozilla/5.0 (Macintosh; Intel Mac OS X 10_15_7) AppleWebKit/537.36 (KHTML, like Gecko) Chrome/107.0.0.0 Safari/537.36" "www.ysfine.com"
64.124.8.50 - - [16/Feb/2023:11:56:48 -0800] "GET /world/france/aix06.jpg HTTP/1.1" 200 229891 "-" "Mozilla/5.0 (Macintosh; Intel Mac OS X 10_15_7) AppleWebKit/537.36 (KHTML, like Gecko) Chrome/107.0.0.0 Safari/537.36" "www.ysfine.com"
195.191.163.41 - - [16/Feb/2023:11:57:18 -0800] "GET /feynman/feygell22c.jpg HTTP/1.1" 200 28834 "https://www.google.com/" "Mozilla/5.0 (Windows NT 10.0; Win64; x64) AppleWebKit/537.36 (KHTML, like Gecko) Chrome/109.0.0.0 Safari/537.36" "ysfine.com"
64.124.8.30 - - [16/Feb/2023:11:57:20 -0800] "GET /maga/eisenstein.html HTTP/1.1" 304 - "-" "Mozilla/5.0 (X11; Linux x86_64) AppleWebKit/537.36 (KHTML, like Gecko) Chrome/61.0.3163.79 Safari/537.36" "www.ysfine.com"
195.191.163.41 - - [16/Feb/2023:11:57:26 -0800] "GET /feynman/feygell66c.jpg HTTP/1.1" 200 32056 "https://www.google.com/" "Mozilla/5.0 (Windows NT 10.0; Win64; x64) AppleWebKit/537.36 (KHTML, like Gecko) Chrome/109.0.0.0 Safari/537.36" "ysfine.com"
64.124.8.54 - - [16/Feb/2023:11:57:27 -0800] "GET /world/hungary/eoto02.jpg HTTP/1.1" 200 95477 "-" "Mozilla/5.0 (Macintosh; Intel Mac OS X 10_15_7) AppleWebKit/537.36 (KHTML, like Gecko) Chrome/107.0.0.0 Safari/537.36" "www.ysfine.com"
195.191.163.41 - - [16/Feb/2023:11:57:30 -0800] "GET /feynman/feybial.jpg HTTP/1.1" 200 56284 "https://www.google.com/" "Mozilla/5.0 (Windows NT 10.0; Win64; x64) AppleWebKit/537.36 (KHTML, like Gecko) Chrome/109.0.0.0 Safari/537.36" "ysfine.com"
64.124.8.34 - - [16/Feb/2023:11:57:45 -0800] "GET /class54/einmanga.html HTTP/1.1" 200 176 "-" "Mozilla/5.0 (X11; Linux x86_64) AppleWebKit/537.36 (KHTML, like Gecko) Chrome/61.0.3163.79 Safari/537.36" "ysfine.com"
185.191.171.2 - - [16/Feb/2023:11:57:51 -0800] "GET /world/paris.html HTTP/1.1" 200 18129 "-" "Mozilla/5.0 (compatible; SemrushBot/7~bl; +http://www.semrush.com/bot.html)" "ysfine.com"
64.124.8.53 - - [16/Feb/2023:11:57:56 -0800] "GET /style/musee/britmu05.jpg HTTP/1.1" 200 87828 "-" "Mozilla/5.0 (Macintosh; Intel Mac OS X 10_15_7) AppleWebKit/537.36 (KHTML, like Gecko) Chrome/107.0.0.0 Safari/537.36" "ysfine.com"
64.124.8.30 - - [16/Feb/2023:11:58:14 -0800] "GET /ysbio/maga/marx.html HTTP/1.1" 404 88 "-" "Mozilla/5.0 (X11; Linux x86_64) AppleWebKit/537.36 (KHTML, like Gecko) Chrome/61.0.3163.79 Safari/537.36" "www.ysfine.com"
66.249.70.30 - - [16/Feb/2023:11:58:21 -0800] "GET /usca/norl/canal05b.jpg HTTP/1.1" 200 46028 "-" "Googlebot-Image/1.0" "ysfine.com"
66.249.70.3 - - [16/Feb/2023:11:58:28 -0800] "GET /maga/histo/desiree22b.jpg HTTP/1.1" 200 44724 "-" "Googlebot-Image/1.0" "ysfine.com"
185.191.171.22 - - [16/Feb/2023:11:58:35 -0800] "GET /confer/listall.html HTTP/1.1" 200 6460 "-" "Mozilla/5.0 (compatible; SemrushBot/7~bl; +http://www.semrush.com/bot.html)" "ysfine.com"
64.124.8.29 - - [16/Feb/2023:11:58:37 -0800] "GET /sbk/1973anna22.jpg HTTP/1.1" 200 104939 "-" "Mozilla/5.0 (Macintosh; Intel Mac OS X 10_15_7) AppleWebKit/537.36 (KHTML, like Gecko) Chrome/107.0.0.0 Safari/537.36" "www.ysfine.com"
62.255.119.110 - - [16/Feb/2023:11:59:02 -0800] "GET /princeton/alexan22.jpg HTTP/1.1" 200 175436 "https://www.google.co.uk/" "Mozilla/5.0 (iPhone; CPU iPhone OS 15_6_1 like Mac OS X) AppleWebKit/605.1.15 (KHTML, like Gecko) Version/15.6.1 Mobile/15E148 Safari/604.1" "ysfine.com"
82.181.181.82 - - [16/Feb/2023:11:59:07 -0800] "GET /kobak/sl1975.jpg HTTP/1.1" 200 135076 "https://www.google.com/" "Mozilla/5.0 (Macintosh; Intel Mac OS X 10_15_7) AppleWebKit/537.36 (KHTML, like Gecko) Chrome/110.0.0.0 Safari/537.36" "ysfine.com"
64.124.8.49 - - [16/Feb/2023:11:59:45 -0800] "GET /ysbio/world/scandi/norw20.jpg HTTP/1.1" 404 88 "-" "Mozilla/5.0 (Macintosh; Intel Mac OS X 10_15_7) AppleWebKit/537.36 (KHTML, like Gecko) Chrome/107.0.0.0 Safari/537.36" "www.ysfine.com"
64.124.8.55 - - [16/Feb/2023:11:59:55 -0800] "GET /ysbio/world/poland/sienkiew07.jpg HTTP/1.1" 404 88 "-" "Mozilla/5.0 (Macintosh; Intel Mac OS X 10_15_7) AppleWebKit/537.36 (KHTML, like Gecko) Chrome/107.0.0.0 Safari/537.36" "ysfine.com"
185.191.171.40 - - [16/Feb/2023:12:00:05 -0800] "GET /robots.txt HTTP/1.1" 404 88 "-" "Mozilla/5.0 (compatible; SemrushBot/7~bl; +http://www.semrush.com/bot.html)" "ysfine.com"
52.167.144.86 - - [16/Feb/2023:12:00:12 -0800] "GET /world/russ/arbat33.jpg HTTP/1.1" 200 105674 "-" "Mozilla/5.0 AppleWebKit/537.36 (KHTML, like Gecko; compatible; bingbot/2.0; +http://www.bing.com/bingbot.htm) Chrome/103.0.5060.134 Safari/537.36" "www.ysfine.com"
52.167.144.86 - - [16/Feb/2023:12:00:13 -0800] "GET /ysbio/usca/pitt/knee11d.jpg HTTP/1.1" 404 88 "-" "Mozilla/5.0 AppleWebKit/537.36 (KHTML, like Gecko; compatible; bingbot/2.0; +http://www.bing.com/bingbot.htm) Chrome/103.0.5060.134 Safari/537.36" "www.ysfine.com"
52.167.144.86 - - [16/Feb/2023:12:00:41 -0800] "GET /world/china/dandongbr06.jpg HTTP/1.1" 200 140189 "-" "Mozilla/5.0 AppleWebKit/537.36 (KHTML, like Gecko; compatible; bingbot/2.0; +http://www.bing.com/bingbot.htm) Chrome/103.0.5060.134 Safari/537.36" "www.ysfine.com"
52.167.144.62 - - [16/Feb/2023:12:01:29 -0800] "GET /sbk/2010athens44.jpg HTTP/1.1" 200 153960 "-" "Mozilla/5.0 AppleWebKit/537.36 (KHTML, like Gecko; compatible; bingbot/2.0; +http://www.bing.com/bingbot.htm) Chrome/103.0.5060.134 Safari/537.36" "ysfine.com"
64.124.8.30 - - [16/Feb/2023:12:01:58 -0800] "GET /ysbio/einstein/galiein.html HTTP/1.1" 404 88 "-" "Mozilla/5.0 (X11; Linux x86_64) AppleWebKit/537.36 (KHTML, like Gecko) Chrome/61.0.3163.79 Safari/537.36" "www.ysfine.com"
51.103.209.113 - - [16/Feb/2023:12:02:07 -0800] "GET /wp-admin/css/ HTTP/1.1" 404 88 "binance.com" "Mozilla/5.0 (Windows NT 10.0; Win64; x64) AppleWebKit/537.36 (KHTML, like Gecko) Chrome/90.0.4430.85 Safari/537.36" "ysfine.com"
51.103.209.113 - - [16/Feb/2023:12:02:09 -0800] "GET /sites/default/files/ HTTP/1.1" 404 88 "binance.com" "Mozilla/5.0 (Windows NT 10.0; Win64; x64) AppleWebKit/537.36 (KHTML, like Gecko) Chrome/90.0.4430.85 Safari/537.36" "ysfine.com"
51.103.209.113 - - [16/Feb/2023:12:02:10 -0800] "GET /admin/controller/extension/extension/ HTTP/1.1" 404 88 "binance.com" "Mozilla/5.0 (Windows NT 10.0; Win64; x64) AppleWebKit/537.36 (KHTML, like Gecko) Chrome/90.0.4430.85 Safari/537.36" "ysfine.com"
51.103.209.113 - - [16/Feb/2023:12:02:11 -0800] "GET /uploads/ HTTP/1.1" 404 88 "binance.com" "Mozilla/5.0 (Windows NT 10.0; Win64; x64) AppleWebKit/537.36 (KHTML, like Gecko) Chrome/90.0.4430.85 Safari/537.36" "ysfine.com"
51.103.209.113 - - [16/Feb/2023:12:02:11 -0800] "GET /images/ HTTP/1.1" 404 88 "binance.com" "Mozilla/5.0 (Windows NT 10.0; Win64; x64) AppleWebKit/537.36 (KHTML, like Gecko) Chrome/90.0.4430.85 Safari/537.36" "ysfine.com"
51.103.209.113 - - [16/Feb/2023:12:02:12 -0800] "GET /files/ HTTP/1.1" 404 88 "binance.com" "Mozilla/5.0 (Windows NT 10.0; Win64; x64) AppleWebKit/537.36 (KHTML, like Gecko) Chrome/90.0.4430.85 Safari/537.36" "ysfine.com"
157.55.39.207 - - [16/Feb/2023:12:04:15 -0800] "GET /world/russ/spb27.jpg HTTP/1.1" 200 65498 "-" "Mozilla/5.0 AppleWebKit/537.36 (KHTML, like Gecko; compatible; bingbot/2.0; +http://www.bing.com/bingbot.htm) Chrome/103.0.5060.134 Safari/537.36" "ysfine.com"
52.167.144.86 - - [16/Feb/2023:12:05:43 -0800] "GET /wisdom/korart.html HTTP/1.1" 200 3719 "-" "Mozilla/5.0 AppleWebKit/537.36 (KHTML, like Gecko; compatible; bingbot/2.0; +http://www.bing.com/bingbot.htm) Chrome/103.0.5060.134 Safari/537.36" "ysfine.com"
52.167.144.62 - - [16/Feb/2023:12:05:51 -0800] "GET /world/spb.html HTTP/1.1" 200 16118 "-" "Mozilla/5.0 AppleWebKit/537.36 (KHTML, like Gecko; compatible; bingbot/2.0; +http://www.bing.com/bingbot.htm) Chrome/103.0.5060.134 Safari/537.36" "ysfine.com"
86.17.148.249 - - [16/Feb/2023:12:05:55 -0800] "GET /world/france/arusas01.jpg HTTP/1.1" 200 364636 "https://www.google.com/" "Mozilla/5.0 (iPhone; CPU iPhone OS 16_1 like Mac OS X) AppleWebKit/605.1.15 (KHTML, like Gecko) CriOS/110.0.5481.83 Mobile/15E148 Safari/604.1" "ysfine.com"
64.124.8.52 - - [16/Feb/2023:12:06:31 -0800] "GET /world/brit/eton05.jpg HTTP/1.1" 200 130056 "-" "Mozilla/5.0 (Macintosh; Intel Mac OS X 10_15_7) AppleWebKit/537.36 (KHTML, like Gecko) Chrome/107.0.0.0 Safari/537.36" "ysfine.com"
66.249.70.4 - - [16/Feb/2023:12:06:49 -0800] "GET /eink/evol77.jpg HTTP/1.1" 304 - "-" "Googlebot-Image/1.0" "ysfine.com"
52.167.144.35 - - [16/Feb/2023:12:07:07 -0800] "GET /kobak/underw06b.jpg HTTP/1.1" 200 51332 "-" "Mozilla/5.0 AppleWebKit/537.36 (KHTML, like Gecko; compatible; bingbot/2.0; +http://www.bing.com/bingbot.htm) Chrome/103.0.5060.134 Safari/537.36" "ysfine.com"
64.124.8.50 - - [16/Feb/2023:12:07:34 -0800] "GET /world/bern.html HTTP/1.1" 404 88 "-" "Mozilla/5.0 (X11; Linux x86_64) AppleWebKit/537.36 (KHTML, like Gecko) Chrome/61.0.3163.79 Safari/537.36" "www.ysfine.com"
64.124.8.56 - - [16/Feb/2023:12:08:38 -0800] "GET /ysbio/princeton/pumu16.jpg HTTP/1.1" 404 88 "-" "Mozilla/5.0 (Macintosh; Intel Mac OS X 10_15_7) AppleWebKit/537.36 (KHTML, like Gecko) Chrome/107.0.0.0 Safari/537.36" "ysfine.com"
52.167.144.86 - - [16/Feb/2023:12:08:44 -0800] "GET /world/china/shenyang13b.jpg HTTP/1.1" 200 42952 "-" "Mozilla/5.0 AppleWebKit/537.36 (KHTML, like Gecko; compatible; bingbot/2.0; +http://www.bing.com/bingbot.htm) Chrome/103.0.5060.134 Safari/537.36" "ysfine.com"
52.167.144.35 - - [16/Feb/2023:12:09:38 -0800] "GET /bio/style/artlove.html HTTP/1.1" 404 88 "-" "Mozilla/5.0 AppleWebKit/537.36 (KHTML, like Gecko; compatible; bingbot/2.0; +http://www.bing.com/bingbot.htm) Chrome/103.0.5060.134 Safari/537.36" "ysfine.com"
64.124.8.54 - - [16/Feb/2023:12:10:11 -0800] "GET /ysbio/world/russ/kiev039.jpg HTTP/1.1" 404 88 "-" "Mozilla/5.0 (Macintosh; Intel Mac OS X 10_15_7) AppleWebKit/537.36 (KHTML, like Gecko) Chrome/107.0.0.0 Safari/537.36" "www.ysfine.com"
75.32.38.42 - - [16/Feb/2023:12:10:21 -0800] "GET /princeton/campus.html HTTP/1.1" 200 15141 "https://www.google.com/" "Mozilla/5.0 (Macintosh; Intel Mac OS X 10_15_7) AppleWebKit/605.1.15 (KHTML, like Gecko) Version/16.2 Safari/605.1.15" "ysfine.com"
75.32.38.42 - - [16/Feb/2023:12:10:21 -0800] "GET /princeton/withers01b.jpg HTTP/1.1" 200 53277 "https://ysfine.com/princeton/campus.html" "Mozilla/5.0 (Macintosh; Intel Mac OS X 10_15_7) AppleWebKit/605.1.15 (KHTML, like Gecko) Version/16.2 Safari/605.1.15" "ysfine.com"
75.32.38.42 - - [16/Feb/2023:12:10:21 -0800] "GET /princeton/nasshall01b.jpg HTTP/1.1" 200 60879 "https://ysfine.com/princeton/campus.html" "Mozilla/5.0 (Macintosh; Intel Mac OS X 10_15_7) AppleWebKit/605.1.15 (KHTML, like Gecko) Version/16.2 Safari/605.1.15" "ysfine.com"
199.180.113.163 - - [16/Feb/2023:12:10:21 -0800] "GET /feynman/feybongo.jpg HTTP/1.1" 200 47448 "https://www.google.com/" "Mozilla/5.0 (Windows NT 10.0; Win64; x64) AppleWebKit/537.36 (KHTML, like Gecko) Chrome/109.0.0.0 Safari/537.36" "ysfine.com"
75.32.38.42 - - [16/Feb/2023:12:10:21 -0800] "GET /princeton/pcomm01b.jpg HTTP/1.1" 200 46796 "https://ysfine.com/princeton/campus.html" "Mozilla/5.0 (Macintosh; Intel Mac OS X 10_15_7) AppleWebKit/605.1.15 (KHTML, like Gecko) Version/16.2 Safari/605.1.15" "ysfine.com"
75.32.38.42 - - [16/Feb/2023:12:10:22 -0800] "GET /princeton/alexan22b.jpg HTTP/1.1" 200 55817 "https://ysfine.com/princeton/campus.html" "Mozilla/5.0 (Macintosh; Intel Mac OS X 10_15_7) AppleWebKit/605.1.15 (KHTML, like Gecko) Version/16.2 Safari/605.1.15" "ysfine.com"
75.32.38.42 - - [16/Feb/2023:12:10:22 -0800] "GET /princeton/firestone11b.jpg HTTP/1.1" 200 54060 "https://ysfine.com/princeton/campus.html" "Mozilla/5.0 (Macintosh; Intel Mac OS X 10_15_7) AppleWebKit/605.1.15 (KHTML, like Gecko) Version/16.2 Safari/605.1.15" "ysfine.com"
75.32.38.42 - - [16/Feb/2023:12:10:22 -0800] "GET /princeton/prospectg33b.jpg HTTP/1.1" 200 39510 "https://ysfine.com/princeton/campus.html" "Mozilla/5.0 (Macintosh; Intel Mac OS X 10_15_7) AppleWebKit/605.1.15 (KHTML, like Gecko) Version/16.2 Safari/605.1.15" "ysfine.com"
75.32.38.42 - - [16/Feb/2023:12:10:22 -0800] "GET /style/picasspr22b.jpg HTTP/1.1" 200 67766 "https://ysfine.com/princeton/campus.html" "Mozilla/5.0 (Macintosh; Intel Mac OS X 10_15_7) AppleWebKit/605.1.15 (KHTML, like Gecko) Version/16.2 Safari/605.1.15" "ysfine.com"
75.32.38.42 - - [16/Feb/2023:12:10:22 -0800] "GET /princeton/nassinf03b.jpg HTTP/1.1" 200 33593 "https://ysfine.com/princeton/campus.html" "Mozilla/5.0 (Macintosh; Intel Mac OS X 10_15_7) AppleWebKit/605.1.15 (KHTML, like Gecko) Version/16.2 Safari/605.1.15" "ysfine.com"
75.32.38.42 - - [16/Feb/2023:12:10:22 -0800] "GET /princeton/palmersq11b.jpg HTTP/1.1" 200 36231 "https://ysfine.com/princeton/campus.html" "Mozilla/5.0 (Macintosh; Intel Mac OS X 10_15_7) AppleWebKit/605.1.15 (KHTML, like Gecko) Version/16.2 Safari/605.1.15" "ysfine.com"
75.32.38.42 - - [16/Feb/2023:12:10:22 -0800] "GET /princeton/lahiere11b.jpg HTTP/1.1" 200 53024 "https://ysfine.com/princeton/campus.html" "Mozilla/5.0 (Macintosh; Intel Mac OS X 10_15_7) AppleWebKit/605.1.15 (KHTML, like Gecko) Version/16.2 Safari/605.1.15" "ysfine.com"
