66.249.70.30 - - [16/Feb/2023:15:40:27 -0800] "GET /usca/norl/canal03.jpg HTTP/1.1" 200 125754 "-" "Googlebot-Image/1.0" "ysfine.com"
161.35.161.60 - - [16/Feb/2023:15:40:42 -0800] "GET /rss/catalog/ HTTP/1.1" 404 88 "-" "python-requests/2.28.2" "ysfine.com"
52.167.144.35 - - [16/Feb/2023:15:41:08 -0800] "GET /bio/sbk/1950.html HTTP/1.1" 404 88 "-" "Mozilla/5.0 AppleWebKit/537.36 (KHTML, like Gecko; compatible; bingbot/2.0; +http://www.bing.com/bingbot.htm) Chrome/103.0.5060.134 Safari/537.36" "ysfine.com"
161.35.161.60 - - [16/Feb/2023:15:41:11 -0800] "GET /staging/rss/ HTTP/1.1" 404 88 "-" "python-requests/2.28.2" "ysfine.com"
161.35.161.60 - - [16/Feb/2023:15:41:35 -0800] "GET /wp-admin/js/ HTTP/1.1" 404 88 "-" "python-requests/2.28.2" "ysfine.com"
161.35.161.60 - - [16/Feb/2023:15:42:07 -0800] "GET /wp-includes/ HTTP/1.1" 404 88 "-" "python-requests/2.28.2" "ysfine.com"
64.124.8.54 - - [16/Feb/2023:15:42:29 -0800] "GET /ysbio/world/hungary/eoto04.jpg HTTP/1.1" 404 88 "-" "Mozilla/5.0 (Macintosh; Intel Mac OS X 10_15_7) AppleWebKit/537.36 (KHTML, like Gecko) Chrome/107.0.0.0 Safari/537.36" "ysfine.com"
161.35.161.60 - - [16/Feb/2023:15:42:37 -0800] "GET /MYzoomsounds/ HTTP/1.1" 404 88 "-" "python-requests/2.28.2" "ysfine.com"
64.124.8.57 - - [16/Feb/2023:15:42:45 -0800] "GET /ysbio/folks/fitch62.jpg HTTP/1.1" 404 88 "-" "Mozilla/5.0 (Macintosh; Intel Mac OS X 10_15_7) AppleWebKit/537.36 (KHTML, like Gecko) Chrome/107.0.0.0 Safari/537.36" "ysfine.com"
52.167.144.86 - - [16/Feb/2023:15:42:48 -0800] "GET /home/philo/keigel.html HTTP/1.1" 200 6906 "-" "Mozilla/5.0 AppleWebKit/537.36 (KHTML, like Gecko; compatible; bingbot/2.0; +http://www.bing.com/bingbot.htm) Chrome/103.0.5060.134 Safari/537.36" "ysfine.com"
161.35.161.60 - - [16/Feb/2023:15:43:07 -0800] "GET /admin/editor/ HTTP/1.1" 404 88 "-" "python-requests/2.28.2" "ysfine.com"
157.55.39.207 - - [16/Feb/2023:15:43:16 -0800] "GET /trips/index.html HTTP/1.1" 401 90 "-" "Mozilla/5.0 AppleWebKit/537.36 (KHTML, like Gecko; compatible; bingbot/2.0; +http://www.bing.com/bingbot.htm) Chrome/103.0.5060.134 Safari/537.36" "www.ysfine.com"
161.35.161.60 - - [16/Feb/2023:15:43:36 -0800] "GET /admin/upload/ HTTP/1.1" 404 88 "-" "python-requests/2.28.2" "ysfine.com"
64.124.8.57 - - [16/Feb/2023:15:44:00 -0800] "GET /einstein/evol22.jpg HTTP/1.1" 200 59140 "-" "Mozilla/5.0 (Macintosh; Intel Mac OS X 10_15_7) AppleWebKit/537.36 (KHTML, like Gecko) Chrome/107.0.0.0 Safari/537.36" "ysfine.com"
161.35.161.60 - - [16/Feb/2023:15:44:02 -0800] "GET /blog/wp-json/ HTTP/1.1" 404 88 "-" "python-requests/2.28.2" "ysfine.com"
157.55.39.207 - - [16/Feb/2023:15:44:27 -0800] "GET /sbk/2004eton11.jpg HTTP/1.1" 200 232400 "-" "Mozilla/5.0 AppleWebKit/537.36 (KHTML, like Gecko; compatible; bingbot/2.0; +http://www.bing.com/bingbot.htm) Chrome/103.0.5060.134 Safari/537.36" "www.ysfine.com"
161.35.161.60 - - [16/Feb/2023:15:44:31 -0800] "GET /certificates/ HTTP/1.1" 404 88 "-" "python-requests/2.28.2" "ysfine.com"
157.55.39.207 - - [16/Feb/2023:15:44:48 -0800] "GET /world/germany/johannstra77.jpg HTTP/1.1" 200 90541 "-" "Mozilla/5.0 AppleWebKit/537.36 (KHTML, like Gecko; compatible; bingbot/2.0; +http://www.bing.com/bingbot.htm) Chrome/103.0.5060.134 Safari/537.36" "ysfine.com"
161.35.161.60 - - [16/Feb/2023:15:45:01 -0800] "GET /post/wp-json/ HTTP/1.1" 404 88 "-" "python-requests/2.28.2" "ysfine.com"
64.124.8.50 - - [16/Feb/2023:15:45:19 -0800] "GET /world/baltic/lithu12.jpg HTTP/1.1" 200 104024 "-" "Mozilla/5.0 (Macintosh; Intel Mac OS X 10_15_7) AppleWebKit/537.36 (KHTML, like Gecko) Chrome/107.0.0.0 Safari/537.36" "www.ysfine.com"
161.35.161.60 - - [16/Feb/2023:15:45:31 -0800] "GET /upload/image/ HTTP/1.1" 404 88 "-" "python-requests/2.28.2" "ysfine.com"
64.124.8.57 - - [16/Feb/2023:15:45:47 -0800] "GET /newyork/hilton22.jpg HTTP/1.1" 200 100306 "-" "Mozilla/5.0 (Macintosh; Intel Mac OS X 10_15_7) AppleWebKit/537.36 (KHTML, like Gecko) Chrome/107.0.0.0 Safari/537.36" "ysfine.com"
161.35.161.60 - - [16/Feb/2023:15:46:00 -0800] "GET /website/blog/ HTTP/1.1" 404 88 "-" "python-requests/2.28.2" "ysfine.com"
82.0.61.225 - - [16/Feb/2023:15:46:12 -0800] "GET /world/brit/eton11.jpg HTTP/1.1" 200 107084 "https://www.google.co.uk/" "Mozilla/5.0 (Macintosh; Intel Mac OS X 10_15_6) AppleWebKit/605.1.15 (KHTML, like Gecko) Version/15.6.1 Safari/605.1.15" "ysfine.com"
161.35.161.60 - - [16/Feb/2023:15:46:29 -0800] "GET /wp-admin/css/ HTTP/1.1" 404 88 "-" "python-requests/2.28.2" "ysfine.com"
68.43.91.129 - - [16/Feb/2023:15:46:31 -0800] "GET /friends/vilnius03.jpg HTTP/1.1" 404 88 "-" "Mozilla/5.0 (iPhone; CPU iPhone OS 16_0 like Mac OS X) AppleWebKit/605.1.15 (KHTML, like Gecko) CriOS/110.0.5481.83 Mobile/15E148 Safari/604.1" "ysfine.com"
161.35.161.60 - - [16/Feb/2023:15:46:58 -0800] "GET /admin/uploads/ HTTP/1.1" 404 88 "-" "python-requests/2.28.2" "ysfine.com"
46.53.243.51 - - [16/Feb/2023:15:47:08 -0800] "GET /wigner/neum/compu.html HTTP/1.1" 200 2267 "http://ysfine.com/wigner/neum/compu.html" "Mozilla/5.0 (X11; Ubuntu; Linux i686; rv:102.0) Gecko/20100101 Firefox/102.0" "ysfine.com"
46.53.243.51 - - [16/Feb/2023:15:47:09 -0800] "GET /wigner/neum/futcomp.html HTTP/1.1" 200 1986 "https://ysfine.com/wigner/neum/compu.html" "Mozilla/5.0 (X11; Ubuntu; Linux i686; rv:102.0) Gecko/20100101 Firefox/102.0" "ysfine.com"
157.55.39.207 - - [16/Feb/2023:15:47:28 -0800] "GET /dirac/wigsis.html HTTP/1.1" 200 10275 "-" "Mozilla/5.0 AppleWebKit/537.36 (KHTML, like Gecko; compatible; bingbot/2.0; +http://www.bing.com/bingbot.htm) Chrome/103.0.5060.134 Safari/537.36" "www.ysfine.com"
161.35.161.60 - - [16/Feb/2023:15:47:28 -0800] "GET /administrator/ HTTP/1.1" 404 88 "-" "python-requests/2.28.2" "ysfine.com"
77.75.77.119 - - [16/Feb/2023:15:47:28 -0800] "GET /world/kalinin.html HTTP/1.1" 304 - "-" "Mozilla/5.0 (compatible; SeznamBot/4.0-RC1; +http://napoveda.seznam.cz/seznambot-intro/)" "ysfine.com"
64.124.8.55 - - [16/Feb/2023:15:47:49 -0800] "GET /maga/phys/faradm05.jpg HTTP/1.1" 200 80986 "-" "Mozilla/5.0 (Macintosh; Intel Mac OS X 10_15_7) AppleWebKit/537.36 (KHTML, like Gecko) Chrome/107.0.0.0 Safari/537.36" "ysfine.com"
161.35.161.60 - - [16/Feb/2023:15:47:57 -0800] "GET /blogs/wp-json/ HTTP/1.1" 404 88 "-" "python-requests/2.28.2" "ysfine.com"
108.31.14.138 - - [16/Feb/2023:15:48:02 -0800] "GET /maga/invent/popov03.jpg HTTP/1.1" 200 85311 "https://www.google.com/" "Mozilla/5.0 (Windows NT 10.0; Win64; x64) AppleWebKit/537.36 (KHTML, like Gecko) Chrome/109.0.0.0 Safari/537.36" "ysfine.com"
161.35.161.60 - - [16/Feb/2023:15:48:27 -0800] "GET /category/feed/ HTTP/1.1" 404 88 "-" "python-requests/2.28.2" "ysfine.com"
161.35.161.60 - - [16/Feb/2023:15:48:57 -0800] "GET /members/login/ HTTP/1.1" 404 88 "-" "python-requests/2.28.2" "ysfine.com"
52.167.144.86 - - [16/Feb/2023:15:48:59 -0800] "GET /world/russ/roskei94.jpg HTTP/1.1" 200 108504 "-" "Mozilla/5.0 AppleWebKit/537.36 (KHTML, like Gecko; compatible; bingbot/2.0; +http://www.bing.com/bingbot.htm) Chrome/103.0.5060.134 Safari/537.36" "www.ysfine.com"
68.43.91.129 - - [16/Feb/2023:15:49:00 -0800] "GET /friends/vilnius03.jpg HTTP/1.1" 404 88 "-" "Mozilla/5.0 (iPhone; CPU iPhone OS 16_0 like Mac OS X) AppleWebKit/605.1.15 (KHTML, like Gecko) CriOS/110.0.5481.83 Mobile/15E148 Safari/604.1" "ysfine.com"
64.124.8.52 - - [16/Feb/2023:15:49:02 -0800] "GET /world/china/dalian24.jpg HTTP/1.1" 200 93752 "-" "Mozilla/5.0 (Macintosh; Intel Mac OS X 10_15_7) AppleWebKit/537.36 (KHTML, like Gecko) Chrome/107.0.0.0 Safari/537.36" "www.ysfine.com"
161.35.161.60 - - [16/Feb/2023:15:49:26 -0800] "GET /posts/wp-json/ HTTP/1.1" 404 88 "-" "python-requests/2.28.2" "ysfine.com"
64.124.8.28 - - [16/Feb/2023:15:49:34 -0800] "GET /world/brit/windsor02.jpg HTTP/1.1" 200 113651 "-" "Mozilla/5.0 (Macintosh; Intel Mac OS X 10_15_7) AppleWebKit/537.36 (KHTML, like Gecko) Chrome/107.0.0.0 Safari/537.36" "ysfine.com"
177.137.91.31 - - [16/Feb/2023:15:49:51 -0800] "GET /wigner/neum/vnc01.jpg HTTP/1.1" 200 133641 "https://sites.google.com/" "Mozilla/5.0 (Windows NT 10.0; Win64; x64) AppleWebKit/537.36 (KHTML, like Gecko) Chrome/110.0.0.0 Safari/537.36" "ysfine.com"
185.191.171.25 - - [16/Feb/2023:15:49:53 -0800] "GET /robots.txt HTTP/1.1" 404 88 "-" "Mozilla/5.0 (compatible; SemrushBot/7~bl; +http://www.semrush.com/bot.html)" "www.ysfine.com"
185.191.171.35 - - [16/Feb/2023:15:49:53 -0800] "GET /ffriends/french.html HTTP/1.1" 200 8116 "-" "Mozilla/5.0 (compatible; SemrushBot/7~bl; +http://www.semrush.com/bot.html)" "www.ysfine.com"
161.35.161.60 - - [16/Feb/2023:15:49:55 -0800] "GET /rss/order/new/ HTTP/1.1" 404 88 "-" "python-requests/2.28.2" "ysfine.com"
161.35.161.60 - - [16/Feb/2023:15:50:25 -0800] "GET /server-status/ HTTP/1.1" 404 88 "-" "python-requests/2.28.2" "ysfine.com"
52.167.144.35 - - [16/Feb/2023:15:50:39 -0800] "GET /beau/aline/mexair11c.jpg HTTP/1.1" 404 88 "-" "Mozilla/5.0 AppleWebKit/537.36 (KHTML, like Gecko; compatible; bingbot/2.0; +http://www.bing.com/bingbot.htm) Chrome/103.0.5060.134 Safari/537.36" "ysfine.com"
161.35.161.60 - - [16/Feb/2023:15:50:54 -0800] "GET /user/register/ HTTP/1.1" 404 88 "-" "python-requests/2.28.2" "ysfine.com"
161.35.161.60 - - [16/Feb/2023:15:51:22 -0800] "GET /users/sign_in/ HTTP/1.1" 404 88 "-" "python-requests/2.28.2" "ysfine.com"
52.167.144.86 - - [16/Feb/2023:15:51:39 -0800] "GET /bio/wigner/e(2).html HTTP/1.1" 404 88 "-" "Mozilla/5.0 AppleWebKit/537.36 (KHTML, like Gecko; compatible; bingbot/2.0; +http://www.bing.com/bingbot.htm) Chrome/103.0.5060.134 Safari/537.36" "ysfine.com"
161.35.161.60 - - [16/Feb/2023:15:51:52 -0800] "GET /wp-admin/meta/ HTTP/1.1" 404 88 "-" "python-requests/2.28.2" "ysfine.com"
64.124.8.49 - - [16/Feb/2023:15:51:59 -0800] "GET /world/germany/franko11.jpg HTTP/1.1" 200 71379 "-" "Mozilla/5.0 (Macintosh; Intel Mac OS X 10_15_7) AppleWebKit/537.36 (KHTML, like Gecko) Chrome/107.0.0.0 Safari/537.36" "www.ysfine.com"
64.124.8.53 - - [16/Feb/2023:15:52:07 -0800] "GET /world/ital/flor081.jpg HTTP/1.1" 200 171719 "-" "Mozilla/5.0 (Macintosh; Intel Mac OS X 10_15_7) AppleWebKit/537.36 (KHTML, like Gecko) Chrome/107.0.0.0 Safari/537.36" "www.ysfine.com"
5.255.253.150 - - [16/Feb/2023:15:52:15 -0800] "GET /yspapers/optacti.pdf HTTP/1.1" 200 98358 "-" "Mozilla/5.0 (compatible; YandexBot/3.0; +http://yandex.com/bots)" "www.ysfine.com"
52.167.144.86 - - [16/Feb/2023:15:52:19 -0800] "GET /bio/princeton/campus.html HTTP/1.1" 404 88 "-" "Mozilla/5.0 AppleWebKit/537.36 (KHTML, like Gecko; compatible; bingbot/2.0; +http://www.bing.com/bingbot.htm) Chrome/103.0.5060.134 Safari/537.36" "ysfine.com"
64.124.8.53 - - [16/Feb/2023:15:52:20 -0800] "GET /style/musee/louvre02.jpg HTTP/1.1" 200 78451 "-" "Mozilla/5.0 (Macintosh; Intel Mac OS X 10_15_7) AppleWebKit/537.36 (KHTML, like Gecko) Chrome/107.0.0.0 Safari/537.36" "www.ysfine.com"
161.35.161.60 - - [16/Feb/2023:15:52:21 -0800] "GET /wp-admin/user/ HTTP/1.1" 404 88 "-" "python-requests/2.28.2" "ysfine.com"
161.35.161.60 - - [16/Feb/2023:15:52:52 -0800] "GET /block-patterns/ HTTP/1.1" 404 88 "-" "python-requests/2.28.2" "ysfine.com"
64.124.8.55 - - [16/Feb/2023:15:53:14 -0800] "GET /ysbio/wdc/wasmap11.jpg HTTP/1.1" 404 88 "-" "Mozilla/5.0 (Macintosh; Intel Mac OS X 10_15_7) AppleWebKit/537.36 (KHTML, like Gecko) Chrome/107.0.0.0 Safari/537.36" "www.ysfine.com"
52.167.144.62 - - [16/Feb/2023:15:53:22 -0800] "GET /sbk/2010paris77.jpg HTTP/1.1" 200 104029 "-" "Mozilla/5.0 AppleWebKit/537.36 (KHTML, like Gecko; compatible; bingbot/2.0; +http://www.bing.com/bingbot.htm) Chrome/103.0.5060.134 Safari/537.36" "ysfine.com"
161.35.161.60 - - [16/Feb/2023:15:53:22 -0800] "GET /block-supports/ HTTP/1.1" 404 88 "-" "python-requests/2.28.2" "ysfine.com"
64.124.8.29 - - [16/Feb/2023:15:53:40 -0800] "GET /world/russ/kilin101.jpg HTTP/1.1" 200 107792 "-" "Mozilla/5.0 (Macintosh; Intel Mac OS X 10_15_7) AppleWebKit/537.36 (KHTML, like Gecko) Chrome/107.0.0.0 Safari/537.36" "www.ysfine.com"
64.124.8.29 - - [16/Feb/2023:15:53:42 -0800] "GET /world/france/champ1213.jpg HTTP/1.1" 200 90062 "-" "Mozilla/5.0 (Macintosh; Intel Mac OS X 10_15_7) AppleWebKit/537.36 (KHTML, like Gecko) Chrome/107.0.0.0 Safari/537.36" "ysfine.com"
64.124.8.54 - - [16/Feb/2023:15:53:50 -0800] "GET /world/baltic/kalinbeach.jpg HTTP/1.1" 200 55631 "-" "Mozilla/5.0 (Macintosh; Intel Mac OS X 10_15_7) AppleWebKit/537.36 (KHTML, like Gecko) Chrome/107.0.0.0 Safari/537.36" "www.ysfine.com"
64.124.8.53 - - [16/Feb/2023:15:53:53 -0800] "GET /ysbio/world/poland/polstu06.jpg HTTP/1.1" 404 88 "-" "Mozilla/5.0 (Macintosh; Intel Mac OS X 10_15_7) AppleWebKit/537.36 (KHTML, like Gecko) Chrome/107.0.0.0 Safari/537.36" "www.ysfine.com"
161.35.161.60 - - [16/Feb/2023:15:53:55 -0800] "GET /wp-admin/maint/ HTTP/1.1" 404 88 "-" "python-requests/2.28.2" "ysfine.com"
161.35.161.60 - - [16/Feb/2023:15:54:22 -0800] "GET /wp-admin/blog/ HTTP/1.1" 404 88 "-" "python-requests/2.28.2" "ysfine.com"
64.124.8.49 - - [16/Feb/2023:15:54:27 -0800] "GET /world/baltic/riga31.jpg HTTP/1.1" 200 79386 "-" "Mozilla/5.0 (Macintosh; Intel Mac OS X 10_15_7) AppleWebKit/537.36 (KHTML, like Gecko) Chrome/107.0.0.0 Safari/537.36" "www.ysfine.com"
64.124.8.50 - - [16/Feb/2023:15:54:40 -0800] "GET /world/china/dalian44.jpg HTTP/1.1" 200 61919 "-" "Mozilla/5.0 (Macintosh; Intel Mac OS X 10_15_7) AppleWebKit/537.36 (KHTML, like Gecko) Chrome/107.0.0.0 Safari/537.36" "www.ysfine.com"
185.191.171.42 - - [16/Feb/2023:15:54:45 -0800] "GET /auto/bio21.html HTTP/1.1" 200 5217 "-" "Mozilla/5.0 (compatible; SemrushBot/7~bl; +http://www.semrush.com/bot.html)" "www.ysfine.com"
161.35.161.60 - - [16/Feb/2023:15:54:52 -0800] "GET /wp/wp-admin/ HTTP/1.1" 404 88 "-" "python-requests/2.28.2" "ysfine.com"
161.35.161.60 - - [16/Feb/2023:15:55:22 -0800] "GET /edu/wp-admin/ HTTP/1.1" 404 88 "-" "python-requests/2.28.2" "ysfine.com"
174.203.8.247 - - [16/Feb/2023:15:55:42 -0800] "GET /princeton/wilspoin.html HTTP/1.1" 200 658 "https://www.google.com/" "Mozilla/5.0 (iPhone; CPU iPhone OS 16_3_1 like Mac OS X) AppleWebKit/605.1.15 (KHTML, like Gecko) Version/16.3 Mobile/15E148 Safari/604.1" "ysfine.com"
174.203.8.247 - - [16/Feb/2023:15:55:43 -0800] "GET /princeton/wilspoin.jpg HTTP/1.1" 200 84978 "https://ysfine.com/" "Mozilla/5.0 (iPhone; CPU iPhone OS 16_3_1 like Mac OS X) AppleWebKit/605.1.15 (KHTML, like Gecko) Version/16.3 Mobile/15E148 Safari/604.1" "ysfine.com"
174.203.8.247 - - [16/Feb/2023:15:55:43 -0800] "GET /princeton/wilspoin.html HTTP/1.1" 200 658 "-" "Mozilla/5.0 (iPhone; CPU iPhone OS 16_3_1 like Mac OS X) AppleWebKit/605.1.15 (KHTML, like Gecko) Version/16.3 Mobile/15E148 Safari/604.1" "ysfine.com"
174.203.8.247 - - [16/Feb/2023:15:55:43 -0800] "GET /apple-touch-icon-120x120-precomposed.png HTTP/1.1" 404 88 "-" "MobileSafari/8614.4.6.0.6 CFNetwork/1404.0.5 Darwin/22.3.0" "ysfine.com"
174.203.8.247 - - [16/Feb/2023:15:55:43 -0800] "GET /apple-touch-icon-120x120.png HTTP/1.1" 404 88 "-" "MobileSafari/8614.4.6.0.6 CFNetwork/1404.0.5 Darwin/22.3.0" "ysfine.com"
174.203.8.247 - - [16/Feb/2023:15:55:43 -0800] "GET /apple-touch-icon-precomposed.png HTTP/1.1" 404 88 "-" "MobileSafari/8614.4.6.0.6 CFNetwork/1404.0.5 Darwin/22.3.0" "ysfine.com"
174.203.8.247 - - [16/Feb/2023:15:55:43 -0800] "GET /apple-touch-icon.png HTTP/1.1" 404 88 "-" "MobileSafari/8614.4.6.0.6 CFNetwork/1404.0.5 Darwin/22.3.0" "ysfine.com"
161.35.161.60 - - [16/Feb/2023:15:55:52 -0800] "GET /static/wp-admin/ HTTP/1.1" 404 88 "-" "python-requests/2.28.2" "ysfine.com"
161.35.161.60 - - [16/Feb/2023:15:56:23 -0800] "GET /blog/wp-admin/ HTTP/1.1" 404 88 "-" "python-requests/2.28.2" "ysfine.com"
52.167.144.86 - - [16/Feb/2023:15:56:39 -0800] "GET /world/baltic/kalin06.jpg HTTP/1.1" 200 106737 "-" "Mozilla/5.0 AppleWebKit/537.36 (KHTML, like Gecko; compatible; bingbot/2.0; +http://www.bing.com/bingbot.htm) Chrome/103.0.5060.134 Safari/537.36" "www.ysfine.com"
64.124.8.49 - - [16/Feb/2023:15:56:51 -0800] "GET /world/balkan/istan014.jpg HTTP/1.1" 200 70791 "-" "Mozilla/5.0 (Macintosh; Intel Mac OS X 10_15_7) AppleWebKit/537.36 (KHTML, like Gecko) Chrome/107.0.0.0 Safari/537.36" "ysfine.com"
161.35.161.60 - - [16/Feb/2023:15:56:52 -0800] "GET /wp-content/ngg/ HTTP/1.1" 404 88 "-" "python-requests/2.28.2" "ysfine.com"
64.124.8.49 - - [16/Feb/2023:15:56:52 -0800] "GET /sbk/1966ottawa11.jpg HTTP/1.1" 200 159442 "-" "Mozilla/5.0 (Macintosh; Intel Mac OS X 10_15_7) AppleWebKit/537.36 (KHTML, like Gecko) Chrome/107.0.0.0 Safari/537.36" "www.ysfine.com"
52.167.144.86 - - [16/Feb/2023:15:56:59 -0800] "GET /usca/calif/sanfr021b.jpg HTTP/1.1" 200 47196 "-" "Mozilla/5.0 AppleWebKit/537.36 (KHTML, like Gecko; compatible; bingbot/2.0; +http://www.bing.com/bingbot.htm) Chrome/103.0.5060.134 Safari/537.36" "ysfine.com"
52.167.144.35 - - [16/Feb/2023:15:57:09 -0800] "GET /eink/parton77a.jpg HTTP/1.1" 200 89323 "-" "Mozilla/5.0 AppleWebKit/537.36 (KHTML, like Gecko; compatible; bingbot/2.0; +http://www.bing.com/bingbot.htm) Chrome/103.0.5060.134 Safari/537.36" "ysfine.com"
185.191.171.10 - - [16/Feb/2023:15:57:21 -0800] "GET /sbk/photo21.html HTTP/1.1" 200 7762 "-" "Mozilla/5.0 (compatible; SemrushBot/7~bl; +http://www.semrush.com/bot.html)" "ysfine.com"
161.35.161.60 - - [16/Feb/2023:15:57:22 -0800] "GET /wp-json/oembed/ HTTP/1.1" 404 88 "-" "python-requests/2.28.2" "ysfine.com"
64.124.8.28 - - [16/Feb/2023:15:57:28 -0800] "GET /ysbio/world/germany/freudpark11.jpg HTTP/1.1" 404 88 "-" "Mozilla/5.0 (Macintosh; Intel Mac OS X 10_15_7) AppleWebKit/537.36 (KHTML, like Gecko) Chrome/107.0.0.0 Safari/537.36" "ysfine.com"
52.167.144.35 - - [16/Feb/2023:15:57:29 -0800] "GET /wigner/quartet.jpg HTTP/1.1" 200 83670 "-" "Mozilla/5.0 AppleWebKit/537.36 (KHTML, like Gecko; compatible; bingbot/2.0; +http://www.bing.com/bingbot.htm) Chrome/103.0.5060.134 Safari/537.36" "ysfine.com"
64.124.8.54 - - [16/Feb/2023:15:57:34 -0800] "GET /world/china/beijing111.jpg HTTP/1.1" 200 121684 "-" "Mozilla/5.0 (Macintosh; Intel Mac OS X 10_15_7) AppleWebKit/537.36 (KHTML, like Gecko) Chrome/107.0.0.0 Safari/537.36" "www.ysfine.com"
185.191.171.21 - - [16/Feb/2023:15:57:35 -0800] "GET /world/venice.html HTTP/1.1" 200 8457 "-" "Mozilla/5.0 (compatible; SemrushBot/7~bl; +http://www.semrush.com/bot.html)" "ysfine.com"
52.167.144.35 - - [16/Feb/2023:15:57:50 -0800] "GET /world/brit/covent02.jpg HTTP/1.1" 200 66367 "-" "Mozilla/5.0 AppleWebKit/537.36 (KHTML, like Gecko; compatible; bingbot/2.0; +http://www.bing.com/bingbot.htm) Chrome/103.0.5060.134 Safari/537.36" "ysfine.com"
161.35.161.60 - - [16/Feb/2023:15:57:52 -0800] "GET /wp-includes/js/ HTTP/1.1" 404 88 "-" "python-requests/2.28.2" "ysfine.com"
58.89.26.237 - - [16/Feb/2023:15:58:17 -0800] "GET /maga/phys/yukawa00.jpg HTTP/1.1" 200 84885 "https://www.google.com/" "Mozilla/5.0 (Windows NT 10.0; Win64; x64) AppleWebKit/537.36 (KHTML, like Gecko) Chrome/109.0.0.0 Safari/537.36" "ysfine.com"
161.35.161.60 - - [16/Feb/2023:15:58:20 -0800] "GET /article/wp-json/ HTTP/1.1" 404 88 "-" "python-requests/2.28.2" "ysfine.com"
58.89.26.237 - - [16/Feb/2023:15:58:30 -0800] "GET /maga/yukawa.html HTTP/1.1" 200 5658 "https://www.google.com/" "Mozilla/5.0 (Windows NT 10.0; Win64; x64) AppleWebKit/537.36 (KHTML, like Gecko) Chrome/109.0.0.0 Safari/537.36" "ysfine.com"
58.89.26.237 - - [16/Feb/2023:15:58:31 -0800] "GET /maga/phys/yukafeyn2.jpg HTTP/1.1" 200 36709 "https://ysfine.com/maga/yukawa.html" "Mozilla/5.0 (Windows NT 10.0; Win64; x64) AppleWebKit/537.36 (KHTML, like Gecko) Chrome/109.0.0.0 Safari/537.36" "ysfine.com"
58.89.26.237 - - [16/Feb/2023:15:58:31 -0800] "GET /maga/phys/yukadirac53b.jpg HTTP/1.1" 200 46220 "https://ysfine.com/maga/yukawa.html" "Mozilla/5.0 (Windows NT 10.0; Win64; x64) AppleWebKit/537.36 (KHTML, like Gecko) Chrome/109.0.0.0 Safari/537.36" "ysfine.com"
58.89.26.237 - - [16/Feb/2023:15:58:31 -0800] "GET /maga/phys/yukawa00b.jpg HTTP/1.1" 200 36980 "https://ysfine.com/maga/yukawa.html" "Mozilla/5.0 (Windows NT 10.0; Win64; x64) AppleWebKit/537.36 (KHTML, like Gecko) Chrome/109.0.0.0 Safari/537.36" "ysfine.com"
58.89.26.237 - - [16/Feb/2023:15:58:31 -0800] "GET /people/markov84b.jpg HTTP/1.1" 200 44106 "https://ysfine.com/maga/yukawa.html" "Mozilla/5.0 (Windows NT 10.0; Win64; x64) AppleWebKit/537.36 (KHTML, like Gecko) Chrome/109.0.0.0 Safari/537.36" "ysfine.com"
58.89.26.237 - - [16/Feb/2023:15:58:31 -0800] "GET /maga/phys/yukadirac55b.jpg HTTP/1.1" 200 41758 "https://ysfine.com/maga/yukawa.html" "Mozilla/5.0 (Windows NT 10.0; Win64; x64) AppleWebKit/537.36 (KHTML, like Gecko) Chrome/109.0.0.0 Safari/537.36" "ysfine.com"
58.89.26.237 - - [16/Feb/2023:15:58:31 -0800] "GET /maga/phys/yukafeyn3.jpg HTTP/1.1" 200 41879 "https://ysfine.com/maga/yukawa.html" "Mozilla/5.0 (Windows NT 10.0; Win64; x64) AppleWebKit/537.36 (KHTML, like Gecko) Chrome/109.0.0.0 Safari/537.36" "ysfine.com"
58.89.26.237 - - [16/Feb/2023:15:58:31 -0800] "GET /maga/phys/yukaein2.jpg HTTP/1.1" 200 42863 "https://ysfine.com/maga/yukawa.html" "Mozilla/5.0 (Windows NT 10.0; Win64; x64) AppleWebKit/537.36 (KHTML, like Gecko) Chrome/109.0.0.0 Safari/537.36" "ysfine.com"
161.35.161.60 - - [16/Feb/2023:15:58:50 -0800] "GET /aws/credentials/ HTTP/1.1" 404 88 "-" "python-requests/2.28.2" "ysfine.com"
64.124.8.54 - - [16/Feb/2023:15:59:14 -0800] "GET /world/russ/kazan058.jpg HTTP/1.1" 200 241022 "-" "Mozilla/5.0 (Macintosh; Intel Mac OS X 10_15_7) AppleWebKit/537.36 (KHTML, like Gecko) Chrome/107.0.0.0 Safari/537.36" "ysfine.com"
161.35.161.60 - - [16/Feb/2023:15:59:19 -0800] "GET /magento_version/ HTTP/1.1" 404 88 "-" "python-requests/2.28.2" "ysfine.com"
64.124.8.49 - - [16/Feb/2023:15:59:24 -0800] "GET /world/hungary/buda041.jpg HTTP/1.1" 200 112506 "-" "Mozilla/5.0 (Macintosh; Intel Mac OS X 10_15_7) AppleWebKit/537.36 (KHTML, like Gecko) Chrome/107.0.0.0 Safari/537.36" "www.ysfine.com"
64.124.8.53 - - [16/Feb/2023:15:59:40 -0800] "GET /newyork/trinity02.jpg HTTP/1.1" 200 214678 "-" "Mozilla/5.0 (Macintosh; Intel Mac OS X 10_15_7) AppleWebKit/537.36 (KHTML, like Gecko) Chrome/107.0.0.0 Safari/537.36" "ysfine.com"
161.35.161.60 - - [16/Feb/2023:15:59:48 -0800] "GET /templates/beez3/ HTTP/1.1" 404 88 "-" "python-requests/2.28.2" "ysfine.com"
52.167.144.86 - - [16/Feb/2023:16:00:29 -0800] "GET /world/china/nanjing04.jpg HTTP/1.1" 200 129583 "-" "Mozilla/5.0 AppleWebKit/537.36 (KHTML, like Gecko; compatible; bingbot/2.0; +http://www.bing.com/bingbot.htm) Chrome/103.0.5060.134 Safari/537.36" "www.ysfine.com"
68.43.91.129 - - [16/Feb/2023:16:01:07 -0800] "GET /friends/vilnius03.jpg HTTP/1.1" 404 88 "-" "Mozilla/5.0 (iPhone; CPU iPhone OS 16_0 like Mac OS X) AppleWebKit/605.1.15 (KHTML, like Gecko) CriOS/110.0.5481.83 Mobile/15E148 Safari/604.1" "ysfine.com"
200.68.165.2 - - [16/Feb/2023:16:01:15 -0800] "GET /world/places/ulm02.jpg HTTP/1.1" 200 135530 "https://www.google.com/" "Mozilla/5.0 (Linux; Android 13; SM-A226BR) AppleWebKit/537.36 (KHTML, like Gecko) Chrome/109.0.0.0 Mobile Safari/537.36" "ysfine.com"
95.91.240.189 - - [16/Feb/2023:16:01:29 -0800] "GET /friends/vilnius03.jpg HTTP/1.1" 404 88 "https://www.theapricity.com/" "Mozilla/5.0 (Windows NT 10.0; Win64; x64) AppleWebKit/537.36 (KHTML, like Gecko) Chrome/110.0.0.0 Safari/537.36 Edg/110.0.1587.46" "ysfine.com"
20.56.197.63 - - [16/Feb/2023:16:01:35 -0800] "GET /world/russ/volga23.jpg HTTP/1.1" 200 139621 "http://ysfine.com/world/russ/volga23.jpg" "DuckDuckBot/1.1; (+http://duckduckgo.com/duckduckbot.html)" "ysfine.com"
64.124.8.53 - - [16/Feb/2023:16:01:38 -0800] "GET /world/russ/kazan041.jpg HTTP/1.1" 200 64820 "-" "Mozilla/5.0 (Macintosh; Intel Mac OS X 10_15_7) AppleWebKit/537.36 (KHTML, like Gecko) Chrome/107.0.0.0 Safari/537.36" "ysfine.com"
52.167.144.35 - - [16/Feb/2023:16:01:50 -0800] "GET /bio/kobak/yskor.html HTTP/1.1" 404 88 "-" "Mozilla/5.0 AppleWebKit/537.36 (KHTML, like Gecko; compatible; bingbot/2.0; +http://www.bing.com/bingbot.htm) Chrome/103.0.5060.134 Safari/537.36" "ysfine.com"
64.124.8.57 - - [16/Feb/2023:16:01:56 -0800] "GET /usca/pitt/westifn03.jpg HTTP/1.1" 200 211157 "-" "Mozilla/5.0 (Macintosh; Intel Mac OS X 10_15_7) AppleWebKit/537.36 (KHTML, like Gecko) Chrome/107.0.0.0 Safari/537.36" "ysfine.com"
185.191.171.16 - - [16/Feb/2023:16:02:15 -0800] "GET /maga/fermi.html HTTP/1.1" 200 3387 "-" "Mozilla/5.0 (compatible; SemrushBot/7~bl; +http://www.semrush.com/bot.html)" "www.ysfine.com"
188.112.98.136 - - [16/Feb/2023:16:02:19 -0800] "GET /friends/vilnius03.jpg HTTP/1.1" 404 88 "-" "Mozilla/5.0 (Windows NT 10.0; Win64; x64; rv:109.0) Gecko/20100101 Firefox/109.0" "ysfine.com"
161.35.161.60 - - [16/Feb/2023:16:02:24 -0800] "GET /articles/wp-json/ HTTP/1.1" 401 90 "-" "python-requests/2.28.2" "ysfine.com"
64.124.8.29 - - [16/Feb/2023:16:02:24 -0800] "GET /sbk/1998coke11.jpg HTTP/1.1" 200 212628 "-" "Mozilla/5.0 (Macintosh; Intel Mac OS X 10_15_7) AppleWebKit/537.36 (KHTML, like Gecko) Chrome/107.0.0.0 Safari/537.36" "ysfine.com"
161.35.161.60 - - [16/Feb/2023:16:02:55 -0800] "GET /wp-admin/cgialfa/ HTTP/1.1" 404 88 "-" "python-requests/2.28.2" "ysfine.com"
161.35.161.60 - - [16/Feb/2023:16:03:26 -0800] "GET /wp-admin/network/ HTTP/1.1" 404 88 "-" "python-requests/2.28.2" "ysfine.com"
64.124.8.55 - - [16/Feb/2023:16:03:28 -0800] "GET /class54/nam/nam04.jpg HTTP/1.1" 200 118182 "-" "Mozilla/5.0 (Macintosh; Intel Mac OS X 10_15_7) AppleWebKit/537.36 (KHTML, like Gecko) Chrome/107.0.0.0 Safari/537.36" "ysfine.com"
5.255.253.155 - - [16/Feb/2023:16:03:29 -0800] "GET /robots.txt HTTP/1.1" 404 73 "-" "Mozilla/5.0 (compatible; YandexBot/3.0; +http://yandex.com/bots)" "www.ysfine.com"
87.250.224.20 - - [16/Feb/2023:16:03:33 -0800] "GET /feynman/feygell.html HTTP/1.1" 200 4714 "-" "Mozilla/5.0 (compatible; YandexBot/3.0; +http://yandex.com/bots)" "www.ysfine.com"
161.35.161.60 - - [16/Feb/2023:16:03:58 -0800] "GET /wp-includes/Text/ HTTP/1.1" 404 88 "-" "python-requests/2.28.2" "ysfine.com"
52.167.144.62 - - [16/Feb/2023:16:04:12 -0800] "GET /home/comet40c.jpg HTTP/1.1" 200 41188 "-" "Mozilla/5.0 AppleWebKit/537.36 (KHTML, like Gecko; compatible; bingbot/2.0; +http://www.bing.com/bingbot.htm) Chrome/103.0.5060.134 Safari/537.36" "www.ysfine.com"
161.35.161.60 - - [16/Feb/2023:16:04:27 -0800] "GET /wp-includes/pomo/ HTTP/1.1" 404 88 "-" "python-requests/2.28.2" "ysfine.com"
147.92.153.10 - - [16/Feb/2023:16:04:29 -0800] "GET /robots.txt HTTP/1.1" 404 88 "-" "Mozilla/5.0 (compatible; Linespider/1.1; +https://lin.ee/4dwXkTH)" "ysfine.com"
147.92.153.4 - - [16/Feb/2023:16:04:33 -0800] "GET /robots.txt HTTP/1.1" 404 88 "-" "Mozilla/5.0 (compatible; Linespider/1.1; +https://lin.ee/4dwXkTH)" "ysfine.com"
147.92.153.13 - - [16/Feb/2023:16:04:34 -0800] "GET /wdc/eindc03c.jpg HTTP/1.1" 200 48446 "-" "Mozilla/5.0 (compatible; Linespider/1.1; +https://lin.ee/4dwXkTH)" "ysfine.com"
161.35.161.60 - - [16/Feb/2023:16:04:57 -0800] "GET /service/extdirect/ HTTP/1.1" 404 88 "-" "python-requests/2.28.2" "ysfine.com"
64.124.8.57 - - [16/Feb/2023:16:05:03 -0800] "GET /world/russ/redsq45.jpg HTTP/1.1" 200 122345 "-" "Mozilla/5.0 (Macintosh; Intel Mac OS X 10_15_7) AppleWebKit/537.36 (KHTML, like Gecko) Chrome/107.0.0.0 Safari/537.36" "ysfine.com"
95.91.240.189 - - [16/Feb/2023:16:05:17 -0800] "GET /friends/vilnius03.jpg HTTP/1.1" 404 88 "https://www.theapricity.com/" "Mozilla/5.0 (Windows NT 10.0; Win64; x64) AppleWebKit/537.36 (KHTML, like Gecko) Chrome/110.0.0.0 Safari/537.36 Edg/110.0.1587.46" "ysfine.com"
161.35.161.60 - - [16/Feb/2023:16:05:27 -0800] "GET /wp-admin/includes/ HTTP/1.1" 404 88 "-" "python-requests/2.28.2" "ysfine.com"
161.35.161.60 - - [16/Feb/2023:16:05:57 -0800] "GET /wp-content/themes/ HTTP/1.1" 404 88 "-" "python-requests/2.28.2" "ysfine.com"
64.124.8.28 - - [16/Feb/2023:16:06:06 -0800] "GET /world/france/champ9603.jpg HTTP/1.1" 200 107203 "-" "Mozilla/5.0 (Macintosh; Intel Mac OS X 10_15_7) AppleWebKit/537.36 (KHTML, like Gecko) Chrome/107.0.0.0 Safari/537.36" "ysfine.com"
161.35.161.60 - - [16/Feb/2023:16:06:29 -0800] "GET /wp-includes/fonts/ HTTP/1.1" 404 88 "-" "python-requests/2.28.2" "ysfine.com"
64.124.8.57 - - [16/Feb/2023:16:06:45 -0800] "GET /ysbio/world/hungary/eoto04.jpg HTTP/1.1" 404 88 "-" "Mozilla/5.0 (Macintosh; Intel Mac OS X 10_15_7) AppleWebKit/537.36 (KHTML, like Gecko) Chrome/107.0.0.0 Safari/537.36" "www.ysfine.com"
161.35.161.60 - - [16/Feb/2023:16:06:58 -0800] "GET /cms/adMInhtml_page/ HTTP/1.1" 404 88 "-" "python-requests/2.28.2" "ysfine.com"
161.35.161.60 - - [16/Feb/2023:16:07:28 -0800] "GET /debug/default/view/ HTTP/1.1" 404 88 "-" "python-requests/2.28.2" "ysfine.com"
52.167.144.35 - - [16/Feb/2023:16:07:30 -0800] "GET /world/baltic/kalin31.jpg HTTP/1.1" 200 113831 "-" "Mozilla/5.0 AppleWebKit/537.36 (KHTML, like Gecko; compatible; bingbot/2.0; +http://www.bing.com/bingbot.htm) Chrome/103.0.5060.134 Safari/537.36" "ysfine.com"
161.35.161.60 - - [16/Feb/2023:16:07:58 -0800] "GET /wp-admin/ALFA_DATA/ HTTP/1.1" 404 88 "-" "python-requests/2.28.2" "ysfine.com"
216.244.66.229 - - [16/Feb/2023:16:08:19 -0800] "GET /robots.txt HTTP/1.1" 404 73 "-" "Mozilla/5.0 (compatible; DotBot/1.2; +https://opensiteexplorer.org/dotbot; help@moz.com)" "ysfine.com"
216.244.66.229 - - [16/Feb/2023:16:08:19 -0800] "GET /robots.txt HTTP/1.1" 404 73 "-" "Mozilla/5.0 (compatible; DotBot/1.2; +https://opensiteexplorer.org/dotbot; help@moz.com)" "www.ysfine.com"
161.35.161.60 - - [16/Feb/2023:16:08:28 -0800] "GET /wp-content/cgialfa/ HTTP/1.1" 404 88 "-" "python-requests/2.28.2" "ysfine.com"
161.35.161.60 - - [16/Feb/2023:16:08:58 -0800] "GET /wp-content/plugins/ HTTP/1.1" 404 88 "-" "python-requests/2.28.2" "ysfine.com"
52.167.144.86 - - [16/Feb/2023:16:09:20 -0800] "GET /world/china/china039b.jpg HTTP/1.1" 200 66740 "-" "Mozilla/5.0 AppleWebKit/537.36 (KHTML, like Gecko; compatible; bingbot/2.0; +http://www.bing.com/bingbot.htm) Chrome/103.0.5060.134 Safari/537.36" "ysfine.com"
185.191.171.2 - - [16/Feb/2023:16:09:21 -0800] "GET /wigner/little.html HTTP/1.1" 200 3088 "-" "Mozilla/5.0 (compatible; SemrushBot/7~bl; +http://www.semrush.com/bot.html)" "ysfine.com"
161.35.161.60 - - [16/Feb/2023:16:09:28 -0800] "GET /wp-content/upgrade/ HTTP/1.1" 404 88 "-" "python-requests/2.28.2" "ysfine.com"
161.35.161.60 - - [16/Feb/2023:16:09:57 -0800] "GET /wp-content/uploads/ HTTP/1.1" 404 88 "-" "python-requests/2.28.2" "ysfine.com"
123.183.224.18 - - [16/Feb/2023:16:09:57 -0800] "GET / HTTP/1.1" 200 5295 "-" "Sogou web spider/4.0(+http://www.sogou.com/docs/help/webmasters.htm#07)" "www.ysfine.com"
64.124.8.28 - - [16/Feb/2023:16:10:07 -0800] "GET /ysbio/style/vienopera33.jpg HTTP/1.1" 404 88 "-" "Mozilla/5.0 (Macintosh; Intel Mac OS X 10_15_7) AppleWebKit/537.36 (KHTML, like Gecko) Chrome/107.0.0.0 Safari/537.36" "ysfine.com"
66.249.70.3 - - [16/Feb/2023:16:10:23 -0800] "GET /maga/phys/bohrheis11.jpg HTTP/1.1" 200 104546 "-" "Googlebot-Image/1.0" "ysfine.com"
161.35.161.60 - - [16/Feb/2023:16:10:27 -0800] "GET /wp-includes/blocks/ HTTP/1.1" 404 88 "-" "python-requests/2.28.2" "ysfine.com"
3.138.68.53 - - [16/Feb/2023:16:10:32 -0800] "GET /ads.txt HTTP/1.1" 404 88 "http://ysfine.com/ads.txt" "AdsTxtCrawler/1.0; +https://github.com/InteractiveAdvertisingBureau/adstxtcrawler" "ysfine.com"
216.244.66.229 - - [16/Feb/2023:16:10:35 -0800] "GET /sbk/famous.html HTTP/1.1" 200 1738 "-" "Mozilla/5.0 (compatible; DotBot/1.2; +https://opensiteexplorer.org/dotbot; help@moz.com)" "www.ysfine.com"
216.244.66.229 - - [16/Feb/2023:16:10:40 -0800] "GET /world/spain/lisbon26.jpg HTTP/1.1" 200 164822 "-" "Mozilla/5.0 (compatible; DotBot/1.2; +https://opensiteexplorer.org/dotbot; help@moz.com)" "ysfine.com"
161.35.161.60 - - [16/Feb/2023:16:11:08 -0800] "GET /wp-includes/images/ HTTP/1.1" 404 88 "-" "python-requests/2.28.2" "ysfine.com"
216.244.66.229 - - [16/Feb/2023:16:11:21 -0800] "GET /world/ital/bologj01.jpg HTTP/1.1" 200 64845 "-" "Mozilla/5.0 (compatible; DotBot/1.2; +https://opensiteexplorer.org/dotbot; help@moz.com)" "www.ysfine.com"
216.244.66.229 - - [16/Feb/2023:16:11:26 -0800] "GET /world/ital/bologsw01.jpg HTTP/1.1" 200 93107 "-" "Mozilla/5.0 (compatible; DotBot/1.2; +https://opensiteexplorer.org/dotbot; help@moz.com)" "www.ysfine.com"
216.244.66.229 - - [16/Feb/2023:16:11:31 -0800] "GET /world/ital/flor01b.jpg HTTP/1.1" 200 44539 "-" "Mozilla/5.0 (compatible; DotBot/1.2; +https://opensiteexplorer.org/dotbot; help@moz.com)" "www.ysfine.com"
64.124.8.55 - - [16/Feb/2023:16:11:31 -0800] "GET /wigner/neum/pvn03.jpg HTTP/1.1" 200 83757 "-" "Mozilla/5.0 (Macintosh; Intel Mac OS X 10_15_7) AppleWebKit/537.36 (KHTML, like Gecko) Chrome/107.0.0.0 Safari/537.36" "www.ysfine.com"
216.244.66.229 - - [16/Feb/2023:16:11:34 -0800] "GET /world/ital/medici67.jpg HTTP/1.1" 200 136711 "-" "Mozilla/5.0 (compatible; DotBot/1.2; +https://opensiteexplorer.org/dotbot; help@moz.com)" "www.ysfine.com"
216.244.66.229 - - [16/Feb/2023:16:11:39 -0800] "GET /world/ital/milan011b.jpg HTTP/1.1" 200 41266 "-" "Mozilla/5.0 (compatible; DotBot/1.2; +https://opensiteexplorer.org/dotbot; help@moz.com)" "www.ysfine.com"
216.244.66.229 - - [16/Feb/2023:16:11:42 -0800] "GET /world/russ/kazan067.jpg HTTP/1.1" 200 81040 "-" "Mozilla/5.0 (compatible; DotBot/1.2; +https://opensiteexplorer.org/dotbot; help@moz.com)" "www.ysfine.com"
161.35.161.60 - - [16/Feb/2023:16:11:42 -0800] "GET /admin/images/slider/ HTTP/1.1" 404 88 "-" "python-requests/2.28.2" "ysfine.com"
216.244.66.229 - - [16/Feb/2023:16:11:44 -0800] "GET /world/russ/spbf49.jpg HTTP/1.1" 200 97602 "-" "Mozilla/5.0 (compatible; DotBot/1.2; +https://opensiteexplorer.org/dotbot; help@moz.com)" "www.ysfine.com"
216.244.66.229 - - [16/Feb/2023:16:11:47 -0800] "GET /world/russ/spbn09.jpg HTTP/1.1" 200 63599 "-" "Mozilla/5.0 (compatible; DotBot/1.2; +https://opensiteexplorer.org/dotbot; help@moz.com)" "www.ysfine.com"
216.244.66.229 - - [16/Feb/2023:16:11:49 -0800] "GET /archives/proceedings/boston/kimys.html HTTP/1.1" 200 1494 "-" "Mozilla/5.0 (compatible; DotBot/1.2; +https://opensiteexplorer.org/dotbot; help@moz.com)" "ysfine.com"
216.244.66.229 - - [16/Feb/2023:16:11:50 -0800] "GET /fbook/underw100.jpg HTTP/1.1" 200 263265 "-" "Mozilla/5.0 (compatible; DotBot/1.2; +https://opensiteexplorer.org/dotbot; help@moz.com)" "ysfine.com"
216.244.66.229 - - [16/Feb/2023:16:11:53 -0800] "GET /houses/vernon01.jpg HTTP/1.1" 200 94156 "-" "Mozilla/5.0 (compatible; DotBot/1.2; +https://opensiteexplorer.org/dotbot; help@moz.com)" "ysfine.com"
161.35.161.60 - - [16/Feb/2023:16:12:11 -0800] "GET /amember/admin-users/ HTTP/1.1" 404 88 "-" "python-requests/2.28.2" "ysfine.com"
216.244.66.229 - - [16/Feb/2023:16:12:13 -0800] "GET /sbk/1976nyc11.jpg HTTP/1.1" 200 177774 "-" "Mozilla/5.0 (compatible; DotBot/1.2; +https://opensiteexplorer.org/dotbot; help@moz.com)" "ysfine.com"
64.124.8.28 - - [16/Feb/2023:16:12:16 -0800] "GET /usca/norl/fm01.jpg HTTP/1.1" 200 87848 "-" "Mozilla/5.0 (Macintosh; Intel Mac OS X 10_15_7) AppleWebKit/537.36 (KHTML, like Gecko) Chrome/107.0.0.0 Safari/537.36" "ysfine.com"
64.124.8.54 - - [16/Feb/2023:16:12:38 -0800] "GET /einstein/fantova/s06.gif HTTP/1.1" 200 940 "-" "Mozilla/5.0 (Macintosh; Intel Mac OS X 10_15_7) AppleWebKit/537.36 (KHTML, like Gecko) Chrome/107.0.0.0 Safari/537.36" "ysfine.com"
161.35.161.60 - - [16/Feb/2023:16:12:42 -0800] "GET /feeds/posts/default/ HTTP/1.1" 404 88 "-" "python-requests/2.28.2" "ysfine.com"
216.244.66.229 - - [16/Feb/2023:16:12:50 -0800] "GET /sbk/2003nyc11.jpg HTTP/1.1" 200 192812 "-" "Mozilla/5.0 (compatible; DotBot/1.2; +https://opensiteexplorer.org/dotbot; help@moz.com)" "ysfine.com"
66.249.70.3 - - [16/Feb/2023:16:12:50 -0800] "GET /usca/norl/bour17.jpg HTTP/1.1" 200 134716 "-" "Googlebot-Image/1.0" "ysfine.com"
161.35.161.60 - - [16/Feb/2023:16:13:12 -0800] "GET /sites/default/files/ HTTP/1.1" 404 88 "-" "python-requests/2.28.2" "ysfine.com"
64.124.8.55 - - [16/Feb/2023:16:13:17 -0800] "GET /world/latina/rio072.jpg HTTP/1.1" 200 127884 "-" "Mozilla/5.0 (Macintosh; Intel Mac OS X 10_15_7) AppleWebKit/537.36 (KHTML, like Gecko) Chrome/107.0.0.0 Safari/537.36" "ysfine.com"
216.244.66.229 - - [16/Feb/2023:16:13:28 -0800] "GET /world/ital/stcroce30.jpg HTTP/1.1" 200 91778 "-" "Mozilla/5.0 (compatible; DotBot/1.2; +https://opensiteexplorer.org/dotbot; help@moz.com)" "www.ysfine.com"
161.35.161.60 - - [16/Feb/2023:16:13:42 -0800] "GET /wp-admin/alfacgiapi/ HTTP/1.1" 404 88 "-" "python-requests/2.28.2" "ysfine.com"
95.91.240.189 - - [16/Feb/2023:16:13:57 -0800] "GET /friends/vilnius03.jpg HTTP/1.1" 404 88 "https://www.theapricity.com/" "Mozilla/5.0 (Windows NT 10.0; Win64; x64) AppleWebKit/537.36 (KHTML, like Gecko) Chrome/110.0.0.0 Safari/537.36 Edg/110.0.1587.46" "ysfine.com"
216.244.66.229 - - [16/Feb/2023:16:13:58 -0800] "GET /world/ital/venetof02.jpg HTTP/1.1" 200 87508 "-" "Mozilla/5.0 (compatible; DotBot/1.2; +https://opensiteexplorer.org/dotbot; help@moz.com)" "www.ysfine.com"
161.35.161.60 - - [16/Feb/2023:16:14:04 -0800] "GET /wp-admin/js/widgets/ HTTP/1.1" 404 88 "-" "python-requests/2.28.2" "ysfine.com"
216.244.66.229 - - [16/Feb/2023:16:14:27 -0800] "GET /world/ital/venice16.jpg HTTP/1.1" 200 119033 "-" "Mozilla/5.0 (compatible; DotBot/1.2; +https://opensiteexplorer.org/dotbot; help@moz.com)" "www.ysfine.com"
64.124.8.29 - - [16/Feb/2023:16:14:34 -0800] "GET /people/wheestudy.jpg HTTP/1.1" 200 95131 "-" "Mozilla/5.0 (Macintosh; Intel Mac OS X 10_15_7) AppleWebKit/537.36 (KHTML, like Gecko) Chrome/107.0.0.0 Safari/537.36" "ysfine.com"
161.35.161.60 - - [16/Feb/2023:16:14:37 -0800] "GET /wp-includes/cgialfa/ HTTP/1.1" 404 88 "-" "python-requests/2.28.2" "ysfine.com"
216.244.66.229 - - [16/Feb/2023:16:14:55 -0800] "GET /ffriends/victork22.jpg HTTP/1.1" 200 52095 "-" "Mozilla/5.0 (compatible; DotBot/1.2; +https://opensiteexplorer.org/dotbot; help@moz.com)" "ysfine.com"
161.35.161.60 - - [16/Feb/2023:16:15:07 -0800] "GET /wp-includes/widgets/ HTTP/1.1" 404 88 "-" "python-requests/2.28.2" "ysfine.com"
64.124.8.52 - - [16/Feb/2023:16:15:12 -0800] "GET /newyork/hudsonbr11.jpg HTTP/1.1" 200 138170 "-" "Mozilla/5.0 (Macintosh; Intel Mac OS X 10_15_7) AppleWebKit/537.36 (KHTML, like Gecko) Chrome/107.0.0.0 Safari/537.36" "www.ysfine.com"
64.124.8.55 - - [16/Feb/2023:16:15:13 -0800] "GET /ysbio/world/scandi/sto001.jpg HTTP/1.1" 404 88 "-" "Mozilla/5.0 (Macintosh; Intel Mac OS X 10_15_7) AppleWebKit/537.36 (KHTML, like Gecko) Chrome/107.0.0.0 Safari/537.36" "ysfine.com"
52.167.144.35 - - [16/Feb/2023:16:15:32 -0800] "GET /world/baltic/kalin36b.jpg HTTP/1.1" 200 29962 "-" "Mozilla/5.0 AppleWebKit/537.36 (KHTML, like Gecko; compatible; bingbot/2.0; +http://www.bing.com/bingbot.htm) Chrome/103.0.5060.134 Safari/537.36" "www.ysfine.com"
161.35.161.60 - - [16/Feb/2023:16:15:36 -0800] "GET /wp-json/wp/v2/users/ HTTP/1.1" 404 88 "-" "python-requests/2.28.2" "ysfine.com"
216.244.66.229 - - [16/Feb/2023:16:15:51 -0800] "GET /ffriends/amkor/korkhar11.jpg HTTP/1.1" 200 89466 "-" "Mozilla/5.0 (compatible; DotBot/1.2; +https://opensiteexplorer.org/dotbot; help@moz.com)" "ysfine.com"
161.35.161.60 - - [16/Feb/2023:16:16:06 -0800] "GET /ALFA_DATA/alfacgiapi/ HTTP/1.1" 404 88 "-" "python-requests/2.28.2" "ysfine.com"
161.35.161.60 - - [16/Feb/2023:16:16:35 -0800] "GET /admin/uploads/images/ HTTP/1.1" 404 88 "-" "python-requests/2.28.2" "ysfine.com"
64.124.8.53 - - [16/Feb/2023:16:16:38 -0800] "GET /world/france/pantheon09.jpg HTTP/1.1" 200 73688 "-" "Mozilla/5.0 (Macintosh; Intel Mac OS X 10_15_7) AppleWebKit/537.36 (KHTML, like Gecko) Chrome/107.0.0.0 Safari/537.36" "ysfine.com"
216.244.66.229 - - [16/Feb/2023:16:17:00 -0800] "GET /class54/class5470/total_data/sub_144.htm HTTP/1.1" 200 12872 "-" "Mozilla/5.0 (compatible; DotBot/1.2; +https://opensiteexplorer.org/dotbot; help@moz.com)" "ysfine.com"
64.124.8.52 - - [16/Feb/2023:16:17:04 -0800] "GET /princeton/ias.jpg HTTP/1.1" 200 76978 "-" "Mozilla/5.0 (Macintosh; Intel Mac OS X 10_15_7) AppleWebKit/537.36 (KHTML, like Gecko) Chrome/107.0.0.0 Safari/537.36" "www.ysfine.com"
161.35.161.60 - - [16/Feb/2023:16:17:04 -0800] "GET /wp-content/ALFA_DATA/ HTTP/1.1" 404 88 "-" "python-requests/2.28.2" "ysfine.com"
63.224.227.91 - - [16/Feb/2023:16:17:12 -0800] "GET /people/pimage.html HTTP/1.1" 200 7959 "https://www.google.com/" "Mozilla/5.0 (Linux; Android 13; SM-G781V) AppleWebKit/537.36 (KHTML, like Gecko) Chrome/110.0.0.0 Mobile Safari/537.36" "ysfine.com"
63.224.227.91 - - [16/Feb/2023:16:17:12 -0800] "GET /princeton/pcomm01b.jpg HTTP/1.1" 200 46796 "https://ysfine.com/people/pimage.html" "Mozilla/5.0 (Linux; Android 13; SM-G781V) AppleWebKit/537.36 (KHTML, like Gecko) Chrome/110.0.0.0 Mobile Safari/537.36" "ysfine.com"
63.224.227.91 - - [16/Feb/2023:16:17:12 -0800] "GET /people/sbt11b.jpg HTTP/1.1" 200 29397 "https://ysfine.com/people/pimage.html" "Mozilla/5.0 (Linux; Android 13; SM-G781V) AppleWebKit/537.36 (KHTML, like Gecko) Chrome/110.0.0.0 Mobile Safari/537.36" "ysfine.com"
63.224.227.91 - - [16/Feb/2023:16:17:12 -0800] "GET /kobak/rhee10b.jpg HTTP/1.1" 200 29337 "https://ysfine.com/people/pimage.html" "Mozilla/5.0 (Linux; Android 13; SM-G781V) AppleWebKit/537.36 (KHTML, like Gecko) Chrome/110.0.0.0 Mobile Safari/537.36" "ysfine.com"
63.224.227.91 - - [16/Feb/2023:16:17:12 -0800] "GET /princeton/nphd2.jpg HTTP/1.1" 200 42916 "https://ysfine.com/people/pimage.html" "Mozilla/5.0 (Linux; Android 13; SM-G781V) AppleWebKit/537.36 (KHTML, like Gecko) Chrome/110.0.0.0 Mobile Safari/537.36" "ysfine.com"
63.224.227.91 - - [16/Feb/2023:16:17:12 -0800] "GET /princeton/rheepr01b.jpg HTTP/1.1" 200 35236 "https://ysfine.com/people/pimage.html" "Mozilla/5.0 (Linux; Android 13; SM-G781V) AppleWebKit/537.36 (KHTML, like Gecko) Chrome/110.0.0.0 Mobile Safari/537.36" "ysfine.com"
63.224.227.91 - - [16/Feb/2023:16:17:12 -0800] "GET /feynman/feyjad33b.jpg HTTP/1.1" 200 32306 "https://ysfine.com/people/pimage.html" "Mozilla/5.0 (Linux; Android 13; SM-G781V) AppleWebKit/537.36 (KHTML, like Gecko) Chrome/110.0.0.0 Mobile Safari/537.36" "ysfine.com"
63.224.227.91 - - [16/Feb/2023:16:17:12 -0800] "GET /wigner/fitch02b.jpg HTTP/1.1" 200 33167 "https://ysfine.com/people/pimage.html" "Mozilla/5.0 (Linux; Android 13; SM-G781V) AppleWebKit/537.36 (KHTML, like Gecko) Chrome/110.0.0.0 Mobile Safari/537.36" "ysfine.com"
63.224.227.91 - - [16/Feb/2023:16:17:12 -0800] "GET /people/klauder06b.jpg HTTP/1.1" 200 52423 "https://ysfine.com/people/pimage.html" "Mozilla/5.0 (Linux; Android 13; SM-G781V) AppleWebKit/537.36 (KHTML, like Gecko) Chrome/110.0.0.0 Mobile Safari/537.36" "ysfine.com"
63.224.227.91 - - [16/Feb/2023:16:17:12 -0800] "GET /people/sbtwein2.jpg HTTP/1.1" 200 30398 "https://ysfine.com/people/pimage.html" "Mozilla/5.0 (Linux; Android 13; SM-G781V) AppleWebKit/537.36 (KHTML, like Gecko) Chrome/110.0.0.0 Mobile Safari/537.36" "ysfine.com"
63.224.227.91 - - [16/Feb/2023:16:17:12 -0800] "GET /class54/taylor54d.jpg HTTP/1.1" 200 65653 "https://ysfine.com/people/pimage.html" "Mozilla/5.0 (Linux; Android 13; SM-G781V) AppleWebKit/537.36 (KHTML, like Gecko) Chrome/110.0.0.0 Mobile Safari/537.36" "ysfine.com"
63.224.227.91 - - [16/Feb/2023:16:17:12 -0800] "GET /people/redgreen2.jpg HTTP/1.1" 200 54064 "https://ysfine.com/people/pimage.html" "Mozilla/5.0 (Linux; Android 13; SM-G781V) AppleWebKit/537.36 (KHTML, like Gecko) Chrome/110.0.0.0 Mobile Safari/537.36" "ysfine.com"
63.224.227.91 - - [16/Feb/2023:16:17:12 -0800] "GET /wigner/neum/pvn05b.jpg HTTP/1.1" 200 45464 "https://ysfine.com/people/pimage.html" "Mozilla/5.0 (Linux; Android 13; SM-G781V) AppleWebKit/537.36 (KHTML, like Gecko) Chrome/110.0.0.0 Mobile Safari/537.36" "ysfine.com"
63.224.227.91 - - [16/Feb/2023:16:17:12 -0800] "GET /einstein/eink24b.jpg HTTP/1.1" 200 42003 "https://ysfine.com/people/pimage.html" "Mozilla/5.0 (Linux; Android 13; SM-G781V) AppleWebKit/537.36 (KHTML, like Gecko) Chrome/110.0.0.0 Mobile Safari/537.36" "ysfine.com"
63.224.227.91 - - [16/Feb/2023:16:17:12 -0800] "GET /wigner/wighome2.jpg HTTP/1.1" 200 48701 "https://ysfine.com/people/pimage.html" "Mozilla/5.0 (Linux; Android 13; SM-G781V) AppleWebKit/537.36 (KHTML, like Gecko) Chrome/110.0.0.0 Mobile Safari/537.36" "ysfine.com"
63.224.227.91 - - [16/Feb/2023:16:17:12 -0800] "GET /people/carnation61b.jpg HTTP/1.1" 200 48369 "https://ysfine.com/people/pimage.html" "Mozilla/5.0 (Linux; Android 13; SM-G781V) AppleWebKit/537.36 (KHTML, like Gecko) Chrome/110.0.0.0 Mobile Safari/537.36" "ysfine.com"
63.224.227.91 - - [16/Feb/2023:16:17:12 -0800] "GET /eink/pwk19c.jpg HTTP/1.1" 200 57759 "https://ysfine.com/people/pimage.html" "Mozilla/5.0 (Linux; Android 13; SM-G781V) AppleWebKit/537.36 (KHTML, like Gecko) Chrome/110.0.0.0 Mobile Safari/537.36" "ysfine.com"
63.224.227.91 - - [16/Feb/2023:16:17:12 -0800] "GET /people/tollwig2.jpg HTTP/1.1" 200 35067 "https://ysfine.com/people/pimage.html" "Mozilla/5.0 (Linux; Android 13; SM-G781V) AppleWebKit/537.36 (KHTML, like Gecko) Chrome/110.0.0.0 Mobile Safari/537.36" "ysfine.com"
63.224.227.91 - - [16/Feb/2023:16:17:12 -0800] "GET /ffriends/amkor/princelon01b.jpg HTTP/1.1" 200 55672 "https://ysfine.com/people/pimage.html" "Mozilla/5.0 (Linux; Android 13; SM-G781V) AppleWebKit/537.36 (KHTML, like Gecko) Chrome/110.0.0.0 Mobile Safari/537.36" "ysfine.com"
63.224.227.91 - - [16/Feb/2023:16:17:12 -0800] "GET /people/wheemaine2.jpg HTTP/1.1" 200 34617 "https://ysfine.com/people/pimage.html" "Mozilla/5.0 (Linux; Android 13; SM-G781V) AppleWebKit/537.36 (KHTML, like Gecko) Chrome/110.0.0.0 Mobile Safari/537.36" "ysfine.com"
63.224.227.91 - - [16/Feb/2023:16:17:12 -0800] "GET /people/wboys2.jpg HTTP/1.1" 200 40344 "https://ysfine.com/people/pimage.html" "Mozilla/5.0 (Linux; Android 13; SM-G781V) AppleWebKit/537.36 (KHTML, like Gecko) Chrome/110.0.0.0 Mobile Safari/537.36" "ysfine.com"
63.224.227.91 - - [16/Feb/2023:16:17:12 -0800] "GET /people/lipkin02b.jpg HTTP/1.1" 200 44829 "https://ysfine.com/people/pimage.html" "Mozilla/5.0 (Linux; Android 13; SM-G781V) AppleWebKit/537.36 (KHTML, like Gecko) Chrome/110.0.0.0 Mobile Safari/537.36" "ysfine.com"
63.224.227.91 - - [16/Feb/2023:16:17:12 -0800] "GET /people/princeton68b.jpg HTTP/1.1" 200 40218 "https://ysfine.com/people/pimage.html" "Mozilla/5.0 (Linux; Android 13; SM-G781V) AppleWebKit/537.36 (KHTML, like Gecko) Chrome/110.0.0.0 Mobile Safari/537.36" "ysfine.com"
63.224.227.91 - - [16/Feb/2023:16:17:14 -0800] "GET /favicon.ico HTTP/1.1" 404 88 "https://ysfine.com/people/pimage.html" "Mozilla/5.0 (Linux; Android 13; SM-G781V) AppleWebKit/537.36 (KHTML, like Gecko) Chrome/110.0.0.0 Mobile Safari/537.36" "ysfine.com"
64.124.8.50 - - [16/Feb/2023:16:17:25 -0800] "GET /ysbio/wdc/waterg33.jpg HTTP/1.1" 404 88 "-" "Mozilla/5.0 (Macintosh; Intel Mac OS X 10_15_7) AppleWebKit/537.36 (KHTML, like Gecko) Chrome/107.0.0.0 Safari/537.36" "ysfine.com"
216.244.66.229 - - [16/Feb/2023:16:17:30 -0800] "GET /wdc/georgetown.html HTTP/1.1" 200 10169 "-" "Mozilla/5.0 (compatible; DotBot/1.2; +https://opensiteexplorer.org/dotbot; help@moz.com)" "ysfine.com"
161.35.161.60 - - [16/Feb/2023:16:17:33 -0800] "GET /wp-content/languages/ HTTP/1.1" 404 88 "-" "python-requests/2.28.2" "ysfine.com"
64.124.8.54 - - [16/Feb/2023:16:17:35 -0800] "GET /world/scandi/copen058.jpg HTTP/1.1" 200 72784 "-" "Mozilla/5.0 (Macintosh; Intel Mac OS X 10_15_7) AppleWebKit/537.36 (KHTML, like Gecko) Chrome/107.0.0.0 Safari/537.36" "ysfine.com"
161.35.161.60 - - [16/Feb/2023:16:18:03 -0800] "GET /wp-includes/Requests/ HTTP/1.1" 404 88 "-" "python-requests/2.28.2" "ysfine.com"
66.249.64.168 - - [16/Feb/2023:16:18:20 -0800] "GET /robots.txt HTTP/1.1" 404 88 "-" "Mozilla/5.0 (compatible; Googlebot/2.1; +http://www.google.com/bot.html)" "www.ysfine.com"
161.35.161.60 - - [16/Feb/2023:16:18:32 -0800] "GET /wp-includes/rest-api/ HTTP/1.1" 404 88 "-" "python-requests/2.28.2" "ysfine.com"
179.247.158.118 - - [16/Feb/2023:16:18:51 -0800] "GET /wigner/neum/vnc01.jpg HTTP/1.1" 200 133641 "https://sites.google.com/" "Mozilla/5.0 (Windows NT 10.0; Win64; x64) AppleWebKit/537.36 (KHTML, like Gecko) Chrome/110.0.0.0 Safari/537.36" "ysfine.com"
52.167.144.35 - - [16/Feb/2023:16:18:52 -0800] "GET /bio/style/artlove.html HTTP/1.1" 404 88 "-" "Mozilla/5.0 AppleWebKit/537.36 (KHTML, like Gecko; compatible; bingbot/2.0; +http://www.bing.com/bingbot.htm) Chrome/103.0.5060.134 Safari/537.36" "ysfine.com"
161.35.161.60 - - [16/Feb/2023:16:19:01 -0800] "GET /wp-includes/sitemaps/ HTTP/1.1" 404 88 "-" "python-requests/2.28.2" "ysfine.com"
161.35.161.60 - - [16/Feb/2023:16:19:29 -0800] "GET /wp-content/alfacgiapi/ HTTP/1.1" 404 88 "-" "python-requests/2.28.2" "ysfine.com"
52.167.144.86 - - [16/Feb/2023:16:19:42 -0800] "GET /auto/bio21.html HTTP/1.1" 200 5217 "-" "Mozilla/5.0 AppleWebKit/537.36 (KHTML, like Gecko; compatible; bingbot/2.0; +http://www.bing.com/bingbot.htm) Chrome/103.0.5060.134 Safari/537.36" "ysfine.com"
161.35.161.60 - - [16/Feb/2023:16:19:58 -0800] "GET /wp-content/mu-plugins/ HTTP/1.1" 404 88 "-" "python-requests/2.28.2" "ysfine.com"
64.124.8.49 - - [16/Feb/2023:16:20:22 -0800] "GET /ysbio/kobak/rheeh.jpg HTTP/1.1" 404 88 "-" "Mozilla/5.0 (Macintosh; Intel Mac OS X 10_15_7) AppleWebKit/537.36 (KHTML, like Gecko) Chrome/107.0.0.0 Safari/537.36" "www.ysfine.com"
161.35.161.60 - - [16/Feb/2023:16:20:28 -0800] "GET /wp-content/files/ HTTP/1.1" 404 88 "-" "python-requests/2.28.2" "ysfine.com"
45.190.156.149 - - [16/Feb/2023:16:20:34 -0800] "GET /friends/vilnius03.jpg HTTP/1.1" 404 88 "https://www.theapricity.com/" "Mozilla/5.0 (Windows NT 10.0; Win64; x64) AppleWebKit/537.36 (KHTML, like Gecko) Chrome/110.0.0.0 Safari/537.36" "ysfine.com"
52.167.144.62 - - [16/Feb/2023:16:20:44 -0800] "GET /fotos/photo09c.jpg HTTP/1.1" 200 25413 "-" "Mozilla/5.0 AppleWebKit/537.36 (KHTML, like Gecko; compatible; bingbot/2.0; +http://www.bing.com/bingbot.htm) Chrome/103.0.5060.134 Safari/537.36" "www.ysfine.com"
161.35.161.60 - - [16/Feb/2023:16:20:56 -0800] "GET /wp-content/flagallery/ HTTP/1.1" 404 88 "-" "python-requests/2.28.2" "ysfine.com"
