161.35.161.60 - - [16/Feb/2023:16:48:57 -0800] "GET /wp-content/plugins/superstorefinder-wp/ssf-wp-admin/qvcrspjcgq.csv.php HTTP/1.1" 404 88 "-" "Mozilla/5.0 (X11; Ubuntu; Linux i686; rv:28.0) Gecko/20100101 Firefox/28.0" "ysfine.com"
161.35.161.60 - - [16/Feb/2023:16:49:27 -0800] "GET /wp-content/plugins/superstorefinder-wp/ssf-wp-admin/pages/SSF_WP_UPLOADS_PATH/csv/import/qvcrspjcgq.csv.php HTTP/1.1" 404 88 "-" "Mozilla/5.0 (X11; Ubuntu; Linux i686; rv:28.0) Gecko/20100101 Firefox/28.0" "ysfine.com"
66.249.70.3 - - [16/Feb/2023:16:49:54 -0800] "GET /usca/norl/canal07b.jpg HTTP/1.1" 200 41350 "-" "Googlebot-Image/1.0" "ysfine.com"
161.35.161.60 - - [16/Feb/2023:16:49:56 -0800] "GET /wp-content/plugins/superstorefinder-wp/ssf-wp-admin/pages/import.php HTTP/1.1" 404 88 "-" "python-requests/2.28.2" "ysfine.com"
161.35.161.60 - - [16/Feb/2023:16:50:26 -0800] "GET /wp-content/plugins/superstorefinder-wp/ssf-wp-admin/zauhqvknto.csv.PhP HTTP/1.1" 404 88 "-" "Mozilla/5.0 (X11; Ubuntu; Linux i686; rv:28.0) Gecko/20100101 Firefox/28.0" "ysfine.com"
161.35.161.60 - - [16/Feb/2023:16:50:55 -0800] "GET /wp-content/plugins/superstorefinder-wp/ssf-wp-admin/pages/SSF_WP_UPLOADS_PATH/csv/import/zauhqvknto.csv.PhP HTTP/1.1" 404 88 "-" "Mozilla/5.0 (X11; Ubuntu; Linux i686; rv:28.0) Gecko/20100101 Firefox/28.0" "ysfine.com"
161.35.161.60 - - [16/Feb/2023:16:51:24 -0800] "GET /wp-content/plugins/superstorefinder-wp/ssf-wp-admin/pages/import.php HTTP/1.1" 404 88 "-" "python-requests/2.28.2" "ysfine.com"
161.35.161.60 - - [16/Feb/2023:16:51:53 -0800] "GET /wp-content/plugins/superstorefinder-wp/ssf-wp-admin/ascocguzwz.csv.php.TxT HTTP/1.1" 404 88 "-" "Mozilla/5.0 (X11; Ubuntu; Linux i686; rv:28.0) Gecko/20100101 Firefox/28.0" "ysfine.com"
161.35.161.60 - - [16/Feb/2023:16:52:23 -0800] "GET /wp-content/plugins/superstorefinder-wp/ssf-wp-admin/pages/SSF_WP_UPLOADS_PATH/csv/import/ascocguzwz.csv.php.TxT HTTP/1.1" 404 88 "-" "Mozilla/5.0 (X11; Ubuntu; Linux i686; rv:28.0) Gecko/20100101 Firefox/28.0" "ysfine.com"
161.35.161.60 - - [16/Feb/2023:16:52:54 -0800] "GET /wp-content/plugins/superlogoshowcase-wp/sls-wp-admin/pages/import.php HTTP/1.1" 404 88 "-" "python-requests/2.28.2" "ysfine.com"
185.191.171.2 - - [16/Feb/2023:16:52:56 -0800] "GET /wisdom/yitol.html HTTP/1.1" 200 6261 "-" "Mozilla/5.0 (compatible; SemrushBot/7~bl; +http://www.semrush.com/bot.html)" "ysfine.com"
64.124.8.57 - - [16/Feb/2023:16:53:16 -0800] "GET /world/baltic/riga18.jpg HTTP/1.1" 200 109751 "-" "Mozilla/5.0 (Macintosh; Intel Mac OS X 10_15_7) AppleWebKit/537.36 (KHTML, like Gecko) Chrome/107.0.0.0 Safari/537.36" "ysfine.com"
161.35.161.60 - - [16/Feb/2023:16:53:24 -0800] "GET /wp-content/plugins/superlogoshowcase-wp/sls-wp-admin/epotbmhnrx.csv.php HTTP/1.1" 404 88 "-" "Mozilla/5.0 (X11; Ubuntu; Linux i686; rv:28.0) Gecko/20100101 Firefox/28.0" "ysfine.com"
64.124.8.55 - - [16/Feb/2023:16:54:01 -0800] "GET /maga/phil/marxlon08.jpg HTTP/1.1" 200 155783 "-" "Mozilla/5.0 (Macintosh; Intel Mac OS X 10_15_7) AppleWebKit/537.36 (KHTML, like Gecko) Chrome/107.0.0.0 Safari/537.36" "ysfine.com"
161.35.161.60 - - [16/Feb/2023:16:54:20 -0800] "GET /wp-content/plugins/superlogoshowcase-wp/sls-wp-admin/pages/SSF_WP_UPLOADS_PATH/csv/import/epotbmhnrx.csv.php HTTP/1.1" 404 88 "-" "Mozilla/5.0 (X11; Ubuntu; Linux i686; rv:28.0) Gecko/20100101 Firefox/28.0" "ysfine.com"
71.234.185.8 - - [16/Feb/2023:16:54:28 -0800] "GET /princeton/alexan22.jpg HTTP/1.1" 200 175436 "https://www.google.com/" "Mozilla/5.0 (iPhone; CPU iPhone OS 16_1 like Mac OS X) AppleWebKit/605.1.15 (KHTML, like Gecko) GSA/251.0.508228821 Mobile/20B82 Safari/604.1" "ysfine.com"
64.124.8.54 - - [16/Feb/2023:16:54:41 -0800] "GET /ysbio/world/ital/termini13.jpg HTTP/1.1" 404 88 "-" "Mozilla/5.0 (Macintosh; Intel Mac OS X 10_15_7) AppleWebKit/537.36 (KHTML, like Gecko) Chrome/107.0.0.0 Safari/537.36" "ysfine.com"
161.35.161.60 - - [16/Feb/2023:16:54:47 -0800] "GET /wp-content/plugins/superlogoshowcase-wp/sls-wp-admin/pages/import.php HTTP/1.1" 404 88 "-" "python-requests/2.28.2" "ysfine.com"
71.234.185.8 - - [16/Feb/2023:16:54:57 -0800] "GET /princeton/withers01.jpg HTTP/1.1" 200 113946 "https://www.google.com/" "Mozilla/5.0 (iPhone; CPU iPhone OS 16_1 like Mac OS X) AppleWebKit/605.1.15 (KHTML, like Gecko) GSA/251.0.508228821 Mobile/20B82 Safari/604.1" "ysfine.com"
161.35.161.60 - - [16/Feb/2023:16:55:16 -0800] "GET /wp-content/plugins/superlogoshowcase-wp/sls-wp-admin/qygqmzsvwr.csv.PhP HTTP/1.1" 404 88 "-" "Mozilla/5.0 (X11; Ubuntu; Linux i686; rv:28.0) Gecko/20100101 Firefox/28.0" "ysfine.com"
52.167.144.35 - - [16/Feb/2023:16:55:24 -0800] "GET /dirac/licone500.jpg HTTP/1.1" 200 39556 "-" "Mozilla/5.0 AppleWebKit/537.36 (KHTML, like Gecko; compatible; bingbot/2.0; +http://www.bing.com/bingbot.htm) Chrome/103.0.5060.134 Safari/537.36" "ysfine.com"
161.35.161.60 - - [16/Feb/2023:16:55:47 -0800] "GET /wp-content/plugins/superlogoshowcase-wp/sls-wp-admin/pages/SSF_WP_UPLOADS_PATH/csv/import/qygqmzsvwr.csv.PhP HTTP/1.1" 404 88 "-" "Mozilla/5.0 (X11; Ubuntu; Linux i686; rv:28.0) Gecko/20100101 Firefox/28.0" "ysfine.com"
64.124.8.53 - - [16/Feb/2023:16:56:06 -0800] "GET /einstein/eindc11.jpg HTTP/1.1" 200 145427 "-" "Mozilla/5.0 (Macintosh; Intel Mac OS X 10_15_7) AppleWebKit/537.36 (KHTML, like Gecko) Chrome/107.0.0.0 Safari/537.36" "ysfine.com"
64.124.8.55 - - [16/Feb/2023:16:56:07 -0800] "GET /princeton/ias11.jpg HTTP/1.1" 200 76978 "-" "Mozilla/5.0 (Macintosh; Intel Mac OS X 10_15_7) AppleWebKit/537.36 (KHTML, like Gecko) Chrome/107.0.0.0 Safari/537.36" "ysfine.com"
116.179.32.152 - - [16/Feb/2023:16:56:09 -0800] "GET /archives/proceedings/wpro01/just.html HTTP/1.1" 200 809 "-" "Mozilla/5.0 (compatible; Baiduspider/2.0; +http://www.baidu.com/search/spider.html)" "ysfine.com"
220.181.51.90 - - [16/Feb/2023:16:56:12 -0800] "GET /robots.txt HTTP/1.1" 404 88 "-" "Mozilla/5.0 (Windows NT 10.0; WOW64) AppleWebKit/537.36 (KHTML, like Gecko) Chrome/48.0.2564.116 Safari/537.36" "ysfine.com"
220.181.51.90 - - [16/Feb/2023:16:56:14 -0800] "GET /robots.txt HTTP/1.1" 404 88 "-" "Mozilla/5.0 (Windows NT 10.0; WOW64) AppleWebKit/537.36 (KHTML, like Gecko) Chrome/48.0.2564.116 Safari/537.36" "ysfine.com"
220.181.51.85 - - [16/Feb/2023:16:56:15 -0800] "GET /robots.txt HTTP/1.1" 404 88 "-" "Mozilla/5.0 (Windows NT 10.0; WOW64) AppleWebKit/537.36 (KHTML, like Gecko) Chrome/48.0.2564.116 Safari/537.36" "ysfine.com"
161.35.161.60 - - [16/Feb/2023:16:56:16 -0800] "GET /wp-content/plugins/superlogoshowcase-wp/sls-wp-admin/pages/import.php HTTP/1.1" 404 88 "-" "python-requests/2.28.2" "ysfine.com"
216.244.66.229 - - [16/Feb/2023:16:56:18 -0800] "GET /robots.txt HTTP/1.1" 404 73 "-" "Mozilla/5.0 (compatible; DotBot/1.2; +https://opensiteexplorer.org/dotbot; help@moz.com)" "ysfine.com"
216.244.66.229 - - [16/Feb/2023:16:56:18 -0800] "GET /robots.txt HTTP/1.1" 404 73 "-" "Mozilla/5.0 (compatible; DotBot/1.2; +https://opensiteexplorer.org/dotbot; help@moz.com)" "www.ysfine.com"
161.35.161.60 - - [16/Feb/2023:16:56:45 -0800] "GET /wp-content/plugins/superlogoshowcase-wp/sls-wp-admin/dpwbrhxvhq.csv.phtml HTTP/1.1" 404 88 "-" "Mozilla/5.0 (X11; Ubuntu; Linux i686; rv:28.0) Gecko/20100101 Firefox/28.0" "ysfine.com"
161.35.161.60 - - [16/Feb/2023:16:57:14 -0800] "GET /wp-content/plugins/superlogoshowcase-wp/sls-wp-admin/pages/SSF_WP_UPLOADS_PATH/csv/import/dpwbrhxvhq.csv.phtml HTTP/1.1" 404 88 "-" "Mozilla/5.0 (X11; Ubuntu; Linux i686; rv:28.0) Gecko/20100101 Firefox/28.0" "ysfine.com"
161.35.161.60 - - [16/Feb/2023:16:57:44 -0800] "GET /wp-content/plugins/super-interactive-maps/sim-wp-admin/pages/import.php HTTP/1.1" 404 88 "-" "python-requests/2.28.2" "ysfine.com"
161.35.161.60 - - [16/Feb/2023:16:58:13 -0800] "GET /wp-content/plugins/super-interactive-maps/sim-wp-admin/hcrdkcvlcb.csv.php HTTP/1.1" 404 88 "-" "Mozilla/5.0 (X11; Ubuntu; Linux i686; rv:28.0) Gecko/20100101 Firefox/28.0" "ysfine.com"
216.244.66.229 - - [16/Feb/2023:16:58:30 -0800] "GET /world/spain/bcn20.jpg HTTP/1.1" 200 206926 "-" "Mozilla/5.0 (compatible; DotBot/1.2; +https://opensiteexplorer.org/dotbot; help@moz.com)" "ysfine.com"
64.124.8.29 - - [16/Feb/2023:16:58:41 -0800] "GET /ffriends/frchef01.jpg HTTP/1.1" 200 62244 "-" "Mozilla/5.0 (Macintosh; Intel Mac OS X 10_15_7) AppleWebKit/537.36 (KHTML, like Gecko) Chrome/107.0.0.0 Safari/537.36" "ysfine.com"
161.35.161.60 - - [16/Feb/2023:16:58:43 -0800] "GET /wp-content/plugins/super-interactive-maps/sim-wp-admin/pages/SSF_WP_UPLOADS_PATH/csv/import/hcrdkcvlcb.csv.php HTTP/1.1" 404 88 "-" "Mozilla/5.0 (X11; Ubuntu; Linux i686; rv:28.0) Gecko/20100101 Firefox/28.0" "ysfine.com"
216.244.66.229 - - [16/Feb/2023:16:59:03 -0800] "GET /world/latina/cancun08.jpg HTTP/1.1" 200 99670 "-" "Mozilla/5.0 (compatible; DotBot/1.2; +https://opensiteexplorer.org/dotbot; help@moz.com)" "ysfine.com"
216.244.66.229 - - [16/Feb/2023:16:59:07 -0800] "GET /manko/uskoy92.jpg HTTP/1.1" 200 46659 "-" "Mozilla/5.0 (compatible; DotBot/1.2; +https://opensiteexplorer.org/dotbot; help@moz.com)" "ysfine.com"
64.124.8.50 - - [16/Feb/2023:16:59:12 -0800] "GET /sbk/2000stmark22.jpg HTTP/1.1" 200 201443 "-" "Mozilla/5.0 (Macintosh; Intel Mac OS X 10_15_7) AppleWebKit/537.36 (KHTML, like Gecko) Chrome/107.0.0.0 Safari/537.36" "ysfine.com"
161.35.161.60 - - [16/Feb/2023:16:59:12 -0800] "GET /wp-content/plugins/super-interactive-maps/sim-wp-admin/pages/import.php HTTP/1.1" 404 88 "-" "python-requests/2.28.2" "ysfine.com"
216.244.66.229 - - [16/Feb/2023:16:59:35 -0800] "GET /newyork/un10.jpg HTTP/1.1" 200 130319 "-" "Mozilla/5.0 (compatible; DotBot/1.2; +https://opensiteexplorer.org/dotbot; help@moz.com)" "ysfine.com"
161.35.161.60 - - [16/Feb/2023:16:59:40 -0800] "GET /wp-content/plugins/super-interactive-maps/sim-wp-admin/clgkkburde.csv.PhP HTTP/1.1" 404 88 "-" "Mozilla/5.0 (X11; Ubuntu; Linux i686; rv:28.0) Gecko/20100101 Firefox/28.0" "ysfine.com"
216.244.66.229 - - [16/Feb/2023:17:00:02 -0800] "GET /newyork/wfc22.jpg HTTP/1.1" 200 170627 "-" "Mozilla/5.0 (compatible; DotBot/1.2; +https://opensiteexplorer.org/dotbot; help@moz.com)" "ysfine.com"
64.124.8.54 - - [16/Feb/2023:17:00:10 -0800] "GET /world/latina/rio077.jpg HTTP/1.1" 200 52277 "-" "Mozilla/5.0 (Macintosh; Intel Mac OS X 10_15_7) AppleWebKit/537.36 (KHTML, like Gecko) Chrome/107.0.0.0 Safari/537.36" "ysfine.com"
161.35.161.60 - - [16/Feb/2023:17:00:11 -0800] "GET /wp-content/plugins/super-interactive-maps/sim-wp-admin/pages/SSF_WP_UPLOADS_PATH/csv/import/clgkkburde.csv.PhP HTTP/1.1" 404 88 "-" "Mozilla/5.0 (X11; Ubuntu; Linux i686; rv:28.0) Gecko/20100101 Firefox/28.0" "ysfine.com"
216.244.66.229 - - [16/Feb/2023:17:00:23 -0800] "GET /people/wheeunruh.jpg HTTP/1.1" 200 107644 "-" "Mozilla/5.0 (compatible; DotBot/1.2; +https://opensiteexplorer.org/dotbot; help@moz.com)" "ysfine.com"
69.194.143.140 - - [16/Feb/2023:17:00:24 -0800] "GET /ads.txt HTTP/1.1" 404 88 "-" "Mozilla/5.0 (Macintosh; Intel Mac OS X 10_15_7) AppleWebKit/537.36 (KHTML, like Gecko) Chrome/107.0.0.0 Safari/537.36" "ysfine.com"
69.194.143.140 - - [16/Feb/2023:17:00:24 -0800] "GET /ads.txt HTTP/1.1" 404 88 "-" "Mozilla/5.0 (Macintosh; Intel Mac OS X 10_15_7) AppleWebKit/537.36 (KHTML, like Gecko) Chrome/107.0.0.0 Safari/537.36" "ysfine.com"
64.124.8.54 - - [16/Feb/2023:17:00:26 -0800] "GET /ysbio/feynman/feybial.jpg HTTP/1.1" 404 88 "-" "Mozilla/5.0 (Macintosh; Intel Mac OS X 10_15_7) AppleWebKit/537.36 (KHTML, like Gecko) Chrome/107.0.0.0 Safari/537.36" "www.ysfine.com"
161.35.161.60 - - [16/Feb/2023:17:00:41 -0800] "GET /wp-content/plugins/super-interactive-maps/sim-wp-admin/pages/import.php HTTP/1.1" 404 88 "-" "python-requests/2.28.2" "ysfine.com"
216.244.66.229 - - [16/Feb/2023:17:00:45 -0800] "GET /sbk/2015rome11.jpg HTTP/1.1" 200 169818 "-" "Mozilla/5.0 (compatible; DotBot/1.2; +https://opensiteexplorer.org/dotbot; help@moz.com)" "ysfine.com"
64.124.8.55 - - [16/Feb/2023:17:00:52 -0800] "GET /usca/pitt/westim09.jpg HTTP/1.1" 200 64407 "-" "Mozilla/5.0 (Macintosh; Intel Mac OS X 10_15_7) AppleWebKit/537.36 (KHTML, like Gecko) Chrome/107.0.0.0 Safari/537.36" "www.ysfine.com"
64.124.8.29 - - [16/Feb/2023:17:00:53 -0800] "GET /style/korart04.jpg HTTP/1.1" 200 92096 "http://ysfine.com/style/korart04.jpg" "Mozilla/5.0 (Macintosh; Intel Mac OS X 10_15_7) AppleWebKit/537.36 (KHTML, like Gecko) Chrome/107.0.0.0 Safari/537.36" "ysfine.com"
52.167.144.35 - - [16/Feb/2023:17:00:56 -0800] "GET /bio/style/artlove.html HTTP/1.1" 404 88 "-" "Mozilla/5.0 AppleWebKit/537.36 (KHTML, like Gecko; compatible; bingbot/2.0; +http://www.bing.com/bingbot.htm) Chrome/103.0.5060.134 Safari/537.36" "ysfine.com"
64.124.8.55 - - [16/Feb/2023:17:00:57 -0800] "GET /ysbio/world/russ/kornor01.jpg HTTP/1.1" 404 88 "-" "Mozilla/5.0 (Macintosh; Intel Mac OS X 10_15_7) AppleWebKit/537.36 (KHTML, like Gecko) Chrome/107.0.0.0 Safari/537.36" "ysfine.com"
64.124.8.55 - - [16/Feb/2023:17:01:04 -0800] "GET /ysbio/wdc/loc04.jpg HTTP/1.1" 404 88 "-" "Mozilla/5.0 (Macintosh; Intel Mac OS X 10_15_7) AppleWebKit/537.36 (KHTML, like Gecko) Chrome/107.0.0.0 Safari/537.36" "www.ysfine.com"
216.244.66.229 - - [16/Feb/2023:17:01:06 -0800] "GET /sbk/2017berlin03.jpg HTTP/1.1" 200 151814 "-" "Mozilla/5.0 (compatible; DotBot/1.2; +https://opensiteexplorer.org/dotbot; help@moz.com)" "ysfine.com"
161.35.161.60 - - [16/Feb/2023:17:01:10 -0800] "GET /wp-content/plugins/super-interactive-maps/sim-wp-admin/toyabmacri.csv.phtml HTTP/1.1" 404 88 "-" "Mozilla/5.0 (X11; Ubuntu; Linux i686; rv:28.0) Gecko/20100101 Firefox/28.0" "ysfine.com"
216.244.66.229 - - [16/Feb/2023:17:01:24 -0800] "GET /sbk/2018mos06.jpg HTTP/1.1" 200 187954 "-" "Mozilla/5.0 (compatible; DotBot/1.2; +https://opensiteexplorer.org/dotbot; help@moz.com)" "ysfine.com"
64.124.8.52 - - [16/Feb/2023:17:01:25 -0800] "GET /world/scandi/sto012.jpg HTTP/1.1" 200 90173 "-" "Mozilla/5.0 (Macintosh; Intel Mac OS X 10_15_7) AppleWebKit/537.36 (KHTML, like Gecko) Chrome/107.0.0.0 Safari/537.36" "www.ysfine.com"
64.124.8.53 - - [16/Feb/2023:17:01:31 -0800] "GET /ysbio/ffriends/vilnius08.jpg HTTP/1.1" 404 88 "-" "Mozilla/5.0 (Macintosh; Intel Mac OS X 10_15_7) AppleWebKit/537.36 (KHTML, like Gecko) Chrome/107.0.0.0 Safari/537.36" "ysfine.com"
66.249.70.4 - - [16/Feb/2023:17:01:31 -0800] "GET /usca/norl/napo00b.jpg HTTP/1.1" 200 31598 "-" "Googlebot-Image/1.0" "ysfine.com"
216.244.66.229 - - [16/Feb/2023:17:01:43 -0800] "GET /sbk/2019nyc27.jpg HTTP/1.1" 200 191944 "-" "Mozilla/5.0 (compatible; DotBot/1.2; +https://opensiteexplorer.org/dotbot; help@moz.com)" "ysfine.com"
161.35.161.60 - - [16/Feb/2023:17:02:08 -0800] "GET /wp-content/plugins/wp-file-manager/lib/php/connector.minimal.php HTTP/1.1" 404 88 "-" "Mozilla/5.0 (X11; Linux x86_64) AppleWebKit/537.36 (KHTML, like Gecko) Chrome/81.0.4044.129 Safari/537.36" "ysfine.com"
27.115.124.38 - - [16/Feb/2023:17:02:11 -0800] "GET / HTTP/1.1" 200 5295 "http://baidu.com/" "Mozilla/5.0 (Linux; Android 8.0; Pixel 2 Build/OPD3.170816.012) AppleWebKit/537.36 (KHTML, like Gecko) Chrome/87.0.4280.88 Mobile Safari/537.36" "ysfine.com"
42.236.10.93 - - [16/Feb/2023:17:02:16 -0800] "GET / HTTP/1.1" 200 5295 "http://baidu.com/" "Mozilla/5.0 (Linux; Android 8.0; Pixel 2 Build/OPD3.170816.012) AppleWebKit/537.36 (KHTML, like Gecko) Chrome/87.0.4280.88 Mobile Safari/537.36" "ysfine.com"
42.236.10.93 - - [16/Feb/2023:17:02:18 -0800] "GET /home/top21d.jpg HTTP/1.1" 200 74409 "-" "Mozilla/5.0 (Linux; Android 8.0; Pixel 2 Build/OPD3.170816.012) AppleWebKit/537.36 (KHTML, like Gecko) Chrome/87.0.4280.88 Mobile Safari/537.36" "ysfine.com"
42.236.10.93 - - [16/Feb/2023:17:02:18 -0800] "GET /home/eink450.jpg HTTP/1.1" 200 66794 "-" "Mozilla/5.0 (Linux; Android 8.0; Pixel 2 Build/OPD3.170816.012) AppleWebKit/537.36 (KHTML, like Gecko) Chrome/87.0.4280.88 Mobile Safari/537.36" "ysfine.com"
42.236.10.93 - - [16/Feb/2023:17:02:18 -0800] "GET /home/goodbad450.jpg HTTP/1.1" 200 32258 "-" "Mozilla/5.0 (Linux; Android 8.0; Pixel 2 Build/OPD3.170816.012) AppleWebKit/537.36 (KHTML, like Gecko) Chrome/87.0.4280.88 Mobile Safari/537.36" "ysfine.com"
42.236.10.93 - - [16/Feb/2023:17:02:18 -0800] "GET /home/facu450.jpg HTTP/1.1" 200 74535 "-" "Mozilla/5.0 (Linux; Android 8.0; Pixel 2 Build/OPD3.170816.012) AppleWebKit/537.36 (KHTML, like Gecko) Chrome/87.0.4280.88 Mobile Safari/537.36" "ysfine.com"
42.236.10.93 - - [16/Feb/2023:17:02:18 -0800] "GET /eink/ewk86f.jpg HTTP/1.1" 200 122173 "-" "Mozilla/5.0 (Linux; Android 8.0; Pixel 2 Build/OPD3.170816.012) AppleWebKit/537.36 (KHTML, like Gecko) Chrome/87.0.4280.88 Mobile Safari/537.36" "ysfine.com"
42.236.10.93 - - [16/Feb/2023:17:02:18 -0800] "GET /home/truck450.jpg HTTP/1.1" 200 42871 "-" "Mozilla/5.0 (Linux; Android 8.0; Pixel 2 Build/OPD3.170816.012) AppleWebKit/537.36 (KHTML, like Gecko) Chrome/87.0.4280.88 Mobile Safari/537.36" "ysfine.com"
161.35.161.60 - - [16/Feb/2023:17:02:38 -0800] "GET /wp-content/plugins/wp-file-manager/lib/php/connector.minimals.php HTTP/1.1" 404 88 "-" "Mozilla/5.0 (X11; Linux x86_64) AppleWebKit/537.36 (KHTML, like Gecko) Chrome/81.0.4044.129 Safari/537.36" "ysfine.com"
216.244.66.229 - - [16/Feb/2023:17:02:42 -0800] "GET /class54/class5470/total_data/sub_310.htm HTTP/1.1" 200 13799 "-" "Mozilla/5.0 (compatible; DotBot/1.2; +https://opensiteexplorer.org/dotbot; help@moz.com)" "www.ysfine.com"
216.244.66.229 - - [16/Feb/2023:17:03:06 -0800] "GET /einstein/places/einmu18.jpg HTTP/1.1" 200 66112 "-" "Mozilla/5.0 (compatible; DotBot/1.2; +https://opensiteexplorer.org/dotbot; help@moz.com)" "www.ysfine.com"
161.35.161.60 - - [16/Feb/2023:17:03:08 -0800] "GET /wp-content/plugins/wp-file-manager/lib/php/connector.minimal.php HTTP/1.1" 404 88 "-" "python-requests/2.28.2" "ysfine.com"
129.126.39.14 - - [16/Feb/2023:17:03:10 -0800] "GET /kowar/tanks/tank22b.jpg HTTP/1.1" 200 37945 "https://www.google.com/" "Mozilla/5.0 (X11; CrOS x86_64 14541.0.0) AppleWebKit/537.36 (KHTML, like Gecko) Chrome/108.0.0.0 Safari/537.36" "ysfine.com"
216.244.66.229 - - [16/Feb/2023:17:03:30 -0800] "GET /maga/phil/hugom11.jpg HTTP/1.1" 200 121778 "-" "Mozilla/5.0 (compatible; DotBot/1.2; +https://opensiteexplorer.org/dotbot; help@moz.com)" "www.ysfine.com"
161.35.161.60 - - [16/Feb/2023:17:03:37 -0800] "GET /wp-content/plugins/wp-file-manager/lib/files/xsoflfxahs.php HTTP/1.1" 404 88 "-" "python-requests/2.28.2" "ysfine.com"
103.37.142.42 - - [16/Feb/2023:17:03:37 -0800] "GET /einstein/hofstadter2.jpg HTTP/1.1" 200 42617 "-" "Mozilla/5.0 (X11; Ubuntu; Linux x86_64; rv:72.0) Gecko/20100101 Firefox/72.0" "ysfine.com"
216.244.66.229 - - [16/Feb/2023:17:03:51 -0800] "GET /maga/phys/yuka65.jpg HTTP/1.1" 200 206131 "-" "Mozilla/5.0 (compatible; DotBot/1.2; +https://opensiteexplorer.org/dotbot; help@moz.com)" "www.ysfine.com"
161.35.161.60 - - [16/Feb/2023:17:04:01 -0800] "GET /wp-content/plugins/wp-file-manager/lib/php/connector.minimals.php HTTP/1.1" 404 88 "-" "python-requests/2.28.2" "ysfine.com"
161.35.161.60 - - [16/Feb/2023:17:04:29 -0800] "GET /wp-content/plugins/wp-file-manager/lib/files/dueoyspald.php HTTP/1.1" 404 88 "-" "python-requests/2.28.2" "ysfine.com"
42.236.10.75 - - [16/Feb/2023:17:04:37 -0800] "GET / HTTP/1.1" 200 5295 "-" "Mozilla/5.0 (Linux; Android 8.0; Pixel 2 Build/OPD3.170816.012) AppleWebKit/537.36 (KHTML, like Gecko) Chrome/87.0.4280.88 Mobile Safari/537.36" "ysfine.com"
42.236.10.75 - - [16/Feb/2023:17:04:41 -0800] "GET /home/goodbad450.jpg HTTP/1.1" 200 32258 "-" "Mozilla/5.0 (X11; Linux x86_64) AppleWebKit/537.36 (KHTML, like Gecko) HeadlessChrome/68.0.3427.1 Safari/537.36" "ysfine.com"
42.236.10.75 - - [16/Feb/2023:17:04:41 -0800] "GET /home/eink450.jpg HTTP/1.1" 200 66794 "-" "Mozilla/5.0 (X11; Linux x86_64) AppleWebKit/537.36 (KHTML, like Gecko) HeadlessChrome/68.0.3427.1 Safari/537.36" "ysfine.com"
42.236.10.75 - - [16/Feb/2023:17:04:41 -0800] "GET /home/top21d.jpg HTTP/1.1" 200 74409 "-" "Mozilla/5.0 (X11; Linux x86_64) AppleWebKit/537.36 (KHTML, like Gecko) HeadlessChrome/68.0.3427.1 Safari/537.36" "ysfine.com"
42.236.10.75 - - [16/Feb/2023:17:04:41 -0800] "GET /home/truck450.jpg HTTP/1.1" 200 42871 "-" "Mozilla/5.0 (X11; Linux x86_64) AppleWebKit/537.36 (KHTML, like Gecko) HeadlessChrome/68.0.3427.1 Safari/537.36" "ysfine.com"
42.236.10.75 - - [16/Feb/2023:17:04:41 -0800] "GET /home/facu450.jpg HTTP/1.1" 200 74535 "-" "Mozilla/5.0 (X11; Linux x86_64) AppleWebKit/537.36 (KHTML, like Gecko) HeadlessChrome/68.0.3427.1 Safari/537.36" "ysfine.com"
216.244.66.229 - - [16/Feb/2023:17:04:41 -0800] "GET /people/belavkin.jpg HTTP/1.1" 200 51423 "-" "Mozilla/5.0 (compatible; DotBot/1.2; +https://opensiteexplorer.org/dotbot; help@moz.com)" "www.ysfine.com"
64.124.8.28 - - [16/Feb/2023:17:04:43 -0800] "GET /ysbio/wigner/neum/vnc16.jpg HTTP/1.1" 404 88 "-" "Mozilla/5.0 (Macintosh; Intel Mac OS X 10_15_7) AppleWebKit/537.36 (KHTML, like Gecko) Chrome/107.0.0.0 Safari/537.36" "ysfine.com"
42.236.10.93 - - [16/Feb/2023:17:04:47 -0800] "GET /home/washmo23d.jpg HTTP/1.1" 200 32142 "-" "Mozilla/5.0 (X11; Linux x86_64) AppleWebKit/537.36 (KHTML, like Gecko) HeadlessChrome/68.0.3427.1 Safari/537.36" "ysfine.com"
161.35.161.60 - - [16/Feb/2023:17:04:58 -0800] "GET /wp-content/plugins/ait-csv-import-export/admin/upload-handler.php HTTP/1.1" 404 88 "-" "Mozilla/5.0 (X11; Ubuntu; Linux i686; rv:28.0) Gecko/20100101 Firefox/28.0" "ysfine.com"
216.244.66.229 - - [16/Feb/2023:17:05:14 -0800] "GET /people/zeilinger01.jpg HTTP/1.1" 200 59186 "-" "Mozilla/5.0 (compatible; DotBot/1.2; +https://opensiteexplorer.org/dotbot; help@moz.com)" "www.ysfine.com"
185.191.171.21 - - [16/Feb/2023:17:05:18 -0800] "GET /style/restau.html HTTP/1.1" 200 2149 "-" "Mozilla/5.0 (compatible; SemrushBot/7~bl; +http://www.semrush.com/bot.html)" "ysfine.com"
161.35.161.60 - - [16/Feb/2023:17:05:28 -0800] "GET /wp-content/uploads/jwyvxofmkk.php HTTP/1.1" 404 88 "-" "Mozilla/5.0 (X11; Ubuntu; Linux i686; rv:28.0) Gecko/20100101 Firefox/28.0" "ysfine.com"
216.244.66.229 - - [16/Feb/2023:17:05:45 -0800] "GET /sbk/1968rocky22.jpg HTTP/1.1" 200 142874 "-" "Mozilla/5.0 (compatible; DotBot/1.2; +https://opensiteexplorer.org/dotbot; help@moz.com)" "www.ysfine.com"
20.72.242.93 - - [16/Feb/2023:17:05:47 -0800] "GET /world/france/stras10.jpg HTTP/1.1" 200 105338 "http://ysfine.com/world/france/stras10.jpg" "DuckDuckBot/1.1; (+http://duckduckgo.com/duckduckbot.html)" "ysfine.com"
161.35.161.60 - - [16/Feb/2023:17:05:58 -0800] "GET /wp-content/uploads/2023/02/jwyvxofmkk.php HTTP/1.1" 404 88 "-" "Mozilla/5.0 (X11; Ubuntu; Linux i686; rv:28.0) Gecko/20100101 Firefox/28.0" "ysfine.com"
185.191.171.45 - - [16/Feb/2023:17:06:12 -0800] "GET /world/berlin.html HTTP/1.1" 200 16173 "-" "Mozilla/5.0 (compatible; SemrushBot/7~bl; +http://www.semrush.com/bot.html)" "ysfine.com"
161.35.161.60 - - [16/Feb/2023:17:06:28 -0800] "GET /wp-content/plugins/formcraft/file-upload/server/php/ HTTP/1.1" 404 88 "-" "Mozilla/5.0 (X11; Ubuntu; Linux i686; rv:28.0) Gecko/20100101 Firefox/28.0" "ysfine.com"
216.244.66.229 - - [16/Feb/2023:17:06:36 -0800] "GET /ffriends/iyengar11.jpg HTTP/1.1" 200 452697 "-" "Mozilla/5.0 (compatible; DotBot/1.2; +https://opensiteexplorer.org/dotbot; help@moz.com)" "ysfine.com"
161.35.161.60 - - [16/Feb/2023:17:06:57 -0800] "GET /wp-content/plugins/formcraft/file-upload/server/php/files/vsoaanasqm.php HTTP/1.1" 404 88 "-" "Mozilla/5.0 (X11; Ubuntu; Linux i686; rv:28.0) Gecko/20100101 Firefox/28.0" "ysfine.com"
64.124.8.50 - - [16/Feb/2023:17:06:57 -0800] "GET /sbk/1997boston11.jpg HTTP/1.1" 200 98065 "-" "Mozilla/5.0 (Macintosh; Intel Mac OS X 10_15_7) AppleWebKit/537.36 (KHTML, like Gecko) Chrome/107.0.0.0 Safari/537.36" "ysfine.com"
52.167.144.35 - - [16/Feb/2023:17:07:06 -0800] "GET /bio/sbk/1950.html HTTP/1.1" 404 88 "-" "Mozilla/5.0 AppleWebKit/537.36 (KHTML, like Gecko; compatible; bingbot/2.0; +http://www.bing.com/bingbot.htm) Chrome/103.0.5060.134 Safari/537.36" "ysfine.com"
64.124.8.50 - - [16/Feb/2023:17:07:10 -0800] "GET /world/ital/repub09.jpg HTTP/1.1" 200 95340 "-" "Mozilla/5.0 (Macintosh; Intel Mac OS X 10_15_7) AppleWebKit/537.36 (KHTML, like Gecko) Chrome/107.0.0.0 Safari/537.36" "www.ysfine.com"
185.191.171.8 - - [16/Feb/2023:17:07:11 -0800] "GET /world/polandp.html HTTP/1.1" 200 5411 "-" "Mozilla/5.0 (compatible; SemrushBot/7~bl; +http://www.semrush.com/bot.html)" "ysfine.com"
64.124.8.50 - - [16/Feb/2023:17:07:15 -0800] "GET /style/music/liszt03.jpg HTTP/1.1" 200 181663 "-" "Mozilla/5.0 (Macintosh; Intel Mac OS X 10_15_7) AppleWebKit/537.36 (KHTML, like Gecko) Chrome/107.0.0.0 Safari/537.36" "ysfine.com"
216.244.66.229 - - [16/Feb/2023:17:07:26 -0800] "GET /ffriends/amkor/amstu22.jpg HTTP/1.1" 200 88657 "-" "Mozilla/5.0 (compatible; DotBot/1.2; +https://opensiteexplorer.org/dotbot; help@moz.com)" "www.ysfine.com"
161.35.161.60 - - [16/Feb/2023:17:07:43 -0800] "GET / HTTP/1.1" 200 5295 "-" "Mozilla/5.0 (Macintosh; Intel Mac OS X 10_9_3) AppleWebKit/537.36 (KHTML, like Gecko) Chrome/35.0.1916.47 Safari/537.36" "ysfine.com"
216.244.66.229 - - [16/Feb/2023:17:08:02 -0800] "GET /ffriends/amkor/kosenior02.jpg HTTP/1.1" 200 140794 "-" "Mozilla/5.0 (compatible; DotBot/1.2; +https://opensiteexplorer.org/dotbot; help@moz.com)" "www.ysfine.com"
161.35.161.60 - - [16/Feb/2023:17:08:13 -0800] "GET / HTTP/1.1" 200 5295 "-" "Mozilla/5.0 (Macintosh; Intel Mac OS X 10_9_3) AppleWebKit/537.36 (KHTML, like Gecko) Chrome/35.0.1916.47 Safari/537.36" "ysfine.com"
161.35.161.60 - - [16/Feb/2023:17:08:42 -0800] "GET / HTTP/1.1" 200 5295 "-" "Mozilla/5.0 (X11; Ubuntu; Linux i686; rv:28.0) Gecko/20100101 Firefox/28.0" "ysfine.com"
216.244.66.229 - - [16/Feb/2023:17:08:46 -0800] "GET /ffriends/amkor/santa02.jpg HTTP/1.1" 200 90457 "-" "Mozilla/5.0 (compatible; DotBot/1.2; +https://opensiteexplorer.org/dotbot; help@moz.com)" "www.ysfine.com"
161.35.161.60 - - [16/Feb/2023:17:09:12 -0800] "GET / HTTP/1.1" 200 5295 "-" "Mozilla/5.0 (Macintosh; Intel Mac OS X 10_9_3) AppleWebKit/537.36 (KHTML, like Gecko) Chrome/35.0.1916.47 Safari/537.36" "ysfine.com"
161.35.161.60 - - [16/Feb/2023:17:09:41 -0800] "GET /wp-content/plugins/contact-form-7/modules/file.php HTTP/1.1" 404 88 "-" "Mozilla/5.0 (X11; Ubuntu; Linux i686; rv:28.0) Gecko/20100101 Firefox/28.0" "ysfine.com"
216.244.66.229 - - [16/Feb/2023:17:10:06 -0800] "GET /ffriends/amkor/komos01.jpg HTTP/1.1" 200 74057 "-" "Mozilla/5.0 (compatible; DotBot/1.2; +https://opensiteexplorer.org/dotbot; help@moz.com)" "ysfine.com"
161.35.161.60 - - [16/Feb/2023:17:10:11 -0800] "GET /wp-content/plugins/contact-form-7/bgzdjfmmok.php HTTP/1.1" 404 88 "-" "Mozilla/5.0 (X11; Ubuntu; Linux i686; rv:28.0) Gecko/20100101 Firefox/28.0" "ysfine.com"
161.35.161.60 - - [16/Feb/2023:17:10:42 -0800] "GET /wp-content/uploads/2023/02/bgzdjfmmok.php HTTP/1.1" 404 88 "-" "Mozilla/5.0 (X11; Ubuntu; Linux i686; rv:28.0) Gecko/20100101 Firefox/28.0" "ysfine.com"
161.35.161.60 - - [16/Feb/2023:17:11:11 -0800] "GET /wp-content/plugins/augmented-reality/vendor/elfinder/php/connector.minimal.php HTTP/1.1" 404 88 "-" "python-requests/2.28.2" "ysfine.com"
64.124.8.29 - - [16/Feb/2023:17:11:21 -0800] "GET /world/germany/trier15.jpg HTTP/1.1" 200 287871 "-" "Mozilla/5.0 (Macintosh; Intel Mac OS X 10_15_7) AppleWebKit/537.36 (KHTML, like Gecko) Chrome/107.0.0.0 Safari/537.36" "ysfine.com"
161.35.161.60 - - [16/Feb/2023:17:11:35 -0800] "GET /wp-content/plugins/augmented-reality/vendor/elfinder/php/connector.minimal.php HTTP/1.1" 404 88 "-" "python-requests/2.28.2" "ysfine.com"
64.124.8.55 - - [16/Feb/2023:17:11:37 -0800] "GET /ysbio/kobak/underw03.jpg HTTP/1.1" 404 88 "-" "Mozilla/5.0 (Macintosh; Intel Mac OS X 10_15_7) AppleWebKit/537.36 (KHTML, like Gecko) Chrome/107.0.0.0 Safari/537.36" "www.ysfine.com"
161.35.161.60 - - [16/Feb/2023:17:11:59 -0800] "GET /wp-content/plugins/augmented-reality/file_manager/izocin.php HTTP/1.1" 404 88 "-" "python-requests/2.28.2" "ysfine.com"
161.35.161.60 - - [16/Feb/2023:17:12:29 -0800] "GET /wp-content/plugins/ez-done-file-manager/admin.php HTTP/1.1" 404 88 "-" "python-requests/2.28.2" "ysfine.com"
52.167.144.86 - - [16/Feb/2023:17:12:57 -0800] "GET /wdc/washmo06.jpg HTTP/1.1" 200 78385 "-" "Mozilla/5.0 AppleWebKit/537.36 (KHTML, like Gecko; compatible; bingbot/2.0; +http://www.bing.com/bingbot.htm) Chrome/103.0.5060.134 Safari/537.36" "ysfine.com"
161.35.161.60 - - [16/Feb/2023:17:12:59 -0800] "GET /wp-content/plugins/ez-done-file-manager/gjoyvysrzu.php HTTP/1.1" 404 88 "-" "Mozilla/5.0 (X11; Ubuntu; Linux i686; rv:28.0) Gecko/20100101 Firefox/28.0" "ysfine.com"
185.191.171.1 - - [16/Feb/2023:17:13:15 -0800] "GET /philo/hegel.html HTTP/1.1" 200 5090 "-" "Mozilla/5.0 (compatible; SemrushBot/7~bl; +http://www.semrush.com/bot.html)" "ysfine.com"
161.35.161.60 - - [16/Feb/2023:17:13:30 -0800] "GET /wp-content/plugins/ez-done-file-manager/admin.php HTTP/1.1" 404 88 "-" "python-requests/2.28.2" "ysfine.com"
52.167.144.86 - - [16/Feb/2023:17:13:59 -0800] "GET /bio/wigner/e(2).html HTTP/1.1" 404 88 "-" "Mozilla/5.0 AppleWebKit/537.36 (KHTML, like Gecko; compatible; bingbot/2.0; +http://www.bing.com/bingbot.htm) Chrome/103.0.5060.134 Safari/537.36" "ysfine.com"
161.35.161.60 - - [16/Feb/2023:17:13:59 -0800] "GET /wp-content/plugins/ez-done-file-manager/vyzlialltu.php;.jpg HTTP/1.1" 404 88 "-" "Mozilla/5.0 (X11; Ubuntu; Linux i686; rv:28.0) Gecko/20100101 Firefox/28.0" "ysfine.com"
64.124.8.57 - - [16/Feb/2023:17:14:16 -0800] "GET /world/ital/rome132.jpg HTTP/1.1" 200 325112 "-" "Mozilla/5.0 (Macintosh; Intel Mac OS X 10_15_7) AppleWebKit/537.36 (KHTML, like Gecko) Chrome/107.0.0.0 Safari/537.36" "www.ysfine.com"
161.35.161.60 - - [16/Feb/2023:17:14:27 -0800] "GET /wp-content/plugins/ez-done-file-manager/admin.php HTTP/1.1" 404 88 "-" "python-requests/2.28.2" "ysfine.com"
161.35.161.60 - - [16/Feb/2023:17:14:57 -0800] "GET /wp-content/plugins/ez-done-file-manager/nxhqthexrc.csv.phtml HTTP/1.1" 404 88 "-" "Mozilla/5.0 (X11; Ubuntu; Linux i686; rv:28.0) Gecko/20100101 Firefox/28.0" "ysfine.com"
161.35.161.60 - - [16/Feb/2023:17:15:27 -0800] "GET /wp-content/admin/views/tool-file-editor.php HTTP/1.1" 404 88 "-" "python-requests/2.28.2" "ysfine.com"
216.244.66.229 - - [16/Feb/2023:17:15:28 -0800] "GET /wdc/gtown16.jpg HTTP/1.1" 200 200027 "-" "Mozilla/5.0 (compatible; DotBot/1.2; +https://opensiteexplorer.org/dotbot; help@moz.com)" "www.ysfine.com"
66.249.70.30 - - [16/Feb/2023:17:15:39 -0800] "GET /usca/norl/canal05.jpg HTTP/1.1" 200 129711 "-" "Googlebot-Image/1.0" "ysfine.com"
147.92.153.9 - - [16/Feb/2023:17:15:43 -0800] "GET /home/facu63c.jpg HTTP/1.1" 200 41710 "-" "Mozilla/5.0 (compatible; Linespider/1.1; +https://lin.ee/4dwXkTH)" "ysfine.com"
161.35.161.60 - - [16/Feb/2023:17:15:56 -0800] "GET /wp-content/plugins/admin/views/ptuidkgcpq.php HTTP/1.1" 404 88 "-" "Mozilla/5.0 (X11; Ubuntu; Linux i686; rv:28.0) Gecko/20100101 Firefox/28.0" "ysfine.com"
52.167.144.86 - - [16/Feb/2023:17:15:58 -0800] "GET /bio/princeton/campus.html HTTP/1.1" 404 88 "-" "Mozilla/5.0 AppleWebKit/537.36 (KHTML, like Gecko; compatible; bingbot/2.0; +http://www.bing.com/bingbot.htm) Chrome/103.0.5060.134 Safari/537.36" "ysfine.com"
161.35.161.60 - - [16/Feb/2023:17:16:26 -0800] "GET /wp-content/admin/views/tool-file-editor.php HTTP/1.1" 404 88 "-" "python-requests/2.28.2" "ysfine.com"
161.35.161.60 - - [16/Feb/2023:17:16:54 -0800] "GET /wp-content/plugins/admin/views/gqybozvryy.php;.jpg HTTP/1.1" 404 88 "-" "Mozilla/5.0 (X11; Ubuntu; Linux i686; rv:28.0) Gecko/20100101 Firefox/28.0" "ysfine.com"
161.35.161.60 - - [16/Feb/2023:17:17:24 -0800] "GET /wp-content/admin/views/tool-file-editor.php HTTP/1.1" 404 88 "-" "python-requests/2.28.2" "ysfine.com"
71.224.180.247 - - [16/Feb/2023:17:17:39 -0800] "GET /world/france/stras10.jpg HTTP/1.1" 200 105338 "https://www.google.com/" "Mozilla/5.0 (iPhone; CPU iPhone OS 16_3_1 like Mac OS X) AppleWebKit/605.1.15 (KHTML, like Gecko) Version/16.3 Mobile/15E148 Safari/604.1" "ysfine.com"
64.124.8.28 - - [16/Feb/2023:17:17:47 -0800] "GET /ysbio/world/germany/benz21.jpg HTTP/1.1" 404 88 "-" "Mozilla/5.0 (Macintosh; Intel Mac OS X 10_15_7) AppleWebKit/537.36 (KHTML, like Gecko) Chrome/107.0.0.0 Safari/537.36" "ysfine.com"
52.167.144.86 - - [16/Feb/2023:17:17:48 -0800] "GET /class54/busan22.jpg HTTP/1.1" 200 113125 "-" "Mozilla/5.0 AppleWebKit/537.36 (KHTML, like Gecko; compatible; bingbot/2.0; +http://www.bing.com/bingbot.htm) Chrome/103.0.5060.134 Safari/537.36" "www.ysfine.com"
161.35.161.60 - - [16/Feb/2023:17:17:54 -0800] "GET /wp-content/plugins/admin/views/pannkvcwyp.csv.phtml HTTP/1.1" 404 88 "-" "Mozilla/5.0 (X11; Ubuntu; Linux i686; rv:28.0) Gecko/20100101 Firefox/28.0" "ysfine.com"
64.124.8.29 - - [16/Feb/2023:17:18:03 -0800] "GET /world/france/sartsq21.jpg HTTP/1.1" 200 123370 "-" "Mozilla/5.0 (Macintosh; Intel Mac OS X 10_15_7) AppleWebKit/537.36 (KHTML, like Gecko) Chrome/107.0.0.0 Safari/537.36" "www.ysfine.com"
161.35.161.60 - - [16/Feb/2023:17:18:24 -0800] "GET /wp-admin/admin-ajax.php?action=wpsc_tickets&setting_action=rb_upload_file HTTP/1.1" 404 88 "-" "Mozilla/5.0 (Macintosh; Intel Mac OS X 10_9_3) AppleWebKit/537.36 (KHTML, like Gecko) Chrome/35.0.1916.47 Safari/537.36" "ysfine.com"
52.167.144.62 - - [16/Feb/2023:17:18:30 -0800] "GET /bio/style/proschanie.html HTTP/1.1" 404 88 "-" "Mozilla/5.0 AppleWebKit/537.36 (KHTML, like Gecko; compatible; bingbot/2.0; +http://www.bing.com/bingbot.htm) Chrome/103.0.5060.134 Safari/537.36" "ysfine.com"
64.124.8.49 - - [16/Feb/2023:17:18:38 -0800] "GET /princeton/pgarden.jpg HTTP/1.1" 200 111446 "-" "Mozilla/5.0 (Macintosh; Intel Mac OS X 10_15_7) AppleWebKit/537.36 (KHTML, like Gecko) Chrome/107.0.0.0 Safari/537.36" "www.ysfine.com"
161.35.161.60 - - [16/Feb/2023:17:18:53 -0800] "GET /wp-content/plugins/easy-wp-smtp/ HTTP/1.1" 404 88 "-" "Mozilla/5.0 (X11; Ubuntu; Linux i686; rv:28.0) Gecko/20100101 Firefox/28.0" "ysfine.com"
185.191.171.9 - - [16/Feb/2023:17:18:58 -0800] "GET /fbook/friends.html HTTP/1.1" 200 1057 "-" "Mozilla/5.0 (compatible; SemrushBot/7~bl; +http://www.semrush.com/bot.html)" "ysfine.com"
161.35.161.60 - - [16/Feb/2023:17:19:23 -0800] "GET /wp-content/plugins/easy-wp-smtp/ HTTP/1.1" 404 88 "-" "Mozilla/5.0 (X11; Ubuntu; Linux i686; rv:28.0) Gecko/20100101 Firefox/28.0" "ysfine.com"
17.241.75.143 - - [16/Feb/2023:17:19:40 -0800] "GET /feynman/fphoto.html HTTP/1.1" 200 3714 "-" "Mozilla/5.0 (Macintosh; Intel Mac OS X 10_15_5) AppleWebKit/605.1.15 (KHTML, like Gecko) Version/13.1.1 Safari/605.1.15 (Applebot/0.1; +http://www.apple.com/go/applebot)" "www.ysfine.com"
64.124.8.56 - - [16/Feb/2023:17:19:45 -0800] "GET /usca/pitt/cmall04.jpg HTTP/1.1" 200 70991 "-" "Mozilla/5.0 (Macintosh; Intel Mac OS X 10_15_7) AppleWebKit/537.36 (KHTML, like Gecko) Chrome/107.0.0.0 Safari/537.36" "www.ysfine.com"
77.75.76.163 - - [16/Feb/2023:17:20:05 -0800] "GET /robots.txt HTTP/1.1" 404 88 "-" "Mozilla/5.0 (compatible; SeznamBot/3.2; +http://napoveda.seznam.cz/en/seznambot-intro/)" "ysfine.com"
77.75.76.163 - - [16/Feb/2023:17:20:07 -0800] "GET /style/musee/britmu18.jpg HTTP/1.1" 200 123526 "-" "Mozilla/5.0 (compatible; SeznamBot/3.2; +http://napoveda.seznam.cz/en/seznambot-intro/)" "ysfine.com"
77.75.76.163 - - [16/Feb/2023:17:20:11 -0800] "GET /princeton/gcollege61.jpg HTTP/1.1" 200 84242 "-" "Mozilla/5.0 (compatible; SeznamBot/3.2; +http://napoveda.seznam.cz/en/seznambot-intro/)" "ysfine.com"
77.75.76.163 - - [16/Feb/2023:17:20:13 -0800] "GET /style/musee/britmu17.jpg HTTP/1.1" 200 113884 "-" "Mozilla/5.0 (compatible; SeznamBot/3.2; +http://napoveda.seznam.cz/en/seznambot-intro/)" "ysfine.com"
77.75.76.163 - - [16/Feb/2023:17:20:16 -0800] "GET /maga/invent/pupin22.jpg HTTP/1.1" 304 - "-" "Mozilla/5.0 (compatible; SeznamBot/3.2; +http://napoveda.seznam.cz/en/seznambot-intro/)" "ysfine.com"
77.75.76.163 - - [16/Feb/2023:17:20:16 -0800] "GET /newyork/unionsq09.jpg HTTP/1.1" 304 - "-" "Mozilla/5.0 (compatible; SeznamBot/3.2; +http://napoveda.seznam.cz/en/seznambot-intro/)" "ysfine.com"
77.75.76.163 - - [16/Feb/2023:17:20:17 -0800] "GET /newyork/colum08.jpg HTTP/1.1" 304 - "-" "Mozilla/5.0 (compatible; SeznamBot/3.2; +http://napoveda.seznam.cz/en/seznambot-intro/)" "ysfine.com"
52.167.144.86 - - [16/Feb/2023:17:20:49 -0800] "GET /auto/bio15.html HTTP/1.1" 200 16013 "-" "Mozilla/5.0 AppleWebKit/537.36 (KHTML, like Gecko; compatible; bingbot/2.0; +http://www.bing.com/bingbot.htm) Chrome/103.0.5060.134 Safari/537.36" "ysfine.com"
52.167.144.62 - - [16/Feb/2023:17:22:21 -0800] "GET /world/ital/sapienza07.jpg HTTP/1.1" 200 82541 "-" "Mozilla/5.0 AppleWebKit/537.36 (KHTML, like Gecko; compatible; bingbot/2.0; +http://www.bing.com/bingbot.htm) Chrome/103.0.5060.134 Safari/537.36" "ysfine.com"
66.249.70.3 - - [16/Feb/2023:17:22:30 -0800] "GET /usca/norl/jazz08b.jpg HTTP/1.1" 200 46018 "-" "Googlebot-Image/1.0" "ysfine.com"
74.96.99.95 - - [16/Feb/2023:17:23:00 -0800] "GET /wdc/georgetown.html HTTP/1.1" 200 3609 "https://www.google.com/" "Mozilla/5.0 (Linux; Android 13; SM-A136U) AppleWebKit/537.36 (KHTML, like Gecko) Chrome/109.0.0.0 Mobile Safari/537.36" "ysfine.com"
74.96.99.95 - - [16/Feb/2023:17:23:00 -0800] "GET /wdc/gtown15b.jpg HTTP/1.1" 200 38625 "https://ysfine.com/wdc/georgetown.html" "Mozilla/5.0 (Linux; Android 13; SM-A136U) AppleWebKit/537.36 (KHTML, like Gecko) Chrome/109.0.0.0 Mobile Safari/537.36" "ysfine.com"
74.96.99.95 - - [16/Feb/2023:17:23:00 -0800] "GET /wdc/gtown19b.jpg HTTP/1.1" 200 42238 "https://ysfine.com/wdc/georgetown.html" "Mozilla/5.0 (Linux; Android 13; SM-A136U) AppleWebKit/537.36 (KHTML, like Gecko) Chrome/109.0.0.0 Mobile Safari/537.36" "ysfine.com"
74.96.99.95 - - [16/Feb/2023:17:23:00 -0800] "GET /wdc/gtown23b.jpg HTTP/1.1" 200 37749 "https://ysfine.com/wdc/georgetown.html" "Mozilla/5.0 (Linux; Android 13; SM-A136U) AppleWebKit/537.36 (KHTML, like Gecko) Chrome/109.0.0.0 Mobile Safari/537.36" "ysfine.com"
74.96.99.95 - - [16/Feb/2023:17:23:00 -0800] "GET /wdc/gtown03b.jpg HTTP/1.1" 200 50421 "https://ysfine.com/wdc/georgetown.html" "Mozilla/5.0 (Linux; Android 13; SM-A136U) AppleWebKit/537.36 (KHTML, like Gecko) Chrome/109.0.0.0 Mobile Safari/537.36" "ysfine.com"
74.96.99.95 - - [16/Feb/2023:17:23:00 -0800] "GET /wdc/kennedyc05b.jpg HTTP/1.1" 200 26902 "https://ysfine.com/wdc/georgetown.html" "Mozilla/5.0 (Linux; Android 13; SM-A136U) AppleWebKit/537.36 (KHTML, like Gecko) Chrome/109.0.0.0 Mobile Safari/537.36" "ysfine.com"
74.96.99.95 - - [16/Feb/2023:17:23:00 -0800] "GET /wdc/gtown08b.jpg HTTP/1.1" 200 55792 "https://ysfine.com/wdc/georgetown.html" "Mozilla/5.0 (Linux; Android 13; SM-A136U) AppleWebKit/537.36 (KHTML, like Gecko) Chrome/109.0.0.0 Mobile Safari/537.36" "ysfine.com"
74.96.99.95 - - [16/Feb/2023:17:23:00 -0800] "GET /wdc/gtown37b.jpg HTTP/1.1" 200 53384 "https://ysfine.com/wdc/georgetown.html" "Mozilla/5.0 (Linux; Android 13; SM-A136U) AppleWebKit/537.36 (KHTML, like Gecko) Chrome/109.0.0.0 Mobile Safari/537.36" "ysfine.com"
74.96.99.95 - - [16/Feb/2023:17:23:00 -0800] "GET /wdc/gtown32b.jpg HTTP/1.1" 200 49261 "https://ysfine.com/wdc/georgetown.html" "Mozilla/5.0 (Linux; Android 13; SM-A136U) AppleWebKit/537.36 (KHTML, like Gecko) Chrome/109.0.0.0 Mobile Safari/537.36" "ysfine.com"
74.96.99.95 - - [16/Feb/2023:17:23:00 -0800] "GET /wdc/kennedyc06b.jpg HTTP/1.1" 200 32476 "https://ysfine.com/wdc/georgetown.html" "Mozilla/5.0 (Linux; Android 13; SM-A136U) AppleWebKit/537.36 (KHTML, like Gecko) Chrome/109.0.0.0 Mobile Safari/537.36" "ysfine.com"
74.96.99.95 - - [16/Feb/2023:17:23:00 -0800] "GET /wdc/gtown26b.jpg HTTP/1.1" 200 28183 "https://ysfine.com/wdc/georgetown.html" "Mozilla/5.0 (Linux; Android 13; SM-A136U) AppleWebKit/537.36 (KHTML, like Gecko) Chrome/109.0.0.0 Mobile Safari/537.36" "ysfine.com"
74.96.99.95 - - [16/Feb/2023:17:23:00 -0800] "GET /wdc/kennedyc17b.jpg HTTP/1.1" 200 38708 "https://ysfine.com/wdc/georgetown.html" "Mozilla/5.0 (Linux; Android 13; SM-A136U) AppleWebKit/537.36 (KHTML, like Gecko) Chrome/109.0.0.0 Mobile Safari/537.36" "ysfine.com"
74.96.99.95 - - [16/Feb/2023:17:23:00 -0800] "GET /style/kirovken22b.jpg HTTP/1.1" 200 36856 "https://ysfine.com/wdc/georgetown.html" "Mozilla/5.0 (Linux; Android 13; SM-A136U) AppleWebKit/537.36 (KHTML, like Gecko) Chrome/109.0.0.0 Mobile Safari/537.36" "ysfine.com"
74.96.99.95 - - [16/Feb/2023:17:23:01 -0800] "GET /favicon.ico HTTP/1.1" 404 88 "https://ysfine.com/wdc/georgetown.html" "Mozilla/5.0 (Linux; Android 13; SM-A136U) AppleWebKit/537.36 (KHTML, like Gecko) Chrome/109.0.0.0 Mobile Safari/537.36" "ysfine.com"
216.244.66.229 - - [16/Feb/2023:17:23:02 -0800] "GET /ffriends/russparis05.jpg HTTP/1.1" 200 161034 "-" "Mozilla/5.0 (compatible; DotBot/1.2; +https://opensiteexplorer.org/dotbot; help@moz.com)" "www.ysfine.com"
40.88.21.235 - - [16/Feb/2023:17:23:22 -0800] "GET / HTTP/1.1" 200 5295 "https://ysfine.com/" "Mozilla/5.0 (compatible; DuckDuckGo-Favicons-Bot/1.0; +http://duckduckgo.com)" "ysfine.com"
40.88.21.235 - - [16/Feb/2023:17:23:22 -0800] "GET /favicon.ico HTTP/1.1" 404 88 "https://ysfine.com/favicon.ico" "Mozilla/5.0 (compatible; DuckDuckGo-Favicons-Bot/1.0; +http://duckduckgo.com)" "ysfine.com"
20.191.45.212 - - [16/Feb/2023:17:23:45 -0800] "GET / HTTP/1.1" 200 5295 "https://ysfine.com/" "Mozilla/5.0 (compatible; DuckDuckGo-Favicons-Bot/1.0; +http://duckduckgo.com)" "ysfine.com"
216.244.66.229 - - [16/Feb/2023:17:23:52 -0800] "GET /world/russ/kharkov04.jpg HTTP/1.1" 200 117619 "-" "Mozilla/5.0 (compatible; DotBot/1.2; +https://opensiteexplorer.org/dotbot; help@moz.com)" "ysfine.com"
207.228.78.227 - - [16/Feb/2023:17:24:12 -0800] "GET /people/wheemos2.jpg HTTP/1.1" 200 46241 "https://www.google.ca/" "Mozilla/5.0 (iPhone; CPU iPhone OS 15_7 like Mac OS X) AppleWebKit/605.1.15 (KHTML, like Gecko) Version/15.6,2 Mobile/15E148 Safari/604.1" "ysfine.com"
207.228.78.227 - - [16/Feb/2023:17:24:15 -0800] "GET /feynman/feyn86b.jpg HTTP/1.1" 200 26190 "https://www.google.ca/" "Mozilla/5.0 (iPhone; CPU iPhone OS 15_7 like Mac OS X) AppleWebKit/605.1.15 (KHTML, like Gecko) Version/15.6,2 Mobile/15E148 Safari/604.1" "ysfine.com"
180.163.220.4 - - [16/Feb/2023:17:24:23 -0800] "GET / HTTP/1.1" 200 5295 "http://baidu.com/" "Mozilla/5.0 (Linux; Android 8.0; Pixel 2 Build/OPD3.170816.012) AppleWebKit/537.36 (KHTML, like Gecko) Chrome/87.0.4280.88 Mobile Safari/537.36" "www.ysfine.com"
27.115.124.101 - - [16/Feb/2023:17:24:30 -0800] "GET / HTTP/1.1" 200 5295 "http://baidu.com/" "Mozilla/5.0 (Linux; Android 8.0; Pixel 2 Build/OPD3.170816.012) AppleWebKit/537.36 (KHTML, like Gecko) Chrome/87.0.4280.88 Mobile Safari/537.36" "www.ysfine.com"
52.167.144.35 - - [16/Feb/2023:17:24:38 -0800] "GET /bio/kobak/yskor.html HTTP/1.1" 404 88 "-" "Mozilla/5.0 AppleWebKit/537.36 (KHTML, like Gecko; compatible; bingbot/2.0; +http://www.bing.com/bingbot.htm) Chrome/103.0.5060.134 Safari/537.36" "ysfine.com"
64.124.8.49 - - [16/Feb/2023:17:25:35 -0800] "GET /sbk/1969house11.jpg HTTP/1.1" 200 192992 "-" "Mozilla/5.0 (Macintosh; Intel Mac OS X 10_15_7) AppleWebKit/537.36 (KHTML, like Gecko) Chrome/107.0.0.0 Safari/537.36" "ysfine.com"
8.218.15.251 - - [16/Feb/2023:17:25:40 -0800] "GET /world/russ/kgb01b.jpg HTTP/1.1" 200 31503 "https://www.google.com/" "Mozilla/5.0 (Macintosh; Intel Mac OS X 10_15_7) AppleWebKit/537.36 (KHTML, like Gecko) Chrome/109.0.0.0 Safari/537.36" "ysfine.com"
64.124.8.55 - - [16/Feb/2023:17:25:51 -0800] "GET /world/china/guang03.jpg HTTP/1.1" 200 158605 "-" "Mozilla/5.0 (Macintosh; Intel Mac OS X 10_15_7) AppleWebKit/537.36 (KHTML, like Gecko) Chrome/107.0.0.0 Safari/537.36" "ysfine.com"
64.124.8.49 - - [16/Feb/2023:17:25:55 -0800] "GET /world/russ/kiev015.jpg HTTP/1.1" 200 104824 "-" "Mozilla/5.0 (Macintosh; Intel Mac OS X 10_15_7) AppleWebKit/537.36 (KHTML, like Gecko) Chrome/107.0.0.0 Safari/537.36" "www.ysfine.com"
74.137.21.48 - - [16/Feb/2023:17:26:40 -0800] "GET /world/baltic/kalin30.jpg HTTP/1.1" 200 94863 "https://www.google.com/" "Mozilla/5.0 (Macintosh; Intel Mac OS X 10_15_7) AppleWebKit/537.36 (KHTML, like Gecko) Chrome/109.0.0.0 Safari/537.36" "ysfine.com"
64.124.8.29 - - [16/Feb/2023:17:27:49 -0800] "GET /world/spain/cordo22.jpg HTTP/1.1" 200 189252 "-" "Mozilla/5.0 (Macintosh; Intel Mac OS X 10_15_7) AppleWebKit/537.36 (KHTML, like Gecko) Chrome/107.0.0.0 Safari/537.36" "ysfine.com"
185.191.171.16 - - [16/Feb/2023:17:27:50 -0800] "GET /robots.txt HTTP/1.1" 404 88 "-" "Mozilla/5.0 (compatible; SemrushBot/7~bl; +http://www.semrush.com/bot.html)" "www.ysfine.com"
185.191.171.21 - - [16/Feb/2023:17:27:50 -0800] "GET /world/arusas.html HTTP/1.1" 200 7834 "-" "Mozilla/5.0 (compatible; SemrushBot/7~bl; +http://www.semrush.com/bot.html)" "www.ysfine.com"
52.167.144.35 - - [16/Feb/2023:17:27:58 -0800] "GET /world/france/frairfor01.jpg HTTP/1.1" 200 78466 "-" "Mozilla/5.0 AppleWebKit/537.36 (KHTML, like Gecko; compatible; bingbot/2.0; +http://www.bing.com/bingbot.htm) Chrome/103.0.5060.134 Safari/537.36" "www.ysfine.com"
68.80.179.59 - - [16/Feb/2023:17:29:57 -0800] "GET /kobak/somap38.jpg HTTP/1.1" 200 109622 "https://www.google.com/" "Mozilla/5.0 (X11; CrOS x86_64 14541.0.0) AppleWebKit/537.36 (KHTML, like Gecko) Chrome/108.0.0.0 Safari/537.36" "ysfine.com"
157.55.39.207 - - [16/Feb/2023:17:29:58 -0800] "GET /world/brit/cam03.jpg HTTP/1.1" 200 98143 "-" "Mozilla/5.0 AppleWebKit/537.36 (KHTML, like Gecko; compatible; bingbot/2.0; +http://www.bing.com/bingbot.htm) Chrome/103.0.5060.134 Safari/537.36" "ysfine.com"
64.124.8.56 - - [16/Feb/2023:17:30:07 -0800] "GET /einstein/places/ulm28.jpg HTTP/1.1" 200 105515 "-" "Mozilla/5.0 (Macintosh; Intel Mac OS X 10_15_7) AppleWebKit/537.36 (KHTML, like Gecko) Chrome/107.0.0.0 Safari/537.36" "ysfine.com"
64.124.8.52 - - [16/Feb/2023:17:30:29 -0800] "GET /world/ital/flor082.jpg HTTP/1.1" 200 165211 "-" "Mozilla/5.0 (Macintosh; Intel Mac OS X 10_15_7) AppleWebKit/537.36 (KHTML, like Gecko) Chrome/107.0.0.0 Safari/537.36" "www.ysfine.com"
52.167.144.86 - - [16/Feb/2023:17:30:29 -0800] "GET /ysbio/philo/sisfa12/frame18.html HTTP/1.1" 404 88 "-" "Mozilla/5.0 AppleWebKit/537.36 (KHTML, like Gecko; compatible; bingbot/2.0; +http://www.bing.com/bingbot.htm) Chrome/103.0.5060.134 Safari/537.36" "ysfine.com"
52.167.144.35 - - [16/Feb/2023:17:30:38 -0800] "GET /home/bios.html HTTP/1.1" 404 88 "-" "Mozilla/5.0 AppleWebKit/537.36 (KHTML, like Gecko; compatible; bingbot/2.0; +http://www.bing.com/bingbot.htm) Chrome/103.0.5060.134 Safari/537.36" "www.ysfine.com"
64.124.8.28 - - [16/Feb/2023:17:30:39 -0800] "GET /ysbio/princeton/class2002.jpg HTTP/1.1" 404 88 "-" "Mozilla/5.0 (Macintosh; Intel Mac OS X 10_15_7) AppleWebKit/537.36 (KHTML, like Gecko) Chrome/107.0.0.0 Safari/537.36" "www.ysfine.com"
64.124.8.50 - - [16/Feb/2023:17:31:24 -0800] "GET /world/scandi/sto023.jpg HTTP/1.1" 200 98250 "http://ysfine.com/world/scandi/sto023.jpg" "Mozilla/5.0 (Macintosh; Intel Mac OS X 10_15_7) AppleWebKit/537.36 (KHTML, like Gecko) Chrome/107.0.0.0 Safari/537.36" "ysfine.com"
64.124.8.54 - - [16/Feb/2023:17:31:55 -0800] "GET /wdc/whouse08.jpg HTTP/1.1" 200 56905 "-" "Mozilla/5.0 (Macintosh; Intel Mac OS X 10_15_7) AppleWebKit/537.36 (KHTML, like Gecko) Chrome/107.0.0.0 Safari/537.36" "ysfine.com"
64.124.8.52 - - [16/Feb/2023:17:32:08 -0800] "GET /home/figs/evol77.jpg HTTP/1.1" 200 145608 "-" "Mozilla/5.0 (Macintosh; Intel Mac OS X 10_15_7) AppleWebKit/537.36 (KHTML, like Gecko) Chrome/107.0.0.0 Safari/537.36" "www.ysfine.com"
64.124.8.55 - - [16/Feb/2023:17:34:05 -0800] "GET /dirac/dirbust11.jpg HTTP/1.1" 200 80175 "-" "Mozilla/5.0 (Macintosh; Intel Mac OS X 10_15_7) AppleWebKit/537.36 (KHTML, like Gecko) Chrome/107.0.0.0 Safari/537.36" "ysfine.com"
73.199.144.147 - - [16/Feb/2023:17:34:44 -0800] "GET /princeton/brooke22.jpg HTTP/1.1" 200 87673 "https://www.google.com/" "Mozilla/5.0 (iPhone; CPU iPhone OS 16_2 like Mac OS X) AppleWebKit/605.1.15 (KHTML, like Gecko) Version/16.2 Mobile/15E148 Safari/604.1" "ysfine.com"
64.124.8.52 - - [16/Feb/2023:17:34:57 -0800] "GET /ysbio/feynman/feynman.jpg HTTP/1.1" 404 88 "-" "Mozilla/5.0 (Macintosh; Intel Mac OS X 10_15_7) AppleWebKit/537.36 (KHTML, like Gecko) Chrome/107.0.0.0 Safari/537.36" "ysfine.com"
64.124.8.49 - - [16/Feb/2023:17:35:57 -0800] "GET /ysbio/wdc/sandharv.jpg HTTP/1.1" 404 88 "-" "Mozilla/5.0 (Macintosh; Intel Mac OS X 10_15_7) AppleWebKit/537.36 (KHTML, like Gecko) Chrome/107.0.0.0 Safari/537.36" "ysfine.com"
190.73.150.114 - - [16/Feb/2023:17:36:10 -0800] "GET /einstein/newtmax02.jpg HTTP/1.1" 200 55929 "https://www.bing.com/" "Mozilla/5.0 (Windows NT 6.1) AppleWebKit/537.36 (KHTML, like Gecko) Chrome/109.0.0.0 Safari/537.36 Edg/109.0.1518.78" "www.ysfine.com"
185.191.171.9 - - [16/Feb/2023:17:36:46 -0800] "GET /robots.txt HTTP/1.1" 404 88 "-" "Mozilla/5.0 (compatible; SemrushBot/7~bl; +http://www.semrush.com/bot.html)" "ysfine.com"
185.191.171.36 - - [16/Feb/2023:17:36:46 -0800] "GET /archives/online.html HTTP/1.1" 200 2747 "-" "Mozilla/5.0 (compatible; SemrushBot/7~bl; +http://www.semrush.com/bot.html)" "ysfine.com"
52.167.144.35 - - [16/Feb/2023:17:36:48 -0800] "GET /world/ital/padova25.jpg HTTP/1.1" 200 73204 "-" "Mozilla/5.0 AppleWebKit/537.36 (KHTML, like Gecko; compatible; bingbot/2.0; +http://www.bing.com/bingbot.htm) Chrome/103.0.5060.134 Safari/537.36" "ysfine.com"
64.124.8.52 - - [16/Feb/2023:17:38:34 -0800] "GET /world/china/shenyang15.jpg HTTP/1.1" 200 116699 "-" "Mozilla/5.0 (Macintosh; Intel Mac OS X 10_15_7) AppleWebKit/537.36 (KHTML, like Gecko) Chrome/107.0.0.0 Safari/537.36" "ysfine.com"
64.124.8.57 - - [16/Feb/2023:17:39:29 -0800] "GET /wdc/capitol07.jpg HTTP/1.1" 200 138407 "-" "Mozilla/5.0 (Macintosh; Intel Mac OS X 10_15_7) AppleWebKit/537.36 (KHTML, like Gecko) Chrome/107.0.0.0 Safari/537.36" "www.ysfine.com"
52.143.242.6 - - [16/Feb/2023:17:39:35 -0800] "GET /einstein/places/einha17.jpg HTTP/1.1" 200 76725 "http://ysfine.com/einstein/places/einha17.jpg" "DuckDuckBot/1.1; (+http://duckduckgo.com/duckduckbot.html)" "ysfine.com"
185.191.171.6 - - [16/Feb/2023:17:40:18 -0800] "GET /maga/marx.html HTTP/1.1" 200 5871 "-" "Mozilla/5.0 (compatible; SemrushBot/7~bl; +http://www.semrush.com/bot.html)" "ysfine.com"
