51.222.253.1 - - [03/Feb/2023:01:40:50 -0800] "GET /world/brit/eton02b.jpg HTTP/1.1" 200 39432 "-" "Mozilla/5.0 (compatible; AhrefsBot/7.0; +http://ahrefs.com/robot/)" "ysfine.com"
51.222.253.1 - - [03/Feb/2023:01:40:50 -0800] "GET /world/brit/harrow04b.jpg HTTP/1.1" 200 48004 "-" "Mozilla/5.0 (compatible; AhrefsBot/7.0; +http://ahrefs.com/robot/)" "ysfine.com"
51.222.253.13 - - [03/Feb/2023:01:40:51 -0800] "GET /world/brit/harrow09b.jpg HTTP/1.1" 200 48797 "-" "Mozilla/5.0 (compatible; AhrefsBot/7.0; +http://ahrefs.com/robot/)" "ysfine.com"
51.222.253.18 - - [03/Feb/2023:01:40:52 -0800] "GET /world/brit/eton07b.jpg HTTP/1.1" 200 36566 "-" "Mozilla/5.0 (compatible; AhrefsBot/7.0; +http://ahrefs.com/robot/)" "ysfine.com"
216.244.66.229 - - [03/Feb/2023:01:40:54 -0800] "GET /robots.txt HTTP/1.1" 404 73 "-" "Mozilla/5.0 (compatible; DotBot/1.2; +https://opensiteexplorer.org/dotbot; help@moz.com)" "www.ysfine.com"
52.167.144.39 - - [03/Feb/2023:01:41:51 -0800] "GET /yspapers/evol77c.jpg HTTP/1.1" 200 52015 "-" "Mozilla/5.0 AppleWebKit/537.36 (KHTML, like Gecko; compatible; bingbot/2.0; +http://www.bing.com/bingbot.htm) Chrome/103.0.5060.134 Safari/537.36" "ysfine.com"
52.167.144.62 - - [03/Feb/2023:01:42:18 -0800] "GET /people/peobot.html HTTP/1.1" 200 129 "-" "Mozilla/5.0 AppleWebKit/537.36 (KHTML, like Gecko; compatible; bingbot/2.0; +http://www.bing.com/bingbot.htm) Chrome/103.0.5060.134 Safari/537.36" "ysfine.com"
40.77.167.192 - - [03/Feb/2023:01:42:41 -0800] "GET /bio/kobak/soraech.html HTTP/1.1" 404 88 "-" "Mozilla/5.0 AppleWebKit/537.36 (KHTML, like Gecko; compatible; bingbot/2.0; +http://www.bing.com/bingbot.htm) Chrome/103.0.5060.134 Safari/537.36" "ysfine.com"
52.167.144.39 - - [03/Feb/2023:01:43:51 -0800] "GET /awards/beward11f.jpg HTTP/1.1" 200 123557 "-" "Mozilla/5.0 AppleWebKit/537.36 (KHTML, like Gecko; compatible; bingbot/2.0; +http://www.bing.com/bingbot.htm) Chrome/103.0.5060.134 Safari/537.36" "www.ysfine.com"
71.178.208.102 - - [03/Feb/2023:01:44:00 -0800] "GET /ys11/ HTTP/1.1" 304 - "-" "Mozilla/5.0 (Windows NT 10.0; Win64; x64) AppleWebKit/537.36 (KHTML, like Gecko) Chrome/109.0.0.0 Safari/537.36 Edg/109.0.1518.70" "ysfine.com"
94.69.46.122 - - [03/Feb/2023:01:44:12 -0800] "GET /maga/invent/eisenstein01b.jpg HTTP/1.1" 200 50445 "https://www.google.gr/" "Mozilla/5.0 (Windows NT 10.0; Win64; x64; rv:109.0) Gecko/20100101 Firefox/109.0" "ysfine.com"
71.178.208.102 - - [03/Feb/2023:01:45:39 -0800] "GET /philo/sisfa12/frame16.html HTTP/1.1" 200 320 "https://ysfine.com/philo/sisfa12/r12left.html" "Mozilla/5.0 (Windows NT 10.0; Win64; x64; rv:109.0) Gecko/20100101 Firefox/109.0" "ysfine.com"
71.178.208.102 - - [03/Feb/2023:01:45:39 -0800] "GET /philo/sisfa12/roma12-16.jpg HTTP/1.1" 200 116542 "https://ysfine.com/philo/sisfa12/frame16.html" "Mozilla/5.0 (Windows NT 10.0; Win64; x64; rv:109.0) Gecko/20100101 Firefox/109.0" "ysfine.com"
51.222.253.17 - - [03/Feb/2023:01:48:07 -0800] "GET /maga/copislam.html HTTP/1.1" 200 5140 "-" "Mozilla/5.0 (compatible; AhrefsBot/7.0; +http://ahrefs.com/robot/)" "www.ysfine.com"
51.222.253.12 - - [03/Feb/2023:01:48:08 -0800] "GET /maga/phys/coperni103b.jpg HTTP/1.1" 200 609419 "-" "Mozilla/5.0 (compatible; AhrefsBot/7.0; +http://ahrefs.com/robot/)" "www.ysfine.com"
51.222.253.3 - - [03/Feb/2023:01:48:09 -0800] "GET /wigner/euclid05b.jpg HTTP/1.1" 200 33016 "-" "Mozilla/5.0 (compatible; AhrefsBot/7.0; +http://ahrefs.com/robot/)" "www.ysfine.com"
51.222.253.11 - - [03/Feb/2023:01:48:09 -0800] "GET /wigner/wigwein2.jpg HTTP/1.1" 200 42269 "-" "Mozilla/5.0 (compatible; AhrefsBot/7.0; +http://ahrefs.com/robot/)" "www.ysfine.com"
51.222.253.14 - - [03/Feb/2023:01:48:10 -0800] "GET /maga/phys/coperni101b.jpg HTTP/1.1" 200 30180 "-" "Mozilla/5.0 (compatible; AhrefsBot/7.0; +http://ahrefs.com/robot/)" "www.ysfine.com"
51.222.253.12 - - [03/Feb/2023:01:48:10 -0800] "GET /wigner/wighome2.jpg HTTP/1.1" 200 48701 "-" "Mozilla/5.0 (compatible; AhrefsBot/7.0; +http://ahrefs.com/robot/)" "www.ysfine.com"
51.222.253.19 - - [03/Feb/2023:01:48:11 -0800] "GET /maga/phys/coperni105b.jpg HTTP/1.1" 200 51806 "-" "Mozilla/5.0 (compatible; AhrefsBot/7.0; +http://ahrefs.com/robot/)" "www.ysfine.com"
51.222.253.11 - - [03/Feb/2023:01:48:11 -0800] "GET /world/ital/padova01b.jpg HTTP/1.1" 200 43463 "-" "Mozilla/5.0 (compatible; AhrefsBot/7.0; +http://ahrefs.com/robot/)" "www.ysfine.com"
51.222.253.9 - - [03/Feb/2023:01:48:12 -0800] "GET /wigner/isomor77c.jpg HTTP/1.1" 200 43414 "-" "Mozilla/5.0 (compatible; AhrefsBot/7.0; +http://ahrefs.com/robot/)" "www.ysfine.com"
51.222.253.8 - - [03/Feb/2023:01:48:12 -0800] "GET /world/ital/padova31b.jpg HTTP/1.1" 200 41702 "-" "Mozilla/5.0 (compatible; AhrefsBot/7.0; +http://ahrefs.com/robot/)" "www.ysfine.com"
207.46.13.104 - - [03/Feb/2023:01:48:27 -0800] "GET /bio/sbk/1950.html HTTP/1.1" 404 88 "-" "Mozilla/5.0 AppleWebKit/537.36 (KHTML, like Gecko; compatible; bingbot/2.0; +http://www.bing.com/bingbot.htm) Chrome/103.0.5060.134 Safari/537.36" "ysfine.com"
50.125.95.133 - - [03/Feb/2023:01:49:48 -0800] "GET /princeton/alexan22.jpg HTTP/1.1" 200 175436 "https://www.google.com/" "Mozilla/5.0 (iPhone; CPU iPhone OS 16_1 like Mac OS X) AppleWebKit/605.1.15 (KHTML, like Gecko) Version/16.1 Mobile/15E148 Safari/604.1" "ysfine.com"
52.167.144.86 - - [03/Feb/2023:01:50:33 -0800] "GET /bio/wigner/e(2).html HTTP/1.1" 404 88 "-" "Mozilla/5.0 AppleWebKit/537.36 (KHTML, like Gecko; compatible; bingbot/2.0; +http://www.bing.com/bingbot.htm) Chrome/103.0.5060.134 Safari/537.36" "ysfine.com"
77.75.78.160 - - [03/Feb/2023:01:50:36 -0800] "GET /robots.txt HTTP/1.1" 404 88 "-" "Mozilla/5.0 (compatible; SeznamBot/3.2; +http://napoveda.seznam.cz/en/seznambot-intro/)" "ysfine.com"
77.75.78.160 - - [03/Feb/2023:01:50:38 -0800] "GET /style/musee/berlinmus38.jpg HTTP/1.1" 200 118493 "-" "Mozilla/5.0 (compatible; SeznamBot/3.2; +http://napoveda.seznam.cz/en/seznambot-intro/)" "ysfine.com"
77.75.78.160 - - [03/Feb/2023:01:50:42 -0800] "GET /style/musee/berlinmus36.jpg HTTP/1.1" 200 96145 "-" "Mozilla/5.0 (compatible; SeznamBot/3.2; +http://napoveda.seznam.cz/en/seznambot-intro/)" "ysfine.com"
77.75.78.160 - - [03/Feb/2023:01:50:44 -0800] "GET /world/brit/imperialc14.jpg HTTP/1.1" 304 - "-" "Mozilla/5.0 (compatible; SeznamBot/3.2; +http://napoveda.seznam.cz/en/seznambot-intro/)" "ysfine.com"
77.75.78.160 - - [03/Feb/2023:01:50:45 -0800] "GET /princeton/pseminary55.jpg HTTP/1.1" 200 95410 "-" "Mozilla/5.0 (compatible; SeznamBot/3.2; +http://napoveda.seznam.cz/en/seznambot-intro/)" "ysfine.com"
77.75.78.160 - - [03/Feb/2023:01:50:47 -0800] "GET /world/france/pariso10.jpg HTTP/1.1" 200 104494 "-" "Mozilla/5.0 (compatible; SeznamBot/3.2; +http://napoveda.seznam.cz/en/seznambot-intro/)" "ysfine.com"
77.75.78.160 - - [03/Feb/2023:01:50:49 -0800] "GET /style/musee/pradom06.jpg HTTP/1.1" 200 252665 "-" "Mozilla/5.0 (compatible; SeznamBot/3.2; +http://napoveda.seznam.cz/en/seznambot-intro/)" "ysfine.com"
77.75.78.160 - - [03/Feb/2023:01:50:52 -0800] "GET /style/musee/pradom02.jpg HTTP/1.1" 200 235084 "-" "Mozilla/5.0 (compatible; SeznamBot/3.2; +http://napoveda.seznam.cz/en/seznambot-intro/)" "ysfine.com"
207.46.13.104 - - [03/Feb/2023:01:51:02 -0800] "GET /bio/style/artlove.html HTTP/1.1" 404 88 "-" "Mozilla/5.0 AppleWebKit/537.36 (KHTML, like Gecko; compatible; bingbot/2.0; +http://www.bing.com/bingbot.htm) Chrome/103.0.5060.134 Safari/537.36" "ysfine.com"
93.158.161.36 - - [03/Feb/2023:01:52:07 -0800] "GET /princeton/wilson14.html HTTP/1.1" 200 774 "-" "Mozilla/5.0 (compatible; YandexBot/3.0; +http://yandex.com/bots) AppleWebKit/537.36 (KHTML, like Gecko) Chrome/81.0.4044.268" "www.ysfine.com"
40.77.167.192 - - [03/Feb/2023:01:52:15 -0800] "GET /bio.html HTTP/1.1" 200 18260 "-" "Mozilla/5.0 AppleWebKit/537.36 (KHTML, like Gecko; compatible; bingbot/2.0; +http://www.bing.com/bingbot.htm) Chrome/103.0.5060.134 Safari/537.36" "ysfine.com"
118.184.177.49 - - [03/Feb/2023:01:53:27 -0800] "GET / HTTP/1.1" 200 5295 "-" "Sogou web spider/4.0(+http://www.sogou.com/docs/help/webmasters.htm#07)" "ysfine.com"
216.244.66.229 - - [03/Feb/2023:01:53:34 -0800] "GET /ffriends/iraida11.jpg HTTP/1.1" 200 129479 "-" "Mozilla/5.0 (compatible; DotBot/1.2; +https://opensiteexplorer.org/dotbot; help@moz.com)" "www.ysfine.com"
207.46.13.64 - - [03/Feb/2023:01:54:29 -0800] "GET /world/russ/kazan066.jpg HTTP/1.1" 200 44197 "-" "Mozilla/5.0 AppleWebKit/537.36 (KHTML, like Gecko; compatible; bingbot/2.0; +http://www.bing.com/bingbot.htm) Chrome/103.0.5060.134 Safari/537.36" "www.ysfine.com"
216.244.66.229 - - [03/Feb/2023:01:54:32 -0800] "GET /awards/marq/marq22.jpg HTTP/1.1" 200 243193 "-" "Mozilla/5.0 (compatible; DotBot/1.2; +https://opensiteexplorer.org/dotbot; help@moz.com)" "www.ysfine.com"
44.204.250.114 - - [03/Feb/2023:01:54:49 -0800] "GET / HTTP/1.1" 200 5295 "-" "Mozilla/5.0 (compatible; Newslitbot/0.1; +https://www.newslit.co)" "ysfine.com"
51.222.253.10 - - [03/Feb/2023:01:54:53 -0800] "GET /dirac/bankers.html HTTP/1.1" 200 4453 "-" "Mozilla/5.0 (compatible; AhrefsBot/7.0; +http://ahrefs.com/robot/)" "ysfine.com"
51.222.253.9 - - [03/Feb/2023:01:54:55 -0800] "GET /einstein/einbohr33b.jpg HTTP/1.1" 200 42636 "-" "Mozilla/5.0 (compatible; AhrefsBot/7.0; +http://ahrefs.com/robot/)" "ysfine.com"
51.222.253.20 - - [03/Feb/2023:01:54:55 -0800] "GET /einstein/jsbell02b.jpg HTTP/1.1" 200 27021 "-" "Mozilla/5.0 (compatible; AhrefsBot/7.0; +http://ahrefs.com/robot/)" "ysfine.com"
51.222.253.10 - - [03/Feb/2023:01:54:55 -0800] "GET /world/ital/verona25b.jpg HTTP/1.1" 200 45414 "-" "Mozilla/5.0 (compatible; AhrefsBot/7.0; +http://ahrefs.com/robot/)" "ysfine.com"
51.222.253.6 - - [03/Feb/2023:01:54:56 -0800] "GET /wdc/fedreserv22b.jpg HTTP/1.1" 200 42221 "-" "Mozilla/5.0 (compatible; AhrefsBot/7.0; +http://ahrefs.com/robot/)" "ysfine.com"
51.222.253.15 - - [03/Feb/2023:01:54:56 -0800] "GET /world/ital/venicej02b.jpg HTTP/1.1" 200 42128 "-" "Mozilla/5.0 (compatible; AhrefsBot/7.0; +http://ahrefs.com/robot/)" "ysfine.com"
51.222.253.4 - - [03/Feb/2023:01:54:57 -0800] "GET /wdc/eindc02b.jpg HTTP/1.1" 200 51154 "-" "Mozilla/5.0 (compatible; AhrefsBot/7.0; +http://ahrefs.com/robot/)" "ysfine.com"
51.222.253.16 - - [03/Feb/2023:01:54:59 -0800] "GET /dirac/bankers11b.jpg HTTP/1.1" 200 22341 "-" "Mozilla/5.0 (compatible; AhrefsBot/7.0; +http://ahrefs.com/robot/)" "ysfine.com"
51.222.253.9 - - [03/Feb/2023:01:55:00 -0800] "GET /maga/phys/inclined11b.jpg HTTP/1.1" 200 35417 "-" "Mozilla/5.0 (compatible; AhrefsBot/7.0; +http://ahrefs.com/robot/)" "ysfine.com"
51.222.253.6 - - [03/Feb/2023:01:55:00 -0800] "GET /world/ital/museo01b.jpg HTTP/1.1" 200 41524 "-" "Mozilla/5.0 (compatible; AhrefsBot/7.0; +http://ahrefs.com/robot/)" "ysfine.com"
44.203.11.113 - - [03/Feb/2023:01:55:17 -0800] "GET /robots.txt HTTP/1.1" 404 88 "-" "Apache-HttpClient/4.5.3 (Java/1.8.0_292)" "ysfine.com"
216.244.66.229 - - [03/Feb/2023:01:55:24 -0800] "GET /ffriends/aline/austri04.jpg HTTP/1.1" 200 123063 "-" "Mozilla/5.0 (compatible; DotBot/1.2; +https://opensiteexplorer.org/dotbot; help@moz.com)" "www.ysfine.com"
216.244.66.229 - - [03/Feb/2023:01:56:14 -0800] "GET /ffriends/amkor/lekeg04.jpg HTTP/1.1" 200 97257 "-" "Mozilla/5.0 (compatible; DotBot/1.2; +https://opensiteexplorer.org/dotbot; help@moz.com)" "www.ysfine.com"
122.161.51.148 - - [03/Feb/2023:01:56:17 -0800] "GET /world/brit/eton06.jpg HTTP/1.1" 200 127474 "https://www.google.com/" "Mozilla/5.0 (Windows NT 10.0; Win64; x64) AppleWebKit/537.36 (KHTML, like Gecko) Chrome/109.0.0.0 Safari/537.36" "ysfine.com"
52.167.144.62 - - [03/Feb/2023:01:57:25 -0800] "GET /wdc/jeffm01.jpg HTTP/1.1" 200 44578 "-" "Mozilla/5.0 AppleWebKit/537.36 (KHTML, like Gecko; compatible; bingbot/2.0; +http://www.bing.com/bingbot.htm) Chrome/103.0.5060.134 Safari/537.36" "www.ysfine.com"
216.244.66.229 - - [03/Feb/2023:01:57:51 -0800] "GET /ffriends/elsal01.jpg HTTP/1.1" 200 71947 "-" "Mozilla/5.0 (compatible; DotBot/1.2; +https://opensiteexplorer.org/dotbot; help@moz.com)" "www.ysfine.com"
95.87.154.11 - - [03/Feb/2023:01:57:57 -0800] "GET /robots.txt HTTP/1.1" 404 73 "-" "Mozilla/5.0 (compatible; MaCoCu; +https://www.clarin.si/info/macocu-massive-collection-and-curation-of-monolingual-and-bilingual-data/)" "ysfine.com"
216.244.66.229 - - [03/Feb/2023:01:58:19 -0800] "GET /ffriends/italhep.jpg HTTP/1.1" 200 43960 "-" "Mozilla/5.0 (compatible; DotBot/1.2; +https://opensiteexplorer.org/dotbot; help@moz.com)" "www.ysfine.com"
216.244.66.229 - - [03/Feb/2023:01:58:54 -0800] "GET /ffriends/italmilan33.jpg HTTP/1.1" 200 327252 "-" "Mozilla/5.0 (compatible; DotBot/1.2; +https://opensiteexplorer.org/dotbot; help@moz.com)" "www.ysfine.com"
52.167.144.39 - - [03/Feb/2023:01:59:13 -0800] "GET /world/germany/hegel03.jpg HTTP/1.1" 200 211480 "-" "Mozilla/5.0 AppleWebKit/537.36 (KHTML, like Gecko; compatible; bingbot/2.0; +http://www.bing.com/bingbot.htm) Chrome/103.0.5060.134 Safari/537.36" "ysfine.com"
52.167.144.86 - - [03/Feb/2023:01:59:52 -0800] "GET /people/fitch62.jpg HTTP/1.1" 200 81837 "-" "Mozilla/5.0 (Windows NT 6.1; WOW64) AppleWebKit/534+ (KHTML, like Gecko) BingPreview/1.0b" "ysfine.com"
95.87.154.11 - - [03/Feb/2023:02:00:45 -0800] "GET / HTTP/1.1" 200 15915 "-" "Mozilla/5.0 (compatible; MaCoCu; +https://www.clarin.si/info/macocu-massive-collection-and-curation-of-monolingual-and-bilingual-data/)" "ysfine.com"
52.167.144.39 - - [03/Feb/2023:02:02:03 -0800] "GET /beau/amkor/canjeru02.jpg HTTP/1.1" 404 88 "-" "Mozilla/5.0 AppleWebKit/537.36 (KHTML, like Gecko; compatible; bingbot/2.0; +http://www.bing.com/bingbot.htm) Chrome/103.0.5060.134 Safari/537.36" "ysfine.com"
52.167.144.62 - - [03/Feb/2023:02:02:15 -0800] "GET /beau/amkor/canberlin01.jpg HTTP/1.1" 404 88 "-" "Mozilla/5.0 AppleWebKit/537.36 (KHTML, like Gecko; compatible; bingbot/2.0; +http://www.bing.com/bingbot.htm) Chrome/103.0.5060.134 Safari/537.36" "ysfine.com"
51.222.253.2 - - [03/Feb/2023:02:02:47 -0800] "GET /einstein/index.html HTTP/1.1" 200 135 "-" "Mozilla/5.0 (compatible; AhrefsBot/7.0; +http://ahrefs.com/robot/)" "ysfine.com"
40.77.167.192 - - [03/Feb/2023:02:02:50 -0800] "GET /world/germany/tubw12.jpg HTTP/1.1" 200 81082 "-" "Mozilla/5.0 AppleWebKit/537.36 (KHTML, like Gecko; compatible; bingbot/2.0; +http://www.bing.com/bingbot.htm) Chrome/103.0.5060.134 Safari/537.36" "ysfine.com"
207.46.13.104 - - [03/Feb/2023:02:03:21 -0800] "GET /world/russ/czar01b.jpg HTTP/1.1" 200 41980 "-" "Mozilla/5.0 AppleWebKit/537.36 (KHTML, like Gecko; compatible; bingbot/2.0; +http://www.bing.com/bingbot.htm) Chrome/103.0.5060.134 Safari/537.36" "www.ysfine.com"
207.46.13.104 - - [03/Feb/2023:02:04:01 -0800] "GET /world/france/sartsq01.jpg HTTP/1.1" 200 103953 "-" "Mozilla/5.0 AppleWebKit/537.36 (KHTML, like Gecko; compatible; bingbot/2.0; +http://www.bing.com/bingbot.htm) Chrome/103.0.5060.134 Safari/537.36" "ysfine.com"
77.88.5.157 - - [03/Feb/2023:02:05:01 -0800] "GET /einstein/emc/fparton.html HTTP/1.1" 404 88 "-" "Mozilla/5.0 (compatible; YandexBot/3.0; +http://yandex.com/bots) AppleWebKit/537.36 (KHTML, like Gecko) Chrome/81.0.4044.268" "www.ysfine.com"
216.244.66.229 - - [03/Feb/2023:02:05:43 -0800] "GET /ffriends/aline/ana22.jpg HTTP/1.1" 200 208512 "-" "Mozilla/5.0 (compatible; DotBot/1.2; +https://opensiteexplorer.org/dotbot; help@moz.com)" "www.ysfine.com"
52.167.144.39 - - [03/Feb/2023:02:06:14 -0800] "GET /world/france/champ9611.jpg HTTP/1.1" 200 83996 "-" "Mozilla/5.0 AppleWebKit/537.36 (KHTML, like Gecko; compatible; bingbot/2.0; +http://www.bing.com/bingbot.htm) Chrome/103.0.5060.134 Safari/537.36" "www.ysfine.com"
216.244.66.229 - - [03/Feb/2023:02:06:31 -0800] "GET /ffriends/aline/klm02.jpg HTTP/1.1" 200 114103 "-" "Mozilla/5.0 (compatible; DotBot/1.2; +https://opensiteexplorer.org/dotbot; help@moz.com)" "www.ysfine.com"
17.241.75.210 - - [03/Feb/2023:02:06:38 -0800] "GET /houses/myhouse.html HTTP/1.1" 200 1473 "-" "Mozilla/5.0 (Macintosh; Intel Mac OS X 10_15_5) AppleWebKit/605.1.15 (KHTML, like Gecko) Version/13.1.1 Safari/605.1.15 (Applebot/0.1; +http://www.apple.com/go/applebot)" "ysfine.com"
193.140.88.3 - - [03/Feb/2023:02:07:18 -0800] "GET /maga/invent/amellon11b.jpg HTTP/1.1" 200 38142 "-" "python-requests/2.28.1" "ysfine.com"
52.167.144.39 - - [03/Feb/2023:02:07:54 -0800] "GET /world/latina/rio083.jpg HTTP/1.1" 200 117572 "-" "Mozilla/5.0 AppleWebKit/537.36 (KHTML, like Gecko; compatible; bingbot/2.0; +http://www.bing.com/bingbot.htm) Chrome/103.0.5060.134 Safari/537.36" "www.ysfine.com"
207.46.13.104 - - [03/Feb/2023:02:09:22 -0800] "GET /bio/kobak/yskor.html HTTP/1.1" 404 88 "-" "Mozilla/5.0 AppleWebKit/537.36 (KHTML, like Gecko; compatible; bingbot/2.0; +http://www.bing.com/bingbot.htm) Chrome/103.0.5060.134 Safari/537.36" "ysfine.com"
52.167.144.86 - - [03/Feb/2023:02:09:54 -0800] "GET /kobak/wilsonpark.jpg HTTP/1.1" 200 80259 "-" "Mozilla/5.0 AppleWebKit/537.36 (KHTML, like Gecko; compatible; bingbot/2.0; +http://www.bing.com/bingbot.htm) Chrome/103.0.5060.134 Safari/537.36" "www.ysfine.com"
51.222.253.17 - - [03/Feb/2023:02:09:54 -0800] "GET /class54/class5470/total_data/sub_8121.htm HTTP/1.1" 200 3499 "-" "Mozilla/5.0 (compatible; AhrefsBot/7.0; +http://ahrefs.com/robot/)" "www.ysfine.com"
51.222.253.15 - - [03/Feb/2023:02:09:56 -0800] "GET /class54/class5470/total_data/refer_img/8-116_f.jpg HTTP/1.1" 200 39315 "-" "Mozilla/5.0 (compatible; AhrefsBot/7.0; +http://ahrefs.com/robot/)" "www.ysfine.com"
51.222.253.14 - - [03/Feb/2023:02:09:56 -0800] "GET /class54/class5470/total_data/refer_img/8-115_f.jpg HTTP/1.1" 200 67121 "-" "Mozilla/5.0 (compatible; AhrefsBot/7.0; +http://ahrefs.com/robot/)" "www.ysfine.com"
51.222.253.11 - - [03/Feb/2023:02:09:57 -0800] "GET /class54/class5470/total_data/refer_img/8-126_f.jpg HTTP/1.1" 200 40716 "-" "Mozilla/5.0 (compatible; AhrefsBot/7.0; +http://ahrefs.com/robot/)" "www.ysfine.com"
51.222.253.12 - - [03/Feb/2023:02:09:57 -0800] "GET /class54/class5470/total_data/refer_img/8-101_f.jpg HTTP/1.1" 200 44461 "-" "Mozilla/5.0 (compatible; AhrefsBot/7.0; +http://ahrefs.com/robot/)" "www.ysfine.com"
51.222.253.16 - - [03/Feb/2023:02:09:58 -0800] "GET /class54/class5470/total_data/refer_img/8-114_f.jpg HTTP/1.1" 200 30789 "-" "Mozilla/5.0 (compatible; AhrefsBot/7.0; +http://ahrefs.com/robot/)" "www.ysfine.com"
51.222.253.5 - - [03/Feb/2023:02:09:58 -0800] "GET /class54/class5470/total_data/img/08_friendspicuture.gif HTTP/1.1" 200 1051 "-" "Mozilla/5.0 (compatible; AhrefsBot/7.0; +http://ahrefs.com/robot/)" "www.ysfine.com"
51.222.253.4 - - [03/Feb/2023:02:09:58 -0800] "GET /class54/class5470/total_data/refer_img/8-106_f.jpg HTTP/1.1" 200 42841 "-" "Mozilla/5.0 (compatible; AhrefsBot/7.0; +http://ahrefs.com/robot/)" "www.ysfine.com"
51.222.253.19 - - [03/Feb/2023:02:09:59 -0800] "GET /class54/class5470/total_data/refer_img/8-119_f.jpg HTTP/1.1" 200 37366 "-" "Mozilla/5.0 (compatible; AhrefsBot/7.0; +http://ahrefs.com/robot/)" "www.ysfine.com"
51.222.253.13 - - [03/Feb/2023:02:09:59 -0800] "GET /class54/class5470/total_data/refer_img/8-111_f.jpg HTTP/1.1" 200 33083 "-" "Mozilla/5.0 (compatible; AhrefsBot/7.0; +http://ahrefs.com/robot/)" "www.ysfine.com"
51.222.253.5 - - [03/Feb/2023:02:10:00 -0800] "GET /class54/class5470/total_data/refer_img/8-109_f.jpg HTTP/1.1" 200 30630 "-" "Mozilla/5.0 (compatible; AhrefsBot/7.0; +http://ahrefs.com/robot/)" "www.ysfine.com"
51.222.253.16 - - [03/Feb/2023:02:10:00 -0800] "GET /class54/class5470/total_data/refer_img/8-123_f.jpg HTTP/1.1" 200 29262 "-" "Mozilla/5.0 (compatible; AhrefsBot/7.0; +http://ahrefs.com/robot/)" "www.ysfine.com"
51.222.253.17 - - [03/Feb/2023:02:10:00 -0800] "GET /class54/class5470/total_data/refer_img/8-120_f.jpg HTTP/1.1" 200 35891 "-" "Mozilla/5.0 (compatible; AhrefsBot/7.0; +http://ahrefs.com/robot/)" "www.ysfine.com"
51.222.253.16 - - [03/Feb/2023:02:10:01 -0800] "GET /class54/class5470/total_data/img/sm04_off.gif HTTP/1.1" 200 529 "-" "Mozilla/5.0 (compatible; AhrefsBot/7.0; +http://ahrefs.com/robot/)" "www.ysfine.com"
51.222.253.14 - - [03/Feb/2023:02:10:01 -0800] "GET /class54/class5470/total_data/img/sm06_on.gif HTTP/1.1" 200 414 "-" "Mozilla/5.0 (compatible; AhrefsBot/7.0; +http://ahrefs.com/robot/)" "www.ysfine.com"
51.222.253.11 - - [03/Feb/2023:02:10:01 -0800] "GET /class54/class5470/total_data/img/08_title.gif HTTP/1.1" 200 3895 "-" "Mozilla/5.0 (compatible; AhrefsBot/7.0; +http://ahrefs.com/robot/)" "www.ysfine.com"
51.222.253.2 - - [03/Feb/2023:02:10:02 -0800] "GET /class54/class5470/total_data/refer_img/8-121_f.jpg HTTP/1.1" 200 39241 "-" "Mozilla/5.0 (compatible; AhrefsBot/7.0; +http://ahrefs.com/robot/)" "www.ysfine.com"
51.222.253.10 - - [03/Feb/2023:02:10:03 -0800] "GET /class54/class5470/total_data/refer_img/8-104_f.jpg HTTP/1.1" 200 45950 "-" "Mozilla/5.0 (compatible; AhrefsBot/7.0; +http://ahrefs.com/robot/)" "www.ysfine.com"
51.222.253.13 - - [03/Feb/2023:02:10:03 -0800] "GET /class54/class5470/total_data/refer_img/8-96_f.jpg HTTP/1.1" 200 48008 "-" "Mozilla/5.0 (compatible; AhrefsBot/7.0; +http://ahrefs.com/robot/)" "www.ysfine.com"
51.222.253.15 - - [03/Feb/2023:02:10:03 -0800] "GET /class54/class5470/total_data/refer_img/8-99_f.jpg HTTP/1.1" 200 39767 "-" "Mozilla/5.0 (compatible; AhrefsBot/7.0; +http://ahrefs.com/robot/)" "www.ysfine.com"
51.222.253.2 - - [03/Feb/2023:02:10:05 -0800] "GET /class54/class5470/total_data/refer_img/8-122_f.jpg HTTP/1.1" 200 37351 "-" "Mozilla/5.0 (compatible; AhrefsBot/7.0; +http://ahrefs.com/robot/)" "www.ysfine.com"
51.222.253.13 - - [03/Feb/2023:02:10:06 -0800] "GET /class54/class5470/total_data/refer_img/8-103_f.jpg HTTP/1.1" 200 35156 "-" "Mozilla/5.0 (compatible; AhrefsBot/7.0; +http://ahrefs.com/robot/)" "www.ysfine.com"
51.222.253.19 - - [03/Feb/2023:02:10:07 -0800] "GET /class54/class5470/total_data/refer_img/8-108_f.jpg HTTP/1.1" 200 42038 "-" "Mozilla/5.0 (compatible; AhrefsBot/7.0; +http://ahrefs.com/robot/)" "www.ysfine.com"
51.222.253.8 - - [03/Feb/2023:02:10:08 -0800] "GET /class54/class5470/total_data/refer_img/8-117_f.jpg HTTP/1.1" 200 36747 "-" "Mozilla/5.0 (compatible; AhrefsBot/7.0; +http://ahrefs.com/robot/)" "www.ysfine.com"
51.222.253.8 - - [03/Feb/2023:02:10:09 -0800] "GET /class54/class5470/total_data/refer_img/8-97_f.jpg HTTP/1.1" 200 50974 "-" "Mozilla/5.0 (compatible; AhrefsBot/7.0; +http://ahrefs.com/robot/)" "www.ysfine.com"
51.222.253.17 - - [03/Feb/2023:02:10:10 -0800] "GET /class54/class5470/total_data/refer_img/8-100_f.jpg HTTP/1.1" 200 44469 "-" "Mozilla/5.0 (compatible; AhrefsBot/7.0; +http://ahrefs.com/robot/)" "www.ysfine.com"
51.222.253.17 - - [03/Feb/2023:02:10:11 -0800] "GET /class54/class5470/total_data/img/sm05_on.gif HTTP/1.1" 200 408 "-" "Mozilla/5.0 (compatible; AhrefsBot/7.0; +http://ahrefs.com/robot/)" "www.ysfine.com"
51.222.253.2 - - [03/Feb/2023:02:10:11 -0800] "GET /class54/class5470/total_data/refer_img/8-110_f.jpg HTTP/1.1" 200 37426 "-" "Mozilla/5.0 (compatible; AhrefsBot/7.0; +http://ahrefs.com/robot/)" "www.ysfine.com"
51.222.253.12 - - [03/Feb/2023:02:10:12 -0800] "GET /class54/class5470/total_data/refer_img/8-112_f.jpg HTTP/1.1" 200 32888 "-" "Mozilla/5.0 (compatible; AhrefsBot/7.0; +http://ahrefs.com/robot/)" "www.ysfine.com"
51.222.253.7 - - [03/Feb/2023:02:10:13 -0800] "GET /class54/class5470/total_data/refer_img/8-107_f.jpg HTTP/1.1" 200 47913 "-" "Mozilla/5.0 (compatible; AhrefsBot/7.0; +http://ahrefs.com/robot/)" "www.ysfine.com"
51.222.253.19 - - [03/Feb/2023:02:10:15 -0800] "GET /class54/class5470/total_data/refer_img/8-125_f.jpg HTTP/1.1" 200 29244 "-" "Mozilla/5.0 (compatible; AhrefsBot/7.0; +http://ahrefs.com/robot/)" "www.ysfine.com"
51.222.253.11 - - [03/Feb/2023:02:10:15 -0800] "GET /class54/class5470/total_data/refer_img/8-124_f.jpg HTTP/1.1" 200 30861 "-" "Mozilla/5.0 (compatible; AhrefsBot/7.0; +http://ahrefs.com/robot/)" "www.ysfine.com"
51.222.253.1 - - [03/Feb/2023:02:10:16 -0800] "GET /class54/class5470/total_data/refer_img/8-113_f.jpg HTTP/1.1" 200 38873 "-" "Mozilla/5.0 (compatible; AhrefsBot/7.0; +http://ahrefs.com/robot/)" "www.ysfine.com"
51.222.253.17 - - [03/Feb/2023:02:10:16 -0800] "GET /class54/class5470/total_data/photo_img/8-121.jpg HTTP/1.1" 200 257657 "-" "Mozilla/5.0 (compatible; AhrefsBot/7.0; +http://ahrefs.com/robot/)" "www.ysfine.com"
51.222.253.11 - - [03/Feb/2023:02:10:17 -0800] "GET /class54/class5470/total_data/img/08_smline.gif HTTP/1.1" 200 1455 "-" "Mozilla/5.0 (compatible; AhrefsBot/7.0; +http://ahrefs.com/robot/)" "www.ysfine.com"
51.222.253.13 - - [03/Feb/2023:02:10:18 -0800] "GET /class54/class5470/total_data/refer_img/8-98_f.jpg HTTP/1.1" 200 38557 "-" "Mozilla/5.0 (compatible; AhrefsBot/7.0; +http://ahrefs.com/robot/)" "www.ysfine.com"
51.222.253.19 - - [03/Feb/2023:02:10:18 -0800] "GET /class54/class5470/total_data/refer_img/8-102_f.jpg HTTP/1.1" 200 45056 "-" "Mozilla/5.0 (compatible; AhrefsBot/7.0; +http://ahrefs.com/robot/)" "www.ysfine.com"
51.222.253.12 - - [03/Feb/2023:02:10:17 -0800] "GET /class54/class5470/total_data/refer_img/8-105_f.jpg HTTP/1.1" 200 56516 "-" "Mozilla/5.0 (compatible; AhrefsBot/7.0; +http://ahrefs.com/robot/)" "www.ysfine.com"
207.46.13.104 - - [03/Feb/2023:02:12:12 -0800] "GET /world/ital/verona16.jpg HTTP/1.1" 200 116788 "-" "Mozilla/5.0 AppleWebKit/537.36 (KHTML, like Gecko; compatible; bingbot/2.0; +http://www.bing.com/bingbot.htm) Chrome/103.0.5060.134 Safari/537.36" "ysfine.com"
52.167.144.62 - - [03/Feb/2023:02:14:18 -0800] "GET /bio/style/proschanie.html HTTP/1.1" 404 88 "-" "Mozilla/5.0 AppleWebKit/537.36 (KHTML, like Gecko; compatible; bingbot/2.0; +http://www.bing.com/bingbot.htm) Chrome/103.0.5060.134 Safari/537.36" "ysfine.com"
216.244.66.229 - - [03/Feb/2023:02:14:47 -0800] "GET /eink/einbern55.jpg HTTP/1.1" 200 138067 "-" "Mozilla/5.0 (compatible; DotBot/1.2; +https://opensiteexplorer.org/dotbot; help@moz.com)" "www.ysfine.com"
35.231.204.6 - - [03/Feb/2023:02:15:02 -0800] "GET /kobak/index.html HTTP/1.1" 200 186 "-" "Mozilla/5.0 (X11; Linux x86_64) AppleWebKit/537.36 (KHTML, like Gecko) Chrome/100.0.4896.127 Safari/537.36 OPR/86.0.4363.50" "ysfine.com"
52.167.144.86 - - [03/Feb/2023:02:15:04 -0800] "GET /bio/princeton/campus.html HTTP/1.1" 404 88 "-" "Mozilla/5.0 AppleWebKit/537.36 (KHTML, like Gecko; compatible; bingbot/2.0; +http://www.bing.com/bingbot.htm) Chrome/103.0.5060.134 Safari/537.36" "ysfine.com"
216.244.66.229 - - [03/Feb/2023:02:15:56 -0800] "GET /ffriends/russlon02.jpg HTTP/1.1" 200 96342 "-" "Mozilla/5.0 (compatible; DotBot/1.2; +https://opensiteexplorer.org/dotbot; help@moz.com)" "www.ysfine.com"
207.46.13.64 - - [03/Feb/2023:02:16:12 -0800] "GET /archives/proceedings/ff3/keybr.jpg HTTP/1.1" 200 34655 "-" "Mozilla/5.0 AppleWebKit/537.36 (KHTML, like Gecko; compatible; bingbot/2.0; +http://www.bing.com/bingbot.htm) Chrome/103.0.5060.134 Safari/537.36" "ysfine.com"
51.222.253.19 - - [03/Feb/2023:02:16:52 -0800] "GET /class54/class5470/total_data/sub_119.htm HTTP/1.1" 200 3313 "-" "Mozilla/5.0 (compatible; AhrefsBot/7.0; +http://ahrefs.com/robot/)" "ysfine.com"
51.222.253.18 - - [03/Feb/2023:02:16:55 -0800] "GET /class54/class5470/total_data/refer_img/1-25_f.jpg HTTP/1.1" 200 10435 "-" "Mozilla/5.0 (compatible; AhrefsBot/7.0; +http://ahrefs.com/robot/)" "ysfine.com"
51.222.253.11 - - [03/Feb/2023:02:16:56 -0800] "GET /class54/class5470/total_data/refer_img/1-19_f.jpg HTTP/1.1" 200 35753 "-" "Mozilla/5.0 (compatible; AhrefsBot/7.0; +http://ahrefs.com/robot/)" "ysfine.com"
51.222.253.14 - - [03/Feb/2023:02:16:57 -0800] "GET /class54/class5470/total_data/refer_img/1-31_f.jpg HTTP/1.1" 200 28905 "-" "Mozilla/5.0 (compatible; AhrefsBot/7.0; +http://ahrefs.com/robot/)" "ysfine.com"
51.222.253.18 - - [03/Feb/2023:02:16:58 -0800] "GET /class54/class5470/total_data/refer_img/1-24_f.jpg HTTP/1.1" 200 16495 "-" "Mozilla/5.0 (compatible; AhrefsBot/7.0; +http://ahrefs.com/robot/)" "ysfine.com"
51.222.253.1 - - [03/Feb/2023:02:16:59 -0800] "GET /class54/class5470/total_data/refer_img/1-27_f.jpg HTTP/1.1" 200 16756 "-" "Mozilla/5.0 (compatible; AhrefsBot/7.0; +http://ahrefs.com/robot/)" "ysfine.com"
51.222.253.13 - - [03/Feb/2023:02:17:00 -0800] "GET /class54/class5470/total_data/refer_img/1-28_f.jpg HTTP/1.1" 200 17946 "-" "Mozilla/5.0 (compatible; AhrefsBot/7.0; +http://ahrefs.com/robot/)" "ysfine.com"
51.222.253.14 - - [03/Feb/2023:02:17:01 -0800] "GET /class54/class5470/total_data/refer_img/1-22_f.jpg HTTP/1.1" 200 33310 "-" "Mozilla/5.0 (compatible; AhrefsBot/7.0; +http://ahrefs.com/robot/)" "ysfine.com"
51.222.253.2 - - [03/Feb/2023:02:17:01 -0800] "GET /class54/class5470/total_data/refer_img/1-29_f.jpg HTTP/1.1" 200 19029 "-" "Mozilla/5.0 (compatible; AhrefsBot/7.0; +http://ahrefs.com/robot/)" "ysfine.com"
51.222.253.14 - - [03/Feb/2023:02:17:02 -0800] "GET /class54/class5470/total_data/img/sm03_on.gif HTTP/1.1" 200 405 "-" "Mozilla/5.0 (compatible; AhrefsBot/7.0; +http://ahrefs.com/robot/)" "ysfine.com"
51.222.253.12 - - [03/Feb/2023:02:17:02 -0800] "GET /class54/class5470/total_data/img/01_smtitle19.gif HTTP/1.1" 200 540 "-" "Mozilla/5.0 (compatible; AhrefsBot/7.0; +http://ahrefs.com/robot/)" "ysfine.com"
51.222.253.2 - - [03/Feb/2023:02:17:02 -0800] "GET /class54/class5470/total_data/refer_img/1-30_f.jpg HTTP/1.1" 200 36339 "-" "Mozilla/5.0 (compatible; AhrefsBot/7.0; +http://ahrefs.com/robot/)" "ysfine.com"
51.222.253.8 - - [03/Feb/2023:02:17:03 -0800] "GET /class54/class5470/total_data/refer_img/1-21_f.jpg HTTP/1.1" 200 29695 "-" "Mozilla/5.0 (compatible; AhrefsBot/7.0; +http://ahrefs.com/robot/)" "ysfine.com"
51.222.253.6 - - [03/Feb/2023:02:17:03 -0800] "GET /class54/class5470/total_data/refer_img/1-20_f.jpg HTTP/1.1" 200 38649 "-" "Mozilla/5.0 (compatible; AhrefsBot/7.0; +http://ahrefs.com/robot/)" "ysfine.com"
51.222.253.11 - - [03/Feb/2023:02:17:04 -0800] "GET /class54/class5470/total_data/refer_img/1-26_f.jpg HTTP/1.1" 200 11795 "-" "Mozilla/5.0 (compatible; AhrefsBot/7.0; +http://ahrefs.com/robot/)" "ysfine.com"
51.222.253.16 - - [03/Feb/2023:02:17:04 -0800] "GET /class54/class5470/total_data/refer_img/1-23_f.jpg HTTP/1.1" 200 13938 "-" "Mozilla/5.0 (compatible; AhrefsBot/7.0; +http://ahrefs.com/robot/)" "ysfine.com"
51.222.253.6 - - [03/Feb/2023:02:17:05 -0800] "GET /class54/class5470/total_data/refer_img/1-32_f.jpg HTTP/1.1" 200 30349 "-" "Mozilla/5.0 (compatible; AhrefsBot/7.0; +http://ahrefs.com/robot/)" "ysfine.com"
51.222.253.6 - - [03/Feb/2023:02:17:05 -0800] "GET /class54/class5470/total_data/photo_img/1-19.jpg HTTP/1.1" 200 182418 "-" "Mozilla/5.0 (compatible; AhrefsBot/7.0; +http://ahrefs.com/robot/)" "ysfine.com"
51.222.253.19 - - [03/Feb/2023:02:17:06 -0800] "GET /class54/class5470/total_data/refer_img/1-18_f.jpg HTTP/1.1" 200 15806 "-" "Mozilla/5.0 (compatible; AhrefsBot/7.0; +http://ahrefs.com/robot/)" "ysfine.com"
17.241.227.232 - - [03/Feb/2023:02:17:16 -0800] "GET /home/100yrs.html HTTP/1.1" 200 7936 "-" "Mozilla/5.0 (Macintosh; Intel Mac OS X 10_15_5) AppleWebKit/605.1.15 (KHTML, like Gecko) Version/13.1.1 Safari/605.1.15 (Applebot/0.1; +http://www.apple.com/go/applebot)" "ysfine.com"
207.46.13.64 - - [03/Feb/2023:02:17:32 -0800] "GET /sbk/index.html HTTP/1.1" 200 198 "-" "Mozilla/5.0 AppleWebKit/537.36 (KHTML, like Gecko; compatible; bingbot/2.0; +http://www.bing.com/bingbot.htm) Chrome/103.0.5060.134 Safari/537.36" "www.ysfine.com"
207.46.13.104 - - [03/Feb/2023:02:18:33 -0800] "GET /kobak/soraech.html HTTP/1.1" 200 16732 "-" "Mozilla/5.0 AppleWebKit/537.36 (KHTML, like Gecko; compatible; bingbot/2.0; +http://www.bing.com/bingbot.htm) Chrome/103.0.5060.134 Safari/537.36" "www.ysfine.com"
207.46.13.104 - - [03/Feb/2023:02:18:43 -0800] "GET /world/hungary/hunstu27.jpg HTTP/1.1" 200 105364 "-" "Mozilla/5.0 AppleWebKit/537.36 (KHTML, like Gecko; compatible; bingbot/2.0; +http://www.bing.com/bingbot.htm) Chrome/103.0.5060.134 Safari/537.36" "www.ysfine.com"
52.167.144.39 - - [03/Feb/2023:02:22:35 -0800] "GET /dirac/diracbul270.jpg HTTP/1.1" 200 37621 "-" "Mozilla/5.0 AppleWebKit/537.36 (KHTML, like Gecko; compatible; bingbot/2.0; +http://www.bing.com/bingbot.htm) Chrome/103.0.5060.134 Safari/537.36" "ysfine.com"
207.46.13.104 - - [03/Feb/2023:02:23:04 -0800] "GET /usca/pitt/steelm01d.jpg HTTP/1.1" 200 30155 "-" "Mozilla/5.0 AppleWebKit/537.36 (KHTML, like Gecko; compatible; bingbot/2.0; +http://www.bing.com/bingbot.htm) Chrome/103.0.5060.134 Safari/537.36" "ysfine.com"
40.77.167.192 - - [03/Feb/2023:02:23:10 -0800] "GET /bio/kobak/soraech.html HTTP/1.1" 404 88 "-" "Mozilla/5.0 AppleWebKit/537.36 (KHTML, like Gecko; compatible; bingbot/2.0; +http://www.bing.com/bingbot.htm) Chrome/103.0.5060.134 Safari/537.36" "ysfine.com"
180.252.170.220 - - [03/Feb/2023:02:23:56 -0800] "GET /feynman/feybongo.jpg HTTP/1.1" 200 47448 "https://id.images.search.yahoo.com/search/images;_ylt=AwrKAvVv4NxjQkILxaPNQwx.;_ylu=c2VjA3NlYXJjaARzbGsDYnV0dG9u;_ylc=X1MDMjExNDczMzAwNQRfcgMyBGZyA21jYWZlZQRmcjIDcDpzLHY6aSxtOnNiLXRvcARncHJpZANvV1UyejE0SlREVzJRZktSU3BjY1VBBG5fcnNsdAMwBG5fc3VnZwMwBG9yaWdpbgNpZC5pbWFnZXMuc2VhcmNoLnlhaG9vLmNvbQRwb3MDMARwcXN0cgMEcHFzdHJsAzAEcXN0cmwDMjcEcXVlcnkDcmljaGFyZCUyMGZleW5tYW4lMjBwaG90b2dyYXBoeQR0X3N0bXADMTY3NTQxOTgyNw--?p=richard+feynman+photography&fr=mcafee&fr2=p%3As%2Cv%3Ai%2Cm%3Asb-top&ei=UTF-8&x=wrt&type=E211ID714G91747" "Mozilla/5.0 (Windows NT 10.0; Win64; x64) AppleWebKit/537.36 (KHTML, like Gecko) Chrome/109.0.0.0 Safari/537.36" "ysfine.com"
180.252.170.220 - - [03/Feb/2023:02:23:56 -0800] "GET /feynman/feygell22.jpg HTTP/1.1" 200 61564 "https://id.images.search.yahoo.com/search/images;_ylt=AwrKAvVv4NxjQkILxaPNQwx.;_ylu=c2VjA3NlYXJjaARzbGsDYnV0dG9u;_ylc=X1MDMjExNDczMzAwNQRfcgMyBGZyA21jYWZlZQRmcjIDcDpzLHY6aSxtOnNiLXRvcARncHJpZANvV1UyejE0SlREVzJRZktSU3BjY1VBBG5fcnNsdAMwBG5fc3VnZwMwBG9yaWdpbgNpZC5pbWFnZXMuc2VhcmNoLnlhaG9vLmNvbQRwb3MDMARwcXN0cgMEcHFzdHJsAzAEcXN0cmwDMjcEcXVlcnkDcmljaGFyZCUyMGZleW5tYW4lMjBwaG90b2dyYXBoeQR0X3N0bXADMTY3NTQxOTgyNw--?p=richard+feynman+photography&fr=mcafee&fr2=p%3As%2Cv%3Ai%2Cm%3Asb-top&ei=UTF-8&x=wrt&type=E211ID714G91747" "Mozilla/5.0 (Windows NT 10.0; Win64; x64) AppleWebKit/537.36 (KHTML, like Gecko) Chrome/109.0.0.0 Safari/537.36" "ysfine.com"
51.222.253.19 - - [03/Feb/2023:02:24:29 -0800] "GET /class54/emailed02.html HTTP/1.1" 200 29084 "-" "Mozilla/5.0 (compatible; AhrefsBot/7.0; +http://ahrefs.com/robot/)" "ysfine.com"
51.222.253.16 - - [03/Feb/2023:02:24:32 -0800] "GET /world/russ/bachkova11b.jpg HTTP/1.1" 200 45475 "-" "Mozilla/5.0 (compatible; AhrefsBot/7.0; +http://ahrefs.com/robot/)" "ysfine.com"
51.222.253.15 - - [03/Feb/2023:02:24:32 -0800] "GET /beau/amkor/kostu36b.jpg HTTP/1.1" 404 88 "-" "Mozilla/5.0 (compatible; AhrefsBot/7.0; +http://ahrefs.com/robot/)" "ysfine.com"
51.222.253.9 - - [03/Feb/2023:02:24:32 -0800] "GET /world/russ/spbpi07b.jpg HTTP/1.1" 200 44525 "-" "Mozilla/5.0 (compatible; AhrefsBot/7.0; +http://ahrefs.com/robot/)" "ysfine.com"
51.222.253.19 - - [03/Feb/2023:02:24:33 -0800] "GET /world/russ/mosmusic18b.jpg HTTP/1.1" 200 51573 "-" "Mozilla/5.0 (compatible; AhrefsBot/7.0; +http://ahrefs.com/robot/)" "ysfine.com"
51.222.253.2 - - [03/Feb/2023:02:24:34 -0800] "GET /world/russ/spbm02b.jpg HTTP/1.1" 200 48172 "-" "Mozilla/5.0 (compatible; AhrefsBot/7.0; +http://ahrefs.com/robot/)" "ysfine.com"
51.222.253.7 - - [03/Feb/2023:02:24:35 -0800] "GET /world/russ/mosf52b.jpg HTTP/1.1" 200 46452 "-" "Mozilla/5.0 (compatible; AhrefsBot/7.0; +http://ahrefs.com/robot/)" "ysfine.com"
51.222.253.19 - - [03/Feb/2023:02:24:35 -0800] "GET /einstein/eink07b.jpg HTTP/1.1" 200 35608 "-" "Mozilla/5.0 (compatible; AhrefsBot/7.0; +http://ahrefs.com/robot/)" "ysfine.com"
51.222.253.12 - - [03/Feb/2023:02:24:36 -0800] "GET /world/russ/spbf29b.jpg HTTP/1.1" 200 46978 "-" "Mozilla/5.0 (compatible; AhrefsBot/7.0; +http://ahrefs.com/robot/)" "ysfine.com"
94.69.46.122 - - [03/Feb/2023:02:25:30 -0800] "GET /maga/invent/eisenstein01b.jpg HTTP/1.1" 200 50445 "https://www.google.com/" "Mozilla/5.0 (Windows NT 10.0; Win64; x64; rv:109.0) Gecko/20100101 Firefox/109.0" "ysfine.com"
193.140.88.3 - - [03/Feb/2023:02:26:00 -0800] "GET /world/scandi/nbi06.jpg HTTP/1.1" 200 99013 "-" "python-requests/2.28.1" "ysfine.com"
20.44.222.1 - - [03/Feb/2023:02:26:13 -0800] "GET /kobak/sl628.jpg HTTP/1.1" 200 225100 "http://ysfine.com/kobak/sl628.jpg" "DuckDuckBot/1.1; (+http://duckduckgo.com/duckduckbot.html)" "ysfine.com"
52.167.144.39 - - [03/Feb/2023:02:26:15 -0800] "GET /world/russ/spb06b.jpg HTTP/1.1" 200 29124 "-" "Mozilla/5.0 AppleWebKit/537.36 (KHTML, like Gecko; compatible; bingbot/2.0; +http://www.bing.com/bingbot.htm) Chrome/103.0.5060.134 Safari/537.36" "ysfine.com"
20.44.222.1 - - [03/Feb/2023:02:26:27 -0800] "GET /kobak/sl628.jpg HTTP/1.1" 200 225100 "-" "DuckDuckBot/1.1; (+http://duckduckgo.com/duckduckbot.html)" "ysfine.com"
207.46.13.104 - - [03/Feb/2023:02:26:43 -0800] "GET /bio09.html HTTP/1.1" 304 - "-" "Mozilla/5.0 AppleWebKit/537.36 (KHTML, like Gecko; compatible; bingbot/2.0; +http://www.bing.com/bingbot.htm) Chrome/103.0.5060.134 Safari/537.36" "www.ysfine.com"
52.167.144.86 - - [03/Feb/2023:02:27:35 -0800] "GET /bio/wigner/e(2).html HTTP/1.1" 404 88 "-" "Mozilla/5.0 AppleWebKit/537.36 (KHTML, like Gecko; compatible; bingbot/2.0; +http://www.bing.com/bingbot.htm) Chrome/103.0.5060.134 Safari/537.36" "ysfine.com"
40.77.167.192 - - [03/Feb/2023:02:28:17 -0800] "GET /bio.html HTTP/1.1" 200 18260 "-" "Mozilla/5.0 AppleWebKit/537.36 (KHTML, like Gecko; compatible; bingbot/2.0; +http://www.bing.com/bingbot.htm) Chrome/103.0.5060.134 Safari/537.36" "ysfine.com"
180.252.170.220 - - [03/Feb/2023:02:28:27 -0800] "GET /feynman/feyn86b.jpg HTTP/1.1" 200 26190 "https://id.images.search.yahoo.com/search/images;_ylt=AwrKAvVv4NxjQkILxaPNQwx.;_ylu=c2VjA3NlYXJjaARzbGsDYnV0dG9u;_ylc=X1MDMjExNDczMzAwNQRfcgMyBGZyA21jYWZlZQRmcjIDcDpzLHY6aSxtOnNiLXRvcARncHJpZANvV1UyejE0SlREVzJRZktSU3BjY1VBBG5fcnNsdAMwBG5fc3VnZwMwBG9yaWdpbgNpZC5pbWFnZXMuc2VhcmNoLnlhaG9vLmNvbQRwb3MDMARwcXN0cgMEcHFzdHJsAzAEcXN0cmwDMjcEcXVlcnkDcmljaGFyZCUyMGZleW5tYW4lMjBwaG90b2dyYXBoeQR0X3N0bXADMTY3NTQxOTgyNw--?p=richard+feynman+photography&fr=mcafee&fr2=p%3As%2Cv%3Ai%2Cm%3Asb-top&ei=UTF-8&x=wrt&type=E211ID714G91747" "Mozilla/5.0 (Windows NT 10.0; Win64; x64) AppleWebKit/537.36 (KHTML, like Gecko) Chrome/109.0.0.0 Safari/537.36" "www.ysfine.com"
52.167.144.86 - - [03/Feb/2023:02:28:44 -0800] "GET /world/germany/vienna09.jpg HTTP/1.1" 200 94484 "-" "Mozilla/5.0 AppleWebKit/537.36 (KHTML, like Gecko; compatible; bingbot/2.0; +http://www.bing.com/bingbot.htm) Chrome/103.0.5060.134 Safari/537.36" "ysfine.com"
180.252.170.220 - - [03/Feb/2023:02:29:20 -0800] "GET /feynman/feyjad11.jpg HTTP/1.1" 200 459525 "https://id.images.search.yahoo.com/search/images;_ylt=AwrKAvVv4NxjQkILxaPNQwx.;_ylu=c2VjA3NlYXJjaARzbGsDYnV0dG9u;_ylc=X1MDMjExNDczMzAwNQRfcgMyBGZyA21jYWZlZQRmcjIDcDpzLHY6aSxtOnNiLXRvcARncHJpZANvV1UyejE0SlREVzJRZktSU3BjY1VBBG5fcnNsdAMwBG5fc3VnZwMwBG9yaWdpbgNpZC5pbWFnZXMuc2VhcmNoLnlhaG9vLmNvbQRwb3MDMARwcXN0cgMEcHFzdHJsAzAEcXN0cmwDMjcEcXVlcnkDcmljaGFyZCUyMGZleW5tYW4lMjBwaG90b2dyYXBoeQR0X3N0bXADMTY3NTQxOTgyNw--?p=richard+feynman+photography&fr=mcafee&fr2=p%3As%2Cv%3Ai%2Cm%3Asb-top&ei=UTF-8&x=wrt&type=E211ID714G91747" "Mozilla/5.0 (Windows NT 10.0; Win64; x64) AppleWebKit/537.36 (KHTML, like Gecko) Chrome/109.0.0.0 Safari/537.36" "ysfine.com"
180.252.170.220 - - [03/Feb/2023:02:29:20 -0800] "GET /feynman/feynma2.jpg HTTP/1.1" 200 41543 "https://id.images.search.yahoo.com/search/images;_ylt=AwrKAvVv4NxjQkILxaPNQwx.;_ylu=c2VjA3NlYXJjaARzbGsDYnV0dG9u;_ylc=X1MDMjExNDczMzAwNQRfcgMyBGZyA21jYWZlZQRmcjIDcDpzLHY6aSxtOnNiLXRvcARncHJpZANvV1UyejE0SlREVzJRZktSU3BjY1VBBG5fcnNsdAMwBG5fc3VnZwMwBG9yaWdpbgNpZC5pbWFnZXMuc2VhcmNoLnlhaG9vLmNvbQRwb3MDMARwcXN0cgMEcHFzdHJsAzAEcXN0cmwDMjcEcXVlcnkDcmljaGFyZCUyMGZleW5tYW4lMjBwaG90b2dyYXBoeQR0X3N0bXADMTY3NTQxOTgyNw--?p=richard+feynman+photography&fr=mcafee&fr2=p%3As%2Cv%3Ai%2Cm%3Asb-top&ei=UTF-8&x=wrt&type=E211ID714G91747" "Mozilla/5.0 (Windows NT 10.0; Win64; x64) AppleWebKit/537.36 (KHTML, like Gecko) Chrome/109.0.0.0 Safari/537.36" "ysfine.com"
180.252.170.220 - - [03/Feb/2023:02:29:20 -0800] "GET /feynman/chapline.jpg HTTP/1.1" 200 133064 "https://id.images.search.yahoo.com/search/images;_ylt=AwrKAvVv4NxjQkILxaPNQwx.;_ylu=c2VjA3NlYXJjaARzbGsDYnV0dG9u;_ylc=X1MDMjExNDczMzAwNQRfcgMyBGZyA21jYWZlZQRmcjIDcDpzLHY6aSxtOnNiLXRvcARncHJpZANvV1UyejE0SlREVzJRZktSU3BjY1VBBG5fcnNsdAMwBG5fc3VnZwMwBG9yaWdpbgNpZC5pbWFnZXMuc2VhcmNoLnlhaG9vLmNvbQRwb3MDMARwcXN0cgMEcHFzdHJsAzAEcXN0cmwDMjcEcXVlcnkDcmljaGFyZCUyMGZleW5tYW4lMjBwaG90b2dyYXBoeQR0X3N0bXADMTY3NTQxOTgyNw--?p=richard+feynman+photography&fr=mcafee&fr2=p%3As%2Cv%3Ai%2Cm%3Asb-top&ei=UTF-8&x=wrt&type=E211ID714G91747" "Mozilla/5.0 (Windows NT 10.0; Win64; x64) AppleWebKit/537.36 (KHTML, like Gecko) Chrome/109.0.0.0 Safari/537.36" "ysfine.com"
216.244.66.229 - - [03/Feb/2023:02:29:47 -0800] "GET /robots.txt HTTP/1.1" 404 73 "-" "Mozilla/5.0 (compatible; DotBot/1.2; +https://opensiteexplorer.org/dotbot; help@moz.com)" "www.ysfine.com"
220.84.216.53 - - [03/Feb/2023:02:29:54 -0800] "GET /heisen/bohrheisen11.jpg HTTP/1.1" 200 104546 "https://www.google.com/" "Mozilla/5.0 (Windows NT 10.0; Win64; x64) AppleWebKit/537.36 (KHTML, like Gecko) Chrome/109.0.0.0 Safari/537.36" "ysfine.com"
207.46.13.104 - - [03/Feb/2023:02:30:46 -0800] "GET /bio/sbk/1950.html HTTP/1.1" 404 88 "-" "Mozilla/5.0 AppleWebKit/537.36 (KHTML, like Gecko; compatible; bingbot/2.0; +http://www.bing.com/bingbot.htm) Chrome/103.0.5060.134 Safari/537.36" "ysfine.com"
51.222.253.5 - - [03/Feb/2023:02:31:55 -0800] "GET /wdc/whx18.html HTTP/1.1" 200 4350 "-" "Mozilla/5.0 (compatible; AhrefsBot/7.0; +http://ahrefs.com/robot/)" "ysfine.com"
51.222.253.11 - - [03/Feb/2023:02:31:56 -0800] "GET /einstein/weber00b.jpg HTTP/1.1" 200 33404 "-" "Mozilla/5.0 (compatible; AhrefsBot/7.0; +http://ahrefs.com/robot/)" "ysfine.com"
51.222.253.7 - - [03/Feb/2023:02:31:57 -0800] "GET /wdc/reagan03a.jpg HTTP/1.1" 200 75902 "-" "Mozilla/5.0 (compatible; AhrefsBot/7.0; +http://ahrefs.com/robot/)" "ysfine.com"
51.222.253.6 - - [03/Feb/2023:02:31:57 -0800] "GET /wdc/reagan55b.jpg HTTP/1.1" 200 32608 "-" "Mozilla/5.0 (compatible; AhrefsBot/7.0; +http://ahrefs.com/robot/)" "ysfine.com"
51.222.253.19 - - [03/Feb/2023:02:31:58 -0800] "GET /wdc/whxmas/whxmas35a.jpg HTTP/1.1" 200 74529 "-" "Mozilla/5.0 (compatible; AhrefsBot/7.0; +http://ahrefs.com/robot/)" "ysfine.com"
51.222.253.6 - - [03/Feb/2023:02:31:58 -0800] "GET /world/brit/embassy04b.jpg HTTP/1.1" 200 37286 "-" "Mozilla/5.0 (compatible; AhrefsBot/7.0; +http://ahrefs.com/robot/)" "ysfine.com"
51.222.253.12 - - [03/Feb/2023:02:31:58 -0800] "GET /friends/albania99b.jpg HTTP/1.1" 404 88 "-" "Mozilla/5.0 (compatible; AhrefsBot/7.0; +http://ahrefs.com/robot/)" "ysfine.com"
51.222.253.8 - - [03/Feb/2023:02:32:00 -0800] "GET /einstein/eins47b.jpg HTTP/1.1" 200 48772 "-" "Mozilla/5.0 (compatible; AhrefsBot/7.0; +http://ahrefs.com/robot/)" "ysfine.com"
51.222.253.13 - - [03/Feb/2023:02:32:01 -0800] "GET /einstein/weber99b.jpg HTTP/1.1" 200 32652 "-" "Mozilla/5.0 (compatible; AhrefsBot/7.0; +http://ahrefs.com/robot/)" "ysfine.com"
207.46.13.104 - - [03/Feb/2023:02:32:34 -0800] "GET /world/france/pariso06.jpg HTTP/1.1" 200 107944 "-" "Mozilla/5.0 AppleWebKit/537.36 (KHTML, like Gecko; compatible; bingbot/2.0; +http://www.bing.com/bingbot.htm) Chrome/103.0.5060.134 Safari/537.36" "ysfine.com"
207.46.13.104 - - [03/Feb/2023:02:32:35 -0800] "GET /bio/style/artlove.html HTTP/1.1" 404 88 "-" "Mozilla/5.0 AppleWebKit/537.36 (KHTML, like Gecko; compatible; bingbot/2.0; +http://www.bing.com/bingbot.htm) Chrome/103.0.5060.134 Safari/537.36" "ysfine.com"
23.225.41.82 - - [03/Feb/2023:02:32:38 -0800] "GET / HTTP/1.1" 200 5295 "-" "Go-http-client/1.1" "ysfine.com"
52.167.144.86 - - [03/Feb/2023:02:33:06 -0800] "GET /wdc/sakura.html HTTP/1.1" 200 381 "-" "Mozilla/5.0 AppleWebKit/537.36 (KHTML, like Gecko; compatible; bingbot/2.0; +http://www.bing.com/bingbot.htm) Chrome/103.0.5060.134 Safari/537.36" "www.ysfine.com"
95.163.255.68 - - [03/Feb/2023:02:34:22 -0800] "GET /robots.txt HTTP/1.1" 404 73 "-" "Mozilla/5.0 (compatible; Linux x86_64; Mail.RU_Bot/2.0; +https://help.mail.ru/webmaster/indexing/robots)" "www.ysfine.com"
95.163.255.69 - - [03/Feb/2023:02:34:42 -0800] "GET /maga/invent/joak22b.jpg HTTP/1.1" 200 45607 "-" "Mozilla/5.0 (compatible; Linux x86_64; Mail.RU_Bot/2.0; +https://help.mail.ru/webmaster/indexing/robots)" "www.ysfine.com"
216.244.66.229 - - [03/Feb/2023:02:34:47 -0800] "GET /awards/truck20.jpg HTTP/1.1" 200 118871 "-" "Mozilla/5.0 (compatible; DotBot/1.2; +https://opensiteexplorer.org/dotbot; help@moz.com)" "www.ysfine.com"
216.244.66.229 - - [03/Feb/2023:02:34:49 -0800] "GET /ffriends/gatti03.jpg HTTP/1.1" 200 73685 "-" "Mozilla/5.0 (compatible; DotBot/1.2; +https://opensiteexplorer.org/dotbot; help@moz.com)" "www.ysfine.com"
216.244.66.229 - - [03/Feb/2023:02:35:16 -0800] "GET /ffriends/amkor/amgermany01.jpg HTTP/1.1" 200 160760 "-" "Mozilla/5.0 (compatible; DotBot/1.2; +https://opensiteexplorer.org/dotbot; help@moz.com)" "www.ysfine.com"
216.244.66.229 - - [03/Feb/2023:02:35:19 -0800] "GET /ffriends/amkor/amseville01.jpg HTTP/1.1" 200 484848 "-" "Mozilla/5.0 (compatible; DotBot/1.2; +https://opensiteexplorer.org/dotbot; help@moz.com)" "www.ysfine.com"
77.75.78.164 - - [03/Feb/2023:02:35:46 -0800] "GET /robots.txt HTTP/1.1" 404 88 "-" "Mozilla/5.0 (compatible; SeznamBot/3.2; +http://napoveda.seznam.cz/en/seznambot-intro/)" "ysfine.com"
77.75.78.164 - - [03/Feb/2023:02:35:47 -0800] "GET /world/germany/humboldt02.jpg HTTP/1.1" 304 - "-" "Mozilla/5.0 (compatible; SeznamBot/3.2; +http://napoveda.seznam.cz/en/seznambot-intro/)" "ysfine.com"
77.75.78.164 - - [03/Feb/2023:02:35:48 -0800] "GET /world/baltic/tallin49.jpg HTTP/1.1" 304 - "-" "Mozilla/5.0 (compatible; SeznamBot/3.2; +http://napoveda.seznam.cz/en/seznambot-intro/)" "ysfine.com"
77.75.78.164 - - [03/Feb/2023:02:35:49 -0800] "GET /world/russ/kilin102.jpg HTTP/1.1" 200 99006 "-" "Mozilla/5.0 (compatible; SeznamBot/3.2; +http://napoveda.seznam.cz/en/seznambot-intro/)" "ysfine.com"
77.75.78.164 - - [03/Feb/2023:02:35:52 -0800] "GET /world/russ/kazan059.jpg HTTP/1.1" 200 65782 "-" "Mozilla/5.0 (compatible; SeznamBot/3.2; +http://napoveda.seznam.cz/en/seznambot-intro/)" "ysfine.com"
77.75.78.164 - - [03/Feb/2023:02:35:53 -0800] "GET /world/russ/kazan025.jpg HTTP/1.1" 200 98696 "-" "Mozilla/5.0 (compatible; SeznamBot/3.2; +http://napoveda.seznam.cz/en/seznambot-intro/)" "ysfine.com"
77.75.78.164 - - [03/Feb/2023:02:35:56 -0800] "GET /world/ital/padova32.jpg HTTP/1.1" 304 - "-" "Mozilla/5.0 (compatible; SeznamBot/3.2; +http://napoveda.seznam.cz/en/seznambot-intro/)" "ysfine.com"
77.75.78.164 - - [03/Feb/2023:02:35:56 -0800] "GET /wdc/gtown18.jpg HTTP/1.1" 304 - "-" "Mozilla/5.0 (compatible; SeznamBot/3.2; +http://napoveda.seznam.cz/en/seznambot-intro/)" "ysfine.com"
216.244.66.229 - - [03/Feb/2023:02:36:04 -0800] "GET /ffriends/amkor/elena02.jpg HTTP/1.1" 200 194491 "-" "Mozilla/5.0 (compatible; DotBot/1.2; +https://opensiteexplorer.org/dotbot; help@moz.com)" "www.ysfine.com"
207.46.13.104 - - [03/Feb/2023:02:37:23 -0800] "GET /world/china/shanghai002b.jpg HTTP/1.1" 200 34489 "-" "Mozilla/5.0 AppleWebKit/537.36 (KHTML, like Gecko; compatible; bingbot/2.0; +http://www.bing.com/bingbot.htm) Chrome/103.0.5060.134 Safari/537.36" "ysfine.com"
118.184.177.49 - - [03/Feb/2023:02:37:28 -0800] "GET / HTTP/1.1" 200 5295 "-" "Sogou web spider/4.0(+http://www.sogou.com/docs/help/webmasters.htm#07)" "www.ysfine.com"
31.205.203.80 - - [03/Feb/2023:02:37:48 -0800] "GET /world/brit/cam07.jpg HTTP/1.1" 200 217690 "https://www.google.com/" "Mozilla/5.0 (Linux; Android 12; SM-T736B) AppleWebKit/537.36 (KHTML, like Gecko) Chrome/109.0.0.0 Safari/537.36" "ysfine.com"
51.222.253.3 - - [03/Feb/2023:02:39:47 -0800] "GET /maga/copergali.html HTTP/1.1" 200 5140 "-" "Mozilla/5.0 (compatible; AhrefsBot/7.0; +http://ahrefs.com/robot/)" "www.ysfine.com"
51.222.253.7 - - [03/Feb/2023:02:39:48 -0800] "GET /world/baltic/frombork2.jpg HTTP/1.1" 200 67166 "-" "Mozilla/5.0 (compatible; AhrefsBot/7.0; +http://ahrefs.com/robot/)" "www.ysfine.com"
51.222.253.3 - - [03/Feb/2023:02:39:49 -0800] "GET /world/ital/bologsw22b.jpg HTTP/1.1" 200 33067 "-" "Mozilla/5.0 (compatible; AhrefsBot/7.0; +http://ahrefs.com/robot/)" "www.ysfine.com"
51.222.253.15 - - [03/Feb/2023:02:39:49 -0800] "GET /world/ital/bologsw21b.jpg HTTP/1.1" 200 48117 "-" "Mozilla/5.0 (compatible; AhrefsBot/7.0; +http://ahrefs.com/robot/)" "www.ysfine.com"
51.222.253.4 - - [03/Feb/2023:02:39:50 -0800] "GET /home/comet88b.jpg HTTP/1.1" 200 44780 "-" "Mozilla/5.0 (compatible; AhrefsBot/7.0; +http://ahrefs.com/robot/)" "www.ysfine.com"
51.222.253.16 - - [03/Feb/2023:02:39:50 -0800] "GET /world/poland/coperni11b.jpg HTTP/1.1" 200 28750 "-" "Mozilla/5.0 (compatible; AhrefsBot/7.0; +http://ahrefs.com/robot/)" "www.ysfine.com"
51.222.253.19 - - [03/Feb/2023:02:39:51 -0800] "GET /world/poland/coperni01b.jpg HTTP/1.1" 200 30355 "-" "Mozilla/5.0 (compatible; AhrefsBot/7.0; +http://ahrefs.com/robot/)" "www.ysfine.com"
51.222.253.5 - - [03/Feb/2023:02:39:51 -0800] "GET /wigner/inokim2.jpg HTTP/1.1" 200 29903 "-" "Mozilla/5.0 (compatible; AhrefsBot/7.0; +http://ahrefs.com/robot/)" "www.ysfine.com"
51.222.253.14 - - [03/Feb/2023:02:39:52 -0800] "GET /world/ital/padova06b.jpg HTTP/1.1" 200 46448 "-" "Mozilla/5.0 (compatible; AhrefsBot/7.0; +http://ahrefs.com/robot/)" "www.ysfine.com"
51.222.253.5 - - [03/Feb/2023:02:39:53 -0800] "GET /world/balkan/istan005b.jpg HTTP/1.1" 200 52419 "-" "Mozilla/5.0 (compatible; AhrefsBot/7.0; +http://ahrefs.com/robot/)" "www.ysfine.com"
52.167.144.86 - - [03/Feb/2023:02:40:27 -0800] "GET /world/polandp.html HTTP/1.1" 200 5411 "-" "Mozilla/5.0 AppleWebKit/537.36 (KHTML, like Gecko; compatible; bingbot/2.0; +http://www.bing.com/bingbot.htm) Chrome/103.0.5060.134 Safari/537.36" "ysfine.com"
