74.82.60.38 - - [03/Feb/2023:08:47:20 -0800] "GET /yspapers/restof11f.jpg HTTP/1.1" 200 65553 "https://ysfine.com/yspapers/index.html" "Mozilla/5.0 (Windows NT 10.0; Win64; x64) AppleWebKit/537.36 (KHTML, like Gecko) Chrome/109.0.0.0 Safari/537.36" "ysfine.com"
75.85.172.139 - - [03/Feb/2023:08:47:21 -0800] "GET /princeton/brooke22.jpg HTTP/1.1" 200 87673 "https://www.google.com/" "Mozilla/5.0 (iPhone; CPU iPhone OS 16_2 like Mac OS X) AppleWebKit/605.1.15 (KHTML, like Gecko) Version/16.2 Mobile/15E148 Safari/604.1" "ysfine.com"
74.82.60.38 - - [03/Feb/2023:08:47:21 -0800] "GET /yspapers/einbohr55c.jpg HTTP/1.1" 200 34145 "https://ysfine.com/yspapers/index.html" "Mozilla/5.0 (Windows NT 10.0; Win64; x64) AppleWebKit/537.36 (KHTML, like Gecko) Chrome/109.0.0.0 Safari/537.36" "ysfine.com"
74.82.60.38 - - [03/Feb/2023:08:47:22 -0800] "GET /yspapers/evol77c.jpg HTTP/1.1" 200 52015 "https://ysfine.com/yspapers/index.html" "Mozilla/5.0 (Windows NT 10.0; Win64; x64) AppleWebKit/537.36 (KHTML, like Gecko) Chrome/109.0.0.0 Safari/537.36" "ysfine.com"
74.82.60.38 - - [03/Feb/2023:08:47:22 -0800] "GET /yspapers/sincos88f.jpg HTTP/1.1" 200 43677 "https://ysfine.com/yspapers/index.html" "Mozilla/5.0 (Windows NT 10.0; Win64; x64) AppleWebKit/537.36 (KHTML, like Gecko) Chrome/109.0.0.0 Safari/537.36" "ysfine.com"
74.82.60.38 - - [03/Feb/2023:08:47:22 -0800] "GET /yspapers/eintao77c.jpg HTTP/1.1" 200 45084 "https://ysfine.com/yspapers/index.html" "Mozilla/5.0 (Windows NT 10.0; Win64; x64) AppleWebKit/537.36 (KHTML, like Gecko) Chrome/109.0.0.0 Safari/537.36" "ysfine.com"
74.82.60.38 - - [03/Feb/2023:08:47:22 -0800] "GET /home/canal11c.jpg HTTP/1.1" 200 31848 "https://ysfine.com/yspapers/index.html" "Mozilla/5.0 (Windows NT 10.0; Win64; x64) AppleWebKit/537.36 (KHTML, like Gecko) Chrome/109.0.0.0 Safari/537.36" "ysfine.com"
74.82.60.38 - - [03/Feb/2023:08:47:23 -0800] "GET /yspapers/coupo02c.jpg HTTP/1.1" 200 42609 "https://ysfine.com/yspapers/index.html" "Mozilla/5.0 (Windows NT 10.0; Win64; x64) AppleWebKit/537.36 (KHTML, like Gecko) Chrome/109.0.0.0 Safari/537.36" "ysfine.com"
74.82.60.38 - - [03/Feb/2023:08:47:23 -0800] "GET /yspapers/feyfirm03c.jpg HTTP/1.1" 200 32880 "https://ysfine.com/yspapers/index.html" "Mozilla/5.0 (Windows NT 10.0; Win64; x64) AppleWebKit/537.36 (KHTML, like Gecko) Chrome/109.0.0.0 Safari/537.36" "ysfine.com"
74.82.60.38 - - [03/Feb/2023:08:47:24 -0800] "GET /yspapers/feynrio55c.jpg HTTP/1.1" 200 55222 "https://ysfine.com/yspapers/index.html" "Mozilla/5.0 (Windows NT 10.0; Win64; x64) AppleWebKit/537.36 (KHTML, like Gecko) Chrome/109.0.0.0 Safari/537.36" "ysfine.com"
74.82.60.38 - - [03/Feb/2023:08:47:24 -0800] "GET /yspapers/quapar55c.jpg HTTP/1.1" 200 49178 "https://ysfine.com/yspapers/index.html" "Mozilla/5.0 (Windows NT 10.0; Win64; x64) AppleWebKit/537.36 (KHTML, like Gecko) Chrome/109.0.0.0 Safari/537.36" "ysfine.com"
74.82.60.38 - - [03/Feb/2023:08:47:24 -0800] "GET /yspapers/gauge33c.jpg HTTP/1.1" 200 22977 "https://ysfine.com/yspapers/index.html" "Mozilla/5.0 (Windows NT 10.0; Win64; x64) AppleWebKit/537.36 (KHTML, like Gecko) Chrome/109.0.0.0 Safari/537.36" "ysfine.com"
74.82.60.38 - - [03/Feb/2023:08:47:25 -0800] "GET /yspapers/resonance33c.jpg HTTP/1.1" 200 31778 "https://ysfine.com/yspapers/index.html" "Mozilla/5.0 (Windows NT 10.0; Win64; x64) AppleWebKit/537.36 (KHTML, like Gecko) Chrome/109.0.0.0 Safari/537.36" "ysfine.com"
74.82.60.38 - - [03/Feb/2023:08:47:25 -0800] "GET /yspapers/qboil17f.jpg HTTP/1.1" 200 39480 "https://ysfine.com/yspapers/index.html" "Mozilla/5.0 (Windows NT 10.0; Win64; x64) AppleWebKit/537.36 (KHTML, like Gecko) Chrome/109.0.0.0 Safari/537.36" "ysfine.com"
74.82.60.38 - - [03/Feb/2023:08:47:25 -0800] "GET /feynman/feybongo77c.jpg HTTP/1.1" 200 25947 "https://ysfine.com/yspapers/index.html" "Mozilla/5.0 (Windows NT 10.0; Win64; x64) AppleWebKit/537.36 (KHTML, like Gecko) Chrome/109.0.0.0 Safari/537.36" "ysfine.com"
75.85.172.139 - - [03/Feb/2023:08:47:25 -0800] "GET /princeton/brooke88.jpg HTTP/1.1" 200 82208 "https://www.google.com/" "Mozilla/5.0 (iPhone; CPU iPhone OS 16_2 like Mac OS X) AppleWebKit/605.1.15 (KHTML, like Gecko) Version/16.2 Mobile/15E148 Safari/604.1" "ysfine.com"
74.82.60.38 - - [03/Feb/2023:08:47:25 -0800] "GET /yspapers/restof05c.jpg HTTP/1.1" 200 21825 "https://ysfine.com/yspapers/index.html" "Mozilla/5.0 (Windows NT 10.0; Win64; x64) AppleWebKit/537.36 (KHTML, like Gecko) Chrome/109.0.0.0 Safari/537.36" "ysfine.com"
74.82.60.38 - - [03/Feb/2023:08:47:26 -0800] "GET /yspapers/isomor88f.jpg HTTP/1.1" 200 87213 "https://ysfine.com/yspapers/index.html" "Mozilla/5.0 (Windows NT 10.0; Win64; x64) AppleWebKit/537.36 (KHTML, like Gecko) Chrome/109.0.0.0 Safari/537.36" "ysfine.com"
74.82.60.38 - - [03/Feb/2023:08:47:26 -0800] "GET /yspapers/inokim97c.jpg HTTP/1.1" 200 31832 "https://ysfine.com/yspapers/index.html" "Mozilla/5.0 (Windows NT 10.0; Win64; x64) AppleWebKit/537.36 (KHTML, like Gecko) Chrome/109.0.0.0 Safari/537.36" "ysfine.com"
74.82.60.38 - - [03/Feb/2023:08:47:26 -0800] "GET /yspapers/wiglunch91c.jpg HTTP/1.1" 200 59941 "https://ysfine.com/yspapers/index.html" "Mozilla/5.0 (Windows NT 10.0; Win64; x64) AppleWebKit/537.36 (KHTML, like Gecko) Chrome/109.0.0.0 Safari/537.36" "ysfine.com"
74.82.60.38 - - [03/Feb/2023:08:47:27 -0800] "GET /dirac/dirac63c.jpg HTTP/1.1" 200 29237 "https://ysfine.com/yspapers/index.html" "Mozilla/5.0 (Windows NT 10.0; Win64; x64) AppleWebKit/537.36 (KHTML, like Gecko) Chrome/109.0.0.0 Safari/537.36" "ysfine.com"
207.46.13.64 - - [03/Feb/2023:08:47:27 -0800] "GET /home/marquis20a.html HTTP/1.1" 404 88 "-" "Mozilla/5.0 AppleWebKit/537.36 (KHTML, like Gecko; compatible; bingbot/2.0; +http://www.bing.com/bingbot.htm) Chrome/103.0.5060.134 Safari/537.36" "ysfine.com"
74.82.60.38 - - [03/Feb/2023:08:47:27 -0800] "GET /dirac/2osc22c.jpg HTTP/1.1" 200 28929 "https://ysfine.com/yspapers/index.html" "Mozilla/5.0 (Windows NT 10.0; Win64; x64) AppleWebKit/537.36 (KHTML, like Gecko) Chrome/109.0.0.0 Safari/537.36" "ysfine.com"
74.82.60.38 - - [03/Feb/2023:08:47:27 -0800] "GET /yspapers/shear11c.jpg HTTP/1.1" 200 27291 "https://ysfine.com/yspapers/index.html" "Mozilla/5.0 (Windows NT 10.0; Win64; x64) AppleWebKit/537.36 (KHTML, like Gecko) Chrome/109.0.0.0 Safari/537.36" "ysfine.com"
74.82.60.38 - - [03/Feb/2023:08:47:28 -0800] "GET /yspapers/isomor77f.jpg HTTP/1.1" 200 76971 "https://ysfine.com/yspapers/index.html" "Mozilla/5.0 (Windows NT 10.0; Win64; x64) AppleWebKit/537.36 (KHTML, like Gecko) Chrome/109.0.0.0 Safari/537.36" "ysfine.com"
74.82.60.38 - - [03/Feb/2023:08:47:28 -0800] "GET /yspapers/sp2c.jpg HTTP/1.1" 200 29079 "https://ysfine.com/yspapers/index.html" "Mozilla/5.0 (Windows NT 10.0; Win64; x64) AppleWebKit/537.36 (KHTML, like Gecko) Chrome/109.0.0.0 Safari/537.36" "ysfine.com"
74.82.60.38 - - [03/Feb/2023:08:47:28 -0800] "GET /yspapers/eucylin55c.jpg HTTP/1.1" 200 41051 "https://ysfine.com/yspapers/index.html" "Mozilla/5.0 (Windows NT 10.0; Win64; x64) AppleWebKit/537.36 (KHTML, like Gecko) Chrome/109.0.0.0 Safari/537.36" "ysfine.com"
74.82.60.38 - - [03/Feb/2023:08:47:29 -0800] "GET /yspapers/tollwig11c.jpg HTTP/1.1" 200 28195 "https://ysfine.com/yspapers/index.html" "Mozilla/5.0 (Windows NT 10.0; Win64; x64) AppleWebKit/537.36 (KHTML, like Gecko) Chrome/109.0.0.0 Safari/537.36" "ysfine.com"
74.82.60.38 - - [03/Feb/2023:08:47:29 -0800] "GET /yspapers/neupol01c.jpg HTTP/1.1" 200 27087 "https://ysfine.com/yspapers/index.html" "Mozilla/5.0 (Windows NT 10.0; Win64; x64) AppleWebKit/537.36 (KHTML, like Gecko) Chrome/109.0.0.0 Safari/537.36" "ysfine.com"
74.82.60.38 - - [03/Feb/2023:08:47:29 -0800] "GET /yspapers/sq33f.jpg HTTP/1.1" 200 78266 "https://ysfine.com/yspapers/index.html" "Mozilla/5.0 (Windows NT 10.0; Win64; x64) AppleWebKit/537.36 (KHTML, like Gecko) Chrome/109.0.0.0 Safari/537.36" "ysfine.com"
74.82.60.38 - - [03/Feb/2023:08:47:29 -0800] "GET /yspapers/synthes11c.jpg HTTP/1.1" 200 36202 "https://ysfine.com/yspapers/index.html" "Mozilla/5.0 (Windows NT 10.0; Win64; x64) AppleWebKit/537.36 (KHTML, like Gecko) Chrome/109.0.0.0 Safari/537.36" "ysfine.com"
74.82.60.38 - - [03/Feb/2023:08:47:29 -0800] "GET /yspapers/ortho66c.jpg HTTP/1.1" 200 27511 "https://ysfine.com/yspapers/index.html" "Mozilla/5.0 (Windows NT 10.0; Win64; x64) AppleWebKit/537.36 (KHTML, like Gecko) Chrome/109.0.0.0 Safari/537.36" "ysfine.com"
74.82.60.38 - - [03/Feb/2023:08:47:30 -0800] "GET /yspapers/parton66f.jpg HTTP/1.1" 200 85165 "https://ysfine.com/yspapers/index.html" "Mozilla/5.0 (Windows NT 10.0; Win64; x64) AppleWebKit/537.36 (KHTML, like Gecko) Chrome/109.0.0.0 Safari/537.36" "ysfine.com"
74.82.60.38 - - [03/Feb/2023:08:47:30 -0800] "GET /yspapers/sq73c.jpg HTTP/1.1" 200 38604 "https://ysfine.com/yspapers/index.html" "Mozilla/5.0 (Windows NT 10.0; Win64; x64) AppleWebKit/537.36 (KHTML, like Gecko) Chrome/109.0.0.0 Safari/537.36" "ysfine.com"
74.82.60.38 - - [03/Feb/2023:08:47:30 -0800] "GET /yspapers/goodbad11c.jpg HTTP/1.1" 200 18689 "https://ysfine.com/yspapers/index.html" "Mozilla/5.0 (Windows NT 10.0; Win64; x64) AppleWebKit/537.36 (KHTML, like Gecko) Chrome/109.0.0.0 Safari/537.36" "ysfine.com"
74.82.60.38 - - [03/Feb/2023:08:47:31 -0800] "GET /eink/pwk19c.jpg HTTP/1.1" 200 57759 "https://ysfine.com/yspapers/index.html" "Mozilla/5.0 (Windows NT 10.0; Win64; x64) AppleWebKit/537.36 (KHTML, like Gecko) Chrome/109.0.0.0 Safari/537.36" "ysfine.com"
34.73.231.3 - - [03/Feb/2023:08:47:37 -0800] "GET /princeton/index.html HTTP/1.1" 200 140 "-" "ZoominfoBot (zoominfobot at zoominfo dot com)" "ysfine.com"
34.73.231.3 - - [03/Feb/2023:08:48:18 -0800] "GET /jobs/index.html HTTP/1.1" 200 123 "-" "ZoominfoBot (zoominfobot at zoominfo dot com)" "ysfine.com"
75.85.172.139 - - [03/Feb/2023:08:48:37 -0800] "GET /princeton/sbk87.jpg HTTP/1.1" 200 174738 "https://www.google.com/" "Mozilla/5.0 (iPhone; CPU iPhone OS 16_2 like Mac OS X) AppleWebKit/605.1.15 (KHTML, like Gecko) Version/16.2 Mobile/15E148 Safari/604.1" "ysfine.com"
34.73.231.3 - - [03/Feb/2023:08:48:38 -0800] "GET /princeton/yspr.html HTTP/1.1" 200 5470 "-" "ZoominfoBot (zoominfobot at zoominfo dot com)" "ysfine.com"
220.181.51.113 - - [03/Feb/2023:08:49:50 -0800] "GET /dirac/quantum2.jpg HTTP/1.1" 200 28714 "http://www.ysfine.com/" "Mozilla/5.0 (Windows NT 10.0; WOW64) AppleWebKit/537.36 (KHTML, like Gecko) Chrome/48.0.2564.116 Safari/537.36" "www.ysfine.com"
220.181.51.88 - - [03/Feb/2023:08:49:50 -0800] "GET /dirac/normalc2.jpg HTTP/1.1" 200 28715 "http://www.ysfine.com/" "Mozilla/5.0 (Windows NT 10.0; WOW64) AppleWebKit/537.36 (KHTML, like Gecko) Chrome/48.0.2564.116 Safari/537.36" "www.ysfine.com"
220.181.51.120 - - [03/Feb/2023:08:49:51 -0800] "GET /dirac/hyperell2.jpg HTTP/1.1" 200 29858 "http://www.ysfine.com/" "Mozilla/5.0 (Windows NT 10.0; WOW64) AppleWebKit/537.36 (KHTML, like Gecko) Chrome/48.0.2564.116 Safari/537.36" "www.ysfine.com"
34.73.231.3 - - [03/Feb/2023:08:50:11 -0800] "GET /einstein/index.html HTTP/1.1" 200 135 "-" "ZoominfoBot (zoominfobot at zoominfo dot com)" "ysfine.com"
34.148.145.199 - - [03/Feb/2023:08:50:53 -0800] "GET /robots.txt HTTP/1.1" 404 88 "-" "ZoominfoBot (zoominfobot at zoominfo dot com)" "www.ysfine.com"
34.148.145.199 - - [03/Feb/2023:08:50:53 -0800] "GET /robots.txt HTTP/1.1" 404 88 "-" "ZoominfoBot (zoominfobot at zoominfo dot com)" "www.ysfine.com"
34.148.145.199 - - [03/Feb/2023:08:50:53 -0800] "GET / HTTP/1.1" 200 5295 "-" "ZoominfoBot (zoominfobot at zoominfo dot com)" "www.ysfine.com"
34.73.231.3 - - [03/Feb/2023:08:51:14 -0800] "GET /dirac/index.html HTTP/1.1" 200 124 "-" "ZoominfoBot (zoominfobot at zoominfo dot com)" "ysfine.com"
34.73.231.3 - - [03/Feb/2023:08:53:21 -0800] "GET /eink/index.html HTTP/1.1" 200 17716 "-" "ZoominfoBot (zoominfobot at zoominfo dot com)" "ysfine.com"
34.73.231.3 - - [03/Feb/2023:08:53:23 -0800] "GET /maga/herod.html HTTP/1.1" 200 4341 "-" "ZoominfoBot (zoominfobot at zoominfo dot com)" "ysfine.com"
34.73.231.3 - - [03/Feb/2023:08:53:42 -0800] "GET /feynman/index.html HTTP/1.1" 200 124 "-" "ZoominfoBot (zoominfobot at zoominfo dot com)" "ysfine.com"
34.73.231.3 - - [03/Feb/2023:08:53:47 -0800] "GET /style/stbot.html HTTP/1.1" 200 122 "-" "ZoominfoBot (zoominfobot at zoominfo dot com)" "ysfine.com"
34.73.231.3 - - [03/Feb/2023:08:54:05 -0800] "GET /kobak/index.html HTTP/1.1" 200 130 "-" "ZoominfoBot (zoominfobot at zoominfo dot com)" "ysfine.com"
34.73.231.3 - - [03/Feb/2023:08:54:43 -0800] "GET /dirac/dirk62.html HTTP/1.1" 200 3949 "-" "ZoominfoBot (zoominfobot at zoominfo dot com)" "ysfine.com"
34.73.231.3 - - [03/Feb/2023:08:55:04 -0800] "GET /wigner/wigner39.html HTTP/1.1" 200 330 "-" "ZoominfoBot (zoominfobot at zoominfo dot com)" "ysfine.com"
34.73.231.3 - - [03/Feb/2023:08:55:48 -0800] "GET /sbk/index.html HTTP/1.1" 200 198 "-" "ZoominfoBot (zoominfobot at zoominfo dot com)" "ysfine.com"
207.46.13.104 - - [03/Feb/2023:08:56:31 -0800] "GET /beau/korf.html HTTP/1.1" 404 88 "-" "Mozilla/5.0 AppleWebKit/537.36 (KHTML, like Gecko; compatible; bingbot/2.0; +http://www.bing.com/bingbot.htm) Chrome/103.0.5060.134 Safari/537.36" "www.ysfine.com"
52.167.144.39 - - [03/Feb/2023:08:56:43 -0800] "GET /saram/d011.jpg HTTP/1.1" 200 70296 "-" "Mozilla/5.0 AppleWebKit/537.36 (KHTML, like Gecko; compatible; bingbot/2.0; +http://www.bing.com/bingbot.htm) Chrome/103.0.5060.134 Safari/537.36" "www.ysfine.com"
146.90.76.7 - - [03/Feb/2023:08:58:23 -0800] "GET /wigner/neum/ymath.jpg HTTP/1.1" 200 64930 "https://www.google.com/" "Mozilla/5.0 (Windows NT 10.0; Win64; x64) AppleWebKit/537.36 (KHTML, like Gecko) Chrome/109.0.0.0 Safari/537.36 Edg/109.0.1518.70" "ysfine.com"
52.167.144.86 - - [03/Feb/2023:08:58:40 -0800] "GET /wdc/w69kor03.jpg HTTP/1.1" 200 95738 "-" "Mozilla/5.0 AppleWebKit/537.36 (KHTML, like Gecko; compatible; bingbot/2.0; +http://www.bing.com/bingbot.htm) Chrome/103.0.5060.134 Safari/537.36" "ysfine.com"
207.46.13.104 - - [03/Feb/2023:08:59:32 -0800] "GET /sitemap.xml HTTP/1.1" 200 166 "-" "Mozilla/5.0 AppleWebKit/537.36 (KHTML, like Gecko; compatible; bingbot/2.0; +http://www.bing.com/bingbot.htm) Chrome/103.0.5060.134 Safari/537.36" "www.ysfine.com"
207.46.13.104 - - [03/Feb/2023:08:59:34 -0800] "GET /sitemap.xml HTTP/1.1" 200 166 "-" "Mozilla/5.0 AppleWebKit/537.36 (KHTML, like Gecko; compatible; bingbot/2.0; +http://www.bing.com/bingbot.htm) Chrome/103.0.5060.134 Safari/537.36" "www.ysfine.com"
66.249.70.3 - - [03/Feb/2023:08:59:45 -0800] "GET /robots.txt HTTP/1.1" 404 88 "-" "Mozilla/5.0 (compatible; Googlebot/2.1; +http://www.google.com/bot.html)" "ysfine.com"
88.234.193.166 - - [03/Feb/2023:08:59:57 -0800] "GET /princeton/wilspoin.jpg HTTP/1.1" 200 84978 "https://www.yandex.com.tr/gorsel/search?from=tabbar&text=Raymond%20Poincar%C3%A9&p=1&pos=3&rpt=simage&img_url=http%3A%2F%2Fc8.alamy.com%2Fcomp%2FP92G8D%2F477-raymond-poincar-en-cibeles-P92G8D.jpg&lr=103833" "Mozilla/5.0 (Windows NT 10.0; Win64; x64) AppleWebKit/537.36 (KHTML, like Gecko) Chrome/109.0.0.0 Safari/537.36 Edg/109.0.1518.70" "www.ysfine.com"
88.234.193.166 - - [03/Feb/2023:09:00:08 -0800] "GET /princeton/wilspoin.jpg HTTP/1.1" 200 84978 "https://www.yandex.com.tr/gorsel/search?from=tabbar&text=Raymond%20Poincar%C3%A9&p=1&pos=9&rpt=simage&img_url=http%3A%2F%2Fysfine.com%2Fprinceton%2Fwilspoin.jpg&lr=103833" "Mozilla/5.0 (Windows NT 10.0; Win64; x64) AppleWebKit/537.36 (KHTML, like Gecko) Chrome/109.0.0.0 Safari/537.36 Edg/109.0.1518.70" "www.ysfine.com"
114.119.144.233 - - [03/Feb/2023:09:01:15 -0800] "GET /remote/wigner111/frame58.html HTTP/1.1" 200 561 "https://ysfine.com/remote/wigner111/frame57.html" "Mozilla/5.0 (Linux; Android 7.0;) AppleWebKit/537.36 (KHTML, like Gecko) Mobile Safari/537.36 (compatible; PetalBot;+https://webmaster.petalsearch.com/site/petalbot)" "ysfine.com"
95.131.102.250 - - [03/Feb/2023:09:01:20 -0800] "GET /dirac/dirheisen31.jpg HTTP/1.1" 200 107372 "https://www.google.com/" "Mozilla/5.0 (X11; Linux x86_64) AppleWebKit/537.36 (KHTML, like Gecko) Chrome/108.0.0.0 Safari/537.36" "ysfine.com"
114.119.135.48 - - [03/Feb/2023:09:02:21 -0800] "GET /archives/proceedings/boston/porzio2.pdf HTTP/1.1" 200 207837 "-" "Mozilla/5.0 (Linux; Android 7.0;) AppleWebKit/537.36 (KHTML, like Gecko) Mobile Safari/537.36 (compatible; PetalBot;+https://webmaster.petalsearch.com/site/petalbot)" "www.ysfine.com"
52.167.144.62 - - [03/Feb/2023:09:02:46 -0800] "GET /ysbio/ffriends/beau.html HTTP/1.1" 404 88 "-" "Mozilla/5.0 AppleWebKit/537.36 (KHTML, like Gecko; compatible; bingbot/2.0; +http://www.bing.com/bingbot.htm) Chrome/103.0.5060.134 Safari/537.36" "ysfine.com"
168.5.75.107 - - [03/Feb/2023:09:03:28 -0800] "GET /dirac/dirosc.pdf HTTP/1.1" 200 41985 "https://www.google.com/" "Mozilla/5.0 (Macintosh; Intel Mac OS X 10_15_7) AppleWebKit/605.1.15 (KHTML, like Gecko) Version/16.2 Safari/605.1.15" "ysfine.com"
168.5.75.107 - - [03/Feb/2023:09:03:28 -0800] "GET /favicon.ico HTTP/1.1" 404 88 "https://ysfine.com/dirac/dirosc.pdf" "Mozilla/5.0 (Macintosh; Intel Mac OS X 10_15_7) AppleWebKit/605.1.15 (KHTML, like Gecko) Version/16.2 Safari/605.1.15" "ysfine.com"
216.244.66.229 - - [03/Feb/2023:09:03:32 -0800] "GET /robots.txt HTTP/1.1" 404 73 "-" "Mozilla/5.0 (compatible; DotBot/1.2; +https://opensiteexplorer.org/dotbot; help@moz.com)" "www.ysfine.com"
17.241.75.222 - - [03/Feb/2023:09:04:27 -0800] "GET /eink/mose.html HTTP/1.1" 200 14315 "-" "Mozilla/5.0 (Macintosh; Intel Mac OS X 10_15_5) AppleWebKit/605.1.15 (KHTML, like Gecko) Version/13.1.1 Safari/605.1.15 (Applebot/0.1; +http://www.apple.com/go/applebot)" "ysfine.com"
40.77.167.192 - - [03/Feb/2023:09:04:52 -0800] "GET /world/china/hangz02b.jpg HTTP/1.1" 200 33785 "-" "Mozilla/5.0 AppleWebKit/537.36 (KHTML, like Gecko; compatible; bingbot/2.0; +http://www.bing.com/bingbot.htm) Chrome/103.0.5060.134 Safari/537.36" "www.ysfine.com"
207.46.13.104 - - [03/Feb/2023:09:05:47 -0800] "GET /bio/kobak/yskor.html HTTP/1.1" 404 88 "-" "Mozilla/5.0 AppleWebKit/537.36 (KHTML, like Gecko; compatible; bingbot/2.0; +http://www.bing.com/bingbot.htm) Chrome/103.0.5060.134 Safari/537.36" "ysfine.com"
207.46.13.64 - - [03/Feb/2023:09:05:59 -0800] "GET /wigner/gim/gimn37.jpg HTTP/1.1" 200 126136 "-" "Mozilla/5.0 AppleWebKit/537.36 (KHTML, like Gecko; compatible; bingbot/2.0; +http://www.bing.com/bingbot.htm) Chrome/103.0.5060.134 Safari/537.36" "ysfine.com"
118.184.177.52 - - [03/Feb/2023:09:06:16 -0800] "GET / HTTP/1.1" 200 5295 "-" "Sogou web spider/4.0(+http://www.sogou.com/docs/help/webmasters.htm#07)" "ysfine.com"
52.167.144.39 - - [03/Feb/2023:09:06:23 -0800] "GET /world/baltic/riga23b.jpg HTTP/1.1" 200 41389 "-" "Mozilla/5.0 AppleWebKit/537.36 (KHTML, like Gecko; compatible; bingbot/2.0; +http://www.bing.com/bingbot.htm) Chrome/103.0.5060.134 Safari/537.36" "www.ysfine.com"
89.38.69.75 - - [03/Feb/2023:09:07:06 -0800] "GET /feynman/ HTTP/1.1" 200 200 "https://www.feynmanlectures.caltech.edu/info/links.html" "Mozilla/5.0 (Windows NT 6.1; Trident/7.0; rv:11.0) like Gecko" "ysfine.com"
40.77.167.192 - - [03/Feb/2023:09:07:30 -0800] "GET /world/russ/kazan096.jpg HTTP/1.1" 200 132910 "-" "Mozilla/5.0 AppleWebKit/537.36 (KHTML, like Gecko; compatible; bingbot/2.0; +http://www.bing.com/bingbot.htm) Chrome/103.0.5060.134 Safari/537.36" "www.ysfine.com"
52.167.144.62 - - [03/Feb/2023:09:08:01 -0800] "GET /bio/style/proschanie.html HTTP/1.1" 404 88 "-" "Mozilla/5.0 AppleWebKit/537.36 (KHTML, like Gecko; compatible; bingbot/2.0; +http://www.bing.com/bingbot.htm) Chrome/103.0.5060.134 Safari/537.36" "ysfine.com"
101.50.77.219 - - [03/Feb/2023:09:08:28 -0800] "GET /dirac/wigsis11.jpg HTTP/1.1" 200 71741 "https://www.google.com/" "Mozilla/5.0 (Macintosh; Intel Mac OS X 10_15_7) AppleWebKit/537.36 (KHTML, like Gecko) Chrome/109.0.0.0 Safari/537.36" "ysfine.com"
150.109.32.238 - - [03/Feb/2023:09:09:56 -0800] "GET /kowar/mil/tank03.jpg HTTP/1.1" 404 88 "-" "Mozilla/5.0 (Linux; Android 6.0.1; Nexus 5X Build/MMB29P) AppleWebKit/537.36 (KHTML, like Gecko) Chrome/109.0.5414.101 Mobile Safari/537.36 (compatible; Google-AMPHTML)" "ysfine.com"
207.46.13.104 - - [03/Feb/2023:09:10:00 -0800] "GET /einstein/einparents.jpg HTTP/1.1" 200 57236 "-" "Mozilla/5.0 AppleWebKit/537.36 (KHTML, like Gecko; compatible; bingbot/2.0; +http://www.bing.com/bingbot.htm) Chrome/103.0.5060.134 Safari/537.36" "ysfine.com"
52.167.144.86 - - [03/Feb/2023:09:10:22 -0800] "GET /bio/princeton/campus.html HTTP/1.1" 404 88 "-" "Mozilla/5.0 AppleWebKit/537.36 (KHTML, like Gecko; compatible; bingbot/2.0; +http://www.bing.com/bingbot.htm) Chrome/103.0.5060.134 Safari/537.36" "ysfine.com"
166.62.228.138 - - [03/Feb/2023:09:12:15 -0800] "GET /wigner/wiglittle.pdf HTTP/1.1" 200 2659296 "https://www.google.com/" "Mozilla/5.0 (Windows NT 10.0; Win64; x64) AppleWebKit/537.36 (KHTML, like Gecko) Chrome/109.0.0.0 Safari/537.36 Edg/109.0.1518.70" "ysfine.com"
166.62.228.138 - - [03/Feb/2023:09:12:18 -0800] "GET /wigner/wiglittle.pdf HTTP/1.1" 200 2659296 "https://www.google.com/" "Mozilla/5.0 (Windows NT 10.0; Win64; x64) AppleWebKit/537.36 (KHTML, like Gecko) Chrome/109.0.0.0 Safari/537.36 Edg/109.0.1518.70" "ysfine.com"
216.244.66.229 - - [03/Feb/2023:09:12:40 -0800] "GET /world/spain/bcn32.jpg HTTP/1.1" 200 205790 "-" "Mozilla/5.0 (compatible; DotBot/1.2; +https://opensiteexplorer.org/dotbot; help@moz.com)" "www.ysfine.com"
51.222.253.4 - - [03/Feb/2023:09:13:56 -0800] "GET /home/photobio.html HTTP/1.1" 200 32199 "-" "Mozilla/5.0 (compatible; AhrefsBot/7.0; +http://ahrefs.com/robot/)" "ysfine.com"
51.222.253.11 - - [03/Feb/2023:09:14:00 -0800] "GET /home/home/top21c.jpg HTTP/1.1" 404 88 "-" "Mozilla/5.0 (compatible; AhrefsBot/7.0; +http://ahrefs.com/robot/)" "ysfine.com"
51.222.253.10 - - [03/Feb/2023:09:14:01 -0800] "GET /fotos/photo08c.jpg HTTP/1.1" 200 28474 "-" "Mozilla/5.0 (compatible; AhrefsBot/7.0; +http://ahrefs.com/robot/)" "ysfine.com"
51.222.253.3 - - [03/Feb/2023:09:14:01 -0800] "GET /fotos/house99d.jpg HTTP/1.1" 200 38264 "-" "Mozilla/5.0 (compatible; AhrefsBot/7.0; +http://ahrefs.com/robot/)" "ysfine.com"
51.222.253.4 - - [03/Feb/2023:09:14:02 -0800] "GET /fotos/photo09c.jpg HTTP/1.1" 200 25413 "-" "Mozilla/5.0 (compatible; AhrefsBot/7.0; +http://ahrefs.com/robot/)" "ysfine.com"
51.222.253.19 - - [03/Feb/2023:09:14:02 -0800] "GET /home/fotos/kids20a.jpg HTTP/1.1" 200 58866 "-" "Mozilla/5.0 (compatible; AhrefsBot/7.0; +http://ahrefs.com/robot/)" "ysfine.com"
51.222.253.12 - - [03/Feb/2023:09:14:03 -0800] "GET /home/home/sq600c.jpg HTTP/1.1" 404 88 "-" "Mozilla/5.0 (compatible; AhrefsBot/7.0; +http://ahrefs.com/robot/)" "ysfine.com"
51.222.253.3 - - [03/Feb/2023:09:14:03 -0800] "GET /home/top21c.jpg HTTP/1.1" 200 53120 "-" "Mozilla/5.0 (compatible; AhrefsBot/7.0; +http://ahrefs.com/robot/)" "ysfine.com"
51.222.253.3 - - [03/Feb/2023:09:14:04 -0800] "GET /home/kobak/underw03c.jpg HTTP/1.1" 404 88 "-" "Mozilla/5.0 (compatible; AhrefsBot/7.0; +http://ahrefs.com/robot/)" "ysfine.com"
51.222.253.11 - - [03/Feb/2023:09:14:04 -0800] "GET /home/bew22a.jpg HTTP/1.1" 200 88415 "-" "Mozilla/5.0 (compatible; AhrefsBot/7.0; +http://ahrefs.com/robot/)" "ysfine.com"
51.222.253.3 - - [03/Feb/2023:09:14:05 -0800] "GET /home/fotos/wsj450.jpg HTTP/1.1" 200 68132 "-" "Mozilla/5.0 (compatible; AhrefsBot/7.0; +http://ahrefs.com/robot/)" "ysfine.com"
51.222.253.13 - - [03/Feb/2023:09:14:05 -0800] "GET /home/fotos/photo08c.jpg HTTP/1.1" 200 28474 "-" "Mozilla/5.0 (compatible; AhrefsBot/7.0; +http://ahrefs.com/robot/)" "ysfine.com"
51.222.253.18 - - [03/Feb/2023:09:14:06 -0800] "GET /home/home/fotos/einhaus450.jpg HTTP/1.1" 404 88 "-" "Mozilla/5.0 (compatible; AhrefsBot/7.0; +http://ahrefs.com/robot/)" "ysfine.com"
51.222.253.18 - - [03/Feb/2023:09:14:06 -0800] "GET /home/style/bstring33c.jpg HTTP/1.1" 404 88 "-" "Mozilla/5.0 (compatible; AhrefsBot/7.0; +http://ahrefs.com/robot/)" "ysfine.com"
51.222.253.4 - - [03/Feb/2023:09:14:06 -0800] "GET /home/fotos/photo12c.jpg HTTP/1.1" 200 31719 "-" "Mozilla/5.0 (compatible; AhrefsBot/7.0; +http://ahrefs.com/robot/)" "ysfine.com"
51.222.253.17 - - [03/Feb/2023:09:14:08 -0800] "GET /home/home/canal55c.jpg HTTP/1.1" 404 88 "-" "Mozilla/5.0 (compatible; AhrefsBot/7.0; +http://ahrefs.com/robot/)" "ysfine.com"
51.222.253.18 - - [03/Feb/2023:09:14:09 -0800] "GET /home/fotos/photo00c.jpg HTTP/1.1" 200 34216 "-" "Mozilla/5.0 (compatible; AhrefsBot/7.0; +http://ahrefs.com/robot/)" "ysfine.com"
51.222.253.4 - - [03/Feb/2023:09:14:10 -0800] "GET /wdc/jeffm02c.jpg HTTP/1.1" 200 27659 "-" "Mozilla/5.0 (compatible; AhrefsBot/7.0; +http://ahrefs.com/robot/)" "ysfine.com"
85.208.98.23 - - [03/Feb/2023:09:14:10 -0800] "GET /robots.txt HTTP/1.1" 404 88 "http://ysfine.com/robots.txt" "Mozilla/5.0 (compatible; SemrushBot-BA; +http://www.semrush.com/bot.html)" "ysfine.com"
85.208.98.23 - - [03/Feb/2023:09:14:10 -0800] "GET /robots.txt HTTP/1.1" 404 88 "http://www.ysfine.com/robots.txt" "Mozilla/5.0 (compatible; SemrushBot-BA; +http://www.semrush.com/bot.html)" "www.ysfine.com"
51.222.253.7 - - [03/Feb/2023:09:14:11 -0800] "GET /home/fotos/campus06c.jpg HTTP/1.1" 200 49136 "-" "Mozilla/5.0 (compatible; AhrefsBot/7.0; +http://ahrefs.com/robot/)" "ysfine.com"
51.222.253.10 - - [03/Feb/2023:09:14:12 -0800] "GET /home/home/resonance33c.jpg HTTP/1.1" 404 88 "-" "Mozilla/5.0 (compatible; AhrefsBot/7.0; +http://ahrefs.com/robot/)" "ysfine.com"
51.222.253.17 - - [03/Feb/2023:09:14:12 -0800] "GET /fotos/wsj450.jpg HTTP/1.1" 200 68132 "-" "Mozilla/5.0 (compatible; AhrefsBot/7.0; +http://ahrefs.com/robot/)" "ysfine.com"
51.222.253.8 - - [03/Feb/2023:09:14:14 -0800] "GET /home/fotos/101c.jpg HTTP/1.1" 200 37079 "-" "Mozilla/5.0 (compatible; AhrefsBot/7.0; +http://ahrefs.com/robot/)" "ysfine.com"
51.222.253.10 - - [03/Feb/2023:09:14:14 -0800] "GET /fotos/photo12c.jpg HTTP/1.1" 200 31719 "-" "Mozilla/5.0 (compatible; AhrefsBot/7.0; +http://ahrefs.com/robot/)" "ysfine.com"
51.222.253.2 - - [03/Feb/2023:09:14:15 -0800] "GET /fotos/103c.jpg HTTP/1.1" 200 32825 "-" "Mozilla/5.0 (compatible; AhrefsBot/7.0; +http://ahrefs.com/robot/)" "ysfine.com"
51.222.253.19 - - [03/Feb/2023:09:14:16 -0800] "GET /fotos/photo05c.jpg HTTP/1.1" 200 39109 "-" "Mozilla/5.0 (compatible; AhrefsBot/7.0; +http://ahrefs.com/robot/)" "ysfine.com"
51.222.253.6 - - [03/Feb/2023:09:14:16 -0800] "GET /home/fotos/photo03c.jpg HTTP/1.1" 200 23013 "-" "Mozilla/5.0 (compatible; AhrefsBot/7.0; +http://ahrefs.com/robot/)" "ysfine.com"
51.222.253.18 - - [03/Feb/2023:09:14:17 -0800] "GET /home/home/fotos/korjap03c.jpg HTTP/1.1" 404 88 "-" "Mozilla/5.0 (compatible; AhrefsBot/7.0; +http://ahrefs.com/robot/)" "ysfine.com"
51.222.253.10 - - [03/Feb/2023:09:14:17 -0800] "GET /home/fotos/photo04c.jpg HTTP/1.1" 200 39964 "-" "Mozilla/5.0 (compatible; AhrefsBot/7.0; +http://ahrefs.com/robot/)" "ysfine.com"
95.163.255.64 - - [03/Feb/2023:09:14:21 -0800] "GET /robots.txt HTTP/1.1" 404 73 "-" "Mozilla/5.0 (compatible; Linux x86_64; Mail.RU_Bot/2.0; +https://help.mail.ru/webmaster/indexing/robots)" "www.ysfine.com"
95.163.255.62 - - [03/Feb/2023:09:14:24 -0800] "GET /maga/histo/jfk61b.jpg HTTP/1.1" 200 46815 "-" "Mozilla/5.0 (compatible; Linux x86_64; Mail.RU_Bot/2.0; +https://help.mail.ru/webmaster/indexing/robots)" "www.ysfine.com"
51.222.253.2 - - [03/Feb/2023:09:14:26 -0800] "GET /fotos/photo06c.jpg HTTP/1.1" 200 40796 "-" "Mozilla/5.0 (compatible; AhrefsBot/7.0; +http://ahrefs.com/robot/)" "ysfine.com"
51.222.253.3 - - [03/Feb/2023:09:14:26 -0800] "GET /style/bstring33c.jpg HTTP/1.1" 200 28940 "-" "Mozilla/5.0 (compatible; AhrefsBot/7.0; +http://ahrefs.com/robot/)" "ysfine.com"
51.222.253.2 - - [03/Feb/2023:09:14:27 -0800] "GET /home/einstein/einbohr23k.jpg HTTP/1.1" 404 88 "-" "Mozilla/5.0 (compatible; AhrefsBot/7.0; +http://ahrefs.com/robot/)" "ysfine.com"
51.222.253.18 - - [03/Feb/2023:09:14:27 -0800] "GET /yspapers/iop20c.jpg HTTP/1.1" 200 29134 "-" "Mozilla/5.0 (compatible; AhrefsBot/7.0; +http://ahrefs.com/robot/)" "ysfine.com"
51.222.253.11 - - [03/Feb/2023:09:14:28 -0800] "GET /home/eward55a.jpg HTTP/1.1" 200 84523 "-" "Mozilla/5.0 (compatible; AhrefsBot/7.0; +http://ahrefs.com/robot/)" "ysfine.com"
51.222.253.17 - - [03/Feb/2023:09:14:29 -0800] "GET /home/sq600c.jpg HTTP/1.1" 200 18492 "-" "Mozilla/5.0 (compatible; AhrefsBot/7.0; +http://ahrefs.com/robot/)" "ysfine.com"
51.222.253.18 - - [03/Feb/2023:09:14:30 -0800] "GET /home/fotos/dirfeyn62c.jpg HTTP/1.1" 200 52150 "-" "Mozilla/5.0 (compatible; AhrefsBot/7.0; +http://ahrefs.com/robot/)" "ysfine.com"
51.222.253.10 - - [03/Feb/2023:09:14:31 -0800] "GET /home/yskim10c.jpg HTTP/1.1" 200 88826 "-" "Mozilla/5.0 (compatible; AhrefsBot/7.0; +http://ahrefs.com/robot/)" "ysfine.com"
51.222.253.3 - - [03/Feb/2023:09:14:32 -0800] "GET /home/eink77c.jpg HTTP/1.1" 200 47471 "-" "Mozilla/5.0 (compatible; AhrefsBot/7.0; +http://ahrefs.com/robot/)" "ysfine.com"
51.222.253.12 - - [03/Feb/2023:09:14:33 -0800] "GET /home/fotos/house99d.jpg HTTP/1.1" 200 38264 "-" "Mozilla/5.0 (compatible; AhrefsBot/7.0; +http://ahrefs.com/robot/)" "ysfine.com"
51.222.253.7 - - [03/Feb/2023:09:14:34 -0800] "GET /fotos/101c.jpg HTTP/1.1" 200 37079 "-" "Mozilla/5.0 (compatible; AhrefsBot/7.0; +http://ahrefs.com/robot/)" "ysfine.com"
51.222.253.7 - - [03/Feb/2023:09:14:34 -0800] "GET /home/fotos/photo05c.jpg HTTP/1.1" 200 39109 "-" "Mozilla/5.0 (compatible; AhrefsBot/7.0; +http://ahrefs.com/robot/)" "ysfine.com"
51.222.253.8 - - [03/Feb/2023:09:14:35 -0800] "GET /fotos/photo04c.jpg HTTP/1.1" 200 39964 "-" "Mozilla/5.0 (compatible; AhrefsBot/7.0; +http://ahrefs.com/robot/)" "ysfine.com"
51.222.253.10 - - [03/Feb/2023:09:14:36 -0800] "GET /home/home/eink77c.jpg HTTP/1.1" 404 88 "-" "Mozilla/5.0 (compatible; AhrefsBot/7.0; +http://ahrefs.com/robot/)" "ysfine.com"
51.222.253.9 - - [03/Feb/2023:09:14:36 -0800] "GET /fotos/gongdae54a.jpg HTTP/1.1" 200 58026 "-" "Mozilla/5.0 (compatible; AhrefsBot/7.0; +http://ahrefs.com/robot/)" "ysfine.com"
85.208.98.16 - - [03/Feb/2023:09:14:37 -0800] "GET /style/shops.html HTTP/1.1" 200 2829 "-" "Mozilla/5.0 (compatible; SemrushBot-BA; +http://www.semrush.com/bot.html)" "ysfine.com"
51.222.253.4 - - [03/Feb/2023:09:14:37 -0800] "GET /home/fotos/korjap03c.jpg HTTP/1.1" 200 24308 "-" "Mozilla/5.0 (compatible; AhrefsBot/7.0; +http://ahrefs.com/robot/)" "ysfine.com"
51.222.253.15 - - [03/Feb/2023:09:14:37 -0800] "GET /home/fotos/105c.jpg HTTP/1.1" 200 41825 "-" "Mozilla/5.0 (compatible; AhrefsBot/7.0; +http://ahrefs.com/robot/)" "ysfine.com"
51.222.253.13 - - [03/Feb/2023:09:14:38 -0800] "GET /home/home/facu63c.jpg HTTP/1.1" 404 88 "-" "Mozilla/5.0 (compatible; AhrefsBot/7.0; +http://ahrefs.com/robot/)" "ysfine.com"
51.222.253.1 - - [03/Feb/2023:09:14:38 -0800] "GET /home/fotos/103c.jpg HTTP/1.1" 200 32825 "-" "Mozilla/5.0 (compatible; AhrefsBot/7.0; +http://ahrefs.com/robot/)" "ysfine.com"
51.222.253.15 - - [03/Feb/2023:09:14:38 -0800] "GET /home/home/yskim10c.jpg HTTP/1.1" 404 88 "-" "Mozilla/5.0 (compatible; AhrefsBot/7.0; +http://ahrefs.com/robot/)" "ysfine.com"
51.222.253.2 - - [03/Feb/2023:09:14:39 -0800] "GET /fotos/kids20a.jpg HTTP/1.1" 200 58866 "-" "Mozilla/5.0 (compatible; AhrefsBot/7.0; +http://ahrefs.com/robot/)" "ysfine.com"
51.222.253.2 - - [03/Feb/2023:09:14:39 -0800] "GET /home/home/fotos/seoul50k.jpg HTTP/1.1" 404 88 "-" "Mozilla/5.0 (compatible; AhrefsBot/7.0; +http://ahrefs.com/robot/)" "ysfine.com"
51.222.253.4 - - [03/Feb/2023:09:14:39 -0800] "GET /home/home/fotos/campus06c.jpg HTTP/1.1" 404 88 "-" "Mozilla/5.0 (compatible; AhrefsBot/7.0; +http://ahrefs.com/robot/)" "ysfine.com"
51.222.253.13 - - [03/Feb/2023:09:14:40 -0800] "GET /home/fotos/gongdae54a.jpg HTTP/1.1" 200 58026 "-" "Mozilla/5.0 (compatible; AhrefsBot/7.0; +http://ahrefs.com/robot/)" "ysfine.com"
51.222.253.7 - - [03/Feb/2023:09:14:40 -0800] "GET /home/fotos/photo09c.jpg HTTP/1.1" 200 25413 "-" "Mozilla/5.0 (compatible; AhrefsBot/7.0; +http://ahrefs.com/robot/)" "ysfine.com"
51.222.253.5 - - [03/Feb/2023:09:14:40 -0800] "GET /home/kobak/taylor11c.jpg HTTP/1.1" 404 88 "-" "Mozilla/5.0 (compatible; AhrefsBot/7.0; +http://ahrefs.com/robot/)" "ysfine.com"
51.222.253.3 - - [03/Feb/2023:09:14:41 -0800] "GET /home/home/eward55k.jpg HTTP/1.1" 404 88 "-" "Mozilla/5.0 (compatible; AhrefsBot/7.0; +http://ahrefs.com/robot/)" "ysfine.com"
51.222.253.3 - - [03/Feb/2023:09:14:41 -0800] "GET /home/home/family66a.jpg HTTP/1.1" 404 88 "-" "Mozilla/5.0 (compatible; AhrefsBot/7.0; +http://ahrefs.com/robot/)" "ysfine.com"
51.222.253.20 - - [03/Feb/2023:09:14:41 -0800] "GET /dirac/truck/truck18c.jpg HTTP/1.1" 200 32663 "-" "Mozilla/5.0 (compatible; AhrefsBot/7.0; +http://ahrefs.com/robot/)" "ysfine.com"
51.222.253.12 - - [03/Feb/2023:09:14:42 -0800] "GET /home/fotos/photo06c.jpg HTTP/1.1" 200 40796 "-" "Mozilla/5.0 (compatible; AhrefsBot/7.0; +http://ahrefs.com/robot/)" "ysfine.com"
51.222.253.1 - - [03/Feb/2023:09:14:42 -0800] "GET /home/home/bew22a.jpg HTTP/1.1" 404 88 "-" "Mozilla/5.0 (compatible; AhrefsBot/7.0; +http://ahrefs.com/robot/)" "ysfine.com"
51.222.253.4 - - [03/Feb/2023:09:14:42 -0800] "GET /fotos/photo03c.jpg HTTP/1.1" 200 23013 "-" "Mozilla/5.0 (compatible; AhrefsBot/7.0; +http://ahrefs.com/robot/)" "ysfine.com"
51.222.253.1 - - [03/Feb/2023:09:14:44 -0800] "GET /home/ewk86a.jpg HTTP/1.1" 200 86008 "-" "Mozilla/5.0 (compatible; AhrefsBot/7.0; +http://ahrefs.com/robot/)" "ysfine.com"
51.222.253.4 - - [03/Feb/2023:09:14:46 -0800] "GET /home/home/ewk86k.jpg HTTP/1.1" 404 88 "-" "Mozilla/5.0 (compatible; AhrefsBot/7.0; +http://ahrefs.com/robot/)" "ysfine.com"
51.222.253.11 - - [03/Feb/2023:09:14:46 -0800] "GET /home/fotos/104c.jpg HTTP/1.1" 200 35089 "-" "Mozilla/5.0 (compatible; AhrefsBot/7.0; +http://ahrefs.com/robot/)" "ysfine.com"
51.222.253.20 - - [03/Feb/2023:09:14:47 -0800] "GET /home/family66a.jpg HTTP/1.1" 200 66365 "-" "Mozilla/5.0 (compatible; AhrefsBot/7.0; +http://ahrefs.com/robot/)" "ysfine.com"
51.222.253.1 - - [03/Feb/2023:09:14:48 -0800] "GET /home/wdc/jeffm02c.jpg HTTP/1.1" 404 88 "-" "Mozilla/5.0 (compatible; AhrefsBot/7.0; +http://ahrefs.com/robot/)" "ysfine.com"
51.222.253.20 - - [03/Feb/2023:09:14:49 -0800] "GET /home/comet40c.jpg HTTP/1.1" 200 41188 "-" "Mozilla/5.0 (compatible; AhrefsBot/7.0; +http://ahrefs.com/robot/)" "ysfine.com"
51.222.253.20 - - [03/Feb/2023:09:14:50 -0800] "GET /wdc/eindc03c.jpg HTTP/1.1" 200 48446 "-" "Mozilla/5.0 (compatible; AhrefsBot/7.0; +http://ahrefs.com/robot/)" "ysfine.com"
51.222.253.4 - - [03/Feb/2023:09:14:51 -0800] "GET /wigner/tollwig11c.jpg HTTP/1.1" 200 30497 "-" "Mozilla/5.0 (compatible; AhrefsBot/7.0; +http://ahrefs.com/robot/)" "ysfine.com"
51.222.253.12 - - [03/Feb/2023:09:14:51 -0800] "GET /home/ysrhee33c.jpg HTTP/1.1" 200 26817 "-" "Mozilla/5.0 (compatible; AhrefsBot/7.0; +http://ahrefs.com/robot/)" "ysfine.com"
51.222.253.14 - - [03/Feb/2023:09:14:52 -0800] "GET /fotos/dirfeyn62c.jpg HTTP/1.1" 200 52150 "-" "Mozilla/5.0 (compatible; AhrefsBot/7.0; +http://ahrefs.com/robot/)" "ysfine.com"
95.163.255.68 - - [03/Feb/2023:09:14:52 -0800] "GET /robots.txt HTTP/1.1" 404 73 "-" "Mozilla/5.0 (compatible; Linux x86_64; Mail.RU_Bot/2.0; +https://help.mail.ru/webmaster/indexing/robots)" "ysfine.com"
51.222.253.1 - - [03/Feb/2023:09:14:52 -0800] "GET /fotos/104c.jpg HTTP/1.1" 200 35089 "-" "Mozilla/5.0 (compatible; AhrefsBot/7.0; +http://ahrefs.com/robot/)" "ysfine.com"
51.222.253.10 - - [03/Feb/2023:09:14:53 -0800] "GET /fotos/marxlon02c.jpg HTTP/1.1" 200 47919 "-" "Mozilla/5.0 (compatible; AhrefsBot/7.0; +http://ahrefs.com/robot/)" "ysfine.com"
51.222.253.15 - - [03/Feb/2023:09:14:53 -0800] "GET /home/canal55c.jpg HTTP/1.1" 200 41665 "-" "Mozilla/5.0 (compatible; AhrefsBot/7.0; +http://ahrefs.com/robot/)" "ysfine.com"
51.222.253.15 - - [03/Feb/2023:09:14:54 -0800] "GET /home/home/fotos/photo00c.jpg HTTP/1.1" 404 88 "-" "Mozilla/5.0 (compatible; AhrefsBot/7.0; +http://ahrefs.com/robot/)" "ysfine.com"
51.222.253.1 - - [03/Feb/2023:09:14:55 -0800] "GET /home/kobak/swr51c.jpg HTTP/1.1" 404 88 "-" "Mozilla/5.0 (compatible; AhrefsBot/7.0; +http://ahrefs.com/robot/)" "ysfine.com"
51.222.253.8 - - [03/Feb/2023:09:14:55 -0800] "GET /home/fotos/photo02c.jpg HTTP/1.1" 200 37432 "-" "Mozilla/5.0 (compatible; AhrefsBot/7.0; +http://ahrefs.com/robot/)" "ysfine.com"
51.222.253.15 - - [03/Feb/2023:09:14:55 -0800] "GET /home/home/comet40c.jpg HTTP/1.1" 404 88 "-" "Mozilla/5.0 (compatible; AhrefsBot/7.0; +http://ahrefs.com/robot/)" "ysfine.com"
85.208.98.19 - - [03/Feb/2023:09:14:59 -0800] "GET /usca/neworl.html HTTP/1.1" 200 14308 "-" "Mozilla/5.0 (compatible; SemrushBot-BA; +http://www.semrush.com/bot.html)" "www.ysfine.com"
85.208.98.16 - - [03/Feb/2023:09:15:10 -0800] "GET /usca/neworl.html HTTP/1.1" 200 14308 "-" "Mozilla/5.0 (compatible; SemrushBot-BA; +http://www.semrush.com/bot.html)" "ysfine.com"
95.163.255.62 - - [03/Feb/2023:09:15:15 -0800] "GET /maga/invent/kdka11.jpg HTTP/1.1" 200 89788 "-" "Mozilla/5.0 (compatible; Linux x86_64; Mail.RU_Bot/2.0; +https://help.mail.ru/webmaster/indexing/robots)" "ysfine.com"
95.163.255.62 - - [03/Feb/2023:09:15:48 -0800] "GET /maga/invent/bargmann11.jpg HTTP/1.1" 200 43061 "-" "Mozilla/5.0 (compatible; Linux x86_64; Mail.RU_Bot/2.0; +https://help.mail.ru/webmaster/indexing/robots)" "www.ysfine.com"
92.237.108.21 - - [03/Feb/2023:09:16:18 -0800] "GET /feynman/feygell66.jpg HTTP/1.1" 200 115723 "https://www.google.com/" "Mozilla/5.0 (Linux; Android 12; SAMSUNG SM-A426B) AppleWebKit/537.36 (KHTML, like Gecko) SamsungBrowser/19.0 Chrome/102.0.5005.125 Mobile Safari/537.36" "ysfine.com"
85.208.98.31 - - [03/Feb/2023:09:16:18 -0800] "GET /style/shops.html HTTP/1.1" 200 2829 "-" "Mozilla/5.0 (compatible; SemrushBot-BA; +http://www.semrush.com/bot.html)" "www.ysfine.com"
85.208.98.20 - - [03/Feb/2023:09:16:21 -0800] "GET /style/restau.html HTTP/1.1" 200 2149 "-" "Mozilla/5.0 (compatible; SemrushBot-BA; +http://www.semrush.com/bot.html)" "ysfine.com"
95.163.255.64 - - [03/Feb/2023:09:16:31 -0800] "GET /maga/invent/joak11b.jpg HTTP/1.1" 200 40558 "-" "Mozilla/5.0 (compatible; Linux x86_64; Mail.RU_Bot/2.0; +https://help.mail.ru/webmaster/indexing/robots)" "ysfine.com"
85.208.98.16 - - [03/Feb/2023:09:16:33 -0800] "GET /style/restau.html HTTP/1.1" 200 2149 "-" "Mozilla/5.0 (compatible; SemrushBot-BA; +http://www.semrush.com/bot.html)" "www.ysfine.com"
52.167.144.62 - - [03/Feb/2023:09:16:43 -0800] "GET /world/baltic/frombork2.jpg HTTP/1.1" 200 67166 "-" "Mozilla/5.0 AppleWebKit/537.36 (KHTML, like Gecko; compatible; bingbot/2.0; +http://www.bing.com/bingbot.htm) Chrome/103.0.5060.134 Safari/537.36" "ysfine.com"
167.88.224.62 - - [03/Feb/2023:09:16:46 -0800] "GET /princeton/alexan22.jpg HTTP/1.1" 200 175436 "https://www.google.com/" "Mozilla/5.0 (X11; CrOS x86_64 15183.78.0) AppleWebKit/537.36 (KHTML, like Gecko) Chrome/108.0.0.0 Safari/537.36" "ysfine.com"
52.167.144.86 - - [03/Feb/2023:09:17:12 -0800] "GET /ffriends/aline/airfr06.jpg HTTP/1.1" 200 65248 "-" "Mozilla/5.0 AppleWebKit/537.36 (KHTML, like Gecko; compatible; bingbot/2.0; +http://www.bing.com/bingbot.htm) Chrome/103.0.5060.134 Safari/537.36" "ysfine.com"
95.163.255.69 - - [03/Feb/2023:09:17:18 -0800] "GET /people/wheezeil.jpg HTTP/1.1" 200 86472 "-" "Mozilla/5.0 (compatible; Linux x86_64; Mail.RU_Bot/2.0; +https://help.mail.ru/webmaster/indexing/robots)" "ysfine.com"
40.77.167.192 - - [03/Feb/2023:09:17:36 -0800] "GET /bio/kobak/soraech.html HTTP/1.1" 404 88 "-" "Mozilla/5.0 AppleWebKit/537.36 (KHTML, like Gecko; compatible; bingbot/2.0; +http://www.bing.com/bingbot.htm) Chrome/103.0.5060.134 Safari/537.36" "ysfine.com"
95.163.255.66 - - [03/Feb/2023:09:17:53 -0800] "GET /wigner/snow.jpg HTTP/1.1" 200 34962 "-" "Mozilla/5.0 (compatible; Linux x86_64; Mail.RU_Bot/2.0; +https://help.mail.ru/webmaster/indexing/robots)" "www.ysfine.com"
52.167.144.62 - - [03/Feb/2023:09:18:21 -0800] "GET /wisdom/kori22b.jpg HTTP/1.1" 200 55204 "-" "Mozilla/5.0 AppleWebKit/537.36 (KHTML, like Gecko; compatible; bingbot/2.0; +http://www.bing.com/bingbot.htm) Chrome/103.0.5060.134 Safari/537.36" "ysfine.com"
207.46.13.64 - - [03/Feb/2023:09:19:10 -0800] "GET /maga/phys/maxwell06b.jpg HTTP/1.1" 200 51047 "-" "Mozilla/5.0 AppleWebKit/537.36 (KHTML, like Gecko; compatible; bingbot/2.0; +http://www.bing.com/bingbot.htm) Chrome/103.0.5060.134 Safari/537.36" "ysfine.com"
114.119.136.203 - - [03/Feb/2023:09:21:50 -0800] "GET /folks/amkor/kostu11c.jpg HTTP/1.1" 200 32654 "https://ysfine.com/folks/korean.html" "Mozilla/5.0 (Linux; Android 7.0;) AppleWebKit/537.36 (KHTML, like Gecko) Mobile Safari/537.36 (compatible; PetalBot;+https://webmaster.petalsearch.com/site/petalbot)" "ysfine.com"
188.129.244.78 - - [03/Feb/2023:09:21:55 -0800] "GET /maga/histo/oscar33.jpg HTTP/1.1" 200 140181 "https://www.google.com/" "Mozilla/5.0 (Windows NT 10.0; Win64; x64) AppleWebKit/537.36 (KHTML, like Gecko) Chrome/109.0.0.0 Safari/537.36" "ysfine.com"
52.167.144.86 - - [03/Feb/2023:09:22:14 -0800] "GET /bio/wigner/e(2).html HTTP/1.1" 404 88 "-" "Mozilla/5.0 AppleWebKit/537.36 (KHTML, like Gecko; compatible; bingbot/2.0; +http://www.bing.com/bingbot.htm) Chrome/103.0.5060.134 Safari/537.36" "ysfine.com"
114.119.137.160 - - [03/Feb/2023:09:22:39 -0800] "GET /remote/wigner111/frame52.html HTTP/1.1" 200 540 "https://www.ysfine.com/remote/wigner111/frame53.html" "Mozilla/5.0 (Linux; Android 7.0;) AppleWebKit/537.36 (KHTML, like Gecko) Mobile Safari/537.36 (compatible; PetalBot;+https://webmaster.petalsearch.com/site/petalbot)" "www.ysfine.com"
40.77.167.192 - - [03/Feb/2023:09:22:54 -0800] "GET /bio.html HTTP/1.1" 200 18260 "-" "Mozilla/5.0 AppleWebKit/537.36 (KHTML, like Gecko; compatible; bingbot/2.0; +http://www.bing.com/bingbot.htm) Chrome/103.0.5060.134 Safari/537.36" "ysfine.com"
51.222.253.5 - - [03/Feb/2023:09:23:33 -0800] "GET /princeton/prade.html HTTP/1.1" 200 9863 "-" "Mozilla/5.0 (compatible; AhrefsBot/7.0; +http://ahrefs.com/robot/)" "www.ysfine.com"
51.222.253.14 - - [03/Feb/2023:09:23:36 -0800] "GET /kowar/tanks/sherman44b.jpg HTTP/1.1" 200 34454 "-" "Mozilla/5.0 (compatible; AhrefsBot/7.0; +http://ahrefs.com/robot/)" "www.ysfine.com"
51.222.253.1 - - [03/Feb/2023:09:23:37 -0800] "GET /ffriends/amkor/prgr06b.jpg HTTP/1.1" 200 32520 "-" "Mozilla/5.0 (compatible; AhrefsBot/7.0; +http://ahrefs.com/robot/)" "www.ysfine.com"
51.222.253.18 - - [03/Feb/2023:09:23:38 -0800] "GET /princeton/prford11b.jpg HTTP/1.1" 200 52307 "-" "Mozilla/5.0 (compatible; AhrefsBot/7.0; +http://ahrefs.com/robot/)" "www.ysfine.com"
51.222.253.10 - - [03/Feb/2023:09:23:39 -0800] "GET /princeton/billbo11b.jpg HTTP/1.1" 200 46283 "-" "Mozilla/5.0 (compatible; AhrefsBot/7.0; +http://ahrefs.com/robot/)" "www.ysfine.com"
51.222.253.6 - - [03/Feb/2023:09:23:40 -0800] "GET /eink/pwk19c.jpg HTTP/1.1" 200 57759 "-" "Mozilla/5.0 (compatible; AhrefsBot/7.0; +http://ahrefs.com/robot/)" "www.ysfine.com"
51.222.253.5 - - [03/Feb/2023:09:23:41 -0800] "GET /princeton/bdinner11b.jpg HTTP/1.1" 200 50984 "-" "Mozilla/5.0 (compatible; AhrefsBot/7.0; +http://ahrefs.com/robot/)" "www.ysfine.com"
51.222.253.11 - - [03/Feb/2023:09:23:42 -0800] "GET /princeton/puband10b.jpg HTTP/1.1" 200 48482 "-" "Mozilla/5.0 (compatible; AhrefsBot/7.0; +http://ahrefs.com/robot/)" "www.ysfine.com"
40.77.167.192 - - [03/Feb/2023:09:23:43 -0800] "GET /maga/histo/desiree22.jpg HTTP/1.1" 200 113561 "-" "Mozilla/5.0 AppleWebKit/537.36 (KHTML, like Gecko; compatible; bingbot/2.0; +http://www.bing.com/bingbot.htm) Chrome/103.0.5060.134 Safari/537.36" "www.ysfine.com"
51.222.253.1 - - [03/Feb/2023:09:23:44 -0800] "GET /kobak/rheetr2.jpg HTTP/1.1" 200 43503 "-" "Mozilla/5.0 (compatible; AhrefsBot/7.0; +http://ahrefs.com/robot/)" "www.ysfine.com"
51.222.253.17 - - [03/Feb/2023:09:23:45 -0800] "GET /princeton/tilghman07b.jpg HTTP/1.1" 200 45925 "-" "Mozilla/5.0 (compatible; AhrefsBot/7.0; +http://ahrefs.com/robot/)" "www.ysfine.com"
51.222.253.12 - - [03/Feb/2023:09:23:46 -0800] "GET /princeton/puband05b.jpg HTTP/1.1" 200 46073 "-" "Mozilla/5.0 (compatible; AhrefsBot/7.0; +http://ahrefs.com/robot/)" "www.ysfine.com"
51.222.253.14 - - [03/Feb/2023:09:23:46 -0800] "GET /princeton/brooke87b.jpg HTTP/1.1" 200 55274 "-" "Mozilla/5.0 (compatible; AhrefsBot/7.0; +http://ahrefs.com/robot/)" "www.ysfine.com"
51.222.253.9 - - [03/Feb/2023:09:23:47 -0800] "GET /princeton/dulles2.jpg HTTP/1.1" 200 49555 "-" "Mozilla/5.0 (compatible; AhrefsBot/7.0; +http://ahrefs.com/robot/)" "www.ysfine.com"
51.222.253.9 - - [03/Feb/2023:09:23:47 -0800] "GET /princeton/rheepr01b.jpg HTTP/1.1" 200 35236 "-" "Mozilla/5.0 (compatible; AhrefsBot/7.0; +http://ahrefs.com/robot/)" "www.ysfine.com"
51.222.253.13 - - [03/Feb/2023:09:23:48 -0800] "GET /kowar/tanks/sherman58b.jpg HTTP/1.1" 200 37300 "-" "Mozilla/5.0 (compatible; AhrefsBot/7.0; +http://ahrefs.com/robot/)" "www.ysfine.com"
51.222.253.19 - - [03/Feb/2023:09:23:48 -0800] "GET /princeton/cleve11b.jpg HTTP/1.1" 200 42431 "-" "Mozilla/5.0 (compatible; AhrefsBot/7.0; +http://ahrefs.com/robot/)" "www.ysfine.com"
51.222.253.8 - - [03/Feb/2023:09:23:49 -0800] "GET /princeton/nightbefore2.jpg HTTP/1.1" 200 47729 "-" "Mozilla/5.0 (compatible; AhrefsBot/7.0; +http://ahrefs.com/robot/)" "www.ysfine.com"
51.222.253.8 - - [03/Feb/2023:09:23:49 -0800] "GET /princeton/class2007d.jpg HTTP/1.1" 200 52536 "-" "Mozilla/5.0 (compatible; AhrefsBot/7.0; +http://ahrefs.com/robot/)" "www.ysfine.com"
51.222.253.11 - - [03/Feb/2023:09:23:50 -0800] "GET /style/cameras/canonp66b.jpg HTTP/1.1" 200 30441 "-" "Mozilla/5.0 (compatible; AhrefsBot/7.0; +http://ahrefs.com/robot/)" "www.ysfine.com"
51.222.253.8 - - [03/Feb/2023:09:23:50 -0800] "GET /princeton/governer11b.jpg HTTP/1.1" 200 44721 "-" "Mozilla/5.0 (compatible; AhrefsBot/7.0; +http://ahrefs.com/robot/)" "www.ysfine.com"
51.222.253.8 - - [03/Feb/2023:09:23:51 -0800] "GET /princeton/eisenhower61b.jpg HTTP/1.1" 200 44675 "-" "Mozilla/5.0 (compatible; AhrefsBot/7.0; +http://ahrefs.com/robot/)" "www.ysfine.com"
51.222.253.8 - - [03/Feb/2023:09:23:51 -0800] "GET /princeton/stevenson11b.jpg HTTP/1.1" 200 42759 "-" "Mozilla/5.0 (compatible; AhrefsBot/7.0; +http://ahrefs.com/robot/)" "www.ysfine.com"
51.222.253.16 - - [03/Feb/2023:09:23:52 -0800] "GET /usca/pitt/scotam2.jpg HTTP/1.1" 200 46187 "-" "Mozilla/5.0 (compatible; AhrefsBot/7.0; +http://ahrefs.com/robot/)" "www.ysfine.com"
51.222.253.12 - - [03/Feb/2023:09:23:52 -0800] "GET /princeton/goheen11b.jpg HTTP/1.1" 200 41282 "-" "Mozilla/5.0 (compatible; AhrefsBot/7.0; +http://ahrefs.com/robot/)" "www.ysfine.com"
51.222.253.13 - - [03/Feb/2023:09:23:52 -0800] "GET /ffriends/amkor/prgr02b.jpg HTTP/1.1" 200 46161 "-" "Mozilla/5.0 (compatible; AhrefsBot/7.0; +http://ahrefs.com/robot/)" "www.ysfine.com"
51.222.253.4 - - [03/Feb/2023:09:23:53 -0800] "GET /princeton/78th2.jpg HTTP/1.1" 200 55224 "-" "Mozilla/5.0 (compatible; AhrefsBot/7.0; +http://ahrefs.com/robot/)" "www.ysfine.com"
51.222.253.3 - - [03/Feb/2023:09:23:53 -0800] "GET /princeton/horsewag2.jpg HTTP/1.1" 200 56236 "-" "Mozilla/5.0 (compatible; AhrefsBot/7.0; +http://ahrefs.com/robot/)" "www.ysfine.com"
51.222.253.8 - - [03/Feb/2023:09:23:54 -0800] "GET /princeton/elephant11b.jpg HTTP/1.1" 200 65393 "-" "Mozilla/5.0 (compatible; AhrefsBot/7.0; +http://ahrefs.com/robot/)" "www.ysfine.com"
77.88.5.242 - - [03/Feb/2023:09:24:22 -0800] "GET /robots.txt HTTP/1.1" 404 73 "-" "Mozilla/5.0 (compatible; YandexBot/3.0; +http://yandex.com/bots)" "www.ysfine.com"
77.88.5.133 - - [03/Feb/2023:09:24:26 -0800] "GET /kobak/sorae/church01.jpg HTTP/1.1" 200 371390 "-" "Mozilla/5.0 (compatible; YandexImages/3.0; +http://yandex.com/bots)" "www.ysfine.com"
114.119.150.208 - - [03/Feb/2023:09:24:35 -0800] "GET /class54/class5470/total_data/sub_702.htm HTTP/1.1" 200 3294 "https://www.ysfine.com/class54/class5470/total_data/sub_706.htm" "Mozilla/5.0 (Linux; Android 7.0;) AppleWebKit/537.36 (KHTML, like Gecko) Mobile Safari/537.36 (compatible; PetalBot;+https://webmaster.petalsearch.com/site/petalbot)" "www.ysfine.com"
31.52.202.153 - - [03/Feb/2023:09:24:52 -0800] "GET /style/musee/britmu18b.jpg HTTP/1.1" 200 56514 "https://www.google.com/" "Mozilla/5.0 (Linux; Android 13; SM-A226B Build/TP1A.220624.014; wv) AppleWebKit/537.36 (KHTML, like Gecko) Version/4.0 Chrome/109.0.5414.118 Mobile Safari/537.36 GoogleApp/14.4.6.26.arm64" "ysfine.com"
114.119.132.171 - - [03/Feb/2023:09:26:42 -0800] "GET /einstein/ulm.html HTTP/1.1" 200 6713 "https://www.deutschlanduberelvis.com/blog/2009/06" "Mozilla/5.0 (Linux; Android 7.0;) AppleWebKit/537.36 (KHTML, like Gecko) Mobile Safari/537.36 (compatible; PetalBot;+https://webmaster.petalsearch.com/site/petalbot)" "ysfine.com"
207.46.13.64 - - [03/Feb/2023:09:26:42 -0800] "GET /home//yshome.html HTTP/1.1" 200 5634 "-" "Mozilla/5.0 AppleWebKit/537.36 (KHTML, like Gecko; compatible; bingbot/2.0; +http://www.bing.com/bingbot.htm) Chrome/103.0.5060.134 Safari/537.36" "www.ysfine.com"
207.46.13.104 - - [03/Feb/2023:09:26:46 -0800] "GET /bio/sbk/1950.html HTTP/1.1" 404 88 "-" "Mozilla/5.0 AppleWebKit/537.36 (KHTML, like Gecko; compatible; bingbot/2.0; +http://www.bing.com/bingbot.htm) Chrome/103.0.5060.134 Safari/537.36" "ysfine.com"
207.46.13.104 - - [03/Feb/2023:09:27:03 -0800] "GET /eink/eintao55.jpg HTTP/1.1" 200 153901 "-" "Mozilla/5.0 AppleWebKit/537.36 (KHTML, like Gecko; compatible; bingbot/2.0; +http://www.bing.com/bingbot.htm) Chrome/103.0.5060.134 Safari/537.36" "ysfine.com"
207.46.13.104 - - [03/Feb/2023:09:29:00 -0800] "GET /bio/style/artlove.html HTTP/1.1" 404 88 "-" "Mozilla/5.0 AppleWebKit/537.36 (KHTML, like Gecko; compatible; bingbot/2.0; +http://www.bing.com/bingbot.htm) Chrome/103.0.5060.134 Safari/537.36" "ysfine.com"
85.208.98.23 - - [03/Feb/2023:09:30:31 -0800] "GET /robots.txt HTTP/1.1" 404 88 "http://www.ysfine.com/robots.txt" "Mozilla/5.0 (compatible; SemrushBot-BA; +http://www.semrush.com/bot.html)" "www.ysfine.com"
85.208.98.23 - - [03/Feb/2023:09:30:32 -0800] "GET /robots.txt HTTP/1.1" 404 88 "http://ysfine.com/robots.txt" "Mozilla/5.0 (compatible; SemrushBot-BA; +http://www.semrush.com/bot.html)" "ysfine.com"
