85.208.98.24 - - [03/Feb/2023:09:30:46 -0800] "GET /sbk/photo21.html HTTP/1.1" 200 7762 "-" "Mozilla/5.0 (compatible; SemrushBot-BA; +http://www.semrush.com/bot.html)" "ysfine.com"
85.208.98.29 - - [03/Feb/2023:09:30:49 -0800] "GET /sbk/photo21.html HTTP/1.1" 200 7762 "-" "Mozilla/5.0 (compatible; SemrushBot-BA; +http://www.semrush.com/bot.html)" "www.ysfine.com"
85.208.98.19 - - [03/Feb/2023:09:30:56 -0800] "GET /ysbio/sbk/2000.html HTTP/1.1" 404 88 "-" "Mozilla/5.0 (compatible; SemrushBot-BA; +http://www.semrush.com/bot.html)" "ysfine.com"
177.148.87.23 - - [03/Feb/2023:09:31:26 -0800] "GET /wigner/neum/vnc01.jpg HTTP/1.1" 200 133641 "https://sites.google.com/" "Mozilla/5.0 (Windows NT 10.0; Win64; x64) AppleWebKit/537.36 (KHTML, like Gecko) Chrome/109.0.0.0 Safari/537.36" "ysfine.com"
85.208.98.20 - - [03/Feb/2023:09:31:30 -0800] "GET /sbk/2000.html HTTP/1.1" 200 10573 "-" "Mozilla/5.0 (compatible; SemrushBot-BA; +http://www.semrush.com/bot.html)" "ysfine.com"
85.208.98.29 - - [03/Feb/2023:09:31:41 -0800] "GET /sbk/2000.html HTTP/1.1" 200 10573 "-" "Mozilla/5.0 (compatible; SemrushBot-BA; +http://www.semrush.com/bot.html)" "www.ysfine.com"
51.222.253.16 - - [03/Feb/2023:09:32:04 -0800] "GET /home/yshome.html HTTP/1.1" 200 5634 "-" "Mozilla/5.0 (compatible; AhrefsBot/7.0; +http://ahrefs.com/robot/)" "ysfine.com"
51.222.253.17 - - [03/Feb/2023:09:32:06 -0800] "GET /home/taylor500.jpg HTTP/1.1" 200 79197 "-" "Mozilla/5.0 (compatible; AhrefsBot/7.0; +http://ahrefs.com/robot/)" "ysfine.com"
51.222.253.9 - - [03/Feb/2023:09:32:06 -0800] "GET /home/truck450.jpg HTTP/1.1" 200 42871 "-" "Mozilla/5.0 (compatible; AhrefsBot/7.0; +http://ahrefs.com/robot/)" "ysfine.com"
51.222.253.18 - - [03/Feb/2023:09:32:07 -0800] "GET /eink/einhaus11c.jpg HTTP/1.1" 200 42522 "-" "Mozilla/5.0 (compatible; AhrefsBot/7.0; +http://ahrefs.com/robot/)" "ysfine.com"
51.222.253.4 - - [03/Feb/2023:09:32:07 -0800] "GET /eink/ewk86f.jpg HTTP/1.1" 200 122173 "-" "Mozilla/5.0 (compatible; AhrefsBot/7.0; +http://ahrefs.com/robot/)" "ysfine.com"
51.222.253.15 - - [03/Feb/2023:09:32:08 -0800] "GET /home/goodbad450.jpg HTTP/1.1" 200 32258 "-" "Mozilla/5.0 (compatible; AhrefsBot/7.0; +http://ahrefs.com/robot/)" "ysfine.com"
51.222.253.18 - - [03/Feb/2023:09:32:08 -0800] "GET /home/eink450.jpg HTTP/1.1" 200 66794 "-" "Mozilla/5.0 (compatible; AhrefsBot/7.0; +http://ahrefs.com/robot/)" "ysfine.com"
51.222.253.1 - - [03/Feb/2023:09:32:09 -0800] "GET /home/1987pr22d.jpg HTTP/1.1" 200 66428 "-" "Mozilla/5.0 (compatible; AhrefsBot/7.0; +http://ahrefs.com/robot/)" "ysfine.com"
51.222.253.9 - - [03/Feb/2023:09:32:09 -0800] "GET /home/washmo23d.jpg HTTP/1.1" 200 32142 "-" "Mozilla/5.0 (compatible; AhrefsBot/7.0; +http://ahrefs.com/robot/)" "ysfine.com"
51.222.253.19 - - [03/Feb/2023:09:32:10 -0800] "GET /home/top21d.jpg HTTP/1.1" 200 74409 "-" "Mozilla/5.0 (compatible; AhrefsBot/7.0; +http://ahrefs.com/robot/)" "ysfine.com"
85.208.98.24 - - [03/Feb/2023:09:32:10 -0800] "GET /ysbio/sbk/2000.html HTTP/1.1" 404 88 "-" "Mozilla/5.0 (compatible; SemrushBot-BA; +http://www.semrush.com/bot.html)" "www.ysfine.com"
51.222.253.9 - - [03/Feb/2023:09:32:11 -0800] "GET /home/eward55f.jpg HTTP/1.1" 200 122802 "-" "Mozilla/5.0 (compatible; AhrefsBot/7.0; +http://ahrefs.com/robot/)" "ysfine.com"
51.222.253.16 - - [03/Feb/2023:09:32:12 -0800] "GET /home/facu450.jpg HTTP/1.1" 200 74535 "-" "Mozilla/5.0 (compatible; AhrefsBot/7.0; +http://ahrefs.com/robot/)" "ysfine.com"
51.222.253.20 - - [03/Feb/2023:09:32:13 -0800] "GET /home/eindc03d.jpg HTTP/1.1" 200 95860 "-" "Mozilla/5.0 (compatible; AhrefsBot/7.0; +http://ahrefs.com/robot/)" "ysfine.com"
93.158.161.43 - - [03/Feb/2023:09:34:36 -0800] "GET /world/germany/berlinf0f.jpg HTTP/1.1" 404 88 "-" "Mozilla/5.0 (compatible; YandexImages/3.0; +http://yandex.com/bots)" "www.ysfine.com"
5.188.210.30 - - [03/Feb/2023:09:35:38 -0800] "GET /world/visas.html HTTP/1.1" 200 7643 "https://www.ysfine.com/world/visas.html" "Mozilla/5.0 (Windows NT 6.1; Win64; x64) AppleWebKit/537.36 (KHTML, like Gecko) Chrome/90.0.4430.85 Safari/537.36" "www.ysfine.com"
85.208.98.23 - - [03/Feb/2023:09:36:21 -0800] "GET /robots.txt HTTP/1.1" 404 88 "http://www.ysfine.com/robots.txt" "Mozilla/5.0 (compatible; SemrushBot-BA; +http://www.semrush.com/bot.html)" "www.ysfine.com"
85.208.98.23 - - [03/Feb/2023:09:36:22 -0800] "GET /robots.txt HTTP/1.1" 404 88 "http://ysfine.com/robots.txt" "Mozilla/5.0 (compatible; SemrushBot-BA; +http://www.semrush.com/bot.html)" "ysfine.com"
123.183.224.88 - - [03/Feb/2023:09:36:31 -0800] "GET / HTTP/1.1" 200 5295 "-" "Sogou web spider/4.0(+http://www.sogou.com/docs/help/webmasters.htm#07)" "ysfine.com"
85.208.98.19 - - [03/Feb/2023:09:36:55 -0800] "GET /ysbio/style/shops.html HTTP/1.1" 404 88 "-" "Mozilla/5.0 (compatible; SemrushBot-BA; +http://www.semrush.com/bot.html)" "www.ysfine.com"
85.208.98.31 - - [03/Feb/2023:09:37:01 -0800] "GET /ysbio/usca/neworl.html HTTP/1.1" 404 88 "-" "Mozilla/5.0 (compatible; SemrushBot-BA; +http://www.semrush.com/bot.html)" "ysfine.com"
52.167.144.62 - - [03/Feb/2023:09:37:13 -0800] "GET /world/latina/cancun08.jpg HTTP/1.1" 200 99670 "-" "Mozilla/5.0 AppleWebKit/537.36 (KHTML, like Gecko; compatible; bingbot/2.0; +http://www.bing.com/bingbot.htm) Chrome/103.0.5060.134 Safari/537.36" "ysfine.com"
86.33.81.176 - - [03/Feb/2023:09:37:21 -0800] "GET /wigner/wigner39.pdf HTTP/1.1" 200 1398440 "https://www.google.com/" "Mozilla/5.0 (Windows NT 10.0; Win64; x64; rv:108.0) Gecko/20100101 Firefox/108.0" "ysfine.com"
86.33.81.176 - - [03/Feb/2023:09:37:22 -0800] "GET /favicon.ico HTTP/1.1" 404 88 "https://ysfine.com/" "Mozilla/5.0 (Windows NT 10.0; Win64; x64; rv:108.0) Gecko/20100101 Firefox/108.0" "ysfine.com"
66.249.64.168 - - [03/Feb/2023:09:37:22 -0800] "GET /robots.txt HTTP/1.1" 404 88 "-" "Mozilla/5.0 (compatible; Googlebot/2.1; +http://www.google.com/bot.html)" "www.ysfine.com"
86.33.81.176 - - [03/Feb/2023:09:37:22 -0800] "GET /wigner/wigner39.pdf HTTP/1.1" 206 65536 "https://www.google.com/" "Mozilla/5.0 (Windows NT 10.0; Win64; x64; rv:108.0) Gecko/20100101 Firefox/108.0" "ysfine.com"
86.33.81.176 - - [03/Feb/2023:09:37:22 -0800] "GET /wigner/wigner39.pdf HTTP/1.1" 206 22184 "https://www.google.com/" "Mozilla/5.0 (Windows NT 10.0; Win64; x64; rv:108.0) Gecko/20100101 Firefox/108.0" "ysfine.com"
86.33.81.176 - - [03/Feb/2023:09:37:24 -0800] "GET /wigner/wigner39.pdf HTTP/1.1" 206 65536 "https://www.google.com/" "Mozilla/5.0 (Windows NT 10.0; Win64; x64; rv:108.0) Gecko/20100101 Firefox/108.0" "ysfine.com"
86.33.81.176 - - [03/Feb/2023:09:37:25 -0800] "GET /wigner/wigner39.pdf HTTP/1.1" 206 65536 "https://www.google.com/" "Mozilla/5.0 (Windows NT 10.0; Win64; x64; rv:108.0) Gecko/20100101 Firefox/108.0" "ysfine.com"
86.33.81.176 - - [03/Feb/2023:09:37:26 -0800] "GET /wigner/wigner39.pdf HTTP/1.1" 206 65536 "https://www.google.com/" "Mozilla/5.0 (Windows NT 10.0; Win64; x64; rv:108.0) Gecko/20100101 Firefox/108.0" "ysfine.com"
86.33.81.176 - - [03/Feb/2023:09:37:27 -0800] "GET /wigner/wigner39.pdf HTTP/1.1" 206 65536 "https://www.google.com/" "Mozilla/5.0 (Windows NT 10.0; Win64; x64; rv:108.0) Gecko/20100101 Firefox/108.0" "ysfine.com"
85.208.98.16 - - [03/Feb/2023:09:37:50 -0800] "GET /ysbio/style/restau.html HTTP/1.1" 404 88 "-" "Mozilla/5.0 (compatible; SemrushBot-BA; +http://www.semrush.com/bot.html)" "www.ysfine.com"
85.208.98.16 - - [03/Feb/2023:09:38:05 -0800] "GET /ysbio/style/shops.html HTTP/1.1" 404 88 "-" "Mozilla/5.0 (compatible; SemrushBot-BA; +http://www.semrush.com/bot.html)" "ysfine.com"
85.208.98.22 - - [03/Feb/2023:09:38:27 -0800] "GET /ysbio/usca/neworl.html HTTP/1.1" 404 88 "-" "Mozilla/5.0 (compatible; SemrushBot-BA; +http://www.semrush.com/bot.html)" "www.ysfine.com"
3.225.11.5 - - [03/Feb/2023:09:38:44 -0800] "GET /feynman/chapline.jpg HTTP/1.1" 200 133064 "-" "Mozilla/5.0 (Windows NT 10.0; Win64; x64; rv:57.0) Gecko/20100101 Firefox/57.0" "www.ysfine.com"
85.208.98.16 - - [03/Feb/2023:09:39:15 -0800] "GET /ysbio/style/restau.html HTTP/1.1" 404 88 "-" "Mozilla/5.0 (compatible; SemrushBot-BA; +http://www.semrush.com/bot.html)" "ysfine.com"
52.167.144.39 - - [03/Feb/2023:09:39:46 -0800] "GET /newyork/russtea55c.jpg HTTP/1.1" 200 41207 "-" "Mozilla/5.0 AppleWebKit/537.36 (KHTML, like Gecko; compatible; bingbot/2.0; +http://www.bing.com/bingbot.htm) Chrome/103.0.5060.134 Safari/537.36" "ysfine.com"
51.222.253.10 - - [03/Feb/2023:09:39:56 -0800] "GET /einstein/galiein.html HTTP/1.1" 200 2550 "-" "Mozilla/5.0 (compatible; AhrefsBot/7.0; +http://ahrefs.com/robot/)" "ysfine.com"
51.222.253.13 - - [03/Feb/2023:09:39:58 -0800] "GET /einstein/dff55b.jpg HTTP/1.1" 200 18426 "-" "Mozilla/5.0 (compatible; AhrefsBot/7.0; +http://ahrefs.com/robot/)" "ysfine.com"
51.222.253.14 - - [03/Feb/2023:09:39:59 -0800] "GET /einstein/dff33b.jpg HTTP/1.1" 200 22692 "-" "Mozilla/5.0 (compatible; AhrefsBot/7.0; +http://ahrefs.com/robot/)" "ysfine.com"
51.222.253.17 - - [03/Feb/2023:09:40:00 -0800] "GET /einstein/dff22b.jpg HTTP/1.1" 200 18679 "-" "Mozilla/5.0 (compatible; AhrefsBot/7.0; +http://ahrefs.com/robot/)" "ysfine.com"
114.119.147.248 - - [03/Feb/2023:09:40:03 -0800] "GET /remote/wigner111/frame27.html HTTP/1.1" 200 534 "https://www.ysfine.com/remote/wigner111/goto.html" "Mozilla/5.0 (Linux; Android 7.0;) AppleWebKit/537.36 (KHTML, like Gecko) Mobile Safari/537.36 (compatible; PetalBot;+https://webmaster.petalsearch.com/site/petalbot)" "www.ysfine.com"
47.148.18.81 - - [03/Feb/2023:09:42:26 -0800] "GET /world/brit/harrow05.jpg HTTP/1.1" 200 248175 "https://search.aol.com/aol/image?q=harrow+school+england&s_it=img-ans&v_t=webmail-searchbox&fr=webmail-searchbox&imgurl=https%3A%2F%2Fi.pinimg.com%2Foriginals%2Fb1%2F54%2F1d%2Fb1541db50cb14ce06a4c70fd95325a65.jpg" "Mozilla/5.0 (Windows NT 10.0; Win64; x64) AppleWebKit/537.36 (KHTML, like Gecko) Chrome/109.0.0.0 Safari/537.36 Edg/109.0.1518.70" "ysfine.com"
66.249.70.3 - - [03/Feb/2023:09:43:17 -0800] "GET /friends/korcasia.html HTTP/1.1" 404 88 "-" "Mozilla/5.0 (Linux; Android 6.0.1; Nexus 5X Build/MMB29P) AppleWebKit/537.36 (KHTML, like Gecko) Chrome/109.0.5414.101 Mobile Safari/537.36 (compatible; Googlebot/2.1; +http://www.google.com/bot.html)" "ysfine.com"
66.249.70.3 - - [03/Feb/2023:09:43:20 -0800] "GET /friends/korcasia.html HTTP/1.1" 404 88 "-" "Mozilla/5.0 (compatible; Googlebot/2.1; +http://www.google.com/bot.html)" "ysfine.com"
52.167.144.86 - - [03/Feb/2023:09:45:29 -0800] "GET /wigner/yswig.html HTTP/1.1" 200 7067 "-" "Mozilla/5.0 AppleWebKit/537.36 (KHTML, like Gecko; compatible; bingbot/2.0; +http://www.bing.com/bingbot.htm) Chrome/103.0.5060.134 Safari/537.36" "ysfine.com"
40.77.167.192 - - [03/Feb/2023:09:46:44 -0800] "GET /sitemap.xml HTTP/1.1" 200 166 "-" "Mozilla/5.0 AppleWebKit/537.36 (KHTML, like Gecko; compatible; bingbot/2.0; +http://www.bing.com/bingbot.htm) Chrome/103.0.5060.134 Safari/537.36" "ysfine.com"
51.222.253.10 - - [03/Feb/2023:09:47:01 -0800] "GET /maga/deforest.html HTTP/1.1" 200 4660 "-" "Mozilla/5.0 (compatible; AhrefsBot/7.0; +http://ahrefs.com/robot/)" "www.ysfine.com"
51.222.253.2 - - [03/Feb/2023:09:47:05 -0800] "GET /maga/invent/deforest11b.jpg HTTP/1.1" 200 44203 "-" "Mozilla/5.0 (compatible; AhrefsBot/7.0; +http://ahrefs.com/robot/)" "www.ysfine.com"
51.222.253.14 - - [03/Feb/2023:09:47:06 -0800] "GET /maga/invent/deforest22b.jpg HTTP/1.1" 200 34875 "-" "Mozilla/5.0 (compatible; AhrefsBot/7.0; +http://ahrefs.com/robot/)" "www.ysfine.com"
207.46.13.104 - - [03/Feb/2023:09:47:20 -0800] "GET /bio/kobak/yskor.html HTTP/1.1" 404 88 "-" "Mozilla/5.0 AppleWebKit/537.36 (KHTML, like Gecko; compatible; bingbot/2.0; +http://www.bing.com/bingbot.htm) Chrome/103.0.5060.134 Safari/537.36" "ysfine.com"
146.169.172.36 - - [03/Feb/2023:09:48:10 -0800] "GET /wigner/little11.pdf HTTP/1.1" 200 156821 "https://www.google.com.pe/" "Mozilla/5.0 (iPhone; CPU iPhone OS 15_6_1 like Mac OS X) AppleWebKit/605.1.15 (KHTML, like Gecko) Version/15.6.1 Mobile/15E148 Safari/604.1" "ysfine.com"
40.77.167.192 - - [03/Feb/2023:09:49:05 -0800] "GET /ysbio/world/china/opium05.jpg HTTP/1.1" 404 88 "-" "Mozilla/5.0 AppleWebKit/537.36 (KHTML, like Gecko; compatible; bingbot/2.0; +http://www.bing.com/bingbot.htm) Chrome/103.0.5060.134 Safari/537.36" "ysfine.com"
52.167.144.62 - - [03/Feb/2023:09:49:09 -0800] "GET /bio/style/proschanie.html HTTP/1.1" 404 88 "-" "Mozilla/5.0 AppleWebKit/537.36 (KHTML, like Gecko; compatible; bingbot/2.0; +http://www.bing.com/bingbot.htm) Chrome/103.0.5060.134 Safari/537.36" "ysfine.com"
52.167.144.86 - - [03/Feb/2023:09:49:57 -0800] "GET /bio/princeton/campus.html HTTP/1.1" 404 88 "-" "Mozilla/5.0 AppleWebKit/537.36 (KHTML, like Gecko; compatible; bingbot/2.0; +http://www.bing.com/bingbot.htm) Chrome/103.0.5060.134 Safari/537.36" "ysfine.com"
114.119.141.53 - - [03/Feb/2023:09:50:24 -0800] "GET /class54/class5470/total_data/photo_img/7-29.jpg HTTP/1.1" 200 220529 "https://www.ysfine.com/class54/class5470/total_data/sub_729.htm" "Mozilla/5.0 (Linux; Android 7.0;) AppleWebKit/537.36 (KHTML, like Gecko) Mobile Safari/537.36 (compatible; PetalBot;+https://webmaster.petalsearch.com/site/petalbot)" "www.ysfine.com"
207.46.13.64 - - [03/Feb/2023:09:54:03 -0800] "GET /dirac/2osc22b.jpg HTTP/1.1" 200 47666 "-" "Mozilla/5.0 AppleWebKit/537.36 (KHTML, like Gecko; compatible; bingbot/2.0; +http://www.bing.com/bingbot.htm) Chrome/103.0.5060.134 Safari/537.36" "ysfine.com"
77.88.5.222 - - [03/Feb/2023:09:54:30 -0800] "GET /robots.txt HTTP/1.1" 404 73 "-" "Mozilla/5.0 (compatible; YandexBot/3.0; +http://yandex.com/bots)" "ysfine.com"
93.158.161.43 - - [03/Feb/2023:09:54:37 -0800] "GET /style/smithonian.jpg HTTP/1.1" 200 88645 "-" "Mozilla/5.0 (compatible; YandexImages/3.0; +http://yandex.com/bots)" "ysfine.com"
51.222.253.6 - - [03/Feb/2023:09:54:38 -0800] "GET /ffriends/service.html HTTP/1.1" 200 4711 "-" "Mozilla/5.0 (compatible; AhrefsBot/7.0; +http://ahrefs.com/robot/)" "ysfine.com"
51.222.253.6 - - [03/Feb/2023:09:54:40 -0800] "GET /world/europe/praha013b.jpg HTTP/1.1" 200 37302 "-" "Mozilla/5.0 (compatible; AhrefsBot/7.0; +http://ahrefs.com/robot/)" "ysfine.com"
51.222.253.12 - - [03/Feb/2023:09:54:41 -0800] "GET /ffriends/amkor/leshalles11b.jpg HTTP/1.1" 200 50907 "-" "Mozilla/5.0 (compatible; AhrefsBot/7.0; +http://ahrefs.com/robot/)" "ysfine.com"
51.222.253.6 - - [03/Feb/2023:09:54:41 -0800] "GET /ffriends/elsal01b.jpg HTTP/1.1" 200 41844 "-" "Mozilla/5.0 (compatible; AhrefsBot/7.0; +http://ahrefs.com/robot/)" "ysfine.com"
51.222.253.10 - - [03/Feb/2023:09:54:42 -0800] "GET /ffriends/bolivia01b.jpg HTTP/1.1" 200 42718 "-" "Mozilla/5.0 (compatible; AhrefsBot/7.0; +http://ahrefs.com/robot/)" "ysfine.com"
51.222.253.17 - - [03/Feb/2023:09:54:42 -0800] "GET /ffriends/peru22b.jpg HTTP/1.1" 200 38897 "-" "Mozilla/5.0 (compatible; AhrefsBot/7.0; +http://ahrefs.com/robot/)" "ysfine.com"
51.222.253.14 - - [03/Feb/2023:09:54:42 -0800] "GET /world/russ/flower01b.jpg HTTP/1.1" 200 51336 "-" "Mozilla/5.0 (compatible; AhrefsBot/7.0; +http://ahrefs.com/robot/)" "ysfine.com"
51.222.253.11 - - [03/Feb/2023:09:54:43 -0800] "GET /world/russ/kiev055b.jpg HTTP/1.1" 200 38761 "-" "Mozilla/5.0 (compatible; AhrefsBot/7.0; +http://ahrefs.com/robot/)" "ysfine.com"
51.222.253.1 - - [03/Feb/2023:09:54:43 -0800] "GET /world/russ/spbf21b.jpg HTTP/1.1" 200 44595 "-" "Mozilla/5.0 (compatible; AhrefsBot/7.0; +http://ahrefs.com/robot/)" "ysfine.com"
51.222.253.4 - - [03/Feb/2023:09:54:44 -0800] "GET /world/france/parisf17b.jpg HTTP/1.1" 200 48626 "-" "Mozilla/5.0 (compatible; AhrefsBot/7.0; +http://ahrefs.com/robot/)" "ysfine.com"
51.222.253.17 - - [03/Feb/2023:09:54:44 -0800] "GET /ffriends/hiltoncopen11b.jpg HTTP/1.1" 200 36723 "-" "Mozilla/5.0 (compatible; AhrefsBot/7.0; +http://ahrefs.com/robot/)" "ysfine.com"
51.222.253.4 - - [03/Feb/2023:09:54:44 -0800] "GET /ffriends/montreal01b.jpg HTTP/1.1" 200 44314 "-" "Mozilla/5.0 (compatible; AhrefsBot/7.0; +http://ahrefs.com/robot/)" "ysfine.com"
51.222.253.7 - - [03/Feb/2023:09:54:45 -0800] "GET /ffriends/horsetrader01b.jpg HTTP/1.1" 200 51358 "-" "Mozilla/5.0 (compatible; AhrefsBot/7.0; +http://ahrefs.com/robot/)" "ysfine.com"
51.222.253.20 - - [03/Feb/2023:09:54:45 -0800] "GET /world/russ/kazan089b.jpg HTTP/1.1" 200 40959 "-" "Mozilla/5.0 (compatible; AhrefsBot/7.0; +http://ahrefs.com/robot/)" "ysfine.com"
51.222.253.14 - - [03/Feb/2023:09:54:46 -0800] "GET /world/russ/kiev053b.jpg HTTP/1.1" 200 49104 "-" "Mozilla/5.0 (compatible; AhrefsBot/7.0; +http://ahrefs.com/robot/)" "ysfine.com"
51.222.253.3 - - [03/Feb/2023:09:54:46 -0800] "GET /world/france/grandcafe06b.jpg HTTP/1.1" 200 35963 "-" "Mozilla/5.0 (compatible; AhrefsBot/7.0; +http://ahrefs.com/robot/)" "ysfine.com"
52.167.144.86 - - [03/Feb/2023:09:55:28 -0800] "GET /ysbio/world/russ/twosist.html HTTP/1.1" 404 88 "-" "Mozilla/5.0 AppleWebKit/537.36 (KHTML, like Gecko; compatible; bingbot/2.0; +http://www.bing.com/bingbot.htm) Chrome/103.0.5060.134 Safari/537.36" "ysfine.com"
216.244.66.229 - - [03/Feb/2023:09:55:29 -0800] "GET /robots.txt HTTP/1.1" 404 73 "-" "Mozilla/5.0 (compatible; DotBot/1.2; +https://opensiteexplorer.org/dotbot; help@moz.com)" "www.ysfine.com"
92.40.213.156 - - [03/Feb/2023:09:57:33 -0800] "GET /wigner/wiglittle.pdf HTTP/1.1" 200 2659296 "https://www.google.com.pe/" "Mozilla/5.0 (iPhone; CPU iPhone OS 15_6_1 like Mac OS X) AppleWebKit/605.1.15 (KHTML, like Gecko) Version/15.6.1 Mobile/15E148 Safari/604.1" "ysfine.com"
40.77.167.192 - - [03/Feb/2023:09:58:41 -0800] "GET /bio/kobak/soraech.html HTTP/1.1" 404 88 "-" "Mozilla/5.0 AppleWebKit/537.36 (KHTML, like Gecko; compatible; bingbot/2.0; +http://www.bing.com/bingbot.htm) Chrome/103.0.5060.134 Safari/537.36" "ysfine.com"
207.46.13.64 - - [03/Feb/2023:09:58:43 -0800] "GET /world/scandi/sto017.jpg HTTP/1.1" 200 105208 "-" "Mozilla/5.0 AppleWebKit/537.36 (KHTML, like Gecko; compatible; bingbot/2.0; +http://www.bing.com/bingbot.htm) Chrome/103.0.5060.134 Safari/537.36" "www.ysfine.com"
103.102.102.41 - - [03/Feb/2023:10:02:09 -0800] "GET /wigner/neum/vnc03.jpg HTTP/1.1" 200 80421 "https://www.google.com/" "Mozilla/5.0 (Windows NT 10.0; Win64; x64) AppleWebKit/537.36 (KHTML, like Gecko) Chrome/109.0.0.0 Safari/537.36" "ysfine.com"
177.99.13.152 - - [03/Feb/2023:10:02:27 -0800] "GET /maga/phys/heisen22.jpg HTTP/1.1" 200 82807 "-" "Mozilla/5.0 (Windows NT 10.0; Win64; x64; rv:109.0) Gecko/20100101 Firefox/109.0" "ysfine.com"
165.91.13.44 - - [03/Feb/2023:10:02:30 -0800] "GET /dirac/twobroth.html HTTP/1.1" 200 2887 "https://www.google.com/" "Mozilla/5.0 (Windows NT 10.0; Win64; x64) AppleWebKit/537.36 (KHTML, like Gecko) Chrome/109.0.0.0 Safari/537.36" "ysfine.com"
165.91.13.44 - - [03/Feb/2023:10:02:30 -0800] "GET /dirac/dirwig33b.jpg HTTP/1.1" 200 11663 "https://ysfine.com/dirac/twobroth.html" "Mozilla/5.0 (Windows NT 10.0; Win64; x64) AppleWebKit/537.36 (KHTML, like Gecko) Chrome/109.0.0.0 Safari/537.36" "ysfine.com"
165.91.13.44 - - [03/Feb/2023:10:02:30 -0800] "GET /dirac/dirbust11b.jpg HTTP/1.1" 200 41699 "https://ysfine.com/dirac/twobroth.html" "Mozilla/5.0 (Windows NT 10.0; Win64; x64) AppleWebKit/537.36 (KHTML, like Gecko) Chrome/109.0.0.0 Safari/537.36" "ysfine.com"
165.91.13.44 - - [03/Feb/2023:10:02:30 -0800] "GET /dirac/rectangle01b.jpg HTTP/1.1" 200 46417 "https://ysfine.com/dirac/twobroth.html" "Mozilla/5.0 (Windows NT 10.0; Win64; x64) AppleWebKit/537.36 (KHTML, like Gecko) Chrome/109.0.0.0 Safari/537.36" "ysfine.com"
165.91.13.44 - - [03/Feb/2023:10:02:30 -0800] "GET /dirac/coupled.jpg HTTP/1.1" 200 28345 "https://ysfine.com/dirac/twobroth.html" "Mozilla/5.0 (Windows NT 10.0; Win64; x64) AppleWebKit/537.36 (KHTML, like Gecko) Chrome/109.0.0.0 Safari/537.36" "ysfine.com"
165.91.13.44 - - [03/Feb/2023:10:02:31 -0800] "GET /favicon.ico HTTP/1.1" 404 88 "https://ysfine.com/dirac/twobroth.html" "Mozilla/5.0 (Windows NT 10.0; Win64; x64) AppleWebKit/537.36 (KHTML, like Gecko) Chrome/109.0.0.0 Safari/537.36" "ysfine.com"
165.91.13.44 - - [03/Feb/2023:10:02:56 -0800] "GET /dirac/wigsis.html HTTP/1.1" 200 10275 "https://ysfine.com/dirac/twobroth.html" "Mozilla/5.0 (Windows NT 10.0; Win64; x64) AppleWebKit/537.36 (KHTML, like Gecko) Chrome/109.0.0.0 Safari/537.36" "ysfine.com"
165.91.13.44 - - [03/Feb/2023:10:02:56 -0800] "GET /dirac/dirac63b.jpg HTTP/1.1" 200 41617 "https://ysfine.com/dirac/wigsis.html" "Mozilla/5.0 (Windows NT 10.0; Win64; x64) AppleWebKit/537.36 (KHTML, like Gecko) Chrome/109.0.0.0 Safari/537.36" "ysfine.com"
165.91.13.44 - - [03/Feb/2023:10:02:56 -0800] "GET /dirac/wigsis22.jpg HTTP/1.1" 200 39975 "https://ysfine.com/dirac/wigsis.html" "Mozilla/5.0 (Windows NT 10.0; Win64; x64) AppleWebKit/537.36 (KHTML, like Gecko) Chrome/109.0.0.0 Safari/537.36" "ysfine.com"
165.91.13.44 - - [03/Feb/2023:10:02:56 -0800] "GET /princeton/annex11b.jpg HTTP/1.1" 200 39639 "https://ysfine.com/dirac/wigsis.html" "Mozilla/5.0 (Windows NT 10.0; Win64; x64) AppleWebKit/537.36 (KHTML, like Gecko) Chrome/109.0.0.0 Safari/537.36" "ysfine.com"
165.91.13.44 - - [03/Feb/2023:10:02:56 -0800] "GET /dirac/michaels22.jpg HTTP/1.1" 200 47473 "https://ysfine.com/dirac/wigsis.html" "Mozilla/5.0 (Windows NT 10.0; Win64; x64) AppleWebKit/537.36 (KHTML, like Gecko) Chrome/109.0.0.0 Safari/537.36" "ysfine.com"
165.91.13.44 - - [03/Feb/2023:10:02:56 -0800] "GET /dirac/hazi22.jpg HTTP/1.1" 200 37344 "https://ysfine.com/dirac/wigsis.html" "Mozilla/5.0 (Windows NT 10.0; Win64; x64) AppleWebKit/537.36 (KHTML, like Gecko) Chrome/109.0.0.0 Safari/537.36" "ysfine.com"
165.91.13.44 - - [03/Feb/2023:10:02:56 -0800] "GET /dirac/dirac84b.jpg HTTP/1.1" 200 42763 "https://ysfine.com/dirac/wigsis.html" "Mozilla/5.0 (Windows NT 10.0; Win64; x64) AppleWebKit/537.36 (KHTML, like Gecko) Chrome/109.0.0.0 Safari/537.36" "ysfine.com"
165.91.13.44 - - [03/Feb/2023:10:02:56 -0800] "GET /feynman/feydirac270.jpg HTTP/1.1" 200 59000 "https://ysfine.com/dirac/wigsis.html" "Mozilla/5.0 (Windows NT 10.0; Win64; x64) AppleWebKit/537.36 (KHTML, like Gecko) Chrome/109.0.0.0 Safari/537.36" "ysfine.com"
165.91.13.44 - - [03/Feb/2023:10:02:56 -0800] "GET /world/poland/jablo01b.jpg HTTP/1.1" 200 39801 "https://ysfine.com/dirac/wigsis.html" "Mozilla/5.0 (Windows NT 10.0; Win64; x64) AppleWebKit/537.36 (KHTML, like Gecko) Chrome/109.0.0.0 Safari/537.36" "ysfine.com"
165.91.13.44 - - [03/Feb/2023:10:02:56 -0800] "GET /world/poland/jablo19b.jpg HTTP/1.1" 200 49913 "https://ysfine.com/dirac/wigsis.html" "Mozilla/5.0 (Windows NT 10.0; Win64; x64) AppleWebKit/537.36 (KHTML, like Gecko) Chrome/109.0.0.0 Safari/537.36" "ysfine.com"
165.91.13.44 - - [03/Feb/2023:10:02:56 -0800] "GET /world/poland/jablo20b.jpg HTTP/1.1" 200 41339 "https://ysfine.com/dirac/wigsis.html" "Mozilla/5.0 (Windows NT 10.0; Win64; x64) AppleWebKit/537.36 (KHTML, like Gecko) Chrome/109.0.0.0 Safari/537.36" "ysfine.com"
165.91.13.44 - - [03/Feb/2023:10:02:56 -0800] "GET /world/poland/jablo08b.jpg HTTP/1.1" 200 42070 "https://ysfine.com/dirac/wigsis.html" "Mozilla/5.0 (Windows NT 10.0; Win64; x64) AppleWebKit/537.36 (KHTML, like Gecko) Chrome/109.0.0.0 Safari/537.36" "ysfine.com"
165.91.13.44 - - [03/Feb/2023:10:02:56 -0800] "GET /dirac/dirackim6201.jpg HTTP/1.1" 200 51283 "https://ysfine.com/dirac/wigsis.html" "Mozilla/5.0 (Windows NT 10.0; Win64; x64) AppleWebKit/537.36 (KHTML, like Gecko) Chrome/109.0.0.0 Safari/537.36" "ysfine.com"
165.91.13.44 - - [03/Feb/2023:10:02:56 -0800] "GET /dirac/jablo62b.jpg HTTP/1.1" 200 42817 "https://ysfine.com/dirac/wigsis.html" "Mozilla/5.0 (Windows NT 10.0; Win64; x64) AppleWebKit/537.36 (KHTML, like Gecko) Chrome/109.0.0.0 Safari/537.36" "ysfine.com"
165.91.13.44 - - [03/Feb/2023:10:02:56 -0800] "GET /kobak/nicodem11b.jpg HTTP/1.1" 200 79065 "https://ysfine.com/dirac/wigsis.html" "Mozilla/5.0 (Windows NT 10.0; Win64; x64) AppleWebKit/537.36 (KHTML, like Gecko) Chrome/109.0.0.0 Safari/537.36" "ysfine.com"
165.91.13.44 - - [03/Feb/2023:10:02:56 -0800] "GET /dirac/dirackim6202.jpg HTTP/1.1" 200 51465 "https://ysfine.com/dirac/wigsis.html" "Mozilla/5.0 (Windows NT 10.0; Win64; x64) AppleWebKit/537.36 (KHTML, like Gecko) Chrome/109.0.0.0 Safari/537.36" "ysfine.com"
165.91.13.44 - - [03/Feb/2023:10:02:56 -0800] "GET /dirac/hyperell2.jpg HTTP/1.1" 200 29858 "https://ysfine.com/dirac/wigsis.html" "Mozilla/5.0 (Windows NT 10.0; Win64; x64) AppleWebKit/537.36 (KHTML, like Gecko) Chrome/109.0.0.0 Safari/537.36" "ysfine.com"
165.91.13.44 - - [03/Feb/2023:10:02:56 -0800] "GET /dirac/dirackn33b.jpg HTTP/1.1" 200 48200 "https://ysfine.com/dirac/wigsis.html" "Mozilla/5.0 (Windows NT 10.0; Win64; x64) AppleWebKit/537.36 (KHTML, like Gecko) Chrome/109.0.0.0 Safari/537.36" "ysfine.com"
165.91.13.44 - - [03/Feb/2023:10:02:56 -0800] "GET /eink/eink61c.jpg HTTP/1.1" 200 34119 "https://ysfine.com/dirac/wigsis.html" "Mozilla/5.0 (Windows NT 10.0; Win64; x64) AppleWebKit/537.36 (KHTML, like Gecko) Chrome/109.0.0.0 Safari/537.36" "ysfine.com"
81.28.113.183 - - [03/Feb/2023:10:03:06 -0800] "GET /dirac/dfkim11.jpg HTTP/1.1" 200 102093 "https://www.google.com/" "Mozilla/5.0 (Linux; Android 11; SM-A207F Build/RP1A.200720.012; wv) AppleWebKit/537.36 (KHTML, like Gecko) Version/4.0 Chrome/109.0.5414.117 Mobile Safari/537.36 GoogleApp/13.48.11.26.arm64" "ysfine.com"
165.91.13.44 - - [03/Feb/2023:10:03:54 -0800] "GET /dirac/dirfeyn.html HTTP/1.1" 200 6341 "https://ysfine.com/dirac/wigsis.html" "Mozilla/5.0 (Windows NT 10.0; Win64; x64) AppleWebKit/537.36 (KHTML, like Gecko) Chrome/109.0.0.0 Safari/537.36" "ysfine.com"
165.91.13.44 - - [03/Feb/2023:10:03:54 -0800] "GET /dirac/feydirac300.jpg HTTP/1.1" 200 38223 "https://ysfine.com/dirac/dirfeyn.html" "Mozilla/5.0 (Windows NT 10.0; Win64; x64) AppleWebKit/537.36 (KHTML, like Gecko) Chrome/109.0.0.0 Safari/537.36" "ysfine.com"
165.91.13.44 - - [03/Feb/2023:10:03:55 -0800] "GET /dirac/sq73c.jpg HTTP/1.1" 200 35501 "https://ysfine.com/dirac/dirfeyn.html" "Mozilla/5.0 (Windows NT 10.0; Win64; x64) AppleWebKit/537.36 (KHTML, like Gecko) Chrome/109.0.0.0 Safari/537.36" "ysfine.com"
165.91.13.44 - - [03/Feb/2023:10:03:55 -0800] "GET /dirac/dfkim11c.jpg HTTP/1.1" 200 34801 "https://ysfine.com/dirac/dirfeyn.html" "Mozilla/5.0 (Windows NT 10.0; Win64; x64) AppleWebKit/537.36 (KHTML, like Gecko) Chrome/109.0.0.0 Safari/537.36" "ysfine.com"
165.91.13.44 - - [03/Feb/2023:10:03:55 -0800] "GET /dirac/dirackn33c.jpg HTTP/1.1" 200 50420 "https://ysfine.com/dirac/dirfeyn.html" "Mozilla/5.0 (Windows NT 10.0; Win64; x64) AppleWebKit/537.36 (KHTML, like Gecko) Chrome/109.0.0.0 Safari/537.36" "ysfine.com"
165.91.13.44 - - [03/Feb/2023:10:03:55 -0800] "GET /dirac/nicodem11c.jpg HTTP/1.1" 200 72684 "https://ysfine.com/dirac/dirfeyn.html" "Mozilla/5.0 (Windows NT 10.0; Win64; x64) AppleWebKit/537.36 (KHTML, like Gecko) Chrome/109.0.0.0 Safari/537.36" "ysfine.com"
165.91.13.44 - - [03/Feb/2023:10:03:55 -0800] "GET /dirac/2osc22c.jpg HTTP/1.1" 200 28929 "https://ysfine.com/dirac/dirfeyn.html" "Mozilla/5.0 (Windows NT 10.0; Win64; x64) AppleWebKit/537.36 (KHTML, like Gecko) Chrome/109.0.0.0 Safari/537.36" "ysfine.com"
165.91.13.44 - - [03/Feb/2023:10:03:55 -0800] "GET /wigner/wigkim11c.jpg HTTP/1.1" 200 30443 "https://ysfine.com/dirac/dirfeyn.html" "Mozilla/5.0 (Windows NT 10.0; Win64; x64) AppleWebKit/537.36 (KHTML, like Gecko) Chrome/109.0.0.0 Safari/537.36" "ysfine.com"
165.91.13.44 - - [03/Feb/2023:10:03:55 -0800] "GET /people/sbt11c.jpg HTTP/1.1" 200 31479 "https://ysfine.com/dirac/dirfeyn.html" "Mozilla/5.0 (Windows NT 10.0; Win64; x64) AppleWebKit/537.36 (KHTML, like Gecko) Chrome/109.0.0.0 Safari/537.36" "ysfine.com"
165.91.13.44 - - [03/Feb/2023:10:03:55 -0800] "GET /feynman/jacdrum11c.jpg HTTP/1.1" 200 39178 "https://ysfine.com/dirac/dirfeyn.html" "Mozilla/5.0 (Windows NT 10.0; Win64; x64) AppleWebKit/537.36 (KHTML, like Gecko) Chrome/109.0.0.0 Safari/537.36" "ysfine.com"
165.91.13.44 - - [03/Feb/2023:10:03:55 -0800] "GET /wigner/isomor66c.jpg HTTP/1.1" 200 47632 "https://ysfine.com/dirac/dirfeyn.html" "Mozilla/5.0 (Windows NT 10.0; Win64; x64) AppleWebKit/537.36 (KHTML, like Gecko) Chrome/109.0.0.0 Safari/537.36" "ysfine.com"
52.167.144.86 - - [03/Feb/2023:10:04:01 -0800] "GET /bio/wigner/e(2).html HTTP/1.1" 404 88 "-" "Mozilla/5.0 AppleWebKit/537.36 (KHTML, like Gecko; compatible; bingbot/2.0; +http://www.bing.com/bingbot.htm) Chrome/103.0.5060.134 Safari/537.36" "ysfine.com"
40.77.167.192 - - [03/Feb/2023:10:04:23 -0800] "GET /bio.html HTTP/1.1" 200 18260 "-" "Mozilla/5.0 AppleWebKit/537.36 (KHTML, like Gecko; compatible; bingbot/2.0; +http://www.bing.com/bingbot.htm) Chrome/103.0.5060.134 Safari/537.36" "ysfine.com"
52.167.144.62 - - [03/Feb/2023:10:04:35 -0800] "GET /world/germany/oktf03.jpg HTTP/1.1" 200 108768 "-" "Mozilla/5.0 AppleWebKit/537.36 (KHTML, like Gecko; compatible; bingbot/2.0; +http://www.bing.com/bingbot.htm) Chrome/103.0.5060.134 Safari/537.36" "www.ysfine.com"
207.46.13.64 - - [03/Feb/2023:10:05:04 -0800] "GET /world/ital/flor078.jpg HTTP/1.1" 200 145906 "-" "Mozilla/5.0 AppleWebKit/537.36 (KHTML, like Gecko; compatible; bingbot/2.0; +http://www.bing.com/bingbot.htm) Chrome/103.0.5060.134 Safari/537.36" "ysfine.com"
51.222.253.14 - - [03/Feb/2023:10:05:12 -0800] "GET /folks/omsk.html HTTP/1.1" 200 273 "-" "Mozilla/5.0 (compatible; AhrefsBot/7.0; +http://ahrefs.com/robot/)" "ysfine.com"
207.46.13.64 - - [03/Feb/2023:10:05:45 -0800] "GET /world/china/nanjing01.jpg HTTP/1.1" 200 156303 "-" "Mozilla/5.0 AppleWebKit/537.36 (KHTML, like Gecko; compatible; bingbot/2.0; +http://www.bing.com/bingbot.htm) Chrome/103.0.5060.134 Safari/537.36" "ysfine.com"
206.188.110.154 - - [03/Feb/2023:10:05:45 -0800] "GET /kobak/1014c.jpg HTTP/1.1" 200 164928 "https://www.google.com/" "Mozilla/5.0 (Linux; Android 11; SM-A032M) AppleWebKit/537.36 (KHTML, like Gecko) Chrome/109.0.0.0 Mobile Safari/537.36" "ysfine.com"
54.236.1.11 - - [03/Feb/2023:10:06:02 -0800] "GET /robots.txt HTTP/1.1" 404 88 "-" "Mozilla/5.0 (compatible; Pinterestbot/1.0; +http://www.pinterest.com/bot.html)" "ysfine.com"
54.236.1.11 - - [03/Feb/2023:10:06:02 -0800] "GET /feynman/feygell.html HTTP/1.1" 200 4714 "-" "Mozilla/5.0 (compatible; Pinterestbot/1.0; +http://www.pinterest.com/bot.html)" "ysfine.com"
207.46.13.104 - - [03/Feb/2023:10:06:38 -0800] "GET /bio/sbk/1950.html HTTP/1.1" 404 88 "-" "Mozilla/5.0 AppleWebKit/537.36 (KHTML, like Gecko; compatible; bingbot/2.0; +http://www.bing.com/bingbot.htm) Chrome/103.0.5060.134 Safari/537.36" "ysfine.com"
52.167.144.86 - - [03/Feb/2023:10:09:40 -0800] "GET /philo/sisfa12/r12left.html HTTP/1.1" 200 662 "-" "Mozilla/5.0 AppleWebKit/537.36 (KHTML, like Gecko; compatible; bingbot/2.0; +http://www.bing.com/bingbot.htm) Chrome/103.0.5060.134 Safari/537.36" "ysfine.com"
207.46.13.104 - - [03/Feb/2023:10:09:58 -0800] "GET /bio/style/artlove.html HTTP/1.1" 404 88 "-" "Mozilla/5.0 AppleWebKit/537.36 (KHTML, like Gecko; compatible; bingbot/2.0; +http://www.bing.com/bingbot.htm) Chrome/103.0.5060.134 Safari/537.36" "ysfine.com"
93.158.161.52 - - [03/Feb/2023:10:12:02 -0800] "GET /wisdom/more.html HTTP/1.1" 404 88 "-" "Mozilla/5.0 (compatible; YandexBot/3.0; +http://yandex.com/bots) AppleWebKit/537.36 (KHTML, like Gecko) Chrome/81.0.4044.268" "www.ysfine.com"
114.119.140.172 - - [03/Feb/2023:10:13:05 -0800] "GET /wigner/little.html HTTP/1.1" 200 3088 "https://ysfine.com/wigner/wigleft.html" "Mozilla/5.0 (Linux; Android 7.0;) AppleWebKit/537.36 (KHTML, like Gecko) Mobile Safari/537.36 (compatible; PetalBot;+https://webmaster.petalsearch.com/site/petalbot)" "ysfine.com"
162.19.230.234 - - [03/Feb/2023:10:13:08 -0800] "GET /maga/phys/yukafeyn.jpg HTTP/1.1" 200 111167 "https://www.google.com/" "Mozilla/5.0 (Linux; Android 5.1; X5pro) AppleWebKit/537.36 (KHTML, like Gecko) Chrome/95.0.4638.74 Mobile Safari/537.36" "ysfine.com"
51.222.253.5 - - [03/Feb/2023:10:13:39 -0800] "GET /class54/class5480/Pictures/2.%C3%AA%C2%B8%C2%B0%C3%AB%C2%85%C2%90%C3%AD%C2%96%C2%89%C3%AC%C2%82%C2%AC/?C=S;O=D HTTP/1.1" 200 1688 "-" "Mozilla/5.0 (compatible; AhrefsBot/7.0; +http://ahrefs.com/robot/)" "ysfine.com"
114.119.159.39 - - [03/Feb/2023:10:15:28 -0800] "GET /ffriends/latinam.html HTTP/1.1" 200 5618 "https://ysfine.com/ffriends/fdw.html" "Mozilla/5.0 (Linux; Android 7.0;) AppleWebKit/537.36 (KHTML, like Gecko) Mobile Safari/537.36 (compatible; PetalBot;+https://webmaster.petalsearch.com/site/petalbot)" "ysfine.com"
207.46.13.104 - - [03/Feb/2023:10:15:59 -0800] "GET /home/ys90b.jpg HTTP/1.1" 200 29164 "-" "Mozilla/5.0 AppleWebKit/537.36 (KHTML, like Gecko; compatible; bingbot/2.0; +http://www.bing.com/bingbot.htm) Chrome/103.0.5060.134 Safari/537.36" "www.ysfine.com"
79.222.115.33 - - [03/Feb/2023:10:16:06 -0800] "GET /princeton/bagpipe03.jpg HTTP/1.1" 200 77597 "https://www.bing.com/" "Mozilla/5.0 (Windows NT 10.0; Win64; x64) AppleWebKit/537.36 (KHTML, like Gecko) Chrome/109.0.0.0 Safari/537.36 Edg/109.0.1518.70" "www.ysfine.com"
114.119.130.111 - - [03/Feb/2023:10:16:22 -0800] "GET /maga/phys/naimar/poincs.pdf HTTP/1.1" 200 154497 "https://www.ysfine.com/maga/phys/poinsf/srigh.html" "Mozilla/5.0 (Linux; Android 7.0;) AppleWebKit/537.36 (KHTML, like Gecko) Mobile Safari/537.36 (compatible; PetalBot;+https://webmaster.petalsearch.com/site/petalbot)" "www.ysfine.com"
207.46.13.64 - - [03/Feb/2023:10:16:46 -0800] "GET /class54/shinb11.pdf HTTP/1.1" 304 - "-" "Mozilla/5.0 AppleWebKit/537.36 (KHTML, like Gecko; compatible; bingbot/2.0; +http://www.bing.com/bingbot.htm) Chrome/103.0.5060.134 Safari/537.36" "www.ysfine.com"
40.77.167.192 - - [03/Feb/2023:10:17:01 -0800] "GET /saram/g142.jpg HTTP/1.1" 200 160538 "-" "Mozilla/5.0 AppleWebKit/537.36 (KHTML, like Gecko; compatible; bingbot/2.0; +http://www.bing.com/bingbot.htm) Chrome/103.0.5060.134 Safari/537.36" "www.ysfine.com"
207.46.13.64 - - [03/Feb/2023:10:19:36 -0800] "GET /world/russ/kiev046b.jpg HTTP/1.1" 200 39828 "-" "Mozilla/5.0 AppleWebKit/537.36 (KHTML, like Gecko; compatible; bingbot/2.0; +http://www.bing.com/bingbot.htm) Chrome/103.0.5060.134 Safari/537.36" "ysfine.com"
51.222.253.15 - - [03/Feb/2023:10:22:17 -0800] "GET /einstein/einharmo.html HTTP/1.1" 200 1137 "-" "Mozilla/5.0 (compatible; AhrefsBot/7.0; +http://ahrefs.com/robot/)" "www.ysfine.com"
77.75.77.32 - - [03/Feb/2023:10:22:33 -0800] "GET /robots.txt HTTP/1.1" 404 88 "-" "Mozilla/5.0 (compatible; SeznamBot/3.2; +http://napoveda.seznam.cz/en/seznambot-intro/)" "ysfine.com"
77.75.77.32 - - [03/Feb/2023:10:22:35 -0800] "GET /feynman/ppic/qboil66f.jpg HTTP/1.1" 304 - "-" "Mozilla/5.0 (compatible; SeznamBot/3.2; +http://napoveda.seznam.cz/en/seznambot-intro/)" "ysfine.com"
77.75.77.32 - - [03/Feb/2023:10:22:36 -0800] "GET /world/russ/kiev023.jpg HTTP/1.1" 200 69322 "-" "Mozilla/5.0 (compatible; SeznamBot/3.2; +http://napoveda.seznam.cz/en/seznambot-intro/)" "ysfine.com"
77.75.77.32 - - [03/Feb/2023:10:22:38 -0800] "GET /world/russ/kiev025.jpg HTTP/1.1" 200 66194 "-" "Mozilla/5.0 (compatible; SeznamBot/3.2; +http://napoveda.seznam.cz/en/seznambot-intro/)" "ysfine.com"
77.75.77.32 - - [03/Feb/2023:10:22:40 -0800] "GET /princeton/nassin08.jpg HTTP/1.1" 200 191776 "-" "Mozilla/5.0 (compatible; SeznamBot/3.2; +http://napoveda.seznam.cz/en/seznambot-intro/)" "ysfine.com"
77.75.77.32 - - [03/Feb/2023:10:22:44 -0800] "GET /awards/timessq33f.jpg HTTP/1.1" 200 171855 "-" "Mozilla/5.0 (compatible; SeznamBot/3.2; +http://napoveda.seznam.cz/en/seznambot-intro/)" "ysfine.com"
77.75.77.32 - - [03/Feb/2023:10:22:47 -0800] "GET /style/socrates11.jpg HTTP/1.1" 200 81464 "-" "Mozilla/5.0 (compatible; SeznamBot/3.2; +http://napoveda.seznam.cz/en/seznambot-intro/)" "ysfine.com"
77.75.77.32 - - [03/Feb/2023:10:22:48 -0800] "GET /newyork/rocke08.jpg HTTP/1.1" 304 - "-" "Mozilla/5.0 (compatible; SeznamBot/3.2; +http://napoveda.seznam.cz/en/seznambot-intro/)" "ysfine.com"
88.244.253.195 - - [03/Feb/2023:10:23:18 -0800] "GET /kowar/panmun04.jpg HTTP/1.1" 200 126386 "https://www.google.com/" "Mozilla/5.0 (Windows NT 10.0; Win64; x64) AppleWebKit/537.36 (KHTML, like Gecko) Chrome/109.0.0.0 Safari/537.36" "ysfine.com"
78.202.90.25 - - [03/Feb/2023:10:24:20 -0800] "GET /maga/phys/landau35b.jpg HTTP/1.1" 200 26143 "https://www.google.com/" "Mozilla/5.0 (Macintosh; Intel Mac OS X 10_13_6) AppleWebKit/537.36 (KHTML, like Gecko) Chrome/109.0.0.0 Safari/537.36" "ysfine.com"
174.206.227.80 - - [03/Feb/2023:10:25:02 -0800] "GET /princeton/alexan22.jpg HTTP/1.1" 200 175436 "https://www.google.com/" "Mozilla/5.0 (iPhone; CPU iPhone OS 15_6 like Mac OS X) AppleWebKit/605.1.15 (KHTML, like Gecko) Version/15.6 Mobile/15E148 Safari/604.1" "ysfine.com"
207.46.13.104 - - [03/Feb/2023:10:25:49 -0800] "GET /wdc/gtown26.jpg HTTP/1.1" 200 54564 "-" "Mozilla/5.0 AppleWebKit/537.36 (KHTML, like Gecko; compatible; bingbot/2.0; +http://www.bing.com/bingbot.htm) Chrome/103.0.5060.134 Safari/537.36" "ysfine.com"
84.32.136.146 - - [03/Feb/2023:10:26:31 -0800] "GET /kobak/kohist.html HTTP/1.1" 200 6039 "-" "Mozilla/5.0 (Windows NT 10.0; Win64; x64) AppleWebKit/537.36 (KHTML, like Gecko) Chrome/103.0.0.0 YaBrowser/22.7.0 Yowser/2.5 Safari/537.36" "www.ysfine.com"
84.32.136.146 - - [03/Feb/2023:10:26:34 -0800] "GET /princeton/wilspoin.html HTTP/1.1" 200 658 "https://www.ysfine.com/kobak/kohist.html" "Mozilla/5.0 (Windows NT 10.0; Win64; x64) AppleWebKit/537.36 (KHTML, like Gecko) Chrome/103.0.0.0 YaBrowser/22.7.0 Yowser/2.5 Safari/537.36" "www.ysfine.com"
84.32.136.146 - - [03/Feb/2023:10:26:35 -0800] "GET /kowar/index.html HTTP/1.1" 200 135 "https://www.ysfine.com/kobak/kohist.html" "Mozilla/5.0 (Windows NT 10.0; Win64; x64) AppleWebKit/537.36 (KHTML, like Gecko) Chrome/103.0.0.0 YaBrowser/22.7.0 Yowser/2.5 Safari/537.36" "www.ysfine.com"
84.32.136.146 - - [03/Feb/2023:10:26:36 -0800] "GET /kobak/jeep.html HTTP/1.1" 200 650 "https://www.ysfine.com/kobak/kohist.html" "Mozilla/5.0 (Windows NT 10.0; Win64; x64) AppleWebKit/537.36 (KHTML, like Gecko) Chrome/103.0.0.0 YaBrowser/22.7.0 Yowser/2.5 Safari/537.36" "www.ysfine.com"
84.32.136.146 - - [03/Feb/2023:10:26:37 -0800] "GET /style/proschanie.html HTTP/1.1" 200 4801 "https://www.ysfine.com/kobak/kohist.html" "Mozilla/5.0 (Windows NT 10.0; Win64; x64) AppleWebKit/537.36 (KHTML, like Gecko) Chrome/103.0.0.0 YaBrowser/22.7.0 Yowser/2.5 Safari/537.36" "www.ysfine.com"
84.32.136.146 - - [03/Feb/2023:10:26:41 -0800] "GET /kowar/war45.html HTTP/1.1" 200 12086 "https://www.ysfine.com/kobak/kohist.html" "Mozilla/5.0 (Windows NT 10.0; Win64; x64) AppleWebKit/537.36 (KHTML, like Gecko) Chrome/103.0.0.0 YaBrowser/22.7.0 Yowser/2.5 Safari/537.36" "www.ysfine.com"
84.32.136.146 - - [03/Feb/2023:10:26:45 -0800] "GET /kobak/kimc.html HTTP/1.1" 200 4345 "https://www.ysfine.com/kobak/kohist.html" "Mozilla/5.0 (Windows NT 10.0; Win64; x64) AppleWebKit/537.36 (KHTML, like Gecko) Chrome/103.0.0.0 YaBrowser/22.7.0 Yowser/2.5 Safari/537.36" "www.ysfine.com"
84.32.136.146 - - [03/Feb/2023:10:26:51 -0800] "GET /kobak/rheetr.html HTTP/1.1" 200 838 "https://www.ysfine.com/kobak/kohist.html" "Mozilla/5.0 (Windows NT 10.0; Win64; x64) AppleWebKit/537.36 (KHTML, like Gecko) Chrome/103.0.0.0 YaBrowser/22.7.0 Yowser/2.5 Safari/537.36" "www.ysfine.com"
52.167.144.86 - - [03/Feb/2023:10:28:54 -0800] "GET /maga/phil/conic01b.jpg HTTP/1.1" 200 38724 "-" "Mozilla/5.0 AppleWebKit/537.36 (KHTML, like Gecko; compatible; bingbot/2.0; +http://www.bing.com/bingbot.htm) Chrome/103.0.5060.134 Safari/537.36" "www.ysfine.com"
207.46.13.104 - - [03/Feb/2023:10:28:56 -0800] "GET /bio/kobak/yskor.html HTTP/1.1" 404 88 "-" "Mozilla/5.0 AppleWebKit/537.36 (KHTML, like Gecko; compatible; bingbot/2.0; +http://www.bing.com/bingbot.htm) Chrome/103.0.5060.134 Safari/537.36" "ysfine.com"
51.222.253.12 - - [03/Feb/2023:10:30:37 -0800] "GET /world/russ/filippov.html HTTP/1.1" 200 488 "-" "Mozilla/5.0 (compatible; AhrefsBot/7.0; +http://ahrefs.com/robot/)" "ysfine.com"
207.46.13.104 - - [03/Feb/2023:10:30:40 -0800] "GET /wigner/gim/gimn15.jpg HTTP/1.1" 200 79259 "-" "Mozilla/5.0 AppleWebKit/537.36 (KHTML, like Gecko; compatible; bingbot/2.0; +http://www.bing.com/bingbot.htm) Chrome/103.0.5060.134 Safari/537.36" "ysfine.com"
52.167.144.62 - - [03/Feb/2023:10:31:15 -0800] "GET /bio/style/proschanie.html HTTP/1.1" 404 88 "-" "Mozilla/5.0 AppleWebKit/537.36 (KHTML, like Gecko; compatible; bingbot/2.0; +http://www.bing.com/bingbot.htm) Chrome/103.0.5060.134 Safari/537.36" "ysfine.com"
52.167.144.86 - - [03/Feb/2023:10:31:54 -0800] "GET /bio/princeton/campus.html HTTP/1.1" 404 88 "-" "Mozilla/5.0 AppleWebKit/537.36 (KHTML, like Gecko; compatible; bingbot/2.0; +http://www.bing.com/bingbot.htm) Chrome/103.0.5060.134 Safari/537.36" "ysfine.com"
52.167.144.62 - - [03/Feb/2023:10:33:49 -0800] "GET /wdc/whxmas18.jpg HTTP/1.1" 200 121522 "-" "Mozilla/5.0 AppleWebKit/537.36 (KHTML, like Gecko; compatible; bingbot/2.0; +http://www.bing.com/bingbot.htm) Chrome/103.0.5060.134 Safari/537.36" "www.ysfine.com"
52.167.144.62 - - [03/Feb/2023:10:34:47 -0800] "GET /maga/yukawa.html HTTP/1.1" 304 - "-" "Mozilla/5.0 AppleWebKit/537.36 (KHTML, like Gecko; compatible; bingbot/2.0; +http://www.bing.com/bingbot.htm) Chrome/103.0.5060.134 Safari/537.36" "www.ysfine.com"
88.216.249.131 - - [03/Feb/2023:10:35:14 -0800] "GET /maga/yukawa.html HTTP/1.1" 200 5658 "-" "Mozilla/5.0 (Windows NT 10.0; Win64; x64) AppleWebKit/537.36 (KHTML, like Gecko) Chrome/103.0.0.0 YaBrowser/22.7.0 Yowser/2.5 Safari/537.36" "www.ysfine.com"
88.216.249.131 - - [03/Feb/2023:10:35:15 -0800] "GET /home/feysavior.html HTTP/1.1" 200 2737 "https://www.ysfine.com/maga/yukawa.html" "Mozilla/5.0 (Windows NT 10.0; Win64; x64) AppleWebKit/537.36 (KHTML, like Gecko) Chrome/103.0.0.0 YaBrowser/22.7.0 Yowser/2.5 Safari/537.36" "www.ysfine.com"
88.216.249.131 - - [03/Feb/2023:10:35:18 -0800] "GET /maga/phys/yukasumi.html HTTP/1.1" 200 256 "https://www.ysfine.com/maga/yukawa.html" "Mozilla/5.0 (Windows NT 10.0; Win64; x64) AppleWebKit/537.36 (KHTML, like Gecko) Chrome/103.0.0.0 YaBrowser/22.7.0 Yowser/2.5 Safari/537.36" "www.ysfine.com"
88.216.249.131 - - [03/Feb/2023:10:35:19 -0800] "GET /dirac/locovar.html HTTP/1.1" 200 3545 "https://www.ysfine.com/maga/yukawa.html" "Mozilla/5.0 (Windows NT 10.0; Win64; x64) AppleWebKit/537.36 (KHTML, like Gecko) Chrome/103.0.0.0 YaBrowser/22.7.0 Yowser/2.5 Safari/537.36" "www.ysfine.com"
88.216.249.131 - - [03/Feb/2023:10:35:21 -0800] "GET /maga/sarnoff.html HTTP/1.1" 200 7540 "https://www.ysfine.com/maga/yukawa.html" "Mozilla/5.0 (Windows NT 10.0; Win64; x64) AppleWebKit/537.36 (KHTML, like Gecko) Chrome/103.0.0.0 YaBrowser/22.7.0 Yowser/2.5 Safari/537.36" "www.ysfine.com"
88.216.249.131 - - [03/Feb/2023:10:35:25 -0800] "GET /maga/kant.html HTTP/1.1" 200 8714 "https://www.ysfine.com/maga/yukawa.html" "Mozilla/5.0 (Windows NT 10.0; Win64; x64) AppleWebKit/537.36 (KHTML, like Gecko) Chrome/103.0.0.0 YaBrowser/22.7.0 Yowser/2.5 Safari/537.36" "www.ysfine.com"
88.216.249.131 - - [03/Feb/2023:10:35:28 -0800] "GET /world/kalinin.html HTTP/1.1" 200 9595 "https://www.ysfine.com/maga/yukawa.html" "Mozilla/5.0 (Windows NT 10.0; Win64; x64) AppleWebKit/537.36 (KHTML, like Gecko) Chrome/103.0.0.0 YaBrowser/22.7.0 Yowser/2.5 Safari/537.36" "www.ysfine.com"
88.216.249.131 - - [03/Feb/2023:10:35:32 -0800] "GET /feynman/feybot.html HTTP/1.1" 404 88 "https://www.ysfine.com/maga/yukawa.html" "Mozilla/5.0 (Windows NT 10.0; Win64; x64) AppleWebKit/537.36 (KHTML, like Gecko) Chrome/103.0.0.0 YaBrowser/22.7.0 Yowser/2.5 Safari/537.36" "www.ysfine.com"
88.216.249.131 - - [03/Feb/2023:10:35:33 -0800] "GET /einstein/kant.html HTTP/1.1" 404 88 "https://www.ysfine.com/maga/yukawa.html" "Mozilla/5.0 (Windows NT 10.0; Win64; x64) AppleWebKit/537.36 (KHTML, like Gecko) Chrome/103.0.0.0 YaBrowser/22.7.0 Yowser/2.5 Safari/537.36" "www.ysfine.com"
51.222.253.14 - - [03/Feb/2023:10:38:28 -0800] "GET /class54/class5470/total_data/sub_2100.htm HTTP/1.1" 200 3382 "-" "Mozilla/5.0 (compatible; AhrefsBot/7.0; +http://ahrefs.com/robot/)" "ysfine.com"
51.222.253.14 - - [03/Feb/2023:10:38:32 -0800] "GET /class54/class5470/total_data/refer_img/2-111_f.jpg HTTP/1.1" 200 30927 "-" "Mozilla/5.0 (compatible; AhrefsBot/7.0; +http://ahrefs.com/robot/)" "ysfine.com"
51.222.253.7 - - [03/Feb/2023:10:38:33 -0800] "GET /class54/class5470/total_data/refer_img/2-108_f.jpg HTTP/1.1" 200 26886 "-" "Mozilla/5.0 (compatible; AhrefsBot/7.0; +http://ahrefs.com/robot/)" "ysfine.com"
51.222.253.11 - - [03/Feb/2023:10:38:34 -0800] "GET /class54/class5470/total_data/refer_img/2-116_f.jpg HTTP/1.1" 200 28335 "-" "Mozilla/5.0 (compatible; AhrefsBot/7.0; +http://ahrefs.com/robot/)" "ysfine.com"
51.222.253.19 - - [03/Feb/2023:10:38:34 -0800] "GET /class54/class5470/total_data/refer_img/2-124_f.jpg HTTP/1.1" 200 24494 "-" "Mozilla/5.0 (compatible; AhrefsBot/7.0; +http://ahrefs.com/robot/)" "ysfine.com"
51.222.253.4 - - [03/Feb/2023:10:38:35 -0800] "GET /class54/class5470/total_data/refer_img/2-105_f.jpg HTTP/1.1" 200 38971 "-" "Mozilla/5.0 (compatible; AhrefsBot/7.0; +http://ahrefs.com/robot/)" "ysfine.com"
51.222.253.11 - - [03/Feb/2023:10:38:35 -0800] "GET /class54/class5470/total_data/refer_img/2-110_f.jpg HTTP/1.1" 200 46637 "-" "Mozilla/5.0 (compatible; AhrefsBot/7.0; +http://ahrefs.com/robot/)" "ysfine.com"
51.222.253.4 - - [03/Feb/2023:10:38:35 -0800] "GET /class54/class5470/total_data/refer_img/2-123_f.jpg HTTP/1.1" 200 43997 "-" "Mozilla/5.0 (compatible; AhrefsBot/7.0; +http://ahrefs.com/robot/)" "ysfine.com"
51.222.253.10 - - [03/Feb/2023:10:38:36 -0800] "GET /class54/class5470/total_data/refer_img/2-119_f.jpg HTTP/1.1" 200 32788 "-" "Mozilla/5.0 (compatible; AhrefsBot/7.0; +http://ahrefs.com/robot/)" "ysfine.com"
51.222.253.17 - - [03/Feb/2023:10:38:36 -0800] "GET /class54/class5470/total_data/refer_img/2-117_f.jpg HTTP/1.1" 200 39146 "-" "Mozilla/5.0 (compatible; AhrefsBot/7.0; +http://ahrefs.com/robot/)" "ysfine.com"
51.222.253.17 - - [03/Feb/2023:10:38:37 -0800] "GET /class54/class5470/total_data/refer_img/2-112_f.jpg HTTP/1.1" 200 26477 "-" "Mozilla/5.0 (compatible; AhrefsBot/7.0; +http://ahrefs.com/robot/)" "ysfine.com"
51.222.253.15 - - [03/Feb/2023:10:38:37 -0800] "GET /class54/class5470/total_data/img/sm05_off.gif HTTP/1.1" 200 542 "-" "Mozilla/5.0 (compatible; AhrefsBot/7.0; +http://ahrefs.com/robot/)" "ysfine.com"
51.222.253.11 - - [03/Feb/2023:10:38:38 -0800] "GET /class54/class5470/total_data/refer_img/2-103_f.jpg HTTP/1.1" 200 29992 "-" "Mozilla/5.0 (compatible; AhrefsBot/7.0; +http://ahrefs.com/robot/)" "ysfine.com"
51.222.253.5 - - [03/Feb/2023:10:38:38 -0800] "GET /class54/class5470/total_data/refer_img/2-109_f.jpg HTTP/1.1" 200 29094 "-" "Mozilla/5.0 (compatible; AhrefsBot/7.0; +http://ahrefs.com/robot/)" "ysfine.com"
51.222.253.4 - - [03/Feb/2023:10:38:39 -0800] "GET /class54/class5470/total_data/photo_img/2-100.jpg HTTP/1.1" 200 176932 "-" "Mozilla/5.0 (compatible; AhrefsBot/7.0; +http://ahrefs.com/robot/)" "ysfine.com"
51.222.253.15 - - [03/Feb/2023:10:38:39 -0800] "GET /class54/class5470/total_data/refer_img/2-104_f.jpg HTTP/1.1" 200 29498 "-" "Mozilla/5.0 (compatible; AhrefsBot/7.0; +http://ahrefs.com/robot/)" "ysfine.com"
51.222.253.20 - - [03/Feb/2023:10:38:40 -0800] "GET /class54/class5470/total_data/refer_img/2-122_f.jpg HTTP/1.1" 200 33725 "-" "Mozilla/5.0 (compatible; AhrefsBot/7.0; +http://ahrefs.com/robot/)" "ysfine.com"
51.222.253.18 - - [03/Feb/2023:10:38:40 -0800] "GET /class54/class5470/total_data/refer_img/2-118_f.jpg HTTP/1.1" 200 26111 "-" "Mozilla/5.0 (compatible; AhrefsBot/7.0; +http://ahrefs.com/robot/)" "ysfine.com"
51.222.253.20 - - [03/Feb/2023:10:38:41 -0800] "GET /class54/class5470/total_data/refer_img/2-115_f.jpg HTTP/1.1" 200 29218 "-" "Mozilla/5.0 (compatible; AhrefsBot/7.0; +http://ahrefs.com/robot/)" "ysfine.com"
51.222.253.10 - - [03/Feb/2023:10:38:42 -0800] "GET /class54/class5470/total_data/refer_img/2-120_f.jpg HTTP/1.1" 200 32623 "-" "Mozilla/5.0 (compatible; AhrefsBot/7.0; +http://ahrefs.com/robot/)" "ysfine.com"
51.222.253.17 - - [03/Feb/2023:10:38:44 -0800] "GET /class54/class5470/total_data/refer_img/2-101_f.jpg HTTP/1.1" 200 44986 "-" "Mozilla/5.0 (compatible; AhrefsBot/7.0; +http://ahrefs.com/robot/)" "ysfine.com"
51.222.253.9 - - [03/Feb/2023:10:38:45 -0800] "GET /class54/class5470/total_data/refer_img/2-102_f.jpg HTTP/1.1" 200 41609 "-" "Mozilla/5.0 (compatible; AhrefsBot/7.0; +http://ahrefs.com/robot/)" "ysfine.com"
51.222.253.11 - - [03/Feb/2023:10:38:47 -0800] "GET /class54/class5470/total_data/refer_img/2-121_f.jpg HTTP/1.1" 200 35514 "-" "Mozilla/5.0 (compatible; AhrefsBot/7.0; +http://ahrefs.com/robot/)" "ysfine.com"
51.222.253.19 - - [03/Feb/2023:10:38:47 -0800] "GET /class54/class5470/total_data/refer_img/2-113_f.jpg HTTP/1.1" 200 25761 "-" "Mozilla/5.0 (compatible; AhrefsBot/7.0; +http://ahrefs.com/robot/)" "ysfine.com"
51.222.253.20 - - [03/Feb/2023:10:38:49 -0800] "GET /class54/class5470/total_data/img/sm04_on.gif HTTP/1.1" 200 392 "-" "Mozilla/5.0 (compatible; AhrefsBot/7.0; +http://ahrefs.com/robot/)" "ysfine.com"
51.222.253.2 - - [03/Feb/2023:10:38:49 -0800] "GET /class54/class5470/total_data/refer_img/2-100_f.jpg HTTP/1.1" 200 30216 "-" "Mozilla/5.0 (compatible; AhrefsBot/7.0; +http://ahrefs.com/robot/)" "ysfine.com"
51.222.253.11 - - [03/Feb/2023:10:38:51 -0800] "GET /class54/class5470/total_data/refer_img/2-114_f.jpg HTTP/1.1" 200 29358 "-" "Mozilla/5.0 (compatible; AhrefsBot/7.0; +http://ahrefs.com/robot/)" "ysfine.com"
51.222.253.10 - - [03/Feb/2023:10:38:52 -0800] "GET /class54/class5470/total_data/refer_img/2-107_f.jpg HTTP/1.1" 200 28394 "-" "Mozilla/5.0 (compatible; AhrefsBot/7.0; +http://ahrefs.com/robot/)" "ysfine.com"
40.77.167.192 - - [03/Feb/2023:10:39:50 -0800] "GET /bio/kobak/soraech.html HTTP/1.1" 404 88 "-" "Mozilla/5.0 AppleWebKit/537.36 (KHTML, like Gecko; compatible; bingbot/2.0; +http://www.bing.com/bingbot.htm) Chrome/103.0.5060.134 Safari/537.36" "ysfine.com"
65.108.142.49 - - [03/Feb/2023:10:40:10 -0800] "GET /robots.txt HTTP/1.1" 404 73 "-" "Mozilla/5.0 (compatible; MJ12bot/v1.4.8; http://mj12bot.com/)" "ysfine.com"
