88.208.199.75 - - [03/Feb/2023:15:25:02 -0800] "GET /wp-includes/ID3/vp.php HTTP/1.1" 404 88 "www.google.com" "Mozlila/5.0 (Linux; Android 7.0; SM-G892A Bulid/NRD90M; wv) AppleWebKit/537.36 (KHTML, like Gecko) Version/4.0 Chrome/60.0.3112.107 Moblie Safari/537.36" "ysfine.com"
88.208.199.75 - - [03/Feb/2023:15:25:02 -0800] "GET /wp-includes/ID3/vp.php HTTP/1.1" 404 88 "www.google.com" "Mozlila/5.0 (Linux; Android 7.0; SM-G892A Bulid/NRD90M; wv) AppleWebKit/537.36 (KHTML, like Gecko) Version/4.0 Chrome/60.0.3112.107 Moblie Safari/537.36" "ysfine.com"
88.208.199.75 - - [03/Feb/2023:15:25:03 -0800] "GET /wp-content/themes/seotheme/db.php?u HTTP/1.1" 404 88 "www.google.com" "Mozlila/5.0 (Linux; Android 7.0; SM-G892A Bulid/NRD90M; wv) AppleWebKit/537.36 (KHTML, like Gecko) Version/4.0 Chrome/60.0.3112.107 Moblie Safari/537.36" "ysfine.com"
88.208.199.75 - - [03/Feb/2023:15:25:03 -0800] "GET /wp-content/themes/seotheme/db.php?u HTTP/1.1" 404 88 "www.google.com" "Mozlila/5.0 (Linux; Android 7.0; SM-G892A Bulid/NRD90M; wv) AppleWebKit/537.36 (KHTML, like Gecko) Version/4.0 Chrome/60.0.3112.107 Moblie Safari/537.36" "ysfine.com"
88.208.199.75 - - [03/Feb/2023:15:25:08 -0800] "GET /wp-content/plugins/seoplugins/db.php?u HTTP/1.1" 404 88 "www.google.com" "Mozlila/5.0 (Linux; Android 7.0; SM-G892A Bulid/NRD90M; wv) AppleWebKit/537.36 (KHTML, like Gecko) Version/4.0 Chrome/60.0.3112.107 Moblie Safari/537.36" "ysfine.com"
88.208.199.75 - - [03/Feb/2023:15:25:08 -0800] "GET /wp-content/plugins/seoplugins/db.php?u HTTP/1.1" 404 88 "www.google.com" "Mozlila/5.0 (Linux; Android 7.0; SM-G892A Bulid/NRD90M; wv) AppleWebKit/537.36 (KHTML, like Gecko) Version/4.0 Chrome/60.0.3112.107 Moblie Safari/537.36" "ysfine.com"
207.46.13.104 - - [03/Feb/2023:15:25:08 -0800] "GET /people/sbt85.jpg HTTP/1.1" 200 144903 "-" "Mozilla/5.0 AppleWebKit/537.36 (KHTML, like Gecko; compatible; bingbot/2.0; +http://www.bing.com/bingbot.htm) Chrome/103.0.5060.134 Safari/537.36" "ysfine.com"
51.222.253.18 - - [03/Feb/2023:15:25:12 -0800] "GET /princeton/butler2011.html HTTP/1.1" 200 405 "-" "Mozilla/5.0 (compatible; AhrefsBot/7.0; +http://ahrefs.com/robot/)" "www.ysfine.com"
51.222.253.19 - - [03/Feb/2023:15:25:13 -0800] "GET /princeton/butler88.jpg HTTP/1.1" 200 126651 "-" "Mozilla/5.0 (compatible; AhrefsBot/7.0; +http://ahrefs.com/robot/)" "www.ysfine.com"
51.222.253.3 - - [03/Feb/2023:15:25:14 -0800] "GET /princeton/butler99.jpg HTTP/1.1" 200 107223 "-" "Mozilla/5.0 (compatible; AhrefsBot/7.0; +http://ahrefs.com/robot/)" "www.ysfine.com"
51.222.253.17 - - [03/Feb/2023:15:25:15 -0800] "GET /princeton/butler77.jpg HTTP/1.1" 200 104266 "-" "Mozilla/5.0 (compatible; AhrefsBot/7.0; +http://ahrefs.com/robot/)" "www.ysfine.com"
73.39.44.228 - - [03/Feb/2023:15:25:32 -0800] "GET /princeton/brooke22.jpg HTTP/1.1" 200 87673 "https://www.google.com/" "Mozilla/5.0 (Macintosh; Intel Mac OS X 10_15_7) AppleWebKit/605.1.15 (KHTML, like Gecko) Version/16.2 Safari/605.1.15" "ysfine.com"
73.39.44.228 - - [03/Feb/2023:15:25:38 -0800] "GET /princeton/brooke88.jpg HTTP/1.1" 200 82208 "https://www.google.com/" "Mozilla/5.0 (Macintosh; Intel Mac OS X 10_15_7) AppleWebKit/605.1.15 (KHTML, like Gecko) Version/16.2 Safari/605.1.15" "ysfine.com"
77.88.5.168 - - [03/Feb/2023:15:26:08 -0800] "GET /robots.txt HTTP/1.1" 404 73 "-" "Mozilla/5.0 (compatible; YandexBot/3.0; +http://yandex.com/bots)" "www.ysfine.com"
3.143.170.4 - - [03/Feb/2023:15:26:09 -0800] "GET /ads.txt HTTP/1.1" 404 88 "http://ysfine.com/ads.txt" "AdsTxtCrawler/1.0; +https://github.com/InteractiveAdvertisingBureau/adstxtcrawler" "ysfine.com"
52.167.144.39 - - [03/Feb/2023:15:26:09 -0800] "GET /eink/evol77.jpg HTTP/1.1" 200 145608 "-" "Mozilla/5.0 AppleWebKit/537.36 (KHTML, like Gecko; compatible; bingbot/2.0; +http://www.bing.com/bingbot.htm) Chrome/103.0.5060.134 Safari/537.36" "ysfine.com"
77.88.5.168 - - [03/Feb/2023:15:26:10 -0800] "GET /world/germany/muc071.jpg HTTP/1.1" 200 123846 "-" "Mozilla/5.0 (compatible; YandexImages/3.0; +http://yandex.com/bots)" "www.ysfine.com"
40.138.170.253 - - [03/Feb/2023:15:26:15 -0800] "GET /style/3graces/indilis01.jpg HTTP/1.1" 200 415747 "https://www.bing.com/" "Mozilla/5.0 (Windows NT 10.0; Win64; x64) AppleWebKit/537.36 (KHTML, like Gecko) Chrome/109.0.0.0 Safari/537.36 Edg/109.0.1518.61" "ysfine.com"
52.167.144.86 - - [03/Feb/2023:15:26:56 -0800] "GET /bio/princeton/campus.html HTTP/1.1" 404 88 "-" "Mozilla/5.0 AppleWebKit/537.36 (KHTML, like Gecko; compatible; bingbot/2.0; +http://www.bing.com/bingbot.htm) Chrome/103.0.5060.134 Safari/537.36" "ysfine.com"
207.46.13.64 - - [03/Feb/2023:15:27:06 -0800] "GET /ysbio/wigner/neumann.html HTTP/1.1" 404 88 "-" "Mozilla/5.0 AppleWebKit/537.36 (KHTML, like Gecko; compatible; bingbot/2.0; +http://www.bing.com/bingbot.htm) Chrome/103.0.5060.134 Safari/537.36" "www.ysfine.com"
207.46.13.104 - - [03/Feb/2023:15:29:11 -0800] "GET /bio/kobak/yskor.html HTTP/1.1" 404 88 "-" "Mozilla/5.0 AppleWebKit/537.36 (KHTML, like Gecko; compatible; bingbot/2.0; +http://www.bing.com/bingbot.htm) Chrome/103.0.5060.134 Safari/537.36" "ysfine.com"
40.77.167.192 - - [03/Feb/2023:15:30:27 -0800] "GET /world/brit/paddington03.jpg HTTP/1.1" 200 81750 "-" "Mozilla/5.0 AppleWebKit/537.36 (KHTML, like Gecko; compatible; bingbot/2.0; +http://www.bing.com/bingbot.htm) Chrome/103.0.5060.134 Safari/537.36" "ysfine.com"
52.167.144.86 - - [03/Feb/2023:15:30:55 -0800] "GET /saram/g113.jpg HTTP/1.1" 200 96811 "-" "Mozilla/5.0 AppleWebKit/537.36 (KHTML, like Gecko; compatible; bingbot/2.0; +http://www.bing.com/bingbot.htm) Chrome/103.0.5060.134 Safari/537.36" "www.ysfine.com"
52.167.144.62 - - [03/Feb/2023:15:31:36 -0800] "GET /world/russ/redsq49.jpg HTTP/1.1" 200 122299 "-" "Mozilla/5.0 AppleWebKit/537.36 (KHTML, like Gecko; compatible; bingbot/2.0; +http://www.bing.com/bingbot.htm) Chrome/103.0.5060.134 Safari/537.36" "www.ysfine.com"
40.77.167.192 - - [03/Feb/2023:15:32:32 -0800] "GET /bio.html HTTP/1.1" 200 18260 "-" "Mozilla/5.0 AppleWebKit/537.36 (KHTML, like Gecko; compatible; bingbot/2.0; +http://www.bing.com/bingbot.htm) Chrome/103.0.5060.134 Safari/537.36" "ysfine.com"
52.167.144.62 - - [03/Feb/2023:15:33:56 -0800] "GET /kowar/kimis53b.jpg HTTP/1.1" 200 44376 "-" "Mozilla/5.0 AppleWebKit/537.36 (KHTML, like Gecko; compatible; bingbot/2.0; +http://www.bing.com/bingbot.htm) Chrome/103.0.5060.134 Safari/537.36" "ysfine.com"
52.167.144.62 - - [03/Feb/2023:15:34:06 -0800] "GET /wisdom/kimilsong01.jpg HTTP/1.1" 200 87559 "-" "Mozilla/5.0 AppleWebKit/537.36 (KHTML, like Gecko; compatible; bingbot/2.0; +http://www.bing.com/bingbot.htm) Chrome/103.0.5060.134 Safari/537.36" "ysfine.com"
89.108.88.240 - - [03/Feb/2023:15:35:08 -0800] "HEAD / HTTP/1.1" 200 - "-" "Mozilla/4.0 (compatible; MSIE 8.0; Windows NT 6.1; Trident/4.0; GTB7.2; SLCC2; .NET CLR 2.0.50727; .NET CLR 3.5.30729; .NET CLR 3.0.30729; MAAU; MAAU)" "ysfine.com"
40.77.167.192 - - [03/Feb/2023:15:35:49 -0800] "GET /bio/kobak/soraech.html HTTP/1.1" 404 88 "-" "Mozilla/5.0 AppleWebKit/537.36 (KHTML, like Gecko; compatible; bingbot/2.0; +http://www.bing.com/bingbot.htm) Chrome/103.0.5060.134 Safari/537.36" "ysfine.com"
52.167.144.39 - - [03/Feb/2023:15:35:52 -0800] "GET /usca/pitt/yspgh58d.jpg HTTP/1.1" 200 57149 "-" "Mozilla/5.0 AppleWebKit/537.36 (KHTML, like Gecko; compatible; bingbot/2.0; +http://www.bing.com/bingbot.htm) Chrome/103.0.5060.134 Safari/537.36" "ysfine.com"
51.222.253.18 - - [03/Feb/2023:15:36:45 -0800] "GET /usca/neworl.html HTTP/1.1" 200 14308 "-" "Mozilla/5.0 (compatible; AhrefsBot/7.0; +http://ahrefs.com/robot/)" "ysfine.com"
51.222.253.15 - - [03/Feb/2023:15:36:55 -0800] "GET /usca/norl/stcars/stcar11b.jpg HTTP/1.1" 200 48382 "-" "Mozilla/5.0 (compatible; AhrefsBot/7.0; +http://ahrefs.com/robot/)" "ysfine.com"
51.222.253.12 - - [03/Feb/2023:15:36:56 -0800] "GET /usca/norl/stcars/brake31a.jpg HTTP/1.1" 200 91242 "-" "Mozilla/5.0 (compatible; AhrefsBot/7.0; +http://ahrefs.com/robot/)" "ysfine.com"
51.222.253.5 - - [03/Feb/2023:15:36:57 -0800] "GET /usca/norl/canal05b.jpg HTTP/1.1" 200 46028 "-" "Mozilla/5.0 (compatible; AhrefsBot/7.0; +http://ahrefs.com/robot/)" "ysfine.com"
51.222.253.19 - - [03/Feb/2023:15:36:58 -0800] "GET /usca/norl/missi26b.jpg HTTP/1.1" 200 38185 "-" "Mozilla/5.0 (compatible; AhrefsBot/7.0; +http://ahrefs.com/robot/)" "ysfine.com"
51.222.253.12 - - [03/Feb/2023:15:36:58 -0800] "GET /usca/norl/jazz01b.jpg HTTP/1.1" 200 31234 "-" "Mozilla/5.0 (compatible; AhrefsBot/7.0; +http://ahrefs.com/robot/)" "ysfine.com"
51.222.253.16 - - [03/Feb/2023:15:36:59 -0800] "GET /usca/norl/stcars/stcar21b.jpg HTTP/1.1" 200 33556 "-" "Mozilla/5.0 (compatible; AhrefsBot/7.0; +http://ahrefs.com/robot/)" "ysfine.com"
51.222.253.1 - - [03/Feb/2023:15:36:59 -0800] "GET /world/china/shanghai001b.jpg HTTP/1.1" 200 38685 "-" "Mozilla/5.0 (compatible; AhrefsBot/7.0; +http://ahrefs.com/robot/)" "ysfine.com"
51.222.253.9 - - [03/Feb/2023:15:37:00 -0800] "GET /world/china/chongking32b.jpg HTTP/1.1" 200 42255 "-" "Mozilla/5.0 (compatible; AhrefsBot/7.0; +http://ahrefs.com/robot/)" "ysfine.com"
51.222.253.13 - - [03/Feb/2023:15:37:00 -0800] "GET /usca/norl/canal17b.jpg HTTP/1.1" 200 42943 "-" "Mozilla/5.0 (compatible; AhrefsBot/7.0; +http://ahrefs.com/robot/)" "ysfine.com"
51.222.253.20 - - [03/Feb/2023:15:37:01 -0800] "GET /usca/norl/bour16b.jpg HTTP/1.1" 200 39806 "-" "Mozilla/5.0 (compatible; AhrefsBot/7.0; +http://ahrefs.com/robot/)" "ysfine.com"
51.222.253.3 - - [03/Feb/2023:15:37:01 -0800] "GET /usca/norl/jackson66b.jpg HTTP/1.1" 200 54940 "-" "Mozilla/5.0 (compatible; AhrefsBot/7.0; +http://ahrefs.com/robot/)" "ysfine.com"
51.222.253.14 - - [03/Feb/2023:15:37:02 -0800] "GET /usca/norl/napo10b.jpg HTTP/1.1" 200 29910 "-" "Mozilla/5.0 (compatible; AhrefsBot/7.0; +http://ahrefs.com/robot/)" "ysfine.com"
51.222.253.14 - - [03/Feb/2023:15:37:02 -0800] "GET /usca/norl/jazz08b.jpg HTTP/1.1" 200 46018 "-" "Mozilla/5.0 (compatible; AhrefsBot/7.0; +http://ahrefs.com/robot/)" "ysfine.com"
51.222.253.15 - - [03/Feb/2023:15:37:03 -0800] "GET /usca/norl/bour31b.jpg HTTP/1.1" 200 47837 "-" "Mozilla/5.0 (compatible; AhrefsBot/7.0; +http://ahrefs.com/robot/)" "ysfine.com"
51.222.253.14 - - [03/Feb/2023:15:37:03 -0800] "GET /usca/norl/fm12b.jpg HTTP/1.1" 200 44969 "-" "Mozilla/5.0 (compatible; AhrefsBot/7.0; +http://ahrefs.com/robot/)" "ysfine.com"
51.222.253.9 - - [03/Feb/2023:15:37:03 -0800] "GET /usca/norl/missi21b.jpg HTTP/1.1" 200 44833 "-" "Mozilla/5.0 (compatible; AhrefsBot/7.0; +http://ahrefs.com/robot/)" "ysfine.com"
51.222.253.20 - - [03/Feb/2023:15:37:04 -0800] "GET /usca/norl/fq11b.jpg HTTP/1.1" 200 40400 "-" "Mozilla/5.0 (compatible; AhrefsBot/7.0; +http://ahrefs.com/robot/)" "ysfine.com"
51.222.253.9 - - [03/Feb/2023:15:37:04 -0800] "GET /usca/norl/stcars/stcar05b.jpg HTTP/1.1" 200 38162 "-" "Mozilla/5.0 (compatible; AhrefsBot/7.0; +http://ahrefs.com/robot/)" "ysfine.com"
51.222.253.2 - - [03/Feb/2023:15:37:05 -0800] "GET /world/china/chongking91b.jpg HTTP/1.1" 200 41029 "-" "Mozilla/5.0 (compatible; AhrefsBot/7.0; +http://ahrefs.com/robot/)" "ysfine.com"
51.222.253.16 - - [03/Feb/2023:15:37:05 -0800] "GET /feynman/jacdrum11b.jpg HTTP/1.1" 200 49846 "-" "Mozilla/5.0 (compatible; AhrefsBot/7.0; +http://ahrefs.com/robot/)" "ysfine.com"
51.222.253.1 - - [03/Feb/2023:15:37:06 -0800] "GET /feynman/feygell66b.jpg HTTP/1.1" 200 28843 "-" "Mozilla/5.0 (compatible; AhrefsBot/7.0; +http://ahrefs.com/robot/)" "ysfine.com"
51.222.253.9 - - [03/Feb/2023:15:37:06 -0800] "GET /usca/norl/missi04b.jpg HTTP/1.1" 200 34891 "-" "Mozilla/5.0 (compatible; AhrefsBot/7.0; +http://ahrefs.com/robot/)" "ysfine.com"
51.222.253.10 - - [03/Feb/2023:15:37:06 -0800] "GET /usca/norl/missi15b.jpg HTTP/1.1" 200 40393 "-" "Mozilla/5.0 (compatible; AhrefsBot/7.0; +http://ahrefs.com/robot/)" "ysfine.com"
51.222.253.1 - - [03/Feb/2023:15:37:07 -0800] "GET /usca/norl/stcharles05b.jpg HTTP/1.1" 200 51195 "-" "Mozilla/5.0 (compatible; AhrefsBot/7.0; +http://ahrefs.com/robot/)" "ysfine.com"
51.222.253.18 - - [03/Feb/2023:15:37:07 -0800] "GET /usca/norl/napo12b.jpg HTTP/1.1" 200 38672 "-" "Mozilla/5.0 (compatible; AhrefsBot/7.0; +http://ahrefs.com/robot/)" "ysfine.com"
51.222.253.16 - - [03/Feb/2023:15:37:08 -0800] "GET /usca/norl/missi37b.jpg HTTP/1.1" 200 34002 "-" "Mozilla/5.0 (compatible; AhrefsBot/7.0; +http://ahrefs.com/robot/)" "ysfine.com"
51.222.253.6 - - [03/Feb/2023:15:37:09 -0800] "GET /usca/norl/stcars/stcar55b.jpg HTTP/1.1" 200 44777 "-" "Mozilla/5.0 (compatible; AhrefsBot/7.0; +http://ahrefs.com/robot/)" "ysfine.com"
51.222.253.16 - - [03/Feb/2023:15:37:10 -0800] "GET /usca/pitt/fortpitt01b.jpg HTTP/1.1" 200 31243 "-" "Mozilla/5.0 (compatible; AhrefsBot/7.0; +http://ahrefs.com/robot/)" "ysfine.com"
51.222.253.9 - - [03/Feb/2023:15:37:11 -0800] "GET /usca/norl/canal03b.jpg HTTP/1.1" 200 43614 "-" "Mozilla/5.0 (compatible; AhrefsBot/7.0; +http://ahrefs.com/robot/)" "ysfine.com"
51.222.253.16 - - [03/Feb/2023:15:37:11 -0800] "GET /usca/norl/jackson33b.jpg HTTP/1.1" 200 14490 "-" "Mozilla/5.0 (compatible; AhrefsBot/7.0; +http://ahrefs.com/robot/)" "ysfine.com"
51.222.253.8 - - [03/Feb/2023:15:37:12 -0800] "GET /usca/norl/jackson55.jpg HTTP/1.1" 200 76385 "-" "Mozilla/5.0 (compatible; AhrefsBot/7.0; +http://ahrefs.com/robot/)" "ysfine.com"
51.222.253.20 - - [03/Feb/2023:15:37:13 -0800] "GET /usca/norl/canal07b.jpg HTTP/1.1" 200 41350 "-" "Mozilla/5.0 (compatible; AhrefsBot/7.0; +http://ahrefs.com/robot/)" "ysfine.com"
51.222.253.19 - - [03/Feb/2023:15:37:14 -0800] "GET /maga/histo/desiree21b.jpg HTTP/1.1" 200 40810 "-" "Mozilla/5.0 (compatible; AhrefsBot/7.0; +http://ahrefs.com/robot/)" "ysfine.com"
51.222.253.3 - - [03/Feb/2023:15:37:14 -0800] "GET /usca/norl/stcars/stcar54b.jpg HTTP/1.1" 200 64203 "-" "Mozilla/5.0 (compatible; AhrefsBot/7.0; +http://ahrefs.com/robot/)" "ysfine.com"
51.222.253.14 - - [03/Feb/2023:15:37:15 -0800] "GET /usca/norl/fm01b.jpg HTTP/1.1" 200 36775 "-" "Mozilla/5.0 (compatible; AhrefsBot/7.0; +http://ahrefs.com/robot/)" "ysfine.com"
51.222.253.19 - - [03/Feb/2023:15:37:16 -0800] "GET /usca/norl/napo01b.jpg HTTP/1.1" 200 42328 "-" "Mozilla/5.0 (compatible; AhrefsBot/7.0; +http://ahrefs.com/robot/)" "ysfine.com"
51.222.253.8 - - [03/Feb/2023:15:37:16 -0800] "GET /usca/norl/missi32b.jpg HTTP/1.1" 200 44937 "-" "Mozilla/5.0 (compatible; AhrefsBot/7.0; +http://ahrefs.com/robot/)" "ysfine.com"
51.222.253.2 - - [03/Feb/2023:15:37:17 -0800] "GET /usca/norl/napo00b.jpg HTTP/1.1" 200 31598 "-" "Mozilla/5.0 (compatible; AhrefsBot/7.0; +http://ahrefs.com/robot/)" "ysfine.com"
51.222.253.11 - - [03/Feb/2023:15:37:17 -0800] "GET /maga/histo/desiree22b.jpg HTTP/1.1" 200 44724 "-" "Mozilla/5.0 (compatible; AhrefsBot/7.0; +http://ahrefs.com/robot/)" "ysfine.com"
51.222.253.17 - - [03/Feb/2023:15:37:18 -0800] "GET /usca/norl/bour04b.jpg HTTP/1.1" 200 43832 "-" "Mozilla/5.0 (compatible; AhrefsBot/7.0; +http://ahrefs.com/robot/)" "ysfine.com"
51.222.253.3 - - [03/Feb/2023:15:37:18 -0800] "GET /usca/norl/canal04b.jpg HTTP/1.1" 200 39061 "-" "Mozilla/5.0 (compatible; AhrefsBot/7.0; +http://ahrefs.com/robot/)" "ysfine.com"
51.222.253.8 - - [03/Feb/2023:15:37:19 -0800] "GET /usca/norl/napo15b.jpg HTTP/1.1" 200 30847 "-" "Mozilla/5.0 (compatible; AhrefsBot/7.0; +http://ahrefs.com/robot/)" "ysfine.com"
51.222.253.16 - - [03/Feb/2023:15:37:19 -0800] "GET /usca/norl/bour02b.jpg HTTP/1.1" 200 39485 "-" "Mozilla/5.0 (compatible; AhrefsBot/7.0; +http://ahrefs.com/robot/)" "ysfine.com"
199.47.82.17 - - [03/Feb/2023:15:37:21 -0800] "GET /robots.txt HTTP/1.1" 404 88 "-" "Turnitin (https://bit.ly/2UvnfoQ)" "ysfine.com"
199.47.82.17 - - [03/Feb/2023:15:37:21 -0800] "GET /robots.txt HTTP/1.1" 404 88 "-" "Turnitin (https://bit.ly/2UvnfoQ)" "ysfine.com"
199.47.82.17 - - [03/Feb/2023:15:37:21 -0800] "GET /friends/chinese.html HTTP/1.1" 404 88 "-" "Turnitin (https://bit.ly/2UvnfoQ)" "ysfine.com"
95.163.255.64 - - [03/Feb/2023:15:37:40 -0800] "GET /robots.txt HTTP/1.1" 404 73 "-" "Mozilla/5.0 (compatible; Linux x86_64; Mail.RU_Bot/2.0; +https://help.mail.ru/webmaster/indexing/robots)" "ysfine.com"
95.163.255.67 - - [03/Feb/2023:15:38:02 -0800] "GET /world/france/nice104.jpg HTTP/1.1" 200 144635 "-" "Mozilla/5.0 (compatible; Linux x86_64; Mail.RU_Bot/2.0; +https://help.mail.ru/webmaster/indexing/robots)" "ysfine.com"
20.191.45.212 - - [03/Feb/2023:15:38:06 -0800] "GET / HTTP/1.1" 200 5295 "https://ysfine.com/" "Mozilla/5.0 (compatible; DuckDuckGo-Favicons-Bot/1.0; +http://duckduckgo.com)" "ysfine.com"
34.228.62.236 - - [03/Feb/2023:15:38:07 -0800] "HEAD /world/florence.html HTTP/1.1" 200 - "-" "Mozilla/5.0 (Macintosh; Intel Mac OS X 10_15_7) AppleWebKit/537.36 (KHTML, like Gecko) Chrome/109.0.0.0 Safari/537.36" "ysfine.com"
34.228.62.236 - - [03/Feb/2023:15:38:07 -0800] "HEAD /world/ital/stcroce03.jpg HTTP/1.1" 200 - "-" "Mozilla/5.0 (Windows NT 10.0; Win64; x64) AppleWebKit/537.36 (KHTML, like Gecko) Chrome/109.0.0.0 Safari/537.36" "ysfine.com"
43.153.113.175 - - [03/Feb/2023:15:38:53 -0800] "GET / HTTP/1.1" 200 15915 "-" "Mozilla/5.0 (Windows NT 10.0; Win64; x64) AppleWebKit/537.36 (KHTML, like Gecko) Chrome/78.0.3904.108 Safari/537.36" "ysfine.com"
43.153.113.175 - - [03/Feb/2023:15:38:53 -0800] "GET /wp-includes/wlwmanifest.xml HTTP/1.1" 404 73 "-" "Mozilla/5.0 (Windows NT 10.0; Win64; x64) AppleWebKit/537.36 (KHTML, like Gecko) Chrome/78.0.3904.108 Safari/537.36" "ysfine.com"
43.153.113.175 - - [03/Feb/2023:15:38:54 -0800] "GET /xmlrpc.php?rsd HTTP/1.1" 404 73 "-" "Mozilla/5.0 (Windows NT 10.0; Win64; x64) AppleWebKit/537.36 (KHTML, like Gecko) Chrome/78.0.3904.108 Safari/537.36" "ysfine.com"
43.153.113.175 - - [03/Feb/2023:15:38:54 -0800] "GET / HTTP/1.1" 200 15915 "-" "Mozilla/5.0 (Windows NT 10.0; Win64; x64) AppleWebKit/537.36 (KHTML, like Gecko) Chrome/78.0.3904.108 Safari/537.36" "ysfine.com"
43.153.113.175 - - [03/Feb/2023:15:38:55 -0800] "GET /news/wp-includes/wlwmanifest.xml HTTP/1.1" 404 73 "-" "Mozilla/5.0 (Windows NT 10.0; Win64; x64) AppleWebKit/537.36 (KHTML, like Gecko) Chrome/78.0.3904.108 Safari/537.36" "ysfine.com"
43.153.113.175 - - [03/Feb/2023:15:38:55 -0800] "GET /2018/wp-includes/wlwmanifest.xml HTTP/1.1" 404 73 "-" "Mozilla/5.0 (Windows NT 10.0; Win64; x64) AppleWebKit/537.36 (KHTML, like Gecko) Chrome/78.0.3904.108 Safari/537.36" "ysfine.com"
43.153.113.175 - - [03/Feb/2023:15:38:56 -0800] "GET /2019/wp-includes/wlwmanifest.xml HTTP/1.1" 404 73 "-" "Mozilla/5.0 (Windows NT 10.0; Win64; x64) AppleWebKit/537.36 (KHTML, like Gecko) Chrome/78.0.3904.108 Safari/537.36" "ysfine.com"
43.153.113.175 - - [03/Feb/2023:15:38:56 -0800] "GET /wp1/wp-includes/wlwmanifest.xml HTTP/1.1" 404 73 "-" "Mozilla/5.0 (Windows NT 10.0; Win64; x64) AppleWebKit/537.36 (KHTML, like Gecko) Chrome/78.0.3904.108 Safari/537.36" "ysfine.com"
43.153.113.175 - - [03/Feb/2023:15:38:56 -0800] "GET /test/wp-includes/wlwmanifest.xml HTTP/1.1" 404 73 "-" "Mozilla/5.0 (Windows NT 10.0; Win64; x64) AppleWebKit/537.36 (KHTML, like Gecko) Chrome/78.0.3904.108 Safari/537.36" "ysfine.com"
43.153.113.175 - - [03/Feb/2023:15:38:57 -0800] "GET /media/wp-includes/wlwmanifest.xml HTTP/1.1" 404 73 "-" "Mozilla/5.0 (Windows NT 10.0; Win64; x64) AppleWebKit/537.36 (KHTML, like Gecko) Chrome/78.0.3904.108 Safari/537.36" "ysfine.com"
43.153.113.175 - - [03/Feb/2023:15:38:57 -0800] "GET /wp2/wp-includes/wlwmanifest.xml HTTP/1.1" 404 73 "-" "Mozilla/5.0 (Windows NT 10.0; Win64; x64) AppleWebKit/537.36 (KHTML, like Gecko) Chrome/78.0.3904.108 Safari/537.36" "ysfine.com"
43.153.113.175 - - [03/Feb/2023:15:38:57 -0800] "GET /site/wp-includes/wlwmanifest.xml HTTP/1.1" 404 73 "-" "Mozilla/5.0 (Windows NT 10.0; Win64; x64) AppleWebKit/537.36 (KHTML, like Gecko) Chrome/78.0.3904.108 Safari/537.36" "ysfine.com"
43.153.113.175 - - [03/Feb/2023:15:38:58 -0800] "GET /cms/wp-includes/wlwmanifest.xml HTTP/1.1" 404 73 "-" "Mozilla/5.0 (Windows NT 10.0; Win64; x64) AppleWebKit/537.36 (KHTML, like Gecko) Chrome/78.0.3904.108 Safari/537.36" "ysfine.com"
43.153.113.175 - - [03/Feb/2023:15:38:58 -0800] "GET /sito/wp-includes/wlwmanifest.xml HTTP/1.1" 404 73 "-" "Mozilla/5.0 (Windows NT 10.0; Win64; x64) AppleWebKit/537.36 (KHTML, like Gecko) Chrome/78.0.3904.108 Safari/537.36" "ysfine.com"
52.167.144.86 - - [03/Feb/2023:15:39:28 -0800] "GET /bio/wigner/e(2).html HTTP/1.1" 404 88 "-" "Mozilla/5.0 AppleWebKit/537.36 (KHTML, like Gecko; compatible; bingbot/2.0; +http://www.bing.com/bingbot.htm) Chrome/103.0.5060.134 Safari/537.36" "ysfine.com"
216.244.66.229 - - [03/Feb/2023:15:41:01 -0800] "GET /robots.txt HTTP/1.1" 404 73 "-" "Mozilla/5.0 (compatible; DotBot/1.2; +https://opensiteexplorer.org/dotbot; help@moz.com)" "www.ysfine.com"
207.46.13.104 - - [03/Feb/2023:15:42:07 -0800] "GET /class54/class5470/total_data/photo_img/6-1.jpg HTTP/1.1" 200 220649 "-" "Mozilla/5.0 AppleWebKit/537.36 (KHTML, like Gecko; compatible; bingbot/2.0; +http://www.bing.com/bingbot.htm) Chrome/103.0.5060.134 Safari/537.36" "ysfine.com"
95.163.255.63 - - [03/Feb/2023:15:42:54 -0800] "GET /robots.txt HTTP/1.1" 404 73 "-" "Mozilla/5.0 (compatible; Linux x86_64; Mail.RU_Bot/2.0; +https://help.mail.ru/webmaster/indexing/robots)" "www.ysfine.com"
207.46.13.64 - - [03/Feb/2023:15:42:55 -0800] "GET /beau/lithulon01b.jpg HTTP/1.1" 404 88 "-" "Mozilla/5.0 AppleWebKit/537.36 (KHTML, like Gecko; compatible; bingbot/2.0; +http://www.bing.com/bingbot.htm) Chrome/103.0.5060.134 Safari/537.36" "ysfine.com"
95.163.255.64 - - [03/Feb/2023:15:43:08 -0800] "GET /maga/invent/inductmo.jpg HTTP/1.1" 200 100995 "-" "Mozilla/5.0 (compatible; Linux x86_64; Mail.RU_Bot/2.0; +https://help.mail.ru/webmaster/indexing/robots)" "www.ysfine.com"
95.163.255.69 - - [03/Feb/2023:15:43:22 -0800] "GET /maga/invent/joak55.jpg HTTP/1.1" 200 159760 "-" "Mozilla/5.0 (compatible; Linux x86_64; Mail.RU_Bot/2.0; +https://help.mail.ru/webmaster/indexing/robots)" "www.ysfine.com"
52.167.144.62 - - [03/Feb/2023:15:43:27 -0800] "GET /sbk/1974ferry.jpg HTTP/1.1" 200 104773 "-" "Mozilla/5.0 AppleWebKit/537.36 (KHTML, like Gecko; compatible; bingbot/2.0; +http://www.bing.com/bingbot.htm) Chrome/103.0.5060.134 Safari/537.36" "www.ysfine.com"
95.163.255.65 - - [03/Feb/2023:15:44:07 -0800] "GET /usca/norl/fq11b.jpg HTTP/1.1" 200 40400 "-" "Mozilla/5.0 (compatible; Linux x86_64; Mail.RU_Bot/2.0; +https://help.mail.ru/webmaster/indexing/robots)" "www.ysfine.com"
95.163.255.68 - - [03/Feb/2023:15:44:49 -0800] "GET /style/londonsym.jpg HTTP/1.1" 200 78015 "-" "Mozilla/5.0 (compatible; Linux x86_64; Mail.RU_Bot/2.0; +https://help.mail.ru/webmaster/indexing/robots)" "ysfine.com"
98.253.61.115 - - [03/Feb/2023:15:45:39 -0800] "GET /einstein/goedel54b.jpg HTTP/1.1" 200 40926 "https://www.google.com/" "Mozilla/5.0 (Linux; Android 11; SM-G781U Build/RP1A.200720.012; wv) AppleWebKit/537.36 (KHTML, like Gecko) Version/4.0 Chrome/109.0.5414.118 Mobile Safari/537.36 GoogleApp/14.4.6.26.arm64" "ysfine.com"
54.36.148.22 - - [03/Feb/2023:15:48:13 -0800] "GET /robots.txt HTTP/1.1" 404 88 "-" "Mozilla/5.0 (compatible; AhrefsBot/7.0; +http://ahrefs.com/robot/)" "ysfine.com"
51.222.253.7 - - [03/Feb/2023:15:48:14 -0800] "GET /wigner/maxwig.html HTTP/1.1" 200 8080 "-" "Mozilla/5.0 (compatible; AhrefsBot/7.0; +http://ahrefs.com/robot/)" "ysfine.com"
51.222.253.7 - - [03/Feb/2023:15:48:17 -0800] "GET /wigner/isomor99a.jpg HTTP/1.1" 200 90436 "-" "Mozilla/5.0 (compatible; AhrefsBot/7.0; +http://ahrefs.com/robot/)" "ysfine.com"
51.222.253.7 - - [03/Feb/2023:15:48:18 -0800] "GET /wigner/bieden02c.jpg HTTP/1.1" 200 35435 "-" "Mozilla/5.0 (compatible; AhrefsBot/7.0; +http://ahrefs.com/robot/)" "ysfine.com"
51.222.253.10 - - [03/Feb/2023:15:48:19 -0800] "GET /wigner/euclid05c.jpg HTTP/1.1" 200 27861 "-" "Mozilla/5.0 (compatible; AhrefsBot/7.0; +http://ahrefs.com/robot/)" "ysfine.com"
51.222.253.8 - - [03/Feb/2023:15:48:19 -0800] "GET /wigner/noah02c.jpg HTTP/1.1" 200 72680 "-" "Mozilla/5.0 (compatible; AhrefsBot/7.0; +http://ahrefs.com/robot/)" "ysfine.com"
51.222.253.16 - - [03/Feb/2023:15:48:20 -0800] "GET /wigner/wig60c.jpg HTTP/1.1" 200 34177 "-" "Mozilla/5.0 (compatible; AhrefsBot/7.0; +http://ahrefs.com/robot/)" "ysfine.com"
51.222.253.19 - - [03/Feb/2023:15:48:20 -0800] "GET /einstein/eins05c.jpg HTTP/1.1" 200 52461 "-" "Mozilla/5.0 (compatible; AhrefsBot/7.0; +http://ahrefs.com/robot/)" "ysfine.com"
51.222.253.7 - - [03/Feb/2023:15:48:21 -0800] "GET /einstein/newtmax02c.jpg HTTP/1.1" 200 46949 "-" "Mozilla/5.0 (compatible; AhrefsBot/7.0; +http://ahrefs.com/robot/)" "ysfine.com"
51.222.253.17 - - [03/Feb/2023:15:48:21 -0800] "GET /wigner/maxwig44c.jpg HTTP/1.1" 200 44966 "-" "Mozilla/5.0 (compatible; AhrefsBot/7.0; +http://ahrefs.com/robot/)" "ysfine.com"
51.222.253.15 - - [03/Feb/2023:15:48:22 -0800] "GET /wigner/martha11c.jpg HTTP/1.1" 200 26034 "-" "Mozilla/5.0 (compatible; AhrefsBot/7.0; +http://ahrefs.com/robot/)" "ysfine.com"
51.222.253.10 - - [03/Feb/2023:15:48:22 -0800] "GET /wigner/maxmink33c.jpg HTTP/1.1" 200 22346 "-" "Mozilla/5.0 (compatible; AhrefsBot/7.0; +http://ahrefs.com/robot/)" "ysfine.com"
51.222.253.8 - - [03/Feb/2023:15:48:23 -0800] "GET /maga/invent/marconi01c.jpg HTTP/1.1" 200 28072 "-" "Mozilla/5.0 (compatible; AhrefsBot/7.0; +http://ahrefs.com/robot/)" "ysfine.com"
51.222.253.12 - - [03/Feb/2023:15:48:23 -0800] "GET /wigner/yloop33a.jpg HTTP/1.1" 200 40738 "-" "Mozilla/5.0 (compatible; AhrefsBot/7.0; +http://ahrefs.com/robot/)" "ysfine.com"
51.222.253.18 - - [03/Feb/2023:15:48:23 -0800] "GET /wigner/mzero03c.jpg HTTP/1.1" 200 22641 "-" "Mozilla/5.0 (compatible; AhrefsBot/7.0; +http://ahrefs.com/robot/)" "ysfine.com"
51.222.253.20 - - [03/Feb/2023:15:48:24 -0800] "GET /wigner/wighome11c.jpg HTTP/1.1" 200 45648 "-" "Mozilla/5.0 (compatible; AhrefsBot/7.0; +http://ahrefs.com/robot/)" "ysfine.com"
51.222.253.5 - - [03/Feb/2023:15:48:24 -0800] "GET /people/wolfen22c.jpg HTTP/1.1" 200 23845 "-" "Mozilla/5.0 (compatible; AhrefsBot/7.0; +http://ahrefs.com/robot/)" "ysfine.com"
51.222.253.6 - - [03/Feb/2023:15:48:25 -0800] "GET /wigner/wigwein33c.jpg HTTP/1.1" 200 47176 "-" "Mozilla/5.0 (compatible; AhrefsBot/7.0; +http://ahrefs.com/robot/)" "ysfine.com"
207.46.13.104 - - [03/Feb/2023:15:49:11 -0800] "GET /bio/sbk/1950.html HTTP/1.1" 404 88 "-" "Mozilla/5.0 AppleWebKit/537.36 (KHTML, like Gecko; compatible; bingbot/2.0; +http://www.bing.com/bingbot.htm) Chrome/103.0.5060.134 Safari/537.36" "ysfine.com"
66.249.70.30 - - [03/Feb/2023:15:52:37 -0800] "GET /ads.txt HTTP/1.1" 404 88 "-" "Google-adstxt" "ysfine.com"
152.78.0.24 - - [03/Feb/2023:15:55:31 -0800] "GET /wigner/neum/ymath.jpg HTTP/1.1" 200 64930 "https://www.google.com/" "Mozilla/5.0 (Macintosh; Intel Mac OS X 10_15_7) AppleWebKit/537.36 (KHTML, like Gecko) Chrome/109.0.0.0 Safari/537.36" "ysfine.com"
77.88.5.38 - - [03/Feb/2023:15:55:47 -0800] "GET /friends/index.html HTTP/1.1" 404 88 "-" "Mozilla/5.0 (compatible; YandexBot/3.0; +http://yandex.com/bots) AppleWebKit/537.36 (KHTML, like Gecko) Chrome/81.0.4044.268" "www.ysfine.com"
207.46.13.104 - - [03/Feb/2023:15:56:41 -0800] "GET /princeton/mediter11.jpg HTTP/1.1" 200 165936 "-" "Mozilla/5.0 AppleWebKit/537.36 (KHTML, like Gecko; compatible; bingbot/2.0; +http://www.bing.com/bingbot.htm) Chrome/103.0.5060.134 Safari/537.36" "www.ysfine.com"
207.46.13.104 - - [03/Feb/2023:15:57:34 -0800] "GET /bio/style/artlove.html HTTP/1.1" 404 88 "-" "Mozilla/5.0 AppleWebKit/537.36 (KHTML, like Gecko; compatible; bingbot/2.0; +http://www.bing.com/bingbot.htm) Chrome/103.0.5060.134 Safari/537.36" "ysfine.com"
52.167.144.86 - - [03/Feb/2023:15:57:59 -0800] "GET /world/germany/vienna09.jpg HTTP/1.1" 200 94484 "-" "Mozilla/5.0 AppleWebKit/537.36 (KHTML, like Gecko; compatible; bingbot/2.0; +http://www.bing.com/bingbot.htm) Chrome/103.0.5060.134 Safari/537.36" "ysfine.com"
40.77.167.192 - - [03/Feb/2023:16:00:59 -0800] "GET /newyork/macy04.jpg HTTP/1.1" 200 235502 "-" "Mozilla/5.0 AppleWebKit/537.36 (KHTML, like Gecko; compatible; bingbot/2.0; +http://www.bing.com/bingbot.htm) Chrome/103.0.5060.134 Safari/537.36" "ysfine.com"
207.46.13.64 - - [03/Feb/2023:16:01:17 -0800] "GET /maga/phys/maxwell06b.jpg HTTP/1.1" 200 51047 "-" "Mozilla/5.0 AppleWebKit/537.36 (KHTML, like Gecko; compatible; bingbot/2.0; +http://www.bing.com/bingbot.htm) Chrome/103.0.5060.134 Safari/537.36" "ysfine.com"
207.46.13.104 - - [03/Feb/2023:16:04:11 -0800] "GET /feynman/chapline2.jpg HTTP/1.1" 200 36026 "-" "Mozilla/5.0 AppleWebKit/537.36 (KHTML, like Gecko; compatible; bingbot/2.0; +http://www.bing.com/bingbot.htm) Chrome/103.0.5060.134 Safari/537.36" "www.ysfine.com"
75.33.253.19 - - [03/Feb/2023:16:04:48 -0800] "GET /home/wcartoon.html HTTP/1.1" 200 6127 "https://www.google.com/" "Mozilla/5.0 (Macintosh; Intel Mac OS X 10_15_7) AppleWebKit/537.36 (KHTML, like Gecko) Chrome/109.0.0.0 Safari/537.36 Edg/109.0.1518.61" "ysfine.com"
75.33.253.19 - - [03/Feb/2023:16:04:48 -0800] "GET /people/wheemos2.jpg HTTP/1.1" 200 46241 "https://ysfine.com/home/wcartoon.html" "Mozilla/5.0 (Macintosh; Intel Mac OS X 10_15_7) AppleWebKit/537.36 (KHTML, like Gecko) Chrome/109.0.0.0 Safari/537.36 Edg/109.0.1518.61" "ysfine.com"
52.167.144.86 - - [03/Feb/2023:16:05:41 -0800] "GET /class54/shinsm11c.jpg HTTP/1.1" 200 43567 "-" "Mozilla/5.0 AppleWebKit/537.36 (KHTML, like Gecko; compatible; bingbot/2.0; +http://www.bing.com/bingbot.htm) Chrome/103.0.5060.134 Safari/537.36" "www.ysfine.com"
193.186.4.205 - - [03/Feb/2023:16:05:51 -0800] "GET /world/brit/etonharrow.html HTTP/1.1" 200 4544 "-" "Mozilla/5.0 (Linux; Android 10; K) AppleWebKit/537.36 (KHTML, like Gecko) Chrome/109.0.0.0 Mobile Safari/537.36" "ysfine.com"
52.167.144.62 - - [03/Feb/2023:16:07:50 -0800] "GET /bio/style/proschanie.html HTTP/1.1" 404 88 "-" "Mozilla/5.0 AppleWebKit/537.36 (KHTML, like Gecko; compatible; bingbot/2.0; +http://www.bing.com/bingbot.htm) Chrome/103.0.5060.134 Safari/537.36" "ysfine.com"
52.167.144.62 - - [03/Feb/2023:16:08:00 -0800] "GET /wdc/jeffm01.jpg HTTP/1.1" 200 44578 "-" "Mozilla/5.0 AppleWebKit/537.36 (KHTML, like Gecko; compatible; bingbot/2.0; +http://www.bing.com/bingbot.htm) Chrome/103.0.5060.134 Safari/537.36" "www.ysfine.com"
52.167.144.39 - - [03/Feb/2023:16:08:43 -0800] "GET /usca/norl/jackson66.jpg HTTP/1.1" 200 150602 "-" "Mozilla/5.0 AppleWebKit/537.36 (KHTML, like Gecko; compatible; bingbot/2.0; +http://www.bing.com/bingbot.htm) Chrome/103.0.5060.134 Safari/537.36" "ysfine.com"
52.167.144.86 - - [03/Feb/2023:16:09:01 -0800] "GET /bio/princeton/campus.html HTTP/1.1" 404 88 "-" "Mozilla/5.0 AppleWebKit/537.36 (KHTML, like Gecko; compatible; bingbot/2.0; +http://www.bing.com/bingbot.htm) Chrome/103.0.5060.134 Safari/537.36" "ysfine.com"
52.167.144.39 - - [03/Feb/2023:16:09:07 -0800] "GET /kobak/yoonhm2.jpg HTTP/1.1" 200 40988 "-" "Mozilla/5.0 AppleWebKit/537.36 (KHTML, like Gecko; compatible; bingbot/2.0; +http://www.bing.com/bingbot.htm) Chrome/103.0.5060.134 Safari/537.36" "ysfine.com"
93.158.161.56 - - [03/Feb/2023:16:09:28 -0800] "GET /ffriends/proudm.html HTTP/1.1" 404 88 "-" "Mozilla/5.0 (compatible; YandexBot/3.0; +http://yandex.com/bots) AppleWebKit/537.36 (KHTML, like Gecko) Chrome/81.0.4044.268" "www.ysfine.com"
77.75.76.162 - - [03/Feb/2023:16:09:50 -0800] "GET /robots.txt HTTP/1.1" 404 88 "-" "Mozilla/5.0 (compatible; SeznamBot/3.2; +http://napoveda.seznam.cz/en/seznambot-intro/)" "ysfine.com"
77.75.76.162 - - [03/Feb/2023:16:09:52 -0800] "GET /world/baltic/tallin52.jpg HTTP/1.1" 304 - "-" "Mozilla/5.0 (compatible; SeznamBot/3.2; +http://napoveda.seznam.cz/en/seznambot-intro/)" "ysfine.com"
77.75.76.162 - - [03/Feb/2023:16:09:53 -0800] "GET /world/ital/termini08.jpg HTTP/1.1" 304 - "-" "Mozilla/5.0 (compatible; SeznamBot/3.2; +http://napoveda.seznam.cz/en/seznambot-intro/)" "ysfine.com"
77.75.76.162 - - [03/Feb/2023:16:09:53 -0800] "GET /kobak/sorae/sorae01.jpg HTTP/1.1" 304 - "-" "Mozilla/5.0 (compatible; SeznamBot/3.2; +http://napoveda.seznam.cz/en/seznambot-intro/)" "ysfine.com"
77.75.76.162 - - [03/Feb/2023:16:09:53 -0800] "GET /world/russ/kazan067.jpg HTTP/1.1" 200 81040 "-" "Mozilla/5.0 (compatible; SeznamBot/3.2; +http://napoveda.seznam.cz/en/seznambot-intro/)" "ysfine.com"
77.75.76.162 - - [03/Feb/2023:16:09:56 -0800] "GET /world/ital/milvio01.jpg HTTP/1.1" 304 - "-" "Mozilla/5.0 (compatible; SeznamBot/3.2; +http://napoveda.seznam.cz/en/seznambot-intro/)" "ysfine.com"
77.75.76.162 - - [03/Feb/2023:16:09:56 -0800] "GET /princeton/shoppic11.jpg HTTP/1.1" 200 198629 "-" "Mozilla/5.0 (compatible; SeznamBot/3.2; +http://napoveda.seznam.cz/en/seznambot-intro/)" "ysfine.com"
77.75.76.162 - - [03/Feb/2023:16:10:00 -0800] "GET /world/russ/minsko11.jpg HTTP/1.1" 200 120607 "-" "Mozilla/5.0 (compatible; SeznamBot/3.2; +http://napoveda.seznam.cz/en/seznambot-intro/)" "ysfine.com"
207.46.13.104 - - [03/Feb/2023:16:11:01 -0800] "GET /maga/phil/marxlon01b.jpg HTTP/1.1" 200 55777 "-" "Mozilla/5.0 AppleWebKit/537.36 (KHTML, like Gecko; compatible; bingbot/2.0; +http://www.bing.com/bingbot.htm) Chrome/103.0.5060.134 Safari/537.36" "ysfine.com"
40.77.167.192 - - [03/Feb/2023:16:11:05 -0800] "GET /bio.html HTTP/1.1" 200 18260 "-" "Mozilla/5.0 AppleWebKit/537.36 (KHTML, like Gecko; compatible; bingbot/2.0; +http://www.bing.com/bingbot.htm) Chrome/103.0.5060.134 Safari/537.36" "ysfine.com"
75.183.153.189 - - [03/Feb/2023:16:11:07 -0800] "GET /kobak/repose11.jpg HTTP/1.1" 200 78530 "https://www.bing.com/" "Mozilla/5.0 (Windows NT 6.1; Win64; x64; rv:109.0) Gecko/20100101 Firefox/109.0" "ysfine.com"
77.75.79.119 - - [03/Feb/2023:16:11:56 -0800] "GET /eink/index.html HTTP/1.1" 200 17716 "-" "Mozilla/5.0 (compatible; SeznamBot/4.0-RC1; +http://napoveda.seznam.cz/seznambot-intro/)" "ysfine.com"
172.6.222.132 - - [03/Feb/2023:16:11:56 -0800] "GET /world/china/shenyang25.jpg HTTP/1.1" 200 153326 "https://www.google.com/" "Mozilla/5.0 (Macintosh; Intel Mac OS X 10.15; rv:109.0) Gecko/20100101 Firefox/109.0" "ysfine.com"
114.119.156.72 - - [03/Feb/2023:16:13:26 -0800] "GET /maga/phil/sisfa12/frame10.html HTTP/1.1" 200 320 "https://ysfine.com/maga/phil/sisfa12/frame11.html" "Mozilla/5.0 (Linux; Android 7.0;) AppleWebKit/537.36 (KHTML, like Gecko) Mobile Safari/537.36 (compatible; PetalBot;+https://webmaster.petalsearch.com/site/petalbot)" "ysfine.com"
141.126.156.202 - - [03/Feb/2023:16:14:30 -0800] "GET /kowar/tanks/tank05.jpg HTTP/1.1" 200 222063 "https://www.google.com/" "Mozilla/5.0 (Windows NT 10.0; Win64; x64) AppleWebKit/537.36 (KHTML, like Gecko) Chrome/108.0.0.0 Safari/537.36 OPR/94.0.0.0" "ysfine.com"
207.46.13.104 - - [03/Feb/2023:16:15:27 -0800] "GET /bio/kobak/yskor.html HTTP/1.1" 404 88 "-" "Mozilla/5.0 AppleWebKit/537.36 (KHTML, like Gecko; compatible; bingbot/2.0; +http://www.bing.com/bingbot.htm) Chrome/103.0.5060.134 Safari/537.36" "ysfine.com"
51.222.253.11 - - [03/Feb/2023:16:15:50 -0800] "GET /feynman/partons.html HTTP/1.1" 200 5807 "-" "Mozilla/5.0 (compatible; AhrefsBot/7.0; +http://ahrefs.com/robot/)" "www.ysfine.com"
51.222.253.11 - - [03/Feb/2023:16:16:01 -0800] "GET /feynman/ppic/parton01c.jpg HTTP/1.1" 200 40984 "-" "Mozilla/5.0 (compatible; AhrefsBot/7.0; +http://ahrefs.com/robot/)" "www.ysfine.com"
51.222.253.13 - - [03/Feb/2023:16:16:02 -0800] "GET /feynman/ppic/einbohr56f.jpg HTTP/1.1" 200 69043 "-" "Mozilla/5.0 (compatible; AhrefsBot/7.0; +http://ahrefs.com/robot/)" "www.ysfine.com"
51.222.253.9 - - [03/Feb/2023:16:16:02 -0800] "GET /feynman/ppic/tdil01c.jpg HTTP/1.1" 200 43765 "-" "Mozilla/5.0 (compatible; AhrefsBot/7.0; +http://ahrefs.com/robot/)" "www.ysfine.com"
51.222.253.9 - - [03/Feb/2023:16:16:03 -0800] "GET /feynman/ppic/quapar55c.jpg HTTP/1.1" 200 49178 "-" "Mozilla/5.0 (compatible; AhrefsBot/7.0; +http://ahrefs.com/robot/)" "www.ysfine.com"
51.222.253.7 - - [03/Feb/2023:16:16:03 -0800] "GET /feynman/ppic/ellipse53f.jpg HTTP/1.1" 200 114731 "-" "Mozilla/5.0 (compatible; AhrefsBot/7.0; +http://ahrefs.com/robot/)" "www.ysfine.com"
51.222.253.16 - - [03/Feb/2023:16:16:04 -0800] "GET /feynman/ppic/entro33f.jpg HTTP/1.1" 200 46387 "-" "Mozilla/5.0 (compatible; AhrefsBot/7.0; +http://ahrefs.com/robot/)" "www.ysfine.com"
51.222.253.7 - - [03/Feb/2023:16:16:05 -0800] "GET /feynman/ppic/phasetr33f.jpg HTTP/1.1" 200 37190 "-" "Mozilla/5.0 (compatible; AhrefsBot/7.0; +http://ahrefs.com/robot/)" "www.ysfine.com"
51.222.253.9 - - [03/Feb/2023:16:16:05 -0800] "GET /feynman/ppic/licone01c.jpg HTTP/1.1" 200 28712 "-" "Mozilla/5.0 (compatible; AhrefsBot/7.0; +http://ahrefs.com/robot/)" "www.ysfine.com"
51.222.253.11 - - [03/Feb/2023:16:16:06 -0800] "GET /feynman/ppic/quantum01c.jpg HTTP/1.1" 200 24878 "-" "Mozilla/5.0 (compatible; AhrefsBot/7.0; +http://ahrefs.com/robot/)" "www.ysfine.com"
51.222.253.14 - - [03/Feb/2023:16:16:06 -0800] "GET /feynman/ppic/hyperell01c.jpg HTTP/1.1" 200 26491 "-" "Mozilla/5.0 (compatible; AhrefsBot/7.0; +http://ahrefs.com/robot/)" "www.ysfine.com"
51.222.253.1 - - [03/Feb/2023:16:16:06 -0800] "GET /feynman/ppic/parton33f.jpg HTTP/1.1" 200 81850 "-" "Mozilla/5.0 (compatible; AhrefsBot/7.0; +http://ahrefs.com/robot/)" "www.ysfine.com"
51.222.253.14 - - [03/Feb/2023:16:16:07 -0800] "GET /feynman/ppic/hussar01c.jpg HTTP/1.1" 200 21644 "-" "Mozilla/5.0 (compatible; AhrefsBot/7.0; +http://ahrefs.com/robot/)" "www.ysfine.com"
52.167.144.86 - - [03/Feb/2023:16:16:11 -0800] "GET /fotos/cokes22b.jpg HTTP/1.1" 200 31764 "-" "Mozilla/5.0 AppleWebKit/537.36 (KHTML, like Gecko; compatible; bingbot/2.0; +http://www.bing.com/bingbot.htm) Chrome/103.0.5060.134 Safari/537.36" "www.ysfine.com"
141.126.156.202 - - [03/Feb/2023:16:16:32 -0800] "GET /kowar/tanks/tank01.jpg HTTP/1.1" 200 81859 "https://www.google.com/" "Mozilla/5.0 (Windows NT 10.0; Win64; x64) AppleWebKit/537.36 (KHTML, like Gecko) Chrome/108.0.0.0 Safari/537.36 OPR/94.0.0.0" "ysfine.com"
17.241.75.204 - - [03/Feb/2023:16:16:35 -0800] "GET /einstein/eincurie11.jpg HTTP/1.1" 200 71229 "-" "Mozilla/5.0 (Macintosh; Intel Mac OS X 10_15_5) AppleWebKit/605.1.15 (KHTML, like Gecko) Version/13.1.1 Safari/605.1.15 (Applebot/0.1; +http://www.apple.com/go/applebot)" "ysfine.com"
141.126.156.202 - - [03/Feb/2023:16:16:52 -0800] "GET /kowar/tanks/tank02.jpg HTTP/1.1" 200 74135 "https://www.google.com/" "Mozilla/5.0 (Windows NT 10.0; Win64; x64) AppleWebKit/537.36 (KHTML, like Gecko) Chrome/108.0.0.0 Safari/537.36 OPR/94.0.0.0" "ysfine.com"
40.77.167.192 - - [03/Feb/2023:16:17:24 -0800] "GET /bio/kobak/soraech.html HTTP/1.1" 404 88 "-" "Mozilla/5.0 AppleWebKit/537.36 (KHTML, like Gecko; compatible; bingbot/2.0; +http://www.bing.com/bingbot.htm) Chrome/103.0.5060.134 Safari/537.36" "ysfine.com"
116.179.32.140 - - [03/Feb/2023:16:19:44 -0800] "GET /yspapers/kno79.pdf HTTP/1.1" 200 176844 "-" "Mozilla/5.0 (compatible; Baiduspider/2.0; +http://www.baidu.com/search/spider.html)" "www.ysfine.com"
220.181.51.118 - - [03/Feb/2023:16:19:48 -0800] "GET /robots.txt HTTP/1.1" 404 88 "-" "Mozilla/5.0 (Windows NT 10.0; WOW64) AppleWebKit/537.36 (KHTML, like Gecko) Chrome/48.0.2564.116 Safari/537.36" "www.ysfine.com"
220.181.51.90 - - [03/Feb/2023:16:19:59 -0800] "GET /robots.txt HTTP/1.1" 404 88 "-" "Mozilla/5.0 (Windows NT 10.0; WOW64) AppleWebKit/537.36 (KHTML, like Gecko) Chrome/48.0.2564.116 Safari/537.36" "www.ysfine.com"
66.249.70.4 - - [03/Feb/2023:16:20:33 -0800] "GET /robots.txt HTTP/1.1" 404 88 "-" "Mozilla/5.0 (compatible; Googlebot/2.1; +http://www.google.com/bot.html)" "ysfine.com"
5.188.210.80 - - [03/Feb/2023:16:22:36 -0800] "GET /world/visas.html HTTP/1.1" 200 7643 "https://www.ysfine.com/world/visas.html" "Mozilla/5.0 (Windows NT 10.0; WOW64) AppleWebKit/537.36 (KHTML, like Gecko) Chrome/90.0.4400.8 Safari/537.36" "www.ysfine.com"
114.119.133.120 - - [03/Feb/2023:16:22:54 -0800] "GET /class54/class5480/Pictures/4.%C3%AA%C2%B8%C2%B0%C3%AB%C2%85%C2%90%C3%AC%C2%B4%C2%AC%C3%AC%C2%98%C2%81/Thumbs.db HTTP/1.1" 200 45568 "https://ysfine.com/class54/class5480/Pictures/4.%c3%aa%c2%b8%c2%b0%c3%ab%c2%85%c2%90%c3%ac%c2%b4%c2%ac%c3%ac%c2%98%c2%81/?C=M%3BO%3DA\tIndex of /class54/class5480/Pictures/4.\xc3\x83\xc2\xaa\xc3\x82\xc2\xb8\xc3\x82\xc2\xb0\xc3\x83\xc2\xab\xc3\x82 \xc3\x82\xc2\x90\xc3\x83\xc2\xac\xc3\x82\xc2\xb4\xc3\x82\xc2\xac\xc3\x83\xc2\xac\xc3\x82\xc2\x98\xc3\x82\xc2\x81" "Mozilla/5.0 (Linux; Android 7.0;) AppleWebKit/537.36 (KHTML, like Gecko) Mobile Safari/537.36 (compatible; PetalBot;+https://webmaster.petalsearch.com/site/petalbot)" "ysfine.com"
108.214.49.32 - - [03/Feb/2023:16:23:21 -0800] "GET /kobak/roskei90.jpg HTTP/1.1" 200 110306 "https://images.search.yahoo.com/yhs/search;_ylt=AwrEaaljpd1j79kZ2nA2nIlQ;_ylu=c2VjA3NlYXJjaARzbGsDYnV0dG9u;_ylc=X1MDMTM1MTE5NTcwMgRfcgMyBGZyA3locy1mYy0yNDkEZnIyA3A6cyx2OmksbTpzYi10b3AEZ3ByaWQDc2o4eTNIV1ZTNlNObGIuQ0FTdGwyQQRuX3JzbHQDMARuX3N1Z2cDMQRvcmlnaW4DaW1hZ2VzLnNlYXJjaC55YWhvby5jb20EcG9zAzAEcHFzdHIDBHBxc3RybAMwBHFzdHJsAzEyBHF1ZXJ5A21vc2NvdyUyMDE5OTBzBHRfc3RtcAMxNjc1NDcwMTkx?p=moscow+1990s&fr=yhs-fc-249&fr2=p%3As%2Cv%3Ai%2Cm%3Asb-top&ei=UTF-8&x=wrt&type=fc_A6D43FE7772_s69_g_e_d_n0001_c20&hsimp=yhs-249&hspart=fc&param1=7&param2=eJwti9sKgzAQRH9lHxUkbrwkVT%2BjT0V8SGPUkGjEC5Z%2BfVcoCztnZ2dG27dN93xxxEzKqk26hW5E5IT3i0STZEhg15sEYs0lreKBj1oITpSVtRpQ170myyhVUno0geLnTngqojl8rfcqLRlCdNmlD9cOywEcGTZAhiga%2BIgiBrWu3lzm7eyRlrlkuYDITcfsE%2FDWGRiNdiEGPW1hNinHiuE9sKtBbfZf%2BQFDmUBk" "Mozilla/5.0 (Windows NT 10.0; Win64; x64) AppleWebKit/537.36 (KHTML, like Gecko) Chrome/109.0.0.0 Safari/537.36" "ysfine.com"
52.167.144.86 - - [03/Feb/2023:16:23:23 -0800] "GET /bio/wigner/e(2).html HTTP/1.1" 404 88 "-" "Mozilla/5.0 AppleWebKit/537.36 (KHTML, like Gecko; compatible; bingbot/2.0; +http://www.bing.com/bingbot.htm) Chrome/103.0.5060.134 Safari/537.36" "ysfine.com"
40.77.167.192 - - [03/Feb/2023:16:23:29 -0800] "GET /archives/class5470/total_data/sub_739.htm HTTP/1.1" 404 88 "-" "Mozilla/5.0 AppleWebKit/537.36 (KHTML, like Gecko; compatible; bingbot/2.0; +http://www.bing.com/bingbot.htm) Chrome/103.0.5060.134 Safari/537.36" "ysfine.com"
34.148.234.254 - - [03/Feb/2023:16:24:11 -0800] "GET /robots.txt HTTP/1.1" 404 88 "-" "ZoominfoBot (zoominfobot at zoominfo dot com)" "ysfine.com"
34.148.234.254 - - [03/Feb/2023:16:24:11 -0800] "GET /robots.txt HTTP/1.1" 404 88 "-" "ZoominfoBot (zoominfobot at zoominfo dot com)" "ysfine.com"
34.148.234.254 - - [03/Feb/2023:16:24:11 -0800] "GET /home/genea.html HTTP/1.1" 200 2872 "-" "ZoominfoBot (zoominfobot at zoominfo dot com)" "ysfine.com"
34.148.234.254 - - [03/Feb/2023:16:24:58 -0800] "GET /bio.html HTTP/1.1" 200 18260 "-" "ZoominfoBot (zoominfobot at zoominfo dot com)" "ysfine.com"
185.191.171.34 - - [03/Feb/2023:16:25:08 -0800] "GET /robots.txt HTTP/1.1" 404 88 "-" "Mozilla/5.0 (compatible; SemrushBot/7~bl; +http://www.semrush.com/bot.html)" "ysfine.com"
185.191.171.42 - - [03/Feb/2023:16:25:09 -0800] "GET /folks/wheeler.html HTTP/1.1" 200 3348 "-" "Mozilla/5.0 (compatible; SemrushBot/7~bl; +http://www.semrush.com/bot.html)" "ysfine.com"
75.41.26.36 - - [03/Feb/2023:16:25:09 -0800] "GET /kowar/panmun04.jpg HTTP/1.1" 200 126386 "https://www.google.com/" "Mozilla/5.0 (Linux; Android 12; SM-A215U Build/SP1A.210812.016; wv) AppleWebKit/537.36 (KHTML, like Gecko) Version/4.0 Chrome/109.0.5414.117 Mobile Safari/537.36 GoogleApp/14.4.17.26.arm64" "ysfine.com"
31.52.3.182 - - [03/Feb/2023:16:25:57 -0800] "GET /world/baltic/rigaeisen01.jpg HTTP/1.1" 200 115668 "https://www.bing.com/" "Mozilla/5.0 (Linux; Android 9; KFMAWI) AppleWebKit/537.36 (KHTML, like Gecko) Silk/108.1.135 like Chrome/108.0.5359.160 Safari/537.36" "www.ysfine.com"
207.46.13.64 - - [03/Feb/2023:16:27:10 -0800] "GET /home/wigein11d.jpg HTTP/1.1" 200 38446 "-" "Mozilla/5.0 AppleWebKit/537.36 (KHTML, like Gecko; compatible; bingbot/2.0; +http://www.bing.com/bingbot.htm) Chrome/103.0.5060.134 Safari/537.36" "ysfine.com"
69.171.249.16 - - [03/Feb/2023:16:27:15 -0800] "GET /philo/keigel10.jpg HTTP/1.1" 206 187735 "-" "facebookexternalhit/1.1 (+http://www.facebook.com/externalhit_uatext.php)" "ysfine.com"
207.46.13.104 - - [03/Feb/2023:16:29:20 -0800] "GET /bio/sbk/1950.html HTTP/1.1" 404 88 "-" "Mozilla/5.0 AppleWebKit/537.36 (KHTML, like Gecko; compatible; bingbot/2.0; +http://www.bing.com/bingbot.htm) Chrome/103.0.5060.134 Safari/537.36" "ysfine.com"
104.168.64.142 - - [03/Feb/2023:16:29:32 -0800] "GET /xmlrpc.php HTTP/1.1" 404 88 "-" "Mozilla/5.0 (Macintosh; Intel Mac OS X 10.15; rv:77.0) Gecko/20100101 Firefox/77.0" "ysfine.com"
114.119.157.217 - - [03/Feb/2023:16:29:35 -0800] "GET /style/music/berlino12 HTTP/1.1" 200 92380 "https://ysfine.com/style/mushalls.html" "Mozilla/5.0 (Linux; Android 7.0;) AppleWebKit/537.36 (KHTML, like Gecko) Mobile Safari/537.36 (compatible; PetalBot;+https://webmaster.petalsearch.com/site/petalbot)" "ysfine.com"
51.222.253.3 - - [03/Feb/2023:16:29:45 -0800] "GET /folks/asian.html HTTP/1.1" 200 6987 "-" "Mozilla/5.0 (compatible; AhrefsBot/7.0; +http://ahrefs.com/robot/)" "www.ysfine.com"
51.222.253.14 - - [03/Feb/2023:16:29:47 -0800] "GET /folks/malay02b.jpg HTTP/1.1" 200 41015 "-" "Mozilla/5.0 (compatible; AhrefsBot/7.0; +http://ahrefs.com/robot/)" "www.ysfine.com"
51.222.253.10 - - [03/Feb/2023:16:29:48 -0800] "GET /folks/kazpol01b.jpg HTTP/1.1" 200 50936 "-" "Mozilla/5.0 (compatible; AhrefsBot/7.0; +http://ahrefs.com/robot/)" "www.ysfine.com"
51.222.253.7 - - [03/Feb/2023:16:29:49 -0800] "GET /folks/mongo08b.jpg HTTP/1.1" 200 45395 "-" "Mozilla/5.0 (compatible; AhrefsBot/7.0; +http://ahrefs.com/robot/)" "www.ysfine.com"
51.222.253.20 - - [03/Feb/2023:16:29:49 -0800] "GET /folks/philipine01b.jpg HTTP/1.1" 200 42812 "-" "Mozilla/5.0 (compatible; AhrefsBot/7.0; +http://ahrefs.com/robot/)" "www.ysfine.com"
51.222.253.13 - - [03/Feb/2023:16:29:49 -0800] "GET /folks/mongo04b.jpg HTTP/1.1" 200 45678 "-" "Mozilla/5.0 (compatible; AhrefsBot/7.0; +http://ahrefs.com/robot/)" "www.ysfine.com"
51.222.253.18 - - [03/Feb/2023:16:29:50 -0800] "GET /folks/mongo01b.jpg HTTP/1.1" 200 38889 "-" "Mozilla/5.0 (compatible; AhrefsBot/7.0; +http://ahrefs.com/robot/)" "www.ysfine.com"
51.222.253.17 - - [03/Feb/2023:16:29:50 -0800] "GET /folks/aline/quantas22b.jpg HTTP/1.1" 200 31516 "-" "Mozilla/5.0 (compatible; AhrefsBot/7.0; +http://ahrefs.com/robot/)" "www.ysfine.com"
51.222.253.4 - - [03/Feb/2023:16:29:51 -0800] "GET /folks/victork33b.jpg HTTP/1.1" 200 47348 "-" "Mozilla/5.0 (compatible; AhrefsBot/7.0; +http://ahrefs.com/robot/)" "www.ysfine.com"
51.222.253.2 - - [03/Feb/2023:16:29:51 -0800] "GET /folks/vietnam01b.jpg HTTP/1.1" 200 32824 "-" "Mozilla/5.0 (compatible; AhrefsBot/7.0; +http://ahrefs.com/robot/)" "www.ysfine.com"
51.222.253.18 - - [03/Feb/2023:16:29:52 -0800] "GET /folks/india01b.jpg HTTP/1.1" 200 44935 "-" "Mozilla/5.0 (compatible; AhrefsBot/7.0; +http://ahrefs.com/robot/)" "www.ysfine.com"
51.222.253.20 - - [03/Feb/2023:16:29:52 -0800] "GET /folks/yyen11c.jpg HTTP/1.1" 200 30535 "-" "Mozilla/5.0 (compatible; AhrefsBot/7.0; +http://ahrefs.com/robot/)" "www.ysfine.com"
51.222.253.1 - - [03/Feb/2023:16:29:53 -0800] "GET /folks/philipine15b.jpg HTTP/1.1" 200 46250 "-" "Mozilla/5.0 (compatible; AhrefsBot/7.0; +http://ahrefs.com/robot/)" "www.ysfine.com"
51.222.253.19 - - [03/Feb/2023:16:29:53 -0800] "GET /world/russ/kazakh06b.jpg HTTP/1.1" 200 31153 "-" "Mozilla/5.0 (compatible; AhrefsBot/7.0; +http://ahrefs.com/robot/)" "www.ysfine.com"
51.222.253.18 - - [03/Feb/2023:16:29:53 -0800] "GET /folks/austra09b.jpg HTTP/1.1" 200 42944 "-" "Mozilla/5.0 (compatible; AhrefsBot/7.0; +http://ahrefs.com/robot/)" "www.ysfine.com"
51.222.253.14 - - [03/Feb/2023:16:29:54 -0800] "GET /folks/aline/airmongo11b.jpg HTTP/1.1" 200 46016 "-" "Mozilla/5.0 (compatible; AhrefsBot/7.0; +http://ahrefs.com/robot/)" "www.ysfine.com"
51.222.253.5 - - [03/Feb/2023:16:29:54 -0800] "GET /folks/india04b.jpg HTTP/1.1" 200 35588 "-" "Mozilla/5.0 (compatible; AhrefsBot/7.0; +http://ahrefs.com/robot/)" "www.ysfine.com"
51.222.253.2 - - [03/Feb/2023:16:29:55 -0800] "GET /folks/mongo06b.jpg HTTP/1.1" 200 38648 "-" "Mozilla/5.0 (compatible; AhrefsBot/7.0; +http://ahrefs.com/robot/)" "www.ysfine.com"
51.222.253.14 - - [03/Feb/2023:16:29:55 -0800] "GET /folks/philipine12b.jpg HTTP/1.1" 200 49797 "-" "Mozilla/5.0 (compatible; AhrefsBot/7.0; +http://ahrefs.com/robot/)" "www.ysfine.com"
51.222.253.17 - - [03/Feb/2023:16:29:56 -0800] "GET /folks/iraida11b.jpg HTTP/1.1" 200 50961 "-" "Mozilla/5.0 (compatible; AhrefsBot/7.0; +http://ahrefs.com/robot/)" "www.ysfine.com"
51.222.253.13 - - [03/Feb/2023:16:29:56 -0800] "GET /folks/austra07b.jpg HTTP/1.1" 200 53084 "-" "Mozilla/5.0 (compatible; AhrefsBot/7.0; +http://ahrefs.com/robot/)" "www.ysfine.com"
216.244.66.229 - - [03/Feb/2023:16:30:01 -0800] "GET /robots.txt HTTP/1.1" 404 73 "-" "Mozilla/5.0 (compatible; DotBot/1.2; +https://opensiteexplorer.org/dotbot; help@moz.com)" "www.ysfine.com"
52.167.144.86 - - [03/Feb/2023:16:30:23 -0800] "GET /world/russ/mosko11.jpg HTTP/1.1" 200 124607 "-" "Mozilla/5.0 AppleWebKit/537.36 (KHTML, like Gecko; compatible; bingbot/2.0; +http://www.bing.com/bingbot.htm) Chrome/103.0.5060.134 Safari/537.36" "ysfine.com"
207.46.13.104 - - [03/Feb/2023:16:32:22 -0800] "GET /world/ital/palermo05.jpg HTTP/1.1" 200 119457 "-" "Mozilla/5.0 AppleWebKit/537.36 (KHTML, like Gecko; compatible; bingbot/2.0; +http://www.bing.com/bingbot.htm) Chrome/103.0.5060.134 Safari/537.36" "ysfine.com"
140.228.21.65 - - [03/Feb/2023:16:33:17 -0800] "GET /wp-login.php HTTP/1.1" 404 88 "-" "Mozilla/5.0 (Windows NT 10.0; Win64; x64) AppleWebKit/537.36 (KHTML, like Gecko) Chrome/91.0.4472.124 Safari/537.36" "ysfine.com"
185.191.171.14 - - [03/Feb/2023:16:33:29 -0800] "GET /robots.txt HTTP/1.1" 404 88 "-" "Mozilla/5.0 (compatible; SemrushBot/7~bl; +http://www.semrush.com/bot.html)" "www.ysfine.com"
185.191.171.12 - - [03/Feb/2023:16:33:29 -0800] "GET /folks/asian.html HTTP/1.1" 200 6987 "-" "Mozilla/5.0 (compatible; SemrushBot/7~bl; +http://www.semrush.com/bot.html)" "www.ysfine.com"
216.244.66.229 - - [03/Feb/2023:16:33:33 -0800] "GET /world/spain/bcn21.jpg HTTP/1.1" 200 217159 "-" "Mozilla/5.0 (compatible; DotBot/1.2; +https://opensiteexplorer.org/dotbot; help@moz.com)" "www.ysfine.com"
