207.46.13.64 - - [02/Feb/2023:20:00:06 -0800] "GET /awards/index.html HTTP/1.1" 200 10082 "-" "Mozilla/5.0 AppleWebKit/537.36 (KHTML, like Gecko; compatible; bingbot/2.0; +http://www.bing.com/bingbot.htm) Chrome/103.0.5060.134 Safari/537.36" "ysfine.com"
207.46.13.64 - - [02/Feb/2023:20:02:37 -0800] "GET /maga/invent/pupin22.jpg HTTP/1.1" 200 38369 "-" "Mozilla/5.0 AppleWebKit/537.36 (KHTML, like Gecko; compatible; bingbot/2.0; +http://www.bing.com/bingbot.htm) Chrome/103.0.5060.134 Safari/537.36" "www.ysfine.com"
216.244.66.229 - - [02/Feb/2023:20:02:40 -0800] "GET /ffriends/russvenice02.jpg HTTP/1.1" 200 113980 "-" "Mozilla/5.0 (compatible; DotBot/1.2; +https://opensiteexplorer.org/dotbot; help@moz.com)" "www.ysfine.com"
52.167.144.62 - - [02/Feb/2023:20:02:42 -0800] "GET /bio/style/proschanie.html HTTP/1.1" 404 88 "-" "Mozilla/5.0 AppleWebKit/537.36 (KHTML, like Gecko; compatible; bingbot/2.0; +http://www.bing.com/bingbot.htm) Chrome/103.0.5060.134 Safari/537.36" "ysfine.com"
17.241.75.54 - - [02/Feb/2023:20:03:07 -0800] "GET /robots.txt HTTP/1.1" 404 88 "-" "Mozilla/5.0 (Macintosh; Intel Mac OS X 10_15_5) AppleWebKit/605.1.15 (KHTML, like Gecko) Version/13.1.1 Safari/605.1.15 (Applebot/0.1; +http://www.apple.com/go/applebot)" "ysfine.com"
17.241.75.54 - - [02/Feb/2023:20:03:07 -0800] "GET /einstein/einfine.html HTTP/1.1" 200 554 "-" "Mozilla/5.0 (Macintosh; Intel Mac OS X 10_15_5) AppleWebKit/605.1.15 (KHTML, like Gecko) Version/13.1.1 Safari/605.1.15 (Applebot/0.1; +http://www.apple.com/go/applebot)" "ysfine.com"
86.153.197.38 - - [02/Feb/2023:20:03:16 -0800] "GET /world/russ/arbat01.jpg HTTP/1.1" 200 107338 "https://www.google.ro/" "Mozilla/5.0 (Windows NT 10.0; Win64; x64) AppleWebKit/537.36 (KHTML, like Gecko) Chrome/109.0.0.0 Safari/537.36" "ysfine.com"
52.167.144.86 - - [02/Feb/2023:20:04:02 -0800] "GET /bio/princeton/campus.html HTTP/1.1" 404 88 "-" "Mozilla/5.0 AppleWebKit/537.36 (KHTML, like Gecko; compatible; bingbot/2.0; +http://www.bing.com/bingbot.htm) Chrome/103.0.5060.134 Safari/537.36" "ysfine.com"
51.222.253.20 - - [02/Feb/2023:20:04:29 -0800] "GET /maga/popov.html HTTP/1.1" 200 8651 "-" "Mozilla/5.0 (compatible; AhrefsBot/7.0; +http://ahrefs.com/robot/)" "www.ysfine.com"
51.222.253.6 - - [02/Feb/2023:20:04:31 -0800] "GET /people/jweber2.jpg HTTP/1.1" 200 36994 "-" "Mozilla/5.0 (compatible; AhrefsBot/7.0; +http://ahrefs.com/robot/)" "www.ysfine.com"
51.222.253.1 - - [02/Feb/2023:20:04:31 -0800] "GET /maga/invent/edison33b.jpg HTTP/1.1" 200 37412 "-" "Mozilla/5.0 (compatible; AhrefsBot/7.0; +http://ahrefs.com/robot/)" "www.ysfine.com"
51.222.253.10 - - [02/Feb/2023:20:04:32 -0800] "GET /world/russ/togo11b.jpg HTTP/1.1" 200 47383 "-" "Mozilla/5.0 (compatible; AhrefsBot/7.0; +http://ahrefs.com/robot/)" "www.ysfine.com"
51.222.253.7 - - [02/Feb/2023:20:04:32 -0800] "GET /friends/victork33b.jpg HTTP/1.1" 404 88 "-" "Mozilla/5.0 (compatible; AhrefsBot/7.0; +http://ahrefs.com/robot/)" "www.ysfine.com"
51.222.253.20 - - [02/Feb/2023:20:04:32 -0800] "GET /maga/invent/popov02b.jpg HTTP/1.1" 200 68499 "-" "Mozilla/5.0 (compatible; AhrefsBot/7.0; +http://ahrefs.com/robot/)" "www.ysfine.com"
51.222.253.15 - - [02/Feb/2023:20:04:33 -0800] "GET /wdc/usna24b.jpg HTTP/1.1" 200 51081 "-" "Mozilla/5.0 (compatible; AhrefsBot/7.0; +http://ahrefs.com/robot/)" "www.ysfine.com"
51.222.253.17 - - [02/Feb/2023:20:04:33 -0800] "GET /wdc/usna01b.jpg HTTP/1.1" 200 51869 "-" "Mozilla/5.0 (compatible; AhrefsBot/7.0; +http://ahrefs.com/robot/)" "www.ysfine.com"
51.222.253.17 - - [02/Feb/2023:20:04:34 -0800] "GET /world/russ/petergr01b.jpg HTTP/1.1" 200 29570 "-" "Mozilla/5.0 (compatible; AhrefsBot/7.0; +http://ahrefs.com/robot/)" "www.ysfine.com"
51.222.253.20 - - [02/Feb/2023:20:04:40 -0800] "GET /einstein/michelson11b.jpg HTTP/1.1" 200 35505 "-" "Mozilla/5.0 (compatible; AhrefsBot/7.0; +http://ahrefs.com/robot/)" "www.ysfine.com"
51.222.253.19 - - [02/Feb/2023:20:04:41 -0800] "GET /kobak/alexvic11b.jpg HTTP/1.1" 200 47312 "-" "Mozilla/5.0 (compatible; AhrefsBot/7.0; +http://ahrefs.com/robot/)" "www.ysfine.com"
51.222.253.4 - - [02/Feb/2023:20:04:41 -0800] "GET /maga/invent/popov01b.jpg HTTP/1.1" 200 40727 "-" "Mozilla/5.0 (compatible; AhrefsBot/7.0; +http://ahrefs.com/robot/)" "www.ysfine.com"
51.222.253.8 - - [02/Feb/2023:20:04:42 -0800] "GET /maga/invent/popov03b.jpg HTTP/1.1" 200 42372 "-" "Mozilla/5.0 (compatible; AhrefsBot/7.0; +http://ahrefs.com/robot/)" "www.ysfine.com"
51.222.253.19 - - [02/Feb/2023:20:04:42 -0800] "GET /maga/invent/gagarin22b.jpg HTTP/1.1" 200 35764 "-" "Mozilla/5.0 (compatible; AhrefsBot/7.0; +http://ahrefs.com/robot/)" "www.ysfine.com"
51.222.253.8 - - [02/Feb/2023:20:04:43 -0800] "GET /world/baltic/kalin31b.jpg HTTP/1.1" 200 56139 "-" "Mozilla/5.0 (compatible; AhrefsBot/7.0; +http://ahrefs.com/robot/)" "www.ysfine.com"
51.222.253.16 - - [02/Feb/2023:20:04:44 -0800] "GET /kowar/tanks/tank05b.jpg HTTP/1.1" 200 48742 "-" "Mozilla/5.0 (compatible; AhrefsBot/7.0; +http://ahrefs.com/robot/)" "www.ysfine.com"
51.222.253.4 - - [02/Feb/2023:20:04:45 -0800] "GET /world/france/nice302b.jpg HTTP/1.1" 200 52446 "-" "Mozilla/5.0 (compatible; AhrefsBot/7.0; +http://ahrefs.com/robot/)" "www.ysfine.com"
51.222.253.11 - - [02/Feb/2023:20:04:46 -0800] "GET /wdc/usna03b.jpg HTTP/1.1" 200 37328 "-" "Mozilla/5.0 (compatible; AhrefsBot/7.0; +http://ahrefs.com/robot/)" "www.ysfine.com"
51.222.253.6 - - [02/Feb/2023:20:04:47 -0800] "GET /friends/nato11b.jpg HTTP/1.1" 404 88 "-" "Mozilla/5.0 (compatible; AhrefsBot/7.0; +http://ahrefs.com/robot/)" "www.ysfine.com"
207.46.13.104 - - [02/Feb/2023:20:04:56 -0800] "GET /world/poland/jablo19.jpg HTTP/1.1" 200 108087 "-" "Mozilla/5.0 AppleWebKit/537.36 (KHTML, like Gecko; compatible; bingbot/2.0; +http://www.bing.com/bingbot.htm) Chrome/103.0.5060.134 Safari/537.36" "ysfine.com"
73.227.215.141 - - [02/Feb/2023:20:05:26 -0800] "GET /einstein/bose2.gif HTTP/1.1" 200 43133 "https://www.google.com/" "Mozilla/5.0 (Windows NT 10.0; Win64; x64) AppleWebKit/537.36 (KHTML, like Gecko) Chrome/109.0.0.0 Safari/537.36" "ysfine.com"
177.240.5.174 - - [02/Feb/2023:20:06:04 -0800] "GET /wigner/neum/fuld.jpg HTTP/1.1" 200 172715 "https://www.google.com/" "Mozilla/5.0 (Windows NT 10.0; Win64; x64) AppleWebKit/537.36 (KHTML, like Gecko) Chrome/109.0.0.0 Safari/537.36" "ysfine.com"
177.240.5.174 - - [02/Feb/2023:20:06:04 -0800] "GET /wigner/neumann.html HTTP/1.1" 200 1332 "https://www.google.com/" "Mozilla/5.0 (Windows NT 10.0; Win64; x64) AppleWebKit/537.36 (KHTML, like Gecko) Chrome/109.0.0.0 Safari/537.36" "ysfine.com"
177.240.5.174 - - [02/Feb/2023:20:06:04 -0800] "GET /wigner/neum/pvn05b.jpg HTTP/1.1" 200 45464 "https://ysfine.com/wigner/neumann.html" "Mozilla/5.0 (Windows NT 10.0; Win64; x64) AppleWebKit/537.36 (KHTML, like Gecko) Chrome/109.0.0.0 Safari/537.36" "ysfine.com"
177.240.5.174 - - [02/Feb/2023:20:06:04 -0800] "GET /wigner/neum/vnc01b.jpg HTTP/1.1" 200 47516 "https://ysfine.com/wigner/neumann.html" "Mozilla/5.0 (Windows NT 10.0; Win64; x64) AppleWebKit/537.36 (KHTML, like Gecko) Chrome/109.0.0.0 Safari/537.36" "ysfine.com"
177.240.5.174 - - [02/Feb/2023:20:06:05 -0800] "GET /favicon.ico HTTP/1.1" 404 88 "https://ysfine.com/wigner/neumann.html" "Mozilla/5.0 (Windows NT 10.0; Win64; x64) AppleWebKit/537.36 (KHTML, like Gecko) Chrome/109.0.0.0 Safari/537.36" "ysfine.com"
73.136.216.10 - - [02/Feb/2023:20:06:44 -0800] "GET /feynman/feydirac.jpg HTTP/1.1" 200 98378 "https://www.google.com/" "Mozilla/5.0 (iPhone; CPU iPhone OS 16_2 like Mac OS X) AppleWebKit/605.1.15 (KHTML, like Gecko) CriOS/109.0.5414.112 Mobile/15E148 Safari/604.1" "ysfine.com"
73.136.216.10 - - [02/Feb/2023:20:06:52 -0800] "GET /dirac/dfkim11.jpg HTTP/1.1" 200 102093 "https://www.google.com/" "Mozilla/5.0 (iPhone; CPU iPhone OS 16_2 like Mac OS X) AppleWebKit/605.1.15 (KHTML, like Gecko) CriOS/109.0.5414.112 Mobile/15E148 Safari/604.1" "ysfine.com"
77.75.79.31 - - [02/Feb/2023:20:08:59 -0800] "GET /jobs/koreaj.html HTTP/1.1" 304 - "-" "Mozilla/5.0 (compatible; SeznamBot/4.0-RC1; +http://napoveda.seznam.cz/seznambot-intro/)" "ysfine.com"
40.77.167.192 - - [02/Feb/2023:20:10:58 -0800] "GET /bio/kobak/soraech.html HTTP/1.1" 404 88 "-" "Mozilla/5.0 AppleWebKit/537.36 (KHTML, like Gecko; compatible; bingbot/2.0; +http://www.bing.com/bingbot.htm) Chrome/103.0.5060.134 Safari/537.36" "ysfine.com"
93.158.161.43 - - [02/Feb/2023:20:12:43 -0800] "GET /world/ital/galmil.html HTTP/1.1" 200 1084 "-" "Mozilla/5.0 (compatible; YandexBot/3.0; +http://yandex.com/bots) AppleWebKit/537.36 (KHTML, like Gecko) Chrome/81.0.4044.268" "www.ysfine.com"
95.163.255.63 - - [02/Feb/2023:20:12:46 -0800] "GET /robots.txt HTTP/1.1" 404 73 "-" "Mozilla/5.0 (compatible; Linux x86_64; Mail.RU_Bot/2.0; +https://help.mail.ru/webmaster/indexing/robots)" "www.ysfine.com"
95.163.255.69 - - [02/Feb/2023:20:12:49 -0800] "GET /articles/o33.pdf HTTP/1.1" 401 90 "-" "Mozilla/5.0 (compatible; Linux x86_64; Mail.RU_Bot/2.0; +https://help.mail.ru/webmaster/indexing/robots)" "www.ysfine.com"
207.46.13.104 - - [02/Feb/2023:20:13:19 -0800] "GET /bio/sbk/1950.html HTTP/1.1" 404 88 "-" "Mozilla/5.0 AppleWebKit/537.36 (KHTML, like Gecko; compatible; bingbot/2.0; +http://www.bing.com/bingbot.htm) Chrome/103.0.5060.134 Safari/537.36" "ysfine.com"
66.249.64.168 - - [02/Feb/2023:20:13:38 -0800] "GET /friends/aline/pakis11.jpg HTTP/1.1" 404 88 "-" "Googlebot-Image/1.0" "www.ysfine.com"
207.46.13.104 - - [02/Feb/2023:20:13:57 -0800] "GET /world/baltic/kalin34.jpg HTTP/1.1" 200 83361 "-" "Mozilla/5.0 AppleWebKit/537.36 (KHTML, like Gecko; compatible; bingbot/2.0; +http://www.bing.com/bingbot.htm) Chrome/103.0.5060.134 Safari/537.36" "ysfine.com"
52.167.144.86 - - [02/Feb/2023:20:17:04 -0800] "GET /bio/wigner/e(2).html HTTP/1.1" 404 88 "-" "Mozilla/5.0 AppleWebKit/537.36 (KHTML, like Gecko; compatible; bingbot/2.0; +http://www.bing.com/bingbot.htm) Chrome/103.0.5060.134 Safari/537.36" "ysfine.com"
207.46.13.104 - - [02/Feb/2023:20:17:10 -0800] "GET /bio/style/artlove.html HTTP/1.1" 404 88 "-" "Mozilla/5.0 AppleWebKit/537.36 (KHTML, like Gecko; compatible; bingbot/2.0; +http://www.bing.com/bingbot.htm) Chrome/103.0.5060.134 Safari/537.36" "ysfine.com"
52.167.144.62 - - [02/Feb/2023:20:18:04 -0800] "GET /world/poland/polstu03.jpg HTTP/1.1" 200 83478 "-" "Mozilla/5.0 AppleWebKit/537.36 (KHTML, like Gecko; compatible; bingbot/2.0; +http://www.bing.com/bingbot.htm) Chrome/103.0.5060.134 Safari/537.36" "www.ysfine.com"
51.222.253.4 - - [02/Feb/2023:20:18:53 -0800] "GET /maga/index.html HTTP/1.1" 200 6127 "-" "Mozilla/5.0 (compatible; AhrefsBot/7.0; +http://ahrefs.com/robot/)" "www.ysfine.com"
51.222.253.20 - - [02/Feb/2023:20:18:56 -0800] "GET /home/ewk86a.jpg HTTP/1.1" 200 86008 "-" "Mozilla/5.0 (compatible; AhrefsBot/7.0; +http://ahrefs.com/robot/)" "www.ysfine.com"
51.222.253.1 - - [02/Feb/2023:20:18:58 -0800] "GET /world/ital/stcroce02c.jpg HTTP/1.1" 200 53725 "-" "Mozilla/5.0 (compatible; AhrefsBot/7.0; +http://ahrefs.com/robot/)" "www.ysfine.com"
51.222.253.1 - - [02/Feb/2023:20:18:59 -0800] "GET /feynman/feygell66c.jpg HTTP/1.1" 200 32056 "-" "Mozilla/5.0 (compatible; AhrefsBot/7.0; +http://ahrefs.com/robot/)" "www.ysfine.com"
51.222.253.12 - - [02/Feb/2023:20:19:00 -0800] "GET /maga/phys/canal22c.jpg HTTP/1.1" 200 30307 "-" "Mozilla/5.0 (compatible; AhrefsBot/7.0; +http://ahrefs.com/robot/)" "www.ysfine.com"
51.222.253.14 - - [02/Feb/2023:20:19:00 -0800] "GET /maga/osc300.jpg HTTP/1.1" 200 49873 "-" "Mozilla/5.0 (compatible; AhrefsBot/7.0; +http://ahrefs.com/robot/)" "www.ysfine.com"
51.222.253.11 - - [02/Feb/2023:20:19:01 -0800] "GET /wdc/jeffm02c.jpg HTTP/1.1" 200 27659 "-" "Mozilla/5.0 (compatible; AhrefsBot/7.0; +http://ahrefs.com/robot/)" "www.ysfine.com"
51.222.253.10 - - [02/Feb/2023:20:19:01 -0800] "GET /maga/phys/maxwell02c.jpg HTTP/1.1" 200 34545 "-" "Mozilla/5.0 (compatible; AhrefsBot/7.0; +http://ahrefs.com/robot/)" "www.ysfine.com"
51.222.253.9 - - [02/Feb/2023:20:19:02 -0800] "GET /dirac/dirac77c.jpg HTTP/1.1" 200 30547 "-" "Mozilla/5.0 (compatible; AhrefsBot/7.0; +http://ahrefs.com/robot/)" "www.ysfine.com"
51.222.253.5 - - [02/Feb/2023:20:19:02 -0800] "GET /maga/phys/bohrheis11c.jpg HTTP/1.1" 200 41285 "-" "Mozilla/5.0 (compatible; AhrefsBot/7.0; +http://ahrefs.com/robot/)" "www.ysfine.com"
51.222.253.3 - - [02/Feb/2023:20:19:03 -0800] "GET /world/baltic/kalin12c.jpg HTTP/1.1" 200 31031 "-" "Mozilla/5.0 (compatible; AhrefsBot/7.0; +http://ahrefs.com/robot/)" "www.ysfine.com"
51.222.253.14 - - [02/Feb/2023:20:19:03 -0800] "GET /wigner/lunch300.jpg HTTP/1.1" 200 31870 "-" "Mozilla/5.0 (compatible; AhrefsBot/7.0; +http://ahrefs.com/robot/)" "www.ysfine.com"
51.222.253.17 - - [02/Feb/2023:20:19:04 -0800] "GET /usca/pitt/giants55c.jpg HTTP/1.1" 200 47404 "-" "Mozilla/5.0 (compatible; AhrefsBot/7.0; +http://ahrefs.com/robot/)" "www.ysfine.com"
52.167.144.62 - - [02/Feb/2023:20:19:42 -0800] "GET /world/ital/verona01.jpg HTTP/1.1" 200 90539 "-" "Mozilla/5.0 AppleWebKit/537.36 (KHTML, like Gecko; compatible; bingbot/2.0; +http://www.bing.com/bingbot.htm) Chrome/103.0.5060.134 Safari/537.36" "ysfine.com"
40.77.167.192 - - [02/Feb/2023:20:20:30 -0800] "GET /bio.html HTTP/1.1" 200 18260 "-" "Mozilla/5.0 AppleWebKit/537.36 (KHTML, like Gecko; compatible; bingbot/2.0; +http://www.bing.com/bingbot.htm) Chrome/103.0.5060.134 Safari/537.36" "ysfine.com"
216.244.66.229 - - [02/Feb/2023:20:23:29 -0800] "GET /robots.txt HTTP/1.1" 404 73 "-" "Mozilla/5.0 (compatible; DotBot/1.2; +https://opensiteexplorer.org/dotbot; help@moz.com)" "www.ysfine.com"
216.244.66.229 - - [02/Feb/2023:20:26:17 -0800] "GET /world/spain/bcn25.jpg HTTP/1.1" 200 203097 "-" "Mozilla/5.0 (compatible; DotBot/1.2; +https://opensiteexplorer.org/dotbot; help@moz.com)" "www.ysfine.com"
71.178.208.102 - - [02/Feb/2023:20:26:24 -0800] "GET /photos/photo07.jpg HTTP/1.1" 200 95504 "https://www.ysfine.com/bio21.html" "Mozilla/5.0 (Windows NT 10.0; Win64; x64; rv:109.0) Gecko/20100101 Firefox/109.0" "www.ysfine.com"
216.244.66.229 - - [02/Feb/2023:20:26:50 -0800] "GET /world/spain/lisbon33.jpg HTTP/1.1" 200 185007 "-" "Mozilla/5.0 (compatible; DotBot/1.2; +https://opensiteexplorer.org/dotbot; help@moz.com)" "www.ysfine.com"
180.249.211.23 - - [02/Feb/2023:20:27:12 -0800] "GET /maga/phil/herod33b.jpg HTTP/1.1" 200 89384 "https://id.images.search.yahoo.com/search/images;_ylt=AwrKDryDjNxjy680PTTNQwx.;_ylu=c2VjA3NlYXJjaARzbGsDYnV0dG9u;_ylc=X1MDMjExNDczMzAwNQRfcgMyBGZyA21jYWZlZQRmcjIDcDpzLHY6aSxtOnNiLXRvcARncHJpZAMxZERFTHFmTlNWT2NzNkVlSlNPNFJBBG5fcnNsdAMwBG5fc3VnZwMwBG9yaWdpbgNpZC5pbWFnZXMuc2VhcmNoLnlhaG9vLmNvbQRwb3MDMARwcXN0cgMEcHFzdHJsAzAEcXN0cmwDMjEEcXVlcnkDaGVyb2QlMjBraWxsJTIwdGhlJTIwYmFiaWVzBHRfc3RtcAMxNjc1Mzk4NDAy?p=herod+kill+the+babies&fr=mcafee&fr2=p%3As%2Cv%3Ai%2Cm%3Asb-top&ei=UTF-8&x=wrt&type=E211ID885G91648" "Mozilla/5.0 (Windows NT 10.0; Win64; x64) AppleWebKit/537.36 (KHTML, like Gecko) Chrome/109.0.0.0 Safari/537.36" "ysfine.com"
180.249.211.23 - - [02/Feb/2023:20:27:12 -0800] "GET /maga/phil/herod11b.jpg HTTP/1.1" 200 152001 "https://id.images.search.yahoo.com/search/images;_ylt=AwrKDryDjNxjy680PTTNQwx.;_ylu=c2VjA3NlYXJjaARzbGsDYnV0dG9u;_ylc=X1MDMjExNDczMzAwNQRfcgMyBGZyA21jYWZlZQRmcjIDcDpzLHY6aSxtOnNiLXRvcARncHJpZAMxZERFTHFmTlNWT2NzNkVlSlNPNFJBBG5fcnNsdAMwBG5fc3VnZwMwBG9yaWdpbgNpZC5pbWFnZXMuc2VhcmNoLnlhaG9vLmNvbQRwb3MDMARwcXN0cgMEcHFzdHJsAzAEcXN0cmwDMjEEcXVlcnkDaGVyb2QlMjBraWxsJTIwdGhlJTIwYmFiaWVzBHRfc3RtcAMxNjc1Mzk4NDAy?p=herod+kill+the+babies&fr=mcafee&fr2=p%3As%2Cv%3Ai%2Cm%3Asb-top&ei=UTF-8&x=wrt&type=E211ID885G91648" "Mozilla/5.0 (Windows NT 10.0; Win64; x64) AppleWebKit/537.36 (KHTML, like Gecko) Chrome/109.0.0.0 Safari/537.36" "ysfine.com"
40.77.167.192 - - [02/Feb/2023:20:27:20 -0800] "GET /wdc/gtown24.jpg HTTP/1.1" 200 88013 "-" "Mozilla/5.0 AppleWebKit/537.36 (KHTML, like Gecko; compatible; bingbot/2.0; +http://www.bing.com/bingbot.htm) Chrome/103.0.5060.134 Safari/537.36" "www.ysfine.com"
216.244.66.229 - - [02/Feb/2023:20:27:20 -0800] "GET /world/spain/sala09.jpg HTTP/1.1" 200 199271 "-" "Mozilla/5.0 (compatible; DotBot/1.2; +https://opensiteexplorer.org/dotbot; help@moz.com)" "www.ysfine.com"
52.167.144.39 - - [02/Feb/2023:20:27:24 -0800] "GET /dirac/dirk6201.jpg HTTP/1.1" 200 51283 "-" "Mozilla/5.0 AppleWebKit/537.36 (KHTML, like Gecko; compatible; bingbot/2.0; +http://www.bing.com/bingbot.htm) Chrome/103.0.5060.134 Safari/537.36" "ysfine.com"
98.207.92.154 - - [02/Feb/2023:20:27:36 -0800] "GET /kowar/sampal01.jpg HTTP/1.1" 200 141262 "https://www.google.com/" "Mozilla/5.0 (Macintosh; Intel Mac OS X 10_15_7) AppleWebKit/537.36 (KHTML, like Gecko) Chrome/109.0.0.0 Safari/537.36" "ysfine.com"
71.178.208.102 - - [02/Feb/2023:20:28:48 -0800] "GET /ys11/index.html HTTP/1.1" 304 - "https://www.bing.com/" "Mozilla/5.0 (Windows NT 10.0; Win64; x64; rv:109.0) Gecko/20100101 Firefox/109.0" "www.ysfine.com"
71.178.208.102 - - [02/Feb/2023:20:28:55 -0800] "GET /ys22/dondon.html HTTP/1.1" 401 90 "https://www.ysfine.com/ys11/index.html" "Mozilla/5.0 (Windows NT 10.0; Win64; x64; rv:109.0) Gecko/20100101 Firefox/109.0" "www.ysfine.com"
71.178.208.102 - jake [02/Feb/2023:20:28:57 -0800] "GET /ys22/dondon.html HTTP/1.1" 304 - "https://www.ysfine.com/ys11/index.html" "Mozilla/5.0 (Windows NT 10.0; Win64; x64; rv:109.0) Gecko/20100101 Firefox/109.0" "www.ysfine.com"
35.86.136.157 - - [02/Feb/2023:20:29:27 -0800] "GET / HTTP/1.1" 200 5295 "-" "Mozilla/5.0 (X11; Linux x86_64) AppleWebKit/537.36 (KHTML, like Gecko) Chrome/83.0.4103.97 Safari/537.36" "ysfine.com"
52.12.189.137 - - [02/Feb/2023:20:29:31 -0800] "GET / HTTP/1.1" 200 5295 "-" "Mozilla/5.0 (X11; Linux x86_64) AppleWebKit/537.36 (KHTML, like Gecko) Chrome/83.0.4103.97 Safari/537.36" "ysfine.com"
40.77.167.192 - - [02/Feb/2023:20:29:39 -0800] "GET /feynman/feyjad33b.jpg HTTP/1.1" 200 32306 "-" "Mozilla/5.0 AppleWebKit/537.36 (KHTML, like Gecko; compatible; bingbot/2.0; +http://www.bing.com/bingbot.htm) Chrome/103.0.5060.134 Safari/537.36" "ysfine.com"
35.91.96.97 - - [02/Feb/2023:20:30:09 -0800] "GET /favicon.ico HTTP/1.1" 404 88 "-" "Mozilla/5.0 (X11; Linux x86_64) AppleWebKit/537.36 (KHTML, like Gecko) Chrome/83.0.4103.97 Safari/537.36" "ysfine.com"
35.91.96.97 - - [02/Feb/2023:20:30:12 -0800] "GET / HTTP/1.1" 200 5295 "-" "Mozilla/5.0 (X11; Linux x86_64) AppleWebKit/537.36 (KHTML, like Gecko) Chrome/83.0.4103.97 Safari/537.36" "ysfine.com"
207.46.13.104 - - [02/Feb/2023:20:32:20 -0800] "GET /world/russ/czar02.jpg HTTP/1.1" 200 36838 "-" "Mozilla/5.0 AppleWebKit/537.36 (KHTML, like Gecko; compatible; bingbot/2.0; +http://www.bing.com/bingbot.htm) Chrome/103.0.5060.134 Safari/537.36" "ysfine.com"
51.222.253.9 - - [02/Feb/2023:20:34:36 -0800] "GET /dirac/dirfeyn.html HTTP/1.1" 200 6341 "-" "Mozilla/5.0 (compatible; AhrefsBot/7.0; +http://ahrefs.com/robot/)" "ysfine.com"
207.46.13.64 - - [02/Feb/2023:20:34:38 -0800] "GET /wdc/umd08.jpg HTTP/1.1" 200 80148 "-" "Mozilla/5.0 AppleWebKit/537.36 (KHTML, like Gecko; compatible; bingbot/2.0; +http://www.bing.com/bingbot.htm) Chrome/103.0.5060.134 Safari/537.36" "ysfine.com"
51.222.253.17 - - [02/Feb/2023:20:34:44 -0800] "GET /dirac/sq73c.jpg HTTP/1.1" 200 35501 "-" "Mozilla/5.0 (compatible; AhrefsBot/7.0; +http://ahrefs.com/robot/)" "ysfine.com"
51.222.253.19 - - [02/Feb/2023:20:34:45 -0800] "GET /dirac/nicodem11c.jpg HTTP/1.1" 200 72684 "-" "Mozilla/5.0 (compatible; AhrefsBot/7.0; +http://ahrefs.com/robot/)" "ysfine.com"
51.222.253.16 - - [02/Feb/2023:20:34:45 -0800] "GET /dirac/dfkim11c.jpg HTTP/1.1" 200 34801 "-" "Mozilla/5.0 (compatible; AhrefsBot/7.0; +http://ahrefs.com/robot/)" "ysfine.com"
51.222.253.3 - - [02/Feb/2023:20:34:46 -0800] "GET /feynman/jacdrum11c.jpg HTTP/1.1" 200 39178 "-" "Mozilla/5.0 (compatible; AhrefsBot/7.0; +http://ahrefs.com/robot/)" "ysfine.com"
51.222.253.13 - - [02/Feb/2023:20:34:46 -0800] "GET /people/sbt11c.jpg HTTP/1.1" 200 31479 "-" "Mozilla/5.0 (compatible; AhrefsBot/7.0; +http://ahrefs.com/robot/)" "ysfine.com"
51.222.253.15 - - [02/Feb/2023:20:34:46 -0800] "GET /wigner/isomor66c.jpg HTTP/1.1" 200 47632 "-" "Mozilla/5.0 (compatible; AhrefsBot/7.0; +http://ahrefs.com/robot/)" "ysfine.com"
51.222.253.9 - - [02/Feb/2023:20:34:47 -0800] "GET /dirac/dirackn33c.jpg HTTP/1.1" 200 50420 "-" "Mozilla/5.0 (compatible; AhrefsBot/7.0; +http://ahrefs.com/robot/)" "ysfine.com"
207.46.13.104 - - [02/Feb/2023:20:35:41 -0800] "GET /bio/kobak/yskor.html HTTP/1.1" 404 88 "-" "Mozilla/5.0 AppleWebKit/537.36 (KHTML, like Gecko; compatible; bingbot/2.0; +http://www.bing.com/bingbot.htm) Chrome/103.0.5060.134 Safari/537.36" "ysfine.com"
174.239.32.104 - - [02/Feb/2023:20:35:45 -0800] "GET /kowar/panmun04.jpg HTTP/1.1" 200 126386 "https://www.google.com/" "Mozilla/5.0 (iPhone; CPU iPhone OS 16_1_1 like Mac OS X) AppleWebKit/605.1.15 (KHTML, like Gecko) Version/16.1 Mobile/15E148 Safari/604.1" "ysfine.com"
52.167.144.39 - - [02/Feb/2023:20:36:33 -0800] "GET /wdc/obelisk44.jpg HTTP/1.1" 200 85775 "-" "Mozilla/5.0 AppleWebKit/537.36 (KHTML, like Gecko; compatible; bingbot/2.0; +http://www.bing.com/bingbot.htm) Chrome/103.0.5060.134 Safari/537.36" "ysfine.com"
71.178.208.102 - - [02/Feb/2023:20:37:26 -0800] "GET /ys11/ HTTP/1.1" 304 - "-" "Mozilla/5.0 (Windows NT 10.0; Win64; x64) AppleWebKit/537.36 (KHTML, like Gecko) Chrome/109.0.0.0 Safari/537.36 Edg/109.0.1518.70" "ysfine.com"
71.178.208.102 - - [02/Feb/2023:20:37:29 -0800] "GET /bio21.html HTTP/1.1" 200 5117 "https://ysfine.com/ys11/" "Mozilla/5.0 (Windows NT 10.0; Win64; x64) AppleWebKit/537.36 (KHTML, like Gecko) Chrome/109.0.0.0 Safari/537.36 Edg/109.0.1518.70" "ysfine.com"
71.178.208.102 - - [02/Feb/2023:20:37:29 -0800] "GET /photos/photo02a.jpg HTTP/1.1" 200 85153 "https://ysfine.com/bio21.html" "Mozilla/5.0 (Windows NT 10.0; Win64; x64) AppleWebKit/537.36 (KHTML, like Gecko) Chrome/109.0.0.0 Safari/537.36 Edg/109.0.1518.70" "ysfine.com"
71.178.208.102 - - [02/Feb/2023:20:37:29 -0800] "GET /photos/photo10a.jpg HTTP/1.1" 200 73988 "https://ysfine.com/bio21.html" "Mozilla/5.0 (Windows NT 10.0; Win64; x64) AppleWebKit/537.36 (KHTML, like Gecko) Chrome/109.0.0.0 Safari/537.36 Edg/109.0.1518.70" "ysfine.com"
71.178.208.102 - - [02/Feb/2023:20:37:29 -0800] "GET /photos/photo01a.jpg HTTP/1.1" 200 78798 "https://ysfine.com/bio21.html" "Mozilla/5.0 (Windows NT 10.0; Win64; x64) AppleWebKit/537.36 (KHTML, like Gecko) Chrome/109.0.0.0 Safari/537.36 Edg/109.0.1518.70" "ysfine.com"
71.178.208.102 - - [02/Feb/2023:20:37:29 -0800] "GET /photos/photo03a.jpg HTTP/1.1" 200 49471 "https://ysfine.com/bio21.html" "Mozilla/5.0 (Windows NT 10.0; Win64; x64) AppleWebKit/537.36 (KHTML, like Gecko) Chrome/109.0.0.0 Safari/537.36 Edg/109.0.1518.70" "ysfine.com"
71.178.208.102 - - [02/Feb/2023:20:37:29 -0800] "GET /photos/photo05a.jpg HTTP/1.1" 200 102807 "https://ysfine.com/bio21.html" "Mozilla/5.0 (Windows NT 10.0; Win64; x64) AppleWebKit/537.36 (KHTML, like Gecko) Chrome/109.0.0.0 Safari/537.36 Edg/109.0.1518.70" "ysfine.com"
71.178.208.102 - - [02/Feb/2023:20:37:29 -0800] "GET /photos/photo08a.jpg HTTP/1.1" 200 61579 "https://ysfine.com/bio21.html" "Mozilla/5.0 (Windows NT 10.0; Win64; x64) AppleWebKit/537.36 (KHTML, like Gecko) Chrome/109.0.0.0 Safari/537.36 Edg/109.0.1518.70" "ysfine.com"
71.178.208.102 - - [02/Feb/2023:20:37:29 -0800] "GET /photos/photo12a.jpg HTTP/1.1" 200 77596 "https://ysfine.com/bio21.html" "Mozilla/5.0 (Windows NT 10.0; Win64; x64) AppleWebKit/537.36 (KHTML, like Gecko) Chrome/109.0.0.0 Safari/537.36 Edg/109.0.1518.70" "ysfine.com"
71.178.208.102 - - [02/Feb/2023:20:37:29 -0800] "GET /photos/photo07a.jpg HTTP/1.1" 200 49266 "https://ysfine.com/bio21.html" "Mozilla/5.0 (Windows NT 10.0; Win64; x64) AppleWebKit/537.36 (KHTML, like Gecko) Chrome/109.0.0.0 Safari/537.36 Edg/109.0.1518.70" "ysfine.com"
71.178.208.102 - - [02/Feb/2023:20:37:29 -0800] "GET /photos/photo09a.jpg HTTP/1.1" 200 54651 "https://ysfine.com/bio21.html" "Mozilla/5.0 (Windows NT 10.0; Win64; x64) AppleWebKit/537.36 (KHTML, like Gecko) Chrome/109.0.0.0 Safari/537.36 Edg/109.0.1518.70" "ysfine.com"
71.178.208.102 - - [02/Feb/2023:20:37:29 -0800] "GET /photos/photo06a.jpg HTTP/1.1" 200 119347 "https://ysfine.com/bio21.html" "Mozilla/5.0 (Windows NT 10.0; Win64; x64) AppleWebKit/537.36 (KHTML, like Gecko) Chrome/109.0.0.0 Safari/537.36 Edg/109.0.1518.70" "ysfine.com"
71.178.208.102 - - [02/Feb/2023:20:37:29 -0800] "GET /photos/photo04a.jpg HTTP/1.1" 200 101869 "https://ysfine.com/bio21.html" "Mozilla/5.0 (Windows NT 10.0; Win64; x64) AppleWebKit/537.36 (KHTML, like Gecko) Chrome/109.0.0.0 Safari/537.36 Edg/109.0.1518.70" "ysfine.com"
71.178.208.102 - - [02/Feb/2023:20:37:29 -0800] "GET /photos/photo11a.jpg HTTP/1.1" 200 76545 "https://ysfine.com/bio21.html" "Mozilla/5.0 (Windows NT 10.0; Win64; x64) AppleWebKit/537.36 (KHTML, like Gecko) Chrome/109.0.0.0 Safari/537.36 Edg/109.0.1518.70" "ysfine.com"
192.210.188.134 - - [02/Feb/2023:20:37:51 -0800] "GET / HTTP/1.1" 200 5295 "http://ysfine.com" "Mozilla/5.0 (Windows NT 10.0; Win64; x64) AppleWebKit/537.36 (KHTML, like Gecko) Chrome/103.0.0.0 YaBrowser/22.7.0 Yowser/2.5 Safari/537.36" "ysfine.com"
192.210.188.134 - - [02/Feb/2023:20:37:52 -0800] "GET /jobs/index.html HTTP/1.1" 200 123 "http://ysfine.com/jobs/index.html" "Mozilla/5.0 (Windows NT 10.0; Win64; x64) AppleWebKit/537.36 (KHTML, like Gecko) Chrome/103.0.0.0 YaBrowser/22.7.0 Yowser/2.5 Safari/537.36" "ysfine.com"
192.210.188.134 - - [02/Feb/2023:20:37:53 -0800] "GET /style/stbot.html HTTP/1.1" 200 122 "http://ysfine.com/style/stbot.html" "Mozilla/5.0 (Windows NT 10.0; Win64; x64) AppleWebKit/537.36 (KHTML, like Gecko) Chrome/103.0.0.0 YaBrowser/22.7.0 Yowser/2.5 Safari/537.36" "ysfine.com"
192.210.188.134 - - [02/Feb/2023:20:37:54 -0800] "GET /eink/mose.html HTTP/1.1" 200 14315 "http://ysfine.com/eink/mose.html" "Mozilla/5.0 (Windows NT 10.0; Win64; x64) AppleWebKit/537.36 (KHTML, like Gecko) Chrome/103.0.0.0 YaBrowser/22.7.0 Yowser/2.5 Safari/537.36" "ysfine.com"
192.210.188.134 - - [02/Feb/2023:20:37:55 -0800] "GET /world/ysworld.html HTTP/1.1" 200 3224 "http://ysfine.com/world/ysworld.html" "Mozilla/5.0 (Windows NT 10.0; Win64; x64) AppleWebKit/537.36 (KHTML, like Gecko) Chrome/103.0.0.0 YaBrowser/22.7.0 Yowser/2.5 Safari/537.36" "ysfine.com"
192.210.188.134 - - [02/Feb/2023:20:37:56 -0800] "GET /bio.html HTTP/1.1" 200 18260 "http://ysfine.com/bio.html" "Mozilla/5.0 (Windows NT 10.0; Win64; x64) AppleWebKit/537.36 (KHTML, like Gecko) Chrome/103.0.0.0 YaBrowser/22.7.0 Yowser/2.5 Safari/537.36" "ysfine.com"
192.210.188.134 - - [02/Feb/2023:20:37:57 -0800] "GET /princeton/yspr.html HTTP/1.1" 200 5470 "http://ysfine.com/princeton/yspr.html" "Mozilla/5.0 (Windows NT 10.0; Win64; x64) AppleWebKit/537.36 (KHTML, like Gecko) Chrome/103.0.0.0 YaBrowser/22.7.0 Yowser/2.5 Safari/537.36" "ysfine.com"
192.210.188.134 - - [02/Feb/2023:20:37:57 -0800] "GET /eink/index.html HTTP/1.1" 200 17716 "http://ysfine.com/eink/index.html" "Mozilla/5.0 (Windows NT 10.0; Win64; x64) AppleWebKit/537.36 (KHTML, like Gecko) Chrome/103.0.0.0 YaBrowser/22.7.0 Yowser/2.5 Safari/537.36" "ysfine.com"
192.210.188.134 - - [02/Feb/2023:20:37:58 -0800] "GET /einstein/index.html HTTP/1.1" 200 135 "http://ysfine.com/einstein/index.html" "Mozilla/5.0 (Windows NT 10.0; Win64; x64) AppleWebKit/537.36 (KHTML, like Gecko) Chrome/103.0.0.0 YaBrowser/22.7.0 Yowser/2.5 Safari/537.36" "ysfine.com"
192.210.188.134 - - [02/Feb/2023:20:37:59 -0800] "GET /bio09.html HTTP/1.1" 200 12731 "http://ysfine.com/bio09.html" "Mozilla/5.0 (Windows NT 10.0; Win64; x64) AppleWebKit/537.36 (KHTML, like Gecko) Chrome/103.0.0.0 YaBrowser/22.7.0 Yowser/2.5 Safari/537.36" "ysfine.com"
192.210.188.134 - - [02/Feb/2023:20:38:00 -0800] "GET /home/index.html HTTP/1.1" 200 142 "http://ysfine.com/home/index.html" "Mozilla/5.0 (Windows NT 10.0; Win64; x64) AppleWebKit/537.36 (KHTML, like Gecko) Chrome/103.0.0.0 YaBrowser/22.7.0 Yowser/2.5 Safari/537.36" "ysfine.com"
192.210.188.134 - - [02/Feb/2023:20:38:01 -0800] "GET /yspapers/index.html HTTP/1.1" 200 21304 "http://ysfine.com/yspapers/index.html" "Mozilla/5.0 (Windows NT 10.0; Win64; x64) AppleWebKit/537.36 (KHTML, like Gecko) Chrome/103.0.0.0 YaBrowser/22.7.0 Yowser/2.5 Safari/537.36" "ysfine.com"
192.210.188.134 - - [02/Feb/2023:20:38:02 -0800] "GET /home/bio22.html HTTP/1.1" 404 88 "http://ysfine.com/home/bio22.html" "Mozilla/5.0 (Windows NT 10.0; Win64; x64) AppleWebKit/537.36 (KHTML, like Gecko) Chrome/103.0.0.0 YaBrowser/22.7.0 Yowser/2.5 Safari/537.36" "ysfine.com"
192.210.188.134 - - [02/Feb/2023:20:38:03 -0800] "GET /feynman/index.html HTTP/1.1" 200 124 "http://ysfine.com/feynman/index.html" "Mozilla/5.0 (Windows NT 10.0; Win64; x64) AppleWebKit/537.36 (KHTML, like Gecko) Chrome/103.0.0.0 YaBrowser/22.7.0 Yowser/2.5 Safari/537.36" "ysfine.com"
192.210.188.134 - - [02/Feb/2023:20:38:04 -0800] "GET /sbk/index.html HTTP/1.1" 200 198 "http://ysfine.com/sbk/index.html" "Mozilla/5.0 (Windows NT 10.0; Win64; x64) AppleWebKit/537.36 (KHTML, like Gecko) Chrome/103.0.0.0 YaBrowser/22.7.0 Yowser/2.5 Safari/537.36" "ysfine.com"
192.210.188.134 - - [02/Feb/2023:20:38:05 -0800] "GET /people/peo.html HTTP/1.1" 200 13502 "http://ysfine.com/people/peo.html" "Mozilla/5.0 (Windows NT 10.0; Win64; x64) AppleWebKit/537.36 (KHTML, like Gecko) Chrome/103.0.0.0 YaBrowser/22.7.0 Yowser/2.5 Safari/537.36" "ysfine.com"
192.210.188.134 - - [02/Feb/2023:20:38:06 -0800] "GET /houses/myhouse.html HTTP/1.1" 200 1473 "http://ysfine.com/houses/myhouse.html" "Mozilla/5.0 (Windows NT 10.0; Win64; x64) AppleWebKit/537.36 (KHTML, like Gecko) Chrome/103.0.0.0 YaBrowser/22.7.0 Yowser/2.5 Safari/537.36" "ysfine.com"
192.210.188.134 - - [02/Feb/2023:20:38:06 -0800] "GET /kobak/index.html HTTP/1.1" 200 130 "http://ysfine.com/kobak/index.html" "Mozilla/5.0 (Windows NT 10.0; Win64; x64) AppleWebKit/537.36 (KHTML, like Gecko) Chrome/103.0.0.0 YaBrowser/22.7.0 Yowser/2.5 Safari/537.36" "ysfine.com"
192.210.188.134 - - [02/Feb/2023:20:38:07 -0800] "GET /wdc/index.html HTTP/1.1" 200 141 "http://ysfine.com/wdc/index.html" "Mozilla/5.0 (Windows NT 10.0; Win64; x64) AppleWebKit/537.36 (KHTML, like Gecko) Chrome/103.0.0.0 YaBrowser/22.7.0 Yowser/2.5 Safari/537.36" "ysfine.com"
192.210.188.134 - - [02/Feb/2023:20:38:08 -0800] "GET /usca/pgh.html HTTP/1.1" 200 13572 "http://ysfine.com/usca/pgh.html" "Mozilla/5.0 (Windows NT 10.0; Win64; x64) AppleWebKit/537.36 (KHTML, like Gecko) Chrome/103.0.0.0 YaBrowser/22.7.0 Yowser/2.5 Safari/537.36" "ysfine.com"
192.210.188.134 - - [02/Feb/2023:20:38:09 -0800] "GET /home/genea.html HTTP/1.1" 200 2872 "http://ysfine.com/home/genea.html" "Mozilla/5.0 (Windows NT 10.0; Win64; x64) AppleWebKit/537.36 (KHTML, like Gecko) Chrome/103.0.0.0 YaBrowser/22.7.0 Yowser/2.5 Safari/537.36" "ysfine.com"
192.210.188.134 - - [02/Feb/2023:20:38:10 -0800] "GET /princeton/index.html HTTP/1.1" 200 140 "http://ysfine.com/princeton/index.html" "Mozilla/5.0 (Windows NT 10.0; Win64; x64) AppleWebKit/537.36 (KHTML, like Gecko) Chrome/103.0.0.0 YaBrowser/22.7.0 Yowser/2.5 Safari/537.36" "ysfine.com"
192.210.188.134 - - [02/Feb/2023:20:38:11 -0800] "GET /home/dwf.html HTTP/1.1" 200 4126 "http://ysfine.com/home/dwf.html" "Mozilla/5.0 (Windows NT 10.0; Win64; x64) AppleWebKit/537.36 (KHTML, like Gecko) Chrome/103.0.0.0 YaBrowser/22.7.0 Yowser/2.5 Safari/537.36" "ysfine.com"
192.210.188.134 - - [02/Feb/2023:20:38:12 -0800] "GET /awards/index.html HTTP/1.1" 200 10082 "http://ysfine.com/awards/index.html" "Mozilla/5.0 (Windows NT 10.0; Win64; x64) AppleWebKit/537.36 (KHTML, like Gecko) Chrome/103.0.0.0 YaBrowser/22.7.0 Yowser/2.5 Safari/537.36" "ysfine.com"
192.210.188.134 - - [02/Feb/2023:20:38:13 -0800] "GET /dirac/index.html HTTP/1.1" 200 124 "http://ysfine.com/dirac/index.html" "Mozilla/5.0 (Windows NT 10.0; Win64; x64) AppleWebKit/537.36 (KHTML, like Gecko) Chrome/103.0.0.0 YaBrowser/22.7.0 Yowser/2.5 Safari/537.36" "ysfine.com"
192.210.188.134 - - [02/Feb/2023:20:38:14 -0800] "GET /maga/herod.html HTTP/1.1" 200 4341 "http://ysfine.com/maga/herod.html" "Mozilla/5.0 (Windows NT 10.0; Win64; x64) AppleWebKit/537.36 (KHTML, like Gecko) Chrome/103.0.0.0 YaBrowser/22.7.0 Yowser/2.5 Safari/537.36" "ysfine.com"
192.210.188.134 - - [02/Feb/2023:20:38:14 -0800] "GET /dirac/dirk62.html HTTP/1.1" 200 3949 "http://ysfine.com/dirac/dirk62.html" "Mozilla/5.0 (Windows NT 10.0; Win64; x64) AppleWebKit/537.36 (KHTML, like Gecko) Chrome/103.0.0.0 YaBrowser/22.7.0 Yowser/2.5 Safari/537.36" "ysfine.com"
192.210.188.134 - - [02/Feb/2023:20:38:15 -0800] "GET /home/dashen.html HTTP/1.1" 200 4015 "http://ysfine.com/home/dashen.html" "Mozilla/5.0 (Windows NT 10.0; Win64; x64) AppleWebKit/537.36 (KHTML, like Gecko) Chrome/103.0.0.0 YaBrowser/22.7.0 Yowser/2.5 Safari/537.36" "ysfine.com"
192.210.188.134 - - [02/Feb/2023:20:38:16 -0800] "GET /wigner/index.html HTTP/1.1" 200 124 "http://ysfine.com/wigner/index.html" "Mozilla/5.0 (Windows NT 10.0; Win64; x64) AppleWebKit/537.36 (KHTML, like Gecko) Chrome/103.0.0.0 YaBrowser/22.7.0 Yowser/2.5 Safari/537.36" "ysfine.com"
192.210.188.134 - - [02/Feb/2023:20:38:17 -0800] "GET /home/easy.html HTTP/1.1" 200 7877 "http://ysfine.com/home/easy.html" "Mozilla/5.0 (Windows NT 10.0; Win64; x64) AppleWebKit/537.36 (KHTML, like Gecko) Chrome/103.0.0.0 YaBrowser/22.7.0 Yowser/2.5 Safari/537.36" "ysfine.com"
192.210.188.134 - - [02/Feb/2023:20:38:18 -0800] "GET /wigner/wigner39.html HTTP/1.1" 200 330 "http://ysfine.com/wigner/wigner39.html" "Mozilla/5.0 (Windows NT 10.0; Win64; x64) AppleWebKit/537.36 (KHTML, like Gecko) Chrome/103.0.0.0 YaBrowser/22.7.0 Yowser/2.5 Safari/537.36" "ysfine.com"
141.95.33.199 - - [02/Feb/2023:20:40:29 -0800] "GET /world/ital/vatican33b.jpg HTTP/1.1" 200 38167 "-" "-" "www.ysfine.com"
141.95.33.199 - - [02/Feb/2023:20:40:29 -0800] "GET /style/musee/vatican33b.jpg HTTP/1.1" 200 38167 "-" "-" "www.ysfine.com"
35.91.71.96 - - [02/Feb/2023:20:40:47 -0800] "GET /favicon.ico HTTP/1.1" 404 88 "http://ysfine.com/favicon.ico" "Mozilla/5.0 (X11; Linux x86_64) AppleWebKit/537.36 (KHTML, like Gecko) Chrome/83.0.4103.97 Safari/537.36" "ysfine.com"
35.91.71.96 - - [02/Feb/2023:20:40:47 -0800] "GET / HTTP/1.1" 200 5295 "http://ysfine.com" "Mozilla/5.0 (X11; Linux x86_64) AppleWebKit/537.36 (KHTML, like Gecko) Chrome/83.0.4103.97 Safari/537.36" "ysfine.com"
52.167.144.86 - - [02/Feb/2023:20:41:16 -0800] "GET /world/polandw.html HTTP/1.1" 200 17896 "-" "Mozilla/5.0 AppleWebKit/537.36 (KHTML, like Gecko; compatible; bingbot/2.0; +http://www.bing.com/bingbot.htm) Chrome/103.0.5060.134 Safari/537.36" "www.ysfine.com"
52.167.144.86 - - [02/Feb/2023:20:41:16 -0800] "GET /world/polandk.html HTTP/1.1" 200 5994 "-" "Mozilla/5.0 AppleWebKit/537.36 (KHTML, like Gecko; compatible; bingbot/2.0; +http://www.bing.com/bingbot.htm) Chrome/103.0.5060.134 Safari/537.36" "www.ysfine.com"
40.77.167.192 - - [02/Feb/2023:20:41:19 -0800] "GET /dirac/dirfeyn.html HTTP/1.1" 200 6341 "-" "Mozilla/5.0 AppleWebKit/537.36 (KHTML, like Gecko; compatible; bingbot/2.0; +http://www.bing.com/bingbot.htm) Chrome/103.0.5060.134 Safari/537.36" "www.ysfine.com"
207.46.13.64 - - [02/Feb/2023:20:41:20 -0800] "GET /maga/bohrdc.html HTTP/1.1" 200 4181 "-" "Mozilla/5.0 AppleWebKit/537.36 (KHTML, like Gecko; compatible; bingbot/2.0; +http://www.bing.com/bingbot.htm) Chrome/103.0.5060.134 Safari/537.36" "www.ysfine.com"
207.46.13.64 - - [02/Feb/2023:20:41:20 -0800] "GET /einstein/einbohr.html HTTP/1.1" 200 6142 "-" "Mozilla/5.0 AppleWebKit/537.36 (KHTML, like Gecko; compatible; bingbot/2.0; +http://www.bing.com/bingbot.htm) Chrome/103.0.5060.134 Safari/537.36" "www.ysfine.com"
207.46.13.104 - - [02/Feb/2023:20:41:20 -0800] "GET /usca/pgh22.html HTTP/1.1" 200 11391 "-" "Mozilla/5.0 AppleWebKit/537.36 (KHTML, like Gecko; compatible; bingbot/2.0; +http://www.bing.com/bingbot.htm) Chrome/103.0.5060.134 Safari/537.36" "www.ysfine.com"
52.167.144.39 - - [02/Feb/2023:20:41:26 -0800] "GET /world/brit/etonharrow.html HTTP/1.1" 200 4544 "-" "Mozilla/5.0 AppleWebKit/537.36 (KHTML, like Gecko; compatible; bingbot/2.0; +http://www.bing.com/bingbot.htm) Chrome/103.0.5060.134 Safari/537.36" "www.ysfine.com"
52.167.144.39 - - [02/Feb/2023:20:41:26 -0800] "GET /maga/schroedinger.html HTTP/1.1" 200 6325 "-" "Mozilla/5.0 AppleWebKit/537.36 (KHTML, like Gecko; compatible; bingbot/2.0; +http://www.bing.com/bingbot.htm) Chrome/103.0.5060.134 Safari/537.36" "www.ysfine.com"
40.77.167.192 - - [02/Feb/2023:20:41:30 -0800] "GET /ffriends/uscan.html HTTP/1.1" 200 18155 "-" "Mozilla/5.0 AppleWebKit/537.36 (KHTML, like Gecko; compatible; bingbot/2.0; +http://www.bing.com/bingbot.htm) Chrome/103.0.5060.134 Safari/537.36" "www.ysfine.com"
216.244.66.229 - - [02/Feb/2023:20:42:25 -0800] "GET /world/ital/bolog10.jpg HTTP/1.1" 200 110477 "-" "Mozilla/5.0 (compatible; DotBot/1.2; +https://opensiteexplorer.org/dotbot; help@moz.com)" "www.ysfine.com"
107.77.230.167 - - [02/Feb/2023:20:42:41 -0800] "GET /feynman/feyn86b.jpg HTTP/1.1" 200 26190 "https://www.google.com/" "Mozilla/5.0 (Linux; Android 10; SM-G965U) AppleWebKit/537.36 (KHTML, like Gecko) Chrome/104.0.0.0 Mobile Safari/537.36" "ysfine.com"
216.244.66.229 - - [02/Feb/2023:20:42:52 -0800] "GET /world/ital/venice26.jpg HTTP/1.1" 200 212413 "-" "Mozilla/5.0 (compatible; DotBot/1.2; +https://opensiteexplorer.org/dotbot; help@moz.com)" "www.ysfine.com"
174.239.32.104 - - [02/Feb/2023:20:43:05 -0800] "GET /kowar/panmun04.jpg HTTP/1.1" 200 126386 "https://www.google.com/" "Mozilla/5.0 (iPhone; CPU iPhone OS 16_1_1 like Mac OS X) AppleWebKit/605.1.15 (KHTML, like Gecko) Version/16.1 Mobile/15E148 Safari/604.1" "ysfine.com"
52.167.144.86 - - [02/Feb/2023:20:44:06 -0800] "GET /bio/princeton/campus.html HTTP/1.1" 404 88 "-" "Mozilla/5.0 AppleWebKit/537.36 (KHTML, like Gecko; compatible; bingbot/2.0; +http://www.bing.com/bingbot.htm) Chrome/103.0.5060.134 Safari/537.36" "ysfine.com"
207.46.13.104 - - [02/Feb/2023:20:44:11 -0800] "GET /world/china/qingdao03.jpg HTTP/1.1" 200 163329 "-" "Mozilla/5.0 AppleWebKit/537.36 (KHTML, like Gecko; compatible; bingbot/2.0; +http://www.bing.com/bingbot.htm) Chrome/103.0.5060.134 Safari/537.36" "www.ysfine.com"
96.52.116.39 - - [02/Feb/2023:20:44:16 -0800] "GET /kowar/tanks/sherman51.jpg HTTP/1.1" 200 110942 "https://www.google.com/" "Mozilla/5.0 (iPad; CPU OS 16_2 like Mac OS X) AppleWebKit/605.1.15 (KHTML, like Gecko) GSA/249.0.504450501 Mobile/20C65 Safari/604.1" "ysfine.com"
77.88.5.133 - - [02/Feb/2023:20:46:17 -0800] "GET /robots.txt HTTP/1.1" 404 73 "-" "Mozilla/5.0 (compatible; YandexBot/3.0; +http://yandex.com/bots)" "www.ysfine.com"
77.88.5.133 - - [02/Feb/2023:20:46:20 -0800] "GET /einstein/einstorie HTTP/1.1" 200 2529 "-" "Mozilla/5.0 (compatible; YandexBot/3.0; +http://yandex.com/bots) AppleWebKit/537.36 (KHTML, like Gecko) Chrome/81.0.4044.268" "www.ysfine.com"
66.249.89.37 - - [02/Feb/2023:20:47:06 -0800] "GET /kobak/soraech.html HTTP/1.1" 200 16732 "-" "Mozilla/5.0 (X11; Linux x86_64) AppleWebKit/537.36 (KHTML, like Gecko; compatible; pageburst) Chrome/109.0.5414.101 Safari/537.36" "ysfine.com"
77.88.5.33 - - [02/Feb/2023:20:47:13 -0800] "GET /einstein/einstorie HTTP/1.1" 200 2529 "-" "Mozilla/5.0 (compatible; YandexBot/3.0; +http://yandex.com/bots) AppleWebKit/537.36 (KHTML, like Gecko) Chrome/81.0.4044.268" "www.ysfine.com"
66.249.89.34 - - [02/Feb/2023:20:47:22 -0800] "GET /kobak/sorae/church12b.jpg HTTP/1.1" 200 56689 "https://ysfine.com/kobak/soraech.html" "Mozilla/5.0 (X11; Linux x86_64) AppleWebKit/537.36 (KHTML, like Gecko; compatible; pageburst) Chrome/109.0.5414.101 Safari/537.36" "ysfine.com"
66.249.89.63 - - [02/Feb/2023:20:47:22 -0800] "GET /kobak/sorae/church05b.jpg HTTP/1.1" 200 66213 "https://ysfine.com/kobak/soraech.html" "Mozilla/5.0 (X11; Linux x86_64) AppleWebKit/537.36 (KHTML, like Gecko; compatible; pageburst) Chrome/109.0.5414.101 Safari/537.36" "ysfine.com"
66.249.89.34 - - [02/Feb/2023:20:47:22 -0800] "GET /kobak/underw25b.jpg HTTP/1.1" 200 36194 "https://ysfine.com/kobak/soraech.html" "Mozilla/5.0 (X11; Linux x86_64) AppleWebKit/537.36 (KHTML, like Gecko; compatible; pageburst) Chrome/109.0.5414.101 Safari/537.36" "ysfine.com"
66.249.89.63 - - [02/Feb/2023:20:47:22 -0800] "GET /kowar/tanks/sherman44b.jpg HTTP/1.1" 200 34454 "https://ysfine.com/kobak/soraech.html" "Mozilla/5.0 (X11; Linux x86_64) AppleWebKit/537.36 (KHTML, like Gecko; compatible; pageburst) Chrome/109.0.5414.101 Safari/537.36" "ysfine.com"
66.249.89.34 - - [02/Feb/2023:20:47:22 -0800] "GET /kowar/tanks/b29b.jpg HTTP/1.1" 200 33471 "https://ysfine.com/kobak/soraech.html" "Mozilla/5.0 (X11; Linux x86_64) AppleWebKit/537.36 (KHTML, like Gecko; compatible; pageburst) Chrome/109.0.5414.101 Safari/537.36" "ysfine.com"
66.249.89.63 - - [02/Feb/2023:20:47:22 -0800] "GET /world/russ/roskei90b.jpg HTTP/1.1" 200 50111 "https://ysfine.com/kobak/soraech.html" "Mozilla/5.0 (X11; Linux x86_64) AppleWebKit/537.36 (KHTML, like Gecko; compatible; pageburst) Chrome/109.0.5414.101 Safari/537.36" "ysfine.com"
66.249.89.63 - - [02/Feb/2023:20:47:22 -0800] "GET /kobak/underw09b.jpg HTTP/1.1" 200 60928 "https://ysfine.com/kobak/soraech.html" "Mozilla/5.0 (X11; Linux x86_64) AppleWebKit/537.36 (KHTML, like Gecko; compatible; pageburst) Chrome/109.0.5414.101 Safari/537.36" "ysfine.com"
66.249.89.34 - - [02/Feb/2023:20:47:22 -0800] "GET /kobak/sorae01b.jpg HTTP/1.1" 200 31668 "https://ysfine.com/kobak/soraech.html" "Mozilla/5.0 (X11; Linux x86_64) AppleWebKit/537.36 (KHTML, like Gecko; compatible; pageburst) Chrome/109.0.5414.101 Safari/537.36" "ysfine.com"
66.249.89.63 - - [02/Feb/2023:20:47:23 -0800] "GET /kobak/underw06b.jpg HTTP/1.1" 200 51332 "https://ysfine.com/kobak/soraech.html" "Mozilla/5.0 (X11; Linux x86_64) AppleWebKit/537.36 (KHTML, like Gecko; compatible; pageburst) Chrome/109.0.5414.101 Safari/537.36" "ysfine.com"
66.249.89.63 - - [02/Feb/2023:20:47:23 -0800] "GET /kobak/gojong01b.jpg HTTP/1.1" 200 43980 "https://ysfine.com/kobak/soraech.html" "Mozilla/5.0 (X11; Linux x86_64) AppleWebKit/537.36 (KHTML, like Gecko; compatible; pageburst) Chrome/109.0.5414.101 Safari/537.36" "ysfine.com"
66.249.89.34 - - [02/Feb/2023:20:47:23 -0800] "GET /kobak/sohnwi01b.jpg HTTP/1.1" 200 35047 "https://ysfine.com/kobak/soraech.html" "Mozilla/5.0 (X11; Linux x86_64) AppleWebKit/537.36 (KHTML, like Gecko; compatible; pageburst) Chrome/109.0.5414.101 Safari/537.36" "ysfine.com"
66.249.89.63 - - [02/Feb/2023:20:47:23 -0800] "GET /kobak/mskim03b.jpg HTTP/1.1" 200 44430 "https://ysfine.com/kobak/soraech.html" "Mozilla/5.0 (X11; Linux x86_64) AppleWebKit/537.36 (KHTML, like Gecko; compatible; pageburst) Chrome/109.0.5414.101 Safari/537.36" "ysfine.com"
66.249.89.34 - - [02/Feb/2023:20:47:23 -0800] "GET /kobak/underw01b.jpg HTTP/1.1" 200 36835 "https://ysfine.com/kobak/soraech.html" "Mozilla/5.0 (X11; Linux x86_64) AppleWebKit/537.36 (KHTML, like Gecko; compatible; pageburst) Chrome/109.0.5414.101 Safari/537.36" "ysfine.com"
66.249.89.34 - - [02/Feb/2023:20:47:23 -0800] "GET /kobak/underw22b.jpg HTTP/1.1" 200 68866 "https://ysfine.com/kobak/soraech.html" "Mozilla/5.0 (X11; Linux x86_64) AppleWebKit/537.36 (KHTML, like Gecko; compatible; pageburst) Chrome/109.0.5414.101 Safari/537.36" "ysfine.com"
66.249.89.63 - - [02/Feb/2023:20:47:23 -0800] "GET /kobak/underw03b.jpg HTTP/1.1" 200 37749 "https://ysfine.com/kobak/soraech.html" "Mozilla/5.0 (X11; Linux x86_64) AppleWebKit/537.36 (KHTML, like Gecko; compatible; pageburst) Chrome/109.0.5414.101 Safari/537.36" "ysfine.com"
66.249.89.34 - - [02/Feb/2023:20:47:23 -0800] "GET /kobak/sorae/kumipo01b.jpg HTTP/1.1" 200 30861 "https://ysfine.com/kobak/soraech.html" "Mozilla/5.0 (X11; Linux x86_64) AppleWebKit/537.36 (KHTML, like Gecko; compatible; pageburst) Chrome/109.0.5414.101 Safari/537.36" "ysfine.com"
66.249.89.34 - - [02/Feb/2023:20:47:24 -0800] "GET /kobak/rhee12b.jpg HTTP/1.1" 200 49113 "https://ysfine.com/kobak/soraech.html" "Mozilla/5.0 (X11; Linux x86_64) AppleWebKit/537.36 (KHTML, like Gecko; compatible; pageburst) Chrome/109.0.5414.101 Safari/537.36" "ysfine.com"
66.249.89.63 - - [02/Feb/2023:20:47:24 -0800] "GET /kobak/sorae/church102b.jpg HTTP/1.1" 200 39343 "https://ysfine.com/kobak/soraech.html" "Mozilla/5.0 (X11; Linux x86_64) AppleWebKit/537.36 (KHTML, like Gecko; compatible; pageburst) Chrome/109.0.5414.101 Safari/537.36" "ysfine.com"
66.249.89.34 - - [02/Feb/2023:20:47:24 -0800] "GET /kobak/sorae/alexvic11b.jpg HTTP/1.1" 200 47312 "https://ysfine.com/kobak/soraech.html" "Mozilla/5.0 (X11; Linux x86_64) AppleWebKit/537.36 (KHTML, like Gecko; compatible; pageburst) Chrome/109.0.5414.101 Safari/537.36" "ysfine.com"
66.249.89.34 - - [02/Feb/2023:20:47:24 -0800] "GET /kobak/underw08b.jpg HTTP/1.1" 200 48993 "https://ysfine.com/kobak/soraech.html" "Mozilla/5.0 (X11; Linux x86_64) AppleWebKit/537.36 (KHTML, like Gecko; compatible; pageburst) Chrome/109.0.5414.101 Safari/537.36" "ysfine.com"
66.249.89.34 - - [02/Feb/2023:20:47:24 -0800] "GET /kobak/sorae/church103b.jpg HTTP/1.1" 200 41194 "https://ysfine.com/kobak/soraech.html" "Mozilla/5.0 (X11; Linux x86_64) AppleWebKit/537.36 (KHTML, like Gecko; compatible; pageburst) Chrome/109.0.5414.101 Safari/537.36" "ysfine.com"
66.249.89.63 - - [02/Feb/2023:20:47:24 -0800] "GET /kobak/sorae/church03b.jpg HTTP/1.1" 200 50665 "https://ysfine.com/kobak/soraech.html" "Mozilla/5.0 (X11; Linux x86_64) AppleWebKit/537.36 (KHTML, like Gecko; compatible; pageburst) Chrome/109.0.5414.101 Safari/537.36" "ysfine.com"
66.249.89.34 - - [02/Feb/2023:20:47:24 -0800] "GET /kobak/underw21b.jpg HTTP/1.1" 200 45991 "https://ysfine.com/kobak/soraech.html" "Mozilla/5.0 (X11; Linux x86_64) AppleWebKit/537.36 (KHTML, like Gecko; compatible; pageburst) Chrome/109.0.5414.101 Safari/537.36" "ysfine.com"
66.249.89.34 - - [02/Feb/2023:20:47:25 -0800] "GET /kobak/nll01b.jpg HTTP/1.1" 200 30471 "https://ysfine.com/kobak/soraech.html" "Mozilla/5.0 (X11; Linux x86_64) AppleWebKit/537.36 (KHTML, like Gecko; compatible; pageburst) Chrome/109.0.5414.101 Safari/537.36" "ysfine.com"
66.249.89.63 - - [02/Feb/2023:20:47:25 -0800] "GET /kobak/somap38b.jpg HTTP/1.1" 200 54149 "https://ysfine.com/kobak/soraech.html" "Mozilla/5.0 (X11; Linux x86_64) AppleWebKit/537.36 (KHTML, like Gecko; compatible; pageburst) Chrome/109.0.5414.101 Safari/537.36" "ysfine.com"
66.249.89.34 - - [02/Feb/2023:20:47:25 -0800] "GET /kobak/underw12b.jpg HTTP/1.1" 200 42070 "https://ysfine.com/kobak/soraech.html" "Mozilla/5.0 (X11; Linux x86_64) AppleWebKit/537.36 (KHTML, like Gecko; compatible; pageburst) Chrome/109.0.5414.101 Safari/537.36" "ysfine.com"
66.249.89.63 - - [02/Feb/2023:20:47:25 -0800] "GET /kobak/sorae/grandpa11b.jpg HTTP/1.1" 200 20714 "https://ysfine.com/kobak/soraech.html" "Mozilla/5.0 (X11; Linux x86_64) AppleWebKit/537.36 (KHTML, like Gecko; compatible; pageburst) Chrome/109.0.5414.101 Safari/537.36" "ysfine.com"
66.249.89.34 - - [02/Feb/2023:20:47:25 -0800] "GET /kobak/sorae/church105b.jpg HTTP/1.1" 200 36895 "https://ysfine.com/kobak/soraech.html" "Mozilla/5.0 (X11; Linux x86_64) AppleWebKit/537.36 (KHTML, like Gecko; compatible; pageburst) Chrome/109.0.5414.101 Safari/537.36" "ysfine.com"
66.249.89.34 - - [02/Feb/2023:20:47:25 -0800] "GET /kobak/mskim01b.jpg HTTP/1.1" 200 51469 "https://ysfine.com/kobak/soraech.html" "Mozilla/5.0 (X11; Linux x86_64) AppleWebKit/537.36 (KHTML, like Gecko; compatible; pageburst) Chrome/109.0.5414.101 Safari/537.36" "ysfine.com"
66.249.89.63 - - [02/Feb/2023:20:47:25 -0800] "GET /kowar/kimis53b.jpg HTTP/1.1" 200 44376 "https://ysfine.com/kobak/soraech.html" "Mozilla/5.0 (X11; Linux x86_64) AppleWebKit/537.36 (KHTML, like Gecko; compatible; pageburst) Chrome/109.0.5414.101 Safari/537.36" "ysfine.com"
66.249.89.63 - - [02/Feb/2023:20:47:25 -0800] "GET /eink/eink61c.jpg HTTP/1.1" 200 34119 "https://ysfine.com/kobak/soraech.html" "Mozilla/5.0 (X11; Linux x86_64) AppleWebKit/537.36 (KHTML, like Gecko; compatible; pageburst) Chrome/109.0.5414.101 Safari/537.36" "ysfine.com"
66.249.89.63 - - [02/Feb/2023:20:47:26 -0800] "GET /kobak/sorae/church09b.jpg HTTP/1.1" 200 63003 "https://ysfine.com/kobak/soraech.html" "Mozilla/5.0 (X11; Linux x86_64) AppleWebKit/537.36 (KHTML, like Gecko; compatible; pageburst) Chrome/109.0.5414.101 Safari/537.36" "ysfine.com"
66.249.89.63 - - [02/Feb/2023:20:47:26 -0800] "GET /kobak/sorae/church02b.jpg HTTP/1.1" 200 40321 "https://ysfine.com/kobak/soraech.html" "Mozilla/5.0 (X11; Linux x86_64) AppleWebKit/537.36 (KHTML, like Gecko; compatible; pageburst) Chrome/109.0.5414.101 Safari/537.36" "ysfine.com"
66.249.89.63 - - [02/Feb/2023:20:47:26 -0800] "GET /kobak/sorae/church07b.jpg HTTP/1.1" 200 55556 "https://ysfine.com/kobak/soraech.html" "Mozilla/5.0 (X11; Linux x86_64) AppleWebKit/537.36 (KHTML, like Gecko; compatible; pageburst) Chrome/109.0.5414.101 Safari/537.36" "ysfine.com"
66.249.89.63 - - [02/Feb/2023:20:47:26 -0800] "GET /kobak/sorae/church06b.jpg HTTP/1.1" 200 49022 "https://ysfine.com/kobak/soraech.html" "Mozilla/5.0 (X11; Linux x86_64) AppleWebKit/537.36 (KHTML, like Gecko; compatible; pageburst) Chrome/109.0.5414.101 Safari/537.36" "ysfine.com"
66.249.89.63 - - [02/Feb/2023:20:47:26 -0800] "GET /kobak/underw26b.jpg HTTP/1.1" 200 56057 "https://ysfine.com/kobak/soraech.html" "Mozilla/5.0 (X11; Linux x86_64) AppleWebKit/537.36 (KHTML, like Gecko; compatible; pageburst) Chrome/109.0.5414.101 Safari/537.36" "ysfine.com"
71.182.150.229 - - [02/Feb/2023:20:47:31 -0800] "GET /princeton/alexan22.jpg HTTP/1.1" 200 175436 "https://www.google.com/" "Mozilla/5.0 (Windows NT 10.0; Win64; x64) AppleWebKit/537.36 (KHTML, like Gecko) Chrome/109.0.0.0 Safari/537.36" "ysfine.com"
51.222.253.6 - - [02/Feb/2023:20:47:53 -0800] "GET /maga/wright.html HTTP/1.1" 200 1927 "-" "Mozilla/5.0 (compatible; AhrefsBot/7.0; +http://ahrefs.com/robot/)" "www.ysfine.com"
77.88.5.133 - - [02/Feb/2023:20:48:16 -0800] "GET /maga/phys/canal22f.jpg HTTP/1.1" 200 56043 "-" "Mozilla/5.0 (compatible; YandexImages/3.0; +http://yandex.com/bots)" "www.ysfine.com"
