62.20.62.211 - - [03/Feb/2023:02:41:17 -0800] "GET /world/baltic/kantstatue.jpg HTTP/1.1" 200 108698 "https://www.google.com/" "Mozilla/5.0 (Windows NT 10.0; Win64; x64) AppleWebKit/537.36 (KHTML, like Gecko) Chrome/109.0.0.0 Safari/537.36" "ysfine.com"
52.167.144.86 - - [03/Feb/2023:02:41:37 -0800] "GET /kowar/tanks/tank54.jpg HTTP/1.1" 200 76330 "-" "Mozilla/5.0 AppleWebKit/537.36 (KHTML, like Gecko; compatible; bingbot/2.0; +http://www.bing.com/bingbot.htm) Chrome/103.0.5060.134 Safari/537.36" "ysfine.com"
80.183.27.197 - - [03/Feb/2023:02:42:39 -0800] "GET /world/brit/dunf15.jpg HTTP/1.1" 200 113687 "https://www.google.com/" "Mozilla/5.0 (Windows NT 10.0; Win64; x64) AppleWebKit/537.36 (KHTML, like Gecko) Chrome/109.0.0.0 Safari/537.36" "ysfine.com"
72.14.201.151 - - [03/Feb/2023:02:43:24 -0800] "GET /wisdom/wkwireless.html HTTP/1.1" 200 6236 "-" "Mozilla/5.0 (Linux; Android 10; K) AppleWebKit/537.36 (KHTML, like Gecko) Chrome/109.0.0.0 Mobile Safari/537.36" "ysfine.com"
207.46.13.64 - - [03/Feb/2023:02:43:44 -0800] "GET /home/100yrs.html HTTP/1.1" 200 7936 "-" "Mozilla/5.0 AppleWebKit/537.36 (KHTML, like Gecko; compatible; bingbot/2.0; +http://www.bing.com/bingbot.htm) Chrome/103.0.5060.134 Safari/537.36" "www.ysfine.com"
216.244.66.229 - - [03/Feb/2023:02:44:22 -0800] "GET /ffriends/kaznyc11.jpg HTTP/1.1" 200 298171 "-" "Mozilla/5.0 (compatible; DotBot/1.2; +https://opensiteexplorer.org/dotbot; help@moz.com)" "www.ysfine.com"
216.244.66.229 - - [03/Feb/2023:02:44:44 -0800] "GET /ffriends/swedlon01.jpg HTTP/1.1" 200 141975 "-" "Mozilla/5.0 (compatible; DotBot/1.2; +https://opensiteexplorer.org/dotbot; help@moz.com)" "www.ysfine.com"
40.77.167.192 - - [03/Feb/2023:02:45:54 -0800] "GET /style/metny22.jpg HTTP/1.1" 200 82501 "-" "Mozilla/5.0 AppleWebKit/537.36 (KHTML, like Gecko; compatible; bingbot/2.0; +http://www.bing.com/bingbot.htm) Chrome/103.0.5060.134 Safari/537.36" "ysfine.com"
51.222.253.13 - - [03/Feb/2023:02:46:50 -0800] "GET /wisdom/tanks.html HTTP/1.1" 200 8599 "-" "Mozilla/5.0 (compatible; AhrefsBot/7.0; +http://ahrefs.com/robot/)" "ysfine.com"
51.222.253.20 - - [03/Feb/2023:02:46:52 -0800] "GET /kowar/mil/sherman43b.jpg HTTP/1.1" 404 88 "-" "Mozilla/5.0 (compatible; AhrefsBot/7.0; +http://ahrefs.com/robot/)" "ysfine.com"
51.222.253.3 - - [03/Feb/2023:02:46:52 -0800] "GET /kowar/mil/tank22b.jpg HTTP/1.1" 404 88 "-" "Mozilla/5.0 (compatible; AhrefsBot/7.0; +http://ahrefs.com/robot/)" "ysfine.com"
51.222.253.13 - - [03/Feb/2023:02:46:53 -0800] "GET /kowar/mil/tank02b.jpg HTTP/1.1" 404 88 "-" "Mozilla/5.0 (compatible; AhrefsBot/7.0; +http://ahrefs.com/robot/)" "ysfine.com"
51.222.253.1 - - [03/Feb/2023:02:46:53 -0800] "GET /kowar/mil/m24b.jpg HTTP/1.1" 404 88 "-" "Mozilla/5.0 (compatible; AhrefsBot/7.0; +http://ahrefs.com/robot/)" "ysfine.com"
51.222.253.20 - - [03/Feb/2023:02:46:53 -0800] "GET /kowar/mil/m60b.jpg HTTP/1.1" 404 88 "-" "Mozilla/5.0 (compatible; AhrefsBot/7.0; +http://ahrefs.com/robot/)" "ysfine.com"
51.222.253.7 - - [03/Feb/2023:02:46:54 -0800] "GET /kowar/mil/tank21b.jpg HTTP/1.1" 404 88 "-" "Mozilla/5.0 (compatible; AhrefsBot/7.0; +http://ahrefs.com/robot/)" "ysfine.com"
51.222.253.2 - - [03/Feb/2023:02:46:54 -0800] "GET /kowar/mil/tank05b.jpg HTTP/1.1" 404 88 "-" "Mozilla/5.0 (compatible; AhrefsBot/7.0; +http://ahrefs.com/robot/)" "ysfine.com"
51.222.253.5 - - [03/Feb/2023:02:46:54 -0800] "GET /kowar/mil/tank01b.jpg HTTP/1.1" 404 88 "-" "Mozilla/5.0 (compatible; AhrefsBot/7.0; +http://ahrefs.com/robot/)" "ysfine.com"
51.222.253.3 - - [03/Feb/2023:02:46:54 -0800] "GET /kowar/mil/southhorse2.jpg HTTP/1.1" 404 88 "-" "Mozilla/5.0 (compatible; AhrefsBot/7.0; +http://ahrefs.com/robot/)" "ysfine.com"
51.222.253.14 - - [03/Feb/2023:02:46:55 -0800] "GET /kowar/mil/stalinorg2.jpg HTTP/1.1" 404 88 "-" "Mozilla/5.0 (compatible; AhrefsBot/7.0; +http://ahrefs.com/robot/)" "ysfine.com"
51.222.253.4 - - [03/Feb/2023:02:46:56 -0800] "GET /kowar/mil/sherman44b.jpg HTTP/1.1" 404 88 "-" "Mozilla/5.0 (compatible; AhrefsBot/7.0; +http://ahrefs.com/robot/)" "ysfine.com"
51.222.253.7 - - [03/Feb/2023:02:46:56 -0800] "GET /kowar/mil/tank03b.jpg HTTP/1.1" 404 88 "-" "Mozilla/5.0 (compatible; AhrefsBot/7.0; +http://ahrefs.com/robot/)" "ysfine.com"
216.244.66.229 - - [03/Feb/2023:02:47:18 -0800] "GET /class54/kwk11.jpg HTTP/1.1" 200 148248 "-" "Mozilla/5.0 (compatible; DotBot/1.2; +https://opensiteexplorer.org/dotbot; help@moz.com)" "www.ysfine.com"
40.77.167.192 - - [03/Feb/2023:02:47:26 -0800] "GET /world/ital/repub06.jpg HTTP/1.1" 200 105611 "-" "Mozilla/5.0 (Windows NT 6.1; WOW64) AppleWebKit/534+ (KHTML, like Gecko) BingPreview/1.0b" "ysfine.com"
114.119.159.61 - - [03/Feb/2023:02:47:58 -0800] "GET /kowar/tanks/tank09.jpg HTTP/1.1" 200 72713 "-" "Mozilla/5.0 (Linux; Android 7.0;) AppleWebKit/537.36 (KHTML, like Gecko) Mobile Safari/537.36 (compatible; PetalBot;+https://webmaster.petalsearch.com/site/petalbot)" "ysfine.com"
216.244.66.229 - - [03/Feb/2023:02:48:00 -0800] "GET /ffriends/frportu02.jpg HTTP/1.1" 200 210411 "-" "Mozilla/5.0 (compatible; DotBot/1.2; +https://opensiteexplorer.org/dotbot; help@moz.com)" "www.ysfine.com"
216.244.66.229 - - [03/Feb/2023:02:48:39 -0800] "GET /ffriends/ingridberg11.jpg HTTP/1.1" 200 91181 "-" "Mozilla/5.0 (compatible; DotBot/1.2; +https://opensiteexplorer.org/dotbot; help@moz.com)" "www.ysfine.com"
207.46.13.104 - - [03/Feb/2023:02:49:51 -0800] "GET /bio/kobak/yskor.html HTTP/1.1" 404 88 "-" "Mozilla/5.0 AppleWebKit/537.36 (KHTML, like Gecko; compatible; bingbot/2.0; +http://www.bing.com/bingbot.htm) Chrome/103.0.5060.134 Safari/537.36" "ysfine.com"
52.167.144.86 - - [03/Feb/2023:02:52:27 -0800] "GET /sbk/1981montr11c.jpg HTTP/1.1" 200 49585 "-" "Mozilla/5.0 AppleWebKit/537.36 (KHTML, like Gecko; compatible; bingbot/2.0; +http://www.bing.com/bingbot.htm) Chrome/103.0.5060.134 Safari/537.36" "www.ysfine.com"
182.191.128.95 - - [03/Feb/2023:02:52:39 -0800] "GET /feynman/feydirac.jpg HTTP/1.1" 200 98378 "https://www.google.com/" "Mozilla/5.0 (Windows NT 10.0; Win64; x64) AppleWebKit/537.36 (KHTML, like Gecko) Chrome/109.0.0.0 Safari/537.36" "ysfine.com"
182.191.128.95 - - [03/Feb/2023:02:53:06 -0800] "GET /dirac/dirac11.jpg HTTP/1.1" 200 94245 "https://www.google.com/" "Mozilla/5.0 (Windows NT 10.0; Win64; x64) AppleWebKit/537.36 (KHTML, like Gecko) Chrome/109.0.0.0 Safari/537.36" "ysfine.com"
40.77.167.192 - - [03/Feb/2023:02:54:00 -0800] "GET /class54/oldr.html HTTP/1.1" 200 4800 "-" "Mozilla/5.0 AppleWebKit/537.36 (KHTML, like Gecko; compatible; bingbot/2.0; +http://www.bing.com/bingbot.htm) Chrome/103.0.5060.134 Safari/537.36" "www.ysfine.com"
52.167.144.62 - - [03/Feb/2023:02:54:24 -0800] "GET /bio/style/proschanie.html HTTP/1.1" 404 88 "-" "Mozilla/5.0 AppleWebKit/537.36 (KHTML, like Gecko; compatible; bingbot/2.0; +http://www.bing.com/bingbot.htm) Chrome/103.0.5060.134 Safari/537.36" "ysfine.com"
51.222.253.7 - - [03/Feb/2023:02:54:41 -0800] "GET /home/pquartet.html HTTP/1.1" 200 4312 "-" "Mozilla/5.0 (compatible; AhrefsBot/7.0; +http://ahrefs.com/robot/)" "ysfine.com"
51.222.253.16 - - [03/Feb/2023:02:54:44 -0800] "GET /feynman/feyn86b.jpg HTTP/1.1" 200 26190 "-" "Mozilla/5.0 (compatible; AhrefsBot/7.0; +http://ahrefs.com/robot/)" "ysfine.com"
51.222.253.12 - - [03/Feb/2023:02:54:45 -0800] "GET /style/bstring33b.jpg HTTP/1.1" 200 34671 "-" "Mozilla/5.0 (compatible; AhrefsBot/7.0; +http://ahrefs.com/robot/)" "ysfine.com"
51.222.253.10 - - [03/Feb/2023:02:54:46 -0800] "GET /dirac/dirac2.jpg HTTP/1.1" 200 31039 "-" "Mozilla/5.0 (compatible; AhrefsBot/7.0; +http://ahrefs.com/robot/)" "ysfine.com"
51.222.253.17 - - [03/Feb/2023:02:54:48 -0800] "GET /wigner/wigsharp2.jpg HTTP/1.1" 200 34860 "-" "Mozilla/5.0 (compatible; AhrefsBot/7.0; +http://ahrefs.com/robot/)" "ysfine.com"
17.241.227.127 - - [03/Feb/2023:02:55:24 -0800] "GET /maga/hugo.html HTTP/1.1" 200 4000 "-" "Mozilla/5.0 (Macintosh; Intel Mac OS X 10_15_5) AppleWebKit/605.1.15 (KHTML, like Gecko) Version/13.1.1 Safari/605.1.15 (Applebot/0.1; +http://www.apple.com/go/applebot)" "ysfine.com"
52.167.144.62 - - [03/Feb/2023:02:55:41 -0800] "GET /world/china/beijing105.jpg HTTP/1.1" 200 87371 "-" "Mozilla/5.0 AppleWebKit/537.36 (KHTML, like Gecko; compatible; bingbot/2.0; +http://www.bing.com/bingbot.htm) Chrome/103.0.5060.134 Safari/537.36" "ysfine.com"
52.167.144.86 - - [03/Feb/2023:02:55:48 -0800] "GET /bio/princeton/campus.html HTTP/1.1" 404 88 "-" "Mozilla/5.0 AppleWebKit/537.36 (KHTML, like Gecko; compatible; bingbot/2.0; +http://www.bing.com/bingbot.htm) Chrome/103.0.5060.134 Safari/537.36" "ysfine.com"
85.25.177.176 - - [03/Feb/2023:02:56:44 -0800] "GET / HTTP/1.1" 200 5295 "-" "Mozilla/5.0 (compatible; seocompany/0.6; +; )" "ysfine.com"
85.25.177.176 - - [03/Feb/2023:02:56:44 -0800] "GET / HTTP/1.1" 200 5295 "-" "Mozilla/5.0 (Macintosh; Intel Mac OS X 10.15; rv:103.0) Gecko/20100101 Firefox/103.0" "ysfine.com"
85.25.177.176 - - [03/Feb/2023:02:56:46 -0800] "GET /jobs/index.html HTTP/1.1" 200 123 "-" "Mozilla/5.0 (Macintosh; Intel Mac OS X 10.15; rv:103.0) Gecko/20100101 Firefox/103.0" "ysfine.com"
174.228.228.55 - - [03/Feb/2023:02:57:03 -0800] "GET /princeton/withers01.jpg HTTP/1.1" 200 113946 "https://www.google.com/" "Mozilla/5.0 (iPhone; CPU iPhone OS 16_2 like Mac OS X) AppleWebKit/605.1.15 (KHTML, like Gecko) GSA/249.0.504450501 Mobile/20C65 Safari/604.1" "ysfine.com"
222.137.82.32 - - [03/Feb/2023:02:57:07 -0800] "GET /robots.txt HTTP/1.1" 404 88 "-" "Mozilla/5.0 (Windows NT 10.0; Win64; x64) AppleWebKit/537.36 (KHTML, like Gecko) Chrome/92.0.4515.159 Safari/537.36" "www.ysfine.com"
77.88.5.222 - - [03/Feb/2023:02:58:54 -0800] "GET /robots.txt HTTP/1.1" 404 73 "-" "Mozilla/5.0 (compatible; YandexBot/3.0; +http://yandex.com/bots)" "www.ysfine.com"
93.158.161.43 - - [03/Feb/2023:02:58:58 -0800] "GET /heisen/einbohr.html HTTP/1.1" 404 88 "-" "Mozilla/5.0 (compatible; YandexBot/3.0; +http://yandex.com/bots) AppleWebKit/537.36 (KHTML, like Gecko) Chrome/81.0.4044.268" "www.ysfine.com"
207.46.13.64 - - [03/Feb/2023:03:01:05 -0800] "GET /archives/proceedings/boston/usenko.html HTTP/1.1" 200 466 "-" "Mozilla/5.0 AppleWebKit/537.36 (KHTML, like Gecko; compatible; bingbot/2.0; +http://www.bing.com/bingbot.htm) Chrome/103.0.5060.134 Safari/537.36" "ysfine.com"
93.158.161.75 - - [03/Feb/2023:03:01:32 -0800] "GET /newyork/lincolnc33.jpg HTTP/1.1" 200 140198 "-" "Mozilla/5.0 (compatible; YandexImages/3.0; +http://yandex.com/bots)" "www.ysfine.com"
51.222.253.18 - - [03/Feb/2023:03:02:45 -0800] "GET /remote/wigner111/frame02.html HTTP/1.1" 200 772 "-" "Mozilla/5.0 (compatible; AhrefsBot/7.0; +http://ahrefs.com/robot/)" "www.ysfine.com"
207.46.13.64 - - [03/Feb/2023:03:03:34 -0800] "GET /world/germany/johannstra11.jpg HTTP/1.1" 200 147737 "-" "Mozilla/5.0 AppleWebKit/537.36 (KHTML, like Gecko; compatible; bingbot/2.0; +http://www.bing.com/bingbot.htm) Chrome/103.0.5060.134 Safari/537.36" "ysfine.com"
95.163.255.81 - - [03/Feb/2023:03:03:37 -0800] "GET /robots.txt HTTP/1.1" 404 73 "-" "Mozilla/5.0 (compatible; Linux x86_64; Mail.RU_Bot/Img/2.0; +https://help.mail.ru/webmaster/indexing/robots)" "www.ysfine.com"
40.77.167.192 - - [03/Feb/2023:03:04:07 -0800] "GET /bio/kobak/soraech.html HTTP/1.1" 404 88 "-" "Mozilla/5.0 AppleWebKit/537.36 (KHTML, like Gecko; compatible; bingbot/2.0; +http://www.bing.com/bingbot.htm) Chrome/103.0.5060.134 Safari/537.36" "ysfine.com"
216.244.66.229 - - [03/Feb/2023:03:05:16 -0800] "GET /ffriends/aline/icelandair06.jpg HTTP/1.1" 200 106236 "-" "Mozilla/5.0 (compatible; DotBot/1.2; +https://opensiteexplorer.org/dotbot; help@moz.com)" "www.ysfine.com"
216.244.66.229 - - [03/Feb/2023:03:05:17 -0800] "GET /ffriends/aline/lot66.jpg HTTP/1.1" 200 139911 "-" "Mozilla/5.0 (compatible; DotBot/1.2; +https://opensiteexplorer.org/dotbot; help@moz.com)" "www.ysfine.com"
216.244.66.229 - - [03/Feb/2023:03:05:57 -0800] "GET /ffriends/aline/tam08.jpg HTTP/1.1" 200 86910 "-" "Mozilla/5.0 (compatible; DotBot/1.2; +https://opensiteexplorer.org/dotbot; help@moz.com)" "www.ysfine.com"
95.163.255.80 - - [03/Feb/2023:03:06:16 -0800] "GET /kowar/mosin01c.jpg HTTP/1.1" 304 - "http://go.mail.ru/search_images" "Mozilla/5.0 (compatible; Linux x86_64; Mail.RU_Bot/Img/2.0; +https://help.mail.ru/webmaster/indexing/robots)" "www.ysfine.com"
52.167.144.62 - - [03/Feb/2023:03:06:21 -0800] "GET /feynman/canlo11a.jpg HTTP/1.1" 200 35567 "-" "Mozilla/5.0 AppleWebKit/537.36 (KHTML, like Gecko; compatible; bingbot/2.0; +http://www.bing.com/bingbot.htm) Chrome/103.0.5060.134 Safari/537.36" "ysfine.com"
216.244.66.229 - - [03/Feb/2023:03:06:27 -0800] "GET /ffriends/amkor/jina11.jpg HTTP/1.1" 200 61138 "-" "Mozilla/5.0 (compatible; DotBot/1.2; +https://opensiteexplorer.org/dotbot; help@moz.com)" "www.ysfine.com"
95.163.255.90 - - [03/Feb/2023:03:07:10 -0800] "GET /home/baranger97c.jpg HTTP/1.1" 200 25248 "http://go.mail.ru/search_images" "Mozilla/5.0 (compatible; Linux x86_64; Mail.RU_Bot/Img/2.0; +https://help.mail.ru/webmaster/indexing/robots)" "www.ysfine.com"
52.167.144.62 - - [03/Feb/2023:03:07:21 -0800] "GET /feynman/tsepa11.jpg HTTP/1.1" 200 55053 "-" "Mozilla/5.0 AppleWebKit/537.36 (KHTML, like Gecko; compatible; bingbot/2.0; +http://www.bing.com/bingbot.htm) Chrome/103.0.5060.134 Safari/537.36" "ysfine.com"
71.206.214.215 - - [03/Feb/2023:03:07:28 -0800] "GET /world/france/arusas01.jpg HTTP/1.1" 200 364636 "https://www.google.com/" "Mozilla/5.0 (Macintosh; Intel Mac OS X 10_15_7) AppleWebKit/537.36 (KHTML, like Gecko) Chrome/109.0.0.0 Safari/537.36" "ysfine.com"
52.167.144.86 - - [03/Feb/2023:03:08:30 -0800] "GET /bio/wigner/e(2).html HTTP/1.1" 404 88 "-" "Mozilla/5.0 AppleWebKit/537.36 (KHTML, like Gecko; compatible; bingbot/2.0; +http://www.bing.com/bingbot.htm) Chrome/103.0.5060.134 Safari/537.36" "ysfine.com"
52.167.144.62 - - [03/Feb/2023:03:08:40 -0800] "GET /world/france/stras01.jpg HTTP/1.1" 200 136811 "-" "Mozilla/5.0 AppleWebKit/537.36 (KHTML, like Gecko; compatible; bingbot/2.0; +http://www.bing.com/bingbot.htm) Chrome/103.0.5060.134 Safari/537.36" "ysfine.com"
52.167.144.39 - - [03/Feb/2023:03:08:49 -0800] "GET /dirac/index.html HTTP/1.1" 304 - "-" "Mozilla/5.0 AppleWebKit/537.36 (KHTML, like Gecko; compatible; bingbot/2.0; +http://www.bing.com/bingbot.htm) Chrome/103.0.5060.134 Safari/537.36" "www.ysfine.com"
83.140.125.81 - - [03/Feb/2023:03:09:14 -0800] "GET /princeton/brooke22.jpg HTTP/1.1" 200 87673 "https://www.google.se/" "Mozilla/5.0 (iPhone; CPU iPhone OS 16_0_1 like Mac OS X) AppleWebKit/605.1.15 (KHTML, like Gecko) Version/16.0 Mobile/15E148 Safari/604.1" "ysfine.com"
52.167.144.39 - - [03/Feb/2023:03:09:51 -0800] "GET /einstein/photoel.html HTTP/1.1" 200 6054 "-" "Mozilla/5.0 AppleWebKit/537.36 (KHTML, like Gecko; compatible; bingbot/2.0; +http://www.bing.com/bingbot.htm) Chrome/103.0.5060.134 Safari/537.36" "ysfine.com"
207.46.13.104 - - [03/Feb/2023:03:09:57 -0800] "GET /dirac/dirackim62.html HTTP/1.1" 200 2970 "-" "Mozilla/5.0 AppleWebKit/537.36 (KHTML, like Gecko; compatible; bingbot/2.0; +http://www.bing.com/bingbot.htm) Chrome/103.0.5060.134 Safari/537.36" "ysfine.com"
51.222.253.14 - - [03/Feb/2023:03:10:14 -0800] "GET /einstein/einusa.html HTTP/1.1" 200 8153 "-" "Mozilla/5.0 (compatible; AhrefsBot/7.0; +http://ahrefs.com/robot/)" "ysfine.com"
1.75.250.45 - - [03/Feb/2023:03:10:16 -0800] "GET /world/russ/roskei90.jpg HTTP/1.1" 200 110306 "https://www.google.co.jp/" "Mozilla/5.0 (iPhone; CPU iPhone OS 15_6 like Mac OS X) AppleWebKit/605.1.15 (KHTML, like Gecko) Version/15.6 Mobile/15E148 Safari/604.1" "ysfine.com"
51.222.253.14 - - [03/Feb/2023:03:10:26 -0800] "GET /einstein/eindc11b.jpg HTTP/1.1" 200 51489 "-" "Mozilla/5.0 (compatible; AhrefsBot/7.0; +http://ahrefs.com/robot/)" "ysfine.com"
51.222.253.7 - - [03/Feb/2023:03:10:28 -0800] "GET /wigner/wigkim2.jpg HTTP/1.1" 200 40700 "-" "Mozilla/5.0 (compatible; AhrefsBot/7.0; +http://ahrefs.com/robot/)" "ysfine.com"
51.222.253.7 - - [03/Feb/2023:03:10:28 -0800] "GET /einstein/lawrence11b.jpg HTTP/1.1" 200 35431 "-" "Mozilla/5.0 (compatible; AhrefsBot/7.0; +http://ahrefs.com/robot/)" "ysfine.com"
51.222.253.1 - - [03/Feb/2023:03:10:30 -0800] "GET /einstein/lawrence22b.jpg HTTP/1.1" 200 44062 "-" "Mozilla/5.0 (compatible; AhrefsBot/7.0; +http://ahrefs.com/robot/)" "ysfine.com"
51.222.253.4 - - [03/Feb/2023:03:10:31 -0800] "GET /people/wheekim91b.jpg HTTP/1.1" 200 40842 "-" "Mozilla/5.0 (compatible; AhrefsBot/7.0; +http://ahrefs.com/robot/)" "ysfine.com"
51.222.253.3 - - [03/Feb/2023:03:10:31 -0800] "GET /princeton/ias11b.jpg HTTP/1.1" 200 33974 "-" "Mozilla/5.0 (compatible; AhrefsBot/7.0; +http://ahrefs.com/robot/)" "ysfine.com"
51.222.253.8 - - [03/Feb/2023:03:10:32 -0800] "GET /einstein/michelson11b.jpg HTTP/1.1" 200 35505 "-" "Mozilla/5.0 (compatible; AhrefsBot/7.0; +http://ahrefs.com/robot/)" "ysfine.com"
51.222.253.10 - - [03/Feb/2023:03:10:32 -0800] "GET /wdc/whouse02b.jpg HTTP/1.1" 200 30118 "-" "Mozilla/5.0 (compatible; AhrefsBot/7.0; +http://ahrefs.com/robot/)" "ysfine.com"
40.77.167.192 - - [03/Feb/2023:03:11:10 -0800] "GET /bio.html HTTP/1.1" 200 18260 "-" "Mozilla/5.0 AppleWebKit/537.36 (KHTML, like Gecko; compatible; bingbot/2.0; +http://www.bing.com/bingbot.htm) Chrome/103.0.5060.134 Safari/537.36" "ysfine.com"
207.46.13.104 - - [03/Feb/2023:03:12:19 -0800] "GET /bio/sbk/1950.html HTTP/1.1" 404 88 "-" "Mozilla/5.0 AppleWebKit/537.36 (KHTML, like Gecko; compatible; bingbot/2.0; +http://www.bing.com/bingbot.htm) Chrome/103.0.5060.134 Safari/537.36" "ysfine.com"
207.46.13.64 - - [03/Feb/2023:03:13:26 -0800] "GET /world/ital/venice05.jpg HTTP/1.1" 200 198594 "-" "Mozilla/5.0 AppleWebKit/537.36 (KHTML, like Gecko; compatible; bingbot/2.0; +http://www.bing.com/bingbot.htm) Chrome/103.0.5060.134 Safari/537.36" "ysfine.com"
207.46.13.104 - - [03/Feb/2023:03:14:08 -0800] "GET /bio/style/artlove.html HTTP/1.1" 404 88 "-" "Mozilla/5.0 AppleWebKit/537.36 (KHTML, like Gecko; compatible; bingbot/2.0; +http://www.bing.com/bingbot.htm) Chrome/103.0.5060.134 Safari/537.36" "ysfine.com"
40.77.167.192 - - [03/Feb/2023:03:15:09 -0800] "GET /world/russ/khahi.html HTTP/1.1" 200 747 "-" "Mozilla/5.0 AppleWebKit/537.36 (KHTML, like Gecko; compatible; bingbot/2.0; +http://www.bing.com/bingbot.htm) Chrome/103.0.5060.134 Safari/537.36" "ysfine.com"
40.77.167.192 - - [03/Feb/2023:03:15:10 -0800] "GET /kobak/sl628.jpg HTTP/1.1" 200 225100 "-" "Mozilla/5.0 AppleWebKit/537.36 (KHTML, like Gecko; compatible; bingbot/2.0; +http://www.bing.com/bingbot.htm) Chrome/103.0.5060.134 Safari/537.36" "ysfine.com"
95.163.255.68 - - [03/Feb/2023:03:16:19 -0800] "GET /robots.txt HTTP/1.1" 404 73 "-" "Mozilla/5.0 (compatible; Linux x86_64; Mail.RU_Bot/2.0; +https://help.mail.ru/webmaster/indexing/robots)" "ysfine.com"
52.167.144.86 - - [03/Feb/2023:03:16:30 -0800] "GET /world/france/frpolice01.jpg HTTP/1.1" 200 105430 "-" "Mozilla/5.0 AppleWebKit/537.36 (KHTML, like Gecko; compatible; bingbot/2.0; +http://www.bing.com/bingbot.htm) Chrome/103.0.5060.134 Safari/537.36" "ysfine.com"
207.46.13.104 - - [03/Feb/2023:03:16:34 -0800] "GET /ysbio/philo/sisfa12/frame26.html HTTP/1.1" 404 88 "-" "Mozilla/5.0 AppleWebKit/537.36 (KHTML, like Gecko; compatible; bingbot/2.0; +http://www.bing.com/bingbot.htm) Chrome/103.0.5060.134 Safari/537.36" "ysfine.com"
207.46.13.104 - - [03/Feb/2023:03:16:51 -0800] "GET /style/bdances.html HTTP/1.1" 200 1607 "-" "Mozilla/5.0 AppleWebKit/537.36 (KHTML, like Gecko; compatible; bingbot/2.0; +http://www.bing.com/bingbot.htm) Chrome/103.0.5060.134 Safari/537.36" "ysfine.com"
222.122.190.115 - - [03/Feb/2023:03:17:20 -0800] "GET / HTTP/1.1" 200 15915 "-" "Mozilla/5.0 (Windows NT 10.0; ZumBot/1.0; Win64; x64) AppleWebKit/537.36 (KHTML, like Gecko) Chrome/79.0.3945.130 Safari/537.36" "ysfine.com"
222.122.190.115 - - [03/Feb/2023:03:17:22 -0800] "GET / HTTP/1.1" 200 15915 "-" "Mozilla/5.0 (Windows NT 10.0; ZumBot/1.0; Win64; x64) AppleWebKit/537.36 (KHTML, like Gecko) Chrome/79.0.3945.130 Safari/537.36" "ysfine.com"
51.222.253.10 - - [03/Feb/2023:03:17:59 -0800] "GET /maga/galileo.html HTTP/1.1" 200 4725 "-" "Mozilla/5.0 (compatible; AhrefsBot/7.0; +http://ahrefs.com/robot/)" "ysfine.com"
51.222.253.4 - - [03/Feb/2023:03:18:01 -0800] "GET /world/ital/stcroce01b.jpg HTTP/1.1" 200 42968 "-" "Mozilla/5.0 (compatible; AhrefsBot/7.0; +http://ahrefs.com/robot/)" "ysfine.com"
51.222.253.10 - - [03/Feb/2023:03:18:01 -0800] "GET /world/ital/murano09b.jpg HTTP/1.1" 200 28446 "-" "Mozilla/5.0 (compatible; AhrefsBot/7.0; +http://ahrefs.com/robot/)" "ysfine.com"
51.222.253.3 - - [03/Feb/2023:03:18:02 -0800] "GET /world/ital/pisa2.jpg HTTP/1.1" 200 37000 "-" "Mozilla/5.0 (compatible; AhrefsBot/7.0; +http://ahrefs.com/robot/)" "ysfine.com"
51.222.253.9 - - [03/Feb/2023:03:18:02 -0800] "GET /world/ital/medici01.jpg HTTP/1.1" 200 34231 "-" "Mozilla/5.0 (compatible; AhrefsBot/7.0; +http://ahrefs.com/robot/)" "ysfine.com"
213.174.148.161 - - [03/Feb/2023:03:18:17 -0800] "GET /robots.txt HTTP/1.1" 404 73 "-" "Mozilla/5.0 (X11; Ubuntu; Linux x86_64; rv:39.0) Gecko/20100101 Firefox/39.0" "ysfine.com"
213.174.148.161 - - [03/Feb/2023:03:18:17 -0800] "GET /wisdom/wk95.html HTTP/1.1" 200 74520 "-" "Mozilla/5.0 (X11; Ubuntu; Linux x86_64; rv:39.0) Gecko/20100101 Firefox/39.0" "ysfine.com"
18.223.158.225 - - [03/Feb/2023:03:18:53 -0800] "GET /ads.txt HTTP/1.1" 404 88 "http://ysfine.com/ads.txt" "AdsTxtCrawler/1.0; +https://github.com/InteractiveAdvertisingBureau/adstxtcrawler" "ysfine.com"
207.46.13.104 - - [03/Feb/2023:03:19:12 -0800] "GET /kobak/kowar.html HTTP/1.1" 200 993 "-" "Mozilla/5.0 AppleWebKit/537.36 (KHTML, like Gecko; compatible; bingbot/2.0; +http://www.bing.com/bingbot.htm) Chrome/103.0.5060.134 Safari/537.36" "ysfine.com"
216.244.66.229 - - [03/Feb/2023:03:19:18 -0800] "GET /robots.txt HTTP/1.1" 404 73 "-" "Mozilla/5.0 (compatible; DotBot/1.2; +https://opensiteexplorer.org/dotbot; help@moz.com)" "www.ysfine.com"
207.46.13.64 - - [03/Feb/2023:03:20:36 -0800] "GET /world/china/shenyang02.jpg HTTP/1.1" 200 90763 "-" "Mozilla/5.0 AppleWebKit/537.36 (KHTML, like Gecko; compatible; bingbot/2.0; +http://www.bing.com/bingbot.htm) Chrome/103.0.5060.134 Safari/537.36" "www.ysfine.com"
95.163.255.68 - - [03/Feb/2023:03:21:11 -0800] "GET / HTTP/1.1" 200 5295 "-" "Mozilla/5.0 (compatible; Linux x86_64; Mail.RU_Bot/2.0; +https://help.mail.ru/webmaster/indexing/robots)" "ysfine.com"
40.77.167.192 - - [03/Feb/2023:03:21:27 -0800] "GET /world/poland/polstu03b.jpg HTTP/1.1" 200 41564 "-" "Mozilla/5.0 AppleWebKit/537.36 (KHTML, like Gecko; compatible; bingbot/2.0; +http://www.bing.com/bingbot.htm) Chrome/103.0.5060.134 Safari/537.36" "ysfine.com"
52.167.144.86 - - [03/Feb/2023:03:23:01 -0800] "GET /friends/korf.html HTTP/1.1" 404 88 "-" "Mozilla/5.0 AppleWebKit/537.36 (KHTML, like Gecko; compatible; bingbot/2.0; +http://www.bing.com/bingbot.htm) Chrome/103.0.5060.134 Safari/537.36" "ysfine.com"
216.244.66.229 - - [03/Feb/2023:03:23:07 -0800] "GET /world/spain/bcn22.jpg HTTP/1.1" 200 206166 "-" "Mozilla/5.0 (compatible; DotBot/1.2; +https://opensiteexplorer.org/dotbot; help@moz.com)" "www.ysfine.com"
207.46.13.104 - - [03/Feb/2023:03:23:21 -0800] "GET /einstein/einheisen.html HTTP/1.1" 404 88 "-" "Mozilla/5.0 AppleWebKit/537.36 (KHTML, like Gecko; compatible; bingbot/2.0; +http://www.bing.com/bingbot.htm) Chrome/103.0.5060.134 Safari/537.36" "www.ysfine.com"
51.222.253.15 - - [03/Feb/2023:03:25:33 -0800] "GET /princeton/dulles.html HTTP/1.1" 200 2700 "-" "Mozilla/5.0 (compatible; AhrefsBot/7.0; +http://ahrefs.com/robot/)" "ysfine.com"
173.252.83.17 - - [03/Feb/2023:03:25:33 -0800] "GET /friends/russian.html HTTP/1.1" 404 88 "-" "facebookexternalhit/1.1 (+http://www.facebook.com/externalhit_uatext.php)" "ysfine.com"
51.222.253.1 - - [03/Feb/2023:03:25:36 -0800] "GET /princeton/adulles2.jpg HTTP/1.1" 200 51260 "-" "Mozilla/5.0 (compatible; AhrefsBot/7.0; +http://ahrefs.com/robot/)" "ysfine.com"
66.249.70.4 - - [03/Feb/2023:03:28:00 -0800] "GET /style/music/buda125.jpg HTTP/1.1" 200 171178 "-" "Googlebot-Image/1.0" "ysfine.com"
207.46.13.64 - - [03/Feb/2023:03:28:17 -0800] "GET /bio11.html HTTP/1.1" 304 - "-" "Mozilla/5.0 AppleWebKit/537.36 (KHTML, like Gecko; compatible; bingbot/2.0; +http://www.bing.com/bingbot.htm) Chrome/103.0.5060.134 Safari/537.36" "www.ysfine.com"
52.167.144.62 - - [03/Feb/2023:03:28:24 -0800] "GET /world/poland/wierzynek2.jpg HTTP/1.1" 200 52202 "-" "Mozilla/5.0 AppleWebKit/537.36 (KHTML, like Gecko; compatible; bingbot/2.0; +http://www.bing.com/bingbot.htm) Chrome/103.0.5060.134 Safari/537.36" "ysfine.com"
216.244.66.229 - - [03/Feb/2023:03:28:59 -0800] "GET /kowar/index.html HTTP/1.1" 200 186 "-" "Mozilla/5.0 (compatible; DotBot/1.2; +https://opensiteexplorer.org/dotbot; help@moz.com)" "www.ysfine.com"
52.167.144.86 - - [03/Feb/2023:03:29:12 -0800] "GET /newyork/unionsq08.jpg HTTP/1.1" 200 267379 "-" "Mozilla/5.0 AppleWebKit/537.36 (KHTML, like Gecko; compatible; bingbot/2.0; +http://www.bing.com/bingbot.htm) Chrome/103.0.5060.134 Safari/537.36" "ysfine.com"
52.167.144.39 - - [03/Feb/2023:03:30:51 -0800] "GET /feynman/fb200.jpg HTTP/1.1" 200 46380 "-" "Mozilla/5.0 AppleWebKit/537.36 (KHTML, like Gecko; compatible; bingbot/2.0; +http://www.bing.com/bingbot.htm) Chrome/103.0.5060.134 Safari/537.36" "ysfine.com"
17.241.227.33 - - [03/Feb/2023:03:31:04 -0800] "GET /home/dashen.html HTTP/1.1" 200 4015 "-" "Mozilla/5.0 (Macintosh; Intel Mac OS X 10_15_5) AppleWebKit/605.1.15 (KHTML, like Gecko) Version/13.1.1 Safari/605.1.15 (Applebot/0.1; +http://www.apple.com/go/applebot)" "ysfine.com"
207.46.13.104 - - [03/Feb/2023:03:31:20 -0800] "GET /wdc/gtown26.jpg HTTP/1.1" 200 54564 "-" "Mozilla/5.0 AppleWebKit/537.36 (KHTML, like Gecko; compatible; bingbot/2.0; +http://www.bing.com/bingbot.htm) Chrome/103.0.5060.134 Safari/537.36" "ysfine.com"
207.46.13.104 - - [03/Feb/2023:03:31:49 -0800] "GET /wigner/gim/gimn15.jpg HTTP/1.1" 200 79259 "-" "Mozilla/5.0 AppleWebKit/537.36 (KHTML, like Gecko; compatible; bingbot/2.0; +http://www.bing.com/bingbot.htm) Chrome/103.0.5060.134 Safari/537.36" "ysfine.com"
52.167.144.86 - - [03/Feb/2023:03:32:21 -0800] "GET /maga/hosc.html HTTP/1.1" 200 1463 "-" "Mozilla/5.0 AppleWebKit/537.36 (KHTML, like Gecko; compatible; bingbot/2.0; +http://www.bing.com/bingbot.htm) Chrome/103.0.5060.134 Safari/537.36" "ysfine.com"
207.46.13.104 - - [03/Feb/2023:03:32:50 -0800] "GET /world/baltic/tallin04.jpg HTTP/1.1" 200 215715 "-" "Mozilla/5.0 AppleWebKit/537.36 (KHTML, like Gecko; compatible; bingbot/2.0; +http://www.bing.com/bingbot.htm) Chrome/103.0.5060.134 Safari/537.36" "ysfine.com"
207.46.13.104 - - [03/Feb/2023:03:33:00 -0800] "GET /bio/kobak/yskor.html HTTP/1.1" 404 88 "-" "Mozilla/5.0 AppleWebKit/537.36 (KHTML, like Gecko; compatible; bingbot/2.0; +http://www.bing.com/bingbot.htm) Chrome/103.0.5060.134 Safari/537.36" "ysfine.com"
207.46.13.104 - - [03/Feb/2023:03:33:01 -0800] "GET /ysbio/kobak/sonja.jpg HTTP/1.1" 404 88 "-" "Mozilla/5.0 AppleWebKit/537.36 (KHTML, like Gecko; compatible; bingbot/2.0; +http://www.bing.com/bingbot.htm) Chrome/103.0.5060.134 Safari/537.36" "ysfine.com"
51.222.253.12 - - [03/Feb/2023:03:34:04 -0800] "GET /princeton/index.html HTTP/1.1" 200 140 "-" "Mozilla/5.0 (compatible; AhrefsBot/7.0; +http://ahrefs.com/robot/)" "www.ysfine.com"
216.244.66.229 - - [03/Feb/2023:03:34:13 -0800] "GET /maga/phys/naimar/pewk.tex HTTP/1.1" 200 26273 "-" "Mozilla/5.0 (compatible; DotBot/1.2; +https://opensiteexplorer.org/dotbot; help@moz.com)" "www.ysfine.com"
216.244.66.229 - - [03/Feb/2023:03:34:39 -0800] "GET /world/baltic/rigaeisen06.jpg HTTP/1.1" 200 101030 "-" "Mozilla/5.0 (compatible; DotBot/1.2; +https://opensiteexplorer.org/dotbot; help@moz.com)" "www.ysfine.com"
193.186.4.50 - - [03/Feb/2023:03:34:52 -0800] "GET /world/ulm.html HTTP/1.1" 200 6784 "-" "Mozilla/5.0 (Linux; Android 10; K) AppleWebKit/537.36 (KHTML, like Gecko) Chrome/109.0.0.0 Mobile Safari/537.36" "ysfine.com"
216.244.66.229 - - [03/Feb/2023:03:35:05 -0800] "GET /world/ital/panth07.jpg HTTP/1.1" 200 102729 "-" "Mozilla/5.0 (compatible; DotBot/1.2; +https://opensiteexplorer.org/dotbot; help@moz.com)" "www.ysfine.com"
52.167.144.62 - - [03/Feb/2023:03:35:07 -0800] "GET /princeton/wilspoin.html HTTP/1.1" 200 658 "-" "Mozilla/5.0 AppleWebKit/537.36 (KHTML, like Gecko; compatible; bingbot/2.0; +http://www.bing.com/bingbot.htm) Chrome/103.0.5060.134 Safari/537.36" "ysfine.com"
40.77.167.192 - - [03/Feb/2023:03:35:30 -0800] "GET /archives/class5470/total_data/sub_266.htm HTTP/1.1" 404 88 "-" "Mozilla/5.0 AppleWebKit/537.36 (KHTML, like Gecko; compatible; bingbot/2.0; +http://www.bing.com/bingbot.htm) Chrome/103.0.5060.134 Safari/537.36" "www.ysfine.com"
216.244.66.229 - - [03/Feb/2023:03:35:56 -0800] "GET /world/ital/rome173.jpg HTTP/1.1" 200 124316 "-" "Mozilla/5.0 (compatible; DotBot/1.2; +https://opensiteexplorer.org/dotbot; help@moz.com)" "www.ysfine.com"
52.167.144.62 - - [03/Feb/2023:03:36:06 -0800] "GET /bio/style/proschanie.html HTTP/1.1" 404 88 "-" "Mozilla/5.0 AppleWebKit/537.36 (KHTML, like Gecko; compatible; bingbot/2.0; +http://www.bing.com/bingbot.htm) Chrome/103.0.5060.134 Safari/537.36" "ysfine.com"
52.167.144.86 - - [03/Feb/2023:03:37:04 -0800] "GET /bio/princeton/campus.html HTTP/1.1" 404 88 "-" "Mozilla/5.0 AppleWebKit/537.36 (KHTML, like Gecko; compatible; bingbot/2.0; +http://www.bing.com/bingbot.htm) Chrome/103.0.5060.134 Safari/537.36" "ysfine.com"
80.84.211.34 - - [03/Feb/2023:03:41:18 -0800] "GET /feynman/jf2.jpg HTTP/1.1" 200 10558 "https://www.google.com/" "Mozilla/5.0 (iPhone; CPU iPhone OS 15_6 like Mac OS X) AppleWebKit/605.1.15 (KHTML, like Gecko) CriOS/109.0.5414.112 Mobile/15E148 Safari/604.1" "ysfine.com"
51.222.253.7 - - [03/Feb/2023:03:42:16 -0800] "GET /maga/hegel.html HTTP/1.1" 200 4700 "-" "Mozilla/5.0 (compatible; AhrefsBot/7.0; +http://ahrefs.com/robot/)" "ysfine.com"
207.46.13.64 - - [03/Feb/2023:03:42:28 -0800] "GET /world/poland/jablo07.jpg HTTP/1.1" 200 122193 "-" "Mozilla/5.0 AppleWebKit/537.36 (KHTML, like Gecko; compatible; bingbot/2.0; +http://www.bing.com/bingbot.htm) Chrome/103.0.5060.134 Safari/537.36" "www.ysfine.com"
51.222.253.12 - - [03/Feb/2023:03:42:31 -0800] "GET /robots.txt HTTP/1.1" 404 88 "-" "Mozilla/5.0 (compatible; AhrefsBot/7.0; +http://ahrefs.com/robot/)" "ysfine.com"
51.222.253.4 - - [03/Feb/2023:03:42:32 -0800] "GET /world/germany/hegel03b.jpg HTTP/1.1" 200 61436 "-" "Mozilla/5.0 (compatible; AhrefsBot/7.0; +http://ahrefs.com/robot/)" "ysfine.com"
207.46.13.104 - - [03/Feb/2023:03:43:09 -0800] "GET /einstein/einparents.jpg HTTP/1.1" 200 57236 "-" "Mozilla/5.0 AppleWebKit/537.36 (KHTML, like Gecko; compatible; bingbot/2.0; +http://www.bing.com/bingbot.htm) Chrome/103.0.5060.134 Safari/537.36" "ysfine.com"
77.75.78.169 - - [03/Feb/2023:03:44:45 -0800] "GET /robots.txt HTTP/1.1" 404 88 "-" "Mozilla/5.0 (compatible; SeznamBot/3.2; +http://napoveda.seznam.cz/en/seznambot-intro/)" "ysfine.com"
77.75.78.169 - - [03/Feb/2023:03:44:46 -0800] "GET /usca/norl/stcars/stcar21.jpg HTTP/1.1" 304 - "-" "Mozilla/5.0 (compatible; SeznamBot/3.2; +http://napoveda.seznam.cz/en/seznambot-intro/)" "ysfine.com"
77.75.78.169 - - [03/Feb/2023:03:44:47 -0800] "GET /world/germany/berlin000.jpg HTTP/1.1" 304 - "-" "Mozilla/5.0 (compatible; SeznamBot/3.2; +http://napoveda.seznam.cz/en/seznambot-intro/)" "ysfine.com"
77.75.78.169 - - [03/Feb/2023:03:44:47 -0800] "GET /world/poland/gdn82.jpg HTTP/1.1" 304 - "-" "Mozilla/5.0 (compatible; SeznamBot/3.2; +http://napoveda.seznam.cz/en/seznambot-intro/)" "ysfine.com"
77.75.78.169 - - [03/Feb/2023:03:44:48 -0800] "GET /world/ital/rome171.jpg HTTP/1.1" 304 - "-" "Mozilla/5.0 (compatible; SeznamBot/3.2; +http://napoveda.seznam.cz/en/seznambot-intro/)" "ysfine.com"
77.75.78.169 - - [03/Feb/2023:03:44:48 -0800] "GET /world/ital/florf11.jpg HTTP/1.1" 304 - "-" "Mozilla/5.0 (compatible; SeznamBot/3.2; +http://napoveda.seznam.cz/en/seznambot-intro/)" "ysfine.com"
77.75.78.169 - - [03/Feb/2023:03:44:49 -0800] "GET /world/brit/picca12.jpg HTTP/1.1" 304 - "-" "Mozilla/5.0 (compatible; SeznamBot/3.2; +http://napoveda.seznam.cz/en/seznambot-intro/)" "ysfine.com"
77.75.78.169 - - [03/Feb/2023:03:44:49 -0800] "GET /world/ital/florf22.jpg HTTP/1.1" 304 - "-" "Mozilla/5.0 (compatible; SeznamBot/3.2; +http://napoveda.seznam.cz/en/seznambot-intro/)" "ysfine.com"
40.77.167.192 - - [03/Feb/2023:03:45:13 -0800] "GET /bio/kobak/soraech.html HTTP/1.1" 404 88 "-" "Mozilla/5.0 AppleWebKit/537.36 (KHTML, like Gecko; compatible; bingbot/2.0; +http://www.bing.com/bingbot.htm) Chrome/103.0.5060.134 Safari/537.36" "ysfine.com"
88.104.252.62 - - [03/Feb/2023:03:45:27 -0800] "GET /wigner/wiglittle.pdf HTTP/1.1" 200 2659296 "https://www.google.com/" "Mozilla/5.0 (Windows NT 10.0; Win64; x64) AppleWebKit/537.36 (KHTML, like Gecko) Chrome/109.0.0.0 Safari/537.36" "ysfine.com"
88.104.252.62 - - [03/Feb/2023:03:45:28 -0800] "GET /favicon.ico HTTP/1.1" 404 88 "https://ysfine.com/wigner/wiglittle.pdf" "Mozilla/5.0 (Windows NT 10.0; Win64; x64) AppleWebKit/537.36 (KHTML, like Gecko) Chrome/109.0.0.0 Safari/537.36" "ysfine.com"
95.87.154.11 - - [03/Feb/2023:03:48:16 -0800] "GET /robots.txt HTTP/1.1" 404 73 "-" "Mozilla/5.0 (compatible; MaCoCu; +https://www.clarin.si/info/macocu-massive-collection-and-curation-of-monolingual-and-bilingual-data/)" "ysfine.com"
207.46.13.64 - - [03/Feb/2023:03:49:49 -0800] "GET /fotos/tank05.jpg HTTP/1.1" 200 222063 "-" "Mozilla/5.0 AppleWebKit/537.36 (KHTML, like Gecko; compatible; bingbot/2.0; +http://www.bing.com/bingbot.htm) Chrome/103.0.5060.134 Safari/537.36" "www.ysfine.com"
52.167.144.86 - - [03/Feb/2023:03:49:55 -0800] "GET /bio/wigner/e(2).html HTTP/1.1" 404 88 "-" "Mozilla/5.0 AppleWebKit/537.36 (KHTML, like Gecko; compatible; bingbot/2.0; +http://www.bing.com/bingbot.htm) Chrome/103.0.5060.134 Safari/537.36" "ysfine.com"
40.77.167.192 - - [03/Feb/2023:03:49:55 -0800] "GET /dirac/dirackn33.jpg HTTP/1.1" 200 98181 "-" "Mozilla/5.0 AppleWebKit/537.36 (KHTML, like Gecko; compatible; bingbot/2.0; +http://www.bing.com/bingbot.htm) Chrome/103.0.5060.134 Safari/537.36" "www.ysfine.com"
51.222.253.10 - - [03/Feb/2023:03:50:08 -0800] "GET /maga/maxedin.html HTTP/1.1" 200 6756 "-" "Mozilla/5.0 (compatible; AhrefsBot/7.0; +http://ahrefs.com/robot/)" "ysfine.com"
51.222.253.3 - - [03/Feb/2023:03:50:11 -0800] "GET /world/brit/edin18b.jpg HTTP/1.1" 200 48934 "-" "Mozilla/5.0 (compatible; AhrefsBot/7.0; +http://ahrefs.com/robot/)" "ysfine.com"
51.222.253.3 - - [03/Feb/2023:03:50:12 -0800] "GET /maga/phil/kingjames01b.jpg HTTP/1.1" 200 58456 "-" "Mozilla/5.0 (compatible; AhrefsBot/7.0; +http://ahrefs.com/robot/)" "ysfine.com"
51.222.253.8 - - [03/Feb/2023:03:50:12 -0800] "GET /maga/invent/marconi01b.jpg HTTP/1.1" 200 32804 "-" "Mozilla/5.0 (compatible; AhrefsBot/7.0; +http://ahrefs.com/robot/)" "ysfine.com"
51.222.253.2 - - [03/Feb/2023:03:50:12 -0800] "GET /world/brit/dunf15b.jpg HTTP/1.1" 200 41554 "-" "Mozilla/5.0 (compatible; AhrefsBot/7.0; +http://ahrefs.com/robot/)" "ysfine.com"
51.222.253.17 - - [03/Feb/2023:03:50:13 -0800] "GET /maga/phil/knox01b.jpg HTTP/1.1" 200 50257 "-" "Mozilla/5.0 (compatible; AhrefsBot/7.0; +http://ahrefs.com/robot/)" "ysfine.com"
51.222.253.16 - - [03/Feb/2023:03:50:15 -0800] "GET /princeton/withers01b.jpg HTTP/1.1" 200 53277 "-" "Mozilla/5.0 (compatible; AhrefsBot/7.0; +http://ahrefs.com/robot/)" "ysfine.com"
77.88.5.126 - - [03/Feb/2023:03:50:15 -0800] "GET /heisen/heisen54.html HTTP/1.1" 200 4526 "-" "Mozilla/5.0 (compatible; YandexBot/3.0; +http://yandex.com/bots) AppleWebKit/537.36 (KHTML, like Gecko) Chrome/81.0.4044.268" "www.ysfine.com"
51.222.253.10 - - [03/Feb/2023:03:50:27 -0800] "GET /kobak/alexvic11b.jpg HTTP/1.1" 200 47312 "-" "Mozilla/5.0 (compatible; AhrefsBot/7.0; +http://ahrefs.com/robot/)" "ysfine.com"
51.222.253.15 - - [03/Feb/2023:03:50:29 -0800] "GET /princeton/nasshall01b.jpg HTTP/1.1" 200 60879 "-" "Mozilla/5.0 (compatible; AhrefsBot/7.0; +http://ahrefs.com/robot/)" "ysfine.com"
51.222.253.16 - - [03/Feb/2023:03:50:30 -0800] "GET /maga/phil/adamsmith03b.jpg HTTP/1.1" 200 41854 "-" "Mozilla/5.0 (compatible; AhrefsBot/7.0; +http://ahrefs.com/robot/)" "ysfine.com"
51.222.253.20 - - [03/Feb/2023:03:50:32 -0800] "GET /maga/phil/adamsmith02b.jpg HTTP/1.1" 200 44850 "-" "Mozilla/5.0 (compatible; AhrefsBot/7.0; +http://ahrefs.com/robot/)" "ysfine.com"
51.222.253.17 - - [03/Feb/2023:03:50:34 -0800] "GET /maga/invent/bell01b.jpg HTTP/1.1" 200 35302 "-" "Mozilla/5.0 (compatible; AhrefsBot/7.0; +http://ahrefs.com/robot/)" "ysfine.com"
51.222.253.10 - - [03/Feb/2023:03:50:35 -0800] "GET /maga/phil/hume02b.jpg HTTP/1.1" 200 52835 "-" "Mozilla/5.0 (compatible; AhrefsBot/7.0; +http://ahrefs.com/robot/)" "ysfine.com"
51.222.253.2 - - [03/Feb/2023:03:50:38 -0800] "GET /world/brit/edin15b.jpg HTTP/1.1" 200 38357 "-" "Mozilla/5.0 (compatible; AhrefsBot/7.0; +http://ahrefs.com/robot/)" "ysfine.com"
51.222.253.4 - - [03/Feb/2023:03:50:38 -0800] "GET /maga/phys/maclaurin01b.jpg HTTP/1.1" 200 49228 "-" "Mozilla/5.0 (compatible; AhrefsBot/7.0; +http://ahrefs.com/robot/)" "ysfine.com"
51.222.253.11 - - [03/Feb/2023:03:50:39 -0800] "GET /maga/phys/darwin01b.jpg HTTP/1.1" 200 46209 "-" "Mozilla/5.0 (compatible; AhrefsBot/7.0; +http://ahrefs.com/robot/)" "ysfine.com"
51.222.253.2 - - [03/Feb/2023:03:50:39 -0800] "GET /world/brit/dunf12b.jpg HTTP/1.1" 200 52267 "-" "Mozilla/5.0 (compatible; AhrefsBot/7.0; +http://ahrefs.com/robot/)" "ysfine.com"
51.222.253.4 - - [03/Feb/2023:03:50:40 -0800] "GET /kobak/church103b.jpg HTTP/1.1" 200 41194 "-" "Mozilla/5.0 (compatible; AhrefsBot/7.0; +http://ahrefs.com/robot/)" "ysfine.com"
216.244.66.229 - - [03/Feb/2023:03:51:08 -0800] "GET /world/ital/rome131.jpg HTTP/1.1" 200 125613 "-" "Mozilla/5.0 (compatible; DotBot/1.2; +https://opensiteexplorer.org/dotbot; help@moz.com)" "www.ysfine.com"
40.77.167.192 - - [03/Feb/2023:03:52:36 -0800] "GET /bio.html HTTP/1.1" 200 18260 "-" "Mozilla/5.0 AppleWebKit/537.36 (KHTML, like Gecko; compatible; bingbot/2.0; +http://www.bing.com/bingbot.htm) Chrome/103.0.5060.134 Safari/537.36" "ysfine.com"
94.23.203.107 - - [03/Feb/2023:03:52:43 -0800] "GET /robots.txt HTTP/1.1" 404 73 "-" "Mozilla/5.0 (compatible; MJ12bot/v1.4.8; http://mj12bot.com/)" "ysfine.com"
94.23.203.107 - - [03/Feb/2023:03:52:51 -0800] "GET /class54/class5480/Pictures/1.%C3%AC%C2%A0%C2%91%C3%AC%C2%88%C2%98%C3%AB%C2%B0%C2%8F%C3%AD%C2%99%C2%98%C3%AB%C2%8B%C2%B4/%C3%AC%C2%A0%C2%91%C3%AC%C2%88%C2%98%C3%AB%C2%B0%C2%8F%C3%AD%C2%99%C2%98%C3%AB%C2%8B%C2%B4%20(1).jpg HTTP/1.1" 200 8337191 "-" "Mozilla/5.0 (compatible; MJ12bot/v1.4.8; http://mj12bot.com/)" "ysfine.com"
94.23.203.107 - - [03/Feb/2023:03:52:59 -0800] "GET /class54/class5480/Pictures/1.%C3%AC%C2%A0%C2%91%C3%AC%C2%88%C2%98%C3%AB%C2%B0%C2%8F%C3%AD%C2%99%C2%98%C3%AB%C2%8B%C2%B4/%C3%AC%C2%A0%C2%91%C3%AC%C2%88%C2%98%C3%AB%C2%B0%C2%8F%C3%AD%C2%99%C2%98%C3%AB%C2%8B%C2%B4%20(10).jpg HTTP/1.1" 200 8730532 "-" "Mozilla/5.0 (compatible; MJ12bot/v1.4.8; http://mj12bot.com/)" "ysfine.com"
94.23.203.107 - - [03/Feb/2023:03:53:05 -0800] "GET /robots.txt HTTP/1.1" 404 73 "-" "Mozilla/5.0 (compatible; MJ12bot/v1.4.8; http://mj12bot.com/)" "www.ysfine.com"
94.23.203.107 - - [03/Feb/2023:03:53:10 -0800] "GET /ysbio//world/kor/sel803.jpg HTTP/1.1" 404 88 "-" "Mozilla/5.0 (compatible; MJ12bot/v1.4.8; http://mj12bot.com/)" "www.ysfine.com"
52.167.144.86 - - [03/Feb/2023:03:53:45 -0800] "GET /maga/marxphil.html HTTP/1.1" 404 88 "-" "Mozilla/5.0 AppleWebKit/537.36 (KHTML, like Gecko; compatible; bingbot/2.0; +http://www.bing.com/bingbot.htm) Chrome/103.0.5060.134 Safari/537.36" "ysfine.com"
207.46.13.104 - - [03/Feb/2023:03:54:03 -0800] "GET /bio/sbk/1950.html HTTP/1.1" 404 88 "-" "Mozilla/5.0 AppleWebKit/537.36 (KHTML, like Gecko; compatible; bingbot/2.0; +http://www.bing.com/bingbot.htm) Chrome/103.0.5060.134 Safari/537.36" "ysfine.com"
52.167.144.39 - - [03/Feb/2023:03:55:04 -0800] "GET /world/france/montmar07.jpg HTTP/1.1" 200 105580 "-" "Mozilla/5.0 AppleWebKit/537.36 (KHTML, like Gecko; compatible; bingbot/2.0; +http://www.bing.com/bingbot.htm) Chrome/103.0.5060.134 Safari/537.36" "www.ysfine.com"
52.167.144.39 - - [03/Feb/2023:03:56:04 -0800] "GET /newyork/trump63.jpg HTTP/1.1" 200 90635 "-" "Mozilla/5.0 AppleWebKit/537.36 (KHTML, like Gecko; compatible; bingbot/2.0; +http://www.bing.com/bingbot.htm) Chrome/103.0.5060.134 Safari/537.36" "ysfine.com"
207.46.13.104 - - [03/Feb/2023:03:56:17 -0800] "GET /bio/style/artlove.html HTTP/1.1" 404 88 "-" "Mozilla/5.0 AppleWebKit/537.36 (KHTML, like Gecko; compatible; bingbot/2.0; +http://www.bing.com/bingbot.htm) Chrome/103.0.5060.134 Safari/537.36" "ysfine.com"
123.125.109.45 - - [03/Feb/2023:03:56:19 -0800] "GET / HTTP/1.1" 200 5295 "-" "Sogou web spider/4.0(+http://www.sogou.com/docs/help/webmasters.htm#07)" "ysfine.com"
95.87.154.11 - - [03/Feb/2023:03:57:03 -0800] "GET /bio.html HTTP/1.1" 200 57527 "-" "Mozilla/5.0 (compatible; MaCoCu; +https://www.clarin.si/info/macocu-massive-collection-and-curation-of-monolingual-and-bilingual-data/)" "ysfine.com"
51.104.180.47 - - [03/Feb/2023:03:57:34 -0800] "GET /dirac/diracbul.jpg HTTP/1.1" 200 130193 "-" "DuckDuckBot/1.1; (+http://duckduckgo.com/duckduckbot.html)" "ysfine.com"
51.104.180.47 - - [03/Feb/2023:03:57:44 -0800] "GET /dirac/dirac44.jpg HTTP/1.1" 200 73817 "http://ysfine.com/dirac/dirac44.jpg" "DuckDuckBot/1.1; (+http://duckduckgo.com/duckduckbot.html)" "ysfine.com"
207.46.13.104 - - [03/Feb/2023:03:57:54 -0800] "GET /home/hmrigh.html HTTP/1.1" 200 4200 "-" "Mozilla/5.0 AppleWebKit/537.36 (KHTML, like Gecko; compatible; bingbot/2.0; +http://www.bing.com/bingbot.htm) Chrome/103.0.5060.134 Safari/537.36" "ysfine.com"
51.222.253.14 - - [03/Feb/2023:03:58:01 -0800] "GET /eink/index.html HTTP/1.1" 200 17716 "-" "Mozilla/5.0 (compatible; AhrefsBot/7.0; +http://ahrefs.com/robot/)" "www.ysfine.com"
51.222.253.2 - - [03/Feb/2023:03:58:03 -0800] "GET /eink/einbohr11c.jpg HTTP/1.1" 200 37811 "-" "Mozilla/5.0 (compatible; AhrefsBot/7.0; +http://ahrefs.com/robot/)" "www.ysfine.com"
51.222.253.8 - - [03/Feb/2023:03:58:03 -0800] "GET /eink/church06c.jpg HTTP/1.1" 200 33897 "-" "Mozilla/5.0 (compatible; AhrefsBot/7.0; +http://ahrefs.com/robot/)" "www.ysfine.com"
51.222.253.3 - - [03/Feb/2023:03:58:04 -0800] "GET /eink/einsaru22f.jpg HTTP/1.1" 200 76202 "-" "Mozilla/5.0 (compatible; AhrefsBot/7.0; +http://ahrefs.com/robot/)" "www.ysfine.com"
51.222.253.11 - - [03/Feb/2023:03:58:04 -0800] "GET /eink/iop21c.jpg HTTP/1.1" 200 31991 "-" "Mozilla/5.0 (compatible; AhrefsBot/7.0; +http://ahrefs.com/robot/)" "www.ysfine.com"
51.222.253.11 - - [03/Feb/2023:03:58:05 -0800] "GET /eink/capitol05c.jpg HTTP/1.1" 200 23405 "-" "Mozilla/5.0 (compatible; AhrefsBot/7.0; +http://ahrefs.com/robot/)" "www.ysfine.com"
51.222.253.1 - - [03/Feb/2023:03:58:05 -0800] "GET /eink/newtein77f.jpg HTTP/1.1" 200 46322 "-" "Mozilla/5.0 (compatible; AhrefsBot/7.0; +http://ahrefs.com/robot/)" "www.ysfine.com"
51.222.253.3 - - [03/Feb/2023:03:58:06 -0800] "GET /dirac/o32inho22c.jpg HTTP/1.1" 200 33038 "-" "Mozilla/5.0 (compatible; AhrefsBot/7.0; +http://ahrefs.com/robot/)" "www.ysfine.com"
51.222.253.15 - - [03/Feb/2023:03:58:07 -0800] "GET /eink/feynman43c.jpg HTTP/1.1" 200 39256 "-" "Mozilla/5.0 (compatible; AhrefsBot/7.0; +http://ahrefs.com/robot/)" "www.ysfine.com"
51.222.253.12 - - [03/Feb/2023:03:58:08 -0800] "GET /eink/comet900.jpg HTTP/1.1" 200 110150 "-" "Mozilla/5.0 (compatible; AhrefsBot/7.0; +http://ahrefs.com/robot/)" "www.ysfine.com"
51.222.253.20 - - [03/Feb/2023:03:58:09 -0800] "GET /home/eink77c.jpg HTTP/1.1" 200 47471 "-" "Mozilla/5.0 (compatible; AhrefsBot/7.0; +http://ahrefs.com/robot/)" "www.ysfine.com"
51.222.253.7 - - [03/Feb/2023:03:58:09 -0800] "GET /eink/lorentz21c.jpg HTTP/1.1" 200 36448 "-" "Mozilla/5.0 (compatible; AhrefsBot/7.0; +http://ahrefs.com/robot/)" "www.ysfine.com"
51.222.253.2 - - [03/Feb/2023:03:58:10 -0800] "GET /eink/einbohr900.jpg HTTP/1.1" 200 62710 "-" "Mozilla/5.0 (compatible; AhrefsBot/7.0; +http://ahrefs.com/robot/)" "www.ysfine.com"
51.222.253.12 - - [03/Feb/2023:03:58:10 -0800] "GET /eink/timemag46c.jpg HTTP/1.1" 200 49661 "-" "Mozilla/5.0 (compatible; AhrefsBot/7.0; +http://ahrefs.com/robot/)" "www.ysfine.com"
51.222.253.7 - - [03/Feb/2023:03:58:11 -0800] "GET /eink/weber88c.jpg HTTP/1.1" 200 24641 "-" "Mozilla/5.0 (compatible; AhrefsBot/7.0; +http://ahrefs.com/robot/)" "www.ysfine.com"
51.222.253.12 - - [03/Feb/2023:03:58:11 -0800] "GET /dirac/dirac39c.jpg HTTP/1.1" 200 54568 "-" "Mozilla/5.0 (compatible; AhrefsBot/7.0; +http://ahrefs.com/robot/)" "www.ysfine.com"
51.222.253.20 - - [03/Feb/2023:03:58:12 -0800] "GET /eink/emc22c.jpg HTTP/1.1" 200 32175 "-" "Mozilla/5.0 (compatible; AhrefsBot/7.0; +http://ahrefs.com/robot/)" "www.ysfine.com"
51.222.253.13 - - [03/Feb/2023:03:58:12 -0800] "GET /eink/berlinmus05c.jpg HTTP/1.1" 200 33956 "-" "Mozilla/5.0 (compatible; AhrefsBot/7.0; +http://ahrefs.com/robot/)" "www.ysfine.com"
51.222.253.7 - - [03/Feb/2023:03:58:12 -0800] "GET /feynman/feydirac300.jpg HTTP/1.1" 200 38223 "-" "Mozilla/5.0 (compatible; AhrefsBot/7.0; +http://ahrefs.com/robot/)" "www.ysfine.com"
51.222.253.7 - - [03/Feb/2023:03:58:13 -0800] "GET /style/ysnr11c.jpg HTTP/1.1" 200 34793 "-" "Mozilla/5.0 (compatible; AhrefsBot/7.0; +http://ahrefs.com/robot/)" "www.ysfine.com"
51.222.253.10 - - [03/Feb/2023:03:58:13 -0800] "GET /eink/abombs11c.jpg HTTP/1.1" 200 27039 "-" "Mozilla/5.0 (compatible; AhrefsBot/7.0; +http://ahrefs.com/robot/)" "www.ysfine.com"
51.222.253.20 - - [03/Feb/2023:03:58:14 -0800] "GET /eink/comet40f.jpg HTTP/1.1" 200 97314 "-" "Mozilla/5.0 (compatible; AhrefsBot/7.0; +http://ahrefs.com/robot/)" "www.ysfine.com"
51.222.253.20 - - [03/Feb/2023:03:58:14 -0800] "GET /yspapers/iop19c.jpg HTTP/1.1" 200 40220 "-" "Mozilla/5.0 (compatible; AhrefsBot/7.0; +http://ahrefs.com/robot/)" "www.ysfine.com"
51.222.253.15 - - [03/Feb/2023:03:58:14 -0800] "GET /eink/einbern66c.jpg HTTP/1.1" 200 51134 "-" "Mozilla/5.0 (compatible; AhrefsBot/7.0; +http://ahrefs.com/robot/)" "www.ysfine.com"
51.222.253.7 - - [03/Feb/2023:03:58:15 -0800] "GET /eink/einhouse11c.jpg HTTP/1.1" 200 32610 "-" "Mozilla/5.0 (compatible; AhrefsBot/7.0; +http://ahrefs.com/robot/)" "www.ysfine.com"
51.222.253.3 - - [03/Feb/2023:03:58:15 -0800] "GET /eink/parton900.jpg HTTP/1.1" 200 126652 "-" "Mozilla/5.0 (compatible; AhrefsBot/7.0; +http://ahrefs.com/robot/)" "www.ysfine.com"
51.222.253.5 - - [03/Feb/2023:03:58:16 -0800] "GET /eink/tollwig11c.jpg HTTP/1.1" 200 30318 "-" "Mozilla/5.0 (compatible; AhrefsBot/7.0; +http://ahrefs.com/robot/)" "www.ysfine.com"
51.222.253.11 - - [03/Feb/2023:03:58:16 -0800] "GET /eink/pwk33c.jpg HTTP/1.1" 200 30700 "-" "Mozilla/5.0 (compatible; AhrefsBot/7.0; +http://ahrefs.com/robot/)" "www.ysfine.com"
51.222.253.17 - - [03/Feb/2023:03:58:17 -0800] "GET /eink/ecitizen40c.jpg HTTP/1.1" 200 29979 "-" "Mozilla/5.0 (compatible; AhrefsBot/7.0; +http://ahrefs.com/robot/)" "www.ysfine.com"
51.222.253.10 - - [03/Feb/2023:03:58:17 -0800] "GET /eink/eink54f.jpg HTTP/1.1" 200 98068 "-" "Mozilla/5.0 (compatible; AhrefsBot/7.0; +http://ahrefs.com/robot/)" "www.ysfine.com"
51.222.253.6 - - [03/Feb/2023:03:58:18 -0800] "GET /eink/enterprize61c.jpg HTTP/1.1" 200 40611 "-" "Mozilla/5.0 (compatible; AhrefsBot/7.0; +http://ahrefs.com/robot/)" "www.ysfine.com"
51.222.253.3 - - [03/Feb/2023:03:58:18 -0800] "GET /eink/dirackn900.jpg HTTP/1.1" 200 121605 "-" "Mozilla/5.0 (compatible; AhrefsBot/7.0; +http://ahrefs.com/robot/)" "www.ysfine.com"
51.222.253.18 - - [03/Feb/2023:03:58:19 -0800] "GET /eink/feyfirm66c.jpg HTTP/1.1" 200 30766 "-" "Mozilla/5.0 (compatible; AhrefsBot/7.0; +http://ahrefs.com/robot/)" "www.ysfine.com"
51.222.253.6 - - [03/Feb/2023:03:58:19 -0800] "GET /feynman/feynman300.jpg HTTP/1.1" 200 18273 "-" "Mozilla/5.0 (compatible; AhrefsBot/7.0; +http://ahrefs.com/robot/)" "www.ysfine.com"
51.222.253.2 - - [03/Feb/2023:03:58:19 -0800] "GET /einstein/einglaub01c.jpg HTTP/1.1" 200 36935 "-" "Mozilla/5.0 (compatible; AhrefsBot/7.0; +http://ahrefs.com/robot/)" "www.ysfine.com"
51.222.253.18 - - [03/Feb/2023:03:58:28 -0800] "GET /eink/kbrain11f.jpg HTTP/1.1" 200 56023 "-" "Mozilla/5.0 (compatible; AhrefsBot/7.0; +http://ahrefs.com/robot/)" "www.ysfine.com"
51.222.253.5 - - [03/Feb/2023:03:58:29 -0800] "GET /dirac/dirbust22c.jpg HTTP/1.1" 200 36029 "-" "Mozilla/5.0 (compatible; AhrefsBot/7.0; +http://ahrefs.com/robot/)" "www.ysfine.com"
51.222.253.2 - - [03/Feb/2023:03:58:30 -0800] "GET /eink/abomb66c.jpg HTTP/1.1" 200 22350 "-" "Mozilla/5.0 (compatible; AhrefsBot/7.0; +http://ahrefs.com/robot/)" "www.ysfine.com"
51.222.253.7 - - [03/Feb/2023:03:58:30 -0800] "GET /eink/further22f.jpg HTTP/1.1" 200 99099 "-" "Mozilla/5.0 (compatible; AhrefsBot/7.0; +http://ahrefs.com/robot/)" "www.ysfine.com"
177.128.83.158 - - [03/Feb/2023:03:58:44 -0800] "GET /wigner/neum/vnc01.jpg HTTP/1.1" 200 133641 "https://sites.google.com/" "Mozilla/5.0 (Linux; Android 12; M2010J19SI) AppleWebKit/537.36 (KHTML, like Gecko) Chrome/109.0.0.0 Mobile Safari/537.36" "ysfine.com"
95.87.154.11 - - [03/Feb/2023:04:01:31 -0800] "GET /bio09.html HTTP/1.1" 200 41773 "-" "Mozilla/5.0 (compatible; MaCoCu; +https://www.clarin.si/info/macocu-massive-collection-and-curation-of-monolingual-and-bilingual-data/)" "ysfine.com"
95.87.154.11 - - [03/Feb/2023:04:01:51 -0800] "GET /usca/pgh.html HTTP/1.1" 200 41086 "-" "Mozilla/5.0 (compatible; MaCoCu; +https://www.clarin.si/info/macocu-massive-collection-and-curation-of-monolingual-and-bilingual-data/)" "ysfine.com"
17.241.75.236 - - [03/Feb/2023:04:02:01 -0800] "GET /maga/popov.html HTTP/1.1" 200 8651 "-" "Mozilla/5.0 (Macintosh; Intel Mac OS X 10_15_5) AppleWebKit/605.1.15 (KHTML, like Gecko) Version/13.1.1 Safari/605.1.15 (Applebot/0.1; +http://www.apple.com/go/applebot)" "ysfine.com"
95.87.154.11 - - [03/Feb/2023:04:02:12 -0800] "GET /sbk/index.html HTTP/1.1" 200 293 "-" "Mozilla/5.0 (compatible; MaCoCu; +https://www.clarin.si/info/macocu-massive-collection-and-curation-of-monolingual-and-bilingual-data/)" "ysfine.com"
