51.222.253.12 - - [03/Feb/2023:05:32:45 -0800] "GET /einstein/einqm.html HTTP/1.1" 200 4504 "-" "Mozilla/5.0 (compatible; AhrefsBot/7.0; +http://ahrefs.com/robot/)" "ysfine.com"
93.158.161.43 - - [03/Feb/2023:05:32:47 -0800] "GET /friends/ewha33.jpg HTTP/1.1" 404 88 "-" "Mozilla/5.0 (compatible; YandexImages/3.0; +http://yandex.com/bots)" "ysfine.com"
51.222.253.14 - - [03/Feb/2023:05:32:48 -0800] "GET /einstein/hofstadter11c.jpg HTTP/1.1" 200 26993 "-" "Mozilla/5.0 (compatible; AhrefsBot/7.0; +http://ahrefs.com/robot/)" "ysfine.com"
51.222.253.7 - - [03/Feb/2023:05:32:49 -0800] "GET /einstein/eins47c.jpg HTTP/1.1" 200 43054 "-" "Mozilla/5.0 (compatible; AhrefsBot/7.0; +http://ahrefs.com/robot/)" "ysfine.com"
51.222.253.18 - - [03/Feb/2023:05:32:50 -0800] "GET /einstein/newton55c.jpg HTTP/1.1" 200 31852 "-" "Mozilla/5.0 (compatible; AhrefsBot/7.0; +http://ahrefs.com/robot/)" "ysfine.com"
51.222.253.2 - - [03/Feb/2023:05:32:50 -0800] "GET /einstein/jsbell01c.jpg HTTP/1.1" 200 33157 "-" "Mozilla/5.0 (compatible; AhrefsBot/7.0; +http://ahrefs.com/robot/)" "ysfine.com"
51.222.253.20 - - [03/Feb/2023:05:32:51 -0800] "GET /einstein/standrun22a.jpg HTTP/1.1" 200 41374 "-" "Mozilla/5.0 (compatible; AhrefsBot/7.0; +http://ahrefs.com/robot/)" "ysfine.com"
51.222.253.8 - - [03/Feb/2023:05:32:51 -0800] "GET /feynman/feygell22c.jpg HTTP/1.1" 200 28834 "-" "Mozilla/5.0 (compatible; AhrefsBot/7.0; +http://ahrefs.com/robot/)" "ysfine.com"
51.222.253.20 - - [03/Feb/2023:05:32:52 -0800] "GET /einstein/infeld11c.jpg HTTP/1.1" 200 22805 "-" "Mozilla/5.0 (compatible; AhrefsBot/7.0; +http://ahrefs.com/robot/)" "ysfine.com"
51.222.253.10 - - [03/Feb/2023:05:32:52 -0800] "GET /einstein/standrun33a.jpg HTTP/1.1" 200 37021 "-" "Mozilla/5.0 (compatible; AhrefsBot/7.0; +http://ahrefs.com/robot/)" "ysfine.com"
95.87.154.11 - - [03/Feb/2023:05:32:57 -0800] "GET /einstein/ulm22.html HTTP/1.1" 200 15814 "-" "Mozilla/5.0 (compatible; MaCoCu; +https://www.clarin.si/info/macocu-massive-collection-and-curation-of-monolingual-and-bilingual-data/)" "ysfine.com"
95.87.154.11 - - [03/Feb/2023:05:33:16 -0800] "GET /wigner/wigpoinc.html HTTP/1.1" 200 17681 "-" "Mozilla/5.0 (compatible; MaCoCu; +https://www.clarin.si/info/macocu-massive-collection-and-curation-of-monolingual-and-bilingual-data/)" "ysfine.com"
216.244.66.229 - - [03/Feb/2023:05:33:32 -0800] "GET /kobak/yoonhm.jpg HTTP/1.1" 200 150232 "-" "Mozilla/5.0 (compatible; DotBot/1.2; +https://opensiteexplorer.org/dotbot; help@moz.com)" "www.ysfine.com"
95.87.154.11 - - [03/Feb/2023:05:33:38 -0800] "GET /einstein/einxmas.html HTTP/1.1" 200 6163 "-" "Mozilla/5.0 (compatible; MaCoCu; +https://www.clarin.si/info/macocu-massive-collection-and-curation-of-monolingual-and-bilingual-data/)" "ysfine.com"
95.87.154.11 - - [03/Feb/2023:05:33:59 -0800] "GET /kobak/ HTTP/1.1" 200 186 "-" "Mozilla/5.0 (compatible; MaCoCu; +https://www.clarin.si/info/macocu-massive-collection-and-curation-of-monolingual-and-bilingual-data/)" "ysfine.com"
216.244.66.229 - - [03/Feb/2023:05:34:01 -0800] "GET /princeton/apga13.jpg HTTP/1.1" 200 336156 "-" "Mozilla/5.0 (compatible; DotBot/1.2; +https://opensiteexplorer.org/dotbot; help@moz.com)" "www.ysfine.com"
40.77.167.192 - - [03/Feb/2023:05:34:03 -0800] "GET /kowar/paiksy05.jpg HTTP/1.1" 200 123006 "-" "Mozilla/5.0 AppleWebKit/537.36 (KHTML, like Gecko; compatible; bingbot/2.0; +http://www.bing.com/bingbot.htm) Chrome/103.0.5060.134 Safari/537.36" "ysfine.com"
95.87.154.11 - - [03/Feb/2023:05:34:21 -0800] "GET /kowar/war50.html HTTP/1.1" 200 30738 "-" "Mozilla/5.0 (compatible; MaCoCu; +https://www.clarin.si/info/macocu-massive-collection-and-curation-of-monolingual-and-bilingual-data/)" "ysfine.com"
216.244.66.229 - - [03/Feb/2023:05:34:32 -0800] "GET /princeton/brooke66.jpg HTTP/1.1" 200 135510 "-" "Mozilla/5.0 (compatible; DotBot/1.2; +https://opensiteexplorer.org/dotbot; help@moz.com)" "www.ysfine.com"
52.167.144.39 - - [03/Feb/2023:05:34:34 -0800] "GET /usca/pitt/carnlab11b.jpg HTTP/1.1" 200 32622 "-" "Mozilla/5.0 AppleWebKit/537.36 (KHTML, like Gecko; compatible; bingbot/2.0; +http://www.bing.com/bingbot.htm) Chrome/103.0.5060.134 Safari/537.36" "www.ysfine.com"
95.87.154.11 - - [03/Feb/2023:05:34:39 -0800] "GET /kowar/war45.html HTTP/1.1" 200 34572 "-" "Mozilla/5.0 (compatible; MaCoCu; +https://www.clarin.si/info/macocu-massive-collection-and-curation-of-monolingual-and-bilingual-data/)" "ysfine.com"
95.87.154.11 - - [03/Feb/2023:05:35:02 -0800] "GET /wigner/lunch.html HTTP/1.1" 200 7491 "-" "Mozilla/5.0 (compatible; MaCoCu; +https://www.clarin.si/info/macocu-massive-collection-and-curation-of-monolingual-and-bilingual-data/)" "ysfine.com"
52.167.144.39 - - [03/Feb/2023:05:35:04 -0800] "GET /maga/phys/schroheisen33.jpg HTTP/1.1" 200 74235 "-" "Mozilla/5.0 AppleWebKit/537.36 (KHTML, like Gecko; compatible; bingbot/2.0; +http://www.bing.com/bingbot.htm) Chrome/103.0.5060.134 Safari/537.36" "ysfine.com"
207.46.13.104 - - [03/Feb/2023:05:35:12 -0800] "GET /awards/matrix33c.jpg HTTP/1.1" 200 34515 "-" "Mozilla/5.0 AppleWebKit/537.36 (KHTML, like Gecko; compatible; bingbot/2.0; +http://www.bing.com/bingbot.htm) Chrome/103.0.5060.134 Safari/537.36" "ysfine.com"
95.87.154.11 - - [03/Feb/2023:05:35:21 -0800] "GET /kobak/repose.html HTTP/1.1" 200 11232 "-" "Mozilla/5.0 (compatible; MaCoCu; +https://www.clarin.si/info/macocu-massive-collection-and-curation-of-monolingual-and-bilingual-data/)" "ysfine.com"
66.10.206.66 - - [03/Feb/2023:05:35:31 -0800] "GET /world/brit/etonharrow.html HTTP/1.1" 200 4544 "-" "Mozilla/5.0 (Macintosh; Intel Mac OS X 10_15_7) AppleWebKit/605.1.15 (KHTML, like Gecko) Version/16.0 Safari/605.1.15" "ysfine.com"
95.87.154.11 - - [03/Feb/2023:05:35:42 -0800] "GET /kobak/kumipo.html HTTP/1.1" 200 2180 "-" "Mozilla/5.0 (compatible; MaCoCu; +https://www.clarin.si/info/macocu-massive-collection-and-curation-of-monolingual-and-bilingual-data/)" "ysfine.com"
95.87.154.11 - - [03/Feb/2023:05:36:03 -0800] "GET /kobak/underw81.pdf HTTP/1.1" 200 2013682 "-" "Mozilla/5.0 (compatible; MaCoCu; +https://www.clarin.si/info/macocu-massive-collection-and-curation-of-monolingual-and-bilingual-data/)" "ysfine.com"
123.183.224.89 - - [03/Feb/2023:05:36:14 -0800] "GET / HTTP/1.1" 200 5295 "-" "Sogou web spider/4.0(+http://www.sogou.com/docs/help/webmasters.htm#07)" "ysfine.com"
95.87.154.11 - - [03/Feb/2023:05:36:24 -0800] "GET /kobak/sobeach.html HTTP/1.1" 200 2169 "-" "Mozilla/5.0 (compatible; MaCoCu; +https://www.clarin.si/info/macocu-massive-collection-and-curation-of-monolingual-and-bilingual-data/)" "ysfine.com"
95.87.154.11 - - [03/Feb/2023:05:36:44 -0800] "GET /kowar/kimis728.pdf HTTP/1.1" 200 6431152 "-" "Mozilla/5.0 (compatible; MaCoCu; +https://www.clarin.si/info/macocu-massive-collection-and-curation-of-monolingual-and-bilingual-data/)" "ysfine.com"
95.87.154.11 - - [03/Feb/2023:05:37:04 -0800] "GET /wisdom/kowar31.html HTTP/1.1" 404 73 "-" "Mozilla/5.0 (compatible; MaCoCu; +https://www.clarin.si/info/macocu-massive-collection-and-curation-of-monolingual-and-bilingual-data/)" "ysfine.com"
95.87.154.11 - - [03/Feb/2023:05:37:22 -0800] "GET /einstein/storie.html HTTP/1.1" 404 73 "-" "Mozilla/5.0 (compatible; MaCoCu; +https://www.clarin.si/info/macocu-massive-collection-and-curation-of-monolingual-and-bilingual-data/)" "ysfine.com"
52.167.144.62 - - [03/Feb/2023:05:37:30 -0800] "GET /world/poland/polstu02.jpg HTTP/1.1" 200 106233 "-" "Mozilla/5.0 AppleWebKit/537.36 (KHTML, like Gecko; compatible; bingbot/2.0; +http://www.bing.com/bingbot.htm) Chrome/103.0.5060.134 Safari/537.36" "www.ysfine.com"
95.87.154.11 - - [03/Feb/2023:05:37:45 -0800] "GET /wigner/wigsid.html HTTP/1.1" 404 73 "-" "Mozilla/5.0 (compatible; MaCoCu; +https://www.clarin.si/info/macocu-massive-collection-and-curation-of-monolingual-and-bilingual-data/)" "ysfine.com"
207.46.13.104 - - [03/Feb/2023:05:38:03 -0800] "GET /bio/kobak/yskor.html HTTP/1.1" 404 88 "-" "Mozilla/5.0 AppleWebKit/537.36 (KHTML, like Gecko; compatible; bingbot/2.0; +http://www.bing.com/bingbot.htm) Chrome/103.0.5060.134 Safari/537.36" "ysfine.com"
95.87.154.11 - - [03/Feb/2023:05:38:26 -0800] "GET /einstein/einabel.html HTTP/1.1" 200 16947 "-" "Mozilla/5.0 (compatible; MaCoCu; +https://www.clarin.si/info/macocu-massive-collection-and-curation-of-monolingual-and-bilingual-data/)" "ysfine.com"
95.87.154.11 - - [03/Feb/2023:05:38:40 -0800] "GET /einstein/eink22.html HTTP/1.1" 404 73 "-" "Mozilla/5.0 (compatible; MaCoCu; +https://www.clarin.si/info/macocu-massive-collection-and-curation-of-monolingual-and-bilingual-data/)" "ysfine.com"
95.87.154.11 - - [03/Feb/2023:05:38:46 -0800] "GET /world/ HTTP/1.1" 200 188 "-" "Mozilla/5.0 (compatible; MaCoCu; +https://www.clarin.si/info/macocu-massive-collection-and-curation-of-monolingual-and-bilingual-data/)" "ysfine.com"
95.87.154.11 - - [03/Feb/2023:05:39:07 -0800] "GET /style/rieu.html HTTP/1.1" 200 2996 "-" "Mozilla/5.0 (compatible; MaCoCu; +https://www.clarin.si/info/macocu-massive-collection-and-curation-of-monolingual-and-bilingual-data/)" "ysfine.com"
95.87.154.11 - - [03/Feb/2023:05:39:26 -0800] "GET /world/kazan.html HTTP/1.1" 200 42767 "-" "Mozilla/5.0 (compatible; MaCoCu; +https://www.clarin.si/info/macocu-massive-collection-and-curation-of-monolingual-and-bilingual-data/)" "ysfine.com"
52.167.144.86 - - [03/Feb/2023:05:39:37 -0800] "GET /bio/princeton/campus.html HTTP/1.1" 404 88 "-" "Mozilla/5.0 AppleWebKit/537.36 (KHTML, like Gecko; compatible; bingbot/2.0; +http://www.bing.com/bingbot.htm) Chrome/103.0.5060.134 Safari/537.36" "ysfine.com"
95.87.154.11 - - [03/Feb/2023:05:39:46 -0800] "GET /maga/yukawa.html HTTP/1.1" 200 14202 "-" "Mozilla/5.0 (compatible; MaCoCu; +https://www.clarin.si/info/macocu-massive-collection-and-curation-of-monolingual-and-bilingual-data/)" "ysfine.com"
95.87.154.11 - - [03/Feb/2023:05:40:09 -0800] "GET /kobak/namdae.html HTTP/1.1" 200 12225 "-" "Mozilla/5.0 (compatible; MaCoCu; +https://www.clarin.si/info/macocu-massive-collection-and-curation-of-monolingual-and-bilingual-data/)" "ysfine.com"
95.87.154.11 - - [03/Feb/2023:05:40:27 -0800] "GET /style/tatiana.html HTTP/1.1" 200 21976 "-" "Mozilla/5.0 (compatible; MaCoCu; +https://www.clarin.si/info/macocu-massive-collection-and-curation-of-monolingual-and-bilingual-data/)" "ysfine.com"
95.87.154.11 - - [03/Feb/2023:05:40:51 -0800] "GET /maga/marxphil.html HTTP/1.1" 404 73 "-" "Mozilla/5.0 (compatible; MaCoCu; +https://www.clarin.si/info/macocu-massive-collection-and-curation-of-monolingual-and-bilingual-data/)" "ysfine.com"
207.46.13.104 - - [03/Feb/2023:05:40:52 -0800] "GET /world/poland/polstu26b.jpg HTTP/1.1" 200 38912 "-" "Mozilla/5.0 AppleWebKit/537.36 (KHTML, like Gecko; compatible; bingbot/2.0; +http://www.bing.com/bingbot.htm) Chrome/103.0.5060.134 Safari/537.36" "ysfine.com"
95.87.154.11 - - [03/Feb/2023:05:41:09 -0800] "GET /world/feynrio.html HTTP/1.1" 200 25780 "-" "Mozilla/5.0 (compatible; MaCoCu; +https://www.clarin.si/info/macocu-massive-collection-and-curation-of-monolingual-and-bilingual-data/)" "ysfine.com"
52.167.144.62 - - [03/Feb/2023:05:41:13 -0800] "GET /bio/style/proschanie.html HTTP/1.1" 404 88 "-" "Mozilla/5.0 AppleWebKit/537.36 (KHTML, like Gecko; compatible; bingbot/2.0; +http://www.bing.com/bingbot.htm) Chrome/103.0.5060.134 Safari/537.36" "ysfine.com"
95.87.154.11 - - [03/Feb/2023:05:41:30 -0800] "GET /style/bstring.html HTTP/1.1" 200 1633 "-" "Mozilla/5.0 (compatible; MaCoCu; +https://www.clarin.si/info/macocu-massive-collection-and-curation-of-monolingual-and-bilingual-data/)" "ysfine.com"
51.222.253.11 - - [03/Feb/2023:05:41:50 -0800] "GET /princeton/prospect.html HTTP/1.1" 200 425 "-" "Mozilla/5.0 (compatible; AhrefsBot/7.0; +http://ahrefs.com/robot/)" "ysfine.com"
95.87.154.11 - - [03/Feb/2023:05:41:50 -0800] "GET /style/chopingr.html HTTP/1.1" 200 659 "-" "Mozilla/5.0 (compatible; MaCoCu; +https://www.clarin.si/info/macocu-massive-collection-and-curation-of-monolingual-and-bilingual-data/)" "ysfine.com"
51.222.253.9 - - [03/Feb/2023:05:41:52 -0800] "GET /princeton/pros53.jpg HTTP/1.1" 200 103506 "-" "Mozilla/5.0 (compatible; AhrefsBot/7.0; +http://ahrefs.com/robot/)" "ysfine.com"
51.222.253.5 - - [03/Feb/2023:05:41:53 -0800] "GET /princeton/pros55.jpg HTTP/1.1" 200 133329 "-" "Mozilla/5.0 (compatible; AhrefsBot/7.0; +http://ahrefs.com/robot/)" "ysfine.com"
51.222.253.1 - - [03/Feb/2023:05:41:54 -0800] "GET /princeton/pros52.jpg HTTP/1.1" 200 91958 "-" "Mozilla/5.0 (compatible; AhrefsBot/7.0; +http://ahrefs.com/robot/)" "ysfine.com"
51.222.253.13 - - [03/Feb/2023:05:41:54 -0800] "GET /princeton/pros54.jpg HTTP/1.1" 200 119354 "-" "Mozilla/5.0 (compatible; AhrefsBot/7.0; +http://ahrefs.com/robot/)" "ysfine.com"
95.87.154.11 - - [03/Feb/2023:05:42:13 -0800] "GET /feynman/feypic.html HTTP/1.1" 404 73 "-" "Mozilla/5.0 (compatible; MaCoCu; +https://www.clarin.si/info/macocu-massive-collection-and-curation-of-monolingual-and-bilingual-data/)" "ysfine.com"
178.51.125.251 - - [03/Feb/2023:05:42:17 -0800] "GET /feynman/feybongo.jpg HTTP/1.1" 200 47448 "https://www.google.com/" "Mozilla/5.0 (Windows NT 10.0; Win64; x64) AppleWebKit/537.36 (KHTML, like Gecko) Chrome/109.0.0.0 Safari/537.36" "ysfine.com"
95.87.154.11 - - [03/Feb/2023:05:42:32 -0800] "GET /feynman/feynbot.html HTTP/1.1" 200 218 "-" "Mozilla/5.0 (compatible; MaCoCu; +https://www.clarin.si/info/macocu-massive-collection-and-curation-of-monolingual-and-bilingual-data/)" "ysfine.com"
178.51.125.251 - - [03/Feb/2023:05:42:32 -0800] "GET /feynman/feychin.jpg HTTP/1.1" 200 33472 "https://www.google.com/" "Mozilla/5.0 (Windows NT 10.0; Win64; x64) AppleWebKit/537.36 (KHTML, like Gecko) Chrome/109.0.0.0 Safari/537.36" "ysfine.com"
95.87.154.11 - - [03/Feb/2023:05:42:53 -0800] "GET /feynman/feynart.html HTTP/1.1" 200 26769 "-" "Mozilla/5.0 (compatible; MaCoCu; +https://www.clarin.si/info/macocu-massive-collection-and-curation-of-monolingual-and-bilingual-data/)" "ysfine.com"
95.87.154.11 - - [03/Feb/2023:05:43:13 -0800] "GET /feynman/fthesis.html HTTP/1.1" 200 182 "-" "Mozilla/5.0 (compatible; MaCoCu; +https://www.clarin.si/info/macocu-massive-collection-and-curation-of-monolingual-and-bilingual-data/)" "ysfine.com"
77.75.78.161 - - [03/Feb/2023:05:43:23 -0800] "GET /robots.txt HTTP/1.1" 404 88 "-" "Mozilla/5.0 (compatible; SeznamBot/3.2; +http://napoveda.seznam.cz/en/seznambot-intro/)" "ysfine.com"
77.75.78.161 - - [03/Feb/2023:05:43:24 -0800] "GET /style/musee/picassomp10.jpg HTTP/1.1" 200 90244 "-" "Mozilla/5.0 (compatible; SeznamBot/3.2; +http://napoveda.seznam.cz/en/seznambot-intro/)" "ysfine.com"
77.75.78.161 - - [03/Feb/2023:05:43:28 -0800] "GET /world/brit/paddington02.jpg HTTP/1.1" 304 - "-" "Mozilla/5.0 (compatible; SeznamBot/3.2; +http://napoveda.seznam.cz/en/seznambot-intro/)" "ysfine.com"
77.75.78.161 - - [03/Feb/2023:05:43:28 -0800] "GET /kobak/severance2.jpg HTTP/1.1" 304 - "-" "Mozilla/5.0 (compatible; SeznamBot/3.2; +http://napoveda.seznam.cz/en/seznambot-intro/)" "ysfine.com"
77.75.78.161 - - [03/Feb/2023:05:43:28 -0800] "GET /wigner/wigsharp.jpg HTTP/1.1" 304 - "-" "Mozilla/5.0 (compatible; SeznamBot/3.2; +http://napoveda.seznam.cz/en/seznambot-intro/)" "ysfine.com"
77.75.78.161 - - [03/Feb/2023:05:43:29 -0800] "GET /dirac/diracbul.jpg HTTP/1.1" 200 130193 "-" "Mozilla/5.0 (compatible; SeznamBot/3.2; +http://napoveda.seznam.cz/en/seznambot-intro/)" "ysfine.com"
77.75.78.161 - - [03/Feb/2023:05:43:32 -0800] "GET /wdc/washmo17.jpg HTTP/1.1" 304 - "-" "Mozilla/5.0 (compatible; SeznamBot/3.2; +http://napoveda.seznam.cz/en/seznambot-intro/)" "ysfine.com"
77.75.78.161 - - [03/Feb/2023:05:43:32 -0800] "GET /wdc/gtown25.jpg HTTP/1.1" 304 - "-" "Mozilla/5.0 (compatible; SeznamBot/3.2; +http://napoveda.seznam.cz/en/seznambot-intro/)" "ysfine.com"
95.87.154.11 - - [03/Feb/2023:05:43:47 -0800] "GET /einstein/maxein.html HTTP/1.1" 200 6741 "-" "Mozilla/5.0 (compatible; MaCoCu; +https://www.clarin.si/info/macocu-massive-collection-and-curation-of-monolingual-and-bilingual-data/)" "ysfine.com"
207.46.13.104 - - [03/Feb/2023:05:44:02 -0800] "GET /princeton/annex11.jpg HTTP/1.1" 200 136808 "-" "Mozilla/5.0 AppleWebKit/537.36 (KHTML, like Gecko; compatible; bingbot/2.0; +http://www.bing.com/bingbot.htm) Chrome/103.0.5060.134 Safari/537.36" "ysfine.com"
95.87.154.11 - - [03/Feb/2023:05:44:07 -0800] "GET /class54/weheard.html HTTP/1.1" 200 16714 "-" "Mozilla/5.0 (compatible; MaCoCu; +https://www.clarin.si/info/macocu-massive-collection-and-curation-of-monolingual-and-bilingual-data/)" "ysfine.com"
95.87.154.11 - - [03/Feb/2023:05:44:27 -0800] "GET /princeton/cleve.html HTTP/1.1" 200 1111 "-" "Mozilla/5.0 (compatible; MaCoCu; +https://www.clarin.si/info/macocu-massive-collection-and-curation-of-monolingual-and-bilingual-data/)" "ysfine.com"
95.87.154.11 - - [03/Feb/2023:05:44:48 -0800] "GET /einstein/einbot.html HTTP/1.1" 200 186 "-" "Mozilla/5.0 (compatible; MaCoCu; +https://www.clarin.si/info/macocu-massive-collection-and-curation-of-monolingual-and-bilingual-data/)" "ysfine.com"
87.70.17.134 - - [03/Feb/2023:05:45:05 -0800] "GET /world/france/arusas01.jpg HTTP/1.1" 200 364636 "https://www.google.com/" "Mozilla/5.0 (Windows NT 10.0; Win64; x64) AppleWebKit/537.36 (KHTML, like Gecko) Chrome/109.0.0.0 Safari/537.36" "ysfine.com"
95.87.154.11 - - [03/Feb/2023:05:45:10 -0800] "GET /style/proschanie.html HTTP/1.1" 200 11648 "-" "Mozilla/5.0 (compatible; MaCoCu; +https://www.clarin.si/info/macocu-massive-collection-and-curation-of-monolingual-and-bilingual-data/)" "ysfine.com"
95.87.154.11 - - [03/Feb/2023:05:45:29 -0800] "GET /feynman/chapline.html HTTP/1.1" 200 1840 "-" "Mozilla/5.0 (compatible; MaCoCu; +https://www.clarin.si/info/macocu-massive-collection-and-curation-of-monolingual-and-bilingual-data/)" "ysfine.com"
207.46.13.64 - - [03/Feb/2023:05:45:31 -0800] "GET /wigner/isomor99.jpg HTTP/1.1" 200 766314 "-" "Mozilla/5.0 AppleWebKit/537.36 (KHTML, like Gecko; compatible; bingbot/2.0; +http://www.bing.com/bingbot.htm) Chrome/103.0.5060.134 Safari/537.36" "ysfine.com"
95.87.154.11 - - [03/Feb/2023:05:45:50 -0800] "GET /einstein/einstring.html HTTP/1.1" 200 1209 "-" "Mozilla/5.0 (compatible; MaCoCu; +https://www.clarin.si/info/macocu-massive-collection-and-curation-of-monolingual-and-bilingual-data/)" "ysfine.com"
95.87.154.11 - - [03/Feb/2023:05:46:11 -0800] "GET /world/germany/berlino12 HTTP/1.1" 200 92380 "-" "Mozilla/5.0 (compatible; MaCoCu; +https://www.clarin.si/info/macocu-massive-collection-and-curation-of-monolingual-and-bilingual-data/)" "ysfine.com"
216.244.66.229 - - [03/Feb/2023:05:46:18 -0800] "GET /robots.txt HTTP/1.1" 404 73 "-" "Mozilla/5.0 (compatible; DotBot/1.2; +https://opensiteexplorer.org/dotbot; help@moz.com)" "www.ysfine.com"
95.87.154.11 - - [03/Feb/2023:05:46:32 -0800] "GET /world/poland/holycoper.html HTTP/1.1" 200 595 "-" "Mozilla/5.0 (compatible; MaCoCu; +https://www.clarin.si/info/macocu-massive-collection-and-curation-of-monolingual-and-bilingual-data/)" "ysfine.com"
95.87.154.11 - - [03/Feb/2023:05:46:59 -0800] "GET /world/polandp.html HTTP/1.1" 200 15631 "-" "Mozilla/5.0 (compatible; MaCoCu; +https://www.clarin.si/info/macocu-massive-collection-and-curation-of-monolingual-and-bilingual-data/)" "ysfine.com"
66.249.70.3 - - [03/Feb/2023:05:47:02 -0800] "GET /wigner/neum/vnc02.jpg HTTP/1.1" 304 - "-" "Googlebot-Image/1.0" "ysfine.com"
95.87.154.11 - - [03/Feb/2023:05:47:14 -0800] "GET /dirac/dircanal.html HTTP/1.1" 200 10551 "-" "Mozilla/5.0 (compatible; MaCoCu; +https://www.clarin.si/info/macocu-massive-collection-and-curation-of-monolingual-and-bilingual-data/)" "ysfine.com"
207.46.13.104 - - [03/Feb/2023:05:47:23 -0800] "GET /saram/g111.jpg HTTP/1.1" 200 76600 "-" "Mozilla/5.0 AppleWebKit/537.36 (KHTML, like Gecko; compatible; bingbot/2.0; +http://www.bing.com/bingbot.htm) Chrome/103.0.5060.134 Safari/537.36" "www.ysfine.com"
95.87.154.11 - - [03/Feb/2023:05:47:34 -0800] "GET /dirac/dirheisen.html HTTP/1.1" 200 13181 "-" "Mozilla/5.0 (compatible; MaCoCu; +https://www.clarin.si/info/macocu-massive-collection-and-curation-of-monolingual-and-bilingual-data/)" "ysfine.com"
172.225.24.230 - - [03/Feb/2023:05:47:35 -0800] "GET /dirac/dirheisen31b.jpg HTTP/1.1" 200 39248 "-" "Safari/18614.3.7.1.5 CFNetwork/1402.0.8 Darwin/22.2.0" "ysfine.com"
77.88.5.133 - - [03/Feb/2023:05:47:50 -0800] "GET /newyork/waldorf03.jpg HTTP/1.1" 200 225703 "-" "Mozilla/5.0 (compatible; YandexImages/3.0; +http://yandex.com/bots)" "www.ysfine.com"
95.87.154.11 - - [03/Feb/2023:05:47:55 -0800] "GET /home/bostein.html HTTP/1.1" 200 16712 "-" "Mozilla/5.0 (compatible; MaCoCu; +https://www.clarin.si/info/macocu-massive-collection-and-curation-of-monolingual-and-bilingual-data/)" "ysfine.com"
40.77.167.192 - - [03/Feb/2023:05:48:07 -0800] "GET /bio/kobak/soraech.html HTTP/1.1" 404 88 "-" "Mozilla/5.0 AppleWebKit/537.36 (KHTML, like Gecko; compatible; bingbot/2.0; +http://www.bing.com/bingbot.htm) Chrome/103.0.5060.134 Safari/537.36" "ysfine.com"
95.87.154.11 - - [03/Feb/2023:05:48:15 -0800] "GET /yspapers/minsk19.pdf HTTP/1.1" 200 2260008 "-" "Mozilla/5.0 (compatible; MaCoCu; +https://www.clarin.si/info/macocu-massive-collection-and-curation-of-monolingual-and-bilingual-data/)" "ysfine.com"
95.87.154.11 - - [03/Feb/2023:05:48:37 -0800] "GET /friends/proudm.html HTTP/1.1" 404 73 "-" "Mozilla/5.0 (compatible; MaCoCu; +https://www.clarin.si/info/macocu-massive-collection-and-curation-of-monolingual-and-bilingual-data/)" "ysfine.com"
95.87.154.11 - - [03/Feb/2023:05:48:57 -0800] "GET /home/awards/index.html HTTP/1.1" 404 73 "-" "Mozilla/5.0 (compatible; MaCoCu; +https://www.clarin.si/info/macocu-massive-collection-and-curation-of-monolingual-and-bilingual-data/)" "ysfine.com"
95.87.154.11 - - [03/Feb/2023:05:49:17 -0800] "GET /home/harmoarchi.html HTTP/1.1" 200 9074 "-" "Mozilla/5.0 (compatible; MaCoCu; +https://www.clarin.si/info/macocu-massive-collection-and-curation-of-monolingual-and-bilingual-data/)" "ysfine.com"
216.244.66.229 - - [03/Feb/2023:05:49:26 -0800] "GET /world/spain/madrid16.jpg HTTP/1.1" 200 252594 "-" "Mozilla/5.0 (compatible; DotBot/1.2; +https://opensiteexplorer.org/dotbot; help@moz.com)" "www.ysfine.com"
95.87.154.11 - - [03/Feb/2023:05:49:38 -0800] "GET /princeton/campus.html HTTP/1.1" 200 47840 "-" "Mozilla/5.0 (compatible; MaCoCu; +https://www.clarin.si/info/macocu-massive-collection-and-curation-of-monolingual-and-bilingual-data/)" "ysfine.com"
51.222.253.9 - - [03/Feb/2023:05:50:19 -0800] "GET /world/stuttgart.html HTTP/1.1" 200 4926 "-" "Mozilla/5.0 (compatible; AhrefsBot/7.0; +http://ahrefs.com/robot/)" "www.ysfine.com"
95.87.154.11 - - [03/Feb/2023:05:50:19 -0800] "GET /awards/marq/marq22.pdf HTTP/1.1" 200 162508 "-" "Mozilla/5.0 (compatible; MaCoCu; +https://www.clarin.si/info/macocu-massive-collection-and-curation-of-monolingual-and-bilingual-data/)" "ysfine.com"
51.222.253.17 - - [03/Feb/2023:05:50:23 -0800] "GET /world/germany/hegel09b.jpg HTTP/1.1" 200 46010 "-" "Mozilla/5.0 (compatible; AhrefsBot/7.0; +http://ahrefs.com/robot/)" "www.ysfine.com"
51.222.253.11 - - [03/Feb/2023:05:50:24 -0800] "GET /world/germany/stutt02b.jpg HTTP/1.1" 200 43242 "-" "Mozilla/5.0 (compatible; AhrefsBot/7.0; +http://ahrefs.com/robot/)" "www.ysfine.com"
51.222.253.5 - - [03/Feb/2023:05:50:24 -0800] "GET /world/france/champbenz05b.jpg HTTP/1.1" 200 49074 "-" "Mozilla/5.0 (compatible; AhrefsBot/7.0; +http://ahrefs.com/robot/)" "www.ysfine.com"
51.222.253.11 - - [03/Feb/2023:05:50:25 -0800] "GET /world/germany/benz13b.jpg HTTP/1.1" 200 43607 "-" "Mozilla/5.0 (compatible; AhrefsBot/7.0; +http://ahrefs.com/robot/)" "www.ysfine.com"
51.222.253.8 - - [03/Feb/2023:05:50:25 -0800] "GET /world/germany/benz15b.jpg HTTP/1.1" 200 46279 "-" "Mozilla/5.0 (compatible; AhrefsBot/7.0; +http://ahrefs.com/robot/)" "www.ysfine.com"
51.222.253.14 - - [03/Feb/2023:05:50:26 -0800] "GET /world/germany/benz17b.jpg HTTP/1.1" 200 37137 "-" "Mozilla/5.0 (compatible; AhrefsBot/7.0; +http://ahrefs.com/robot/)" "www.ysfine.com"
51.222.253.13 - - [03/Feb/2023:05:50:26 -0800] "GET /world/germany/hegel21b.jpg HTTP/1.1" 200 52348 "-" "Mozilla/5.0 (compatible; AhrefsBot/7.0; +http://ahrefs.com/robot/)" "www.ysfine.com"
51.222.253.16 - - [03/Feb/2023:05:50:26 -0800] "GET /world/germany/benz10b.jpg HTTP/1.1" 200 44587 "-" "Mozilla/5.0 (compatible; AhrefsBot/7.0; +http://ahrefs.com/robot/)" "www.ysfine.com"
51.222.253.3 - - [03/Feb/2023:05:50:27 -0800] "GET /world/germany/stutt07b.jpg HTTP/1.1" 200 49021 "-" "Mozilla/5.0 (compatible; AhrefsBot/7.0; +http://ahrefs.com/robot/)" "www.ysfine.com"
51.222.253.6 - - [03/Feb/2023:05:50:27 -0800] "GET /world/germany/stutt23b.jpg HTTP/1.1" 200 53397 "-" "Mozilla/5.0 (compatible; AhrefsBot/7.0; +http://ahrefs.com/robot/)" "www.ysfine.com"
51.222.253.2 - - [03/Feb/2023:05:50:28 -0800] "GET /world/germany/hegel01b.jpg HTTP/1.1" 200 31600 "-" "Mozilla/5.0 (compatible; AhrefsBot/7.0; +http://ahrefs.com/robot/)" "www.ysfine.com"
51.222.253.12 - - [03/Feb/2023:05:50:28 -0800] "GET /world/germany/hegel04b.jpg HTTP/1.1" 200 45635 "-" "Mozilla/5.0 (compatible; AhrefsBot/7.0; +http://ahrefs.com/robot/)" "www.ysfine.com"
66.249.70.4 - - [03/Feb/2023:05:50:28 -0800] "GET /wigner/wig39.jpg HTTP/1.1" 200 308724 "-" "Googlebot-Image/1.0" "ysfine.com"
51.222.253.19 - - [03/Feb/2023:05:50:30 -0800] "GET /world/germany/benz09b.jpg HTTP/1.1" 200 34235 "-" "Mozilla/5.0 (compatible; AhrefsBot/7.0; +http://ahrefs.com/robot/)" "www.ysfine.com"
51.222.253.19 - - [03/Feb/2023:05:50:31 -0800] "GET /world/germany/stutt20b.jpg HTTP/1.1" 200 45279 "-" "Mozilla/5.0 (compatible; AhrefsBot/7.0; +http://ahrefs.com/robot/)" "www.ysfine.com"
95.87.154.11 - - [03/Feb/2023:05:50:31 -0800] "GET /yspapers/madrid19.pdf HTTP/1.1" 200 3467657 "-" "Mozilla/5.0 (compatible; MaCoCu; +https://www.clarin.si/info/macocu-massive-collection-and-curation-of-monolingual-and-bilingual-data/)" "ysfine.com"
66.203.18.47 - - [03/Feb/2023:05:50:32 -0800] "GET /einstein/eincurie11.jpg HTTP/1.1" 200 71229 "https://www.google.com/" "Mozilla/5.0 (X11; CrOS x86_64 14695.173.0) AppleWebKit/537.36 (KHTML, like Gecko) Chrome/102.0.0.0 Safari/537.36" "ysfine.com"
49.204.194.102 - - [03/Feb/2023:05:50:38 -0800] "GET /einstein/einbohr33.jpg HTTP/1.1" 200 87797 "https://www.google.com/" "Mozilla/5.0 (Linux; Android 12; V2146 Build/SP1A.210812.003; wv) AppleWebKit/537.36 (KHTML, like Gecko) Version/4.0 Chrome/109.0.5414.117 Mobile Safari/537.36 GoogleApp/14.4.6.26.arm64" "ysfine.com"
95.87.154.11 - - [03/Feb/2023:05:50:41 -0800] "GET /dirac/dart/dirac27a.pdf HTTP/1.1" 200 3396153 "-" "Mozilla/5.0 (compatible; MaCoCu; +https://www.clarin.si/info/macocu-massive-collection-and-curation-of-monolingual-and-bilingual-data/)" "ysfine.com"
95.87.154.11 - - [03/Feb/2023:05:51:01 -0800] "GET /dirac/dart/dirac45a.pdf HTTP/1.1" 200 2115116 "-" "Mozilla/5.0 (compatible; MaCoCu; +https://www.clarin.si/info/macocu-massive-collection-and-curation-of-monolingual-and-bilingual-data/)" "ysfine.com"
95.87.154.11 - - [03/Feb/2023:05:51:22 -0800] "GET /yspapers/aipproc2011.pdf HTTP/1.1" 200 623300 "-" "Mozilla/5.0 (compatible; MaCoCu; +https://www.clarin.si/info/macocu-massive-collection-and-curation-of-monolingual-and-bilingual-data/)" "ysfine.com"
95.87.154.11 - - [03/Feb/2023:05:51:42 -0800] "GET /home/awards/feature22.pdf HTTP/1.1" 404 73 "-" "Mozilla/5.0 (compatible; MaCoCu; +https://www.clarin.si/info/macocu-massive-collection-and-curation-of-monolingual-and-bilingual-data/)" "ysfine.com"
95.87.154.11 - - [03/Feb/2023:05:52:04 -0800] "GET /world/brit/etonharrow.html HTTP/1.1" 200 12388 "-" "Mozilla/5.0 (compatible; MaCoCu; +https://www.clarin.si/info/macocu-massive-collection-and-curation-of-monolingual-and-bilingual-data/)" "ysfine.com"
95.87.154.11 - - [03/Feb/2023:05:52:24 -0800] "GET /heisen/einheisen.html HTTP/1.1" 200 13886 "-" "Mozilla/5.0 (compatible; MaCoCu; +https://www.clarin.si/info/macocu-massive-collection-and-curation-of-monolingual-and-bilingual-data/)" "ysfine.com"
95.87.154.11 - - [03/Feb/2023:05:53:06 -0800] "GET /yspapers/symmetry13.pdf HTTP/1.1" 200 303195 "-" "Mozilla/5.0 (compatible; MaCoCu; +https://www.clarin.si/info/macocu-massive-collection-and-curation-of-monolingual-and-bilingual-data/)" "ysfine.com"
95.87.154.11 - - [03/Feb/2023:05:53:19 -0800] "GET /yspapers/symmetry12.pdf HTTP/1.1" 200 126304 "-" "Mozilla/5.0 (compatible; MaCoCu; +https://www.clarin.si/info/macocu-massive-collection-and-curation-of-monolingual-and-bilingual-data/)" "ysfine.com"
95.87.154.11 - - [03/Feb/2023:05:53:26 -0800] "GET /yspapers/symmetry11.pdf HTTP/1.1" 200 256489 "-" "Mozilla/5.0 (compatible; MaCoCu; +https://www.clarin.si/info/macocu-massive-collection-and-curation-of-monolingual-and-bilingual-data/)" "ysfine.com"
207.46.13.64 - - [03/Feb/2023:05:53:30 -0800] "GET /beau/lithulon01b.jpg HTTP/1.1" 404 88 "-" "Mozilla/5.0 AppleWebKit/537.36 (KHTML, like Gecko; compatible; bingbot/2.0; +http://www.bing.com/bingbot.htm) Chrome/103.0.5060.134 Safari/537.36" "ysfine.com"
52.167.144.86 - - [03/Feb/2023:05:53:36 -0800] "GET /world/poland/uprise04b.jpg HTTP/1.1" 200 41581 "-" "Mozilla/5.0 AppleWebKit/537.36 (KHTML, like Gecko; compatible; bingbot/2.0; +http://www.bing.com/bingbot.htm) Chrome/103.0.5060.134 Safari/537.36" "ysfine.com"
123.183.224.88 - - [03/Feb/2023:05:53:43 -0800] "GET / HTTP/1.1" 200 5295 "-" "Sogou web spider/4.0(+http://www.sogou.com/docs/help/webmasters.htm#07)" "ysfine.com"
95.87.154.11 - - [03/Feb/2023:05:53:59 -0800] "GET /style/ HTTP/1.1" 200 180 "-" "Mozilla/5.0 (compatible; MaCoCu; +https://www.clarin.si/info/macocu-massive-collection-and-curation-of-monolingual-and-bilingual-data/)" "ysfine.com"
52.167.144.86 - - [03/Feb/2023:05:54:09 -0800] "GET /bio/wigner/e(2).html HTTP/1.1" 404 88 "-" "Mozilla/5.0 AppleWebKit/537.36 (KHTML, like Gecko; compatible; bingbot/2.0; +http://www.bing.com/bingbot.htm) Chrome/103.0.5060.134 Safari/537.36" "ysfine.com"
95.87.154.11 - - [03/Feb/2023:05:54:12 -0800] "GET /maga/hegel.html HTTP/1.1" 200 13228 "-" "Mozilla/5.0 (compatible; MaCoCu; +https://www.clarin.si/info/macocu-massive-collection-and-curation-of-monolingual-and-bilingual-data/)" "ysfine.com"
95.163.255.66 - - [03/Feb/2023:05:54:20 -0800] "GET /robots.txt HTTP/1.1" 404 73 "-" "Mozilla/5.0 (compatible; Linux x86_64; Mail.RU_Bot/2.0; +https://help.mail.ru/webmaster/indexing/robots)" "ysfine.com"
95.163.255.69 - - [03/Feb/2023:05:54:28 -0800] "GET /maga/invent/warren11b.jpg HTTP/1.1" 200 34679 "-" "Mozilla/5.0 (compatible; Linux x86_64; Mail.RU_Bot/2.0; +https://help.mail.ru/webmaster/indexing/robots)" "ysfine.com"
221.146.135.114 - - [03/Feb/2023:05:54:32 -0800] "GET /style/suwa66.jpg HTTP/1.1" 200 124449 "https://www.google.co.kr/" "Mozilla/5.0 (Windows NT 10.0; Win64; x64) AppleWebKit/537.36 (KHTML, like Gecko) Chrome/109.0.0.0 Safari/537.36" "ysfine.com"
95.87.154.11 - - [03/Feb/2023:05:54:32 -0800] "GET /world/trier.html HTTP/1.1" 200 18788 "-" "Mozilla/5.0 (compatible; MaCoCu; +https://www.clarin.si/info/macocu-massive-collection-and-curation-of-monolingual-and-bilingual-data/)" "ysfine.com"
95.87.154.11 - - [03/Feb/2023:05:54:52 -0800] "GET /home/wigstu.html HTTP/1.1" 200 11571 "-" "Mozilla/5.0 (compatible; MaCoCu; +https://www.clarin.si/info/macocu-massive-collection-and-curation-of-monolingual-and-bilingual-data/)" "ysfine.com"
177.126.4.66 - - [03/Feb/2023:05:55:00 -0800] "GET / HTTP/1.1" 200 5295 "-" "python-requests/2.28.1" "ysfine.com"
143.244.146.244 - - [03/Feb/2023:05:55:12 -0800] "GET / HTTP/1.1" 200 5295 "-" "python-requests/2.26.0" "ysfine.com"
95.87.154.11 - - [03/Feb/2023:05:55:15 -0800] "GET /world/berlin.html HTTP/1.1" 200 55867 "-" "Mozilla/5.0 (compatible; MaCoCu; +https://www.clarin.si/info/macocu-massive-collection-and-curation-of-monolingual-and-bilingual-data/)" "ysfine.com"
95.87.154.11 - - [03/Feb/2023:05:55:36 -0800] "GET /world/munich.html HTTP/1.1" 200 9073 "-" "Mozilla/5.0 (compatible; MaCoCu; +https://www.clarin.si/info/macocu-massive-collection-and-curation-of-monolingual-and-bilingual-data/)" "ysfine.com"
118.69.3.225 - - [03/Feb/2023:05:55:50 -0800] "GET /dirac/wigsis11.jpg HTTP/1.1" 200 71741 "https://www.google.com/" "Mozilla/5.0 (Windows NT 10.0; Win64; x64) AppleWebKit/537.36 (KHTML, like Gecko) Chrome/109.0.0.0 Safari/537.36" "ysfine.com"
95.87.154.11 - - [03/Feb/2023:05:55:55 -0800] "GET /wigner/wigpic.html HTTP/1.1" 200 141 "-" "Mozilla/5.0 (compatible; MaCoCu; +https://www.clarin.si/info/macocu-massive-collection-and-curation-of-monolingual-and-bilingual-data/)" "ysfine.com"
95.87.154.11 - - [03/Feb/2023:05:56:16 -0800] "GET /world/leipzig.html HTTP/1.1" 200 18627 "-" "Mozilla/5.0 (compatible; MaCoCu; +https://www.clarin.si/info/macocu-massive-collection-and-curation-of-monolingual-and-bilingual-data/)" "ysfine.com"
40.77.167.192 - - [03/Feb/2023:05:56:20 -0800] "GET /bio.html HTTP/1.1" 200 18260 "-" "Mozilla/5.0 AppleWebKit/537.36 (KHTML, like Gecko; compatible; bingbot/2.0; +http://www.bing.com/bingbot.htm) Chrome/103.0.5060.134 Safari/537.36" "ysfine.com"
95.87.154.11 - - [03/Feb/2023:05:56:37 -0800] "GET /feynman/feykant.html HTTP/1.1" 200 7768 "-" "Mozilla/5.0 (compatible; MaCoCu; +https://www.clarin.si/info/macocu-massive-collection-and-curation-of-monolingual-and-bilingual-data/)" "ysfine.com"
95.87.154.11 - - [03/Feb/2023:05:56:58 -0800] "GET /style/tatyana.html HTTP/1.1" 200 20857 "-" "Mozilla/5.0 (compatible; MaCoCu; +https://www.clarin.si/info/macocu-massive-collection-and-curation-of-monolingual-and-bilingual-data/)" "ysfine.com"
95.163.255.62 - - [03/Feb/2023:05:57:03 -0800] "GET /robots.txt HTTP/1.1" 404 73 "-" "Mozilla/5.0 (compatible; Linux x86_64; Mail.RU_Bot/2.0; +https://help.mail.ru/webmaster/indexing/robots)" "www.ysfine.com"
95.163.255.64 - - [03/Feb/2023:05:57:05 -0800] "GET /maga/invent/bell01b.jpg HTTP/1.1" 200 35302 "-" "Mozilla/5.0 (compatible; Linux x86_64; Mail.RU_Bot/2.0; +https://help.mail.ru/webmaster/indexing/robots)" "www.ysfine.com"
95.163.255.68 - - [03/Feb/2023:05:57:14 -0800] "GET /maga/invent/marconi03c.jpg HTTP/1.1" 200 55919 "-" "Mozilla/5.0 (compatible; Linux x86_64; Mail.RU_Bot/2.0; +https://help.mail.ru/webmaster/indexing/robots)" "ysfine.com"
95.163.255.63 - - [03/Feb/2023:05:57:32 -0800] "GET /maga/invent/marconi05b.jpg HTTP/1.1" 200 30239 "-" "Mozilla/5.0 (compatible; Linux x86_64; Mail.RU_Bot/2.0; +https://help.mail.ru/webmaster/indexing/robots)" "www.ysfine.com"
95.87.154.11 - - [03/Feb/2023:05:57:40 -0800] "GET /yspapers/entro90.pdf HTTP/1.1" 200 1311318 "-" "Mozilla/5.0 (compatible; MaCoCu; +https://www.clarin.si/info/macocu-massive-collection-and-curation-of-monolingual-and-bilingual-data/)" "ysfine.com"
95.163.255.66 - - [03/Feb/2023:05:57:53 -0800] "GET /maga/invent/pupin22.jpg HTTP/1.1" 200 38369 "-" "Mozilla/5.0 (compatible; Linux x86_64; Mail.RU_Bot/2.0; +https://help.mail.ru/webmaster/indexing/robots)" "ysfine.com"
95.87.154.11 - - [03/Feb/2023:05:58:00 -0800] "GET /world/budapest.html HTTP/1.1" 200 26717 "-" "Mozilla/5.0 (compatible; MaCoCu; +https://www.clarin.si/info/macocu-massive-collection-and-curation-of-monolingual-and-bilingual-data/)" "ysfine.com"
95.87.154.11 - - [03/Feb/2023:05:58:19 -0800] "GET /wigner/wigwein.html HTTP/1.1" 200 383 "-" "Mozilla/5.0 (compatible; MaCoCu; +https://www.clarin.si/info/macocu-massive-collection-and-curation-of-monolingual-and-bilingual-data/)" "ysfine.com"
51.222.253.3 - - [03/Feb/2023:05:58:25 -0800] "GET /bio05.html HTTP/1.1" 200 7676 "-" "Mozilla/5.0 (compatible; AhrefsBot/7.0; +http://ahrefs.com/robot/)" "www.ysfine.com"
51.222.253.16 - - [03/Feb/2023:05:58:26 -0800] "GET /home/mac05f.jpg HTTP/1.1" 200 98400 "-" "Mozilla/5.0 (compatible; AhrefsBot/7.0; +http://ahrefs.com/robot/)" "www.ysfine.com"
51.222.253.20 - - [03/Feb/2023:05:58:26 -0800] "GET /kobak/swr51d.jpg HTTP/1.1" 200 49461 "-" "Mozilla/5.0 (compatible; AhrefsBot/7.0; +http://ahrefs.com/robot/)" "www.ysfine.com"
51.222.253.6 - - [03/Feb/2023:05:58:27 -0800] "GET /home/fig22/ys53d.jpg HTTP/1.1" 200 47161 "-" "Mozilla/5.0 (compatible; AhrefsBot/7.0; +http://ahrefs.com/robot/)" "www.ysfine.com"
51.222.253.2 - - [03/Feb/2023:05:58:27 -0800] "GET /home/fotos/tank05d.jpg HTTP/1.1" 200 52601 "-" "Mozilla/5.0 (compatible; AhrefsBot/7.0; +http://ahrefs.com/robot/)" "www.ysfine.com"
51.222.253.14 - - [03/Feb/2023:05:58:28 -0800] "GET /home/fig22/acs73f.jpg HTTP/1.1" 200 284573 "-" "Mozilla/5.0 (compatible; AhrefsBot/7.0; +http://ahrefs.com/robot/)" "www.ysfine.com"
51.222.253.18 - - [03/Feb/2023:05:58:29 -0800] "GET /home/fig22/acs22f.jpg HTTP/1.1" 200 107067 "-" "Mozilla/5.0 (compatible; AhrefsBot/7.0; +http://ahrefs.com/robot/)" "www.ysfine.com"
207.46.13.104 - - [03/Feb/2023:05:58:31 -0800] "GET /bio/sbk/1950.html HTTP/1.1" 404 88 "-" "Mozilla/5.0 AppleWebKit/537.36 (KHTML, like Gecko; compatible; bingbot/2.0; +http://www.bing.com/bingbot.htm) Chrome/103.0.5060.134 Safari/537.36" "ysfine.com"
51.222.253.6 - - [03/Feb/2023:05:58:36 -0800] "GET /home/fig22/tallm11d.jpg HTTP/1.1" 200 32321 "-" "Mozilla/5.0 (compatible; AhrefsBot/7.0; +http://ahrefs.com/robot/)" "www.ysfine.com"
51.222.253.15 - - [03/Feb/2023:05:58:37 -0800] "GET /class54/taylor54d.jpg HTTP/1.1" 200 65653 "-" "Mozilla/5.0 (compatible; AhrefsBot/7.0; +http://ahrefs.com/robot/)" "www.ysfine.com"
51.222.253.11 - - [03/Feb/2023:05:58:37 -0800] "GET /home/fig22/busan22d.jpg HTTP/1.1" 200 35419 "-" "Mozilla/5.0 (compatible; AhrefsBot/7.0; +http://ahrefs.com/robot/)" "www.ysfine.com"
51.222.253.15 - - [03/Feb/2023:05:58:38 -0800] "GET /home/fotos/tank03d.jpg HTTP/1.1" 200 73123 "-" "Mozilla/5.0 (compatible; AhrefsBot/7.0; +http://ahrefs.com/robot/)" "www.ysfine.com"
51.222.253.3 - - [03/Feb/2023:05:58:38 -0800] "GET /kobak/sorae/church06d.jpg HTTP/1.1" 200 74527 "-" "Mozilla/5.0 (compatible; AhrefsBot/7.0; +http://ahrefs.com/robot/)" "www.ysfine.com"
51.222.253.10 - - [03/Feb/2023:05:58:39 -0800] "GET /home/fig22/acs96f.jpg HTTP/1.1" 200 118636 "-" "Mozilla/5.0 (compatible; AhrefsBot/7.0; +http://ahrefs.com/robot/)" "www.ysfine.com"
51.222.253.15 - - [03/Feb/2023:05:58:39 -0800] "GET /home/fotos/kazan017d.jpg HTTP/1.1" 200 51055 "-" "Mozilla/5.0 (compatible; AhrefsBot/7.0; +http://ahrefs.com/robot/)" "www.ysfine.com"
51.222.253.20 - - [03/Feb/2023:05:58:41 -0800] "GET /home/fig22/silvana49d.jpg HTTP/1.1" 200 49427 "-" "Mozilla/5.0 (compatible; AhrefsBot/7.0; +http://ahrefs.com/robot/)" "www.ysfine.com"
51.222.253.8 - - [03/Feb/2023:05:58:42 -0800] "GET /eink/pwk450 HTTP/1.1" 200 95796 "-" "Mozilla/5.0 (compatible; AhrefsBot/7.0; +http://ahrefs.com/robot/)" "www.ysfine.com"
95.87.154.11 - - [03/Feb/2023:05:58:43 -0800] "GET /wigner/wigspeak.html HTTP/1.1" 200 658 "-" "Mozilla/5.0 (compatible; MaCoCu; +https://www.clarin.si/info/macocu-massive-collection-and-curation-of-monolingual-and-bilingual-data/)" "ysfine.com"
51.222.253.13 - - [03/Feb/2023:05:58:43 -0800] "GET /home/fig22/cafe33f.jpg HTTP/1.1" 200 147078 "-" "Mozilla/5.0 (compatible; AhrefsBot/7.0; +http://ahrefs.com/robot/)" "www.ysfine.com"
51.222.253.13 - - [03/Feb/2023:05:58:44 -0800] "GET /home/tallm53f.jpg HTTP/1.1" 200 132310 "-" "Mozilla/5.0 (compatible; AhrefsBot/7.0; +http://ahrefs.com/robot/)" "www.ysfine.com"
95.87.154.11 - - [03/Feb/2023:05:59:01 -0800] "GET /feynman/quark50.html HTTP/1.1" 200 10670 "-" "Mozilla/5.0 (compatible; MaCoCu; +https://www.clarin.si/info/macocu-massive-collection-and-curation-of-monolingual-and-bilingual-data/)" "ysfine.com"
95.163.255.62 - - [03/Feb/2023:05:59:14 -0800] "GET /kowar/tanks/b29.jpg HTTP/1.1" 200 98207 "-" "Mozilla/5.0 (compatible; Linux x86_64; Mail.RU_Bot/2.0; +https://help.mail.ru/webmaster/indexing/robots)" "www.ysfine.com"
95.87.154.11 - - [03/Feb/2023:05:59:21 -0800] "GET /style/slavianki.html HTTP/1.1" 200 8239 "-" "Mozilla/5.0 (compatible; MaCoCu; +https://www.clarin.si/info/macocu-massive-collection-and-curation-of-monolingual-and-bilingual-data/)" "ysfine.com"
95.87.154.11 - - [03/Feb/2023:05:59:41 -0800] "GET /wigner/gim/map05.html HTTP/1.1" 200 1057 "-" "Mozilla/5.0 (compatible; MaCoCu; +https://www.clarin.si/info/macocu-massive-collection-and-curation-of-monolingual-and-bilingual-data/)" "ysfine.com"
95.87.154.11 - - [03/Feb/2023:06:00:02 -0800] "GET /einstein/quantu11.html HTTP/1.1" 200 6085 "-" "Mozilla/5.0 (compatible; MaCoCu; +https://www.clarin.si/info/macocu-massive-collection-and-curation-of-monolingual-and-bilingual-data/)" "ysfine.com"
95.163.255.69 - - [03/Feb/2023:06:00:11 -0800] "GET /kobak/sonja.jpg HTTP/1.1" 200 46801 "-" "Mozilla/5.0 (compatible; Linux x86_64; Mail.RU_Bot/2.0; +https://help.mail.ru/webmaster/indexing/robots)" "ysfine.com"
95.87.154.11 - - [03/Feb/2023:06:00:22 -0800] "GET /class54/classphoto.html HTTP/1.1" 200 1017 "-" "Mozilla/5.0 (compatible; MaCoCu; +https://www.clarin.si/info/macocu-massive-collection-and-curation-of-monolingual-and-bilingual-data/)" "ysfine.com"
216.244.66.229 - - [03/Feb/2023:06:00:25 -0800] "GET /home/pdugard22.jpg HTTP/1.1" 200 185286 "-" "Mozilla/5.0 (compatible; DotBot/1.2; +https://opensiteexplorer.org/dotbot; help@moz.com)" "www.ysfine.com"
52.167.144.39 - - [03/Feb/2023:06:00:36 -0800] "GET /sbk/2006nice22.jpg HTTP/1.1" 200 202023 "-" "Mozilla/5.0 AppleWebKit/537.36 (KHTML, like Gecko; compatible; bingbot/2.0; +http://www.bing.com/bingbot.htm) Chrome/103.0.5060.134 Safari/537.36" "ysfine.com"
95.87.154.11 - - [03/Feb/2023:06:00:42 -0800] "GET /princeton/dulles.html HTTP/1.1" 200 5805 "-" "Mozilla/5.0 (compatible; MaCoCu; +https://www.clarin.si/info/macocu-massive-collection-and-curation-of-monolingual-and-bilingual-data/)" "ysfine.com"
66.249.70.4 - - [03/Feb/2023:06:00:55 -0800] "GET /beau/garden.html HTTP/1.1" 404 88 "-" "Mozilla/5.0 (Linux; Android 6.0.1; Nexus 5X Build/MMB29P) AppleWebKit/537.36 (KHTML, like Gecko) Chrome/109.0.5414.101 Mobile Safari/537.36 (compatible; Googlebot/2.1; +http://www.google.com/bot.html)" "ysfine.com"
207.46.13.104 - - [03/Feb/2023:06:00:59 -0800] "GET /bio/style/artlove.html HTTP/1.1" 404 88 "-" "Mozilla/5.0 AppleWebKit/537.36 (KHTML, like Gecko; compatible; bingbot/2.0; +http://www.bing.com/bingbot.htm) Chrome/103.0.5060.134 Safari/537.36" "ysfine.com"
216.244.66.229 - - [03/Feb/2023:06:01:01 -0800] "GET /style/cezanne01.jpg HTTP/1.1" 200 168387 "-" "Mozilla/5.0 (compatible; DotBot/1.2; +https://opensiteexplorer.org/dotbot; help@moz.com)" "www.ysfine.com"
95.163.255.69 - - [03/Feb/2023:06:01:02 -0800] "GET /people/mmn.jpg HTTP/1.1" 200 61749 "-" "Mozilla/5.0 (compatible; Linux x86_64; Mail.RU_Bot/2.0; +https://help.mail.ru/webmaster/indexing/robots)" "ysfine.com"
66.249.70.4 - - [03/Feb/2023:06:01:04 -0800] "GET /beau/garden.html HTTP/1.1" 404 88 "-" "Mozilla/5.0 (compatible; Googlebot/2.1; +http://www.google.com/bot.html)" "ysfine.com"
95.87.154.11 - - [03/Feb/2023:06:01:23 -0800] "GET /awards/marq.html HTTP/1.1" 200 7865 "-" "Mozilla/5.0 (compatible; MaCoCu; +https://www.clarin.si/info/macocu-massive-collection-and-curation-of-monolingual-and-bilingual-data/)" "ysfine.com"
95.87.154.11 - - [03/Feb/2023:06:01:44 -0800] "GET /home/wdc/index.html HTTP/1.1" 404 73 "-" "Mozilla/5.0 (compatible; MaCoCu; +https://www.clarin.si/info/macocu-massive-collection-and-curation-of-monolingual-and-bilingual-data/)" "ysfine.com"
95.87.154.11 - - [03/Feb/2023:06:02:05 -0800] "GET /home/eink/mose.html HTTP/1.1" 404 73 "-" "Mozilla/5.0 (compatible; MaCoCu; +https://www.clarin.si/info/macocu-massive-collection-and-curation-of-monolingual-and-bilingual-data/)" "ysfine.com"
95.87.154.11 - - [03/Feb/2023:06:02:26 -0800] "GET /home/eink/index.html HTTP/1.1" 404 73 "-" "Mozilla/5.0 (compatible; MaCoCu; +https://www.clarin.si/info/macocu-massive-collection-and-curation-of-monolingual-and-bilingual-data/)" "ysfine.com"
95.87.154.11 - - [03/Feb/2023:06:02:47 -0800] "GET /feynman/ HTTP/1.1" 200 200 "-" "Mozilla/5.0 (compatible; MaCoCu; +https://www.clarin.si/info/macocu-massive-collection-and-curation-of-monolingual-and-bilingual-data/)" "ysfine.com"
207.46.13.104 - - [03/Feb/2023:06:03:16 -0800] "GET /world/poland/chopin05.jpg HTTP/1.1" 200 77552 "-" "Mozilla/5.0 AppleWebKit/537.36 (KHTML, like Gecko; compatible; bingbot/2.0; +http://www.bing.com/bingbot.htm) Chrome/103.0.5060.134 Safari/537.36" "www.ysfine.com"
118.69.3.225 - - [03/Feb/2023:06:03:25 -0800] "GET /dirac/wigsis.html HTTP/1.1" 200 10275 "https://www.google.com/" "Mozilla/5.0 (Windows NT 10.0; Win64; x64) AppleWebKit/537.36 (KHTML, like Gecko) Chrome/109.0.0.0 Safari/537.36" "ysfine.com"
118.69.3.225 - - [03/Feb/2023:06:03:26 -0800] "GET /dirac/wigsis22.jpg HTTP/1.1" 200 39975 "https://ysfine.com/dirac/wigsis.html" "Mozilla/5.0 (Windows NT 10.0; Win64; x64) AppleWebKit/537.36 (KHTML, like Gecko) Chrome/109.0.0.0 Safari/537.36" "ysfine.com"
118.69.3.225 - - [03/Feb/2023:06:03:26 -0800] "GET /dirac/dirac63b.jpg HTTP/1.1" 200 41617 "https://ysfine.com/dirac/wigsis.html" "Mozilla/5.0 (Windows NT 10.0; Win64; x64) AppleWebKit/537.36 (KHTML, like Gecko) Chrome/109.0.0.0 Safari/537.36" "ysfine.com"
118.69.3.225 - - [03/Feb/2023:06:03:26 -0800] "GET /princeton/annex11b.jpg HTTP/1.1" 200 39639 "https://ysfine.com/dirac/wigsis.html" "Mozilla/5.0 (Windows NT 10.0; Win64; x64) AppleWebKit/537.36 (KHTML, like Gecko) Chrome/109.0.0.0 Safari/537.36" "ysfine.com"
118.69.3.225 - - [03/Feb/2023:06:03:26 -0800] "GET /dirac/michaels22.jpg HTTP/1.1" 200 47473 "https://ysfine.com/dirac/wigsis.html" "Mozilla/5.0 (Windows NT 10.0; Win64; x64) AppleWebKit/537.36 (KHTML, like Gecko) Chrome/109.0.0.0 Safari/537.36" "ysfine.com"
118.69.3.225 - - [03/Feb/2023:06:03:26 -0800] "GET /dirac/jablo62b.jpg HTTP/1.1" 200 42817 "https://ysfine.com/dirac/wigsis.html" "Mozilla/5.0 (Windows NT 10.0; Win64; x64) AppleWebKit/537.36 (KHTML, like Gecko) Chrome/109.0.0.0 Safari/537.36" "ysfine.com"
118.69.3.225 - - [03/Feb/2023:06:03:26 -0800] "GET /dirac/hazi22.jpg HTTP/1.1" 200 37344 "https://ysfine.com/dirac/wigsis.html" "Mozilla/5.0 (Windows NT 10.0; Win64; x64) AppleWebKit/537.36 (KHTML, like Gecko) Chrome/109.0.0.0 Safari/537.36" "ysfine.com"
118.69.3.225 - - [03/Feb/2023:06:03:26 -0800] "GET /world/poland/jablo01b.jpg HTTP/1.1" 200 39801 "https://ysfine.com/dirac/wigsis.html" "Mozilla/5.0 (Windows NT 10.0; Win64; x64) AppleWebKit/537.36 (KHTML, like Gecko) Chrome/109.0.0.0 Safari/537.36" "ysfine.com"
118.69.3.225 - - [03/Feb/2023:06:03:26 -0800] "GET /dirac/dirac84b.jpg HTTP/1.1" 200 42763 "https://ysfine.com/dirac/wigsis.html" "Mozilla/5.0 (Windows NT 10.0; Win64; x64) AppleWebKit/537.36 (KHTML, like Gecko) Chrome/109.0.0.0 Safari/537.36" "ysfine.com"
118.69.3.225 - - [03/Feb/2023:06:03:26 -0800] "GET /kobak/nicodem11b.jpg HTTP/1.1" 200 79065 "https://ysfine.com/dirac/wigsis.html" "Mozilla/5.0 (Windows NT 10.0; Win64; x64) AppleWebKit/537.36 (KHTML, like Gecko) Chrome/109.0.0.0 Safari/537.36" "ysfine.com"
118.69.3.225 - - [03/Feb/2023:06:03:26 -0800] "GET /eink/eink61c.jpg HTTP/1.1" 200 34119 "https://ysfine.com/dirac/wigsis.html" "Mozilla/5.0 (Windows NT 10.0; Win64; x64) AppleWebKit/537.36 (KHTML, like Gecko) Chrome/109.0.0.0 Safari/537.36" "ysfine.com"
118.69.3.225 - - [03/Feb/2023:06:03:26 -0800] "GET /world/poland/jablo08b.jpg HTTP/1.1" 200 42070 "https://ysfine.com/dirac/wigsis.html" "Mozilla/5.0 (Windows NT 10.0; Win64; x64) AppleWebKit/537.36 (KHTML, like Gecko) Chrome/109.0.0.0 Safari/537.36" "ysfine.com"
118.69.3.225 - - [03/Feb/2023:06:03:26 -0800] "GET /world/poland/jablo19b.jpg HTTP/1.1" 200 49913 "https://ysfine.com/dirac/wigsis.html" "Mozilla/5.0 (Windows NT 10.0; Win64; x64) AppleWebKit/537.36 (KHTML, like Gecko) Chrome/109.0.0.0 Safari/537.36" "ysfine.com"
118.69.3.225 - - [03/Feb/2023:06:03:26 -0800] "GET /dirac/dirackn33b.jpg HTTP/1.1" 200 48200 "https://ysfine.com/dirac/wigsis.html" "Mozilla/5.0 (Windows NT 10.0; Win64; x64) AppleWebKit/537.36 (KHTML, like Gecko) Chrome/109.0.0.0 Safari/537.36" "ysfine.com"
118.69.3.225 - - [03/Feb/2023:06:03:26 -0800] "GET /dirac/hyperell2.jpg HTTP/1.1" 200 29858 "https://ysfine.com/dirac/wigsis.html" "Mozilla/5.0 (Windows NT 10.0; Win64; x64) AppleWebKit/537.36 (KHTML, like Gecko) Chrome/109.0.0.0 Safari/537.36" "ysfine.com"
118.69.3.225 - - [03/Feb/2023:06:03:26 -0800] "GET /dirac/dirwig33b.jpg HTTP/1.1" 200 11663 "https://ysfine.com/dirac/wigsis.html" "Mozilla/5.0 (Windows NT 10.0; Win64; x64) AppleWebKit/537.36 (KHTML, like Gecko) Chrome/109.0.0.0 Safari/537.36" "ysfine.com"
118.69.3.225 - - [03/Feb/2023:06:03:26 -0800] "GET /dirac/dirackim6201.jpg HTTP/1.1" 200 51283 "https://ysfine.com/dirac/wigsis.html" "Mozilla/5.0 (Windows NT 10.0; Win64; x64) AppleWebKit/537.36 (KHTML, like Gecko) Chrome/109.0.0.0 Safari/537.36" "ysfine.com"
118.69.3.225 - - [03/Feb/2023:06:03:26 -0800] "GET /feynman/feydirac270.jpg HTTP/1.1" 200 59000 "https://ysfine.com/dirac/wigsis.html" "Mozilla/5.0 (Windows NT 10.0; Win64; x64) AppleWebKit/537.36 (KHTML, like Gecko) Chrome/109.0.0.0 Safari/537.36" "ysfine.com"
118.69.3.225 - - [03/Feb/2023:06:03:26 -0800] "GET /dirac/dirackim6202.jpg HTTP/1.1" 200 51465 "https://ysfine.com/dirac/wigsis.html" "Mozilla/5.0 (Windows NT 10.0; Win64; x64) AppleWebKit/537.36 (KHTML, like Gecko) Chrome/109.0.0.0 Safari/537.36" "ysfine.com"
118.69.3.225 - - [03/Feb/2023:06:03:26 -0800] "GET /world/poland/jablo20b.jpg HTTP/1.1" 200 41339 "https://ysfine.com/dirac/wigsis.html" "Mozilla/5.0 (Windows NT 10.0; Win64; x64) AppleWebKit/537.36 (KHTML, like Gecko) Chrome/109.0.0.0 Safari/537.36" "ysfine.com"
95.87.154.11 - - [03/Feb/2023:06:03:28 -0800] "GET /wigner/inonu.pdf HTTP/1.1" 200 87394 "-" "Mozilla/5.0 (compatible; MaCoCu; +https://www.clarin.si/info/macocu-massive-collection-and-curation-of-monolingual-and-bilingual-data/)" "ysfine.com"
95.87.154.11 - - [03/Feb/2023:06:03:41 -0800] "GET /maga/popov.html HTTP/1.1" 200 23359 "-" "Mozilla/5.0 (compatible; MaCoCu; +https://www.clarin.si/info/macocu-massive-collection-and-curation-of-monolingual-and-bilingual-data/)" "ysfine.com"
