205.210.31.35 - - [03/Feb/2023:12:06:12 -0800] "GET / HTTP/1.1" 200 15915 "-" "Expanse, a Palo Alto Networks company, searches across the global IPv4 space multiple times per day to identify customers&#39; presences on the Internet. If you would like to be excluded from our scans, please send IP addresses/domains to: scaninfo@paloaltonetworks.com" "ysfine.com"
207.46.13.64 - - [03/Feb/2023:12:06:36 -0800] "GET /world/russ/kiev046b.jpg HTTP/1.1" 200 39828 "-" "Mozilla/5.0 AppleWebKit/537.36 (KHTML, like Gecko; compatible; bingbot/2.0; +http://www.bing.com/bingbot.htm) Chrome/103.0.5060.134 Safari/537.36" "ysfine.com"
216.244.66.229 - - [03/Feb/2023:12:06:47 -0800] "GET /world/ital/bologsw12.jpg HTTP/1.1" 200 117477 "-" "Mozilla/5.0 (compatible; DotBot/1.2; +https://opensiteexplorer.org/dotbot; help@moz.com)" "www.ysfine.com"
36.149.191.26 - - [03/Feb/2023:12:07:07 -0800] "GET /world/kazan.html HTTP/1.1" 200 13929 "https://m.baidu.com/" "Mozilla/5.0 (iPhone; CPU iPhone OS 13_6 like Mac OS X) AppleWebKit/605.1.15 (KHTML, like Gecko) Mobile/15E148 SP-engine/2.64.0 main%2F1.0 baiduboxapp/13.26.1.12 (Baidu; P2 13.6) NABar/1.0 themeUA=Theme/default" "www.ysfine.com"
34.139.233.218 - - [03/Feb/2023:12:07:23 -0800] "GET /robots.txt HTTP/1.1" 404 88 "-" "ZoominfoBot (zoominfobot at zoominfo dot com)" "ysfine.com"
34.139.233.218 - - [03/Feb/2023:12:07:24 -0800] "GET /robots.txt HTTP/1.1" 404 88 "-" "ZoominfoBot (zoominfobot at zoominfo dot com)" "ysfine.com"
34.139.233.218 - - [03/Feb/2023:12:07:24 -0800] "GET / HTTP/1.1" 200 5295 "-" "ZoominfoBot (zoominfobot at zoominfo dot com)" "ysfine.com"
216.244.66.229 - - [03/Feb/2023:12:07:27 -0800] "GET /world/ital/palat23.jpg HTTP/1.1" 200 97419 "-" "Mozilla/5.0 (compatible; DotBot/1.2; +https://opensiteexplorer.org/dotbot; help@moz.com)" "www.ysfine.com"
136.243.228.197 - - [03/Feb/2023:12:07:33 -0800] "GET /robots.txt HTTP/1.1" 404 88 "-" "Mozilla/5.0 (compatible; DataForSeoBot/1.0; +https://dataforseo.com/dataforseo-bot)" "www.ysfine.com"
136.243.228.197 - - [03/Feb/2023:12:07:33 -0800] "GET /robots.txt HTTP/1.1" 404 88 "-" "Mozilla/5.0 (compatible; DataForSeoBot/1.0; +https://dataforseo.com/dataforseo-bot)" "www.ysfine.com"
136.243.228.197 - - [03/Feb/2023:12:07:34 -0800] "GET / HTTP/1.1" 200 5295 "-" "Mozilla/5.0 (compatible; DataForSeoBot/1.0; +https://dataforseo.com/dataforseo-bot)" "www.ysfine.com"
216.244.66.229 - - [03/Feb/2023:12:07:57 -0800] "GET /world/ital/palat26.jpg HTTP/1.1" 200 150304 "-" "Mozilla/5.0 (compatible; DotBot/1.2; +https://opensiteexplorer.org/dotbot; help@moz.com)" "www.ysfine.com"
216.244.66.229 - - [03/Feb/2023:12:08:31 -0800] "GET /world/ital/rome102.jpg HTTP/1.1" 200 117928 "-" "Mozilla/5.0 (compatible; DotBot/1.2; +https://opensiteexplorer.org/dotbot; help@moz.com)" "www.ysfine.com"
123.183.224.88 - - [03/Feb/2023:12:09:36 -0800] "GET / HTTP/1.1" 200 5295 "-" "Sogou web spider/4.0(+http://www.sogou.com/docs/help/webmasters.htm#07)" "ysfine.com"
77.88.5.33 - - [03/Feb/2023:12:11:10 -0800] "GET /robots.txt HTTP/1.1" 404 73 "-" "Mozilla/5.0 (compatible; YandexBot/3.0; +http://yandex.com/bots)" "www.ysfine.com"
77.88.5.33 - - [03/Feb/2023:12:11:14 -0800] "GET /saram/index.html HTTP/1.1" 200 132 "-" "Mozilla/5.0 (compatible; YandexBot/3.0; +http://yandex.com/bots) AppleWebKit/537.36 (KHTML, like Gecko) Chrome/81.0.4044.268" "www.ysfine.com"
77.88.5.226 - - [03/Feb/2023:12:11:18 -0800] "GET /saram/sabot.html HTTP/1.1" 200 137 "https://www.ysfine.com/saram/index.html" "Mozilla/5.0 (compatible; YandexBot/3.0; +http://yandex.com/bots) AppleWebKit/537.36 (KHTML, like Gecko) Chrome/81.0.4044.268" "www.ysfine.com"
77.88.5.222 - - [03/Feb/2023:12:11:22 -0800] "GET /saram/satop.html HTTP/1.1" 200 417 "https://www.ysfine.com/saram/index.html" "Mozilla/5.0 (compatible; YandexBot/3.0; +http://yandex.com/bots) AppleWebKit/537.36 (KHTML, like Gecko) Chrome/81.0.4044.268" "www.ysfine.com"
93.158.161.73 - - [03/Feb/2023:12:11:25 -0800] "GET /kobak/kohist.html HTTP/1.1" 200 6039 "https://www.ysfine.com/saram/sabot.html" "Mozilla/5.0 (compatible; YandexBot/3.0; +http://yandex.com/bots) AppleWebKit/537.36 (KHTML, like Gecko) Chrome/81.0.4044.268" "www.ysfine.com"
77.88.5.222 - - [03/Feb/2023:12:11:28 -0800] "GET /saram/saleft.html HTTP/1.1" 200 1634 "https://www.ysfine.com/saram/sabot.html" "Mozilla/5.0 (compatible; YandexBot/3.0; +http://yandex.com/bots) AppleWebKit/537.36 (KHTML, like Gecko) Chrome/81.0.4044.268" "www.ysfine.com"
207.46.13.104 - - [03/Feb/2023:12:12:53 -0800] "GET /bio/sbk/1950.html HTTP/1.1" 404 88 "-" "Mozilla/5.0 AppleWebKit/537.36 (KHTML, like Gecko; compatible; bingbot/2.0; +http://www.bing.com/bingbot.htm) Chrome/103.0.5060.134 Safari/537.36" "ysfine.com"
207.46.13.104 - - [03/Feb/2023:12:15:14 -0800] "GET /bio/style/artlove.html HTTP/1.1" 404 88 "-" "Mozilla/5.0 AppleWebKit/537.36 (KHTML, like Gecko; compatible; bingbot/2.0; +http://www.bing.com/bingbot.htm) Chrome/103.0.5060.134 Safari/537.36" "ysfine.com"
40.77.167.192 - - [03/Feb/2023:12:15:18 -0800] "GET /world/russ/spbf17.jpg HTTP/1.1" 200 144706 "-" "Mozilla/5.0 AppleWebKit/537.36 (KHTML, like Gecko; compatible; bingbot/2.0; +http://www.bing.com/bingbot.htm) Chrome/103.0.5060.134 Safari/537.36" "ysfine.com"
40.77.167.192 - - [03/Feb/2023:12:15:19 -0800] "GET /eink/emc23b.jpg HTTP/1.1" 200 41966 "-" "Mozilla/5.0 AppleWebKit/537.36 (KHTML, like Gecko; compatible; bingbot/2.0; +http://www.bing.com/bingbot.htm) Chrome/103.0.5060.134 Safari/537.36" "ysfine.com"
51.222.253.6 - - [03/Feb/2023:12:16:39 -0800] "GET /world/visas.html HTTP/1.1" 200 2626 "-" "Mozilla/5.0 (compatible; AhrefsBot/7.0; +http://ahrefs.com/robot/)" "ysfine.com"
51.222.253.7 - - [03/Feb/2023:12:16:41 -0800] "GET /world/france/triomf08b.jpg HTTP/1.1" 200 48006 "-" "Mozilla/5.0 (compatible; AhrefsBot/7.0; +http://ahrefs.com/robot/)" "ysfine.com"
51.222.253.5 - - [03/Feb/2023:12:16:41 -0800] "GET /world/china/nanjing55b.jpg HTTP/1.1" 200 42937 "-" "Mozilla/5.0 (compatible; AhrefsBot/7.0; +http://ahrefs.com/robot/)" "ysfine.com"
51.222.253.8 - - [03/Feb/2023:12:16:42 -0800] "GET /world/russ/spbf11b.jpg HTTP/1.1" 200 49354 "-" "Mozilla/5.0 (compatible; AhrefsBot/7.0; +http://ahrefs.com/robot/)" "ysfine.com"
51.222.253.8 - - [03/Feb/2023:12:16:42 -0800] "GET /world/balkan/ath001b.jpg HTTP/1.1" 200 45436 "-" "Mozilla/5.0 (compatible; AhrefsBot/7.0; +http://ahrefs.com/robot/)" "ysfine.com"
51.222.253.16 - - [03/Feb/2023:12:16:43 -0800] "GET /world/russ/kazan035b.jpg HTTP/1.1" 200 41723 "-" "Mozilla/5.0 (compatible; AhrefsBot/7.0; +http://ahrefs.com/robot/)" "ysfine.com"
51.222.253.1 - - [03/Feb/2023:12:16:43 -0800] "GET /world/china/shanghai002b.jpg HTTP/1.1" 200 34489 "-" "Mozilla/5.0 (compatible; AhrefsBot/7.0; +http://ahrefs.com/robot/)" "ysfine.com"
51.222.253.13 - - [03/Feb/2023:12:16:43 -0800] "GET /world/balkan/istan001b.jpg HTTP/1.1" 200 36438 "-" "Mozilla/5.0 (compatible; AhrefsBot/7.0; +http://ahrefs.com/robot/)" "ysfine.com"
51.222.253.20 - - [03/Feb/2023:12:16:44 -0800] "GET /world/coke270.jpg HTTP/1.1" 200 56411 "-" "Mozilla/5.0 (compatible; AhrefsBot/7.0; +http://ahrefs.com/robot/)" "ysfine.com"
51.222.253.1 - - [03/Feb/2023:12:16:44 -0800] "GET /world/ital/coloss04b.jpg HTTP/1.1" 200 42090 "-" "Mozilla/5.0 (compatible; AhrefsBot/7.0; +http://ahrefs.com/robot/)" "ysfine.com"
51.222.253.15 - - [03/Feb/2023:12:16:45 -0800] "GET /world/brit/towerbr11b.jpg HTTP/1.1" 200 32741 "-" "Mozilla/5.0 (compatible; AhrefsBot/7.0; +http://ahrefs.com/robot/)" "ysfine.com"
17.241.75.233 - - [03/Feb/2023:12:17:34 -0800] "GET /confer/confmenu.html HTTP/1.1" 200 124 "-" "Mozilla/5.0 (Macintosh; Intel Mac OS X 10_15_5) AppleWebKit/605.1.15 (KHTML, like Gecko) Version/13.1.1 Safari/605.1.15 (Applebot/0.1; +http://www.apple.com/go/applebot)" "ysfine.com"
52.167.144.62 - - [03/Feb/2023:12:17:41 -0800] "GET /people/brandt01.jpg HTTP/1.1" 200 51319 "-" "Mozilla/5.0 AppleWebKit/537.36 (KHTML, like Gecko; compatible; bingbot/2.0; +http://www.bing.com/bingbot.htm) Chrome/103.0.5060.134 Safari/537.36" "ysfine.com"
62.238.178.52 - - [03/Feb/2023:12:18:20 -0800] "GET /style/cameras/fed39.jpg HTTP/1.1" 200 254777 "https://www.google.com/" "Mozilla/5.0 (Windows NT 10.0; Win64; x64; rv:109.0) Gecko/20100101 Firefox/109.0" "ysfine.com"
123.125.109.39 - - [03/Feb/2023:12:19:22 -0800] "GET / HTTP/1.1" 200 5295 "-" "Sogou web spider/4.0(+http://www.sogou.com/docs/help/webmasters.htm#07)" "www.ysfine.com"
77.88.5.133 - - [03/Feb/2023:12:21:23 -0800] "GET /wigner/supper650.jpg HTTP/1.1" 200 60839 "-" "Mozilla/5.0 (compatible; YandexImages/3.0; +http://yandex.com/bots)" "www.ysfine.com"
66.249.70.30 - - [03/Feb/2023:12:21:25 -0800] "GET /world/brit/harrow15.jpg HTTP/1.1" 304 - "-" "Googlebot-Image/1.0" "ysfine.com"
52.143.242.6 - - [03/Feb/2023:12:21:48 -0800] "GET /einstein/places/einha01.jpg HTTP/1.1" 200 75624 "-" "DuckDuckBot/1.1; (+http://duckduckgo.com/duckduckbot.html)" "www.ysfine.com"
40.77.167.192 - - [03/Feb/2023:12:23:02 -0800] "GET /world/baltic/tallin09.jpg HTTP/1.1" 200 136538 "-" "Mozilla/5.0 AppleWebKit/537.36 (KHTML, like Gecko; compatible; bingbot/2.0; +http://www.bing.com/bingbot.htm) Chrome/103.0.5060.134 Safari/537.36" "ysfine.com"
52.167.144.86 - - [03/Feb/2023:12:23:52 -0800] "GET /newyork/greenw11c.jpg HTTP/1.1" 200 41652 "-" "Mozilla/5.0 AppleWebKit/537.36 (KHTML, like Gecko; compatible; bingbot/2.0; +http://www.bing.com/bingbot.htm) Chrome/103.0.5060.134 Safari/537.36" "ysfine.com"
52.167.144.86 - - [03/Feb/2023:12:24:12 -0800] "GET /world/hungary/eoto02.jpg HTTP/1.1" 200 95477 "-" "Mozilla/5.0 AppleWebKit/537.36 (KHTML, like Gecko; compatible; bingbot/2.0; +http://www.bing.com/bingbot.htm) Chrome/103.0.5060.134 Safari/537.36" "ysfine.com"
51.222.253.11 - - [03/Feb/2023:12:24:20 -0800] "GET /maga/bohrkierk.html HTTP/1.1" 200 2947 "-" "Mozilla/5.0 (compatible; AhrefsBot/7.0; +http://ahrefs.com/robot/)" "www.ysfine.com"
51.222.253.19 - - [03/Feb/2023:12:24:21 -0800] "GET /maga/phil/kierke11b.jpg HTTP/1.1" 200 32163 "-" "Mozilla/5.0 (compatible; AhrefsBot/7.0; +http://ahrefs.com/robot/)" "www.ysfine.com"
51.222.253.12 - - [03/Feb/2023:12:24:22 -0800] "GET /world/france/magots03b.jpg HTTP/1.1" 200 48195 "-" "Mozilla/5.0 (compatible; AhrefsBot/7.0; +http://ahrefs.com/robot/)" "www.ysfine.com"
51.222.253.5 - - [03/Feb/2023:12:24:22 -0800] "GET /feynman/chewfra2.jpg HTTP/1.1" 200 40458 "-" "Mozilla/5.0 (compatible; AhrefsBot/7.0; +http://ahrefs.com/robot/)" "www.ysfine.com"
34.139.233.218 - - [03/Feb/2023:12:25:56 -0800] "GET /robots.txt HTTP/1.1" 404 88 "-" "ZoominfoBot (zoominfobot at zoominfo dot com)" "www.ysfine.com"
34.139.233.218 - - [03/Feb/2023:12:25:56 -0800] "GET /robots.txt HTTP/1.1" 404 88 "-" "ZoominfoBot (zoominfobot at zoominfo dot com)" "www.ysfine.com"
34.139.233.218 - - [03/Feb/2023:12:25:56 -0800] "GET / HTTP/1.1" 200 5295 "-" "ZoominfoBot (zoominfobot at zoominfo dot com)" "www.ysfine.com"
52.167.144.39 - - [03/Feb/2023:12:26:22 -0800] "GET /fotos/acs73f.jpg HTTP/1.1" 200 284573 "-" "Mozilla/5.0 AppleWebKit/537.36 (KHTML, like Gecko; compatible; bingbot/2.0; +http://www.bing.com/bingbot.htm) Chrome/103.0.5060.134 Safari/537.36" "www.ysfine.com"
136.243.228.179 - - [03/Feb/2023:12:27:32 -0800] "GET /robots.txt HTTP/1.1" 404 88 "-" "Mozilla/5.0 (compatible; DataForSeoBot/1.0; +https://dataforseo.com/dataforseo-bot)" "ysfine.com"
136.243.228.179 - - [03/Feb/2023:12:27:32 -0800] "GET /robots.txt HTTP/1.1" 404 88 "-" "Mozilla/5.0 (compatible; DataForSeoBot/1.0; +https://dataforseo.com/dataforseo-bot)" "ysfine.com"
207.46.13.104 - - [03/Feb/2023:12:27:41 -0800] "GET /world/russ/roskei90b.jpg HTTP/1.1" 200 50111 "-" "Mozilla/5.0 AppleWebKit/537.36 (KHTML, like Gecko; compatible; bingbot/2.0; +http://www.bing.com/bingbot.htm) Chrome/103.0.5060.134 Safari/537.36" "ysfine.com"
216.244.66.229 - - [03/Feb/2023:12:28:25 -0800] "GET /robots.txt HTTP/1.1" 404 73 "-" "Mozilla/5.0 (compatible; DotBot/1.2; +https://opensiteexplorer.org/dotbot; help@moz.com)" "www.ysfine.com"
92.184.100.244 - - [03/Feb/2023:12:29:12 -0800] "GET /feynman/feybial.jpg HTTP/1.1" 200 56284 "https://www.google.com/" "Mozilla/5.0 (Android 8.0.0; Mobile; rv:109.0) Gecko/109.0 Firefox/109.0" "ysfine.com"
95.163.255.65 - - [03/Feb/2023:12:29:22 -0800] "GET /robots.txt HTTP/1.1" 404 73 "-" "Mozilla/5.0 (compatible; Linux x86_64; Mail.RU_Bot/2.0; +https://help.mail.ru/webmaster/indexing/robots)" "ysfine.com"
95.163.255.64 - - [03/Feb/2023:12:29:31 -0800] "GET /maga/invent/marconi03b.jpg HTTP/1.1" 200 47650 "-" "Mozilla/5.0 (compatible; Linux x86_64; Mail.RU_Bot/2.0; +https://help.mail.ru/webmaster/indexing/robots)" "ysfine.com"
37.210.196.53 - - [03/Feb/2023:12:29:36 -0800] "GET /heisen/schroheisen33.jpg HTTP/1.1" 200 86213 "https://www.google.com/" "Mozilla/5.0 (Macintosh; Intel Mac OS X 10_15_7) AppleWebKit/605.1.15 (KHTML, like Gecko) Version/16.2 Safari/605.1.15" "ysfine.com"
185.191.171.10 - - [03/Feb/2023:12:29:39 -0800] "GET /world/tdrome.html HTTP/1.1" 200 5611 "-" "Mozilla/5.0 (compatible; SemrushBot/7~bl; +http://www.semrush.com/bot.html)" "ysfine.com"
207.46.13.64 - - [03/Feb/2023:12:29:58 -0800] "GET /wdc/usna18.jpg HTTP/1.1" 200 96787 "-" "Mozilla/5.0 AppleWebKit/537.36 (KHTML, like Gecko; compatible; bingbot/2.0; +http://www.bing.com/bingbot.htm) Chrome/103.0.5060.134 Safari/537.36" "www.ysfine.com"
95.163.255.62 - - [03/Feb/2023:12:30:13 -0800] "GET /maga/invent/pupin33b.jpg HTTP/1.1" 200 38057 "-" "Mozilla/5.0 (compatible; Linux x86_64; Mail.RU_Bot/2.0; +https://help.mail.ru/webmaster/indexing/robots)" "ysfine.com"
207.46.13.104 - - [03/Feb/2023:12:30:22 -0800] "GET /people/ys63.jpg HTTP/1.1" 200 96239 "-" "Mozilla/5.0 AppleWebKit/537.36 (KHTML, like Gecko; compatible; bingbot/2.0; +http://www.bing.com/bingbot.htm) Chrome/103.0.5060.134 Safari/537.36" "www.ysfine.com"
51.222.253.7 - - [03/Feb/2023:12:30:48 -0800] "GET /world/kazan.html HTTP/1.1" 200 13929 "-" "Mozilla/5.0 (compatible; AhrefsBot/7.0; +http://ahrefs.com/robot/)" "www.ysfine.com"
51.222.253.15 - - [03/Feb/2023:12:30:50 -0800] "GET /world/russ/kazan086b.jpg HTTP/1.1" 200 38794 "-" "Mozilla/5.0 (compatible; AhrefsBot/7.0; +http://ahrefs.com/robot/)" "www.ysfine.com"
51.222.253.2 - - [03/Feb/2023:12:30:50 -0800] "GET /world/russ/kazan036b.jpg HTTP/1.1" 200 28082 "-" "Mozilla/5.0 (compatible; AhrefsBot/7.0; +http://ahrefs.com/robot/)" "www.ysfine.com"
51.222.253.10 - - [03/Feb/2023:12:30:51 -0800] "GET /world/russ/kazan032b.jpg HTTP/1.1" 200 36979 "-" "Mozilla/5.0 (compatible; AhrefsBot/7.0; +http://ahrefs.com/robot/)" "www.ysfine.com"
51.222.253.13 - - [03/Feb/2023:12:30:51 -0800] "GET /ffriends/amkor/hillary10b.jpg HTTP/1.1" 200 26815 "-" "Mozilla/5.0 (compatible; AhrefsBot/7.0; +http://ahrefs.com/robot/)" "www.ysfine.com"
51.222.253.6 - - [03/Feb/2023:12:30:52 -0800] "GET /world/russ/basil21b.jpg HTTP/1.1" 200 44478 "-" "Mozilla/5.0 (compatible; AhrefsBot/7.0; +http://ahrefs.com/robot/)" "www.ysfine.com"
51.222.253.4 - - [03/Feb/2023:12:30:52 -0800] "GET /world/russ/kazanmap11b.jpg HTTP/1.1" 200 29396 "-" "Mozilla/5.0 (compatible; AhrefsBot/7.0; +http://ahrefs.com/robot/)" "www.ysfine.com"
51.222.253.10 - - [03/Feb/2023:12:30:52 -0800] "GET /world/russ/kazan087b.jpg HTTP/1.1" 200 20172 "-" "Mozilla/5.0 (compatible; AhrefsBot/7.0; +http://ahrefs.com/robot/)" "www.ysfine.com"
51.222.253.15 - - [03/Feb/2023:12:30:53 -0800] "GET /world/russ/kazan083b.jpg HTTP/1.1" 200 27729 "-" "Mozilla/5.0 (compatible; AhrefsBot/7.0; +http://ahrefs.com/robot/)" "www.ysfine.com"
51.222.253.15 - - [03/Feb/2023:12:30:53 -0800] "GET /world/russ/volga15b.jpg HTTP/1.1" 200 23055 "-" "Mozilla/5.0 (compatible; AhrefsBot/7.0; +http://ahrefs.com/robot/)" "www.ysfine.com"
51.222.253.8 - - [03/Feb/2023:12:30:53 -0800] "GET /world/russ/kazan075b.jpg HTTP/1.1" 200 22249 "-" "Mozilla/5.0 (compatible; AhrefsBot/7.0; +http://ahrefs.com/robot/)" "www.ysfine.com"
51.222.253.13 - - [03/Feb/2023:12:30:54 -0800] "GET /world/russ/kazan071b.jpg HTTP/1.1" 200 45709 "-" "Mozilla/5.0 (compatible; AhrefsBot/7.0; +http://ahrefs.com/robot/)" "www.ysfine.com"
51.222.253.9 - - [03/Feb/2023:12:30:54 -0800] "GET /world/russ/kazan037b.jpg HTTP/1.1" 200 41335 "-" "Mozilla/5.0 (compatible; AhrefsBot/7.0; +http://ahrefs.com/robot/)" "www.ysfine.com"
51.222.253.10 - - [03/Feb/2023:12:30:55 -0800] "GET /world/russ/kazan031b.jpg HTTP/1.1" 200 46458 "-" "Mozilla/5.0 (compatible; AhrefsBot/7.0; +http://ahrefs.com/robot/)" "www.ysfine.com"
51.222.253.18 - - [03/Feb/2023:12:30:55 -0800] "GET /world/russ/kazan035b.jpg HTTP/1.1" 200 41723 "-" "Mozilla/5.0 (compatible; AhrefsBot/7.0; +http://ahrefs.com/robot/)" "www.ysfine.com"
51.222.253.8 - - [03/Feb/2023:12:30:55 -0800] "GET /world/russ/volga18b.jpg HTTP/1.1" 200 46253 "-" "Mozilla/5.0 (compatible; AhrefsBot/7.0; +http://ahrefs.com/robot/)" "www.ysfine.com"
51.222.253.14 - - [03/Feb/2023:12:30:56 -0800] "GET /world/russ/kazan017b.jpg HTTP/1.1" 200 44048 "-" "Mozilla/5.0 (compatible; AhrefsBot/7.0; +http://ahrefs.com/robot/)" "www.ysfine.com"
51.222.253.2 - - [03/Feb/2023:12:30:56 -0800] "GET /world/russ/bachkova22b.jpg HTTP/1.1" 200 28646 "-" "Mozilla/5.0 (compatible; AhrefsBot/7.0; +http://ahrefs.com/robot/)" "www.ysfine.com"
51.222.253.14 - - [03/Feb/2023:12:30:57 -0800] "GET /world/russ/masha11b.jpg HTTP/1.1" 200 44336 "-" "Mozilla/5.0 (compatible; AhrefsBot/7.0; +http://ahrefs.com/robot/)" "www.ysfine.com"
51.222.253.13 - - [03/Feb/2023:12:30:57 -0800] "GET /world/russ/kazan004b.jpg HTTP/1.1" 200 42128 "-" "Mozilla/5.0 (compatible; AhrefsBot/7.0; +http://ahrefs.com/robot/)" "www.ysfine.com"
51.222.253.17 - - [03/Feb/2023:12:30:57 -0800] "GET /world/russ/kazan033b.jpg HTTP/1.1" 200 45294 "-" "Mozilla/5.0 (compatible; AhrefsBot/7.0; +http://ahrefs.com/robot/)" "www.ysfine.com"
51.222.253.1 - - [03/Feb/2023:12:30:58 -0800] "GET /world/russ/kazan050b.jpg HTTP/1.1" 200 36024 "-" "Mozilla/5.0 (compatible; AhrefsBot/7.0; +http://ahrefs.com/robot/)" "www.ysfine.com"
51.222.253.1 - - [03/Feb/2023:12:30:58 -0800] "GET /world/russ/kazan048b.jpg HTTP/1.1" 200 31543 "-" "Mozilla/5.0 (compatible; AhrefsBot/7.0; +http://ahrefs.com/robot/)" "www.ysfine.com"
95.163.255.69 - - [03/Feb/2023:12:31:02 -0800] "GET /robots.txt HTTP/1.1" 404 73 "-" "Mozilla/5.0 (compatible; Linux x86_64; Mail.RU_Bot/2.0; +https://help.mail.ru/webmaster/indexing/robots)" "www.ysfine.com"
51.222.253.3 - - [03/Feb/2023:12:31:02 -0800] "GET /world/russ/kazan101b.jpg HTTP/1.1" 200 26380 "-" "Mozilla/5.0 (compatible; AhrefsBot/7.0; +http://ahrefs.com/robot/)" "www.ysfine.com"
51.222.253.8 - - [03/Feb/2023:12:31:03 -0800] "GET /world/russ/kazan011b.jpg HTTP/1.1" 200 33761 "-" "Mozilla/5.0 (compatible; AhrefsBot/7.0; +http://ahrefs.com/robot/)" "www.ysfine.com"
51.222.253.1 - - [03/Feb/2023:12:31:03 -0800] "GET /world/russ/basil01b.jpg HTTP/1.1" 200 42711 "-" "Mozilla/5.0 (compatible; AhrefsBot/7.0; +http://ahrefs.com/robot/)" "www.ysfine.com"
51.222.253.13 - - [03/Feb/2023:12:31:04 -0800] "GET /world/russ/volga21b.jpg HTTP/1.1" 200 32734 "-" "Mozilla/5.0 (compatible; AhrefsBot/7.0; +http://ahrefs.com/robot/)" "www.ysfine.com"
51.222.253.16 - - [03/Feb/2023:12:31:04 -0800] "GET /world/russ/volga03b.jpg HTTP/1.1" 200 44929 "-" "Mozilla/5.0 (compatible; AhrefsBot/7.0; +http://ahrefs.com/robot/)" "www.ysfine.com"
51.222.253.19 - - [03/Feb/2023:12:31:04 -0800] "GET /world/russ/basil23b.jpg HTTP/1.1" 200 54658 "-" "Mozilla/5.0 (compatible; AhrefsBot/7.0; +http://ahrefs.com/robot/)" "www.ysfine.com"
51.222.253.12 - - [03/Feb/2023:12:31:05 -0800] "GET /world/russ/twosis11b.jpg HTTP/1.1" 200 35693 "-" "Mozilla/5.0 (compatible; AhrefsBot/7.0; +http://ahrefs.com/robot/)" "www.ysfine.com"
51.222.253.6 - - [03/Feb/2023:12:31:05 -0800] "GET /world/russ/kazan054b.jpg HTTP/1.1" 200 29447 "-" "Mozilla/5.0 (compatible; AhrefsBot/7.0; +http://ahrefs.com/robot/)" "www.ysfine.com"
51.222.253.5 - - [03/Feb/2023:12:31:06 -0800] "GET /world/russ/kazan058b.jpg HTTP/1.1" 200 35328 "-" "Mozilla/5.0 (compatible; AhrefsBot/7.0; +http://ahrefs.com/robot/)" "www.ysfine.com"
51.222.253.9 - - [03/Feb/2023:12:31:06 -0800] "GET /world/russ/volga06b.jpg HTTP/1.1" 200 23320 "-" "Mozilla/5.0 (compatible; AhrefsBot/7.0; +http://ahrefs.com/robot/)" "www.ysfine.com"
51.222.253.14 - - [03/Feb/2023:12:31:07 -0800] "GET /world/russ/kazan001b.jpg HTTP/1.1" 200 41163 "-" "Mozilla/5.0 (compatible; AhrefsBot/7.0; +http://ahrefs.com/robot/)" "www.ysfine.com"
51.222.253.9 - - [03/Feb/2023:12:31:08 -0800] "GET /world/russ/kazan061b.jpg HTTP/1.1" 200 38877 "-" "Mozilla/5.0 (compatible; AhrefsBot/7.0; +http://ahrefs.com/robot/)" "www.ysfine.com"
51.222.253.4 - - [03/Feb/2023:12:31:08 -0800] "GET /world/russ/kazan019b.jpg HTTP/1.1" 200 30425 "-" "Mozilla/5.0 (compatible; AhrefsBot/7.0; +http://ahrefs.com/robot/)" "www.ysfine.com"
51.222.253.16 - - [03/Feb/2023:12:31:08 -0800] "GET /world/russ/kazan030b.jpg HTTP/1.1" 200 39028 "-" "Mozilla/5.0 (compatible; AhrefsBot/7.0; +http://ahrefs.com/robot/)" "www.ysfine.com"
51.222.253.20 - - [03/Feb/2023:12:31:09 -0800] "GET /ffriends/tolstoy22b.jpg HTTP/1.1" 200 51408 "-" "Mozilla/5.0 (compatible; AhrefsBot/7.0; +http://ahrefs.com/robot/)" "www.ysfine.com"
51.222.253.3 - - [03/Feb/2023:12:31:09 -0800] "GET /world/russ/volga02b.jpg HTTP/1.1" 200 36769 "-" "Mozilla/5.0 (compatible; AhrefsBot/7.0; +http://ahrefs.com/robot/)" "www.ysfine.com"
51.222.253.12 - - [03/Feb/2023:12:31:10 -0800] "GET /world/russ/tolstoy11b.jpg HTTP/1.1" 200 33457 "-" "Mozilla/5.0 (compatible; AhrefsBot/7.0; +http://ahrefs.com/robot/)" "www.ysfine.com"
51.222.253.18 - - [03/Feb/2023:12:31:10 -0800] "GET /world/russ/twosis22b.jpg HTTP/1.1" 200 23679 "-" "Mozilla/5.0 (compatible; AhrefsBot/7.0; +http://ahrefs.com/robot/)" "www.ysfine.com"
51.222.253.16 - - [03/Feb/2023:12:31:11 -0800] "GET /world/russ/kazan029b.jpg HTTP/1.1" 200 36166 "-" "Mozilla/5.0 (compatible; AhrefsBot/7.0; +http://ahrefs.com/robot/)" "www.ysfine.com"
95.163.255.68 - - [03/Feb/2023:12:31:59 -0800] "GET /maga/invent/mosin.jpg HTTP/1.1" 200 64407 "-" "Mozilla/5.0 (compatible; Linux x86_64; Mail.RU_Bot/2.0; +https://help.mail.ru/webmaster/indexing/robots)" "ysfine.com"
95.163.255.64 - - [03/Feb/2023:12:32:41 -0800] "GET /maga/invent/helmholtz2.jpg HTTP/1.1" 200 38274 "-" "Mozilla/5.0 (compatible; Linux x86_64; Mail.RU_Bot/2.0; +https://help.mail.ru/webmaster/indexing/robots)" "ysfine.com"
154.29.107.75 - - [03/Feb/2023:12:32:56 -0800] "GET /einstein/ulm.html HTTP/1.1" 200 6713 "-" "Mozilla/5.0 (Windows NT 10.0; Win64; x64) AppleWebKit/537.36 (KHTML, like Gecko) Chrome/103.0.0.0 YaBrowser/22.7.0 Yowser/2.5 Safari/537.36" "ysfine.com"
154.29.107.75 - - [03/Feb/2023:12:33:05 -0800] "GET /world/berlin.html HTTP/1.1" 200 16173 "https://ysfine.com/einstein/ulm.html" "Mozilla/5.0 (Windows NT 10.0; Win64; x64) AppleWebKit/537.36 (KHTML, like Gecko) Chrome/103.0.0.0 YaBrowser/22.7.0 Yowser/2.5 Safari/537.36" "ysfine.com"
69.203.117.205 - - [03/Feb/2023:12:33:16 -0800] "GET /feynman/restof05.jpg HTTP/1.1" 200 59527 "https://www.google.com/" "Mozilla/5.0 (Macintosh; Intel Mac OS X 10_15_7) AppleWebKit/537.36 (KHTML, like Gecko) Chrome/109.0.0.0 Safari/537.36" "ysfine.com"
154.29.107.75 - - [03/Feb/2023:12:33:18 -0800] "GET /princeton/index.html HTTP/1.1" 200 140 "https://ysfine.com/einstein/ulm.html" "Mozilla/5.0 (Windows NT 10.0; Win64; x64) AppleWebKit/537.36 (KHTML, like Gecko) Chrome/103.0.0.0 YaBrowser/22.7.0 Yowser/2.5 Safari/537.36" "ysfine.com"
43.143.68.98 - - [03/Feb/2023:12:33:18 -0800] "GET / HTTP/1.1" 200 5295 "http://www.ysfine.com" "Mozilla/5.0 (Linux; Android 6.0; Nexus 5 Build/MRA58N) AppleWebKit/537.36 (KHTML, like Gecko) Chrome/81.0.4044.138 Mobile Safari/537.36" "www.ysfine.com"
154.29.107.75 - - [03/Feb/2023:12:33:20 -0800] "GET /world/leipzig.html HTTP/1.1" 200 5731 "https://ysfine.com/einstein/ulm.html" "Mozilla/5.0 (Windows NT 10.0; Win64; x64) AppleWebKit/537.36 (KHTML, like Gecko) Chrome/103.0.0.0 YaBrowser/22.7.0 Yowser/2.5 Safari/537.36" "ysfine.com"
154.29.107.75 - - [03/Feb/2023:12:33:21 -0800] "GET /style/index.html HTTP/1.1" 200 129 "https://ysfine.com/einstein/ulm.html" "Mozilla/5.0 (Windows NT 10.0; Win64; x64) AppleWebKit/537.36 (KHTML, like Gecko) Chrome/103.0.0.0 YaBrowser/22.7.0 Yowser/2.5 Safari/537.36" "ysfine.com"
154.29.107.75 - - [03/Feb/2023:12:33:23 -0800] "GET /world/munich.html HTTP/1.1" 200 3101 "https://ysfine.com/einstein/ulm.html" "Mozilla/5.0 (Windows NT 10.0; Win64; x64) AppleWebKit/537.36 (KHTML, like Gecko) Chrome/103.0.0.0 YaBrowser/22.7.0 Yowser/2.5 Safari/537.36" "ysfine.com"
154.29.107.75 - - [03/Feb/2023:12:33:23 -0800] "GET /home/index.html HTTP/1.1" 200 142 "https://ysfine.com/einstein/ulm.html" "Mozilla/5.0 (Windows NT 10.0; Win64; x64) AppleWebKit/537.36 (KHTML, like Gecko) Chrome/103.0.0.0 YaBrowser/22.7.0 Yowser/2.5 Safari/537.36" "ysfine.com"
154.29.107.75 - - [03/Feb/2023:12:33:25 -0800] "GET /world/stuttgart.html HTTP/1.1" 200 4926 "https://ysfine.com/einstein/ulm.html" "Mozilla/5.0 (Windows NT 10.0; Win64; x64) AppleWebKit/537.36 (KHTML, like Gecko) Chrome/103.0.0.0 YaBrowser/22.7.0 Yowser/2.5 Safari/537.36" "ysfine.com"
95.163.255.67 - - [03/Feb/2023:12:33:29 -0800] "GET /maga/invent/gagarin22.jpg HTTP/1.1" 200 55544 "-" "Mozilla/5.0 (compatible; Linux x86_64; Mail.RU_Bot/2.0; +https://help.mail.ru/webmaster/indexing/robots)" "www.ysfine.com"
185.191.171.7 - - [03/Feb/2023:12:33:30 -0800] "GET /ffriends/european.html HTTP/1.1" 200 10712 "-" "Mozilla/5.0 (compatible; SemrushBot/7~bl; +http://www.semrush.com/bot.html)" "ysfine.com"
154.29.107.75 - - [03/Feb/2023:12:33:35 -0800] "GET /eink/mose.html HTTP/1.1" 200 14315 "https://ysfine.com/einstein/ulm.html" "Mozilla/5.0 (Windows NT 10.0; Win64; x64) AppleWebKit/537.36 (KHTML, like Gecko) Chrome/103.0.0.0 YaBrowser/22.7.0 Yowser/2.5 Safari/537.36" "ysfine.com"
154.29.107.75 - - [03/Feb/2023:12:33:37 -0800] "GET /world/trier.html HTTP/1.1" 200 6488 "https://ysfine.com/einstein/ulm.html" "Mozilla/5.0 (Windows NT 10.0; Win64; x64) AppleWebKit/537.36 (KHTML, like Gecko) Chrome/103.0.0.0 YaBrowser/22.7.0 Yowser/2.5 Safari/537.36" "ysfine.com"
77.88.5.222 - - [03/Feb/2023:12:33:42 -0800] "GET /trips/index.html HTTP/1.1" 401 90 "-" "Mozilla/5.0 (compatible; YandexBot/3.0; +http://yandex.com/bots) AppleWebKit/537.36 (KHTML, like Gecko) Chrome/81.0.4044.268" "www.ysfine.com"
154.29.107.75 - - [03/Feb/2023:12:33:48 -0800] "GET /eink/index.html HTTP/1.1" 200 17716 "https://ysfine.com/einstein/ulm.html" "Mozilla/5.0 (Windows NT 10.0; Win64; x64) AppleWebKit/537.36 (KHTML, like Gecko) Chrome/103.0.0.0 YaBrowser/22.7.0 Yowser/2.5 Safari/537.36" "ysfine.com"
154.29.107.75 - - [03/Feb/2023:12:33:56 -0800] "GET /einstein/ulm.html HTTP/1.1" 200 6713 "https://ysfine.com/einstein/ulm.html" "Mozilla/5.0 (Windows NT 10.0; Win64; x64) AppleWebKit/537.36 (KHTML, like Gecko) Chrome/103.0.0.0 YaBrowser/22.7.0 Yowser/2.5 Safari/537.36" "ysfine.com"
207.46.13.64 - - [03/Feb/2023:12:33:58 -0800] "GET /world/ital/rome047.jpg HTTP/1.1" 200 108139 "-" "Mozilla/5.0 AppleWebKit/537.36 (KHTML, like Gecko; compatible; bingbot/2.0; +http://www.bing.com/bingbot.htm) Chrome/103.0.5060.134 Safari/537.36" "ysfine.com"
95.163.255.67 - - [03/Feb/2023:12:33:59 -0800] "GET /maga/invent/wright18.jpg HTTP/1.1" 200 59928 "-" "Mozilla/5.0 (compatible; Linux x86_64; Mail.RU_Bot/2.0; +https://help.mail.ru/webmaster/indexing/robots)" "www.ysfine.com"
154.29.107.75 - - [03/Feb/2023:12:34:06 -0800] "GET /einstein/einusa.html HTTP/1.1" 200 8153 "https://ysfine.com/einstein/ulm.html" "Mozilla/5.0 (Windows NT 10.0; Win64; x64) AppleWebKit/537.36 (KHTML, like Gecko) Chrome/103.0.0.0 YaBrowser/22.7.0 Yowser/2.5 Safari/537.36" "ysfine.com"
154.29.107.75 - - [03/Feb/2023:12:34:17 -0800] "GET /einstein/bern.html HTTP/1.1" 200 8314 "https://ysfine.com/einstein/ulm.html" "Mozilla/5.0 (Windows NT 10.0; Win64; x64) AppleWebKit/537.36 (KHTML, like Gecko) Chrome/103.0.0.0 YaBrowser/22.7.0 Yowser/2.5 Safari/537.36" "ysfine.com"
154.29.107.75 - - [03/Feb/2023:12:34:19 -0800] "GET /einstein/index.html HTTP/1.1" 200 135 "https://ysfine.com/einstein/ulm.html" "Mozilla/5.0 (Windows NT 10.0; Win64; x64) AppleWebKit/537.36 (KHTML, like Gecko) Chrome/103.0.0.0 YaBrowser/22.7.0 Yowser/2.5 Safari/537.36" "ysfine.com"
95.163.255.63 - - [03/Feb/2023:12:34:25 -0800] "GET /usca/norl/fm12b.jpg HTTP/1.1" 200 44969 "-" "Mozilla/5.0 (compatible; Linux x86_64; Mail.RU_Bot/2.0; +https://help.mail.ru/webmaster/indexing/robots)" "www.ysfine.com"
109.76.37.171 - - [03/Feb/2023:12:34:28 -0800] "GET /kowar/tanks/tank01.jpg HTTP/1.1" 200 81859 "-" "com.google.android.apps.searchlite/745233 (Linux; U; Android 8.1.0; ru_RU; 5033X_EEA; Build/O11019; Cronet/109.0.5414.80)" "ysfine.com"
95.163.255.67 - - [03/Feb/2023:12:34:41 -0800] "GET /people/low.jpg HTTP/1.1" 200 83146 "-" "Mozilla/5.0 (compatible; Linux x86_64; Mail.RU_Bot/2.0; +https://help.mail.ru/webmaster/indexing/robots)" "ysfine.com"
52.167.144.62 - - [03/Feb/2023:12:35:09 -0800] "GET /world/hungary/hunstu05.jpg HTTP/1.1" 200 71597 "-" "Mozilla/5.0 AppleWebKit/537.36 (KHTML, like Gecko; compatible; bingbot/2.0; +http://www.bing.com/bingbot.htm) Chrome/103.0.5060.134 Safari/537.36" "www.ysfine.com"
114.119.145.121 - - [03/Feb/2023:12:35:30 -0800] "GET /ffriends/aline/airfr03c.jpg HTTP/1.1" 200 28768 "https://www.ysfine.com/ffriends/french.html" "Mozilla/5.0 (Linux; Android 7.0;) AppleWebKit/537.36 (KHTML, like Gecko) Mobile Safari/537.36 (compatible; PetalBot;+https://webmaster.petalsearch.com/site/petalbot)" "www.ysfine.com"
40.88.21.235 - - [03/Feb/2023:12:36:06 -0800] "GET / HTTP/1.1" 200 5295 "https://ysfine.com/" "Mozilla/5.0 (compatible; DuckDuckGo-Favicons-Bot/1.0; +http://duckduckgo.com)" "ysfine.com"
40.88.21.235 - - [03/Feb/2023:12:36:06 -0800] "GET /favicon.ico HTTP/1.1" 404 88 "https://ysfine.com/favicon.ico" "Mozilla/5.0 (compatible; DuckDuckGo-Favicons-Bot/1.0; +http://duckduckgo.com)" "ysfine.com"
40.88.21.235 - - [03/Feb/2023:12:36:06 -0800] "GET /favicon.ico HTTP/1.1" 404 88 "https://ysfine.com/favicon.ico" "Mozilla/5.0 (compatible; DuckDuckGo-Favicons-Bot/1.0; +http://duckduckgo.com)" "ysfine.com"
207.46.13.104 - - [03/Feb/2023:12:36:22 -0800] "GET /bio/kobak/yskor.html HTTP/1.1" 404 88 "-" "Mozilla/5.0 AppleWebKit/537.36 (KHTML, like Gecko; compatible; bingbot/2.0; +http://www.bing.com/bingbot.htm) Chrome/103.0.5060.134 Safari/537.36" "ysfine.com"
51.222.253.18 - - [03/Feb/2023:12:36:34 -0800] "GET /world/roma.html HTTP/1.1" 200 13994 "-" "Mozilla/5.0 (compatible; AhrefsBot/7.0; +http://ahrefs.com/robot/)" "www.ysfine.com"
51.222.253.1 - - [03/Feb/2023:12:36:35 -0800] "GET /world/ital/panth12b.jpg HTTP/1.1" 200 35975 "-" "Mozilla/5.0 (compatible; AhrefsBot/7.0; +http://ahrefs.com/robot/)" "www.ysfine.com"
51.222.253.18 - - [03/Feb/2023:12:36:35 -0800] "GET /world/ital/vatican20b.jpg HTTP/1.1" 200 26902 "-" "Mozilla/5.0 (compatible; AhrefsBot/7.0; +http://ahrefs.com/robot/)" "www.ysfine.com"
51.222.253.20 - - [03/Feb/2023:12:36:36 -0800] "GET /world/ital/palat23b.jpg HTTP/1.1" 200 36988 "-" "Mozilla/5.0 (compatible; AhrefsBot/7.0; +http://ahrefs.com/robot/)" "www.ysfine.com"
51.222.253.2 - - [03/Feb/2023:12:36:37 -0800] "GET /world/ital/rome174b.jpg HTTP/1.1" 200 48574 "-" "Mozilla/5.0 (compatible; AhrefsBot/7.0; +http://ahrefs.com/robot/)" "www.ysfine.com"
51.222.253.1 - - [03/Feb/2023:12:36:37 -0800] "GET /world/ital/sapienza16b.jpg HTTP/1.1" 200 23373 "-" "Mozilla/5.0 (compatible; AhrefsBot/7.0; +http://ahrefs.com/robot/)" "www.ysfine.com"
51.222.253.14 - - [03/Feb/2023:12:36:37 -0800] "GET /world/ital/palat21b.jpg HTTP/1.1" 200 35243 "-" "Mozilla/5.0 (compatible; AhrefsBot/7.0; +http://ahrefs.com/robot/)" "www.ysfine.com"
51.222.253.9 - - [03/Feb/2023:12:36:38 -0800] "GET /world/ital/vatim09b.jpg HTTP/1.1" 200 30206 "-" "Mozilla/5.0 (compatible; AhrefsBot/7.0; +http://ahrefs.com/robot/)" "www.ysfine.com"
51.222.253.13 - - [03/Feb/2023:12:36:38 -0800] "GET /world/ital/sapienza14b.jpg HTTP/1.1" 200 20606 "-" "Mozilla/5.0 (compatible; AhrefsBot/7.0; +http://ahrefs.com/robot/)" "www.ysfine.com"
51.222.253.14 - - [03/Feb/2023:12:36:39 -0800] "GET /world/ital/milvio04b.jpg HTTP/1.1" 200 33950 "-" "Mozilla/5.0 (compatible; AhrefsBot/7.0; +http://ahrefs.com/robot/)" "www.ysfine.com"
51.222.253.14 - - [03/Feb/2023:12:36:39 -0800] "GET /wdc/jeffm02b.jpg HTTP/1.1" 200 32468 "-" "Mozilla/5.0 (compatible; AhrefsBot/7.0; +http://ahrefs.com/robot/)" "www.ysfine.com"
51.222.253.18 - - [03/Feb/2023:12:36:39 -0800] "GET /world/ital/rome011b.jpg HTTP/1.1" 200 18211 "-" "Mozilla/5.0 (compatible; AhrefsBot/7.0; +http://ahrefs.com/robot/)" "www.ysfine.com"
51.222.253.6 - - [03/Feb/2023:12:36:40 -0800] "GET /world/ital/vatim10b.jpg HTTP/1.1" 200 35185 "-" "Mozilla/5.0 (compatible; AhrefsBot/7.0; +http://ahrefs.com/robot/)" "www.ysfine.com"
51.222.253.5 - - [03/Feb/2023:12:36:40 -0800] "GET /world/ital/termini04b.jpg HTTP/1.1" 200 26652 "-" "Mozilla/5.0 (compatible; AhrefsBot/7.0; +http://ahrefs.com/robot/)" "www.ysfine.com"
51.222.253.12 - - [03/Feb/2023:12:36:40 -0800] "GET /world/ital/vatican10b.jpg HTTP/1.1" 200 44102 "-" "Mozilla/5.0 (compatible; AhrefsBot/7.0; +http://ahrefs.com/robot/)" "www.ysfine.com"
51.222.253.2 - - [03/Feb/2023:12:36:41 -0800] "GET /world/ital/rome024b.jpg HTTP/1.1" 200 44166 "-" "Mozilla/5.0 (compatible; AhrefsBot/7.0; +http://ahrefs.com/robot/)" "www.ysfine.com"
51.222.253.1 - - [03/Feb/2023:12:36:41 -0800] "GET /world/ital/rome054b.jpg HTTP/1.1" 200 43311 "-" "Mozilla/5.0 (compatible; AhrefsBot/7.0; +http://ahrefs.com/robot/)" "www.ysfine.com"
51.222.253.14 - - [03/Feb/2023:12:36:42 -0800] "GET /world/ital/rome171b.jpg HTTP/1.1" 200 42145 "-" "Mozilla/5.0 (compatible; AhrefsBot/7.0; +http://ahrefs.com/robot/)" "www.ysfine.com"
51.222.253.3 - - [03/Feb/2023:12:36:42 -0800] "GET /world/ital/vatican13b.jpg HTTP/1.1" 200 55016 "-" "Mozilla/5.0 (compatible; AhrefsBot/7.0; +http://ahrefs.com/robot/)" "www.ysfine.com"
51.222.253.14 - - [03/Feb/2023:12:36:43 -0800] "GET /world/ital/vatim01b.jpg HTTP/1.1" 200 49800 "-" "Mozilla/5.0 (compatible; AhrefsBot/7.0; +http://ahrefs.com/robot/)" "www.ysfine.com"
51.222.253.6 - - [03/Feb/2023:12:36:43 -0800] "GET /world/ital/rome005b.jpg HTTP/1.1" 200 26399 "-" "Mozilla/5.0 (compatible; AhrefsBot/7.0; +http://ahrefs.com/robot/)" "www.ysfine.com"
51.222.253.13 - - [03/Feb/2023:12:36:43 -0800] "GET /world/ital/rome057b.jpg HTTP/1.1" 200 34551 "-" "Mozilla/5.0 (compatible; AhrefsBot/7.0; +http://ahrefs.com/robot/)" "www.ysfine.com"
51.222.253.4 - - [03/Feb/2023:12:36:44 -0800] "GET /world/ital/rome016b.jpg HTTP/1.1" 200 44525 "-" "Mozilla/5.0 (compatible; AhrefsBot/7.0; +http://ahrefs.com/robot/)" "www.ysfine.com"
51.222.253.20 - - [03/Feb/2023:12:36:51 -0800] "GET /world/ital/rome062b.jpg HTTP/1.1" 200 45637 "-" "Mozilla/5.0 (compatible; AhrefsBot/7.0; +http://ahrefs.com/robot/)" "www.ysfine.com"
51.222.253.17 - - [03/Feb/2023:12:36:52 -0800] "GET /world/ital/termini01b.jpg HTTP/1.1" 200 28556 "-" "Mozilla/5.0 (compatible; AhrefsBot/7.0; +http://ahrefs.com/robot/)" "www.ysfine.com"
51.222.253.20 - - [03/Feb/2023:12:36:53 -0800] "GET /world/ital/rome067b.jpg HTTP/1.1" 200 37349 "-" "Mozilla/5.0 (compatible; AhrefsBot/7.0; +http://ahrefs.com/robot/)" "www.ysfine.com"
52.167.144.39 - - [03/Feb/2023:12:36:53 -0800] "GET /world/russ/russtea11.jpg HTTP/1.1" 200 90327 "-" "Mozilla/5.0 AppleWebKit/537.36 (KHTML, like Gecko; compatible; bingbot/2.0; +http://www.bing.com/bingbot.htm) Chrome/103.0.5060.134 Safari/537.36" "ysfine.com"
51.222.253.12 - - [03/Feb/2023:12:36:53 -0800] "GET /world/ital/vatican15b.jpg HTTP/1.1" 200 36200 "-" "Mozilla/5.0 (compatible; AhrefsBot/7.0; +http://ahrefs.com/robot/)" "www.ysfine.com"
51.222.253.15 - - [03/Feb/2023:12:36:54 -0800] "GET /world/ital/milvio01b.jpg HTTP/1.1" 200 17537 "-" "Mozilla/5.0 (compatible; AhrefsBot/7.0; +http://ahrefs.com/robot/)" "www.ysfine.com"
51.222.253.15 - - [03/Feb/2023:12:36:54 -0800] "GET /world/ital/rome056b.jpg HTTP/1.1" 200 48579 "-" "Mozilla/5.0 (compatible; AhrefsBot/7.0; +http://ahrefs.com/robot/)" "www.ysfine.com"
51.222.253.20 - - [03/Feb/2023:12:36:55 -0800] "GET /world/ital/vatim08b.jpg HTTP/1.1" 200 39260 "-" "Mozilla/5.0 (compatible; AhrefsBot/7.0; +http://ahrefs.com/robot/)" "www.ysfine.com"
51.222.253.8 - - [03/Feb/2023:12:36:56 -0800] "GET /world/ital/constantine11b.jpg HTTP/1.1" 200 27393 "-" "Mozilla/5.0 (compatible; AhrefsBot/7.0; +http://ahrefs.com/robot/)" "www.ysfine.com"
51.222.253.13 - - [03/Feb/2023:12:36:56 -0800] "GET /world/ital/panth01b.jpg HTTP/1.1" 200 46623 "-" "Mozilla/5.0 (compatible; AhrefsBot/7.0; +http://ahrefs.com/robot/)" "www.ysfine.com"
51.222.253.5 - - [03/Feb/2023:12:36:57 -0800] "GET /world/ital/rome022b.jpg HTTP/1.1" 200 32061 "-" "Mozilla/5.0 (compatible; AhrefsBot/7.0; +http://ahrefs.com/robot/)" "www.ysfine.com"
51.222.253.1 - - [03/Feb/2023:12:36:58 -0800] "GET /world/ital/spstep02b.jpg HTTP/1.1" 200 29007 "-" "Mozilla/5.0 (compatible; AhrefsBot/7.0; +http://ahrefs.com/robot/)" "www.ysfine.com"
51.222.253.5 - - [03/Feb/2023:12:36:58 -0800] "GET /people/accardi02b.jpg HTTP/1.1" 200 40441 "-" "Mozilla/5.0 (compatible; AhrefsBot/7.0; +http://ahrefs.com/robot/)" "www.ysfine.com"
51.222.253.12 - - [03/Feb/2023:12:36:59 -0800] "GET /world/ital/maxentius11b.jpg HTTP/1.1" 200 46244 "-" "Mozilla/5.0 (compatible; AhrefsBot/7.0; +http://ahrefs.com/robot/)" "www.ysfine.com"
51.222.253.4 - - [03/Feb/2023:12:36:59 -0800] "GET /world/ital/sapienza03b.jpg HTTP/1.1" 200 19535 "-" "Mozilla/5.0 (compatible; AhrefsBot/7.0; +http://ahrefs.com/robot/)" "www.ysfine.com"
51.222.253.4 - - [03/Feb/2023:12:37:00 -0800] "GET /world/ital/spstep10b.jpg HTTP/1.1" 200 46609 "-" "Mozilla/5.0 (compatible; AhrefsBot/7.0; +http://ahrefs.com/robot/)" "www.ysfine.com"
51.222.253.17 - - [03/Feb/2023:12:37:00 -0800] "GET /world/ital/repub22b.jpg HTTP/1.1" 200 39836 "-" "Mozilla/5.0 (compatible; AhrefsBot/7.0; +http://ahrefs.com/robot/)" "www.ysfine.com"
51.222.253.11 - - [03/Feb/2023:12:37:00 -0800] "GET /world/ital/vatim20b.jpg HTTP/1.1" 200 40016 "-" "Mozilla/5.0 (compatible; AhrefsBot/7.0; +http://ahrefs.com/robot/)" "www.ysfine.com"
51.222.253.11 - - [03/Feb/2023:12:37:01 -0800] "GET /world/ital/rome046b.jpg HTTP/1.1" 200 38586 "-" "Mozilla/5.0 (compatible; AhrefsBot/7.0; +http://ahrefs.com/robot/)" "www.ysfine.com"
51.222.253.13 - - [03/Feb/2023:12:37:01 -0800] "GET /world/ital/spstep09b.jpg HTTP/1.1" 200 38722 "-" "Mozilla/5.0 (compatible; AhrefsBot/7.0; +http://ahrefs.com/robot/)" "www.ysfine.com"
51.222.253.13 - - [03/Feb/2023:12:37:01 -0800] "GET /world/ital/palat11b.jpg HTTP/1.1" 200 43138 "-" "Mozilla/5.0 (compatible; AhrefsBot/7.0; +http://ahrefs.com/robot/)" "www.ysfine.com"
51.222.253.2 - - [03/Feb/2023:12:37:02 -0800] "GET /world/ital/rome044b.jpg HTTP/1.1" 200 31957 "-" "Mozilla/5.0 (compatible; AhrefsBot/7.0; +http://ahrefs.com/robot/)" "www.ysfine.com"
44.234.194.79 - - [03/Feb/2023:12:37:42 -0800] "GET /world/baltic/kalin22.jpg HTTP/1.1" 200 152819 "-" "Mozilla/5.0 (X11; Ubuntu; Linux x86_64; rv:72.0) Gecko/20100101 Firefox/72.0" "ysfine.com"
52.167.144.86 - - [03/Feb/2023:12:38:36 -0800] "GET /bio/princeton/campus.html HTTP/1.1" 404 88 "-" "Mozilla/5.0 AppleWebKit/537.36 (KHTML, like Gecko; compatible; bingbot/2.0; +http://www.bing.com/bingbot.htm) Chrome/103.0.5060.134 Safari/537.36" "ysfine.com"
207.46.13.104 - - [03/Feb/2023:12:42:02 -0800] "GET /kobak/repose33.jpg HTTP/1.1" 200 66664 "-" "Mozilla/5.0 AppleWebKit/537.36 (KHTML, like Gecko; compatible; bingbot/2.0; +http://www.bing.com/bingbot.htm) Chrome/103.0.5060.134 Safari/537.36" "ysfine.com"
51.222.253.14 - - [03/Feb/2023:12:42:13 -0800] "GET /class54/class5470/total_data/sub_8158.htm HTTP/1.1" 200 3509 "-" "Mozilla/5.0 (compatible; AhrefsBot/7.0; +http://ahrefs.com/robot/)" "www.ysfine.com"
52.167.144.86 - - [03/Feb/2023:12:42:15 -0800] "GET /sbk/1981montr11c.jpg HTTP/1.1" 200 49585 "-" "Mozilla/5.0 AppleWebKit/537.36 (KHTML, like Gecko; compatible; bingbot/2.0; +http://www.bing.com/bingbot.htm) Chrome/103.0.5060.134 Safari/537.36" "www.ysfine.com"
51.222.253.8 - - [03/Feb/2023:12:42:15 -0800] "GET /class54/class5470/total_data/refer_img/8-188_f.jpg HTTP/1.1" 200 29918 "-" "Mozilla/5.0 (compatible; AhrefsBot/7.0; +http://ahrefs.com/robot/)" "www.ysfine.com"
51.222.253.4 - - [03/Feb/2023:12:42:15 -0800] "GET /class54/class5470/total_data/refer_img/8-165_f.jpg HTTP/1.1" 200 37923 "-" "Mozilla/5.0 (compatible; AhrefsBot/7.0; +http://ahrefs.com/robot/)" "www.ysfine.com"
51.222.253.11 - - [03/Feb/2023:12:42:16 -0800] "GET /class54/class5470/total_data/refer_img/8-187_f.jpg HTTP/1.1" 200 26190 "-" "Mozilla/5.0 (compatible; AhrefsBot/7.0; +http://ahrefs.com/robot/)" "www.ysfine.com"
51.222.253.10 - - [03/Feb/2023:12:42:16 -0800] "GET /class54/class5470/total_data/refer_img/8-158_f.jpg HTTP/1.1" 200 35917 "-" "Mozilla/5.0 (compatible; AhrefsBot/7.0; +http://ahrefs.com/robot/)" "www.ysfine.com"
51.222.253.3 - - [03/Feb/2023:12:42:17 -0800] "GET /class54/class5470/total_data/refer_img/8-178_f.jpg HTTP/1.1" 200 33425 "-" "Mozilla/5.0 (compatible; AhrefsBot/7.0; +http://ahrefs.com/robot/)" "www.ysfine.com"
51.222.253.1 - - [03/Feb/2023:12:42:17 -0800] "GET /class54/class5470/total_data/refer_img/8-184_f.jpg HTTP/1.1" 200 23559 "-" "Mozilla/5.0 (compatible; AhrefsBot/7.0; +http://ahrefs.com/robot/)" "www.ysfine.com"
51.222.253.2 - - [03/Feb/2023:12:42:17 -0800] "GET /class54/class5470/total_data/refer_img/8-177_f.jpg HTTP/1.1" 200 33631 "-" "Mozilla/5.0 (compatible; AhrefsBot/7.0; +http://ahrefs.com/robot/)" "www.ysfine.com"
51.222.253.5 - - [03/Feb/2023:12:42:18 -0800] "GET /class54/class5470/total_data/photo_img/8-158.jpg HTTP/1.1" 200 264566 "-" "Mozilla/5.0 (compatible; AhrefsBot/7.0; +http://ahrefs.com/robot/)" "www.ysfine.com"
51.222.253.8 - - [03/Feb/2023:12:42:19 -0800] "GET /class54/class5470/total_data/refer_img/8-174_f.jpg HTTP/1.1" 200 40805 "-" "Mozilla/5.0 (compatible; AhrefsBot/7.0; +http://ahrefs.com/robot/)" "www.ysfine.com"
51.222.253.2 - - [03/Feb/2023:12:42:19 -0800] "GET /class54/class5470/total_data/refer_img/8-159_f.jpg HTTP/1.1" 200 56284 "-" "Mozilla/5.0 (compatible; AhrefsBot/7.0; +http://ahrefs.com/robot/)" "www.ysfine.com"
51.222.253.12 - - [03/Feb/2023:12:42:20 -0800] "GET /class54/class5470/total_data/refer_img/8-170_f.jpg HTTP/1.1" 200 31518 "-" "Mozilla/5.0 (compatible; AhrefsBot/7.0; +http://ahrefs.com/robot/)" "www.ysfine.com"
51.222.253.9 - - [03/Feb/2023:12:42:29 -0800] "GET /class54/class5470/total_data/refer_img/8-162_f.jpg HTTP/1.1" 200 30246 "-" "Mozilla/5.0 (compatible; AhrefsBot/7.0; +http://ahrefs.com/robot/)" "www.ysfine.com"
51.222.253.9 - - [03/Feb/2023:12:42:30 -0800] "GET /class54/class5470/total_data/refer_img/8-164_f.jpg HTTP/1.1" 200 37243 "-" "Mozilla/5.0 (compatible; AhrefsBot/7.0; +http://ahrefs.com/robot/)" "www.ysfine.com"
51.222.253.4 - - [03/Feb/2023:12:42:31 -0800] "GET /class54/class5470/total_data/refer_img/8-163_f.jpg HTTP/1.1" 200 36263 "-" "Mozilla/5.0 (compatible; AhrefsBot/7.0; +http://ahrefs.com/robot/)" "www.ysfine.com"
51.222.253.13 - - [03/Feb/2023:12:42:32 -0800] "GET /class54/class5470/total_data/refer_img/8-176_f.jpg HTTP/1.1" 200 38030 "-" "Mozilla/5.0 (compatible; AhrefsBot/7.0; +http://ahrefs.com/robot/)" "www.ysfine.com"
51.222.253.20 - - [03/Feb/2023:12:42:33 -0800] "GET /class54/class5470/total_data/refer_img/8-180_f.jpg HTTP/1.1" 200 32360 "-" "Mozilla/5.0 (compatible; AhrefsBot/7.0; +http://ahrefs.com/robot/)" "www.ysfine.com"
51.222.253.17 - - [03/Feb/2023:12:42:34 -0800] "GET /class54/class5470/total_data/refer_img/8-179_f.jpg HTTP/1.1" 200 30191 "-" "Mozilla/5.0 (compatible; AhrefsBot/7.0; +http://ahrefs.com/robot/)" "www.ysfine.com"
51.222.253.4 - - [03/Feb/2023:12:42:34 -0800] "GET /class54/class5470/total_data/refer_img/8-186_f.jpg HTTP/1.1" 200 25331 "-" "Mozilla/5.0 (compatible; AhrefsBot/7.0; +http://ahrefs.com/robot/)" "www.ysfine.com"
51.222.253.15 - - [03/Feb/2023:12:42:35 -0800] "GET /class54/class5470/total_data/refer_img/8-167_f.jpg HTTP/1.1" 200 35197 "-" "Mozilla/5.0 (compatible; AhrefsBot/7.0; +http://ahrefs.com/robot/)" "www.ysfine.com"
51.222.253.3 - - [03/Feb/2023:12:42:35 -0800] "GET /class54/class5470/total_data/refer_img/8-161_f.jpg HTTP/1.1" 200 38959 "-" "Mozilla/5.0 (compatible; AhrefsBot/7.0; +http://ahrefs.com/robot/)" "www.ysfine.com"
51.222.253.17 - - [03/Feb/2023:12:42:35 -0800] "GET /class54/class5470/total_data/refer_img/8-183_f.jpg HTTP/1.1" 200 26791 "-" "Mozilla/5.0 (compatible; AhrefsBot/7.0; +http://ahrefs.com/robot/)" "www.ysfine.com"
51.222.253.3 - - [03/Feb/2023:12:42:36 -0800] "GET /class54/class5470/total_data/refer_img/8-185_f.jpg HTTP/1.1" 200 22568 "-" "Mozilla/5.0 (compatible; AhrefsBot/7.0; +http://ahrefs.com/robot/)" "www.ysfine.com"
51.222.253.10 - - [03/Feb/2023:12:42:36 -0800] "GET /class54/class5470/total_data/refer_img/8-175_f.jpg HTTP/1.1" 200 39027 "-" "Mozilla/5.0 (compatible; AhrefsBot/7.0; +http://ahrefs.com/robot/)" "www.ysfine.com"
51.222.253.17 - - [03/Feb/2023:12:42:37 -0800] "GET /class54/class5470/total_data/refer_img/8-173_f.jpg HTTP/1.1" 200 37099 "-" "Mozilla/5.0 (compatible; AhrefsBot/7.0; +http://ahrefs.com/robot/)" "www.ysfine.com"
51.222.253.7 - - [03/Feb/2023:12:42:37 -0800] "GET /class54/class5470/total_data/refer_img/8-168_f.jpg HTTP/1.1" 200 35317 "-" "Mozilla/5.0 (compatible; AhrefsBot/7.0; +http://ahrefs.com/robot/)" "www.ysfine.com"
51.222.253.19 - - [03/Feb/2023:12:42:37 -0800] "GET /class54/class5470/total_data/refer_img/8-182_f.jpg HTTP/1.1" 200 39412 "-" "Mozilla/5.0 (compatible; AhrefsBot/7.0; +http://ahrefs.com/robot/)" "www.ysfine.com"
51.222.253.17 - - [03/Feb/2023:12:42:38 -0800] "GET /class54/class5470/total_data/refer_img/8-172_f.jpg HTTP/1.1" 200 28678 "-" "Mozilla/5.0 (compatible; AhrefsBot/7.0; +http://ahrefs.com/robot/)" "www.ysfine.com"
51.222.253.19 - - [03/Feb/2023:12:42:38 -0800] "GET /class54/class5470/total_data/refer_img/8-171_f.jpg HTTP/1.1" 200 33984 "-" "Mozilla/5.0 (compatible; AhrefsBot/7.0; +http://ahrefs.com/robot/)" "www.ysfine.com"
51.222.253.3 - - [03/Feb/2023:12:42:39 -0800] "GET /class54/class5470/total_data/img/sm06_off.gif HTTP/1.1" 200 445 "-" "Mozilla/5.0 (compatible; AhrefsBot/7.0; +http://ahrefs.com/robot/)" "www.ysfine.com"
51.222.253.4 - - [03/Feb/2023:12:42:39 -0800] "GET /class54/class5470/total_data/refer_img/8-160_f.jpg HTTP/1.1" 200 27834 "-" "Mozilla/5.0 (compatible; AhrefsBot/7.0; +http://ahrefs.com/robot/)" "www.ysfine.com"
51.222.253.5 - - [03/Feb/2023:12:42:39 -0800] "GET /class54/class5470/total_data/refer_img/8-181_f.jpg HTTP/1.1" 200 41461 "-" "Mozilla/5.0 (compatible; AhrefsBot/7.0; +http://ahrefs.com/robot/)" "www.ysfine.com"
51.222.253.1 - - [03/Feb/2023:12:42:40 -0800] "GET /class54/class5470/total_data/refer_img/8-169_f.jpg HTTP/1.1" 200 33978 "-" "Mozilla/5.0 (compatible; AhrefsBot/7.0; +http://ahrefs.com/robot/)" "www.ysfine.com"
52.167.144.62 - - [03/Feb/2023:12:43:02 -0800] "GET /bio/style/proschanie.html HTTP/1.1" 404 88 "-" "Mozilla/5.0 AppleWebKit/537.36 (KHTML, like Gecko; compatible; bingbot/2.0; +http://www.bing.com/bingbot.htm) Chrome/103.0.5060.134 Safari/537.36" "ysfine.com"
89.13.96.131 - - [03/Feb/2023:12:43:53 -0800] "GET /newyork/wtc14f.jpg HTTP/1.1" 200 57759 "https://www.bing.com/" "Mozilla/5.0 (Windows NT 10.0; Win64; x64) AppleWebKit/537.36 (KHTML, like Gecko) Chrome/109.0.0.0 Safari/537.36 Edg/109.0.1518.70" "ysfine.com"
37.215.62.206 - - [03/Feb/2023:12:45:31 -0800] "GET /usca/pitt/infinite.jpg HTTP/1.1" 200 73922 "https://www.google.com/" "Mozilla/5.0 (Windows NT 10.0; Win64; x64) AppleWebKit/537.36 (KHTML, like Gecko) Chrome/109.0.0.0 Safari/537.36" "ysfine.com"
40.77.167.192 - - [03/Feb/2023:12:46:38 -0800] "GET /bio/kobak/soraech.html HTTP/1.1" 404 88 "-" "Mozilla/5.0 AppleWebKit/537.36 (KHTML, like Gecko; compatible; bingbot/2.0; +http://www.bing.com/bingbot.htm) Chrome/103.0.5060.134 Safari/537.36" "ysfine.com"
51.222.253.9 - - [03/Feb/2023:12:46:53 -0800] "GET /class54/class5470/total_data/sub_820.htm HTTP/1.1" 200 3558 "-" "Mozilla/5.0 (compatible; AhrefsBot/7.0; +http://ahrefs.com/robot/)" "www.ysfine.com"
51.222.253.12 - - [03/Feb/2023:12:46:57 -0800] "GET /class54/class5470/total_data/refer_img/8-21_f.jpg HTTP/1.1" 200 31344 "-" "Mozilla/5.0 (compatible; AhrefsBot/7.0; +http://ahrefs.com/robot/)" "www.ysfine.com"
51.222.253.6 - - [03/Feb/2023:12:46:58 -0800] "GET /class54/class5470/total_data/refer_img/8-1_f.jpg HTTP/1.1" 200 34857 "-" "Mozilla/5.0 (compatible; AhrefsBot/7.0; +http://ahrefs.com/robot/)" "www.ysfine.com"
51.222.253.15 - - [03/Feb/2023:12:46:58 -0800] "GET /class54/class5470/total_data/refer_img/8-19_f.jpg HTTP/1.1" 200 29335 "-" "Mozilla/5.0 (compatible; AhrefsBot/7.0; +http://ahrefs.com/robot/)" "www.ysfine.com"
51.222.253.6 - - [03/Feb/2023:12:46:58 -0800] "GET /class54/class5470/total_data/refer_img/8-17_f.jpg HTTP/1.1" 200 32924 "-" "Mozilla/5.0 (compatible; AhrefsBot/7.0; +http://ahrefs.com/robot/)" "www.ysfine.com"
51.222.253.10 - - [03/Feb/2023:12:46:59 -0800] "GET /class54/class5470/total_data/refer_img/8-16_f.jpg HTTP/1.1" 200 30100 "-" "Mozilla/5.0 (compatible; AhrefsBot/7.0; +http://ahrefs.com/robot/)" "www.ysfine.com"
51.222.253.13 - - [03/Feb/2023:12:46:59 -0800] "GET /class54/class5470/total_data/refer_img/8-22_f.jpg HTTP/1.1" 200 32545 "-" "Mozilla/5.0 (compatible; AhrefsBot/7.0; +http://ahrefs.com/robot/)" "www.ysfine.com"
51.222.253.4 - - [03/Feb/2023:12:47:00 -0800] "GET /class54/class5470/total_data/refer_img/8-32_f.jpg HTTP/1.1" 200 43409 "-" "Mozilla/5.0 (compatible; AhrefsBot/7.0; +http://ahrefs.com/robot/)" "www.ysfine.com"
51.222.253.1 - - [03/Feb/2023:12:47:00 -0800] "GET /class54/class5470/total_data/refer_img/8-9_f.jpg HTTP/1.1" 200 29562 "-" "Mozilla/5.0 (compatible; AhrefsBot/7.0; +http://ahrefs.com/robot/)" "www.ysfine.com"
51.222.253.13 - - [03/Feb/2023:12:47:01 -0800] "GET /class54/class5470/total_data/refer_img/8-20_f.jpg HTTP/1.1" 200 35210 "-" "Mozilla/5.0 (compatible; AhrefsBot/7.0; +http://ahrefs.com/robot/)" "www.ysfine.com"
