216.244.66.229 - - [03/Feb/2023:00:57:14 -0800] "GET /ffriends/russstanf03.jpg HTTP/1.1" 200 148125 "-" "Mozilla/5.0 (compatible; DotBot/1.2; +https://opensiteexplorer.org/dotbot; help@moz.com)" "www.ysfine.com"
216.244.66.229 - - [03/Feb/2023:00:57:36 -0800] "GET /ffriends/aline/klm08.jpg HTTP/1.1" 200 124594 "-" "Mozilla/5.0 (compatible; DotBot/1.2; +https://opensiteexplorer.org/dotbot; help@moz.com)" "www.ysfine.com"
95.163.255.66 - - [03/Feb/2023:00:57:44 -0800] "GET /robots.txt HTTP/1.1" 404 73 "-" "Mozilla/5.0 (compatible; Linux x86_64; Mail.RU_Bot/2.0; +https://help.mail.ru/webmaster/indexing/robots)" "ysfine.com"
77.75.79.95 - - [03/Feb/2023:00:58:35 -0800] "GET /robots.txt HTTP/1.1" 404 88 "-" "Mozilla/5.0 (compatible; SeznamBot/3.2; +http://napoveda.seznam.cz/en/seznambot-intro/)" "ysfine.com"
77.75.79.95 - - [03/Feb/2023:00:58:36 -0800] "GET /einstein/places/einha00.jpg HTTP/1.1" 200 79357 "-" "Mozilla/5.0 (compatible; SeznamBot/3.2; +http://napoveda.seznam.cz/en/seznambot-intro/)" "ysfine.com"
5.161.110.91 - - [03/Feb/2023:00:58:37 -0800] "GET /princeton/prospectg11.jpg HTTP/1.1" 200 142955 "-" "Mozilla/5.0 (X11; Ubuntu; Linux x86_64; rv:107.0) Gecko/20100101 Firefox/107.0" "ysfine.com"
5.161.110.91 - - [03/Feb/2023:00:58:37 -0800] "GET /princeton/prospectg22.jpg HTTP/1.1" 200 97787 "-" "Mozilla/5.0 (X11; Ubuntu; Linux x86_64; rv:107.0) Gecko/20100101 Firefox/107.0" "ysfine.com"
77.75.79.95 - - [03/Feb/2023:00:58:39 -0800] "GET /world/poland/wierzynek4.jpg HTTP/1.1" 304 - "-" "Mozilla/5.0 (compatible; SeznamBot/3.2; +http://napoveda.seznam.cz/en/seznambot-intro/)" "ysfine.com"
77.75.79.95 - - [03/Feb/2023:00:58:40 -0800] "GET /einstein/places/einmu21.jpg HTTP/1.1" 200 79430 "-" "Mozilla/5.0 (compatible; SeznamBot/3.2; +http://napoveda.seznam.cz/en/seznambot-intro/)" "ysfine.com"
77.75.79.95 - - [03/Feb/2023:00:58:42 -0800] "GET /world/russ/kiev018.jpg HTTP/1.1" 200 75448 "-" "Mozilla/5.0 (compatible; SeznamBot/3.2; +http://napoveda.seznam.cz/en/seznambot-intro/)" "ysfine.com"
77.75.79.95 - - [03/Feb/2023:00:58:44 -0800] "GET /ffriends/russrio11.jpg HTTP/1.1" 304 - "-" "Mozilla/5.0 (compatible; SeznamBot/3.2; +http://napoveda.seznam.cz/en/seznambot-intro/)" "ysfine.com"
77.75.79.95 - - [03/Feb/2023:00:58:44 -0800] "GET /people/wheemos.jpg HTTP/1.1" 200 98122 "-" "Mozilla/5.0 (compatible; SeznamBot/3.2; +http://napoveda.seznam.cz/en/seznambot-intro/)" "ysfine.com"
77.75.79.95 - - [03/Feb/2023:00:58:47 -0800] "GET /wigner/wigkim.jpg HTTP/1.1" 304 - "-" "Mozilla/5.0 (compatible; SeznamBot/3.2; +http://napoveda.seznam.cz/en/seznambot-intro/)" "ysfine.com"
95.163.255.63 - - [03/Feb/2023:00:58:50 -0800] "GET /kobak/rheeh.jpg HTTP/1.1" 200 268963 "-" "Mozilla/5.0 (compatible; Linux x86_64; Mail.RU_Bot/2.0; +https://help.mail.ru/webmaster/indexing/robots)" "www.ysfine.com"
193.140.111.20 - - [03/Feb/2023:00:59:07 -0800] "GET /wigner/maxwig.html HTTP/1.1" 200 8080 "https://www.google.com/" "Mozilla/5.0 (Windows NT 10.0; Win64; x64) AppleWebKit/537.36 (KHTML, like Gecko) Chrome/109.0.0.0 Safari/537.36" "ysfine.com"
193.140.111.20 - - [03/Feb/2023:00:59:07 -0800] "GET /wigner/noah02c.jpg HTTP/1.1" 200 72680 "https://ysfine.com/wigner/maxwig.html" "Mozilla/5.0 (Windows NT 10.0; Win64; x64) AppleWebKit/537.36 (KHTML, like Gecko) Chrome/109.0.0.0 Safari/537.36" "ysfine.com"
193.140.111.20 - - [03/Feb/2023:00:59:07 -0800] "GET /wigner/maxmink33c.jpg HTTP/1.1" 200 22346 "https://ysfine.com/wigner/maxwig.html" "Mozilla/5.0 (Windows NT 10.0; Win64; x64) AppleWebKit/537.36 (KHTML, like Gecko) Chrome/109.0.0.0 Safari/537.36" "ysfine.com"
193.140.111.20 - - [03/Feb/2023:00:59:07 -0800] "GET /maga/invent/marconi01c.jpg HTTP/1.1" 200 28072 "https://ysfine.com/wigner/maxwig.html" "Mozilla/5.0 (Windows NT 10.0; Win64; x64) AppleWebKit/537.36 (KHTML, like Gecko) Chrome/109.0.0.0 Safari/537.36" "ysfine.com"
193.140.111.20 - - [03/Feb/2023:00:59:07 -0800] "GET /people/wolfen22c.jpg HTTP/1.1" 200 23845 "https://ysfine.com/wigner/maxwig.html" "Mozilla/5.0 (Windows NT 10.0; Win64; x64) AppleWebKit/537.36 (KHTML, like Gecko) Chrome/109.0.0.0 Safari/537.36" "ysfine.com"
193.140.111.20 - - [03/Feb/2023:00:59:07 -0800] "GET /einstein/newtmax02c.jpg HTTP/1.1" 200 46949 "https://ysfine.com/wigner/maxwig.html" "Mozilla/5.0 (Windows NT 10.0; Win64; x64) AppleWebKit/537.36 (KHTML, like Gecko) Chrome/109.0.0.0 Safari/537.36" "ysfine.com"
193.140.111.20 - - [03/Feb/2023:00:59:07 -0800] "GET /einstein/eins05c.jpg HTTP/1.1" 200 52461 "https://ysfine.com/wigner/maxwig.html" "Mozilla/5.0 (Windows NT 10.0; Win64; x64) AppleWebKit/537.36 (KHTML, like Gecko) Chrome/109.0.0.0 Safari/537.36" "ysfine.com"
193.140.111.20 - - [03/Feb/2023:00:59:07 -0800] "GET /wigner/mzero03c.jpg HTTP/1.1" 200 22641 "https://ysfine.com/wigner/maxwig.html" "Mozilla/5.0 (Windows NT 10.0; Win64; x64) AppleWebKit/537.36 (KHTML, like Gecko) Chrome/109.0.0.0 Safari/537.36" "ysfine.com"
193.140.111.20 - - [03/Feb/2023:00:59:07 -0800] "GET /wigner/isomor99a.jpg HTTP/1.1" 200 90436 "https://ysfine.com/wigner/maxwig.html" "Mozilla/5.0 (Windows NT 10.0; Win64; x64) AppleWebKit/537.36 (KHTML, like Gecko) Chrome/109.0.0.0 Safari/537.36" "ysfine.com"
193.140.111.20 - - [03/Feb/2023:00:59:07 -0800] "GET /wigner/martha11c.jpg HTTP/1.1" 200 26034 "https://ysfine.com/wigner/maxwig.html" "Mozilla/5.0 (Windows NT 10.0; Win64; x64) AppleWebKit/537.36 (KHTML, like Gecko) Chrome/109.0.0.0 Safari/537.36" "ysfine.com"
193.140.111.20 - - [03/Feb/2023:00:59:07 -0800] "GET /eink/eink61c.jpg HTTP/1.1" 200 34119 "https://ysfine.com/wigner/maxwig.html" "Mozilla/5.0 (Windows NT 10.0; Win64; x64) AppleWebKit/537.36 (KHTML, like Gecko) Chrome/109.0.0.0 Safari/537.36" "ysfine.com"
193.140.111.20 - - [03/Feb/2023:00:59:07 -0800] "GET /wigner/yloop33a.jpg HTTP/1.1" 200 40738 "https://ysfine.com/wigner/maxwig.html" "Mozilla/5.0 (Windows NT 10.0; Win64; x64) AppleWebKit/537.36 (KHTML, like Gecko) Chrome/109.0.0.0 Safari/537.36" "ysfine.com"
193.140.111.20 - - [03/Feb/2023:00:59:07 -0800] "GET /wigner/maxwig44c.jpg HTTP/1.1" 200 44966 "https://ysfine.com/wigner/maxwig.html" "Mozilla/5.0 (Windows NT 10.0; Win64; x64) AppleWebKit/537.36 (KHTML, like Gecko) Chrome/109.0.0.0 Safari/537.36" "ysfine.com"
193.140.111.20 - - [03/Feb/2023:00:59:07 -0800] "GET /wigner/wig60c.jpg HTTP/1.1" 200 34177 "https://ysfine.com/wigner/maxwig.html" "Mozilla/5.0 (Windows NT 10.0; Win64; x64) AppleWebKit/537.36 (KHTML, like Gecko) Chrome/109.0.0.0 Safari/537.36" "ysfine.com"
193.140.111.20 - - [03/Feb/2023:00:59:07 -0800] "GET /wigner/euclid05c.jpg HTTP/1.1" 200 27861 "https://ysfine.com/wigner/maxwig.html" "Mozilla/5.0 (Windows NT 10.0; Win64; x64) AppleWebKit/537.36 (KHTML, like Gecko) Chrome/109.0.0.0 Safari/537.36" "ysfine.com"
193.140.111.20 - - [03/Feb/2023:00:59:07 -0800] "GET /wigner/wigwein33c.jpg HTTP/1.1" 200 47176 "https://ysfine.com/wigner/maxwig.html" "Mozilla/5.0 (Windows NT 10.0; Win64; x64) AppleWebKit/537.36 (KHTML, like Gecko) Chrome/109.0.0.0 Safari/537.36" "ysfine.com"
193.140.111.20 - - [03/Feb/2023:00:59:07 -0800] "GET /wigner/wighome11c.jpg HTTP/1.1" 200 45648 "https://ysfine.com/wigner/maxwig.html" "Mozilla/5.0 (Windows NT 10.0; Win64; x64) AppleWebKit/537.36 (KHTML, like Gecko) Chrome/109.0.0.0 Safari/537.36" "ysfine.com"
193.140.111.20 - - [03/Feb/2023:00:59:07 -0800] "GET /people/facu63c.jpg HTTP/1.1" 200 39839 "https://ysfine.com/wigner/maxwig.html" "Mozilla/5.0 (Windows NT 10.0; Win64; x64) AppleWebKit/537.36 (KHTML, like Gecko) Chrome/109.0.0.0 Safari/537.36" "ysfine.com"
193.140.111.20 - - [03/Feb/2023:00:59:07 -0800] "GET /wigner/bieden02c.jpg HTTP/1.1" 200 35435 "https://ysfine.com/wigner/maxwig.html" "Mozilla/5.0 (Windows NT 10.0; Win64; x64) AppleWebKit/537.36 (KHTML, like Gecko) Chrome/109.0.0.0 Safari/537.36" "ysfine.com"
5.161.73.130 - - [03/Feb/2023:00:59:43 -0800] "GET /princeton/prospectg11.jpg HTTP/1.1" 200 142955 "-" "Mozilla/5.0 (X11; Ubuntu; Linux x86_64; rv:107.0) Gecko/20100101 Firefox/107.0" "ysfine.com"
5.161.73.130 - - [03/Feb/2023:00:59:43 -0800] "GET /princeton/prospectg22.jpg HTTP/1.1" 200 97787 "-" "Mozilla/5.0 (X11; Ubuntu; Linux x86_64; rv:107.0) Gecko/20100101 Firefox/107.0" "ysfine.com"
95.163.255.64 - - [03/Feb/2023:00:59:50 -0800] "GET /maga/invent/kdka11c.jpg HTTP/1.1" 200 28450 "-" "Mozilla/5.0 (compatible; Linux x86_64; Mail.RU_Bot/2.0; +https://help.mail.ru/webmaster/indexing/robots)" "ysfine.com"
5.161.88.223 - - [03/Feb/2023:01:00:06 -0800] "GET /princeton/prospectg22.jpg HTTP/1.1" 200 97787 "-" "Mozilla/5.0 (X11; Ubuntu; Linux x86_64; rv:107.0) Gecko/20100101 Firefox/107.0" "ysfine.com"
5.161.88.223 - - [03/Feb/2023:01:00:06 -0800] "GET /princeton/prospectg11.jpg HTTP/1.1" 200 142955 "-" "Mozilla/5.0 (X11; Ubuntu; Linux x86_64; rv:107.0) Gecko/20100101 Firefox/107.0" "ysfine.com"
40.77.167.192 - - [03/Feb/2023:01:00:20 -0800] "GET /bio/kobak/soraech.html HTTP/1.1" 404 88 "-" "Mozilla/5.0 AppleWebKit/537.36 (KHTML, like Gecko; compatible; bingbot/2.0; +http://www.bing.com/bingbot.htm) Chrome/103.0.5060.134 Safari/537.36" "ysfine.com"
89.198.173.202 - - [03/Feb/2023:01:01:07 -0800] "GET /maga/histo/oscar22.jpg HTTP/1.1" 200 101665 "https://www.google.com/" "Mozilla/5.0 (iPhone; CPU iPhone OS 15_4_1 like Mac OS X) AppleWebKit/605.1.15 (KHTML, like Gecko) Version/15.4 Mobile/15E148 Safari/604.1" "ysfine.com"
89.198.173.202 - - [03/Feb/2023:01:01:33 -0800] "GET /maga/histo/desiree22.jpg HTTP/1.1" 200 113561 "https://www.google.com/" "Mozilla/5.0 (iPhone; CPU iPhone OS 15_4_1 like Mac OS X) AppleWebKit/605.1.15 (KHTML, like Gecko) Version/15.4 Mobile/15E148 Safari/604.1" "ysfine.com"
5.161.79.76 - - [03/Feb/2023:01:03:58 -0800] "GET /princeton/prospectg11.jpg HTTP/1.1" 200 142955 "-" "Mozilla/5.0 (X11; Ubuntu; Linux x86_64; rv:107.0) Gecko/20100101 Firefox/107.0" "ysfine.com"
5.161.79.76 - - [03/Feb/2023:01:03:58 -0800] "GET /princeton/prospectg22.jpg HTTP/1.1" 200 97787 "-" "Mozilla/5.0 (X11; Ubuntu; Linux x86_64; rv:107.0) Gecko/20100101 Firefox/107.0" "ysfine.com"
207.46.13.104 - - [03/Feb/2023:01:04:26 -0800] "GET /world/russ/minsk108.jpg HTTP/1.1" 200 102131 "-" "Mozilla/5.0 AppleWebKit/537.36 (KHTML, like Gecko; compatible; bingbot/2.0; +http://www.bing.com/bingbot.htm) Chrome/103.0.5060.134 Safari/537.36" "ysfine.com"
5.161.110.91 - - [03/Feb/2023:01:04:36 -0800] "GET /princeton/pseminary22.jpg HTTP/1.1" 200 121554 "-" "Mozilla/5.0 (X11; Ubuntu; Linux x86_64; rv:107.0) Gecko/20100101 Firefox/107.0" "ysfine.com"
5.161.55.65 - - [03/Feb/2023:01:04:39 -0800] "GET /princeton/prospectg11.jpg HTTP/1.1" 200 142955 "-" "Mozilla/5.0 (X11; Ubuntu; Linux x86_64; rv:107.0) Gecko/20100101 Firefox/107.0" "ysfine.com"
5.161.55.65 - - [03/Feb/2023:01:04:39 -0800] "GET /princeton/prospectg22.jpg HTTP/1.1" 200 97787 "-" "Mozilla/5.0 (X11; Ubuntu; Linux x86_64; rv:107.0) Gecko/20100101 Firefox/107.0" "ysfine.com"
5.161.91.121 - - [03/Feb/2023:01:04:42 -0800] "GET /princeton/pseminary22.jpg HTTP/1.1" 200 121554 "-" "Mozilla/5.0 (X11; Ubuntu; Linux x86_64; rv:107.0) Gecko/20100101 Firefox/107.0" "ysfine.com"
51.222.253.20 - - [03/Feb/2023:01:05:03 -0800] "GET /princeton/butler.html HTTP/1.1" 200 407 "-" "Mozilla/5.0 (compatible; AhrefsBot/7.0; +http://ahrefs.com/robot/)" "www.ysfine.com"
51.222.253.17 - - [03/Feb/2023:01:05:05 -0800] "GET /princeton/butler22.jpg HTTP/1.1" 200 80209 "-" "Mozilla/5.0 (compatible; AhrefsBot/7.0; +http://ahrefs.com/robot/)" "www.ysfine.com"
51.222.253.10 - - [03/Feb/2023:01:05:05 -0800] "GET /princeton/butler33.jpg HTTP/1.1" 200 92343 "-" "Mozilla/5.0 (compatible; AhrefsBot/7.0; +http://ahrefs.com/robot/)" "www.ysfine.com"
216.244.66.229 - - [03/Feb/2023:01:05:21 -0800] "GET /einstein/ulm22.html HTTP/1.1" 200 15814 "-" "Mozilla/5.0 (compatible; DotBot/1.2; +https://opensiteexplorer.org/dotbot; help@moz.com)" "www.ysfine.com"
216.244.66.229 - - [03/Feb/2023:01:05:43 -0800] "GET /ffriends/aline/lufthan11.jpg HTTP/1.1" 200 91867 "-" "Mozilla/5.0 (compatible; DotBot/1.2; +https://opensiteexplorer.org/dotbot; help@moz.com)" "www.ysfine.com"
207.46.13.104 - - [03/Feb/2023:01:05:49 -0800] "GET /bio/sbk/1950.html HTTP/1.1" 404 88 "-" "Mozilla/5.0 AppleWebKit/537.36 (KHTML, like Gecko; compatible; bingbot/2.0; +http://www.bing.com/bingbot.htm) Chrome/103.0.5060.134 Safari/537.36" "ysfine.com"
52.167.144.86 - - [03/Feb/2023:01:06:16 -0800] "GET /bio/wigner/e(2).html HTTP/1.1" 404 88 "-" "Mozilla/5.0 AppleWebKit/537.36 (KHTML, like Gecko; compatible; bingbot/2.0; +http://www.bing.com/bingbot.htm) Chrome/103.0.5060.134 Safari/537.36" "ysfine.com"
216.244.66.229 - - [03/Feb/2023:01:06:22 -0800] "GET /ffriends/amkor/amparis02.jpg HTTP/1.1" 200 179735 "-" "Mozilla/5.0 (compatible; DotBot/1.2; +https://opensiteexplorer.org/dotbot; help@moz.com)" "www.ysfine.com"
171.6.236.53 - - [03/Feb/2023:01:06:33 -0800] "GET /maga/phys/yukawa00.jpg HTTP/1.1" 200 84885 "https://www.google.com/" "Mozilla/5.0 (Windows NT 10.0; Win64; x64) AppleWebKit/537.36 (KHTML, like Gecko) Chrome/109.0.0.0 Safari/537.36" "ysfine.com"
5.161.116.249 - - [03/Feb/2023:01:06:39 -0800] "GET /princeton/pseminary22.jpg HTTP/1.1" 200 121554 "-" "Mozilla/5.0 (X11; Ubuntu; Linux x86_64; rv:107.0) Gecko/20100101 Firefox/107.0" "ysfine.com"
216.244.66.229 - - [03/Feb/2023:01:06:58 -0800] "GET /ffriends/spany01.jpg HTTP/1.1" 200 112569 "-" "Mozilla/5.0 (compatible; DotBot/1.2; +https://opensiteexplorer.org/dotbot; help@moz.com)" "www.ysfine.com"
40.77.167.192 - - [03/Feb/2023:01:07:07 -0800] "GET /bio.html HTTP/1.1" 200 18260 "-" "Mozilla/5.0 AppleWebKit/537.36 (KHTML, like Gecko; compatible; bingbot/2.0; +http://www.bing.com/bingbot.htm) Chrome/103.0.5060.134 Safari/537.36" "ysfine.com"
52.167.144.86 - - [03/Feb/2023:01:07:35 -0800] "GET /world/russ/arbat05.jpg HTTP/1.1" 200 126250 "-" "Mozilla/5.0 AppleWebKit/537.36 (KHTML, like Gecko; compatible; bingbot/2.0; +http://www.bing.com/bingbot.htm) Chrome/103.0.5060.134 Safari/537.36" "ysfine.com"
5.161.88.223 - - [03/Feb/2023:01:07:39 -0800] "GET /princeton/pseminary22.jpg HTTP/1.1" 200 121554 "-" "Mozilla/5.0 (X11; Ubuntu; Linux x86_64; rv:107.0) Gecko/20100101 Firefox/107.0" "ysfine.com"
5.161.55.65 - - [03/Feb/2023:01:07:45 -0800] "GET /princeton/pseminary22.jpg HTTP/1.1" 200 121554 "-" "Mozilla/5.0 (X11; Ubuntu; Linux x86_64; rv:107.0) Gecko/20100101 Firefox/107.0" "ysfine.com"
207.46.13.104 - - [03/Feb/2023:01:07:46 -0800] "GET /bio/style/artlove.html HTTP/1.1" 404 88 "-" "Mozilla/5.0 AppleWebKit/537.36 (KHTML, like Gecko; compatible; bingbot/2.0; +http://www.bing.com/bingbot.htm) Chrome/103.0.5060.134 Safari/537.36" "ysfine.com"
95.163.255.62 - - [03/Feb/2023:01:07:54 -0800] "GET /home/entro14.pdf HTTP/1.1" 404 88 "-" "Mozilla/5.0 (compatible; Linux x86_64; Mail.RU_Bot/2.0; +https://help.mail.ru/webmaster/indexing/robots)" "www.ysfine.com"
52.167.144.62 - - [03/Feb/2023:01:08:09 -0800] "GET /world/hungary/buda201b.jpg HTTP/1.1" 200 47431 "-" "Mozilla/5.0 AppleWebKit/537.36 (KHTML, like Gecko; compatible; bingbot/2.0; +http://www.bing.com/bingbot.htm) Chrome/103.0.5060.134 Safari/537.36" "ysfine.com"
173.252.107.4 - - [03/Feb/2023:01:08:36 -0800] "GET /people/wheeler.html HTTP/1.1" 206 3348 "-" "facebookexternalhit/1.1 (+http://www.facebook.com/externalhit_uatext.php)" "ysfine.com"
5.161.116.249 - - [03/Feb/2023:01:09:09 -0800] "GET /princeton/pseminary22.jpg HTTP/1.1" 200 121554 "-" "Mozilla/5.0 (X11; Ubuntu; Linux x86_64; rv:107.0) Gecko/20100101 Firefox/107.0" "ysfine.com"
195.206.42.56 - - [03/Feb/2023:01:10:11 -0800] "GET /world/baltic/kalinhouse.jpg HTTP/1.1" 200 128792 "https://www.google.com/" "Mozilla/5.0 (Windows NT 10.0; Win64; x64) AppleWebKit/537.36 (KHTML, like Gecko) Chrome/109.0.0.0 Safari/537.36" "ysfine.com"
5.161.88.223 - - [03/Feb/2023:01:10:13 -0800] "GET /princeton/pseminary22.jpg HTTP/1.1" 200 121554 "-" "Mozilla/5.0 (X11; Ubuntu; Linux x86_64; rv:107.0) Gecko/20100101 Firefox/107.0" "ysfine.com"
71.178.208.102 - - [03/Feb/2023:01:10:31 -0800] "GET /princeton/ysrhee33c.jpg HTTP/1.1" 200 26817 "https://ysfine.com/bio.html" "Mozilla/5.0 (Windows NT 10.0; Win64; x64; rv:109.0) Gecko/20100101 Firefox/109.0" "ysfine.com"
71.178.208.102 - - [03/Feb/2023:01:10:31 -0800] "GET /sbk/1987pr22d.jpg HTTP/1.1" 200 69031 "https://ysfine.com/bio.html" "Mozilla/5.0 (Windows NT 10.0; Win64; x64; rv:109.0) Gecko/20100101 Firefox/109.0" "ysfine.com"
71.178.208.102 - - [03/Feb/2023:01:10:31 -0800] "GET /dirac/dirbust22c.jpg HTTP/1.1" 200 36029 "https://ysfine.com/bio.html" "Mozilla/5.0 (Windows NT 10.0; Win64; x64; rv:109.0) Gecko/20100101 Firefox/109.0" "ysfine.com"
71.178.208.102 - - [03/Feb/2023:01:10:31 -0800] "GET /fotos/photo06c.jpg HTTP/1.1" 200 40796 "https://ysfine.com/bio.html" "Mozilla/5.0 (Windows NT 10.0; Win64; x64; rv:109.0) Gecko/20100101 Firefox/109.0" "ysfine.com"
71.178.208.102 - - [03/Feb/2023:01:10:31 -0800] "GET /fotos/104c.jpg HTTP/1.1" 200 35089 "https://ysfine.com/bio.html" "Mozilla/5.0 (Windows NT 10.0; Win64; x64; rv:109.0) Gecko/20100101 Firefox/109.0" "ysfine.com"
71.178.208.102 - - [03/Feb/2023:01:10:31 -0800] "GET /fotos/dirfeyn62c.jpg HTTP/1.1" 200 52150 "https://ysfine.com/bio.html" "Mozilla/5.0 (Windows NT 10.0; Win64; x64; rv:109.0) Gecko/20100101 Firefox/109.0" "ysfine.com"
71.178.208.102 - - [03/Feb/2023:01:10:31 -0800] "GET /home/facu63c.jpg HTTP/1.1" 200 41710 "https://ysfine.com/bio.html" "Mozilla/5.0 (Windows NT 10.0; Win64; x64; rv:109.0) Gecko/20100101 Firefox/109.0" "ysfine.com"
71.178.208.102 - - [03/Feb/2023:01:10:31 -0800] "GET /fotos/101c.jpg HTTP/1.1" 200 37079 "https://ysfine.com/bio.html" "Mozilla/5.0 (Windows NT 10.0; Win64; x64; rv:109.0) Gecko/20100101 Firefox/109.0" "ysfine.com"
71.178.208.102 - - [03/Feb/2023:01:10:31 -0800] "GET /fotos/photo04c.jpg HTTP/1.1" 200 39964 "https://ysfine.com/bio.html" "Mozilla/5.0 (Windows NT 10.0; Win64; x64; rv:109.0) Gecko/20100101 Firefox/109.0" "ysfine.com"
71.178.208.102 - - [03/Feb/2023:01:10:31 -0800] "GET /kobak/swr51c.jpg HTTP/1.1" 200 35677 "https://ysfine.com/bio.html" "Mozilla/5.0 (Windows NT 10.0; Win64; x64; rv:109.0) Gecko/20100101 Firefox/109.0" "ysfine.com"
71.178.208.102 - - [03/Feb/2023:01:10:31 -0800] "GET /fotos/photo12c.jpg HTTP/1.1" 200 31719 "https://ysfine.com/bio.html" "Mozilla/5.0 (Windows NT 10.0; Win64; x64; rv:109.0) Gecko/20100101 Firefox/109.0" "ysfine.com"
71.178.208.102 - - [03/Feb/2023:01:10:31 -0800] "GET /home/resonance33c.jpg HTTP/1.1" 200 36247 "https://ysfine.com/bio.html" "Mozilla/5.0 (Windows NT 10.0; Win64; x64; rv:109.0) Gecko/20100101 Firefox/109.0" "ysfine.com"
71.178.208.102 - - [03/Feb/2023:01:10:31 -0800] "GET /fotos/photo08c.jpg HTTP/1.1" 200 28474 "https://ysfine.com/bio.html" "Mozilla/5.0 (Windows NT 10.0; Win64; x64; rv:109.0) Gecko/20100101 Firefox/109.0" "ysfine.com"
71.178.208.102 - - [03/Feb/2023:01:10:31 -0800] "GET /home/fotos/photo00c.jpg HTTP/1.1" 304 - "https://ysfine.com/bio.html" "Mozilla/5.0 (Windows NT 10.0; Win64; x64; rv:109.0) Gecko/20100101 Firefox/109.0" "ysfine.com"
71.178.208.102 - - [03/Feb/2023:01:10:31 -0800] "GET /kobak/taylor11c.jpg HTTP/1.1" 200 37695 "https://ysfine.com/bio.html" "Mozilla/5.0 (Windows NT 10.0; Win64; x64; rv:109.0) Gecko/20100101 Firefox/109.0" "ysfine.com"
71.178.208.102 - - [03/Feb/2023:01:10:31 -0800] "GET /fotos/photo09c.jpg HTTP/1.1" 200 25413 "https://ysfine.com/bio.html" "Mozilla/5.0 (Windows NT 10.0; Win64; x64; rv:109.0) Gecko/20100101 Firefox/109.0" "ysfine.com"
71.178.208.102 - - [03/Feb/2023:01:10:31 -0800] "GET /wigner/tollwig11c.jpg HTTP/1.1" 200 30497 "https://ysfine.com/bio.html" "Mozilla/5.0 (Windows NT 10.0; Win64; x64; rv:109.0) Gecko/20100101 Firefox/109.0" "ysfine.com"
71.178.208.102 - - [03/Feb/2023:01:10:31 -0800] "GET /home/fotos/korjap03c.jpg HTTP/1.1" 304 - "https://ysfine.com/bio.html" "Mozilla/5.0 (Windows NT 10.0; Win64; x64; rv:109.0) Gecko/20100101 Firefox/109.0" "ysfine.com"
71.178.208.102 - - [03/Feb/2023:01:10:31 -0800] "GET /fotos/wsj450.jpg HTTP/1.1" 200 68132 "https://ysfine.com/bio.html" "Mozilla/5.0 (Windows NT 10.0; Win64; x64; rv:109.0) Gecko/20100101 Firefox/109.0" "ysfine.com"
71.178.208.102 - - [03/Feb/2023:01:10:31 -0800] "GET /home/fotos/einhaus450.jpg HTTP/1.1" 200 65369 "https://ysfine.com/bio.html" "Mozilla/5.0 (Windows NT 10.0; Win64; x64; rv:109.0) Gecko/20100101 Firefox/109.0" "ysfine.com"
71.178.208.102 - - [03/Feb/2023:01:10:31 -0800] "GET /style/bstring33c.jpg HTTP/1.1" 200 28940 "https://ysfine.com/bio.html" "Mozilla/5.0 (Windows NT 10.0; Win64; x64; rv:109.0) Gecko/20100101 Firefox/109.0" "ysfine.com"
71.178.208.102 - - [03/Feb/2023:01:10:31 -0800] "GET /yspapers/iop20c.jpg HTTP/1.1" 200 29134 "https://ysfine.com/bio.html" "Mozilla/5.0 (Windows NT 10.0; Win64; x64; rv:109.0) Gecko/20100101 Firefox/109.0" "ysfine.com"
71.178.208.102 - - [03/Feb/2023:01:10:31 -0800] "GET /home/family66f.jpg HTTP/1.1" 200 102254 "https://ysfine.com/bio.html" "Mozilla/5.0 (Windows NT 10.0; Win64; x64; rv:109.0) Gecko/20100101 Firefox/109.0" "ysfine.com"
71.178.208.102 - - [03/Feb/2023:01:10:31 -0800] "GET /home/canal55c.jpg HTTP/1.1" 200 41665 "https://ysfine.com/bio.html" "Mozilla/5.0 (Windows NT 10.0; Win64; x64; rv:109.0) Gecko/20100101 Firefox/109.0" "ysfine.com"
71.178.208.102 - - [03/Feb/2023:01:10:31 -0800] "GET /home/yskim10c.jpg HTTP/1.1" 200 88826 "https://ysfine.com/bio.html" "Mozilla/5.0 (Windows NT 10.0; Win64; x64; rv:109.0) Gecko/20100101 Firefox/109.0" "ysfine.com"
71.178.208.102 - - [03/Feb/2023:01:10:31 -0800] "GET /fotos/103c.jpg HTTP/1.1" 200 32825 "https://ysfine.com/bio.html" "Mozilla/5.0 (Windows NT 10.0; Win64; x64; rv:109.0) Gecko/20100101 Firefox/109.0" "ysfine.com"
71.178.208.102 - - [03/Feb/2023:01:10:31 -0800] "GET /home/fotos/seoul50f.jpg HTTP/1.1" 200 127542 "https://ysfine.com/bio.html" "Mozilla/5.0 (Windows NT 10.0; Win64; x64; rv:109.0) Gecko/20100101 Firefox/109.0" "ysfine.com"
71.178.208.102 - - [03/Feb/2023:01:10:31 -0800] "GET /fotos/house99d.jpg HTTP/1.1" 200 38264 "https://ysfine.com/bio.html" "Mozilla/5.0 (Windows NT 10.0; Win64; x64; rv:109.0) Gecko/20100101 Firefox/109.0" "ysfine.com"
71.178.208.102 - - [03/Feb/2023:01:10:31 -0800] "GET /fotos/marxlon02c.jpg HTTP/1.1" 200 47919 "https://ysfine.com/bio.html" "Mozilla/5.0 (Windows NT 10.0; Win64; x64; rv:109.0) Gecko/20100101 Firefox/109.0" "ysfine.com"
71.178.208.102 - - [03/Feb/2023:01:10:31 -0800] "GET /home/fotos/gongdae54f.jpg HTTP/1.1" 200 88096 "https://ysfine.com/bio.html" "Mozilla/5.0 (Windows NT 10.0; Win64; x64; rv:109.0) Gecko/20100101 Firefox/109.0" "ysfine.com"
71.178.208.102 - - [03/Feb/2023:01:10:31 -0800] "GET /princeton/yspr61c.jpg HTTP/1.1" 200 27257 "https://ysfine.com/bio.html" "Mozilla/5.0 (Windows NT 10.0; Win64; x64; rv:109.0) Gecko/20100101 Firefox/109.0" "ysfine.com"
71.178.208.102 - - [03/Feb/2023:01:10:31 -0800] "GET /fotos/photo05c.jpg HTTP/1.1" 200 39109 "https://ysfine.com/bio.html" "Mozilla/5.0 (Windows NT 10.0; Win64; x64; rv:109.0) Gecko/20100101 Firefox/109.0" "ysfine.com"
71.178.208.102 - - [03/Feb/2023:01:10:31 -0800] "GET /home/eward55f.jpg HTTP/1.1" 200 122802 "https://ysfine.com/bio.html" "Mozilla/5.0 (Windows NT 10.0; Win64; x64; rv:109.0) Gecko/20100101 Firefox/109.0" "ysfine.com"
71.178.208.102 - - [03/Feb/2023:01:10:31 -0800] "GET /home/bew22f.jpg HTTP/1.1" 200 124596 "https://ysfine.com/bio.html" "Mozilla/5.0 (Windows NT 10.0; Win64; x64; rv:109.0) Gecko/20100101 Firefox/109.0" "ysfine.com"
71.178.208.102 - - [03/Feb/2023:01:10:31 -0800] "GET /fotos/105c.jpg HTTP/1.1" 200 41825 "https://ysfine.com/bio.html" "Mozilla/5.0 (Windows NT 10.0; Win64; x64; rv:109.0) Gecko/20100101 Firefox/109.0" "ysfine.com"
71.178.208.102 - - [03/Feb/2023:01:10:31 -0800] "GET /home/comet40c.jpg HTTP/1.1" 200 41188 "https://ysfine.com/bio.html" "Mozilla/5.0 (Windows NT 10.0; Win64; x64; rv:109.0) Gecko/20100101 Firefox/109.0" "ysfine.com"
71.178.208.102 - - [03/Feb/2023:01:10:31 -0800] "GET /fotos/kids20f.jpg HTTP/1.1" 200 103189 "https://ysfine.com/bio.html" "Mozilla/5.0 (Windows NT 10.0; Win64; x64; rv:109.0) Gecko/20100101 Firefox/109.0" "ysfine.com"
71.178.208.102 - - [03/Feb/2023:01:10:31 -0800] "GET /home/top21c.jpg HTTP/1.1" 200 53120 "https://ysfine.com/bio.html" "Mozilla/5.0 (Windows NT 10.0; Win64; x64; rv:109.0) Gecko/20100101 Firefox/109.0" "ysfine.com"
71.178.208.102 - - [03/Feb/2023:01:10:31 -0800] "GET /wdc/eindc03c.jpg HTTP/1.1" 200 48446 "https://ysfine.com/bio.html" "Mozilla/5.0 (Windows NT 10.0; Win64; x64; rv:109.0) Gecko/20100101 Firefox/109.0" "ysfine.com"
71.178.208.102 - - [03/Feb/2023:01:10:31 -0800] "GET /fotos/photo03c.jpg HTTP/1.1" 304 - "https://ysfine.com/bio.html" "Mozilla/5.0 (Windows NT 10.0; Win64; x64; rv:109.0) Gecko/20100101 Firefox/109.0" "ysfine.com"
71.178.208.102 - - [03/Feb/2023:01:10:31 -0800] "GET /kobak/underw03c.jpg HTTP/1.1" 304 - "https://ysfine.com/bio.html" "Mozilla/5.0 (Windows NT 10.0; Win64; x64; rv:109.0) Gecko/20100101 Firefox/109.0" "ysfine.com"
71.178.208.102 - - [03/Feb/2023:01:10:31 -0800] "GET /home/sq600c.jpg HTTP/1.1" 200 18492 "https://ysfine.com/bio.html" "Mozilla/5.0 (Windows NT 10.0; Win64; x64; rv:109.0) Gecko/20100101 Firefox/109.0" "ysfine.com"
71.178.208.102 - - [03/Feb/2023:01:10:31 -0800] "GET /dirac/truck/truck18c.jpg HTTP/1.1" 200 32663 "https://ysfine.com/bio.html" "Mozilla/5.0 (Windows NT 10.0; Win64; x64; rv:109.0) Gecko/20100101 Firefox/109.0" "ysfine.com"
71.178.208.102 - - [03/Feb/2023:01:10:31 -0800] "GET /wdc/jeffm02c.jpg HTTP/1.1" 200 27659 "https://ysfine.com/bio.html" "Mozilla/5.0 (Windows NT 10.0; Win64; x64; rv:109.0) Gecko/20100101 Firefox/109.0" "ysfine.com"
71.178.208.102 - - [03/Feb/2023:01:10:31 -0800] "GET /home/fotos/campus06c.jpg HTTP/1.1" 200 49136 "https://ysfine.com/bio.html" "Mozilla/5.0 (Windows NT 10.0; Win64; x64; rv:109.0) Gecko/20100101 Firefox/109.0" "ysfine.com"
5.161.57.45 - - [03/Feb/2023:01:10:36 -0800] "GET /princeton/prospectg11.jpg HTTP/1.1" 200 142955 "-" "Mozilla/5.0 (X11; Ubuntu; Linux x86_64; rv:107.0) Gecko/20100101 Firefox/107.0" "ysfine.com"
5.161.57.45 - - [03/Feb/2023:01:10:36 -0800] "GET /princeton/prospectg22.jpg HTTP/1.1" 200 97787 "-" "Mozilla/5.0 (X11; Ubuntu; Linux x86_64; rv:107.0) Gecko/20100101 Firefox/107.0" "ysfine.com"
77.88.5.157 - - [03/Feb/2023:01:11:40 -0800] "GET /robots.txt HTTP/1.1" 404 73 "-" "Mozilla/5.0 (compatible; YandexBot/3.0; +http://yandex.com/bots)" "www.ysfine.com"
77.88.5.27 - - [03/Feb/2023:01:11:44 -0800] "GET /world/brit/dunf12.jpg HTTP/1.1" 200 119023 "-" "Mozilla/5.0 (compatible; YandexImages/3.0; +http://yandex.com/bots)" "www.ysfine.com"
5.161.86.38 - - [03/Feb/2023:01:13:52 -0800] "GET /princeton/pseminary22.jpg HTTP/1.1" 200 121554 "-" "Mozilla/5.0 (X11; Ubuntu; Linux x86_64; rv:107.0) Gecko/20100101 Firefox/107.0" "ysfine.com"
5.161.65.247 - - [03/Feb/2023:01:14:04 -0800] "GET /princeton/pseminary22.jpg HTTP/1.1" 200 121554 "-" "Mozilla/5.0 (X11; Ubuntu; Linux x86_64; rv:107.0) Gecko/20100101 Firefox/107.0" "ysfine.com"
52.167.144.39 - - [03/Feb/2023:01:14:18 -0800] "GET /ysbio/kobak/abstrart11.jpg HTTP/1.1" 404 88 "-" "Mozilla/5.0 AppleWebKit/537.36 (KHTML, like Gecko; compatible; bingbot/2.0; +http://www.bing.com/bingbot.htm) Chrome/103.0.5060.134 Safari/537.36" "ysfine.com"
51.222.253.15 - - [03/Feb/2023:01:14:19 -0800] "GET /wigner/neum/futcomp.html HTTP/1.1" 200 1986 "-" "Mozilla/5.0 (compatible; AhrefsBot/7.0; +http://ahrefs.com/robot/)" "www.ysfine.com"
51.222.253.7 - - [03/Feb/2023:01:14:22 -0800] "GET /wigner/neum/sevan2.jpg HTTP/1.1" 200 43716 "-" "Mozilla/5.0 (compatible; AhrefsBot/7.0; +http://ahrefs.com/robot/)" "www.ysfine.com"
51.222.253.14 - - [03/Feb/2023:01:14:22 -0800] "GET /wigner/neum/archurch.jpg HTTP/1.1" 200 99588 "-" "Mozilla/5.0 (compatible; AhrefsBot/7.0; +http://ahrefs.com/robot/)" "www.ysfine.com"
51.222.253.1 - - [03/Feb/2023:01:14:23 -0800] "GET /wigner/neum/ararat2.jpg HTTP/1.1" 200 57758 "-" "Mozilla/5.0 (compatible; AhrefsBot/7.0; +http://ahrefs.com/robot/)" "www.ysfine.com"
5.161.125.210 - - [03/Feb/2023:01:14:52 -0800] "GET /princeton/pseminary22.jpg HTTP/1.1" 200 121554 "-" "Mozilla/5.0 (X11; Ubuntu; Linux x86_64; rv:107.0) Gecko/20100101 Firefox/107.0" "ysfine.com"
207.46.13.104 - - [03/Feb/2023:01:15:15 -0800] "GET /kobak/sonja11.jpg HTTP/1.1" 200 46801 "-" "Mozilla/5.0 AppleWebKit/537.36 (KHTML, like Gecko; compatible; bingbot/2.0; +http://www.bing.com/bingbot.htm) Chrome/103.0.5060.134 Safari/537.36" "www.ysfine.com"
40.77.167.192 - - [03/Feb/2023:01:15:44 -0800] "GET /wigner/first.jpg HTTP/1.1" 200 47549 "-" "Mozilla/5.0 AppleWebKit/537.36 (KHTML, like Gecko; compatible; bingbot/2.0; +http://www.bing.com/bingbot.htm) Chrome/103.0.5060.134 Safari/537.36" "ysfine.com"
5.161.125.210 - - [03/Feb/2023:01:15:53 -0800] "GET /princeton/pseminary22.jpg HTTP/1.1" 200 121554 "-" "Mozilla/5.0 (X11; Ubuntu; Linux x86_64; rv:107.0) Gecko/20100101 Firefox/107.0" "ysfine.com"
216.244.66.229 - - [03/Feb/2023:01:16:07 -0800] "GET /ffriends/moso800.jpg HTTP/1.1" 200 27049 "-" "Mozilla/5.0 (compatible; DotBot/1.2; +https://opensiteexplorer.org/dotbot; help@moz.com)" "www.ysfine.com"
5.161.92.70 - - [03/Feb/2023:01:16:19 -0800] "GET /world/germany/hegel16.jpg HTTP/1.1" 200 66494 "-" "Mozilla/5.0 (X11; Ubuntu; Linux x86_64; rv:107.0) Gecko/20100101 Firefox/107.0" "ysfine.com"
5.161.50.128 - - [03/Feb/2023:01:17:11 -0800] "GET /world/germany/hegel16.jpg HTTP/1.1" 200 66494 "-" "Mozilla/5.0 (X11; Ubuntu; Linux x86_64; rv:107.0) Gecko/20100101 Firefox/107.0" "ysfine.com"
5.161.50.128 - - [03/Feb/2023:01:18:28 -0800] "GET /princeton/pseminary22.jpg HTTP/1.1" 200 121554 "-" "Mozilla/5.0 (X11; Ubuntu; Linux x86_64; rv:107.0) Gecko/20100101 Firefox/107.0" "ysfine.com"
65.108.241.130 - - [03/Feb/2023:01:18:34 -0800] "GET /princeton/prospectg11.jpg HTTP/1.1" 200 142955 "-" "Mozilla/5.0 (X11; Fedora; Linux x86_64) AppleWebKit/537.36 (KHTML, like Gecko) Chrome/79.0.3945.117 Safari/537.36" "ysfine.com"
51.222.253.17 - - [03/Feb/2023:01:19:27 -0800] "GET /folks/goldha.html HTTP/1.1" 200 1796 "-" "Mozilla/5.0 (compatible; AhrefsBot/7.0; +http://ahrefs.com/robot/)" "www.ysfine.com"
5.161.79.76 - - [03/Feb/2023:01:19:37 -0800] "GET /princeton/pseminary22.jpg HTTP/1.1" 200 121554 "-" "Mozilla/5.0 (X11; Ubuntu; Linux x86_64; rv:107.0) Gecko/20100101 Firefox/107.0" "ysfine.com"
5.161.91.121 - - [03/Feb/2023:01:19:45 -0800] "GET /world/germany/hegel16.jpg HTTP/1.1" 200 66494 "-" "Mozilla/5.0 (X11; Ubuntu; Linux x86_64; rv:107.0) Gecko/20100101 Firefox/107.0" "ysfine.com"
65.108.241.130 - - [03/Feb/2023:01:20:31 -0800] "GET /princeton/prospectg22.jpg HTTP/1.1" 200 97787 "-" "Mozilla/5.0 (X11; Fedora; Linux x86_64) AppleWebKit/537.36 (KHTML, like Gecko) Chrome/79.0.3945.117 Safari/537.36" "ysfine.com"
20.118.175.32 - - [03/Feb/2023:01:20:37 -0800] "GET /wp-includes/ID3/license.txt HTTP/1.1" 404 73 "-" "Mozilla/5.0 (Windows NT 10.0; Win64; x64) AppleWebKit/537.36 (KHTML, like Gecko) Chrome/95.0.4638.69 Safari/537.36" "ysfine.com"
20.118.175.32 - - [03/Feb/2023:01:20:37 -0800] "GET /xmlrpc.php?rsd HTTP/1.1" 404 73 "-" "Mozilla/5.0 (Windows NT 10.0; Win64; x64) AppleWebKit/537.36 (KHTML, like Gecko) Chrome/95.0.4638.69 Safari/537.36" "ysfine.com"
20.118.175.32 - - [03/Feb/2023:01:20:37 -0800] "GET /blog/wp-includes/wlwmanifest.xml HTTP/1.1" 404 73 "-" "Mozilla/5.0 (Windows NT 10.0; Win64; x64) AppleWebKit/537.36 (KHTML, like Gecko) Chrome/95.0.4638.69 Safari/537.36" "ysfine.com"
20.118.175.32 - - [03/Feb/2023:01:20:37 -0800] "GET /web/wp-includes/wlwmanifest.xml HTTP/1.1" 404 73 "-" "Mozilla/5.0 (Windows NT 10.0; Win64; x64) AppleWebKit/537.36 (KHTML, like Gecko) Chrome/95.0.4638.69 Safari/537.36" "ysfine.com"
20.118.175.32 - - [03/Feb/2023:01:20:38 -0800] "GET /wordpress/wp-includes/wlwmanifest.xml HTTP/1.1" 404 73 "-" "Mozilla/5.0 (Windows NT 10.0; Win64; x64) AppleWebKit/537.36 (KHTML, like Gecko) Chrome/95.0.4638.69 Safari/537.36" "ysfine.com"
20.118.175.32 - - [03/Feb/2023:01:20:38 -0800] "GET /wp/wp-includes/wlwmanifest.xml HTTP/1.1" 404 73 "-" "Mozilla/5.0 (Windows NT 10.0; Win64; x64) AppleWebKit/537.36 (KHTML, like Gecko) Chrome/95.0.4638.69 Safari/537.36" "ysfine.com"
20.118.175.32 - - [03/Feb/2023:01:20:38 -0800] "GET /2020/wp-includes/wlwmanifest.xml HTTP/1.1" 404 73 "-" "Mozilla/5.0 (Windows NT 10.0; Win64; x64) AppleWebKit/537.36 (KHTML, like Gecko) Chrome/95.0.4638.69 Safari/537.36" "ysfine.com"
20.118.175.32 - - [03/Feb/2023:01:20:39 -0800] "GET /2019/wp-includes/wlwmanifest.xml HTTP/1.1" 404 73 "-" "Mozilla/5.0 (Windows NT 10.0; Win64; x64) AppleWebKit/537.36 (KHTML, like Gecko) Chrome/95.0.4638.69 Safari/537.36" "ysfine.com"
20.118.175.32 - - [03/Feb/2023:01:20:39 -0800] "GET /2021/wp-includes/wlwmanifest.xml HTTP/1.1" 404 73 "-" "Mozilla/5.0 (Windows NT 10.0; Win64; x64) AppleWebKit/537.36 (KHTML, like Gecko) Chrome/95.0.4638.69 Safari/537.36" "ysfine.com"
20.118.175.32 - - [03/Feb/2023:01:20:39 -0800] "GET /shop/wp-includes/wlwmanifest.xml HTTP/1.1" 404 73 "-" "Mozilla/5.0 (Windows NT 10.0; Win64; x64) AppleWebKit/537.36 (KHTML, like Gecko) Chrome/95.0.4638.69 Safari/537.36" "ysfine.com"
20.118.175.32 - - [03/Feb/2023:01:20:40 -0800] "GET /wp1/wp-includes/wlwmanifest.xml HTTP/1.1" 404 73 "-" "Mozilla/5.0 (Windows NT 10.0; Win64; x64) AppleWebKit/537.36 (KHTML, like Gecko) Chrome/95.0.4638.69 Safari/537.36" "ysfine.com"
20.118.175.32 - - [03/Feb/2023:01:20:40 -0800] "GET /test/wp-includes/wlwmanifest.xml HTTP/1.1" 404 73 "-" "Mozilla/5.0 (Windows NT 10.0; Win64; x64) AppleWebKit/537.36 (KHTML, like Gecko) Chrome/95.0.4638.69 Safari/537.36" "ysfine.com"
20.118.175.32 - - [03/Feb/2023:01:20:40 -0800] "GET /site/wp-includes/wlwmanifest.xml HTTP/1.1" 404 73 "-" "Mozilla/5.0 (Windows NT 10.0; Win64; x64) AppleWebKit/537.36 (KHTML, like Gecko) Chrome/95.0.4638.69 Safari/537.36" "ysfine.com"
20.118.175.32 - - [03/Feb/2023:01:20:41 -0800] "GET /cms/wp-includes/wlwmanifest.xml HTTP/1.1" 404 73 "-" "Mozilla/5.0 (Windows NT 10.0; Win64; x64) AppleWebKit/537.36 (KHTML, like Gecko) Chrome/95.0.4638.69 Safari/537.36" "ysfine.com"
5.161.73.130 - - [03/Feb/2023:01:21:57 -0800] "GET /princeton/pseminary22.jpg HTTP/1.1" 200 121554 "-" "Mozilla/5.0 (X11; Ubuntu; Linux x86_64; rv:107.0) Gecko/20100101 Firefox/107.0" "ysfine.com"
207.46.13.104 - - [03/Feb/2023:01:22:16 -0800] "GET /home/fig22/busan22d.jpg HTTP/1.1" 200 35419 "-" "Mozilla/5.0 AppleWebKit/537.36 (KHTML, like Gecko; compatible; bingbot/2.0; +http://www.bing.com/bingbot.htm) Chrome/103.0.5060.134 Safari/537.36" "ysfine.com"
72.14.201.63 - - [03/Feb/2023:01:23:03 -0800] "GET /dirac/wigsis.html HTTP/1.1" 200 10275 "-" "Mozilla/5.0 (Linux; Android 10; K) AppleWebKit/537.36 (KHTML, like Gecko) Chrome/109.0.0.0 Mobile Safari/537.36" "ysfine.com"
47.246.164.134 - - [03/Feb/2023:01:23:21 -0800] "GET /maga/invent/wright01.jpg HTTP/1.1" 200 176029 "-" "Mozilla/5.0 (X11; Ubuntu; Linux x86_64; rv:72.0) Gecko/20100101 Firefox/72.0" "ysfine.com"
51.222.253.10 - - [03/Feb/2023:01:24:52 -0800] "GET /einstein/dual.html HTTP/1.1" 200 950 "-" "Mozilla/5.0 (compatible; AhrefsBot/7.0; +http://ahrefs.com/robot/)" "ysfine.com"
51.222.253.7 - - [03/Feb/2023:01:24:56 -0800] "GET /einstein/dff22c.jpg HTTP/1.1" 200 18745 "-" "Mozilla/5.0 (compatible; AhrefsBot/7.0; +http://ahrefs.com/robot/)" "ysfine.com"
5.161.86.38 - - [03/Feb/2023:01:24:56 -0800] "GET /princeton/pseminary22.jpg HTTP/1.1" 200 121554 "-" "Mozilla/5.0 (X11; Ubuntu; Linux x86_64; rv:107.0) Gecko/20100101 Firefox/107.0" "ysfine.com"
51.222.253.1 - - [03/Feb/2023:01:24:56 -0800] "GET /einstein/dff33c.jpg HTTP/1.1" 200 23679 "-" "Mozilla/5.0 (compatible; AhrefsBot/7.0; +http://ahrefs.com/robot/)" "ysfine.com"
51.222.253.5 - - [03/Feb/2023:01:24:57 -0800] "GET /einstein/dff55c.jpg HTTP/1.1" 200 18485 "-" "Mozilla/5.0 (compatible; AhrefsBot/7.0; +http://ahrefs.com/robot/)" "ysfine.com"
52.167.144.62 - - [03/Feb/2023:01:25:11 -0800] "GET /world/baltic/kalin37.jpg HTTP/1.1" 200 85104 "-" "Mozilla/5.0 AppleWebKit/537.36 (KHTML, like Gecko; compatible; bingbot/2.0; +http://www.bing.com/bingbot.htm) Chrome/103.0.5060.134 Safari/537.36" "ysfine.com"
188.34.176.252 - - [03/Feb/2023:01:25:14 -0800] "GET /world/germany/hegel16.jpg HTTP/1.1" 200 66494 "-" "Mozilla/5.0 (X11; Fedora; Linux x86_64) AppleWebKit/537.36 (KHTML, like Gecko) Chrome/79.0.3945.117 Safari/537.36" "ysfine.com"
216.244.66.229 - - [03/Feb/2023:01:26:25 -0800] "GET /ffriends/aline/uae02.jpg HTTP/1.1" 200 97883 "-" "Mozilla/5.0 (compatible; DotBot/1.2; +https://opensiteexplorer.org/dotbot; help@moz.com)" "www.ysfine.com"
216.244.66.229 - - [03/Feb/2023:01:26:26 -0800] "GET /ffriends/aline/usair11.jpg HTTP/1.1" 200 114237 "-" "Mozilla/5.0 (compatible; DotBot/1.2; +https://opensiteexplorer.org/dotbot; help@moz.com)" "www.ysfine.com"
109.99.62.154 - - [03/Feb/2023:01:26:32 -0800] "GET /world/ital/venice18.jpg HTTP/1.1" 200 144815 "https://www.google.com/" "Mozilla/5.0 (Windows NT 10.0; Win64; x64) AppleWebKit/537.36 (KHTML, like Gecko) Chrome/109.0.0.0 Safari/537.36" "ysfine.com"
71.178.208.102 - - [03/Feb/2023:01:28:01 -0800] "GET /ys11 HTTP/1.1" 301 1406 "-" "Mozilla/5.0 (Windows NT 10.0; Win64; x64) AppleWebKit/537.36 (KHTML, like Gecko) Chrome/109.0.0.0 Safari/537.36 Edg/109.0.1518.70" "ysfine.com"
207.46.13.104 - - [03/Feb/2023:01:28:21 -0800] "GET /bio/kobak/yskor.html HTTP/1.1" 404 88 "-" "Mozilla/5.0 AppleWebKit/537.36 (KHTML, like Gecko; compatible; bingbot/2.0; +http://www.bing.com/bingbot.htm) Chrome/103.0.5060.134 Safari/537.36" "ysfine.com"
77.88.5.46 - - [03/Feb/2023:01:28:53 -0800] "GET /maga/schroedinger.html HTTP/1.1" 200 6325 "-" "Mozilla/5.0 (compatible; YandexBot/3.0; +http://yandex.com/bots) AppleWebKit/537.36 (KHTML, like Gecko) Chrome/81.0.4044.268" "www.ysfine.com"
93.158.161.56 - - [03/Feb/2023:01:28:56 -0800] "GET /newyork/vuiton55.jpg HTTP/1.1" 200 196609 "-" "Mozilla/5.0 (compatible; YandexImages/3.0; +http://yandex.com/bots)" "www.ysfine.com"
40.77.167.192 - - [03/Feb/2023:01:28:57 -0800] "GET /style/musee/vatim01b.jpg HTTP/1.1" 200 49800 "-" "Mozilla/5.0 AppleWebKit/537.36 (KHTML, like Gecko; compatible; bingbot/2.0; +http://www.bing.com/bingbot.htm) Chrome/103.0.5060.134 Safari/537.36" "ysfine.com"
51.222.253.18 - - [03/Feb/2023:01:29:32 -0800] "GET /style/britmu.html HTTP/1.1" 200 5093 "-" "Mozilla/5.0 (compatible; AhrefsBot/7.0; +http://ahrefs.com/robot/)" "ysfine.com"
51.222.253.8 - - [03/Feb/2023:01:29:33 -0800] "GET /style/musee/britmu11b.jpg HTTP/1.1" 200 38347 "-" "Mozilla/5.0 (compatible; AhrefsBot/7.0; +http://ahrefs.com/robot/)" "ysfine.com"
51.222.253.4 - - [03/Feb/2023:01:29:34 -0800] "GET /world/ital/panth01b.jpg HTTP/1.1" 200 46623 "-" "Mozilla/5.0 (compatible; AhrefsBot/7.0; +http://ahrefs.com/robot/)" "ysfine.com"
51.222.253.19 - - [03/Feb/2023:01:29:34 -0800] "GET /world/ital/rome044b.jpg HTTP/1.1" 200 31957 "-" "Mozilla/5.0 (compatible; AhrefsBot/7.0; +http://ahrefs.com/robot/)" "ysfine.com"
51.222.253.15 - - [03/Feb/2023:01:29:35 -0800] "GET /wdc/jeffm02b.jpg HTTP/1.1" 200 32468 "-" "Mozilla/5.0 (compatible; AhrefsBot/7.0; +http://ahrefs.com/robot/)" "ysfine.com"
51.222.253.12 - - [03/Feb/2023:01:29:35 -0800] "GET /style/musee/britmu09b.jpg HTTP/1.1" 200 45628 "-" "Mozilla/5.0 (compatible; AhrefsBot/7.0; +http://ahrefs.com/robot/)" "ysfine.com"
51.222.253.12 - - [03/Feb/2023:01:29:35 -0800] "GET /style/musee/britmu18b.jpg HTTP/1.1" 200 56514 "-" "Mozilla/5.0 (compatible; AhrefsBot/7.0; +http://ahrefs.com/robot/)" "ysfine.com"
51.222.253.13 - - [03/Feb/2023:01:29:36 -0800] "GET /style/musee/britmu03b.jpg HTTP/1.1" 200 44431 "-" "Mozilla/5.0 (compatible; AhrefsBot/7.0; +http://ahrefs.com/robot/)" "ysfine.com"
51.222.253.7 - - [03/Feb/2023:01:29:36 -0800] "GET /world/ital/panth12b.jpg HTTP/1.1" 200 35975 "-" "Mozilla/5.0 (compatible; AhrefsBot/7.0; +http://ahrefs.com/robot/)" "ysfine.com"
51.222.253.15 - - [03/Feb/2023:01:29:37 -0800] "GET /style/musee/britmu05b.jpg HTTP/1.1" 200 44208 "-" "Mozilla/5.0 (compatible; AhrefsBot/7.0; +http://ahrefs.com/robot/)" "ysfine.com"
51.222.253.14 - - [03/Feb/2023:01:29:37 -0800] "GET /style/musee/britmu21b.jpg HTTP/1.1" 200 30318 "-" "Mozilla/5.0 (compatible; AhrefsBot/7.0; +http://ahrefs.com/robot/)" "ysfine.com"
51.222.253.17 - - [03/Feb/2023:01:29:38 -0800] "GET /world/ital/rome046b.jpg HTTP/1.1" 200 38586 "-" "Mozilla/5.0 (compatible; AhrefsBot/7.0; +http://ahrefs.com/robot/)" "ysfine.com"
77.88.5.89 - - [03/Feb/2023:01:30:15 -0800] "GET /world/germany/hegel05.jpg HTTP/1.1" 304 - "-" "Mozilla/5.0 (compatible; YandexImages/3.0; +http://yandex.com/bots)" "www.ysfine.com"
95.163.255.91 - - [03/Feb/2023:01:30:30 -0800] "GET /robots.txt HTTP/1.1" 404 73 "-" "Mozilla/5.0 (compatible; Linux x86_64; Mail.RU_Bot/Img/2.0; +https://help.mail.ru/webmaster/indexing/robots)" "www.ysfine.com"
106.51.0.118 - - [03/Feb/2023:01:30:59 -0800] "GET /maga/histo/oscar33.jpg HTTP/1.1" 200 140181 "https://www.google.com/" "Mozilla/5.0 (Windows NT 10.0; Win64; x64) AppleWebKit/537.36 (KHTML, like Gecko) Chrome/109.0.0.0 Safari/537.36" "ysfine.com"
71.178.208.102 - - [03/Feb/2023:01:31:43 -0800] "GET /ys11/ HTTP/1.1" 200 3494 "-" "Mozilla/5.0 (Windows NT 10.0; Win64; x64; rv:109.0) Gecko/20100101 Firefox/109.0" "ysfine.com"
71.178.208.102 - - [03/Feb/2023:01:31:43 -0800] "GET /favicon.ico HTTP/1.1" 404 88 "https://ysfine.com/ys11/" "Mozilla/5.0 (Windows NT 10.0; Win64; x64; rv:109.0) Gecko/20100101 Firefox/109.0" "ysfine.com"
51.222.253.3 - - [03/Feb/2023:01:32:19 -0800] "GET /kowar/war50.html HTTP/1.1" 200 11795 "-" "Mozilla/5.0 (compatible; AhrefsBot/7.0; +http://ahrefs.com/robot/)" "www.ysfine.com"
51.222.253.16 - - [03/Feb/2023:01:32:22 -0800] "GET /kowar/tanks/tank05c.jpg HTTP/1.1" 200 33583 "-" "Mozilla/5.0 (compatible; AhrefsBot/7.0; +http://ahrefs.com/robot/)" "www.ysfine.com"
51.222.253.19 - - [03/Feb/2023:01:32:23 -0800] "GET /kowar/paiksy05c.jpg HTTP/1.1" 200 60462 "-" "Mozilla/5.0 (compatible; AhrefsBot/7.0; +http://ahrefs.com/robot/)" "www.ysfine.com"
51.222.253.18 - - [03/Feb/2023:01:32:24 -0800] "GET /kowar/tilelli01c.jpg HTTP/1.1" 200 34897 "-" "Mozilla/5.0 (compatible; AhrefsBot/7.0; +http://ahrefs.com/robot/)" "www.ysfine.com"
51.222.253.9 - - [03/Feb/2023:01:32:25 -0800] "GET /kowar/tanks/caval01c.jpg HTTP/1.1" 200 40632 "-" "Mozilla/5.0 (compatible; AhrefsBot/7.0; +http://ahrefs.com/robot/)" "www.ysfine.com"
51.222.253.14 - - [03/Feb/2023:01:32:36 -0800] "GET /kowar/shinsm11c.jpg HTTP/1.1" 200 43567 "-" "Mozilla/5.0 (compatible; AhrefsBot/7.0; +http://ahrefs.com/robot/)" "www.ysfine.com"
51.222.253.6 - - [03/Feb/2023:01:32:37 -0800] "GET /kowar/choiyk11c.jpg HTTP/1.1" 200 32210 "-" "Mozilla/5.0 (compatible; AhrefsBot/7.0; +http://ahrefs.com/robot/)" "www.ysfine.com"
51.222.253.20 - - [03/Feb/2023:01:32:38 -0800] "GET /kowar/gi002c.jpg HTTP/1.1" 200 40441 "-" "Mozilla/5.0 (compatible; AhrefsBot/7.0; +http://ahrefs.com/robot/)" "www.ysfine.com"
51.222.253.14 - - [03/Feb/2023:01:32:39 -0800] "GET /kowar/garand02c.jpg HTTP/1.1" 200 19263 "-" "Mozilla/5.0 (compatible; AhrefsBot/7.0; +http://ahrefs.com/robot/)" "www.ysfine.com"
51.222.253.18 - - [03/Feb/2023:01:32:40 -0800] "GET /kowar/tanks/tank03c.jpg HTTP/1.1" 200 48323 "-" "Mozilla/5.0 (compatible; AhrefsBot/7.0; +http://ahrefs.com/robot/)" "www.ysfine.com"
51.222.253.17 - - [03/Feb/2023:01:32:41 -0800] "GET /kobak/taylor11c.jpg HTTP/1.1" 200 37695 "-" "Mozilla/5.0 (compatible; AhrefsBot/7.0; +http://ahrefs.com/robot/)" "www.ysfine.com"
51.222.253.11 - - [03/Feb/2023:01:32:41 -0800] "GET /kowar/pyang01c.jpg HTTP/1.1" 200 54646 "-" "Mozilla/5.0 (compatible; AhrefsBot/7.0; +http://ahrefs.com/robot/)" "www.ysfine.com"
51.222.253.14 - - [03/Feb/2023:01:32:42 -0800] "GET /kowar/changdoy01c.jpg HTTP/1.1" 200 36057 "-" "Mozilla/5.0 (compatible; AhrefsBot/7.0; +http://ahrefs.com/robot/)" "www.ysfine.com"
51.222.253.9 - - [03/Feb/2023:01:32:42 -0800] "GET /kowar/mac05a.jpg HTTP/1.1" 200 68210 "-" "Mozilla/5.0 (compatible; AhrefsBot/7.0; +http://ahrefs.com/robot/)" "www.ysfine.com"
51.222.253.6 - - [03/Feb/2023:01:32:43 -0800] "GET /kowar/paiksy02c.jpg HTTP/1.1" 200 54750 "-" "Mozilla/5.0 (compatible; AhrefsBot/7.0; +http://ahrefs.com/robot/)" "www.ysfine.com"
51.222.253.15 - - [03/Feb/2023:01:32:43 -0800] "GET /kowar/mosin01c.jpg HTTP/1.1" 200 17717 "-" "Mozilla/5.0 (compatible; AhrefsBot/7.0; +http://ahrefs.com/robot/)" "www.ysfine.com"
51.222.253.6 - - [03/Feb/2023:01:32:44 -0800] "GET /kowar/feb8c.jpg HTTP/1.1" 200 30413 "-" "Mozilla/5.0 (compatible; AhrefsBot/7.0; +http://ahrefs.com/robot/)" "www.ysfine.com"
51.222.253.19 - - [03/Feb/2023:01:32:44 -0800] "GET /kowar/77reg03c.jpg HTTP/1.1" 200 27891 "-" "Mozilla/5.0 (compatible; AhrefsBot/7.0; +http://ahrefs.com/robot/)" "www.ysfine.com"
51.222.253.7 - - [03/Feb/2023:01:32:44 -0800] "GET /kowar/gi001c.jpg HTTP/1.1" 200 29463 "-" "Mozilla/5.0 (compatible; AhrefsBot/7.0; +http://ahrefs.com/robot/)" "www.ysfine.com"
5.161.127.64 - - [03/Feb/2023:01:32:50 -0800] "GET /princeton/pseminary22.jpg HTTP/1.1" 200 121554 "-" "Mozilla/5.0 (X11; Ubuntu; Linux x86_64; rv:107.0) Gecko/20100101 Firefox/107.0" "ysfine.com"
71.178.208.102 - - [03/Feb/2023:01:32:58 -0800] "GET /ys11/index.html HTTP/1.1" 200 3494 "-" "Mozilla/5.0 (Windows NT 10.0; Win64; x64) AppleWebKit/537.36 (KHTML, like Gecko) Chrome/109.0.0.0 Safari/537.36 Edg/109.0.1518.70" "www.ysfine.com"
52.167.144.62 - - [03/Feb/2023:01:33:05 -0800] "GET /bio/style/proschanie.html HTTP/1.1" 404 88 "-" "Mozilla/5.0 AppleWebKit/537.36 (KHTML, like Gecko; compatible; bingbot/2.0; +http://www.bing.com/bingbot.htm) Chrome/103.0.5060.134 Safari/537.36" "ysfine.com"
31.55.245.49 - - [03/Feb/2023:01:33:17 -0800] "GET /wdc/waterg33.jpg HTTP/1.1" 200 89374 "https://www.bing.com/" "Mozilla/5.0 (Windows NT 10.0; Win64; x64) AppleWebKit/537.36 (KHTML, like Gecko) Chrome/109.0.0.0 Safari/537.36 Edg/109.0.1518.70" "www.ysfine.com"
95.163.255.70 - - [03/Feb/2023:01:33:28 -0800] "GET /wdc/kobell14b.jpg HTTP/1.1" 200 50054 "http://go.mail.ru/search_images" "Mozilla/5.0 (compatible; Linux x86_64; Mail.RU_Bot/Img/2.0; +https://help.mail.ru/webmaster/indexing/robots)" "www.ysfine.com"
164.163.193.234 - - [03/Feb/2023:01:34:24 -0800] "GET /wigner/neum/vnc01.jpg HTTP/1.1" 200 133641 "https://sites.google.com/" "Mozilla/5.0 (Linux; Android 9; Redmi 6) AppleWebKit/537.36 (KHTML, like Gecko) Chrome/109.0.0.0 Mobile Safari/537.36" "ysfine.com"
207.46.13.104 - - [03/Feb/2023:01:34:28 -0800] "GET /world/scandi/sto036.jpg HTTP/1.1" 200 93392 "-" "Mozilla/5.0 AppleWebKit/537.36 (KHTML, like Gecko; compatible; bingbot/2.0; +http://www.bing.com/bingbot.htm) Chrome/103.0.5060.134 Safari/537.36" "ysfine.com"
52.167.144.86 - - [03/Feb/2023:01:34:33 -0800] "GET /bio/princeton/campus.html HTTP/1.1" 404 88 "-" "Mozilla/5.0 AppleWebKit/537.36 (KHTML, like Gecko; compatible; bingbot/2.0; +http://www.bing.com/bingbot.htm) Chrome/103.0.5060.134 Safari/537.36" "ysfine.com"
207.46.13.104 - - [03/Feb/2023:01:34:50 -0800] "GET /world/germany/berlin008.jpg HTTP/1.1" 200 80991 "-" "Mozilla/5.0 AppleWebKit/537.36 (KHTML, like Gecko; compatible; bingbot/2.0; +http://www.bing.com/bingbot.htm) Chrome/103.0.5060.134 Safari/537.36" "www.ysfine.com"
5.161.86.38 - - [03/Feb/2023:01:35:17 -0800] "GET /princeton/pseminary22.jpg HTTP/1.1" 200 121554 "-" "Mozilla/5.0 (X11; Ubuntu; Linux x86_64; rv:107.0) Gecko/20100101 Firefox/107.0" "ysfine.com"
167.235.19.117 - - [03/Feb/2023:01:36:16 -0800] "GET /princeton/pseminary22.jpg HTTP/1.1" 200 121554 "-" "Mozilla/5.0 (X11; Fedora; Linux x86_64) AppleWebKit/537.36 (KHTML, like Gecko) Chrome/79.0.3945.117 Safari/537.36" "ysfine.com"
207.46.13.104 - - [03/Feb/2023:01:36:58 -0800] "GET /fotos/stud72.jpg HTTP/1.1" 200 210162 "-" "Mozilla/5.0 AppleWebKit/537.36 (KHTML, like Gecko; compatible; bingbot/2.0; +http://www.bing.com/bingbot.htm) Chrome/103.0.5060.134 Safari/537.36" "www.ysfine.com"
52.167.144.39 - - [03/Feb/2023:01:38:41 -0800] "GET /einstein/fantova/fanto22.jpg HTTP/1.1" 200 7585 "-" "Mozilla/5.0 AppleWebKit/537.36 (KHTML, like Gecko; compatible; bingbot/2.0; +http://www.bing.com/bingbot.htm) Chrome/103.0.5060.134 Safari/537.36" "ysfine.com"
207.46.13.64 - - [03/Feb/2023:01:39:06 -0800] "GET /world/florence.html HTTP/1.1" 304 - "-" "Mozilla/5.0 AppleWebKit/537.36 (KHTML, like Gecko; compatible; bingbot/2.0; +http://www.bing.com/bingbot.htm) Chrome/103.0.5060.134 Safari/537.36" "www.ysfine.com"
52.167.144.39 - - [03/Feb/2023:01:39:21 -0800] "GET /newyork/trump63.jpg HTTP/1.1" 200 90635 "-" "Mozilla/5.0 AppleWebKit/537.36 (KHTML, like Gecko; compatible; bingbot/2.0; +http://www.bing.com/bingbot.htm) Chrome/103.0.5060.134 Safari/537.36" "ysfine.com"
51.222.253.18 - - [03/Feb/2023:01:40:30 -0800] "GET /world/brit/etonharrow.html HTTP/1.1" 200 4544 "-" "Mozilla/5.0 (compatible; AhrefsBot/7.0; +http://ahrefs.com/robot/)" "ysfine.com"
51.222.253.11 - - [03/Feb/2023:01:40:32 -0800] "GET /world/brit/nehru11b.jpg HTTP/1.1" 200 43052 "-" "Mozilla/5.0 (compatible; AhrefsBot/7.0; +http://ahrefs.com/robot/)" "ysfine.com"
51.222.253.13 - - [03/Feb/2023:01:40:44 -0800] "GET /world/brit/harrow12b.jpg HTTP/1.1" 200 45104 "-" "Mozilla/5.0 (compatible; AhrefsBot/7.0; +http://ahrefs.com/robot/)" "ysfine.com"
51.222.253.18 - - [03/Feb/2023:01:40:45 -0800] "GET /world/brit/eton03b.jpg HTTP/1.1" 200 45141 "-" "Mozilla/5.0 (compatible; AhrefsBot/7.0; +http://ahrefs.com/robot/)" "ysfine.com"
51.222.253.4 - - [03/Feb/2023:01:40:47 -0800] "GET /world/brit/winston01b.jpg HTTP/1.1" 200 38436 "-" "Mozilla/5.0 (compatible; AhrefsBot/7.0; +http://ahrefs.com/robot/)" "ysfine.com"
51.222.253.16 - - [03/Feb/2023:01:40:48 -0800] "GET /world/brit/eton01b.jpg HTTP/1.1" 200 47771 "-" "Mozilla/5.0 (compatible; AhrefsBot/7.0; +http://ahrefs.com/robot/)" "ysfine.com"
51.222.253.7 - - [03/Feb/2023:01:40:49 -0800] "GET /world/brit/harrow11b.jpg HTTP/1.1" 200 42533 "-" "Mozilla/5.0 (compatible; AhrefsBot/7.0; +http://ahrefs.com/robot/)" "ysfine.com"
51.222.253.14 - - [03/Feb/2023:01:40:49 -0800] "GET /world/brit/windsor02b.jpg HTTP/1.1" 200 40724 "-" "Mozilla/5.0 (compatible; AhrefsBot/7.0; +http://ahrefs.com/robot/)" "ysfine.com"
