95.87.154.11 - - [03/Feb/2023:06:03:50 -0800] "GET /maga/maxedin.html HTTP/1.1" 200 19219 "-" "Mozilla/5.0 (compatible; MaCoCu; +https://www.clarin.si/info/macocu-massive-collection-and-curation-of-monolingual-and-bilingual-data/)" "ysfine.com"
95.87.154.11 - - [03/Feb/2023:06:04:31 -0800] "GET /kobak/rheetr.html HTTP/1.1" 200 1510 "-" "Mozilla/5.0 (compatible; MaCoCu; +https://www.clarin.si/info/macocu-massive-collection-and-curation-of-monolingual-and-bilingual-data/)" "ysfine.com"
95.87.154.11 - - [03/Feb/2023:06:04:40 -0800] "GET /feynman/feyprince.html HTTP/1.1" 200 665 "-" "Mozilla/5.0 (compatible; MaCoCu; +https://www.clarin.si/info/macocu-massive-collection-and-curation-of-monolingual-and-bilingual-data/)" "ysfine.com"
95.87.154.11 - - [03/Feb/2023:06:04:54 -0800] "GET /dirac/dirkim.html HTTP/1.1" 200 8677 "-" "Mozilla/5.0 (compatible; MaCoCu; +https://www.clarin.si/info/macocu-massive-collection-and-curation-of-monolingual-and-bilingual-data/)" "ysfine.com"
95.87.154.11 - - [03/Feb/2023:06:05:14 -0800] "GET /newyork/index.html HTTP/1.1" 200 181 "-" "Mozilla/5.0 (compatible; MaCoCu; +https://www.clarin.si/info/macocu-massive-collection-and-curation-of-monolingual-and-bilingual-data/)" "ysfine.com"
95.87.154.11 - - [03/Feb/2023:06:05:31 -0800] "GET /princeton/prosprade.html HTTP/1.1" 200 629 "-" "Mozilla/5.0 (compatible; MaCoCu; +https://www.clarin.si/info/macocu-massive-collection-and-curation-of-monolingual-and-bilingual-data/)" "ysfine.com"
95.87.154.11 - - [03/Feb/2023:06:05:54 -0800] "GET /dirac/diracsq.html HTTP/1.1" 200 11801 "-" "Mozilla/5.0 (compatible; MaCoCu; +https://www.clarin.si/info/macocu-massive-collection-and-curation-of-monolingual-and-bilingual-data/)" "ysfine.com"
95.87.154.11 - - [03/Feb/2023:06:06:13 -0800] "GET /feynman/yuval.html HTTP/1.1" 200 20616 "-" "Mozilla/5.0 (compatible; MaCoCu; +https://www.clarin.si/info/macocu-massive-collection-and-curation-of-monolingual-and-bilingual-data/)" "ysfine.com"
95.87.154.11 - - [03/Feb/2023:06:06:34 -0800] "GET /maga/bohr.html HTTP/1.1" 200 13704 "-" "Mozilla/5.0 (compatible; MaCoCu; +https://www.clarin.si/info/macocu-massive-collection-and-curation-of-monolingual-and-bilingual-data/)" "ysfine.com"
51.222.253.18 - - [03/Feb/2023:06:06:48 -0800] "GET /maga/edison.html HTTP/1.1" 200 4787 "-" "Mozilla/5.0 (compatible; AhrefsBot/7.0; +http://ahrefs.com/robot/)" "ysfine.com"
51.222.253.4 - - [03/Feb/2023:06:06:52 -0800] "GET /kobak/underw3b.jpg HTTP/1.1" 200 37749 "-" "Mozilla/5.0 (compatible; AhrefsBot/7.0; +http://ahrefs.com/robot/)" "ysfine.com"
51.222.253.15 - - [03/Feb/2023:06:06:52 -0800] "GET /maga/invent/edison11b.jpg HTTP/1.1" 200 63993 "-" "Mozilla/5.0 (compatible; AhrefsBot/7.0; +http://ahrefs.com/robot/)" "ysfine.com"
95.87.154.11 - - [03/Feb/2023:06:06:53 -0800] "GET /wigner/gcontr.html HTTP/1.1" 404 73 "-" "Mozilla/5.0 (compatible; MaCoCu; +https://www.clarin.si/info/macocu-massive-collection-and-curation-of-monolingual-and-bilingual-data/)" "ysfine.com"
51.222.253.11 - - [03/Feb/2023:06:06:53 -0800] "GET /maga/invent/gelogo2.jpg HTTP/1.1" 200 54020 "-" "Mozilla/5.0 (compatible; AhrefsBot/7.0; +http://ahrefs.com/robot/)" "ysfine.com"
51.222.253.11 - - [03/Feb/2023:06:06:53 -0800] "GET /maga/invent/fordlogo2.jpg HTTP/1.1" 200 33827 "-" "Mozilla/5.0 (compatible; AhrefsBot/7.0; +http://ahrefs.com/robot/)" "ysfine.com"
51.222.253.12 - - [03/Feb/2023:06:06:54 -0800] "GET /maga/phil/kant00b.jpg HTTP/1.1" 200 51853 "-" "Mozilla/5.0 (compatible; AhrefsBot/7.0; +http://ahrefs.com/robot/)" "ysfine.com"
95.87.154.11 - - [03/Feb/2023:06:07:13 -0800] "GET /feynman/feyheg.html HTTP/1.1" 200 17406 "-" "Mozilla/5.0 (compatible; MaCoCu; +https://www.clarin.si/info/macocu-massive-collection-and-curation-of-monolingual-and-bilingual-data/)" "ysfine.com"
216.244.66.229 - - [03/Feb/2023:06:07:19 -0800] "GET /ffriends/amkor/leshalles33.jpg HTTP/1.1" 200 97986 "-" "Mozilla/5.0 (compatible; DotBot/1.2; +https://opensiteexplorer.org/dotbot; help@moz.com)" "www.ysfine.com"
216.244.66.229 - - [03/Feb/2023:06:07:45 -0800] "GET /home/fotos/104.jpg HTTP/1.1" 200 161762 "-" "Mozilla/5.0 (compatible; DotBot/1.2; +https://opensiteexplorer.org/dotbot; help@moz.com)" "www.ysfine.com"
95.87.154.11 - - [03/Feb/2023:06:07:54 -0800] "GET /princeton/sambapr.html HTTP/1.1" 200 879 "-" "Mozilla/5.0 (compatible; MaCoCu; +https://www.clarin.si/info/macocu-massive-collection-and-curation-of-monolingual-and-bilingual-data/)" "ysfine.com"
77.88.5.133 - - [03/Feb/2023:06:08:02 -0800] "GET /robots.txt HTTP/1.1" 404 73 "-" "Mozilla/5.0 (compatible; YandexBot/3.0; +http://yandex.com/bots)" "www.ysfine.com"
77.88.5.222 - - [03/Feb/2023:06:08:07 -0800] "GET /newyork/nyharbor15.jpg HTTP/1.1" 200 95901 "-" "Mozilla/5.0 (compatible; YandexImages/3.0; +http://yandex.com/bots)" "www.ysfine.com"
95.87.154.11 - - [03/Feb/2023:06:07:34 -0800] "GET /princeton/apga13.pdf HTTP/1.1" 200 26368062 "-" "Mozilla/5.0 (compatible; MaCoCu; +https://www.clarin.si/info/macocu-massive-collection-and-curation-of-monolingual-and-bilingual-data/)" "ysfine.com"
95.87.154.11 - - [03/Feb/2023:06:08:14 -0800] "GET /princeton/pstorie.html HTTP/1.1" 200 3798 "-" "Mozilla/5.0 (compatible; MaCoCu; +https://www.clarin.si/info/macocu-massive-collection-and-curation-of-monolingual-and-bilingual-data/)" "ysfine.com"
216.244.66.229 - - [03/Feb/2023:06:08:27 -0800] "GET /princeton/nassinf36.jpg HTTP/1.1" 200 85748 "-" "Mozilla/5.0 (compatible; DotBot/1.2; +https://opensiteexplorer.org/dotbot; help@moz.com)" "www.ysfine.com"
95.87.154.11 - - [03/Feb/2023:06:08:35 -0800] "GET /princeton/morecars.html HTTP/1.1" 200 678 "-" "Mozilla/5.0 (compatible; MaCoCu; +https://www.clarin.si/info/macocu-massive-collection-and-curation-of-monolingual-and-bilingual-data/)" "ysfine.com"
95.87.154.11 - - [03/Feb/2023:06:08:55 -0800] "GET /princeton/bagpipes.html HTTP/1.1" 200 708 "-" "Mozilla/5.0 (compatible; MaCoCu; +https://www.clarin.si/info/macocu-massive-collection-and-curation-of-monolingual-and-bilingual-data/)" "ysfine.com"
216.244.66.229 - - [03/Feb/2023:06:09:06 -0800] "GET /wdc/whouse02.jpg HTTP/1.1" 200 65447 "-" "Mozilla/5.0 (compatible; DotBot/1.2; +https://opensiteexplorer.org/dotbot; help@moz.com)" "www.ysfine.com"
95.87.154.11 - - [03/Feb/2023:06:09:15 -0800] "GET /style/socrates.html HTTP/1.1" 200 1111 "-" "Mozilla/5.0 (compatible; MaCoCu; +https://www.clarin.si/info/macocu-massive-collection-and-curation-of-monolingual-and-bilingual-data/)" "ysfine.com"
216.244.66.229 - - [03/Feb/2023:06:09:36 -0800] "GET /world/poland/palaceof08.jpg HTTP/1.1" 200 83912 "-" "Mozilla/5.0 (compatible; DotBot/1.2; +https://opensiteexplorer.org/dotbot; help@moz.com)" "www.ysfine.com"
95.87.154.11 - - [03/Feb/2023:06:09:36 -0800] "GET /princeton/prospect.html HTTP/1.1" 200 790 "-" "Mozilla/5.0 (compatible; MaCoCu; +https://www.clarin.si/info/macocu-massive-collection-and-curation-of-monolingual-and-bilingual-data/)" "ysfine.com"
95.87.154.11 - - [03/Feb/2023:06:09:56 -0800] "GET /maga/index.html HTTP/1.1" 200 18467 "-" "Mozilla/5.0 (compatible; MaCoCu; +https://www.clarin.si/info/macocu-massive-collection-and-curation-of-monolingual-and-bilingual-data/)" "ysfine.com"
95.87.154.11 - - [03/Feb/2023:06:10:17 -0800] "GET /maga/keigel.html HTTP/1.1" 200 18961 "-" "Mozilla/5.0 (compatible; MaCoCu; +https://www.clarin.si/info/macocu-massive-collection-and-curation-of-monolingual-and-bilingual-data/)" "ysfine.com"
95.87.154.11 - - [03/Feb/2023:06:10:38 -0800] "GET /world/copen.html HTTP/1.1" 200 20687 "-" "Mozilla/5.0 (compatible; MaCoCu; +https://www.clarin.si/info/macocu-massive-collection-and-curation-of-monolingual-and-bilingual-data/)" "ysfine.com"
95.87.154.11 - - [03/Feb/2023:06:11:02 -0800] "GET /einstein/ulm.html HTTP/1.1" 200 16665 "-" "Mozilla/5.0 (compatible; MaCoCu; +https://www.clarin.si/info/macocu-massive-collection-and-curation-of-monolingual-and-bilingual-data/)" "ysfine.com"
5.161.105.7 - - [03/Feb/2023:06:11:11 -0800] "GET /einstein/webars.html HTTP/1.1" 200 352 "-" "Mozilla/5.0 (Windows NT 10.0; Win64; x64) AppleWebKit/537.36 (KHTML, like Gecko) Chrome/84.0.4147.105 Safari/537.36" "ysfine.com"
95.87.154.11 - - [03/Feb/2023:06:11:22 -0800] "GET /einstein/ewk.html HTTP/1.1" 200 11411 "-" "Mozilla/5.0 (compatible; MaCoCu; +https://www.clarin.si/info/macocu-massive-collection-and-curation-of-monolingual-and-bilingual-data/)" "ysfine.com"
95.87.154.11 - - [03/Feb/2023:06:11:40 -0800] "GET /einstein/evol.html HTTP/1.1" 200 9573 "-" "Mozilla/5.0 (compatible; MaCoCu; +https://www.clarin.si/info/macocu-massive-collection-and-curation-of-monolingual-and-bilingual-data/)" "ysfine.com"
17.241.227.97 - - [03/Feb/2023:06:11:54 -0800] "GET /maga/hosc.html HTTP/1.1" 200 1463 "-" "Mozilla/5.0 (Macintosh; Intel Mac OS X 10_15_5) AppleWebKit/605.1.15 (KHTML, like Gecko) Version/13.1.1 Safari/605.1.15 (Applebot/0.1; +http://www.apple.com/go/applebot)" "www.ysfine.com"
95.87.154.11 - - [03/Feb/2023:06:12:00 -0800] "GET /maga/hugo.html HTTP/1.1" 200 8555 "-" "Mozilla/5.0 (compatible; MaCoCu; +https://www.clarin.si/info/macocu-massive-collection-and-curation-of-monolingual-and-bilingual-data/)" "ysfine.com"
5.161.142.226 - - [03/Feb/2023:06:12:06 -0800] "GET /dirac/dirkim.html HTTP/1.1" 200 3690 "-" "Mozilla/5.0 (Windows NT 10.0; Win64; x64) AppleWebKit/537.36 (KHTML, like Gecko) Chrome/84.0.4147.105 Safari/537.36" "ysfine.com"
5.161.142.226 - - [03/Feb/2023:06:12:06 -0800] "GET /home/yshome.html HTTP/1.1" 200 5634 "-" "Mozilla/5.0 (Windows NT 10.0; Win64; x64) AppleWebKit/537.36 (KHTML, like Gecko) Chrome/84.0.4147.105 Safari/537.36" "ysfine.com"
96.241.3.90 - - [03/Feb/2023:06:12:18 -0800] "GET /home/top21c.jpg HTTP/1.1" 200 53120 "http://www2.physics.umd.edu/" "Mozilla/5.0 (Macintosh; Intel Mac OS X 10_15_7) AppleWebKit/605.1.15 (KHTML, like Gecko) Version/16.1 Safari/605.1.15" "ysfine.com"
96.241.3.90 - - [03/Feb/2023:06:12:18 -0800] "GET /home/eward55f.jpg HTTP/1.1" 200 122802 "http://www2.physics.umd.edu/" "Mozilla/5.0 (Macintosh; Intel Mac OS X 10_15_7) AppleWebKit/605.1.15 (KHTML, like Gecko) Version/16.1 Safari/605.1.15" "ysfine.com"
96.241.3.90 - - [03/Feb/2023:06:12:18 -0800] "GET /home/eink77c.jpg HTTP/1.1" 200 47471 "http://www2.physics.umd.edu/" "Mozilla/5.0 (Macintosh; Intel Mac OS X 10_15_7) AppleWebKit/605.1.15 (KHTML, like Gecko) Version/16.1 Safari/605.1.15" "ysfine.com"
96.241.3.90 - - [03/Feb/2023:06:12:18 -0800] "GET /home/facu63c.jpg HTTP/1.1" 200 41710 "http://www2.physics.umd.edu/" "Mozilla/5.0 (Macintosh; Intel Mac OS X 10_15_7) AppleWebKit/605.1.15 (KHTML, like Gecko) Version/16.1 Safari/605.1.15" "ysfine.com"
96.241.3.90 - - [03/Feb/2023:06:12:18 -0800] "GET /sbk/1987pr22c.jpg HTTP/1.1" 200 40964 "http://www2.physics.umd.edu/" "Mozilla/5.0 (Macintosh; Intel Mac OS X 10_15_7) AppleWebKit/605.1.15 (KHTML, like Gecko) Version/16.1 Safari/605.1.15" "ysfine.com"
96.241.3.90 - - [03/Feb/2023:06:12:18 -0800] "GET /home/goodbad55c.jpg HTTP/1.1" 200 24415 "http://www2.physics.umd.edu/" "Mozilla/5.0 (Macintosh; Intel Mac OS X 10_15_7) AppleWebKit/605.1.15 (KHTML, like Gecko) Version/16.1 Safari/605.1.15" "ysfine.com"
96.241.3.90 - - [03/Feb/2023:06:12:18 -0800] "GET /eink/einhaus11c.jpg HTTP/1.1" 200 42522 "http://www2.physics.umd.edu/" "Mozilla/5.0 (Macintosh; Intel Mac OS X 10_15_7) AppleWebKit/605.1.15 (KHTML, like Gecko) Version/16.1 Safari/605.1.15" "ysfine.com"
96.241.3.90 - - [03/Feb/2023:06:12:18 -0800] "GET /wdc/eindc03c.jpg HTTP/1.1" 200 48446 "http://www2.physics.umd.edu/" "Mozilla/5.0 (Macintosh; Intel Mac OS X 10_15_7) AppleWebKit/605.1.15 (KHTML, like Gecko) Version/16.1 Safari/605.1.15" "ysfine.com"
96.241.3.90 - - [03/Feb/2023:06:12:18 -0800] "GET /eink/ewk86a.jpg HTTP/1.1" 200 70895 "http://www2.physics.umd.edu/" "Mozilla/5.0 (Macintosh; Intel Mac OS X 10_15_7) AppleWebKit/605.1.15 (KHTML, like Gecko) Version/16.1 Safari/605.1.15" "ysfine.com"
96.241.3.90 - - [03/Feb/2023:06:12:18 -0800] "GET /wdc/washmo23c.jpg HTTP/1.1" 200 21217 "http://www2.physics.umd.edu/" "Mozilla/5.0 (Macintosh; Intel Mac OS X 10_15_7) AppleWebKit/605.1.15 (KHTML, like Gecko) Version/16.1 Safari/605.1.15" "ysfine.com"
96.241.3.90 - - [03/Feb/2023:06:12:18 -0800] "GET /eink/einhaus33c.jpg HTTP/1.1" 200 23792 "http://www2.physics.umd.edu/" "Mozilla/5.0 (Macintosh; Intel Mac OS X 10_15_7) AppleWebKit/605.1.15 (KHTML, like Gecko) Version/16.1 Safari/605.1.15" "ysfine.com"
96.241.3.90 - - [03/Feb/2023:06:12:18 -0800] "GET /home/truck/truck20c.jpg HTTP/1.1" 200 29999 "http://www2.physics.umd.edu/" "Mozilla/5.0 (Macintosh; Intel Mac OS X 10_15_7) AppleWebKit/605.1.15 (KHTML, like Gecko) Version/16.1 Safari/605.1.15" "ysfine.com"
96.241.3.90 - - [03/Feb/2023:06:12:18 -0800] "GET /eink/eink54a.jpg HTTP/1.1" 200 79717 "http://www2.physics.umd.edu/" "Mozilla/5.0 (Macintosh; Intel Mac OS X 10_15_7) AppleWebKit/605.1.15 (KHTML, like Gecko) Version/16.1 Safari/605.1.15" "ysfine.com"
96.241.3.90 - - [03/Feb/2023:06:12:18 -0800] "GET /kobak/taylor33c.jpg HTTP/1.1" 200 39951 "http://www2.physics.umd.edu/" "Mozilla/5.0 (Macintosh; Intel Mac OS X 10_15_7) AppleWebKit/605.1.15 (KHTML, like Gecko) Version/16.1 Safari/605.1.15" "ysfine.com"
95.87.154.11 - - [03/Feb/2023:06:12:21 -0800] "GET /dongio/moso.html HTTP/1.1" 404 73 "-" "Mozilla/5.0 (compatible; MaCoCu; +https://www.clarin.si/info/macocu-massive-collection-and-curation-of-monolingual-and-bilingual-data/)" "ysfine.com"
95.87.154.11 - - [03/Feb/2023:06:12:41 -0800] "GET /maga/mellon.html HTTP/1.1" 200 6453 "-" "Mozilla/5.0 (compatible; MaCoCu; +https://www.clarin.si/info/macocu-massive-collection-and-curation-of-monolingual-and-bilingual-data/)" "ysfine.com"
95.87.154.11 - - [03/Feb/2023:06:13:02 -0800] "GET /style/britmu.html HTTP/1.1" 200 15189 "-" "Mozilla/5.0 (compatible; MaCoCu; +https://www.clarin.si/info/macocu-massive-collection-and-curation-of-monolingual-and-bilingual-data/)" "ysfine.com"
95.87.154.11 - - [03/Feb/2023:06:13:23 -0800] "GET /dongio/garden.html HTTP/1.1" 404 73 "-" "Mozilla/5.0 (compatible; MaCoCu; +https://www.clarin.si/info/macocu-massive-collection-and-curation-of-monolingual-and-bilingual-data/)" "ysfine.com"
95.87.154.11 - - [03/Feb/2023:06:13:43 -0800] "GET /world/florence.html HTTP/1.1" 200 31498 "-" "Mozilla/5.0 (compatible; MaCoCu; +https://www.clarin.si/info/macocu-massive-collection-and-curation-of-monolingual-and-bilingual-data/)" "ysfine.com"
207.46.13.104 - - [03/Feb/2023:06:13:54 -0800] "GET /world/france/chagall29.jpg HTTP/1.1" 200 47051 "-" "Mozilla/5.0 AppleWebKit/537.36 (KHTML, like Gecko; compatible; bingbot/2.0; +http://www.bing.com/bingbot.htm) Chrome/103.0.5060.134 Safari/537.36" "ysfine.com"
95.87.154.11 - - [03/Feb/2023:06:14:03 -0800] "GET /style/venuspics.html HTTP/1.1" 200 1493 "-" "Mozilla/5.0 (compatible; MaCoCu; +https://www.clarin.si/info/macocu-massive-collection-and-curation-of-monolingual-and-bilingual-data/)" "ysfine.com"
216.244.66.229 - - [03/Feb/2023:06:14:13 -0800] "GET /ffriends/congo01.jpg HTTP/1.1" 200 89363 "-" "Mozilla/5.0 (compatible; DotBot/1.2; +https://opensiteexplorer.org/dotbot; help@moz.com)" "www.ysfine.com"
95.87.154.11 - - [03/Feb/2023:06:14:24 -0800] "GET /style/musee/uffizi02.html HTTP/1.1" 200 608 "-" "Mozilla/5.0 (compatible; MaCoCu; +https://www.clarin.si/info/macocu-massive-collection-and-curation-of-monolingual-and-bilingual-data/)" "ysfine.com"
52.167.144.39 - - [03/Feb/2023:06:14:37 -0800] "GET /world/germany/aachen11b.jpg HTTP/1.1" 200 44242 "-" "Mozilla/5.0 AppleWebKit/537.36 (KHTML, like Gecko; compatible; bingbot/2.0; +http://www.bing.com/bingbot.htm) Chrome/103.0.5060.134 Safari/537.36" "ysfine.com"
216.244.66.229 - - [03/Feb/2023:06:14:53 -0800] "GET /ffriends/russstanf01.jpg HTTP/1.1" 200 158294 "-" "Mozilla/5.0 (compatible; DotBot/1.2; +https://opensiteexplorer.org/dotbot; help@moz.com)" "www.ysfine.com"
95.87.154.11 - - [03/Feb/2023:06:14:54 -0800] "GET /articles/cylin.pdf HTTP/1.1" 401 76 "-" "Mozilla/5.0 (compatible; MaCoCu; +https://www.clarin.si/info/macocu-massive-collection-and-curation-of-monolingual-and-bilingual-data/)" "ysfine.com"
51.222.253.5 - - [03/Feb/2023:06:14:55 -0800] "GET /class54/class5470/total_data/sub_201.htm HTTP/1.1" 200 3398 "-" "Mozilla/5.0 (compatible; AhrefsBot/7.0; +http://ahrefs.com/robot/)" "ysfine.com"
51.222.253.19 - - [03/Feb/2023:06:14:58 -0800] "GET /class54/class5470/total_data/refer_img/2-19_f.jpg HTTP/1.1" 200 23376 "-" "Mozilla/5.0 (compatible; AhrefsBot/7.0; +http://ahrefs.com/robot/)" "ysfine.com"
51.222.253.12 - - [03/Feb/2023:06:14:59 -0800] "GET /class54/class5470/total_data/refer_img/2-4_f.jpg HTTP/1.1" 200 35641 "-" "Mozilla/5.0 (compatible; AhrefsBot/7.0; +http://ahrefs.com/robot/)" "ysfine.com"
51.222.253.18 - - [03/Feb/2023:06:15:00 -0800] "GET /class54/class5470/total_data/refer_img/2-21_f.jpg HTTP/1.1" 200 23326 "-" "Mozilla/5.0 (compatible; AhrefsBot/7.0; +http://ahrefs.com/robot/)" "ysfine.com"
51.222.253.7 - - [03/Feb/2023:06:15:01 -0800] "GET /class54/class5470/total_data/refer_img/2-1A_f.jpg HTTP/1.1" 200 24103 "-" "Mozilla/5.0 (compatible; AhrefsBot/7.0; +http://ahrefs.com/robot/)" "ysfine.com"
51.222.253.16 - - [03/Feb/2023:06:15:01 -0800] "GET /class54/class5470/total_data/refer_img/2-7_f.jpg HTTP/1.1" 200 23506 "-" "Mozilla/5.0 (compatible; AhrefsBot/7.0; +http://ahrefs.com/robot/)" "ysfine.com"
51.222.253.6 - - [03/Feb/2023:06:15:02 -0800] "GET /class54/class5470/total_data/refer_img/2-24_f.jpg HTTP/1.1" 200 22081 "-" "Mozilla/5.0 (compatible; AhrefsBot/7.0; +http://ahrefs.com/robot/)" "ysfine.com"
51.222.253.8 - - [03/Feb/2023:06:15:02 -0800] "GET /class54/class5470/total_data/refer_img/2-9_f.jpg HTTP/1.1" 200 23687 "-" "Mozilla/5.0 (compatible; AhrefsBot/7.0; +http://ahrefs.com/robot/)" "ysfine.com"
51.222.253.5 - - [03/Feb/2023:06:15:03 -0800] "GET /class54/class5470/total_data/refer_img/2-10_f.jpg HTTP/1.1" 200 21166 "-" "Mozilla/5.0 (compatible; AhrefsBot/7.0; +http://ahrefs.com/robot/)" "ysfine.com"
51.222.253.19 - - [03/Feb/2023:06:15:03 -0800] "GET /class54/class5470/total_data/refer_img/2-6_f.jpg HTTP/1.1" 200 31566 "-" "Mozilla/5.0 (compatible; AhrefsBot/7.0; +http://ahrefs.com/robot/)" "ysfine.com"
51.222.253.11 - - [03/Feb/2023:06:15:03 -0800] "GET /class54/class5470/total_data/refer_img/2-12_f.jpg HTTP/1.1" 200 28585 "-" "Mozilla/5.0 (compatible; AhrefsBot/7.0; +http://ahrefs.com/robot/)" "ysfine.com"
51.222.253.19 - - [03/Feb/2023:06:15:04 -0800] "GET /class54/class5470/total_data/img/02_title.gif HTTP/1.1" 200 4864 "-" "Mozilla/5.0 (compatible; AhrefsBot/7.0; +http://ahrefs.com/robot/)" "ysfine.com"
51.222.253.13 - - [03/Feb/2023:06:15:04 -0800] "GET /class54/class5470/total_data/refer_img/2-14_f.jpg HTTP/1.1" 200 25315 "-" "Mozilla/5.0 (compatible; AhrefsBot/7.0; +http://ahrefs.com/robot/)" "ysfine.com"
51.222.253.12 - - [03/Feb/2023:06:15:04 -0800] "GET /class54/class5470/total_data/refer_img/2-5_f.jpg HTTP/1.1" 200 34118 "-" "Mozilla/5.0 (compatible; AhrefsBot/7.0; +http://ahrefs.com/robot/)" "ysfine.com"
51.222.253.17 - - [03/Feb/2023:06:15:05 -0800] "GET /class54/class5470/total_data/refer_img/2-13_f.jpg HTTP/1.1" 200 21521 "-" "Mozilla/5.0 (compatible; AhrefsBot/7.0; +http://ahrefs.com/robot/)" "ysfine.com"
51.222.253.1 - - [03/Feb/2023:06:15:05 -0800] "GET /class54/class5470/total_data/refer_img/2-22_f.jpg HTTP/1.1" 200 21316 "-" "Mozilla/5.0 (compatible; AhrefsBot/7.0; +http://ahrefs.com/robot/)" "ysfine.com"
51.222.253.12 - - [03/Feb/2023:06:15:05 -0800] "GET /class54/class5470/total_data/refer_img/2-2_f.jpg HTTP/1.1" 200 25086 "-" "Mozilla/5.0 (compatible; AhrefsBot/7.0; +http://ahrefs.com/robot/)" "ysfine.com"
51.222.253.11 - - [03/Feb/2023:06:15:06 -0800] "GET /class54/class5470/total_data/photo_img/2-1A.jpg HTTP/1.1" 200 209799 "-" "Mozilla/5.0 (compatible; AhrefsBot/7.0; +http://ahrefs.com/robot/)" "ysfine.com"
51.222.253.4 - - [03/Feb/2023:06:15:06 -0800] "GET /class54/class5470/total_data/img/sm01_off.gif HTTP/1.1" 200 412 "-" "Mozilla/5.0 (compatible; AhrefsBot/7.0; +http://ahrefs.com/robot/)" "ysfine.com"
51.222.253.16 - - [03/Feb/2023:06:15:07 -0800] "GET /class54/class5470/total_data/refer_img/2-17_f.jpg HTTP/1.1" 200 31481 "-" "Mozilla/5.0 (compatible; AhrefsBot/7.0; +http://ahrefs.com/robot/)" "ysfine.com"
51.222.253.16 - - [03/Feb/2023:06:15:07 -0800] "GET /class54/class5470/total_data/refer_img/2-8_f.jpg HTTP/1.1" 200 25457 "-" "Mozilla/5.0 (compatible; AhrefsBot/7.0; +http://ahrefs.com/robot/)" "ysfine.com"
51.222.253.12 - - [03/Feb/2023:06:15:07 -0800] "GET /class54/class5470/total_data/refer_img/2-16_f.jpg HTTP/1.1" 200 42411 "-" "Mozilla/5.0 (compatible; AhrefsBot/7.0; +http://ahrefs.com/robot/)" "ysfine.com"
51.222.253.9 - - [03/Feb/2023:06:15:08 -0800] "GET /class54/class5470/total_data/refer_img/2-11_f.jpg HTTP/1.1" 200 25378 "-" "Mozilla/5.0 (compatible; AhrefsBot/7.0; +http://ahrefs.com/robot/)" "ysfine.com"
51.222.253.19 - - [03/Feb/2023:06:15:08 -0800] "GET /class54/class5470/total_data/refer_img/2-1B_f.jpg HTTP/1.1" 200 36381 "-" "Mozilla/5.0 (compatible; AhrefsBot/7.0; +http://ahrefs.com/robot/)" "ysfine.com"
51.222.253.20 - - [03/Feb/2023:06:15:09 -0800] "GET /class54/class5470/total_data/img/02_smline.gif HTTP/1.1" 200 2437 "-" "Mozilla/5.0 (compatible; AhrefsBot/7.0; +http://ahrefs.com/robot/)" "ysfine.com"
51.222.253.9 - - [03/Feb/2023:06:15:10 -0800] "GET /class54/class5470/total_data/img/02_schooldays.gif HTTP/1.1" 200 987 "-" "Mozilla/5.0 (compatible; AhrefsBot/7.0; +http://ahrefs.com/robot/)" "ysfine.com"
51.222.253.8 - - [03/Feb/2023:06:15:10 -0800] "GET /class54/class5470/total_data/refer_img/2-20_f.jpg HTTP/1.1" 200 24039 "-" "Mozilla/5.0 (compatible; AhrefsBot/7.0; +http://ahrefs.com/robot/)" "ysfine.com"
51.222.253.6 - - [03/Feb/2023:06:15:11 -0800] "GET /class54/class5470/total_data/img/sm05_on.gif HTTP/1.1" 200 408 "-" "Mozilla/5.0 (compatible; AhrefsBot/7.0; +http://ahrefs.com/robot/)" "ysfine.com"
51.222.253.2 - - [03/Feb/2023:06:15:11 -0800] "GET /class54/class5470/total_data/refer_img/2-23_f.jpg HTTP/1.1" 200 21570 "-" "Mozilla/5.0 (compatible; AhrefsBot/7.0; +http://ahrefs.com/robot/)" "ysfine.com"
51.222.253.6 - - [03/Feb/2023:06:15:13 -0800] "GET /class54/class5470/total_data/refer_img/2-15_f.jpg HTTP/1.1" 200 33129 "-" "Mozilla/5.0 (compatible; AhrefsBot/7.0; +http://ahrefs.com/robot/)" "ysfine.com"
51.222.253.17 - - [03/Feb/2023:06:15:14 -0800] "GET /class54/class5470/total_data/refer_img/2-18_f.jpg HTTP/1.1" 200 25508 "-" "Mozilla/5.0 (compatible; AhrefsBot/7.0; +http://ahrefs.com/robot/)" "ysfine.com"
95.87.154.11 - - [03/Feb/2023:06:15:16 -0800] "GET /articles/euler.pdf HTTP/1.1" 401 76 "-" "Mozilla/5.0 (compatible; MaCoCu; +https://www.clarin.si/info/macocu-massive-collection-and-curation-of-monolingual-and-bilingual-data/)" "ysfine.com"
216.244.66.229 - - [03/Feb/2023:06:15:34 -0800] "GET /remote/wigner111/frame53.html HTTP/1.1" 200 1102 "-" "Mozilla/5.0 (compatible; DotBot/1.2; +https://opensiteexplorer.org/dotbot; help@moz.com)" "www.ysfine.com"
95.87.154.11 - - [03/Feb/2023:06:15:36 -0800] "GET /wigner/wigner39.pdf HTTP/1.1" 200 1398440 "-" "Mozilla/5.0 (compatible; MaCoCu; +https://www.clarin.si/info/macocu-massive-collection-and-curation-of-monolingual-and-bilingual-data/)" "ysfine.com"
95.87.154.11 - - [03/Feb/2023:06:15:56 -0800] "GET /maga/bohrkierk.html HTTP/1.1" 200 7492 "-" "Mozilla/5.0 (compatible; MaCoCu; +https://www.clarin.si/info/macocu-massive-collection-and-curation-of-monolingual-and-bilingual-data/)" "ysfine.com"
216.244.66.229 - - [03/Feb/2023:06:16:03 -0800] "GET /sbk/2013lon03.jpg HTTP/1.1" 200 117426 "-" "Mozilla/5.0 (compatible; DotBot/1.2; +https://opensiteexplorer.org/dotbot; help@moz.com)" "www.ysfine.com"
95.87.154.11 - - [03/Feb/2023:06:16:16 -0800] "GET /wigner/wiglittle.pdf HTTP/1.1" 200 2659296 "-" "Mozilla/5.0 (compatible; MaCoCu; +https://www.clarin.si/info/macocu-massive-collection-and-curation-of-monolingual-and-bilingual-data/)" "ysfine.com"
34.236.37.207 - - [03/Feb/2023:06:16:32 -0800] "GET /maga/phil/marxlon07.jpg HTTP/1.1" 200 130821 "-" "Mozilla/5.0 (X11; Ubuntu; Linux x86_64; rv:72.0) Gecko/20100101 Firefox/72.0" "ysfine.com"
95.87.154.11 - - [03/Feb/2023:06:16:53 -0800] "GET /ffriends/korcasia.html HTTP/1.1" 200 6079 "-" "Mozilla/5.0 (compatible; MaCoCu; +https://www.clarin.si/info/macocu-massive-collection-and-curation-of-monolingual-and-bilingual-data/)" "ysfine.com"
216.244.66.229 - - [03/Feb/2023:06:16:54 -0800] "GET /world/brit/dunf12.jpg HTTP/1.1" 200 119023 "-" "Mozilla/5.0 (compatible; DotBot/1.2; +https://opensiteexplorer.org/dotbot; help@moz.com)" "www.ysfine.com"
95.87.154.11 - - [03/Feb/2023:06:16:56 -0800] "GET /dirac/dirackim62.html HTTP/1.1" 200 7535 "-" "Mozilla/5.0 (compatible; MaCoCu; +https://www.clarin.si/info/macocu-massive-collection-and-curation-of-monolingual-and-bilingual-data/)" "ysfine.com"
95.87.154.11 - - [03/Feb/2023:06:17:19 -0800] "GET /einstein/einbohr22.html HTTP/1.1" 404 73 "-" "Mozilla/5.0 (compatible; MaCoCu; +https://www.clarin.si/info/macocu-massive-collection-and-curation-of-monolingual-and-bilingual-data/)" "ysfine.com"
216.244.66.229 - - [03/Feb/2023:06:17:35 -0800] "GET /world/japan/osakaf12.jpg HTTP/1.1" 200 141618 "-" "Mozilla/5.0 (compatible; DotBot/1.2; +https://opensiteexplorer.org/dotbot; help@moz.com)" "www.ysfine.com"
95.87.154.11 - - [03/Feb/2023:06:17:37 -0800] "GET /einstein/heisenberg.html HTTP/1.1" 200 32445 "-" "Mozilla/5.0 (compatible; MaCoCu; +https://www.clarin.si/info/macocu-massive-collection-and-curation-of-monolingual-and-bilingual-data/)" "ysfine.com"
95.87.154.11 - - [03/Feb/2023:06:17:58 -0800] "GET /world/scandi/copenhi.html HTTP/1.1" 200 770 "-" "Mozilla/5.0 (compatible; MaCoCu; +https://www.clarin.si/info/macocu-massive-collection-and-curation-of-monolingual-and-bilingual-data/)" "ysfine.com"
207.46.13.64 - - [03/Feb/2023:06:18:14 -0800] "GET /awards/index.html HTTP/1.1" 200 10082 "-" "Mozilla/5.0 AppleWebKit/537.36 (KHTML, like Gecko; compatible; bingbot/2.0; +http://www.bing.com/bingbot.htm) Chrome/103.0.5060.134 Safari/537.36" "ysfine.com"
95.87.154.11 - - [03/Feb/2023:06:18:38 -0800] "GET /kobak/sorae/kumipo.html HTTP/1.1" 200 2166 "-" "Mozilla/5.0 (compatible; MaCoCu; +https://www.clarin.si/info/macocu-massive-collection-and-curation-of-monolingual-and-bilingual-data/)" "ysfine.com"
207.46.13.104 - - [03/Feb/2023:06:18:43 -0800] "GET /bio/kobak/yskor.html HTTP/1.1" 404 88 "-" "Mozilla/5.0 AppleWebKit/537.36 (KHTML, like Gecko; compatible; bingbot/2.0; +http://www.bing.com/bingbot.htm) Chrome/103.0.5060.134 Safari/537.36" "ysfine.com"
95.87.154.11 - - [03/Feb/2023:06:19:00 -0800] "GET /maga/kant.html HTTP/1.1" 200 22997 "-" "Mozilla/5.0 (compatible; MaCoCu; +https://www.clarin.si/info/macocu-massive-collection-and-curation-of-monolingual-and-bilingual-data/)" "ysfine.com"
95.87.154.11 - - [03/Feb/2023:06:19:20 -0800] "GET /kobak/kwk.html HTTP/1.1" 200 12269 "-" "Mozilla/5.0 (compatible; MaCoCu; +https://www.clarin.si/info/macocu-massive-collection-and-curation-of-monolingual-and-bilingual-data/)" "ysfine.com"
66.249.70.30 - - [03/Feb/2023:06:19:27 -0800] "GET /world/russ/kremtheater22.jpg HTTP/1.1" 200 99155 "-" "Googlebot-Image/1.0" "ysfine.com"
52.167.144.39 - - [03/Feb/2023:06:19:29 -0800] "GET /style/xiangran66b.jpg HTTP/1.1" 200 30098 "-" "Mozilla/5.0 AppleWebKit/537.36 (KHTML, like Gecko; compatible; bingbot/2.0; +http://www.bing.com/bingbot.htm) Chrome/103.0.5060.134 Safari/537.36" "www.ysfine.com"
95.87.154.11 - - [03/Feb/2023:06:19:40 -0800] "GET /yspapers/stg.pdf HTTP/1.1" 200 97437 "-" "Mozilla/5.0 (compatible; MaCoCu; +https://www.clarin.si/info/macocu-massive-collection-and-curation-of-monolingual-and-bilingual-data/)" "ysfine.com"
95.87.154.11 - - [03/Feb/2023:06:20:03 -0800] "GET /maga/sartre.html HTTP/1.1" 200 24379 "-" "Mozilla/5.0 (compatible; MaCoCu; +https://www.clarin.si/info/macocu-massive-collection-and-curation-of-monolingual-and-bilingual-data/)" "ysfine.com"
95.87.154.11 - - [03/Feb/2023:06:20:22 -0800] "GET /kobak/democr.html HTTP/1.1" 200 4362 "-" "Mozilla/5.0 (compatible; MaCoCu; +https://www.clarin.si/info/macocu-massive-collection-and-curation-of-monolingual-and-bilingual-data/)" "ysfine.com"
40.77.167.192 - - [03/Feb/2023:06:20:26 -0800] "GET /wdc/capitol03.jpg HTTP/1.1" 200 79173 "-" "Mozilla/5.0 AppleWebKit/537.36 (KHTML, like Gecko; compatible; bingbot/2.0; +http://www.bing.com/bingbot.htm) Chrome/103.0.5060.134 Safari/537.36" "ysfine.com"
40.77.167.192 - - [03/Feb/2023:06:20:38 -0800] "GET /maga/phys/ellipse77a.jpg HTTP/1.1" 200 16686 "-" "Mozilla/5.0 AppleWebKit/537.36 (KHTML, like Gecko; compatible; bingbot/2.0; +http://www.bing.com/bingbot.htm) Chrome/103.0.5060.134 Safari/537.36" "www.ysfine.com"
95.87.154.11 - - [03/Feb/2023:06:20:42 -0800] "GET /kobak/korart.html HTTP/1.1" 200 9303 "-" "Mozilla/5.0 (compatible; MaCoCu; +https://www.clarin.si/info/macocu-massive-collection-and-curation-of-monolingual-and-bilingual-data/)" "ysfine.com"
95.87.154.11 - - [03/Feb/2023:06:21:04 -0800] "GET /kobak/kohist.html HTTP/1.1" 200 14954 "-" "Mozilla/5.0 (compatible; MaCoCu; +https://www.clarin.si/info/macocu-massive-collection-and-curation-of-monolingual-and-bilingual-data/)" "ysfine.com"
207.46.13.64 - - [03/Feb/2023:06:21:23 -0800] "GET /awards/iaotp/top21c.jpg HTTP/1.1" 200 49015 "-" "Mozilla/5.0 AppleWebKit/537.36 (KHTML, like Gecko; compatible; bingbot/2.0; +http://www.bing.com/bingbot.htm) Chrome/103.0.5060.134 Safari/537.36" "www.ysfine.com"
66.249.70.4 - - [03/Feb/2023:06:21:30 -0800] "GET /world/ital/venice20.jpg HTTP/1.1" 304 - "-" "Googlebot-Image/1.0" "ysfine.com"
95.87.154.11 - - [03/Feb/2023:06:21:32 -0800] "GET /kobak/moscowk.html HTTP/1.1" 200 9426 "-" "Mozilla/5.0 (compatible; MaCoCu; +https://www.clarin.si/info/macocu-massive-collection-and-curation-of-monolingual-and-bilingual-data/)" "ysfine.com"
95.87.154.11 - - [03/Feb/2023:06:21:44 -0800] "GET /world/polandk.html HTTP/1.1" 200 14665 "-" "Mozilla/5.0 (compatible; MaCoCu; +https://www.clarin.si/info/macocu-massive-collection-and-curation-of-monolingual-and-bilingual-data/)" "ysfine.com"
66.249.64.168 - - [03/Feb/2023:06:21:57 -0800] "GET /robots.txt HTTP/1.1" 404 88 "-" "Mozilla/5.0 (compatible; Googlebot/2.1; +http://www.google.com/bot.html)" "www.ysfine.com"
66.249.64.168 - - [03/Feb/2023:06:21:57 -0800] "GET /confer/conbot.html/ HTTP/1.1" 404 88 "-" "Mozilla/5.0 (Linux; Android 6.0.1; Nexus 5X Build/MMB29P) AppleWebKit/537.36 (KHTML, like Gecko) Chrome/109.0.5414.101 Mobile Safari/537.36 (compatible; Googlebot/2.1; +http://www.google.com/bot.html)" "www.ysfine.com"
95.87.154.11 - - [03/Feb/2023:06:22:05 -0800] "GET /wigner/kuper76.html HTTP/1.1" 200 507 "-" "Mozilla/5.0 (compatible; MaCoCu; +https://www.clarin.si/info/macocu-massive-collection-and-curation-of-monolingual-and-bilingual-data/)" "ysfine.com"
95.87.154.11 - - [03/Feb/2023:06:22:26 -0800] "GET /awards/iao.html HTTP/1.1" 200 7183 "-" "Mozilla/5.0 (compatible; MaCoCu; +https://www.clarin.si/info/macocu-massive-collection-and-curation-of-monolingual-and-bilingual-data/)" "ysfine.com"
51.222.253.1 - - [03/Feb/2023:06:22:33 -0800] "GET /people/sbt.html HTTP/1.1" 200 529 "-" "Mozilla/5.0 (compatible; AhrefsBot/7.0; +http://ahrefs.com/robot/)" "ysfine.com"
66.249.64.168 - - [03/Feb/2023:06:22:40 -0800] "GET /confer/conbot.html/ HTTP/1.1" 404 88 "-" "Mozilla/5.0 (compatible; Googlebot/2.1; +http://www.google.com/bot.html)" "www.ysfine.com"
52.167.144.86 - - [03/Feb/2023:06:22:41 -0800] "GET /bio/princeton/campus.html HTTP/1.1" 404 88 "-" "Mozilla/5.0 AppleWebKit/537.36 (KHTML, like Gecko; compatible; bingbot/2.0; +http://www.bing.com/bingbot.htm) Chrome/103.0.5060.134 Safari/537.36" "ysfine.com"
95.87.154.11 - - [03/Feb/2023:06:22:44 -0800] "GET /ffriends/garden.html HTTP/1.1" 200 125671 "-" "Mozilla/5.0 (compatible; MaCoCu; +https://www.clarin.si/info/macocu-massive-collection-and-curation-of-monolingual-and-bilingual-data/)" "ysfine.com"
52.167.144.62 - - [03/Feb/2023:06:22:58 -0800] "GET /bio/style/proschanie.html HTTP/1.1" 404 88 "-" "Mozilla/5.0 AppleWebKit/537.36 (KHTML, like Gecko; compatible; bingbot/2.0; +http://www.bing.com/bingbot.htm) Chrome/103.0.5060.134 Safari/537.36" "ysfine.com"
95.87.154.11 - - [03/Feb/2023:06:23:05 -0800] "GET /index.html HTTP/1.1" 200 15915 "-" "Mozilla/5.0 (compatible; MaCoCu; +https://www.clarin.si/info/macocu-massive-collection-and-curation-of-monolingual-and-bilingual-data/)" "ysfine.com"
95.87.154.11 - - [03/Feb/2023:06:23:25 -0800] "GET /yshome.html HTTP/1.1" 404 73 "-" "Mozilla/5.0 (compatible; MaCoCu; +https://www.clarin.si/info/macocu-massive-collection-and-curation-of-monolingual-and-bilingual-data/)" "ysfine.com"
95.87.154.11 - - [03/Feb/2023:06:23:45 -0800] "GET /sbk/1990.html HTTP/1.1" 200 11054 "-" "Mozilla/5.0 (compatible; MaCoCu; +https://www.clarin.si/info/macocu-massive-collection-and-curation-of-monolingual-and-bilingual-data/)" "ysfine.com"
40.77.167.192 - - [03/Feb/2023:06:24:02 -0800] "GET /newyork/radioci02.jpg HTTP/1.1" 200 96971 "-" "Mozilla/5.0 AppleWebKit/537.36 (KHTML, like Gecko; compatible; bingbot/2.0; +http://www.bing.com/bingbot.htm) Chrome/103.0.5060.134 Safari/537.36" "ysfine.com"
95.87.154.11 - - [03/Feb/2023:06:24:06 -0800] "GET /people/towhee HTTP/1.1" 200 64342 "-" "Mozilla/5.0 (compatible; MaCoCu; +https://www.clarin.si/info/macocu-massive-collection-and-curation-of-monolingual-and-bilingual-data/)" "ysfine.com"
95.87.154.11 - - [03/Feb/2023:06:24:26 -0800] "GET /yspapers/prl89.pdf HTTP/1.1" 200 304155 "-" "Mozilla/5.0 (compatible; MaCoCu; +https://www.clarin.si/info/macocu-massive-collection-and-curation-of-monolingual-and-bilingual-data/)" "ysfine.com"
95.87.154.11 - - [03/Feb/2023:06:24:46 -0800] "GET /awards/rpress.docx HTTP/1.1" 200 100796 "-" "Mozilla/5.0 (compatible; MaCoCu; +https://www.clarin.si/info/macocu-massive-collection-and-curation-of-monolingual-and-bilingual-data/)" "ysfine.com"
95.87.154.11 - - [03/Feb/2023:06:25:07 -0800] "GET /awards/fearless.pdf HTTP/1.1" 200 1160179 "-" "Mozilla/5.0 (compatible; MaCoCu; +https://www.clarin.si/info/macocu-massive-collection-and-curation-of-monolingual-and-bilingual-data/)" "ysfine.com"
95.87.154.11 - - [03/Feb/2023:06:25:27 -0800] "GET /wdc/umd.html HTTP/1.1" 200 8390 "-" "Mozilla/5.0 (compatible; MaCoCu; +https://www.clarin.si/info/macocu-massive-collection-and-curation-of-monolingual-and-bilingual-data/)" "ysfine.com"
52.167.144.62 - - [03/Feb/2023:06:25:32 -0800] "GET /maga/wigner/wigpoin.html HTTP/1.1" 404 88 "-" "Mozilla/5.0 AppleWebKit/537.36 (KHTML, like Gecko; compatible; bingbot/2.0; +http://www.bing.com/bingbot.htm) Chrome/103.0.5060.134 Safari/537.36" "ysfine.com"
95.87.154.11 - - [03/Feb/2023:06:25:47 -0800] "GET /awards/viaitora.pdf HTTP/1.1" 200 1249265 "-" "Mozilla/5.0 (compatible; MaCoCu; +https://www.clarin.si/info/macocu-massive-collection-and-curation-of-monolingual-and-bilingual-data/)" "ysfine.com"
95.87.154.11 - - [03/Feb/2023:06:26:07 -0800] "GET /awards/feature22.pdf HTTP/1.1" 200 984473 "-" "Mozilla/5.0 (compatible; MaCoCu; +https://www.clarin.si/info/macocu-massive-collection-and-curation-of-monolingual-and-bilingual-data/)" "ysfine.com"
207.46.13.64 - - [03/Feb/2023:06:26:13 -0800] "GET /dirac/2osc22b.jpg HTTP/1.1" 200 47666 "-" "Mozilla/5.0 AppleWebKit/537.36 (KHTML, like Gecko; compatible; bingbot/2.0; +http://www.bing.com/bingbot.htm) Chrome/103.0.5060.134 Safari/537.36" "ysfine.com"
95.87.154.11 - - [03/Feb/2023:06:26:28 -0800] "GET /awards/iaotp/yskim.pdf HTTP/1.1" 200 670257 "-" "Mozilla/5.0 (compatible; MaCoCu; +https://www.clarin.si/info/macocu-massive-collection-and-curation-of-monolingual-and-bilingual-data/)" "ysfine.com"
95.87.154.11 - - [03/Feb/2023:06:26:49 -0800] "GET /awards/iaotp/list21.pdf HTTP/1.1" 200 891261 "-" "Mozilla/5.0 (compatible; MaCoCu; +https://www.clarin.si/info/macocu-massive-collection-and-curation-of-monolingual-and-bilingual-data/)" "ysfine.com"
95.87.154.11 - - [03/Feb/2023:06:27:10 -0800] "GET /style/music.html HTTP/1.1" 200 181 "-" "Mozilla/5.0 (compatible; MaCoCu; +https://www.clarin.si/info/macocu-massive-collection-and-curation-of-monolingual-and-bilingual-data/)" "ysfine.com"
95.87.154.11 - - [03/Feb/2023:06:27:31 -0800] "GET /philo/hegel.html HTTP/1.1" 200 14256 "-" "Mozilla/5.0 (compatible; MaCoCu; +https://www.clarin.si/info/macocu-massive-collection-and-curation-of-monolingual-and-bilingual-data/)" "ysfine.com"
95.87.154.11 - - [03/Feb/2023:06:27:52 -0800] "GET /maga/conic.html HTTP/1.1" 200 10149 "-" "Mozilla/5.0 (compatible; MaCoCu; +https://www.clarin.si/info/macocu-massive-collection-and-curation-of-monolingual-and-bilingual-data/)" "ysfine.com"
95.87.154.11 - - [03/Feb/2023:06:28:13 -0800] "GET /home/onephys.html HTTP/1.1" 200 5925 "-" "Mozilla/5.0 (compatible; MaCoCu; +https://www.clarin.si/info/macocu-massive-collection-and-curation-of-monolingual-and-bilingual-data/)" "ysfine.com"
95.87.154.11 - - [03/Feb/2023:06:28:31 -0800] "GET /philo/keigel.html HTTP/1.1" 200 20634 "-" "Mozilla/5.0 (compatible; MaCoCu; +https://www.clarin.si/info/macocu-massive-collection-and-curation-of-monolingual-and-bilingual-data/)" "ysfine.com"
95.87.154.11 - - [03/Feb/2023:06:28:52 -0800] "GET /heisen/heisen54.html HTTP/1.1" 200 13331 "-" "Mozilla/5.0 (compatible; MaCoCu; +https://www.clarin.si/info/macocu-massive-collection-and-curation-of-monolingual-and-bilingual-data/)" "ysfine.com"
173.190.144.240 - - [03/Feb/2023:06:28:56 -0800] "GET /world/poland/psoldier01.jpg HTTP/1.1" 200 116052 "https://www.bing.com/" "Mozilla/5.0 (Windows NT 10.0; Win64; x64) AppleWebKit/537.36 (KHTML, like Gecko) Chrome/109.0.0.0 Safari/537.36 Edg/109.0.1518.70" "ysfine.com"
95.87.154.11 - - [03/Feb/2023:06:29:12 -0800] "GET /world/kalinin22.html HTTP/1.1" 200 26997 "-" "Mozilla/5.0 (compatible; MaCoCu; +https://www.clarin.si/info/macocu-massive-collection-and-curation-of-monolingual-and-bilingual-data/)" "ysfine.com"
52.167.144.39 - - [03/Feb/2023:06:29:28 -0800] "GET /world/russ/kazakh09.jpg HTTP/1.1" 200 114756 "-" "Mozilla/5.0 AppleWebKit/537.36 (KHTML, like Gecko; compatible; bingbot/2.0; +http://www.bing.com/bingbot.htm) Chrome/103.0.5060.134 Safari/537.36" "ysfine.com"
95.87.154.11 - - [03/Feb/2023:06:29:32 -0800] "GET /class54/tallman.html HTTP/1.1" 200 13585 "-" "Mozilla/5.0 (compatible; MaCoCu; +https://www.clarin.si/info/macocu-massive-collection-and-curation-of-monolingual-and-bilingual-data/)" "ysfine.com"
95.87.154.11 - - [03/Feb/2023:06:29:53 -0800] "GET /class54/roofless.html HTTP/1.1" 200 39816 "-" "Mozilla/5.0 (compatible; MaCoCu; +https://www.clarin.si/info/macocu-massive-collection-and-curation-of-monolingual-and-bilingual-data/)" "ysfine.com"
40.77.167.192 - - [03/Feb/2023:06:29:58 -0800] "GET /world/baltic/tallin09.jpg HTTP/1.1" 200 136538 "-" "Mozilla/5.0 AppleWebKit/537.36 (KHTML, like Gecko; compatible; bingbot/2.0; +http://www.bing.com/bingbot.htm) Chrome/103.0.5060.134 Safari/537.36" "ysfine.com"
95.87.154.11 - - [03/Feb/2023:06:30:16 -0800] "GET /awards/timeline11,jpg HTTP/1.1" 404 73 "-" "Mozilla/5.0 (compatible; MaCoCu; +https://www.clarin.si/info/macocu-massive-collection-and-curation-of-monolingual-and-bilingual-data/)" "ysfine.com"
40.77.167.192 - - [03/Feb/2023:06:30:22 -0800] "GET /bio/kobak/soraech.html HTTP/1.1" 404 88 "-" "Mozilla/5.0 AppleWebKit/537.36 (KHTML, like Gecko; compatible; bingbot/2.0; +http://www.bing.com/bingbot.htm) Chrome/103.0.5060.134 Safari/537.36" "ysfine.com"
95.87.154.11 - - [03/Feb/2023:06:30:35 -0800] "GET /awards/home/autobio.html HTTP/1.1" 404 73 "-" "Mozilla/5.0 (compatible; MaCoCu; +https://www.clarin.si/info/macocu-massive-collection-and-curation-of-monolingual-and-bilingual-data/)" "ysfine.com"
51.222.253.8 - - [03/Feb/2023:06:30:40 -0800] "GET /einstein/heisenberg.html HTTP/1.1" 200 10552 "-" "Mozilla/5.0 (compatible; AhrefsBot/7.0; +http://ahrefs.com/robot/)" "www.ysfine.com"
51.222.253.17 - - [03/Feb/2023:06:30:43 -0800] "GET /einstein/texfiles/einheis01.jpg HTTP/1.1" 200 32456 "-" "Mozilla/5.0 (compatible; AhrefsBot/7.0; +http://ahrefs.com/robot/)" "www.ysfine.com"
51.222.253.11 - - [03/Feb/2023:06:30:44 -0800] "GET /einstein/texfiles/einheis03.jpg HTTP/1.1" 200 46000 "-" "Mozilla/5.0 (compatible; AhrefsBot/7.0; +http://ahrefs.com/robot/)" "www.ysfine.com"
51.222.253.8 - - [03/Feb/2023:06:30:45 -0800] "GET /home/figs/sq55c.jpg HTTP/1.1" 200 29581 "-" "Mozilla/5.0 (compatible; AhrefsBot/7.0; +http://ahrefs.com/robot/)" "www.ysfine.com"
51.222.253.10 - - [03/Feb/2023:06:30:45 -0800] "GET /einstein/einhouse11c.jpg HTTP/1.1" 200 32610 "-" "Mozilla/5.0 (compatible; AhrefsBot/7.0; +http://ahrefs.com/robot/)" "www.ysfine.com"
51.222.253.1 - - [03/Feb/2023:06:30:46 -0800] "GET /heisen/heisen22c.jpg HTTP/1.1" 200 33300 "-" "Mozilla/5.0 (compatible; AhrefsBot/7.0; +http://ahrefs.com/robot/)" "www.ysfine.com"
51.222.253.8 - - [03/Feb/2023:06:30:46 -0800] "GET /maga/phys/yukadirac53c.jpg HTTP/1.1" 200 40447 "-" "Mozilla/5.0 (compatible; AhrefsBot/7.0; +http://ahrefs.com/robot/)" "www.ysfine.com"
51.222.253.19 - - [03/Feb/2023:06:30:46 -0800] "GET /heisen/heisen66c.jpg HTTP/1.1" 200 43543 "-" "Mozilla/5.0 (compatible; AhrefsBot/7.0; +http://ahrefs.com/robot/)" "www.ysfine.com"
51.222.253.3 - - [03/Feb/2023:06:30:54 -0800] "GET /einstein/tsepa11c.jpg HTTP/1.1" 200 28691 "-" "Mozilla/5.0 (compatible; AhrefsBot/7.0; +http://ahrefs.com/robot/)" "www.ysfine.com"
51.222.253.14 - - [03/Feb/2023:06:30:55 -0800] "GET /dirac/dirheisen31c.jpg HTTP/1.1" 200 43569 "-" "Mozilla/5.0 (compatible; AhrefsBot/7.0; +http://ahrefs.com/robot/)" "www.ysfine.com"
51.222.253.17 - - [03/Feb/2023:06:30:55 -0800] "GET /feynman/ppic/parton88a.jpg HTTP/1.1" 200 55506 "-" "Mozilla/5.0 (compatible; AhrefsBot/7.0; +http://ahrefs.com/robot/)" "www.ysfine.com"
51.222.253.7 - - [03/Feb/2023:06:30:56 -0800] "GET /einstein/fantova/fanto11c.jpg HTTP/1.1" 200 48308 "-" "Mozilla/5.0 (compatible; AhrefsBot/7.0; +http://ahrefs.com/robot/)" "www.ysfine.com"
51.222.253.6 - - [03/Feb/2023:06:30:56 -0800] "GET /einstein/texfiles/einheis02.jpg HTTP/1.1" 200 27605 "-" "Mozilla/5.0 (compatible; AhrefsBot/7.0; +http://ahrefs.com/robot/)" "www.ysfine.com"
51.222.253.18 - - [03/Feb/2023:06:30:56 -0800] "GET /dirac/o32c.jpg HTTP/1.1" 200 30707 "-" "Mozilla/5.0 (compatible; AhrefsBot/7.0; +http://ahrefs.com/robot/)" "www.ysfine.com"
51.222.253.10 - - [03/Feb/2023:06:30:57 -0800] "GET /heisen/bohrheisen11c.jpg HTTP/1.1" 200 41289 "-" "Mozilla/5.0 (compatible; AhrefsBot/7.0; +http://ahrefs.com/robot/)" "www.ysfine.com"
51.222.253.17 - - [03/Feb/2023:06:30:57 -0800] "GET /einstein/texfiles/einheis05.jpg HTTP/1.1" 200 31679 "-" "Mozilla/5.0 (compatible; AhrefsBot/7.0; +http://ahrefs.com/robot/)" "www.ysfine.com"
51.222.253.14 - - [03/Feb/2023:06:30:58 -0800] "GET /heisen/schroheisen33c.jpg HTTP/1.1" 200 47347 "-" "Mozilla/5.0 (compatible; AhrefsBot/7.0; +http://ahrefs.com/robot/)" "www.ysfine.com"
51.222.253.20 - - [03/Feb/2023:06:30:58 -0800] "GET /wigner/wighome11c.jpg HTTP/1.1" 200 45648 "-" "Mozilla/5.0 (compatible; AhrefsBot/7.0; +http://ahrefs.com/robot/)" "www.ysfine.com"
95.87.154.11 - - [03/Feb/2023:06:31:18 -0800] "GET /wdc/ndu11.html HTTP/1.1" 404 73 "-" "Mozilla/5.0 (compatible; MaCoCu; +https://www.clarin.si/info/macocu-massive-collection-and-curation-of-monolingual-and-bilingual-data/)" "ysfine.com"
95.87.154.11 - - [03/Feb/2023:06:31:39 -0800] "GET /wdc/eindc.html HTTP/1.1" 200 2378 "-" "Mozilla/5.0 (compatible; MaCoCu; +https://www.clarin.si/info/macocu-massive-collection-and-curation-of-monolingual-and-bilingual-data/)" "ysfine.com"
95.87.154.11 - - [03/Feb/2023:06:31:58 -0800] "GET /wdc/sakura.html HTTP/1.1" 200 1975 "-" "Mozilla/5.0 (compatible; MaCoCu; +https://www.clarin.si/info/macocu-massive-collection-and-curation-of-monolingual-and-bilingual-data/)" "ysfine.com"
123.183.224.88 - - [03/Feb/2023:06:32:14 -0800] "GET / HTTP/1.1" 200 5295 "-" "Sogou web spider/4.0(+http://www.sogou.com/docs/help/webmasters.htm#07)" "ysfine.com"
192.24.90.76 - - [03/Feb/2023:06:32:16 -0800] "GET /einstein/eincurie11.jpg HTTP/1.1" 200 71229 "https://www.google.com/" "Mozilla/5.0 (X11; CrOS x86_64 14989.107.0) AppleWebKit/537.36 (KHTML, like Gecko) Chrome/105.0.0.0 Safari/537.36" "ysfine.com"
95.87.154.11 - - [03/Feb/2023:06:32:19 -0800] "GET /wdc/vernon.html HTTP/1.1" 200 5359 "-" "Mozilla/5.0 (compatible; MaCoCu; +https://www.clarin.si/info/macocu-massive-collection-and-curation-of-monolingual-and-bilingual-data/)" "ysfine.com"
52.167.144.62 - - [03/Feb/2023:06:32:27 -0800] "GET /yspapers/iopbook15.pdf HTTP/1.1" 304 - "-" "Mozilla/5.0 AppleWebKit/537.36 (KHTML, like Gecko; compatible; bingbot/2.0; +http://www.bing.com/bingbot.htm) Chrome/103.0.5060.134 Safari/537.36" "www.ysfine.com"
116.179.32.134 - - [03/Feb/2023:06:32:29 -0800] "GET /einstein/heisenberg.html HTTP/1.1" 200 10552 "-" "Mozilla/5.0 (compatible; Baiduspider/2.0; +http://www.baidu.com/search/spider.html)" "www.ysfine.com"
116.179.37.79 - - [03/Feb/2023:06:32:31 -0800] "GET /einstein/einhouse11c.jpg HTTP/1.1" 200 32610 "https://www.ysfine.com/einstein/heisenberg.html" "Mozilla/5.0 (compatible; Baiduspider-render/2.0; +http://www.baidu.com/search/spider.html)" "www.ysfine.com"
116.179.37.48 - - [03/Feb/2023:06:32:31 -0800] "GET /einstein/texfiles/einheis01.jpg HTTP/1.1" 200 32456 "https://www.ysfine.com/einstein/heisenberg.html" "Mozilla/5.0 (compatible; Baiduspider-render/2.0; +http://www.baidu.com/search/spider.html)" "www.ysfine.com"
116.179.37.147 - - [03/Feb/2023:06:32:31 -0800] "GET /feynman/ppic/parton88a.jpg HTTP/1.1" 200 55506 "https://www.ysfine.com/einstein/heisenberg.html" "Mozilla/5.0 (compatible; Baiduspider-render/2.0; +http://www.baidu.com/search/spider.html)" "www.ysfine.com"
116.179.37.208 - - [03/Feb/2023:06:32:31 -0800] "GET /wigner/wigkim11c.jpg HTTP/1.1" 200 30443 "https://www.ysfine.com/einstein/heisenberg.html" "Mozilla/5.0 (compatible; Baiduspider-render/2.0; +http://www.baidu.com/search/spider.html)" "www.ysfine.com"
116.179.37.71 - - [03/Feb/2023:06:32:31 -0800] "GET /einstein/texfiles/einheis03.jpg HTTP/1.1" 200 46000 "https://www.ysfine.com/einstein/heisenberg.html" "Mozilla/5.0 (compatible; Baiduspider-render/2.0; +http://www.baidu.com/search/spider.html)" "www.ysfine.com"
116.179.37.240 - - [03/Feb/2023:06:32:31 -0800] "GET /einstein/fantova/fanto11c.jpg HTTP/1.1" 200 48308 "https://www.ysfine.com/einstein/heisenberg.html" "Mozilla/5.0 (compatible; Baiduspider-render/2.0; +http://www.baidu.com/search/spider.html)" "www.ysfine.com"
116.179.37.223 - - [03/Feb/2023:06:32:31 -0800] "GET /heisen/schroheisen33c.jpg HTTP/1.1" 200 47347 "https://www.ysfine.com/einstein/heisenberg.html" "Mozilla/5.0 (compatible; Baiduspider-render/2.0; +http://www.baidu.com/search/spider.html)" "www.ysfine.com"
116.179.37.22 - - [03/Feb/2023:06:32:31 -0800] "GET /heisen/heisen66c.jpg HTTP/1.1" 200 43543 "https://www.ysfine.com/einstein/heisenberg.html" "Mozilla/5.0 (compatible; Baiduspider-render/2.0; +http://www.baidu.com/search/spider.html)" "www.ysfine.com"
116.179.37.136 - - [03/Feb/2023:06:32:31 -0800] "GET /wigner/wigheis11c.jpg HTTP/1.1" 200 41279 "https://www.ysfine.com/einstein/heisenberg.html" "Mozilla/5.0 (compatible; Baiduspider-render/2.0; +http://www.baidu.com/search/spider.html)" "www.ysfine.com"
116.179.37.119 - - [03/Feb/2023:06:32:31 -0800] "GET /einstein/texfiles/einheis02.jpg HTTP/1.1" 200 27605 "https://www.ysfine.com/einstein/heisenberg.html" "Mozilla/5.0 (compatible; Baiduspider-render/2.0; +http://www.baidu.com/search/spider.html)" "www.ysfine.com"
116.179.37.177 - - [03/Feb/2023:06:32:31 -0800] "GET /einstein/math/sp2c.jpg HTTP/1.1" 200 29719 "https://www.ysfine.com/einstein/heisenberg.html" "Mozilla/5.0 (compatible; Baiduspider-render/2.0; +http://www.baidu.com/search/spider.html)" "www.ysfine.com"
116.179.37.109 - - [03/Feb/2023:06:32:31 -0800] "GET /wigner/wighome11c.jpg HTTP/1.1" 200 45648 "https://www.ysfine.com/einstein/heisenberg.html" "Mozilla/5.0 (compatible; Baiduspider-render/2.0; +http://www.baidu.com/search/spider.html)" "www.ysfine.com"
116.179.37.114 - - [03/Feb/2023:06:32:31 -0800] "GET /einstein/texfiles/einheis05.jpg HTTP/1.1" 200 31679 "https://www.ysfine.com/einstein/heisenberg.html" "Mozilla/5.0 (compatible; Baiduspider-render/2.0; +http://www.baidu.com/search/spider.html)" "www.ysfine.com"
116.179.37.112 - - [03/Feb/2023:06:32:31 -0800] "GET /heisen/bohrheisen11c.jpg HTTP/1.1" 200 41289 "https://www.ysfine.com/einstein/heisenberg.html" "Mozilla/5.0 (compatible; Baiduspider-render/2.0; +http://www.baidu.com/search/spider.html)" "www.ysfine.com"
116.179.37.182 - - [03/Feb/2023:06:32:33 -0800] "GET /dirac/2osc22c.jpg HTTP/1.1" 200 28929 "https://www.ysfine.com/einstein/heisenberg.html" "Mozilla/5.0 (compatible; Baiduspider-render/2.0; +http://www.baidu.com/search/spider.html)" "www.ysfine.com"
116.179.37.148 - - [03/Feb/2023:06:32:33 -0800] "GET /dirac/o32c.jpg HTTP/1.1" 200 30707 "https://www.ysfine.com/einstein/heisenberg.html" "Mozilla/5.0 (compatible; Baiduspider-render/2.0; +http://www.baidu.com/search/spider.html)" "www.ysfine.com"
116.179.37.85 - - [03/Feb/2023:06:32:33 -0800] "GET /dirac/o32inho22c.jpg HTTP/1.1" 200 33038 "https://www.ysfine.com/einstein/heisenberg.html" "Mozilla/5.0 (compatible; Baiduspider-render/2.0; +http://www.baidu.com/search/spider.html)" "www.ysfine.com"
116.179.37.50 - - [03/Feb/2023:06:32:33 -0800] "GET /home/figs/sq55c.jpg HTTP/1.1" 200 29581 "https://www.ysfine.com/einstein/heisenberg.html" "Mozilla/5.0 (compatible; Baiduspider-render/2.0; +http://www.baidu.com/search/spider.html)" "www.ysfine.com"
116.179.37.67 - - [03/Feb/2023:06:32:34 -0800] "GET /dirac/dirheisen31c.jpg HTTP/1.1" 200 43569 "https://www.ysfine.com/einstein/heisenberg.html" "Mozilla/5.0 (compatible; Baiduspider-render/2.0; +http://www.baidu.com/search/spider.html)" "www.ysfine.com"
95.87.154.11 - - [03/Feb/2023:06:32:39 -0800] "GET /maga/tesla.html HTTP/1.1" 200 11060 "-" "Mozilla/5.0 (compatible; MaCoCu; +https://www.clarin.si/info/macocu-massive-collection-and-curation-of-monolingual-and-bilingual-data/)" "ysfine.com"
