95.87.154.11 - - [03/Feb/2023:05:03:03 -0800] "GET /yspapers/kim89.pdf HTTP/1.1" 200 304160 "-" "Mozilla/5.0 (compatible; MaCoCu; +https://www.clarin.si/info/macocu-massive-collection-and-curation-of-monolingual-and-bilingual-data/)" "ysfine.com"
95.87.154.11 - - [03/Feb/2023:05:03:32 -0800] "GET /wigner/wigstu.html HTTP/1.1" 200 7817 "-" "Mozilla/5.0 (compatible; MaCoCu; +https://www.clarin.si/info/macocu-massive-collection-and-curation-of-monolingual-and-bilingual-data/)" "ysfine.com"
95.87.154.11 - - [03/Feb/2023:05:04:03 -0800] "GET /yspapers/cylin.pdf HTTP/1.1" 200 358984 "-" "Mozilla/5.0 (compatible; MaCoCu; +https://www.clarin.si/info/macocu-massive-collection-and-curation-of-monolingual-and-bilingual-data/)" "ysfine.com"
95.87.154.11 - - [03/Feb/2023:05:04:14 -0800] "GET /home/internal.html HTTP/1.1" 200 5293 "-" "Mozilla/5.0 (compatible; MaCoCu; +https://www.clarin.si/info/macocu-massive-collection-and-curation-of-monolingual-and-bilingual-data/)" "ysfine.com"
95.87.154.11 - - [03/Feb/2023:05:04:23 -0800] "GET /yspapers/index.html HTTP/1.1" 200 78328 "-" "Mozilla/5.0 (compatible; MaCoCu; +https://www.clarin.si/info/macocu-massive-collection-and-curation-of-monolingual-and-bilingual-data/)" "ysfine.com"
207.46.13.64 - - [03/Feb/2023:05:04:37 -0800] "GET /world/latina/buenos10.jpg HTTP/1.1" 200 140123 "-" "Mozilla/5.0 AppleWebKit/537.36 (KHTML, like Gecko; compatible; bingbot/2.0; +http://www.bing.com/bingbot.htm) Chrome/103.0.5060.134 Safari/537.36" "ysfine.com"
95.87.154.11 - - [03/Feb/2023:05:04:44 -0800] "GET /houses/myhouse.html HTTP/1.1" 200 3843 "-" "Mozilla/5.0 (compatible; MaCoCu; +https://www.clarin.si/info/macocu-massive-collection-and-curation-of-monolingual-and-bilingual-data/)" "ysfine.com"
95.87.154.11 - - [03/Feb/2023:05:05:05 -0800] "GET /princeton/sbtwein.html HTTP/1.1" 200 424 "-" "Mozilla/5.0 (compatible; MaCoCu; +https://www.clarin.si/info/macocu-massive-collection-and-curation-of-monolingual-and-bilingual-data/)" "ysfine.com"
95.87.154.11 - - [03/Feb/2023:05:05:27 -0800] "GET /einstein/einstorie.html HTTP/1.1" 200 7910 "-" "Mozilla/5.0 (compatible; MaCoCu; +https://www.clarin.si/info/macocu-massive-collection-and-curation-of-monolingual-and-bilingual-data/)" "ysfine.com"
34.207.195.53 - - [03/Feb/2023:05:05:58 -0800] "GET /dirac/diracsq22.html HTTP/1.1" 200 7395 "https://www.google.com/" "Mozilla/5.0 (Windows NT 10.0; Win64; x64) AppleWebKit/537.36 (KHTML, like Gecko) Chrome/102.0.0.0 Safari/537.36" "ysfine.com"
192.145.174.139 - - [03/Feb/2023:05:06:57 -0800] "GET /feynman/feyheg.html HTTP/1.1" 200 6341 "-" "Mozilla/5.0 (Linux; Android 11; SM-A022F Build/RP1A.200720.012) AppleWebKit/537.36 (KHTML, like Gecko) Chrome/109.0.5414.118 Mobile Safari/537.36" "ysfine.com"
192.145.174.139 - - [03/Feb/2023:05:06:58 -0800] "GET /feynman/feyheg11b.jpg HTTP/1.1" 200 27621 "https://ysfine.com/feynman/feyheg.html" "Mozilla/5.0 (Linux; Android 11; SM-A022F Build/RP1A.200720.012) AppleWebKit/537.36 (KHTML, like Gecko) Chrome/109.0.5414.118 Mobile Safari/537.36" "ysfine.com"
192.145.174.139 - - [03/Feb/2023:05:06:58 -0800] "GET /maga/phil/hegplanck01b.jpg HTTP/1.1" 200 35450 "https://ysfine.com/feynman/feyheg.html" "Mozilla/5.0 (Linux; Android 11; SM-A022F Build/RP1A.200720.012) AppleWebKit/537.36 (KHTML, like Gecko) Chrome/109.0.5414.118 Mobile Safari/537.36" "ysfine.com"
192.145.174.139 - - [03/Feb/2023:05:06:58 -0800] "GET /einstein/further08b.jpg HTTP/1.1" 200 58023 "https://ysfine.com/feynman/feyheg.html" "Mozilla/5.0 (Linux; Android 11; SM-A022F Build/RP1A.200720.012) AppleWebKit/537.36 (KHTML, like Gecko) Chrome/109.0.5414.118 Mobile Safari/537.36" "ysfine.com"
192.145.174.139 - - [03/Feb/2023:05:06:58 -0800] "GET /einstein/further10b.jpg HTTP/1.1" 200 31900 "https://ysfine.com/feynman/feyheg.html" "Mozilla/5.0 (Linux; Android 11; SM-A022F Build/RP1A.200720.012) AppleWebKit/537.36 (KHTML, like Gecko) Chrome/109.0.5414.118 Mobile Safari/537.36" "ysfine.com"
192.145.174.139 - - [03/Feb/2023:05:06:58 -0800] "GET /maga/phil/hegel21c.jpg HTTP/1.1" 200 40911 "https://ysfine.com/feynman/feyheg.html" "Mozilla/5.0 (Linux; Android 11; SM-A022F Build/RP1A.200720.012) AppleWebKit/537.36 (KHTML, like Gecko) Chrome/109.0.5414.118 Mobile Safari/537.36" "ysfine.com"
192.145.174.139 - - [03/Feb/2023:05:06:58 -0800] "GET /feynman/jacdrum11b.jpg HTTP/1.1" 200 49846 "https://ysfine.com/feynman/feyheg.html" "Mozilla/5.0 (Linux; Android 11; SM-A022F Build/RP1A.200720.012) AppleWebKit/537.36 (KHTML, like Gecko) Chrome/109.0.5414.118 Mobile Safari/537.36" "ysfine.com"
192.145.174.139 - - [03/Feb/2023:05:06:58 -0800] "GET /maga/phil/hegel10c.jpg HTTP/1.1" 200 591384 "https://ysfine.com/feynman/feyheg.html" "Mozilla/5.0 (Linux; Android 11; SM-A022F Build/RP1A.200720.012) AppleWebKit/537.36 (KHTML, like Gecko) Chrome/109.0.5414.118 Mobile Safari/537.36" "ysfine.com"
192.145.174.139 - - [03/Feb/2023:05:06:58 -0800] "GET /feynman/feygell66b.jpg HTTP/1.1" 200 28843 "https://ysfine.com/feynman/feyheg.html" "Mozilla/5.0 (Linux; Android 11; SM-A022F Build/RP1A.200720.012) AppleWebKit/537.36 (KHTML, like Gecko) Chrome/109.0.5414.118 Mobile Safari/537.36" "ysfine.com"
192.145.174.139 - - [03/Feb/2023:05:07:02 -0800] "GET /maga/phil/kanthegel620.jpg HTTP/1.1" 200 54203 "https://ysfine.com/feynman/feyheg.html" "Mozilla/5.0 (Linux; Android 11; SM-A022F Build/RP1A.200720.012) AppleWebKit/537.36 (KHTML, like Gecko) Chrome/109.0.5414.118 Mobile Safari/537.36" "ysfine.com"
192.145.174.139 - - [03/Feb/2023:05:07:02 -0800] "GET /wigner/isomor66b.jpg HTTP/1.1" 200 60963 "https://ysfine.com/feynman/feyheg.html" "Mozilla/5.0 (Linux; Android 11; SM-A022F Build/RP1A.200720.012) AppleWebKit/537.36 (KHTML, like Gecko) Chrome/109.0.5414.118 Mobile Safari/537.36" "ysfine.com"
192.145.174.139 - - [03/Feb/2023:05:07:05 -0800] "GET /maga/phil/hegkim01b.jpg HTTP/1.1" 200 37737 "https://ysfine.com/feynman/feyheg.html" "Mozilla/5.0 (Linux; Android 11; SM-A022F Build/RP1A.200720.012) AppleWebKit/537.36 (KHTML, like Gecko) Chrome/109.0.5414.118 Mobile Safari/537.36" "ysfine.com"
192.145.174.139 - - [03/Feb/2023:05:07:05 -0800] "GET /maga/phil/marxvalue11b.jpg HTTP/1.1" 200 37009 "https://ysfine.com/feynman/feyheg.html" "Mozilla/5.0 (Linux; Android 11; SM-A022F Build/RP1A.200720.012) AppleWebKit/537.36 (KHTML, like Gecko) Chrome/109.0.5414.118 Mobile Safari/537.36" "ysfine.com"
192.145.174.139 - - [03/Feb/2023:05:07:05 -0800] "GET /world/baltic/kantname11b.jpg HTTP/1.1" 200 23369 "https://ysfine.com/feynman/feyheg.html" "Mozilla/5.0 (Linux; Android 11; SM-A022F Build/RP1A.200720.012) AppleWebKit/537.36 (KHTML, like Gecko) Chrome/109.0.5414.118 Mobile Safari/537.36" "ysfine.com"
192.145.174.139 - - [03/Feb/2023:05:07:05 -0800] "GET /maga/phil/marxphil55a.jpg HTTP/1.1" 200 95538 "https://ysfine.com/feynman/feyheg.html" "Mozilla/5.0 (Linux; Android 11; SM-A022F Build/RP1A.200720.012) AppleWebKit/537.36 (KHTML, like Gecko) Chrome/109.0.5414.118 Mobile Safari/537.36" "ysfine.com"
192.145.174.139 - - [03/Feb/2023:05:07:05 -0800] "GET /wigner/cylinder11b.jpg HTTP/1.1" 200 38614 "https://ysfine.com/feynman/feyheg.html" "Mozilla/5.0 (Linux; Android 11; SM-A022F Build/RP1A.200720.012) AppleWebKit/537.36 (KHTML, like Gecko) Chrome/109.0.5414.118 Mobile Safari/537.36" "ysfine.com"
192.145.174.139 - - [03/Feb/2023:05:07:05 -0800] "GET /wigner/wight2002a.jpg HTTP/1.1" 200 57767 "https://ysfine.com/feynman/feyheg.html" "Mozilla/5.0 (Linux; Android 11; SM-A022F Build/RP1A.200720.012) AppleWebKit/537.36 (KHTML, like Gecko) Chrome/109.0.5414.118 Mobile Safari/537.36" "ysfine.com"
192.145.174.139 - - [03/Feb/2023:05:07:06 -0800] "GET /maga/phil/nietzsche11b.jpg HTTP/1.1" 200 31647 "https://ysfine.com/feynman/feyheg.html" "Mozilla/5.0 (Linux; Android 11; SM-A022F Build/RP1A.200720.012) AppleWebKit/537.36 (KHTML, like Gecko) Chrome/109.0.5414.118 Mobile Safari/537.36" "ysfine.com"
192.145.174.139 - - [03/Feb/2023:05:07:06 -0800] "GET /einstein/eintao11a.jpg HTTP/1.1" 200 51872 "https://ysfine.com/feynman/feyheg.html" "Mozilla/5.0 (Linux; Android 11; SM-A022F Build/RP1A.200720.012) AppleWebKit/537.36 (KHTML, like Gecko) Chrome/109.0.5414.118 Mobile Safari/537.36" "ysfine.com"
192.145.174.139 - - [03/Feb/2023:05:07:06 -0800] "GET /eink/eink61c.jpg HTTP/1.1" 200 34119 "https://ysfine.com/feynman/feyheg.html" "Mozilla/5.0 (Linux; Android 11; SM-A022F Build/RP1A.200720.012) AppleWebKit/537.36 (KHTML, like Gecko) Chrome/109.0.5414.118 Mobile Safari/537.36" "ysfine.com"
192.145.174.139 - - [03/Feb/2023:05:07:08 -0800] "GET /favicon.ico HTTP/1.1" 404 88 "https://ysfine.com/feynman/feyheg.html" "Mozilla/5.0 (Linux; Android 11; SM-A022F Build/RP1A.200720.012) AppleWebKit/537.36 (KHTML, like Gecko) Chrome/109.0.5414.118 Mobile Safari/537.36" "ysfine.com"
40.77.167.192 - - [03/Feb/2023:05:07:39 -0800] "GET /bio/kobak/soraech.html HTTP/1.1" 404 88 "-" "Mozilla/5.0 AppleWebKit/537.36 (KHTML, like Gecko; compatible; bingbot/2.0; +http://www.bing.com/bingbot.htm) Chrome/103.0.5060.134 Safari/537.36" "ysfine.com"
192.145.174.139 - - [03/Feb/2023:05:08:51 -0800] "GET /feynman/feyheg.html HTTP/1.1" 200 6341 "-" "Mozilla/5.0 (Linux; Android 11; SM-A022F Build/RP1A.200720.012) AppleWebKit/537.36 (KHTML, like Gecko) Chrome/109.0.5414.118 Mobile Safari/537.36" "ysfine.com"
192.145.174.139 - - [03/Feb/2023:05:08:51 -0800] "GET /feynman/feyheg11b.jpg HTTP/1.1" 200 27621 "https://ysfine.com/feynman/feyheg.html" "Mozilla/5.0 (Linux; Android 11; SM-A022F Build/RP1A.200720.012) AppleWebKit/537.36 (KHTML, like Gecko) Chrome/109.0.5414.118 Mobile Safari/537.36" "ysfine.com"
192.145.174.139 - - [03/Feb/2023:05:08:51 -0800] "GET /maga/phil/hegplanck01b.jpg HTTP/1.1" 200 35450 "https://ysfine.com/feynman/feyheg.html" "Mozilla/5.0 (Linux; Android 11; SM-A022F Build/RP1A.200720.012) AppleWebKit/537.36 (KHTML, like Gecko) Chrome/109.0.5414.118 Mobile Safari/537.36" "ysfine.com"
192.145.174.139 - - [03/Feb/2023:05:08:51 -0800] "GET /einstein/further08b.jpg HTTP/1.1" 200 58023 "https://ysfine.com/feynman/feyheg.html" "Mozilla/5.0 (Linux; Android 11; SM-A022F Build/RP1A.200720.012) AppleWebKit/537.36 (KHTML, like Gecko) Chrome/109.0.5414.118 Mobile Safari/537.36" "ysfine.com"
192.145.174.139 - - [03/Feb/2023:05:08:52 -0800] "GET /einstein/further10b.jpg HTTP/1.1" 200 31900 "https://ysfine.com/feynman/feyheg.html" "Mozilla/5.0 (Linux; Android 11; SM-A022F Build/RP1A.200720.012) AppleWebKit/537.36 (KHTML, like Gecko) Chrome/109.0.5414.118 Mobile Safari/537.36" "ysfine.com"
192.145.174.139 - - [03/Feb/2023:05:08:52 -0800] "GET /feynman/feygell66b.jpg HTTP/1.1" 200 28843 "https://ysfine.com/feynman/feyheg.html" "Mozilla/5.0 (Linux; Android 11; SM-A022F Build/RP1A.200720.012) AppleWebKit/537.36 (KHTML, like Gecko) Chrome/109.0.5414.118 Mobile Safari/537.36" "ysfine.com"
192.145.174.139 - - [03/Feb/2023:05:08:52 -0800] "GET /feynman/jacdrum11b.jpg HTTP/1.1" 200 49846 "https://ysfine.com/feynman/feyheg.html" "Mozilla/5.0 (Linux; Android 11; SM-A022F Build/RP1A.200720.012) AppleWebKit/537.36 (KHTML, like Gecko) Chrome/109.0.5414.118 Mobile Safari/537.36" "ysfine.com"
192.145.174.139 - - [03/Feb/2023:05:08:52 -0800] "GET /maga/phil/hegel21c.jpg HTTP/1.1" 200 40911 "https://ysfine.com/feynman/feyheg.html" "Mozilla/5.0 (Linux; Android 11; SM-A022F Build/RP1A.200720.012) AppleWebKit/537.36 (KHTML, like Gecko) Chrome/109.0.5414.118 Mobile Safari/537.36" "ysfine.com"
192.145.174.139 - - [03/Feb/2023:05:08:52 -0800] "GET /maga/phil/hegel10c.jpg HTTP/1.1" 200 591384 "https://ysfine.com/feynman/feyheg.html" "Mozilla/5.0 (Linux; Android 11; SM-A022F Build/RP1A.200720.012) AppleWebKit/537.36 (KHTML, like Gecko) Chrome/109.0.5414.118 Mobile Safari/537.36" "ysfine.com"
207.46.13.64 - - [03/Feb/2023:05:09:06 -0800] "GET / HTTP/1.1" 200 5295 "-" "Mozilla/5.0 AppleWebKit/537.36 (KHTML, like Gecko; compatible; bingbot/2.0; +http://www.bing.com/bingbot.htm) Chrome/103.0.5060.134 Safari/537.36" "www.ysfine.com"
51.222.253.14 - - [03/Feb/2023:05:09:47 -0800] "GET /maga/galtime.html HTTP/1.1" 200 1944 "-" "Mozilla/5.0 (compatible; AhrefsBot/7.0; +http://ahrefs.com/robot/)" "www.ysfine.com"
51.222.253.17 - - [03/Feb/2023:05:09:49 -0800] "GET /world/ital/museo.jpg HTTP/1.1" 200 41524 "-" "Mozilla/5.0 (compatible; AhrefsBot/7.0; +http://ahrefs.com/robot/)" "www.ysfine.com"
77.88.5.26 - - [03/Feb/2023:05:10:29 -0800] "GET /kobak/liber45.jpg HTTP/1.1" 200 141542 "-" "Mozilla/5.0 (compatible; YandexImages/3.0; +http://yandex.com/bots)" "www.ysfine.com"
216.244.66.229 - - [03/Feb/2023:05:11:41 -0800] "GET /world/ital/verona19.jpg HTTP/1.1" 200 93439 "-" "Mozilla/5.0 (compatible; DotBot/1.2; +https://opensiteexplorer.org/dotbot; help@moz.com)" "www.ysfine.com"
54.201.232.193 - - [03/Feb/2023:05:11:53 -0800] "GET /feynman/page55.jpg HTTP/1.1" 200 98479 "-" "Mozilla/5.0 (X11; Ubuntu; Linux x86_64; rv:72.0) Gecko/20100101 Firefox/72.0" "www.ysfine.com"
216.244.66.229 - - [03/Feb/2023:05:12:10 -0800] "GET /world/ital/veronasis02.jpg HTTP/1.1" 200 118161 "-" "Mozilla/5.0 (compatible; DotBot/1.2; +https://opensiteexplorer.org/dotbot; help@moz.com)" "www.ysfine.com"
52.167.144.86 - - [03/Feb/2023:05:12:23 -0800] "GET /bio/wigner/e(2).html HTTP/1.1" 404 88 "-" "Mozilla/5.0 AppleWebKit/537.36 (KHTML, like Gecko; compatible; bingbot/2.0; +http://www.bing.com/bingbot.htm) Chrome/103.0.5060.134 Safari/537.36" "ysfine.com"
95.87.154.11 - - [03/Feb/2023:05:13:41 -0800] "GET /dwf.html HTTP/1.1" 404 73 "-" "Mozilla/5.0 (compatible; MaCoCu; +https://www.clarin.si/info/macocu-massive-collection-and-curation-of-monolingual-and-bilingual-data/)" "ysfine.com"
77.88.5.212 - - [03/Feb/2023:05:13:51 -0800] "GET /newyork/rocke06.jpg HTTP/1.1" 200 221571 "-" "Mozilla/5.0 (compatible; YandexImages/3.0; +http://yandex.com/bots)" "www.ysfine.com"
95.87.154.11 - - [03/Feb/2023:05:14:12 -0800] "GET /bio15.html HTTP/1.1" 200 54160 "-" "Mozilla/5.0 (compatible; MaCoCu; +https://www.clarin.si/info/macocu-massive-collection-and-curation-of-monolingual-and-bilingual-data/)" "ysfine.com"
95.87.154.11 - - [03/Feb/2023:05:14:22 -0800] "GET /bio04.html HTTP/1.1" 200 25794 "-" "Mozilla/5.0 (compatible; MaCoCu; +https://www.clarin.si/info/macocu-massive-collection-and-curation-of-monolingual-and-bilingual-data/)" "ysfine.com"
95.87.154.11 - - [03/Feb/2023:05:15:02 -0800] "GET /bio05.html HTTP/1.1" 200 20590 "-" "Mozilla/5.0 (compatible; MaCoCu; +https://www.clarin.si/info/macocu-massive-collection-and-curation-of-monolingual-and-bilingual-data/)" "ysfine.com"
216.244.66.229 - - [03/Feb/2023:05:15:59 -0800] "GET /world/ital/bologr09.jpg HTTP/1.1" 200 109175 "-" "Mozilla/5.0 (compatible; DotBot/1.2; +https://opensiteexplorer.org/dotbot; help@moz.com)" "www.ysfine.com"
95.87.154.11 - - [03/Feb/2023:05:16:05 -0800] "GET /bio03.html HTTP/1.1" 200 27873 "-" "Mozilla/5.0 (compatible; MaCoCu; +https://www.clarin.si/info/macocu-massive-collection-and-curation-of-monolingual-and-bilingual-data/)" "ysfine.com"
95.87.154.11 - - [03/Feb/2023:05:16:24 -0800] "GET /bio08.html HTTP/1.1" 200 18137 "-" "Mozilla/5.0 (compatible; MaCoCu; +https://www.clarin.si/info/macocu-massive-collection-and-curation-of-monolingual-and-bilingual-data/)" "ysfine.com"
207.46.13.104 - - [03/Feb/2023:05:16:31 -0800] "GET /bio/sbk/1950.html HTTP/1.1" 404 88 "-" "Mozilla/5.0 AppleWebKit/537.36 (KHTML, like Gecko; compatible; bingbot/2.0; +http://www.bing.com/bingbot.htm) Chrome/103.0.5060.134 Safari/537.36" "ysfine.com"
216.244.66.229 - - [03/Feb/2023:05:16:34 -0800] "GET /world/ital/spstep16.jpg HTTP/1.1" 200 120846 "-" "Mozilla/5.0 (compatible; DotBot/1.2; +https://opensiteexplorer.org/dotbot; help@moz.com)" "www.ysfine.com"
95.87.154.11 - - [03/Feb/2023:05:16:45 -0800] "GET /kowar/tanks.html HTTP/1.1" 200 23717 "-" "Mozilla/5.0 (compatible; MaCoCu; +https://www.clarin.si/info/macocu-massive-collection-and-curation-of-monolingual-and-bilingual-data/)" "ysfine.com"
44.200.182.60 - - [03/Feb/2023:05:16:53 -0800] "GET /einstein/heisen33b.jpg HTTP/1.1" 200 78035 "-" "Mozilla/5.0 (X11; Ubuntu; Linux x86_64; rv:72.0) Gecko/20100101 Firefox/72.0" "ysfine.com"
51.222.253.4 - - [03/Feb/2023:05:16:59 -0800] "GET /maga/bohrdc.html HTTP/1.1" 200 4181 "-" "Mozilla/5.0 (compatible; AhrefsBot/7.0; +http://ahrefs.com/robot/)" "www.ysfine.com"
51.222.253.4 - - [03/Feb/2023:05:17:01 -0800] "GET /eink/eink61c.jpg HTTP/1.1" 200 34119 "-" "Mozilla/5.0 (compatible; AhrefsBot/7.0; +http://ahrefs.com/robot/)" "www.ysfine.com"
51.222.253.13 - - [03/Feb/2023:05:17:01 -0800] "GET /maga/phys/bohr22b.jpg HTTP/1.1" 200 31482 "-" "Mozilla/5.0 (compatible; AhrefsBot/7.0; +http://ahrefs.com/robot/)" "www.ysfine.com"
51.222.253.5 - - [03/Feb/2023:05:17:02 -0800] "GET /world/baltic/kantm08b.jpg HTTP/1.1" 200 32412 "-" "Mozilla/5.0 (compatible; AhrefsBot/7.0; +http://ahrefs.com/robot/)" "www.ysfine.com"
51.222.253.18 - - [03/Feb/2023:05:17:02 -0800] "GET /maga/phys/bohr05b.jpg HTTP/1.1" 200 33923 "-" "Mozilla/5.0 (compatible; AhrefsBot/7.0; +http://ahrefs.com/robot/)" "www.ysfine.com"
51.222.253.20 - - [03/Feb/2023:05:17:03 -0800] "GET /friends/albania99b.jpg HTTP/1.1" 404 88 "-" "Mozilla/5.0 (compatible; AhrefsBot/7.0; +http://ahrefs.com/robot/)" "www.ysfine.com"
51.222.253.1 - - [03/Feb/2023:05:17:03 -0800] "GET /einstein/evol66b.jpg HTTP/1.1" 200 38577 "-" "Mozilla/5.0 (compatible; AhrefsBot/7.0; +http://ahrefs.com/robot/)" "www.ysfine.com"
51.222.253.13 - - [03/Feb/2023:05:17:03 -0800] "GET /maga/phil/yy10b.jpg HTTP/1.1" 200 24920 "-" "Mozilla/5.0 (compatible; AhrefsBot/7.0; +http://ahrefs.com/robot/)" "www.ysfine.com"
95.87.154.11 - - [03/Feb/2023:05:17:05 -0800] "GET /bio02.html HTTP/1.1" 200 35716 "-" "Mozilla/5.0 (compatible; MaCoCu; +https://www.clarin.si/info/macocu-massive-collection-and-curation-of-monolingual-and-bilingual-data/)" "ysfine.com"
146.185.78.169 - - [03/Feb/2023:05:17:16 -0800] "GET / HTTP/1.1" 200 5295 "-" "Swisscows Favicons" "www.ysfine.com"
146.185.78.169 - - [03/Feb/2023:05:17:16 -0800] "GET /favicon.ico HTTP/1.1" 404 88 "-" "Swisscows Favicons" "www.ysfine.com"
95.87.154.11 - - [03/Feb/2023:05:17:26 -0800] "GET /bio11.html HTTP/1.1" 200 9267 "-" "Mozilla/5.0 (compatible; MaCoCu; +https://www.clarin.si/info/macocu-massive-collection-and-curation-of-monolingual-and-bilingual-data/)" "ysfine.com"
40.77.167.192 - - [03/Feb/2023:05:17:30 -0800] "GET /bio.html HTTP/1.1" 200 18260 "-" "Mozilla/5.0 AppleWebKit/537.36 (KHTML, like Gecko; compatible; bingbot/2.0; +http://www.bing.com/bingbot.htm) Chrome/103.0.5060.134 Safari/537.36" "ysfine.com"
95.87.154.11 - - [03/Feb/2023:05:17:46 -0800] "GET /bio17.html HTTP/1.1" 200 32002 "-" "Mozilla/5.0 (compatible; MaCoCu; +https://www.clarin.si/info/macocu-massive-collection-and-curation-of-monolingual-and-bilingual-data/)" "ysfine.com"
114.119.154.203 - - [03/Feb/2023:05:17:58 -0800] "GET /ysbio/bio10.html HTTP/1.1" 404 88 "https://www.ysfine.com/awards/index.html" "Mozilla/5.0 (Linux; Android 7.0;) AppleWebKit/537.36 (KHTML, like Gecko) Mobile Safari/537.36 (compatible; PetalBot;+https://webmaster.petalsearch.com/site/petalbot)" "www.ysfine.com"
95.87.154.11 - - [03/Feb/2023:05:18:07 -0800] "GET /bio12.html HTTP/1.1" 200 45700 "-" "Mozilla/5.0 (compatible; MaCoCu; +https://www.clarin.si/info/macocu-massive-collection-and-curation-of-monolingual-and-bilingual-data/)" "ysfine.com"
77.137.13.202 - - [03/Feb/2023:05:18:09 -0800] "GET /wigner/wigheisen.html HTTP/1.1" 200 3346 "-" "Mozilla/5.0 (Windows NT 10.0; Win64; x64) AppleWebKit/537.36 (KHTML, like Gecko) Chrome/103.0.0.0 YaBrowser/22.7.0 Yowser/2.5 Safari/537.36" "www.ysfine.com"
31.161.193.217 - - [03/Feb/2023:05:18:10 -0800] "GET /style/cameras/fed39.jpg HTTP/1.1" 200 254777 "https://www.google.com/" "Mozilla/5.0 (Linux; Android 12; IV2201) AppleWebKit/537.36 (KHTML, like Gecko) Chrome/109.0.0.0 Mobile Safari/537.36" "ysfine.com"
77.137.13.202 - - [03/Feb/2023:05:18:13 -0800] "GET /einstein/ewk.html HTTP/1.1" 200 4230 "https://www.ysfine.com/wigner/wigheisen.html" "Mozilla/5.0 (Windows NT 10.0; Win64; x64) AppleWebKit/537.36 (KHTML, like Gecko) Chrome/103.0.0.0 YaBrowser/22.7.0 Yowser/2.5 Safari/537.36" "www.ysfine.com"
77.137.13.202 - - [03/Feb/2023:05:18:17 -0800] "GET /world/wd22.html HTTP/1.1" 200 120 "https://www.ysfine.com/wigner/wigheisen.html" "Mozilla/5.0 (Windows NT 10.0; Win64; x64) AppleWebKit/537.36 (KHTML, like Gecko) Chrome/103.0.0.0 YaBrowser/22.7.0 Yowser/2.5 Safari/537.36" "www.ysfine.com"
77.137.13.202 - - [03/Feb/2023:05:18:18 -0800] "GET /world/sfrance.html HTTP/1.1" 200 8453 "https://www.ysfine.com/wigner/wigheisen.html" "Mozilla/5.0 (Windows NT 10.0; Win64; x64) AppleWebKit/537.36 (KHTML, like Gecko) Chrome/103.0.0.0 YaBrowser/22.7.0 Yowser/2.5 Safari/537.36" "www.ysfine.com"
77.137.13.202 - - [03/Feb/2023:05:18:24 -0800] "GET /princeton/index.html HTTP/1.1" 200 140 "https://www.ysfine.com/wigner/wigheisen.html" "Mozilla/5.0 (Windows NT 10.0; Win64; x64) AppleWebKit/537.36 (KHTML, like Gecko) Chrome/103.0.0.0 YaBrowser/22.7.0 Yowser/2.5 Safari/537.36" "www.ysfine.com"
77.137.13.202 - - [03/Feb/2023:05:18:25 -0800] "GET /world/musplace.html HTTP/1.1" 200 22077 "https://www.ysfine.com/wigner/wigheisen.html" "Mozilla/5.0 (Windows NT 10.0; Win64; x64) AppleWebKit/537.36 (KHTML, like Gecko) Chrome/103.0.0.0 YaBrowser/22.7.0 Yowser/2.5 Safari/537.36" "www.ysfine.com"
95.87.154.11 - - [03/Feb/2023:05:18:31 -0800] "GET /bio06.html HTTP/1.1" 200 46313 "-" "Mozilla/5.0 (compatible; MaCoCu; +https://www.clarin.si/info/macocu-massive-collection-and-curation-of-monolingual-and-bilingual-data/)" "ysfine.com"
77.137.13.202 - - [03/Feb/2023:05:18:36 -0800] "GET /wigner/index.html HTTP/1.1" 200 124 "https://www.ysfine.com/wigner/wigheisen.html" "Mozilla/5.0 (Windows NT 10.0; Win64; x64) AppleWebKit/537.36 (KHTML, like Gecko) Chrome/103.0.0.0 YaBrowser/22.7.0 Yowser/2.5 Safari/537.36" "www.ysfine.com"
77.137.13.202 - - [03/Feb/2023:05:18:37 -0800] "GET /home/index.html HTTP/1.1" 200 142 "https://www.ysfine.com/wigner/wigheisen.html" "Mozilla/5.0 (Windows NT 10.0; Win64; x64) AppleWebKit/537.36 (KHTML, like Gecko) Chrome/103.0.0.0 YaBrowser/22.7.0 Yowser/2.5 Safari/537.36" "www.ysfine.com"
77.137.13.202 - - [03/Feb/2023:05:18:39 -0800] "GET /einstein/bern.html HTTP/1.1" 200 8314 "https://www.ysfine.com/wigner/wigheisen.html" "Mozilla/5.0 (Windows NT 10.0; Win64; x64) AppleWebKit/537.36 (KHTML, like Gecko) Chrome/103.0.0.0 YaBrowser/22.7.0 Yowser/2.5 Safari/537.36" "www.ysfine.com"
77.137.13.202 - - [03/Feb/2023:05:18:48 -0800] "GET /einstein/index.html HTTP/1.1" 200 135 "https://www.ysfine.com/wigner/wigheisen.html" "Mozilla/5.0 (Windows NT 10.0; Win64; x64) AppleWebKit/537.36 (KHTML, like Gecko) Chrome/103.0.0.0 YaBrowser/22.7.0 Yowser/2.5 Safari/537.36" "www.ysfine.com"
95.87.154.11 - - [03/Feb/2023:05:18:49 -0800] "GET /bio07.html HTTP/1.1" 200 19911 "-" "Mozilla/5.0 (compatible; MaCoCu; +https://www.clarin.si/info/macocu-massive-collection-and-curation-of-monolingual-and-bilingual-data/)" "ysfine.com"
207.46.13.104 - - [03/Feb/2023:05:19:03 -0800] "GET /bio/style/artlove.html HTTP/1.1" 404 88 "-" "Mozilla/5.0 AppleWebKit/537.36 (KHTML, like Gecko; compatible; bingbot/2.0; +http://www.bing.com/bingbot.htm) Chrome/103.0.5060.134 Safari/537.36" "ysfine.com"
95.87.154.11 - - [03/Feb/2023:05:19:10 -0800] "GET /bio10.html HTTP/1.1" 200 12341 "-" "Mozilla/5.0 (compatible; MaCoCu; +https://www.clarin.si/info/macocu-massive-collection-and-curation-of-monolingual-and-bilingual-data/)" "ysfine.com"
114.119.136.109 - - [03/Feb/2023:05:19:14 -0800] "GET /maga/phys/poinsf/frame07.html HTTP/1.1" 200 324 "https://www.ysfine.com/maga/phys/poinsf/frame06.html" "Mozilla/5.0 (Linux; Android 7.0;) AppleWebKit/537.36 (KHTML, like Gecko) Mobile Safari/537.36 (compatible; PetalBot;+https://webmaster.petalsearch.com/site/petalbot)" "www.ysfine.com"
95.87.154.11 - - [03/Feb/2023:05:19:31 -0800] "GET /bio13.html HTTP/1.1" 200 8798 "-" "Mozilla/5.0 (compatible; MaCoCu; +https://www.clarin.si/info/macocu-massive-collection-and-curation-of-monolingual-and-bilingual-data/)" "ysfine.com"
95.87.154.11 - - [03/Feb/2023:05:19:52 -0800] "GET /sbk/1950.html HTTP/1.1" 200 18612 "-" "Mozilla/5.0 (compatible; MaCoCu; +https://www.clarin.si/info/macocu-massive-collection-and-curation-of-monolingual-and-bilingual-data/)" "ysfine.com"
95.87.154.11 - - [03/Feb/2023:05:20:13 -0800] "GET /home/more.html HTTP/1.1" 200 7436 "-" "Mozilla/5.0 (compatible; MaCoCu; +https://www.clarin.si/info/macocu-massive-collection-and-curation-of-monolingual-and-bilingual-data/)" "ysfine.com"
95.87.154.11 - - [03/Feb/2023:05:20:34 -0800] "GET /home/sing.html HTTP/1.1" 200 9300 "-" "Mozilla/5.0 (compatible; MaCoCu; +https://www.clarin.si/info/macocu-massive-collection-and-curation-of-monolingual-and-bilingual-data/)" "ysfine.com"
95.87.154.11 - - [03/Feb/2023:05:20:54 -0800] "GET /wdc/wasdc.html HTTP/1.1" 200 46396 "-" "Mozilla/5.0 (compatible; MaCoCu; +https://www.clarin.si/info/macocu-massive-collection-and-curation-of-monolingual-and-bilingual-data/)" "ysfine.com"
208.78.41.115 - - [03/Feb/2023:05:21:06 -0800] "GET /dirac/jablo62.jpg HTTP/1.1" 200 206686 "https://www.google.com/" "Mozilla/5.0 (Windows NT 10.0; Win64; x64) AppleWebKit/537.36 (KHTML, like Gecko) Chrome/109.0.0.0 Safari/537.36" "ysfine.com"
95.87.154.11 - - [03/Feb/2023:05:21:18 -0800] "GET /dirac/integ.html HTTP/1.1" 200 17113 "-" "Mozilla/5.0 (compatible; MaCoCu; +https://www.clarin.si/info/macocu-massive-collection-and-curation-of-monolingual-and-bilingual-data/)" "ysfine.com"
95.87.154.11 - - [03/Feb/2023:05:21:38 -0800] "GET /home/optics.html HTTP/1.1" 200 13496 "-" "Mozilla/5.0 (compatible; MaCoCu; +https://www.clarin.si/info/macocu-massive-collection-and-curation-of-monolingual-and-bilingual-data/)" "ysfine.com"
95.87.154.11 - - [03/Feb/2023:05:21:59 -0800] "GET /newyork/nyc.html HTTP/1.1" 200 114277 "-" "Mozilla/5.0 (compatible; MaCoCu; +https://www.clarin.si/info/macocu-massive-collection-and-curation-of-monolingual-and-bilingual-data/)" "ysfine.com"
69.171.231.5 - - [03/Feb/2023:05:22:06 -0800] "GET /friends/russian.html HTTP/1.1" 404 88 "-" "facebookexternalhit/1.1 (+http://www.facebook.com/externalhit_uatext.php)" "ysfine.com"
95.87.154.11 - - [03/Feb/2023:05:22:17 -0800] "GET /kowar/index.html HTTP/1.1" 200 186 "-" "Mozilla/5.0 (compatible; MaCoCu; +https://www.clarin.si/info/macocu-massive-collection-and-curation-of-monolingual-and-bilingual-data/)" "ysfine.com"
104.37.210.226 - - [03/Feb/2023:05:22:35 -0800] "GET /einstein/eins05.jpg HTTP/1.1" 200 45707 "https://www.google.com/" "Mozilla/5.0 (Macintosh; Intel Mac OS X 10_15_7) AppleWebKit/605.1.15 (KHTML, like Gecko) Version/16.3 Safari/605.1.15" "ysfine.com"
95.87.154.11 - - [03/Feb/2023:05:22:37 -0800] "GET /world/index.html HTTP/1.1" 200 188 "-" "Mozilla/5.0 (compatible; MaCoCu; +https://www.clarin.si/info/macocu-massive-collection-and-curation-of-monolingual-and-bilingual-data/)" "ysfine.com"
104.37.210.226 - - [03/Feb/2023:05:22:39 -0800] "GET /einstein/einphoto.html HTTP/1.1" 200 1970 "https://www.google.com/" "Mozilla/5.0 (Macintosh; Intel Mac OS X 10_15_7) AppleWebKit/605.1.15 (KHTML, like Gecko) Version/16.3 Safari/605.1.15" "ysfine.com"
104.37.210.226 - - [03/Feb/2023:05:22:40 -0800] "GET /einstein/places/einha02b.jpg HTTP/1.1" 200 35565 "https://ysfine.com/einstein/einphoto.html" "Mozilla/5.0 (Macintosh; Intel Mac OS X 10_15_7) AppleWebKit/605.1.15 (KHTML, like Gecko) Version/16.3 Safari/605.1.15" "ysfine.com"
104.37.210.226 - - [03/Feb/2023:05:22:40 -0800] "GET /einstein/eins05b.jpg HTTP/1.1" 200 47795 "https://ysfine.com/einstein/einphoto.html" "Mozilla/5.0 (Macintosh; Intel Mac OS X 10_15_7) AppleWebKit/605.1.15 (KHTML, like Gecko) Version/16.3 Safari/605.1.15" "ysfine.com"
104.37.210.226 - - [03/Feb/2023:05:22:40 -0800] "GET /einstein/eins47b.jpg HTTP/1.1" 200 48772 "https://ysfine.com/einstein/einphoto.html" "Mozilla/5.0 (Macintosh; Intel Mac OS X 10_15_7) AppleWebKit/605.1.15 (KHTML, like Gecko) Version/16.3 Safari/605.1.15" "ysfine.com"
104.37.210.226 - - [03/Feb/2023:05:22:40 -0800] "GET /eink/eink61c.jpg HTTP/1.1" 200 34119 "https://ysfine.com/einstein/einphoto.html" "Mozilla/5.0 (Macintosh; Intel Mac OS X 10_15_7) AppleWebKit/605.1.15 (KHTML, like Gecko) Version/16.3 Safari/605.1.15" "ysfine.com"
104.37.210.226 - - [03/Feb/2023:05:22:42 -0800] "GET /einstein/eins05.jpg HTTP/1.1" 200 45707 "https://ysfine.com/einstein/einphoto.html" "Mozilla/5.0 (Macintosh; Intel Mac OS X 10_15_7) AppleWebKit/605.1.15 (KHTML, like Gecko) Version/16.3 Safari/605.1.15" "ysfine.com"
17.246.19.168 - - [03/Feb/2023:05:22:52 -0800] "GET /sbk/sbleft.html HTTP/1.1" 200 426 "https://ysfine.com/sbk/index.html" "Mozilla/5.0 (Macintosh; Intel Mac OS X 10_15_5) AppleWebKit/605.1.15 (KHTML, like Gecko) Version/13.1.1 Safari/605.1.15 (Applebot/0.1; +http://www.apple.com/go/applebot)" "ysfine.com"
17.246.23.96 - - [03/Feb/2023:05:22:53 -0800] "GET /sbk/1950.html HTTP/1.1" 200 5522 "https://ysfine.com/sbk/index.html" "Mozilla/5.0 (Macintosh; Intel Mac OS X 10_15_5) AppleWebKit/605.1.15 (KHTML, like Gecko) Version/13.1.1 Safari/605.1.15 (Applebot/0.1; +http://www.apple.com/go/applebot)" "ysfine.com"
95.87.154.11 - - [03/Feb/2023:05:23:01 -0800] "GET /style/songs.html HTTP/1.1" 200 104804 "-" "Mozilla/5.0 (compatible; MaCoCu; +https://www.clarin.si/info/macocu-massive-collection-and-curation-of-monolingual-and-bilingual-data/)" "ysfine.com"
207.46.13.104 - - [03/Feb/2023:05:23:09 -0800] "GET /world/ricksteves11.jpg HTTP/1.1" 200 81952 "-" "Mozilla/5.0 AppleWebKit/537.36 (KHTML, like Gecko; compatible; bingbot/2.0; +http://www.bing.com/bingbot.htm) Chrome/103.0.5060.134 Safari/537.36" "www.ysfine.com"
95.87.154.11 - - [03/Feb/2023:05:23:21 -0800] "GET /style/index.html HTTP/1.1" 200 180 "-" "Mozilla/5.0 (compatible; MaCoCu; +https://www.clarin.si/info/macocu-massive-collection-and-curation-of-monolingual-and-bilingual-data/)" "ysfine.com"
95.87.154.11 - - [03/Feb/2023:05:23:39 -0800] "GET /style/beetho.html HTTP/1.1" 200 10779 "-" "Mozilla/5.0 (compatible; MaCoCu; +https://www.clarin.si/info/macocu-massive-collection-and-curation-of-monolingual-and-bilingual-data/)" "ysfine.com"
95.87.154.11 - - [03/Feb/2023:05:24:02 -0800] "GET /dirac/wigsis.html HTTP/1.1" 200 28304 "-" "Mozilla/5.0 (compatible; MaCoCu; +https://www.clarin.si/info/macocu-massive-collection-and-curation-of-monolingual-and-bilingual-data/)" "ysfine.com"
104.37.210.226 - - [03/Feb/2023:05:24:13 -0800] "GET /einstein/eins05.jpg HTTP/1.1" 200 45707 "-" "Mozilla/5.0 (Macintosh; Intel Mac OS X 10_15_7) AppleWebKit/605.1.15 (KHTML, like Gecko)" "ysfine.com"
104.37.210.226 - - [03/Feb/2023:05:24:14 -0800] "GET /apple-touch-icon-precomposed.png HTTP/1.1" 404 88 "-" "Safari/18614.4.6.1.5 CFNetwork/1404.0.5 Darwin/22.3.0" "ysfine.com"
104.37.210.226 - - [03/Feb/2023:05:24:14 -0800] "GET /apple-touch-icon.png HTTP/1.1" 404 88 "-" "Safari/18614.4.6.1.5 CFNetwork/1404.0.5 Darwin/22.3.0" "ysfine.com"
104.37.210.226 - - [03/Feb/2023:05:24:14 -0800] "GET /favicon.ico HTTP/1.1" 404 88 "-" "Safari/18614.4.6.1.5 CFNetwork/1404.0.5 Darwin/22.3.0" "ysfine.com"
104.37.210.226 - - [03/Feb/2023:05:24:14 -0800] "GET /apple-touch-icon-precomposed.png HTTP/1.1" 404 88 "-" "Safari/18614.4.6.1.5 CFNetwork/1404.0.5 Darwin/22.3.0" "ysfine.com"
104.37.210.226 - - [03/Feb/2023:05:24:14 -0800] "GET /apple-touch-icon.png HTTP/1.1" 404 88 "-" "Safari/18614.4.6.1.5 CFNetwork/1404.0.5 Darwin/22.3.0" "ysfine.com"
104.37.210.226 - - [03/Feb/2023:05:24:14 -0800] "GET /favicon.ico HTTP/1.1" 404 88 "-" "Safari/18614.4.6.1.5 CFNetwork/1404.0.5 Darwin/22.3.0" "ysfine.com"
104.37.210.226 - - [03/Feb/2023:05:24:14 -0800] "GET /einstein/eins05.jpg HTTP/1.1" 200 45707 "-" "Mozilla/5.0 (iPhone; CPU iPhone OS 16_0 like Mac OS X) AppleWebKit/605.1.15 (KHTML, like Gecko) Version/16.0 Mobile/15E148 Safari/604.1" "ysfine.com"
104.37.210.226 - - [03/Feb/2023:05:24:14 -0800] "GET /apple-touch-icon-precomposed.png HTTP/1.1" 404 88 "-" "Safari/18614.4.6.1.5 CFNetwork/1404.0.5 Darwin/22.3.0" "ysfine.com"
104.37.210.226 - - [03/Feb/2023:05:24:14 -0800] "GET /apple-touch-icon.png HTTP/1.1" 404 88 "-" "Safari/18614.4.6.1.5 CFNetwork/1404.0.5 Darwin/22.3.0" "ysfine.com"
104.37.210.226 - - [03/Feb/2023:05:24:14 -0800] "GET /favicon.ico HTTP/1.1" 404 88 "-" "Safari/18614.4.6.1.5 CFNetwork/1404.0.5 Darwin/22.3.0" "ysfine.com"
104.37.210.226 - - [03/Feb/2023:05:24:14 -0800] "GET /apple-touch-icon-precomposed.png HTTP/1.1" 404 88 "-" "Safari/18614.4.6.1.5 CFNetwork/1404.0.5 Darwin/22.3.0" "ysfine.com"
104.37.210.226 - - [03/Feb/2023:05:24:15 -0800] "GET /apple-touch-icon.png HTTP/1.1" 404 88 "-" "Safari/18614.4.6.1.5 CFNetwork/1404.0.5 Darwin/22.3.0" "ysfine.com"
104.37.210.226 - - [03/Feb/2023:05:24:15 -0800] "GET /favicon.ico HTTP/1.1" 404 88 "-" "Safari/18614.4.6.1.5 CFNetwork/1404.0.5 Darwin/22.3.0" "ysfine.com"
207.46.13.64 - - [03/Feb/2023:05:24:18 -0800] "GET /yspapers/index.html HTTP/1.1" 200 21304 "-" "Mozilla/5.0 AppleWebKit/537.36 (KHTML, like Gecko; compatible; bingbot/2.0; +http://www.bing.com/bingbot.htm) Chrome/103.0.5060.134 Safari/537.36" "www.ysfine.com"
95.87.154.11 - - [03/Feb/2023:05:24:20 -0800] "GET /kobak/taylor.html HTTP/1.1" 200 616 "-" "Mozilla/5.0 (compatible; MaCoCu; +https://www.clarin.si/info/macocu-massive-collection-and-curation-of-monolingual-and-bilingual-data/)" "ysfine.com"
51.222.253.16 - - [03/Feb/2023:05:24:29 -0800] "GET /class54/class5470/total_data/sub_8148.htm HTTP/1.1" 200 3511 "-" "Mozilla/5.0 (compatible; AhrefsBot/7.0; +http://ahrefs.com/robot/)" "www.ysfine.com"
51.222.253.9 - - [03/Feb/2023:05:24:32 -0800] "GET /class54/class5470/total_data/refer_img/8-142_f.jpg HTTP/1.1" 200 36997 "-" "Mozilla/5.0 (compatible; AhrefsBot/7.0; +http://ahrefs.com/robot/)" "www.ysfine.com"
51.222.253.18 - - [03/Feb/2023:05:24:33 -0800] "GET /class54/class5470/total_data/refer_img/8-151_f.jpg HTTP/1.1" 200 32051 "-" "Mozilla/5.0 (compatible; AhrefsBot/7.0; +http://ahrefs.com/robot/)" "www.ysfine.com"
51.222.253.18 - - [03/Feb/2023:05:24:33 -0800] "GET /class54/class5470/total_data/refer_img/8-131_f.jpg HTTP/1.1" 200 29575 "-" "Mozilla/5.0 (compatible; AhrefsBot/7.0; +http://ahrefs.com/robot/)" "www.ysfine.com"
51.222.253.20 - - [03/Feb/2023:05:24:34 -0800] "GET /class54/class5470/total_data/refer_img/8-127_f.jpg HTTP/1.1" 200 31061 "-" "Mozilla/5.0 (compatible; AhrefsBot/7.0; +http://ahrefs.com/robot/)" "www.ysfine.com"
51.222.253.14 - - [03/Feb/2023:05:24:35 -0800] "GET /class54/class5470/total_data/refer_img/8-157_f.jpg HTTP/1.1" 200 34453 "-" "Mozilla/5.0 (compatible; AhrefsBot/7.0; +http://ahrefs.com/robot/)" "www.ysfine.com"
51.222.253.12 - - [03/Feb/2023:05:24:36 -0800] "GET /class54/class5470/total_data/refer_img/8-129_f.jpg HTTP/1.1" 200 31149 "-" "Mozilla/5.0 (compatible; AhrefsBot/7.0; +http://ahrefs.com/robot/)" "www.ysfine.com"
51.222.253.5 - - [03/Feb/2023:05:24:37 -0800] "GET /class54/class5470/total_data/refer_img/8-141_f.jpg HTTP/1.1" 200 36997 "-" "Mozilla/5.0 (compatible; AhrefsBot/7.0; +http://ahrefs.com/robot/)" "www.ysfine.com"
51.222.253.13 - - [03/Feb/2023:05:24:38 -0800] "GET /class54/class5470/total_data/refer_img/8-155_f.jpg HTTP/1.1" 200 24415 "-" "Mozilla/5.0 (compatible; AhrefsBot/7.0; +http://ahrefs.com/robot/)" "www.ysfine.com"
51.222.253.18 - - [03/Feb/2023:05:24:39 -0800] "GET /class54/class5470/total_data/refer_img/8-144_f.jpg HTTP/1.1" 200 24758 "-" "Mozilla/5.0 (compatible; AhrefsBot/7.0; +http://ahrefs.com/robot/)" "www.ysfine.com"
51.222.253.18 - - [03/Feb/2023:05:24:39 -0800] "GET /class54/class5470/total_data/refer_img/8-152_f.jpg HTTP/1.1" 200 36992 "-" "Mozilla/5.0 (compatible; AhrefsBot/7.0; +http://ahrefs.com/robot/)" "www.ysfine.com"
51.222.253.17 - - [03/Feb/2023:05:24:40 -0800] "GET /class54/class5470/total_data/refer_img/8-137_f.jpg HTTP/1.1" 200 30500 "-" "Mozilla/5.0 (compatible; AhrefsBot/7.0; +http://ahrefs.com/robot/)" "www.ysfine.com"
51.222.253.12 - - [03/Feb/2023:05:24:40 -0800] "GET /class54/class5470/total_data/refer_img/8-134_f.jpg HTTP/1.1" 200 41464 "-" "Mozilla/5.0 (compatible; AhrefsBot/7.0; +http://ahrefs.com/robot/)" "www.ysfine.com"
51.222.253.8 - - [03/Feb/2023:05:24:41 -0800] "GET /class54/class5470/total_data/refer_img/8-135_f.jpg HTTP/1.1" 200 32090 "-" "Mozilla/5.0 (compatible; AhrefsBot/7.0; +http://ahrefs.com/robot/)" "www.ysfine.com"
95.87.154.11 - - [03/Feb/2023:05:24:41 -0800] "GET /kobak/shortw.html HTTP/1.1" 200 7532 "-" "Mozilla/5.0 (compatible; MaCoCu; +https://www.clarin.si/info/macocu-massive-collection-and-curation-of-monolingual-and-bilingual-data/)" "ysfine.com"
51.222.253.13 - - [03/Feb/2023:05:24:41 -0800] "GET /class54/class5470/total_data/refer_img/8-140_f.jpg HTTP/1.1" 200 37825 "-" "Mozilla/5.0 (compatible; AhrefsBot/7.0; +http://ahrefs.com/robot/)" "www.ysfine.com"
51.222.253.15 - - [03/Feb/2023:05:24:42 -0800] "GET /class54/class5470/total_data/refer_img/8-150_f.jpg HTTP/1.1" 200 35955 "-" "Mozilla/5.0 (compatible; AhrefsBot/7.0; +http://ahrefs.com/robot/)" "www.ysfine.com"
51.222.253.4 - - [03/Feb/2023:05:24:42 -0800] "GET /class54/class5470/total_data/refer_img/8-148_f.jpg HTTP/1.1" 200 35503 "-" "Mozilla/5.0 (compatible; AhrefsBot/7.0; +http://ahrefs.com/robot/)" "www.ysfine.com"
51.222.253.6 - - [03/Feb/2023:05:24:42 -0800] "GET /class54/class5470/total_data/refer_img/8-130_f.jpg HTTP/1.1" 200 32738 "-" "Mozilla/5.0 (compatible; AhrefsBot/7.0; +http://ahrefs.com/robot/)" "www.ysfine.com"
51.222.253.15 - - [03/Feb/2023:05:24:43 -0800] "GET /class54/class5470/total_data/refer_img/8-149_f.jpg HTTP/1.1" 200 30189 "-" "Mozilla/5.0 (compatible; AhrefsBot/7.0; +http://ahrefs.com/robot/)" "www.ysfine.com"
51.222.253.6 - - [03/Feb/2023:05:24:43 -0800] "GET /class54/class5470/total_data/refer_img/8-133_f.jpg HTTP/1.1" 200 33723 "-" "Mozilla/5.0 (compatible; AhrefsBot/7.0; +http://ahrefs.com/robot/)" "www.ysfine.com"
51.222.253.14 - - [03/Feb/2023:05:24:44 -0800] "GET /class54/class5470/total_data/refer_img/8-145_f.jpg HTTP/1.1" 200 30304 "-" "Mozilla/5.0 (compatible; AhrefsBot/7.0; +http://ahrefs.com/robot/)" "www.ysfine.com"
51.222.253.17 - - [03/Feb/2023:05:24:44 -0800] "GET /class54/class5470/total_data/refer_img/8-154_f.jpg HTTP/1.1" 200 35430 "-" "Mozilla/5.0 (compatible; AhrefsBot/7.0; +http://ahrefs.com/robot/)" "www.ysfine.com"
51.222.253.12 - - [03/Feb/2023:05:24:45 -0800] "GET /class54/class5470/total_data/refer_img/8-139_f.jpg HTTP/1.1" 200 41142 "-" "Mozilla/5.0 (compatible; AhrefsBot/7.0; +http://ahrefs.com/robot/)" "www.ysfine.com"
51.222.253.3 - - [03/Feb/2023:05:24:45 -0800] "GET /class54/class5470/total_data/refer_img/8-153_f.jpg HTTP/1.1" 200 52466 "-" "Mozilla/5.0 (compatible; AhrefsBot/7.0; +http://ahrefs.com/robot/)" "www.ysfine.com"
51.222.253.16 - - [03/Feb/2023:05:24:46 -0800] "GET /class54/class5470/total_data/refer_img/8-128_f.jpg HTTP/1.1" 200 35208 "-" "Mozilla/5.0 (compatible; AhrefsBot/7.0; +http://ahrefs.com/robot/)" "www.ysfine.com"
51.222.253.7 - - [03/Feb/2023:05:24:46 -0800] "GET /class54/class5470/total_data/img/sm04_on.gif HTTP/1.1" 200 392 "-" "Mozilla/5.0 (compatible; AhrefsBot/7.0; +http://ahrefs.com/robot/)" "www.ysfine.com"
51.222.253.18 - - [03/Feb/2023:05:24:47 -0800] "GET /class54/class5470/total_data/refer_img/8-143_f.jpg HTTP/1.1" 200 27601 "-" "Mozilla/5.0 (compatible; AhrefsBot/7.0; +http://ahrefs.com/robot/)" "www.ysfine.com"
51.222.253.11 - - [03/Feb/2023:05:24:48 -0800] "GET /class54/class5470/total_data/refer_img/8-138_f.jpg HTTP/1.1" 200 39068 "-" "Mozilla/5.0 (compatible; AhrefsBot/7.0; +http://ahrefs.com/robot/)" "www.ysfine.com"
51.222.253.13 - - [03/Feb/2023:05:24:49 -0800] "GET /class54/class5470/total_data/refer_img/8-136_f.jpg HTTP/1.1" 200 44668 "-" "Mozilla/5.0 (compatible; AhrefsBot/7.0; +http://ahrefs.com/robot/)" "www.ysfine.com"
51.222.253.13 - - [03/Feb/2023:05:24:50 -0800] "GET /class54/class5470/total_data/img/sm05_off.gif HTTP/1.1" 200 542 "-" "Mozilla/5.0 (compatible; AhrefsBot/7.0; +http://ahrefs.com/robot/)" "www.ysfine.com"
51.222.253.18 - - [03/Feb/2023:05:24:51 -0800] "GET /class54/class5470/total_data/refer_img/8-132_f.jpg HTTP/1.1" 200 32792 "-" "Mozilla/5.0 (compatible; AhrefsBot/7.0; +http://ahrefs.com/robot/)" "www.ysfine.com"
51.222.253.20 - - [03/Feb/2023:05:24:52 -0800] "GET /class54/class5470/total_data/photo_img/8-148.jpg HTTP/1.1" 200 226452 "-" "Mozilla/5.0 (compatible; AhrefsBot/7.0; +http://ahrefs.com/robot/)" "www.ysfine.com"
51.222.253.4 - - [03/Feb/2023:05:24:53 -0800] "GET /class54/class5470/total_data/refer_img/8-156_f.jpg HTTP/1.1" 200 27294 "-" "Mozilla/5.0 (compatible; AhrefsBot/7.0; +http://ahrefs.com/robot/)" "www.ysfine.com"
95.87.154.11 - - [03/Feb/2023:05:25:00 -0800] "GET /home/pquartet.html HTTP/1.1" 200 10523 "-" "Mozilla/5.0 (compatible; MaCoCu; +https://www.clarin.si/info/macocu-massive-collection-and-curation-of-monolingual-and-bilingual-data/)" "ysfine.com"
95.87.154.11 - - [03/Feb/2023:05:25:23 -0800] "GET /dirac/dirfeyn.html HTTP/1.1" 200 18448 "-" "Mozilla/5.0 (compatible; MaCoCu; +https://www.clarin.si/info/macocu-massive-collection-and-curation-of-monolingual-and-bilingual-data/)" "ysfine.com"
95.87.154.11 - - [03/Feb/2023:05:25:41 -0800] "GET /style/digilit.html HTTP/1.1" 200 23688 "-" "Mozilla/5.0 (compatible; MaCoCu; +https://www.clarin.si/info/macocu-massive-collection-and-curation-of-monolingual-and-bilingual-data/)" "ysfine.com"
216.244.66.229 - - [03/Feb/2023:05:25:43 -0800] "GET /kobak/church05.jpg HTTP/1.1" 200 210503 "-" "Mozilla/5.0 (compatible; DotBot/1.2; +https://opensiteexplorer.org/dotbot; help@moz.com)" "www.ysfine.com"
95.87.154.11 - - [03/Feb/2023:05:26:03 -0800] "GET /philo/keigel21.html HTTP/1.1" 200 40328 "-" "Mozilla/5.0 (compatible; MaCoCu; +https://www.clarin.si/info/macocu-massive-collection-and-curation-of-monolingual-and-bilingual-data/)" "ysfine.com"
95.87.154.11 - - [03/Feb/2023:05:26:24 -0800] "GET /wigner/wigrigh.html HTTP/1.1" 200 5994 "-" "Mozilla/5.0 (compatible; MaCoCu; +https://www.clarin.si/info/macocu-massive-collection-and-curation-of-monolingual-and-bilingual-data/)" "ysfine.com"
95.87.154.11 - - [03/Feb/2023:05:26:47 -0800] "GET /einnstein/bern.html HTTP/1.1" 404 73 "-" "Mozilla/5.0 (compatible; MaCoCu; +https://www.clarin.si/info/macocu-massive-collection-and-curation-of-monolingual-and-bilingual-data/)" "ysfine.com"
95.87.154.11 - - [03/Feb/2023:05:27:06 -0800] "GET /wigner/wigner39.html HTTP/1.1" 200 470 "-" "Mozilla/5.0 (compatible; MaCoCu; +https://www.clarin.si/info/macocu-massive-collection-and-curation-of-monolingual-and-bilingual-data/)" "ysfine.com"
95.87.154.11 - - [03/Feb/2023:05:27:29 -0800] "GET /feynman/fagenda.html HTTP/1.1" 200 6083 "-" "Mozilla/5.0 (compatible; MaCoCu; +https://www.clarin.si/info/macocu-massive-collection-and-curation-of-monolingual-and-bilingual-data/)" "ysfine.com"
216.244.66.229 - - [03/Feb/2023:05:27:32 -0800] "GET /world/france/nice633.jpg HTTP/1.1" 200 60600 "-" "Mozilla/5.0 (compatible; DotBot/1.2; +https://opensiteexplorer.org/dotbot; help@moz.com)" "www.ysfine.com"
5.188.210.93 - - [03/Feb/2023:05:27:36 -0800] "GET /world/visas.html HTTP/1.1" 200 7643 "https://www.ysfine.com/world/visas.html" "Mozilla/5.0 (Windows NT 10.0; Win64; x64) AppleWebKit/537.36 (KHTML, like Gecko) Chrome/90.0.4430.72 Safari/537.36 Edg/90.0.818.42" "www.ysfine.com"
18.194.113.170 - - [03/Feb/2023:05:27:46 -0800] "GET /wigner/neum/ymath.jpg HTTP/1.1" 200 64930 "https://www.bing.com/" "Mozilla/5.0 (Windows NT 10.0; Win64; x64) AppleWebKit/537.36 (KHTML, like Gecko) Chrome/109.0.0.0 Safari/537.36 Edg/109.0.1518.70" "ysfine.com"
95.87.154.11 - - [03/Feb/2023:05:27:47 -0800] "GET /fbook/phys.html HTTP/1.1" 200 8949 "-" "Mozilla/5.0 (compatible; MaCoCu; +https://www.clarin.si/info/macocu-massive-collection-and-curation-of-monolingual-and-bilingual-data/)" "ysfine.com"
18.194.113.170 - - [03/Feb/2023:05:27:56 -0800] "GET /wigner/neum/pvn02.jpg HTTP/1.1" 200 76348 "https://www.bing.com/" "Mozilla/5.0 (Windows NT 10.0; Win64; x64) AppleWebKit/537.36 (KHTML, like Gecko) Chrome/109.0.0.0 Safari/537.36 Edg/109.0.1518.70" "ysfine.com"
18.194.113.170 - - [03/Feb/2023:05:27:57 -0800] "GET /wigner/neum/pvn05.jpg HTTP/1.1" 200 219501 "https://www.bing.com/" "Mozilla/5.0 (Windows NT 10.0; Win64; x64) AppleWebKit/537.36 (KHTML, like Gecko) Chrome/109.0.0.0 Safari/537.36 Edg/109.0.1518.70" "ysfine.com"
216.244.66.229 - - [03/Feb/2023:05:27:59 -0800] "GET /world/russ/minsk083.jpg HTTP/1.1" 200 83379 "-" "Mozilla/5.0 (compatible; DotBot/1.2; +https://opensiteexplorer.org/dotbot; help@moz.com)" "www.ysfine.com"
95.87.154.11 - - [03/Feb/2023:05:28:08 -0800] "GET /home/dwf33.html HTTP/1.1" 200 20268 "-" "Mozilla/5.0 (compatible; MaCoCu; +https://www.clarin.si/info/macocu-massive-collection-and-curation-of-monolingual-and-bilingual-data/)" "ysfine.com"
123.253.233.152 - - [03/Feb/2023:05:28:19 -0800] "GET /maga/phys/solvayc27c.jpg HTTP/1.1" 200 53464 "https://www.google.com/" "Mozilla/5.0 (Windows NT 10.0; Win64; x64) AppleWebKit/537.36 (KHTML, like Gecko) Chrome/109.0.0.0 Safari/537.36" "ysfine.com"
207.46.13.104 - - [03/Feb/2023:05:28:21 -0800] "GET /home/fig22/busan22d.jpg HTTP/1.1" 200 35419 "-" "Mozilla/5.0 AppleWebKit/537.36 (KHTML, like Gecko; compatible; bingbot/2.0; +http://www.bing.com/bingbot.htm) Chrome/103.0.5060.134 Safari/537.36" "ysfine.com"
3.227.18.239 - - [03/Feb/2023:05:28:26 -0800] "GET /ads.txt HTTP/1.1" 404 88 "-" "AdsTxtCrawler/1.0.2" "ysfine.com"
95.87.154.11 - - [03/Feb/2023:05:28:29 -0800] "GET /home/dwf22.html HTTP/1.1" 200 4188 "-" "Mozilla/5.0 (compatible; MaCoCu; +https://www.clarin.si/info/macocu-massive-collection-and-curation-of-monolingual-and-bilingual-data/)" "ysfine.com"
95.87.154.11 - - [03/Feb/2023:05:28:52 -0800] "GET /articles/stg.pdf HTTP/1.1" 401 76 "-" "Mozilla/5.0 (compatible; MaCoCu; +https://www.clarin.si/info/macocu-massive-collection-and-curation-of-monolingual-and-bilingual-data/)" "ysfine.com"
95.87.154.11 - - [03/Feb/2023:05:29:12 -0800] "GET /maga/poincare.html HTTP/1.1" 200 21402 "-" "Mozilla/5.0 (compatible; MaCoCu; +https://www.clarin.si/info/macocu-massive-collection-and-curation-of-monolingual-and-bilingual-data/)" "ysfine.com"
40.77.167.192 - - [03/Feb/2023:05:29:20 -0800] "GET /ysbio/maga/hermite.html HTTP/1.1" 404 88 "-" "Mozilla/5.0 AppleWebKit/537.36 (KHTML, like Gecko; compatible; bingbot/2.0; +http://www.bing.com/bingbot.htm) Chrome/103.0.5060.134 Safari/537.36" "ysfine.com"
95.87.154.11 - - [03/Feb/2023:05:29:32 -0800] "GET /articles/entro.pdf HTTP/1.1" 401 76 "-" "Mozilla/5.0 (compatible; MaCoCu; +https://www.clarin.si/info/macocu-massive-collection-and-curation-of-monolingual-and-bilingual-data/)" "ysfine.com"
42.79.41.76 - - [03/Feb/2023:05:29:49 -0800] "GET /kobak/1014c.jpg HTTP/1.1" 200 164928 "https://www.google.com/" "Mozilla/5.0 (iPhone; CPU iPhone OS 15_7 like Mac OS X) AppleWebKit/605.1.15 (KHTML, like Gecko) CriOS/109.0.5414.112 Mobile/15E148 Safari/604.1" "ysfine.com"
95.87.154.11 - - [03/Feb/2023:05:29:53 -0800] "GET /home/wcartoon.html HTTP/1.1" 200 16820 "-" "Mozilla/5.0 (compatible; MaCoCu; +https://www.clarin.si/info/macocu-massive-collection-and-curation-of-monolingual-and-bilingual-data/)" "ysfine.com"
42.79.41.76 - - [03/Feb/2023:05:29:53 -0800] "GET /kobak/1014c.jpg HTTP/1.1" 200 164928 "https://www.google.com/" "Mozilla/5.0 (iPhone; CPU iPhone OS 15_7 like Mac OS X) AppleWebKit/605.1.15 (KHTML, like Gecko) CriOS/109.0.5414.112 Mobile/15E148 Safari/604.1" "ysfine.com"
95.87.154.11 - - [03/Feb/2023:05:30:13 -0800] "GET /princeton/sbt.html HTTP/1.1" 200 993 "-" "Mozilla/5.0 (compatible; MaCoCu; +https://www.clarin.si/info/macocu-massive-collection-and-curation-of-monolingual-and-bilingual-data/)" "ysfine.com"
216.244.66.229 - - [03/Feb/2023:05:30:14 -0800] "GET /home/ysnr11.jpg HTTP/1.1" 200 141084 "-" "Mozilla/5.0 (compatible; DotBot/1.2; +https://opensiteexplorer.org/dotbot; help@moz.com)" "www.ysfine.com"
95.87.154.11 - - [03/Feb/2023:05:30:33 -0800] "GET /feynman/restof.html HTTP/1.1" 200 12578 "-" "Mozilla/5.0 (compatible; MaCoCu; +https://www.clarin.si/info/macocu-massive-collection-and-curation-of-monolingual-and-bilingual-data/)" "ysfine.com"
216.244.66.229 - - [03/Feb/2023:05:30:59 -0800] "GET /kobak/somap38.jpg HTTP/1.1" 200 109622 "-" "Mozilla/5.0 (compatible; DotBot/1.2; +https://opensiteexplorer.org/dotbot; help@moz.com)" "www.ysfine.com"
95.87.154.11 - - [03/Feb/2023:05:31:16 -0800] "GET /home/different.html HTTP/1.1" 200 5536 "-" "Mozilla/5.0 (compatible; MaCoCu; +https://www.clarin.si/info/macocu-massive-collection-and-curation-of-monolingual-and-bilingual-data/)" "ysfine.com"
216.244.66.229 - - [03/Feb/2023:05:31:32 -0800] "GET /style/alexandrov11.jpg HTTP/1.1" 200 186993 "-" "Mozilla/5.0 (compatible; DotBot/1.2; +https://opensiteexplorer.org/dotbot; help@moz.com)" "www.ysfine.com"
95.87.154.11 - - [03/Feb/2023:05:31:35 -0800] "GET /dirac/dirackn33.pdf HTTP/1.1" 200 2114169 "-" "Mozilla/5.0 (compatible; MaCoCu; +https://www.clarin.si/info/macocu-massive-collection-and-curation-of-monolingual-and-bilingual-data/)" "ysfine.com"
95.87.154.11 - - [03/Feb/2023:05:31:55 -0800] "GET /home/feysavior.html HTTP/1.1" 200 6070 "-" "Mozilla/5.0 (compatible; MaCoCu; +https://www.clarin.si/info/macocu-massive-collection-and-curation-of-monolingual-and-bilingual-data/)" "ysfine.com"
95.87.154.11 - - [03/Feb/2023:05:32:16 -0800] "GET /einstein/einwo.html HTTP/1.1" 200 11421 "-" "Mozilla/5.0 (compatible; MaCoCu; +https://www.clarin.si/info/macocu-massive-collection-and-curation-of-monolingual-and-bilingual-data/)" "ysfine.com"
95.87.154.11 - - [03/Feb/2023:05:32:38 -0800] "GET /einstein/einqm.html HTTP/1.1" 200 11460 "-" "Mozilla/5.0 (compatible; MaCoCu; +https://www.clarin.si/info/macocu-massive-collection-and-curation-of-monolingual-and-bilingual-data/)" "ysfine.com"
77.88.5.222 - - [03/Feb/2023:05:32:42 -0800] "GET /robots.txt HTTP/1.1" 404 73 "-" "Mozilla/5.0 (compatible; YandexBot/3.0; +http://yandex.com/bots)" "ysfine.com"
