216.244.66.229 - - [02/Feb/2023:23:04:19 -0800] "GET /world/latina/igu01.jpg HTTP/1.1" 200 109064 "-" "Mozilla/5.0 (compatible; DotBot/1.2; +https://opensiteexplorer.org/dotbot; help@moz.com)" "www.ysfine.com"
216.244.66.229 - - [02/Feb/2023:23:07:22 -0800] "GET /home/wsj21.jpg HTTP/1.1" 200 260984 "-" "Mozilla/5.0 (compatible; DotBot/1.2; +https://opensiteexplorer.org/dotbot; help@moz.com)" "www.ysfine.com"
216.244.66.229 - - [02/Feb/2023:23:07:44 -0800] "GET /world/china/hangz01.jpg HTTP/1.1" 200 86077 "-" "Mozilla/5.0 (compatible; DotBot/1.2; +https://opensiteexplorer.org/dotbot; help@moz.com)" "www.ysfine.com"
216.244.66.229 - - [02/Feb/2023:23:08:04 -0800] "GET /world/france/sartsq01.jpg HTTP/1.1" 200 103953 "-" "Mozilla/5.0 (compatible; DotBot/1.2; +https://opensiteexplorer.org/dotbot; help@moz.com)" "www.ysfine.com"
216.244.66.229 - - [02/Feb/2023:23:08:24 -0800] "GET /world/germany/schonbr01.jpg HTTP/1.1" 200 89359 "-" "Mozilla/5.0 (compatible; DotBot/1.2; +https://opensiteexplorer.org/dotbot; help@moz.com)" "www.ysfine.com"
104.225.182.222 - - [02/Feb/2023:23:08:41 -0800] "GET /kowar/panmun04.jpg HTTP/1.1" 200 126386 "https://www.google.com/" "Mozilla/5.0 (X11; CrOS x86_64 14541.0.0) AppleWebKit/537.36 (KHTML, like Gecko) Chrome/107.0.0.0 Safari/537.36" "ysfine.com"
216.244.66.229 - - [02/Feb/2023:23:08:43 -0800] "GET /world/russ/bolshoi11.jpg HTTP/1.1" 200 108077 "-" "Mozilla/5.0 (compatible; DotBot/1.2; +https://opensiteexplorer.org/dotbot; help@moz.com)" "www.ysfine.com"
173.252.107.9 - - [02/Feb/2023:23:09:04 -0800] "GET /maga/tesla.html HTTP/1.1" 206 4852 "-" "facebookexternalhit/1.1 (+http://www.facebook.com/externalhit_uatext.php)" "ysfine.com"
52.167.144.62 - - [02/Feb/2023:23:09:28 -0800] "GET /dirac/dirac77b.jpg HTTP/1.1" 200 30588 "-" "Mozilla/5.0 AppleWebKit/537.36 (KHTML, like Gecko; compatible; bingbot/2.0; +http://www.bing.com/bingbot.htm) Chrome/103.0.5060.134 Safari/537.36" "www.ysfine.com"
17.241.219.7 - - [02/Feb/2023:23:10:00 -0800] "GET /einstein/einbohr.html HTTP/1.1" 200 6142 "-" "Mozilla/5.0 (Macintosh; Intel Mac OS X 10_15_5) AppleWebKit/605.1.15 (KHTML, like Gecko) Version/13.1.1 Safari/605.1.15 (Applebot/0.1; +http://www.apple.com/go/applebot)" "ysfine.com"
123.183.224.89 - - [02/Feb/2023:23:10:06 -0800] "GET / HTTP/1.1" 200 5295 "-" "Sogou web spider/4.0(+http://www.sogou.com/docs/help/webmasters.htm#07)" "ysfine.com"
216.244.66.229 - - [02/Feb/2023:23:10:30 -0800] "GET /newyork/wtc03.jpg HTTP/1.1" 200 75075 "-" "Mozilla/5.0 (compatible; DotBot/1.2; +https://opensiteexplorer.org/dotbot; help@moz.com)" "www.ysfine.com"
216.244.66.229 - - [02/Feb/2023:23:10:39 -0800] "GET /world/russ/mosf60.jpg HTTP/1.1" 200 183787 "-" "Mozilla/5.0 (compatible; DotBot/1.2; +https://opensiteexplorer.org/dotbot; help@moz.com)" "www.ysfine.com"
216.244.66.229 - - [02/Feb/2023:23:13:09 -0800] "GET /kor/busan11.jpg HTTP/1.1" 200 200672 "-" "Mozilla/5.0 (compatible; DotBot/1.2; +https://opensiteexplorer.org/dotbot; help@moz.com)" "www.ysfine.com"
216.244.66.229 - - [02/Feb/2023:23:13:46 -0800] "GET /people/accardi02.jpg HTTP/1.1" 200 83010 "-" "Mozilla/5.0 (compatible; DotBot/1.2; +https://opensiteexplorer.org/dotbot; help@moz.com)" "www.ysfine.com"
216.244.66.229 - - [02/Feb/2023:23:14:16 -0800] "GET /sbk/2008chelsea11.jpg HTTP/1.1" 200 277201 "-" "Mozilla/5.0 (compatible; DotBot/1.2; +https://opensiteexplorer.org/dotbot; help@moz.com)" "www.ysfine.com"
216.244.66.229 - - [02/Feb/2023:23:14:54 -0800] "GET /world/china/china103.jpg HTTP/1.1" 200 108895 "-" "Mozilla/5.0 (compatible; DotBot/1.2; +https://opensiteexplorer.org/dotbot; help@moz.com)" "www.ysfine.com"
52.167.144.39 - - [02/Feb/2023:23:14:57 -0800] "GET /class54/class5470/total_data/img/06_sportsclub.gif HTTP/1.1" 200 1017 "-" "Mozilla/5.0 AppleWebKit/537.36 (KHTML, like Gecko; compatible; bingbot/2.0; +http://www.bing.com/bingbot.htm) Chrome/103.0.5060.134 Safari/537.36" "ysfine.com"
216.244.66.229 - - [02/Feb/2023:23:15:24 -0800] "GET /world/france/sartsq24.jpg HTTP/1.1" 200 105873 "-" "Mozilla/5.0 (compatible; DotBot/1.2; +https://opensiteexplorer.org/dotbot; help@moz.com)" "www.ysfine.com"
52.167.144.86 - - [02/Feb/2023:23:16:42 -0800] "GET /world/baltic/lithu04.jpg HTTP/1.1" 200 63670 "-" "Mozilla/5.0 AppleWebKit/537.36 (KHTML, like Gecko; compatible; bingbot/2.0; +http://www.bing.com/bingbot.htm) Chrome/103.0.5060.134 Safari/537.36" "ysfine.com"
51.222.253.19 - - [02/Feb/2023:23:16:45 -0800] "GET / HTTP/1.1" 200 5295 "-" "Mozilla/5.0 (compatible; AhrefsBot/7.0; +http://ahrefs.com/robot/)" "www.ysfine.com"
207.46.13.104 - - [02/Feb/2023:23:16:56 -0800] "GET /awards/iaotp152d.jpg HTTP/1.1" 200 54105 "-" "Mozilla/5.0 AppleWebKit/537.36 (KHTML, like Gecko; compatible; bingbot/2.0; +http://www.bing.com/bingbot.htm) Chrome/103.0.5060.134 Safari/537.36" "www.ysfine.com"
207.46.13.104 - - [02/Feb/2023:23:17:16 -0800] "GET /style/socrates33.jpg HTTP/1.1" 200 88220 "-" "Mozilla/5.0 AppleWebKit/537.36 (KHTML, like Gecko; compatible; bingbot/2.0; +http://www.bing.com/bingbot.htm) Chrome/103.0.5060.134 Safari/537.36" "ysfine.com"
95.163.255.62 - - [02/Feb/2023:23:17:21 -0800] "GET /robots.txt HTTP/1.1" 404 73 "-" "Mozilla/5.0 (compatible; Linux x86_64; Mail.RU_Bot/2.0; +https://help.mail.ru/webmaster/indexing/robots)" "www.ysfine.com"
5.190.206.133 - - [02/Feb/2023:23:17:25 -0800] "GET /maga/phys/yukadirac55.jpg HTTP/1.1" 200 92994 "https://www.google.com/" "Mozilla/5.0 (Linux; Android 8.0.0; SM-A720F) AppleWebKit/537.36 (KHTML, like Gecko) Chrome/99.0.4844.73 Mobile Safari/537.36" "ysfine.com"
5.190.206.133 - - [02/Feb/2023:23:17:43 -0800] "GET /maga/phys/yukafeyn3.jpg HTTP/1.1" 200 41879 "https://www.google.com/" "Mozilla/5.0 (Linux; Android 8.0.0; SM-A720F) AppleWebKit/537.36 (KHTML, like Gecko) Chrome/99.0.4844.73 Mobile Safari/537.36" "ysfine.com"
5.190.206.133 - - [02/Feb/2023:23:17:44 -0800] "GET /maga/phys/yukaein.jpg HTTP/1.1" 200 172109 "https://www.google.com/" "Mozilla/5.0 (Linux; Android 8.0.0; SM-A720F) AppleWebKit/537.36 (KHTML, like Gecko) Chrome/99.0.4844.73 Mobile Safari/537.36" "ysfine.com"
95.163.255.66 - - [02/Feb/2023:23:17:52 -0800] "GET /maga/invent/wright09.jpg HTTP/1.1" 200 76966 "-" "Mozilla/5.0 (compatible; Linux x86_64; Mail.RU_Bot/2.0; +https://help.mail.ru/webmaster/indexing/robots)" "www.ysfine.com"
216.244.66.229 - - [02/Feb/2023:23:19:39 -0800] "GET /class54/class5470/total_data/sub_807.htm HTTP/1.1" 200 16173 "-" "Mozilla/5.0 (compatible; DotBot/1.2; +https://opensiteexplorer.org/dotbot; help@moz.com)" "www.ysfine.com"
216.244.66.229 - - [02/Feb/2023:23:20:07 -0800] "GET /class54/class5470/total_data/sub_8146.htm HTTP/1.1" 200 15782 "-" "Mozilla/5.0 (compatible; DotBot/1.2; +https://opensiteexplorer.org/dotbot; help@moz.com)" "www.ysfine.com"
51.222.253.14 - - [02/Feb/2023:23:20:31 -0800] "GET / HTTP/1.1" 200 5295 "-" "Mozilla/5.0 (compatible; AhrefsBot/7.0; +http://ahrefs.com/robot/)" "ysfine.com"
216.244.66.229 - - [02/Feb/2023:23:20:33 -0800] "GET /class54/class5470/total_data/sub_8151.htm HTTP/1.1" 200 15749 "-" "Mozilla/5.0 (compatible; DotBot/1.2; +https://opensiteexplorer.org/dotbot; help@moz.com)" "www.ysfine.com"
216.244.66.229 - - [02/Feb/2023:23:20:58 -0800] "GET /class54/class5470/total_data/sub_8177.htm HTTP/1.1" 200 15750 "-" "Mozilla/5.0 (compatible; DotBot/1.2; +https://opensiteexplorer.org/dotbot; help@moz.com)" "www.ysfine.com"
216.244.66.229 - - [02/Feb/2023:23:21:23 -0800] "GET /class54/class5470/total_data/sub_8188.htm HTTP/1.1" 200 15749 "-" "Mozilla/5.0 (compatible; DotBot/1.2; +https://opensiteexplorer.org/dotbot; help@moz.com)" "www.ysfine.com"
207.46.13.104 - - [02/Feb/2023:23:22:11 -0800] "GET /bio/kobak/yskor.html HTTP/1.1" 404 88 "-" "Mozilla/5.0 AppleWebKit/537.36 (KHTML, like Gecko; compatible; bingbot/2.0; +http://www.bing.com/bingbot.htm) Chrome/103.0.5060.134 Safari/537.36" "ysfine.com"
68.228.117.28 - - [02/Feb/2023:23:22:59 -0800] "GET /kowar/panmun04.jpg HTTP/1.1" 200 126386 "https://www.google.com/" "Mozilla/5.0 (iPhone; CPU iPhone OS 16_1_1 like Mac OS X) AppleWebKit/605.1.15 (KHTML, like Gecko) GSA/249.0.504450501 Mobile/20B101 Safari/604.1" "ysfine.com"
51.222.253.13 - - [02/Feb/2023:23:24:11 -0800] "GET /class54/class5470/total_data/sub_755.htm HTTP/1.1" 200 3297 "-" "Mozilla/5.0 (compatible; AhrefsBot/7.0; +http://ahrefs.com/robot/)" "ysfine.com"
114.119.159.79 - - [02/Feb/2023:23:25:54 -0800] "GET /class54/tallman.html HTTP/1.1" 200 5912 "https://ysfine.com/bio05.html" "Mozilla/5.0 (Linux; Android 7.0;) AppleWebKit/537.36 (KHTML, like Gecko) Mobile Safari/537.36 (compatible; PetalBot;+https://webmaster.petalsearch.com/site/petalbot)" "ysfine.com"
71.178.208.102 - - [02/Feb/2023:23:27:25 -0800] "GET /bio54.html HTTP/1.1" 304 - "-" "Mozilla/5.0 (Windows NT 10.0; Win64; x64) AppleWebKit/537.36 (KHTML, like Gecko) Chrome/109.0.0.0 Safari/537.36" "ysfine.com"
71.178.208.102 - - [02/Feb/2023:23:27:25 -0800] "GET /kobak/swr51d.jpg HTTP/1.1" 304 - "https://ysfine.com/bio54.html" "Mozilla/5.0 (Windows NT 10.0; Win64; x64) AppleWebKit/537.36 (KHTML, like Gecko) Chrome/109.0.0.0 Safari/537.36" "ysfine.com"
71.178.208.102 - - [02/Feb/2023:23:27:25 -0800] "GET /home/fig22/acs96f.jpg HTTP/1.1" 304 - "https://ysfine.com/bio54.html" "Mozilla/5.0 (Windows NT 10.0; Win64; x64) AppleWebKit/537.36 (KHTML, like Gecko) Chrome/109.0.0.0 Safari/537.36" "ysfine.com"
71.178.208.102 - - [02/Feb/2023:23:27:25 -0800] "GET /home/fotos/tank05d.jpg HTTP/1.1" 304 - "https://ysfine.com/bio54.html" "Mozilla/5.0 (Windows NT 10.0; Win64; x64) AppleWebKit/537.36 (KHTML, like Gecko) Chrome/109.0.0.0 Safari/537.36" "ysfine.com"
71.178.208.102 - - [02/Feb/2023:23:27:25 -0800] "GET /home/fig22/ys53d.jpg HTTP/1.1" 304 - "https://ysfine.com/bio54.html" "Mozilla/5.0 (Windows NT 10.0; Win64; x64) AppleWebKit/537.36 (KHTML, like Gecko) Chrome/109.0.0.0 Safari/537.36" "ysfine.com"
71.178.208.102 - - [02/Feb/2023:23:27:25 -0800] "GET /home/fig22/acs22f.jpg HTTP/1.1" 304 - "https://ysfine.com/bio54.html" "Mozilla/5.0 (Windows NT 10.0; Win64; x64) AppleWebKit/537.36 (KHTML, like Gecko) Chrome/109.0.0.0 Safari/537.36" "ysfine.com"
71.178.208.102 - - [02/Feb/2023:23:27:25 -0800] "GET /home/eward33f.jpg HTTP/1.1" 304 - "https://ysfine.com/bio54.html" "Mozilla/5.0 (Windows NT 10.0; Win64; x64) AppleWebKit/537.36 (KHTML, like Gecko) Chrome/109.0.0.0 Safari/537.36" "ysfine.com"
71.178.208.102 - - [02/Feb/2023:23:27:25 -0800] "GET /home/fig22/acs73f.jpg HTTP/1.1" 304 - "https://ysfine.com/bio54.html" "Mozilla/5.0 (Windows NT 10.0; Win64; x64) AppleWebKit/537.36 (KHTML, like Gecko) Chrome/109.0.0.0 Safari/537.36" "ysfine.com"
71.178.208.102 - - [02/Feb/2023:23:27:25 -0800] "GET /home/fig22/silvana49d.jpg HTTP/1.1" 304 - "https://ysfine.com/bio54.html" "Mozilla/5.0 (Windows NT 10.0; Win64; x64) AppleWebKit/537.36 (KHTML, like Gecko) Chrome/109.0.0.0 Safari/537.36" "ysfine.com"
71.178.208.102 - - [02/Feb/2023:23:27:25 -0800] "GET /home/fotos/kazan017d.jpg HTTP/1.1" 304 - "https://ysfine.com/bio54.html" "Mozilla/5.0 (Windows NT 10.0; Win64; x64) AppleWebKit/537.36 (KHTML, like Gecko) Chrome/109.0.0.0 Safari/537.36" "ysfine.com"
71.178.208.102 - - [02/Feb/2023:23:27:25 -0800] "GET /home/fotos/tank03d.jpg HTTP/1.1" 304 - "https://ysfine.com/bio54.html" "Mozilla/5.0 (Windows NT 10.0; Win64; x64) AppleWebKit/537.36 (KHTML, like Gecko) Chrome/109.0.0.0 Safari/537.36" "ysfine.com"
71.178.208.102 - - [02/Feb/2023:23:27:25 -0800] "GET /home/mac05f.jpg HTTP/1.1" 304 - "https://ysfine.com/bio54.html" "Mozilla/5.0 (Windows NT 10.0; Win64; x64) AppleWebKit/537.36 (KHTML, like Gecko) Chrome/109.0.0.0 Safari/537.36" "ysfine.com"
71.178.208.102 - - [02/Feb/2023:23:27:25 -0800] "GET /kobak/sorae/church06d.jpg HTTP/1.1" 304 - "https://ysfine.com/bio54.html" "Mozilla/5.0 (Windows NT 10.0; Win64; x64) AppleWebKit/537.36 (KHTML, like Gecko) Chrome/109.0.0.0 Safari/537.36" "ysfine.com"
71.178.208.102 - - [02/Feb/2023:23:27:25 -0800] "GET /home/fig22/cafe33f.jpg HTTP/1.1" 304 - "https://ysfine.com/bio54.html" "Mozilla/5.0 (Windows NT 10.0; Win64; x64) AppleWebKit/537.36 (KHTML, like Gecko) Chrome/109.0.0.0 Safari/537.36" "ysfine.com"
71.178.208.102 - - [02/Feb/2023:23:27:25 -0800] "GET /home/tallm53f.jpg HTTP/1.1" 200 132310 "https://ysfine.com/bio54.html" "Mozilla/5.0 (Windows NT 10.0; Win64; x64) AppleWebKit/537.36 (KHTML, like Gecko) Chrome/109.0.0.0 Safari/537.36" "ysfine.com"
71.178.208.102 - - [02/Feb/2023:23:27:25 -0800] "GET /home/fig22/busan22d.jpg HTTP/1.1" 304 - "https://ysfine.com/bio54.html" "Mozilla/5.0 (Windows NT 10.0; Win64; x64) AppleWebKit/537.36 (KHTML, like Gecko) Chrome/109.0.0.0 Safari/537.36" "ysfine.com"
71.178.208.102 - - [02/Feb/2023:23:27:25 -0800] "GET /home/fig22/tallm11d.jpg HTTP/1.1" 304 - "https://ysfine.com/bio54.html" "Mozilla/5.0 (Windows NT 10.0; Win64; x64) AppleWebKit/537.36 (KHTML, like Gecko) Chrome/109.0.0.0 Safari/537.36" "ysfine.com"
51.222.253.17 - - [02/Feb/2023:23:27:36 -0800] "GET /class54/class5470/total_data/sub_756.htm HTTP/1.1" 200 3297 "-" "Mozilla/5.0 (compatible; AhrefsBot/7.0; +http://ahrefs.com/robot/)" "ysfine.com"
52.167.144.86 - - [02/Feb/2023:23:28:14 -0800] "GET /sbk/2001toledo11.jpg HTTP/1.1" 200 210588 "-" "Mozilla/5.0 AppleWebKit/537.36 (KHTML, like Gecko; compatible; bingbot/2.0; +http://www.bing.com/bingbot.htm) Chrome/103.0.5060.134 Safari/537.36" "ysfine.com"
207.46.13.64 - - [02/Feb/2023:23:30:05 -0800] "GET /ysbio/world/bologna.html HTTP/1.1" 404 88 "-" "Mozilla/5.0 AppleWebKit/537.36 (KHTML, like Gecko; compatible; bingbot/2.0; +http://www.bing.com/bingbot.htm) Chrome/103.0.5060.134 Safari/537.36" "ysfine.com"
52.167.144.62 - - [02/Feb/2023:23:30:13 -0800] "GET /bio/style/proschanie.html HTTP/1.1" 404 88 "-" "Mozilla/5.0 AppleWebKit/537.36 (KHTML, like Gecko; compatible; bingbot/2.0; +http://www.bing.com/bingbot.htm) Chrome/103.0.5060.134 Safari/537.36" "ysfine.com"
49.142.238.247 - - [02/Feb/2023:23:30:18 -0800] "GET /jobs/koreaj.html HTTP/1.1" 200 5358 "https://www.google.com/" "Mozilla/5.0 (X11; Linux x86_64) AppleWebKit/537.36 (KHTML, like Gecko) Chrome/94.0.4606.81 Safari/537.36" "ysfine.com"
49.142.238.247 - - [02/Feb/2023:23:30:19 -0800] "GET /jobs/koreaj11b.jpg HTTP/1.1" 200 67543 "https://ysfine.com/jobs/koreaj.html" "Mozilla/5.0 (X11; Linux x86_64) AppleWebKit/537.36 (KHTML, like Gecko) Chrome/94.0.4606.81 Safari/537.36" "ysfine.com"
52.167.144.86 - - [02/Feb/2023:23:31:14 -0800] "GET /bio/princeton/campus.html HTTP/1.1" 404 88 "-" "Mozilla/5.0 AppleWebKit/537.36 (KHTML, like Gecko; compatible; bingbot/2.0; +http://www.bing.com/bingbot.htm) Chrome/103.0.5060.134 Safari/537.36" "ysfine.com"
51.222.253.13 - - [02/Feb/2023:23:31:34 -0800] "GET /class54/class5470/total_data/sub_757.htm HTTP/1.1" 200 3297 "-" "Mozilla/5.0 (compatible; AhrefsBot/7.0; +http://ahrefs.com/robot/)" "ysfine.com"
207.46.13.104 - - [02/Feb/2023:23:32:56 -0800] "GET /world/russ/kiev028.jpg HTTP/1.1" 200 116599 "-" "Mozilla/5.0 AppleWebKit/537.36 (KHTML, like Gecko; compatible; bingbot/2.0; +http://www.bing.com/bingbot.htm) Chrome/103.0.5060.134 Safari/537.36" "ysfine.com"
207.46.13.104 - - [02/Feb/2023:23:33:06 -0800] "GET /wdc/sakura08.jpg HTTP/1.1" 200 54691 "-" "Mozilla/5.0 AppleWebKit/537.36 (KHTML, like Gecko; compatible; bingbot/2.0; +http://www.bing.com/bingbot.htm) Chrome/103.0.5060.134 Safari/537.36" "www.ysfine.com"
52.167.144.86 - - [02/Feb/2023:23:33:34 -0800] "GET /feynman/ppic/qboil66.jpg HTTP/1.1" 200 111355 "-" "Mozilla/5.0 AppleWebKit/537.36 (KHTML, like Gecko; compatible; bingbot/2.0; +http://www.bing.com/bingbot.htm) Chrome/103.0.5060.134 Safari/537.36" "ysfine.com"
52.167.144.39 - - [02/Feb/2023:23:33:40 -0800] "GET /kobak/yoonhm2.jpg HTTP/1.1" 200 40988 "-" "Mozilla/5.0 AppleWebKit/537.36 (KHTML, like Gecko; compatible; bingbot/2.0; +http://www.bing.com/bingbot.htm) Chrome/103.0.5060.134 Safari/537.36" "ysfine.com"
51.222.253.10 - - [02/Feb/2023:23:35:43 -0800] "GET /class54/class5470/total_data/sub_758.htm HTTP/1.1" 200 3297 "-" "Mozilla/5.0 (compatible; AhrefsBot/7.0; +http://ahrefs.com/robot/)" "ysfine.com"
37.47.92.169 - - [02/Feb/2023:23:37:10 -0800] "GET /dirac/dirheisen31.jpg HTTP/1.1" 200 107372 "https://www.google.com/" "Mozilla/5.0 (Linux; Android 11; SM-A525F Build/RP1A.200720.012; wv) AppleWebKit/537.36 (KHTML, like Gecko) Version/4.0 Chrome/109.0.5414.118 Mobile Safari/537.36 GoogleApp/14.4.6.26.arm64" "ysfine.com"
194.190.19.181 - - [02/Feb/2023:23:37:20 -0800] "GET /princeton/campus.html HTTP/1.1" 200 15141 "-" "Mozilla/5.0 (Windows NT 10.0; Win64; x64) AppleWebKit/537.36 (KHTML, like Gecko) Chrome/109.0.0.0 Safari/537.36" "ysfine.com"
194.190.19.181 - - [02/Feb/2023:23:37:20 -0800] "GET /princeton/withers01b.jpg HTTP/1.1" 200 53277 "https://ysfine.com/princeton/campus.html" "Mozilla/5.0 (Windows NT 10.0; Win64; x64) AppleWebKit/537.36 (KHTML, like Gecko) Chrome/109.0.0.0 Safari/537.36" "ysfine.com"
194.190.19.181 - - [02/Feb/2023:23:37:20 -0800] "GET /princeton/nasshall01b.jpg HTTP/1.1" 200 60879 "https://ysfine.com/princeton/campus.html" "Mozilla/5.0 (Windows NT 10.0; Win64; x64) AppleWebKit/537.36 (KHTML, like Gecko) Chrome/109.0.0.0 Safari/537.36" "ysfine.com"
194.190.19.181 - - [02/Feb/2023:23:37:20 -0800] "GET /princeton/alexan22b.jpg HTTP/1.1" 200 55817 "https://ysfine.com/princeton/campus.html" "Mozilla/5.0 (Windows NT 10.0; Win64; x64) AppleWebKit/537.36 (KHTML, like Gecko) Chrome/109.0.0.0 Safari/537.36" "ysfine.com"
194.190.19.181 - - [02/Feb/2023:23:37:20 -0800] "GET /style/picasspr22b.jpg HTTP/1.1" 200 67766 "https://ysfine.com/princeton/campus.html" "Mozilla/5.0 (Windows NT 10.0; Win64; x64) AppleWebKit/537.36 (KHTML, like Gecko) Chrome/109.0.0.0 Safari/537.36" "ysfine.com"
194.190.19.181 - - [02/Feb/2023:23:37:20 -0800] "GET /princeton/firestone11b.jpg HTTP/1.1" 200 54060 "https://ysfine.com/princeton/campus.html" "Mozilla/5.0 (Windows NT 10.0; Win64; x64) AppleWebKit/537.36 (KHTML, like Gecko) Chrome/109.0.0.0 Safari/537.36" "ysfine.com"
194.190.19.181 - - [02/Feb/2023:23:37:20 -0800] "GET /princeton/pcomm01b.jpg HTTP/1.1" 200 46796 "https://ysfine.com/princeton/campus.html" "Mozilla/5.0 (Windows NT 10.0; Win64; x64) AppleWebKit/537.36 (KHTML, like Gecko) Chrome/109.0.0.0 Safari/537.36" "ysfine.com"
194.190.19.181 - - [02/Feb/2023:23:37:20 -0800] "GET /princeton/prospectg33b.jpg HTTP/1.1" 200 39510 "https://ysfine.com/princeton/campus.html" "Mozilla/5.0 (Windows NT 10.0; Win64; x64) AppleWebKit/537.36 (KHTML, like Gecko) Chrome/109.0.0.0 Safari/537.36" "ysfine.com"
194.190.19.181 - - [02/Feb/2023:23:37:20 -0800] "GET /princeton/jj03b.jpg HTTP/1.1" 200 46731 "https://ysfine.com/princeton/campus.html" "Mozilla/5.0 (Windows NT 10.0; Win64; x64) AppleWebKit/537.36 (KHTML, like Gecko) Chrome/109.0.0.0 Safari/537.36" "ysfine.com"
194.190.19.181 - - [02/Feb/2023:23:37:20 -0800] "GET /princeton/pumu11b.jpg HTTP/1.1" 200 46659 "https://ysfine.com/princeton/campus.html" "Mozilla/5.0 (Windows NT 10.0; Win64; x64) AppleWebKit/537.36 (KHTML, like Gecko) Chrome/109.0.0.0 Safari/537.36" "ysfine.com"
194.190.19.181 - - [02/Feb/2023:23:37:20 -0800] "GET /princeton/lahiere11b.jpg HTTP/1.1" 200 53024 "https://ysfine.com/princeton/campus.html" "Mozilla/5.0 (Windows NT 10.0; Win64; x64) AppleWebKit/537.36 (KHTML, like Gecko) Chrome/109.0.0.0 Safari/537.36" "ysfine.com"
194.190.19.181 - - [02/Feb/2023:23:37:20 -0800] "GET /eink/pwk19c.jpg HTTP/1.1" 200 57759 "https://ysfine.com/princeton/campus.html" "Mozilla/5.0 (Windows NT 10.0; Win64; x64) AppleWebKit/537.36 (KHTML, like Gecko) Chrome/109.0.0.0 Safari/537.36" "ysfine.com"
194.190.19.181 - - [02/Feb/2023:23:37:20 -0800] "GET /princeton/nordisk11b.jpg HTTP/1.1" 200 30945 "https://ysfine.com/princeton/campus.html" "Mozilla/5.0 (Windows NT 10.0; Win64; x64) AppleWebKit/537.36 (KHTML, like Gecko) Chrome/109.0.0.0 Safari/537.36" "ysfine.com"
194.190.19.181 - - [02/Feb/2023:23:37:20 -0800] "GET /princeton/hyatt33b.jpg HTTP/1.1" 200 34135 "https://ysfine.com/princeton/campus.html" "Mozilla/5.0 (Windows NT 10.0; Win64; x64) AppleWebKit/537.36 (KHTML, like Gecko) Chrome/109.0.0.0 Safari/537.36" "ysfine.com"
194.190.19.181 - - [02/Feb/2023:23:37:20 -0800] "GET /princeton/eng01b.jpg HTTP/1.1" 200 35847 "https://ysfine.com/princeton/campus.html" "Mozilla/5.0 (Windows NT 10.0; Win64; x64) AppleWebKit/537.36 (KHTML, like Gecko) Chrome/109.0.0.0 Safari/537.36" "ysfine.com"
194.190.19.181 - - [02/Feb/2023:23:37:20 -0800] "GET /princeton/nassinf01b.jpg HTTP/1.1" 200 45562 "https://ysfine.com/princeton/campus.html" "Mozilla/5.0 (Windows NT 10.0; Win64; x64) AppleWebKit/537.36 (KHTML, like Gecko) Chrome/109.0.0.0 Safari/537.36" "ysfine.com"
194.190.19.181 - - [02/Feb/2023:23:37:20 -0800] "GET /princeton/pseminary11b.jpg HTTP/1.1" 200 53421 "https://ysfine.com/princeton/campus.html" "Mozilla/5.0 (Windows NT 10.0; Win64; x64) AppleWebKit/537.36 (KHTML, like Gecko) Chrome/109.0.0.0 Safari/537.36" "ysfine.com"
194.190.19.181 - - [02/Feb/2023:23:37:20 -0800] "GET /einstein/eins47b.jpg HTTP/1.1" 200 48772 "https://ysfine.com/princeton/campus.html" "Mozilla/5.0 (Windows NT 10.0; Win64; x64) AppleWebKit/537.36 (KHTML, like Gecko) Chrome/109.0.0.0 Safari/537.36" "ysfine.com"
194.190.19.181 - - [02/Feb/2023:23:37:20 -0800] "GET /princeton/nassinf03b.jpg HTTP/1.1" 200 33593 "https://ysfine.com/princeton/campus.html" "Mozilla/5.0 (Windows NT 10.0; Win64; x64) AppleWebKit/537.36 (KHTML, like Gecko) Chrome/109.0.0.0 Safari/537.36" "ysfine.com"
194.190.19.181 - - [02/Feb/2023:23:37:20 -0800] "GET /princeton/pstadium22b.jpg HTTP/1.1" 200 40166 "https://ysfine.com/princeton/campus.html" "Mozilla/5.0 (Windows NT 10.0; Win64; x64) AppleWebKit/537.36 (KHTML, like Gecko) Chrome/109.0.0.0 Safari/537.36" "ysfine.com"
194.190.19.181 - - [02/Feb/2023:23:37:20 -0800] "GET /princeton/sabat11b.jpg HTTP/1.1" 200 56760 "https://ysfine.com/princeton/campus.html" "Mozilla/5.0 (Windows NT 10.0; Win64; x64) AppleWebKit/537.36 (KHTML, like Gecko) Chrome/109.0.0.0 Safari/537.36" "ysfine.com"
194.190.19.181 - - [02/Feb/2023:23:37:20 -0800] "GET /princeton/econ11b.jpg HTTP/1.1" 200 37872 "https://ysfine.com/princeton/campus.html" "Mozilla/5.0 (Windows NT 10.0; Win64; x64) AppleWebKit/537.36 (KHTML, like Gecko) Chrome/109.0.0.0 Safari/537.36" "ysfine.com"
194.190.19.181 - - [02/Feb/2023:23:37:20 -0800] "GET /princeton/orren11b.jpg HTTP/1.1" 200 32972 "https://ysfine.com/princeton/campus.html" "Mozilla/5.0 (Windows NT 10.0; Win64; x64) AppleWebKit/537.36 (KHTML, like Gecko) Chrome/109.0.0.0 Safari/537.36" "ysfine.com"
194.190.19.181 - - [02/Feb/2023:23:37:20 -0800] "GET /princeton/palmersq11b.jpg HTTP/1.1" 200 36231 "https://ysfine.com/princeton/campus.html" "Mozilla/5.0 (Windows NT 10.0; Win64; x64) AppleWebKit/537.36 (KHTML, like Gecko) Chrome/109.0.0.0 Safari/537.36" "ysfine.com"
194.190.19.181 - - [02/Feb/2023:23:37:20 -0800] "GET /princeton/pgarden11b.jpg HTTP/1.1" 200 46683 "https://ysfine.com/princeton/campus.html" "Mozilla/5.0 (Windows NT 10.0; Win64; x64) AppleWebKit/537.36 (KHTML, like Gecko) Chrome/109.0.0.0 Safari/537.36" "ysfine.com"
194.190.19.181 - - [02/Feb/2023:23:37:20 -0800] "GET /princeton/nassin08b.jpg HTTP/1.1" 200 55747 "https://ysfine.com/princeton/campus.html" "Mozilla/5.0 (Windows NT 10.0; Win64; x64) AppleWebKit/537.36 (KHTML, like Gecko) Chrome/109.0.0.0 Safari/537.36" "ysfine.com"
194.190.19.181 - - [02/Feb/2023:23:37:20 -0800] "GET /princeton/gcollege21b.jpg HTTP/1.1" 200 50053 "https://ysfine.com/princeton/campus.html" "Mozilla/5.0 (Windows NT 10.0; Win64; x64) AppleWebKit/537.36 (KHTML, like Gecko) Chrome/109.0.0.0 Safari/537.36" "ysfine.com"
194.190.19.181 - - [02/Feb/2023:23:37:20 -0800] "GET /princeton/palmerlab11b.jpg HTTP/1.1" 200 40956 "https://ysfine.com/princeton/campus.html" "Mozilla/5.0 (Windows NT 10.0; Win64; x64) AppleWebKit/537.36 (KHTML, like Gecko) Chrome/109.0.0.0 Safari/537.36" "ysfine.com"
194.190.19.181 - - [02/Feb/2023:23:37:20 -0800] "GET /princeton/nassinf32b.jpg HTTP/1.1" 200 40214 "https://ysfine.com/princeton/campus.html" "Mozilla/5.0 (Windows NT 10.0; Win64; x64) AppleWebKit/537.36 (KHTML, like Gecko) Chrome/109.0.0.0 Safari/537.36" "ysfine.com"
194.190.19.181 - - [02/Feb/2023:23:37:20 -0800] "GET /princeton/gcollege05b.jpg HTTP/1.1" 200 49944 "https://ysfine.com/princeton/campus.html" "Mozilla/5.0 (Windows NT 10.0; Win64; x64) AppleWebKit/537.36 (KHTML, like Gecko) Chrome/109.0.0.0 Safari/537.36" "ysfine.com"
194.190.19.181 - - [02/Feb/2023:23:37:20 -0800] "GET /princeton/hyatt66b.jpg HTTP/1.1" 200 45208 "https://ysfine.com/princeton/campus.html" "Mozilla/5.0 (Windows NT 10.0; Win64; x64) AppleWebKit/537.36 (KHTML, like Gecko) Chrome/109.0.0.0 Safari/537.36" "ysfine.com"
194.190.19.181 - - [02/Feb/2023:23:37:20 -0800] "GET /princeton/wilson02b.jpg HTTP/1.1" 200 38092 "https://ysfine.com/princeton/campus.html" "Mozilla/5.0 (Windows NT 10.0; Win64; x64) AppleWebKit/537.36 (KHTML, like Gecko) Chrome/109.0.0.0 Safari/537.36" "ysfine.com"
194.190.19.181 - - [02/Feb/2023:23:37:20 -0800] "GET /princeton/forrestalmap2.jpg HTTP/1.1" 200 54761 "https://ysfine.com/princeton/campus.html" "Mozilla/5.0 (Windows NT 10.0; Win64; x64) AppleWebKit/537.36 (KHTML, like Gecko) Chrome/109.0.0.0 Safari/537.36" "ysfine.com"
194.190.19.181 - - [02/Feb/2023:23:37:20 -0800] "GET /world/russ/kazan035b.jpg HTTP/1.1" 200 41723 "https://ysfine.com/princeton/campus.html" "Mozilla/5.0 (Windows NT 10.0; Win64; x64) AppleWebKit/537.36 (KHTML, like Gecko) Chrome/109.0.0.0 Safari/537.36" "ysfine.com"
194.190.19.181 - - [02/Feb/2023:23:37:20 -0800] "GET /princeton/cleve11b.jpg HTTP/1.1" 200 42431 "https://ysfine.com/princeton/campus.html" "Mozilla/5.0 (Windows NT 10.0; Win64; x64) AppleWebKit/537.36 (KHTML, like Gecko) Chrome/109.0.0.0 Safari/537.36" "ysfine.com"
194.190.19.181 - - [02/Feb/2023:23:37:20 -0800] "GET /princeton/wilson01b.jpg HTTP/1.1" 200 39141 "https://ysfine.com/princeton/campus.html" "Mozilla/5.0 (Windows NT 10.0; Win64; x64) AppleWebKit/537.36 (KHTML, like Gecko) Chrome/109.0.0.0 Safari/537.36" "ysfine.com"
194.190.19.181 - - [02/Feb/2023:23:37:20 -0800] "GET /maga/invent/sarnoffco11b.jpg HTTP/1.1" 200 31031 "https://ysfine.com/princeton/campus.html" "Mozilla/5.0 (Windows NT 10.0; Win64; x64) AppleWebKit/537.36 (KHTML, like Gecko) Chrome/109.0.0.0 Safari/537.36" "ysfine.com"
194.190.19.181 - - [02/Feb/2023:23:37:20 -0800] "GET /einstein/einhouse11b.jpg HTTP/1.1" 200 42717 "https://ysfine.com/princeton/campus.html" "Mozilla/5.0 (Windows NT 10.0; Win64; x64) AppleWebKit/537.36 (KHTML, like Gecko) Chrome/109.0.0.0 Safari/537.36" "ysfine.com"
194.190.19.181 - - [02/Feb/2023:23:37:20 -0800] "GET /princeton/brownh11b.jpg HTTP/1.1" 200 52347 "https://ysfine.com/princeton/campus.html" "Mozilla/5.0 (Windows NT 10.0; Win64; x64) AppleWebKit/537.36 (KHTML, like Gecko) Chrome/109.0.0.0 Safari/537.36" "ysfine.com"
194.190.19.181 - - [02/Feb/2023:23:37:20 -0800] "GET /kobak/taylor400.jpg HTTP/1.1" 200 56181 "https://ysfine.com/princeton/campus.html" "Mozilla/5.0 (Windows NT 10.0; Win64; x64) AppleWebKit/537.36 (KHTML, like Gecko) Chrome/109.0.0.0 Safari/537.36" "ysfine.com"
194.190.19.181 - - [02/Feb/2023:23:37:20 -0800] "GET /princeton/blair11b.jpg HTTP/1.1" 200 46260 "https://ysfine.com/princeton/campus.html" "Mozilla/5.0 (Windows NT 10.0; Win64; x64) AppleWebKit/537.36 (KHTML, like Gecko) Chrome/109.0.0.0 Safari/537.36" "ysfine.com"
194.190.19.181 - - [02/Feb/2023:23:37:20 -0800] "GET /princeton/nassin05b.jpg HTTP/1.1" 200 45166 "https://ysfine.com/princeton/campus.html" "Mozilla/5.0 (Windows NT 10.0; Win64; x64) AppleWebKit/537.36 (KHTML, like Gecko) Chrome/109.0.0.0 Safari/537.36" "ysfine.com"
194.190.19.181 - - [02/Feb/2023:23:37:20 -0800] "GET /einstein/eincurie11b.jpg HTTP/1.1" 200 42944 "https://ysfine.com/princeton/campus.html" "Mozilla/5.0 (Windows NT 10.0; Win64; x64) AppleWebKit/537.36 (KHTML, like Gecko) Chrome/109.0.0.0 Safari/537.36" "ysfine.com"
194.190.19.181 - - [02/Feb/2023:23:37:20 -0800] "GET /princeton/nassinf35b.jpg HTTP/1.1" 200 45853 "https://ysfine.com/princeton/campus.html" "Mozilla/5.0 (Windows NT 10.0; Win64; x64) AppleWebKit/537.36 (KHTML, like Gecko) Chrome/109.0.0.0 Safari/537.36" "ysfine.com"
194.190.19.181 - - [02/Feb/2023:23:37:20 -0800] "GET /princeton/brooke66b.jpg HTTP/1.1" 200 44674 "https://ysfine.com/princeton/campus.html" "Mozilla/5.0 (Windows NT 10.0; Win64; x64) AppleWebKit/537.36 (KHTML, like Gecko) Chrome/109.0.0.0 Safari/537.36" "ysfine.com"
194.190.19.181 - - [02/Feb/2023:23:37:20 -0800] "GET /princeton/rheepr01b.jpg HTTP/1.1" 200 35236 "https://ysfine.com/princeton/campus.html" "Mozilla/5.0 (Windows NT 10.0; Win64; x64) AppleWebKit/537.36 (KHTML, like Gecko) Chrome/109.0.0.0 Safari/537.36" "ysfine.com"
194.190.19.181 - - [02/Feb/2023:23:37:20 -0800] "GET /princeton/annex11b.jpg HTTP/1.1" 200 39639 "https://ysfine.com/princeton/campus.html" "Mozilla/5.0 (Windows NT 10.0; Win64; x64) AppleWebKit/537.36 (KHTML, like Gecko) Chrome/109.0.0.0 Safari/537.36" "ysfine.com"
194.190.19.181 - - [02/Feb/2023:23:37:20 -0800] "GET /princeton/mediter22b.jpg HTTP/1.1" 200 34241 "https://ysfine.com/princeton/campus.html" "Mozilla/5.0 (Windows NT 10.0; Win64; x64) AppleWebKit/537.36 (KHTML, like Gecko) Chrome/109.0.0.0 Safari/537.36" "ysfine.com"
194.190.19.181 - - [02/Feb/2023:23:37:20 -0800] "GET /princeton/ustore33b.jpg HTTP/1.1" 200 54240 "https://ysfine.com/princeton/campus.html" "Mozilla/5.0 (Windows NT 10.0; Win64; x64) AppleWebKit/537.36 (KHTML, like Gecko) Chrome/109.0.0.0 Safari/537.36" "ysfine.com"
194.190.19.181 - - [02/Feb/2023:23:37:20 -0800] "GET /princeton/hamilton11b.jpg HTTP/1.1" 200 55404 "https://ysfine.com/princeton/campus.html" "Mozilla/5.0 (Windows NT 10.0; Win64; x64) AppleWebKit/537.36 (KHTML, like Gecko) Chrome/109.0.0.0 Safari/537.36" "ysfine.com"
194.190.19.181 - - [02/Feb/2023:23:37:29 -0800] "GET /favicon.ico HTTP/1.1" 404 88 "https://ysfine.com/princeton/campus.html" "Mozilla/5.0 (Windows NT 10.0; Win64; x64) AppleWebKit/537.36 (KHTML, like Gecko) Chrome/109.0.0.0 Safari/537.36" "ysfine.com"
71.178.208.102 - - [02/Feb/2023:23:37:39 -0800] "GET /bio21.html HTTP/1.1" 304 - "https://ysfine.com/ys11/" "Mozilla/5.0 (Windows NT 10.0; Win64; x64) AppleWebKit/537.36 (KHTML, like Gecko) Chrome/109.0.0.0 Safari/537.36 Edg/109.0.1518.70" "ysfine.com"
40.77.167.192 - - [02/Feb/2023:23:37:46 -0800] "GET /bio/kobak/soraech.html HTTP/1.1" 404 88 "-" "Mozilla/5.0 AppleWebKit/537.36 (KHTML, like Gecko; compatible; bingbot/2.0; +http://www.bing.com/bingbot.htm) Chrome/103.0.5060.134 Safari/537.36" "ysfine.com"
207.46.13.64 - - [02/Feb/2023:23:37:56 -0800] "GET /newyork/trump02b.jpg HTTP/1.1" 200 61147 "-" "Mozilla/5.0 AppleWebKit/537.36 (KHTML, like Gecko; compatible; bingbot/2.0; +http://www.bing.com/bingbot.htm) Chrome/103.0.5060.134 Safari/537.36" "ysfine.com"
37.47.92.169 - - [02/Feb/2023:23:38:04 -0800] "GET /dirac/wigsis11.jpg HTTP/1.1" 200 71741 "https://www.google.com/" "Mozilla/5.0 (Linux; Android 11; SM-A525F Build/RP1A.200720.012; wv) AppleWebKit/537.36 (KHTML, like Gecko) Version/4.0 Chrome/109.0.5414.118 Mobile Safari/537.36 GoogleApp/14.4.6.26.arm64" "ysfine.com"
71.178.208.102 - - [02/Feb/2023:23:38:43 -0800] "GET /photos/photo02.jpg HTTP/1.1" 200 242296 "https://ysfine.com/bio21.html" "Mozilla/5.0 (Windows NT 10.0; Win64; x64) AppleWebKit/537.36 (KHTML, like Gecko) Chrome/109.0.0.0 Safari/537.36 Edg/109.0.1518.70" "ysfine.com"
51.222.253.14 - - [02/Feb/2023:23:39:23 -0800] "GET /class54/class5470/total_data/sub_746.htm HTTP/1.1" 200 3297 "-" "Mozilla/5.0 (compatible; AhrefsBot/7.0; +http://ahrefs.com/robot/)" "ysfine.com"
124.87.119.251 - - [02/Feb/2023:23:40:15 -0800] "GET /wigner/wiglittle.pdf HTTP/1.1" 200 2659296 "https://search.yahoo.co.jp/" "Mozilla/5.0 (Windows NT 10.0; Win64; x64) AppleWebKit/537.36 (KHTML, like Gecko) Chrome/109.0.0.0 Safari/537.36" "ysfine.com"
124.87.119.251 - - [02/Feb/2023:23:40:16 -0800] "GET /wigner/wiglittle.pdf HTTP/1.1" 206 1025 "-" "Mozilla/5.0 (Windows NT 10.0; Win64; x64) AppleWebKit/537.36 (KHTML, like Gecko) Chrome/109.0.0.0 Safari/537.36" "ysfine.com"
124.87.119.251 - - [02/Feb/2023:23:40:16 -0800] "GET /wigner/wiglittle.pdf HTTP/1.1" 200 2659296 "-" "Mozilla/5.0 (Windows NT 10.0; Win64; x64) AppleWebKit/537.36 (KHTML, like Gecko) Chrome/109.0.0.0 Safari/537.36" "ysfine.com"
124.87.119.251 - - [02/Feb/2023:23:40:23 -0800] "GET /wigner/wiglittle.pdf HTTP/1.1" 206 1 "https://search.yahoo.co.jp/" "Mozilla/5.0 (Windows NT 10.0; Win64; x64) AppleWebKit/537.36 (KHTML, like Gecko) Chrome/109.0.0.0 Safari/537.36" "ysfine.com"
124.87.119.251 - - [02/Feb/2023:23:40:26 -0800] "GET /wigner/wiglittle.pdf HTTP/1.1" 206 2643332 "https://search.yahoo.co.jp/" "Mozilla/5.0 (Windows NT 10.0; Win64; x64) AppleWebKit/537.36 (KHTML, like Gecko) Chrome/109.0.0.0 Safari/537.36" "ysfine.com"
124.87.119.251 - - [02/Feb/2023:23:40:26 -0800] "GET /wigner/wiglittle.pdf HTTP/1.1" 200 2659296 "-" "Mozilla/5.0 (Windows NT 10.0; Win64; x64) AppleWebKit/537.36 (KHTML, like Gecko) Chrome/109.0.0.0 Safari/537.36" "ysfine.com"
207.46.13.104 - - [02/Feb/2023:23:41:19 -0800] "GET /bio/sbk/1950.html HTTP/1.1" 404 88 "-" "Mozilla/5.0 AppleWebKit/537.36 (KHTML, like Gecko; compatible; bingbot/2.0; +http://www.bing.com/bingbot.htm) Chrome/103.0.5060.134 Safari/537.36" "ysfine.com"
52.167.144.62 - - [02/Feb/2023:23:41:41 -0800] "GET /world/russ/bolshoi22.jpg HTTP/1.1" 200 109431 "-" "Mozilla/5.0 AppleWebKit/537.36 (KHTML, like Gecko; compatible; bingbot/2.0; +http://www.bing.com/bingbot.htm) Chrome/103.0.5060.134 Safari/537.36" "www.ysfine.com"
124.87.119.251 - - [02/Feb/2023:23:41:45 -0800] "GET /wigner/little11.pdf HTTP/1.1" 200 156821 "https://search.yahoo.co.jp/" "Mozilla/5.0 (Windows NT 10.0; Win64; x64) AppleWebKit/537.36 (KHTML, like Gecko) Chrome/109.0.0.0 Safari/537.36" "ysfine.com"
124.87.119.251 - - [02/Feb/2023:23:41:46 -0800] "GET /wigner/little11.pdf HTTP/1.1" 200 156821 "-" "Mozilla/5.0 (Windows NT 10.0; Win64; x64) AppleWebKit/537.36 (KHTML, like Gecko) Chrome/109.0.0.0 Safari/537.36" "ysfine.com"
124.87.119.251 - - [02/Feb/2023:23:41:46 -0800] "GET /wigner/little11.pdf HTTP/1.1" 206 1025 "-" "Mozilla/5.0 (Windows NT 10.0; Win64; x64) AppleWebKit/537.36 (KHTML, like Gecko) Chrome/109.0.0.0 Safari/537.36" "ysfine.com"
4.78.197.34 - - [02/Feb/2023:23:42:49 -0800] "GET /princeton/gcollege08.jpg HTTP/1.1" 200 81357 "https://www.google.com/" "Mozilla/5.0 (Windows NT 10.0; Win64; x64) AppleWebKit/537.36 (KHTML, like Gecko) Chrome/109.0.0.0 Safari/537.36" "ysfine.com"
51.222.253.4 - - [02/Feb/2023:23:42:59 -0800] "GET /class54/class5470/total_data/sub_747.htm HTTP/1.1" 200 3297 "-" "Mozilla/5.0 (compatible; AhrefsBot/7.0; +http://ahrefs.com/robot/)" "ysfine.com"
52.167.144.86 - - [02/Feb/2023:23:43:46 -0800] "GET /bio/wigner/e(2).html HTTP/1.1" 404 88 "-" "Mozilla/5.0 AppleWebKit/537.36 (KHTML, like Gecko; compatible; bingbot/2.0; +http://www.bing.com/bingbot.htm) Chrome/103.0.5060.134 Safari/537.36" "ysfine.com"
40.77.167.192 - - [02/Feb/2023:23:44:17 -0800] "GET /princeton/car04.jpg HTTP/1.1" 200 71001 "-" "Mozilla/5.0 AppleWebKit/537.36 (KHTML, like Gecko; compatible; bingbot/2.0; +http://www.bing.com/bingbot.htm) Chrome/103.0.5060.134 Safari/537.36" "www.ysfine.com"
71.178.208.102 - - [02/Feb/2023:23:44:18 -0800] "GET /bio21.html HTTP/1.1" 200 5138 "https://ysfine.com/ys11/" "Mozilla/5.0 (Windows NT 10.0; Win64; x64) AppleWebKit/537.36 (KHTML, like Gecko) Chrome/109.0.0.0 Safari/537.36 Edg/109.0.1518.70" "ysfine.com"
71.178.208.102 - - [02/Feb/2023:23:44:18 -0800] "GET /photos/photo02f.jpg HTTP/1.1" 404 88 "https://ysfine.com/bio21.html" "Mozilla/5.0 (Windows NT 10.0; Win64; x64) AppleWebKit/537.36 (KHTML, like Gecko) Chrome/109.0.0.0 Safari/537.36 Edg/109.0.1518.70" "ysfine.com"
98.150.250.11 - - [02/Feb/2023:23:44:24 -0800] "GET /ffriends/korcasia.html HTTP/1.1" 200 2498 "-" "Mozilla/5.0 (Windows NT 10.0; Win64; x64) AppleWebKit/537.36 (KHTML, like Gecko) Chrome/109.0.0.0 Safari/537.36" "ysfine.com"
207.46.13.104 - - [02/Feb/2023:23:44:34 -0800] "GET /bio/style/artlove.html HTTP/1.1" 404 88 "-" "Mozilla/5.0 AppleWebKit/537.36 (KHTML, like Gecko; compatible; bingbot/2.0; +http://www.bing.com/bingbot.htm) Chrome/103.0.5060.134 Safari/537.36" "ysfine.com"
124.87.119.251 - - [02/Feb/2023:23:45:07 -0800] "GET /wigner/little11.pdf HTTP/1.1" 200 156821 "https://search.yahoo.co.jp/" "Mozilla/5.0 (Windows NT 10.0; Win64; x64) AppleWebKit/537.36 (KHTML, like Gecko) Chrome/109.0.0.0 Safari/537.36" "ysfine.com"
124.87.119.251 - - [02/Feb/2023:23:45:08 -0800] "GET /wigner/little11.pdf HTTP/1.1" 200 156821 "-" "Mozilla/5.0 (Windows NT 10.0; Win64; x64) AppleWebKit/537.36 (KHTML, like Gecko) Chrome/109.0.0.0 Safari/537.36" "ysfine.com"
71.178.208.102 - - [02/Feb/2023:23:45:11 -0800] "GET /bio21.html HTTP/1.1" 304 - "https://ysfine.com/ys11/" "Mozilla/5.0 (Windows NT 10.0; Win64; x64) AppleWebKit/537.36 (KHTML, like Gecko) Chrome/109.0.0.0 Safari/537.36 Edg/109.0.1518.70" "ysfine.com"
71.178.208.102 - - [02/Feb/2023:23:45:11 -0800] "GET /photos/photo02f.jpg HTTP/1.1" 404 88 "https://ysfine.com/bio21.html" "Mozilla/5.0 (Windows NT 10.0; Win64; x64) AppleWebKit/537.36 (KHTML, like Gecko) Chrome/109.0.0.0 Safari/537.36 Edg/109.0.1518.70" "ysfine.com"
216.244.66.229 - - [02/Feb/2023:23:45:32 -0800] "GET /robots.txt HTTP/1.1" 404 73 "-" "Mozilla/5.0 (compatible; DotBot/1.2; +https://opensiteexplorer.org/dotbot; help@moz.com)" "www.ysfine.com"
40.77.167.192 - - [02/Feb/2023:23:46:16 -0800] "GET /bio.html HTTP/1.1" 200 18260 "-" "Mozilla/5.0 AppleWebKit/537.36 (KHTML, like Gecko; compatible; bingbot/2.0; +http://www.bing.com/bingbot.htm) Chrome/103.0.5060.134 Safari/537.36" "ysfine.com"
71.178.208.102 - - [02/Feb/2023:23:46:17 -0800] "GET /bio21.html HTTP/1.1" 304 - "https://ysfine.com/ys11/" "Mozilla/5.0 (Windows NT 10.0; Win64; x64) AppleWebKit/537.36 (KHTML, like Gecko) Chrome/109.0.0.0 Safari/537.36 Edg/109.0.1518.70" "ysfine.com"
71.178.208.102 - - [02/Feb/2023:23:46:17 -0800] "GET /photos/photo02f.jpg HTTP/1.1" 200 155379 "https://ysfine.com/bio21.html" "Mozilla/5.0 (Windows NT 10.0; Win64; x64) AppleWebKit/537.36 (KHTML, like Gecko) Chrome/109.0.0.0 Safari/537.36 Edg/109.0.1518.70" "ysfine.com"
51.222.253.13 - - [02/Feb/2023:23:46:37 -0800] "GET /wisdom/tanks.html HTTP/1.1" 200 8599 "-" "Mozilla/5.0 (compatible; AhrefsBot/7.0; +http://ahrefs.com/robot/)" "www.ysfine.com"
51.222.253.6 - - [02/Feb/2023:23:46:49 -0800] "GET /kowar/mil/sherman44b.jpg HTTP/1.1" 404 88 "-" "Mozilla/5.0 (compatible; AhrefsBot/7.0; +http://ahrefs.com/robot/)" "www.ysfine.com"
51.222.253.17 - - [02/Feb/2023:23:46:50 -0800] "GET /kowar/mil/southhorse2.jpg HTTP/1.1" 404 88 "-" "Mozilla/5.0 (compatible; AhrefsBot/7.0; +http://ahrefs.com/robot/)" "www.ysfine.com"
51.222.253.7 - - [02/Feb/2023:23:46:51 -0800] "GET /kowar/mil/tank02b.jpg HTTP/1.1" 404 88 "-" "Mozilla/5.0 (compatible; AhrefsBot/7.0; +http://ahrefs.com/robot/)" "www.ysfine.com"
51.222.253.2 - - [02/Feb/2023:23:46:52 -0800] "GET /kowar/mil/tank01b.jpg HTTP/1.1" 404 88 "-" "Mozilla/5.0 (compatible; AhrefsBot/7.0; +http://ahrefs.com/robot/)" "www.ysfine.com"
51.222.253.8 - - [02/Feb/2023:23:46:52 -0800] "GET /kowar/mil/tank03b.jpg HTTP/1.1" 404 88 "-" "Mozilla/5.0 (compatible; AhrefsBot/7.0; +http://ahrefs.com/robot/)" "www.ysfine.com"
51.222.253.2 - - [02/Feb/2023:23:46:53 -0800] "GET /kowar/mil/tank21b.jpg HTTP/1.1" 404 88 "-" "Mozilla/5.0 (compatible; AhrefsBot/7.0; +http://ahrefs.com/robot/)" "www.ysfine.com"
51.222.253.9 - - [02/Feb/2023:23:46:54 -0800] "GET /kowar/mil/sherman43b.jpg HTTP/1.1" 404 88 "-" "Mozilla/5.0 (compatible; AhrefsBot/7.0; +http://ahrefs.com/robot/)" "www.ysfine.com"
51.222.253.4 - - [02/Feb/2023:23:46:56 -0800] "GET /kowar/mil/m60b.jpg HTTP/1.1" 404 88 "-" "Mozilla/5.0 (compatible; AhrefsBot/7.0; +http://ahrefs.com/robot/)" "www.ysfine.com"
51.222.253.7 - - [02/Feb/2023:23:46:56 -0800] "GET /kowar/mil/tank22b.jpg HTTP/1.1" 404 88 "-" "Mozilla/5.0 (compatible; AhrefsBot/7.0; +http://ahrefs.com/robot/)" "www.ysfine.com"
51.222.253.2 - - [02/Feb/2023:23:46:56 -0800] "GET /kowar/mil/stalinorg2.jpg HTTP/1.1" 404 88 "-" "Mozilla/5.0 (compatible; AhrefsBot/7.0; +http://ahrefs.com/robot/)" "www.ysfine.com"
51.222.253.17 - - [02/Feb/2023:23:46:57 -0800] "GET /kowar/mil/m24b.jpg HTTP/1.1" 404 88 "-" "Mozilla/5.0 (compatible; AhrefsBot/7.0; +http://ahrefs.com/robot/)" "www.ysfine.com"
207.46.13.64 - - [02/Feb/2023:23:49:08 -0800] "GET /ysbio/marq.html HTTP/1.1" 404 88 "-" "Mozilla/5.0 AppleWebKit/537.36 (KHTML, like Gecko; compatible; bingbot/2.0; +http://www.bing.com/bingbot.htm) Chrome/103.0.5060.134 Safari/537.36" "www.ysfine.com"
71.178.208.102 - - [02/Feb/2023:23:50:14 -0800] "GET /bio21.html HTTP/1.1" 304 - "https://ysfine.com/ys11/" "Mozilla/5.0 (Windows NT 10.0; Win64; x64) AppleWebKit/537.36 (KHTML, like Gecko) Chrome/109.0.0.0 Safari/537.36 Edg/109.0.1518.70" "ysfine.com"
207.46.13.104 - - [02/Feb/2023:23:50:22 -0800] "GET /bio06.html HTTP/1.1" 304 - "-" "Mozilla/5.0 AppleWebKit/537.36 (KHTML, like Gecko; compatible; bingbot/2.0; +http://www.bing.com/bingbot.htm) Chrome/103.0.5060.134 Safari/537.36" "ysfine.com"
194.190.19.181 - - [02/Feb/2023:23:52:36 -0800] "GET /princeton/alexan22.jpg HTTP/1.1" 200 175436 "https://ysfine.com/princeton/campus.html" "Mozilla/5.0 (Windows NT 10.0; Win64; x64) AppleWebKit/537.36 (KHTML, like Gecko) Chrome/109.0.0.0 Safari/537.36" "ysfine.com"
52.167.144.62 - - [02/Feb/2023:23:54:33 -0800] "GET /world/brit/thames13.jpg HTTP/1.1" 200 102826 "-" "Mozilla/5.0 AppleWebKit/537.36 (KHTML, like Gecko; compatible; bingbot/2.0; +http://www.bing.com/bingbot.htm) Chrome/103.0.5060.134 Safari/537.36" "ysfine.com"
71.178.208.102 - - [02/Feb/2023:23:54:41 -0800] "GET /bio21.html HTTP/1.1" 200 5138 "https://ysfine.com/ys11/" "Mozilla/5.0 (Windows NT 10.0; Win64; x64) AppleWebKit/537.36 (KHTML, like Gecko) Chrome/109.0.0.0 Safari/537.36 Edg/109.0.1518.70" "ysfine.com"
71.178.208.102 - - [02/Feb/2023:23:54:42 -0800] "GET /bio21.html HTTP/1.1" 304 - "https://ysfine.com/ys11/" "Mozilla/5.0 (Windows NT 10.0; Win64; x64) AppleWebKit/537.36 (KHTML, like Gecko) Chrome/109.0.0.0 Safari/537.36 Edg/109.0.1518.70" "ysfine.com"
71.178.208.102 - - [02/Feb/2023:23:55:14 -0800] "GET /bio21.html HTTP/1.1" 200 5138 "https://ysfine.com/ys11/" "Mozilla/5.0 (Windows NT 10.0; Win64; x64) AppleWebKit/537.36 (KHTML, like Gecko) Chrome/109.0.0.0 Safari/537.36 Edg/109.0.1518.70" "ysfine.com"
77.88.5.30 - - [02/Feb/2023:23:55:14 -0800] "GET /robots.txt HTTP/1.1" 404 73 "-" "Mozilla/5.0 (compatible; YandexBot/3.0; +http://yandex.com/bots)" "www.ysfine.com"
77.88.5.222 - - [02/Feb/2023:23:55:18 -0800] "GET /kobak/roskei90.jpg HTTP/1.1" 200 110306 "-" "Mozilla/5.0 (compatible; YandexImages/3.0; +http://yandex.com/bots)" "www.ysfine.com"
207.46.13.104 - - [02/Feb/2023:23:55:18 -0800] "GET /class54/class5470/total_data/photo_img/6-1.jpg HTTP/1.1" 200 220649 "-" "Mozilla/5.0 AppleWebKit/537.36 (KHTML, like Gecko; compatible; bingbot/2.0; +http://www.bing.com/bingbot.htm) Chrome/103.0.5060.134 Safari/537.36" "ysfine.com"
71.178.208.102 - - [02/Feb/2023:23:55:48 -0800] "GET /bio21.html HTTP/1.1" 200 5148 "https://ysfine.com/ys11/" "Mozilla/5.0 (Windows NT 10.0; Win64; x64) AppleWebKit/537.36 (KHTML, like Gecko) Chrome/109.0.0.0 Safari/537.36 Edg/109.0.1518.70" "ysfine.com"
71.178.208.102 - - [02/Feb/2023:23:55:48 -0800] "GET /photos/photo03f.jpg HTTP/1.1" 200 73444 "https://ysfine.com/bio21.html" "Mozilla/5.0 (Windows NT 10.0; Win64; x64) AppleWebKit/537.36 (KHTML, like Gecko) Chrome/109.0.0.0 Safari/537.36 Edg/109.0.1518.70" "ysfine.com"
77.75.78.165 - - [02/Feb/2023:23:56:05 -0800] "GET /robots.txt HTTP/1.1" 404 88 "-" "Mozilla/5.0 (compatible; SeznamBot/3.2; +http://napoveda.seznam.cz/en/seznambot-intro/)" "ysfine.com"
77.75.78.165 - - [02/Feb/2023:23:56:06 -0800] "GET /world/russ/kiev033.jpg HTTP/1.1" 200 55956 "-" "Mozilla/5.0 (compatible; SeznamBot/3.2; +http://napoveda.seznam.cz/en/seznambot-intro/)" "ysfine.com"
77.75.78.165 - - [02/Feb/2023:23:56:08 -0800] "GET /world/russ/kiev044.jpg HTTP/1.1" 200 98327 "-" "Mozilla/5.0 (compatible; SeznamBot/3.2; +http://napoveda.seznam.cz/en/seznambot-intro/)" "ysfine.com"
77.75.78.165 - - [02/Feb/2023:23:56:11 -0800] "GET /world/russ/kiev008.jpg HTTP/1.1" 200 60978 "-" "Mozilla/5.0 (compatible; SeznamBot/3.2; +http://napoveda.seznam.cz/en/seznambot-intro/)" "ysfine.com"
77.75.78.165 - - [02/Feb/2023:23:56:13 -0800] "GET /world/russ/kiev042.jpg HTTP/1.1" 200 95554 "-" "Mozilla/5.0 (compatible; SeznamBot/3.2; +http://napoveda.seznam.cz/en/seznambot-intro/)" "ysfine.com"
77.75.78.165 - - [02/Feb/2023:23:56:15 -0800] "GET /yspapers/quapar55.jpg HTTP/1.1" 200 113966 "-" "Mozilla/5.0 (compatible; SeznamBot/3.2; +http://napoveda.seznam.cz/en/seznambot-intro/)" "ysfine.com"
77.75.78.165 - - [02/Feb/2023:23:56:17 -0800] "GET /wdc/koreaw33.jpg HTTP/1.1" 304 - "-" "Mozilla/5.0 (compatible; SeznamBot/3.2; +http://napoveda.seznam.cz/en/seznambot-intro/)" "ysfine.com"
77.75.78.165 - - [02/Feb/2023:23:56:18 -0800] "GET /wdc/washmo01.jpg HTTP/1.1" 304 - "-" "Mozilla/5.0 (compatible; SeznamBot/3.2; +http://napoveda.seznam.cz/en/seznambot-intro/)" "ysfine.com"
85.190.14.34 - - [02/Feb/2023:23:57:23 -0800] "GET / HTTP/1.1" 200 15915 "-" "GuzzleHttp/7" "ysfine.com"
73.11.253.164 - - [02/Feb/2023:23:58:37 -0800] "GET /einstein/eincurie11.jpg HTTP/1.1" 200 71229 "https://www.google.com/" "Mozilla/5.0 (Windows NT 10.0; Win64; x64) AppleWebKit/537.36 (KHTML, like Gecko) Chrome/109.0.0.0 Safari/537.36 Edg/109.0.1518.70" "ysfine.com"
114.119.148.161 - - [02/Feb/2023:23:58:41 -0800] "GET /remote/sisfa12aa/frame56.html HTTP/1.1" 200 319 "https://ysfine.com/remote/sisfa12aa/frame55.html" "Mozilla/5.0 (Linux; Android 7.0;) AppleWebKit/537.36 (KHTML, like Gecko) Mobile Safari/537.36 (compatible; PetalBot;+https://webmaster.petalsearch.com/site/petalbot)" "ysfine.com"
73.11.253.164 - - [02/Feb/2023:23:58:50 -0800] "GET /einstein/eincurie.html HTTP/1.1" 200 895 "https://www.google.com/" "Mozilla/5.0 (Windows NT 10.0; Win64; x64) AppleWebKit/537.36 (KHTML, like Gecko) Chrome/109.0.0.0 Safari/537.36 Edg/109.0.1518.70" "ysfine.com"
73.11.253.164 - - [02/Feb/2023:23:58:50 -0800] "GET /einstein/eincurie11.jpg HTTP/1.1" 200 71229 "https://ysfine.com/einstein/eincurie.html" "Mozilla/5.0 (Windows NT 10.0; Win64; x64) AppleWebKit/537.36 (KHTML, like Gecko) Chrome/109.0.0.0 Safari/537.36 Edg/109.0.1518.70" "ysfine.com"
51.222.253.19 - - [02/Feb/2023:23:59:37 -0800] "GET /class54/class5480/Videos/?C=D;O=D HTTP/1.1" 200 556 "-" "Mozilla/5.0 (compatible; AhrefsBot/7.0; +http://ahrefs.com/robot/)" "ysfine.com"
114.119.151.63 - - [02/Feb/2023:23:59:43 -0800] "GET /world/france/stras06.jpg HTTP/1.1" 200 122831 "-" "Mozilla/5.0 (Linux; Android 7.0;) AppleWebKit/537.36 (KHTML, like Gecko) Mobile Safari/537.36 (compatible; PetalBot;+https://webmaster.petalsearch.com/site/petalbot)" "ysfine.com"
52.167.144.62 - - [02/Feb/2023:23:59:53 -0800] "GET /fotos/photo12.jpg HTTP/1.1" 200 154897 "-" "Mozilla/5.0 AppleWebKit/537.36 (KHTML, like Gecko; compatible; bingbot/2.0; +http://www.bing.com/bingbot.htm) Chrome/103.0.5060.134 Safari/537.36" "www.ysfine.com"
95.163.255.91 - - [03/Feb/2023:00:00:51 -0800] "GET /robots.txt HTTP/1.1" 404 73 "-" "Mozilla/5.0 (compatible; Linux x86_64; Mail.RU_Bot/Img/2.0; +https://help.mail.ru/webmaster/indexing/robots)" "ysfine.com"
207.46.13.104 - - [03/Feb/2023:00:01:11 -0800] "GET /einstein/heisenberg.html HTTP/1.1" 200 10552 "-" "Mozilla/5.0 AppleWebKit/537.36 (KHTML, like Gecko; compatible; bingbot/2.0; +http://www.bing.com/bingbot.htm) Chrome/103.0.5060.134 Safari/537.36" "www.ysfine.com"
107.77.230.111 - - [03/Feb/2023:00:01:15 -0800] "GET /kowar/tanks/tank05.jpg HTTP/1.1" 200 222063 "https://www.google.com/" "Mozilla/5.0 (iPhone; CPU iPhone OS 16_2 like Mac OS X) AppleWebKit/605.1.15 (KHTML, like Gecko) Version/16.2 Mobile/15E148 Safari/604.1" "ysfine.com"
114.119.141.93 - - [03/Feb/2023:00:01:35 -0800] "GET /folks/costarica01c.jpg HTTP/1.1" 200 37550 "https://ysfine.com/folks/garden.html" "Mozilla/5.0 (Linux; Android 7.0;) AppleWebKit/537.36 (KHTML, like Gecko) Mobile Safari/537.36 (compatible; PetalBot;+https://webmaster.petalsearch.com/site/petalbot)" "ysfine.com"
194.190.19.181 - - [03/Feb/2023:00:01:43 -0800] "GET /princeton/prospectg11.jpg HTTP/1.1" 200 142955 "https://ysfine.com/princeton/campus.html" "Mozilla/5.0 (Windows NT 10.0; Win64; x64) AppleWebKit/537.36 (KHTML, like Gecko) Chrome/109.0.0.0 Safari/537.36" "ysfine.com"
69.63.184.4 - - [03/Feb/2023:00:02:00 -0800] "GET /einstein/eincurie.html HTTP/1.1" 206 895 "-" "facebookexternalhit/1.1 (+http://www.facebook.com/externalhit_uatext.php)" "ysfine.com"
69.63.184.3 - - [03/Feb/2023:00:02:00 -0800] "GET /einstein/eincurie.html HTTP/1.1" 206 895 "-" "facebookexternalhit/1.1 (+http://www.facebook.com/externalhit_uatext.php)" "ysfine.com"
69.63.184.116 - - [03/Feb/2023:00:02:01 -0800] "GET /einstein/eincurie.html HTTP/1.1" 206 895 "-" "facebookexternalhit/1.1 (+http://www.facebook.com/externalhit_uatext.php)" "ysfine.com"
69.63.184.5 - - [03/Feb/2023:00:02:01 -0800] "GET /einstein/eincurie.html HTTP/1.1" 206 895 "-" "facebookexternalhit/1.1 (+http://www.facebook.com/externalhit_uatext.php)" "ysfine.com"
69.63.184.3 - - [03/Feb/2023:00:02:01 -0800] "GET /einstein/eincurie11.jpg HTTP/1.1" 200 71229 "-" "facebookexternalhit/1.1 (+http://www.facebook.com/externalhit_uatext.php)" "ysfine.com"
69.63.184.1 - - [03/Feb/2023:00:02:02 -0800] "GET /einstein/eincurie11.jpg HTTP/1.1" 200 71229 "-" "facebookexternalhit/1.1 (+http://www.facebook.com/externalhit_uatext.php)" "ysfine.com"
69.63.184.4 - - [03/Feb/2023:00:02:03 -0800] "GET /einstein/eincurie11.jpg HTTP/1.1" 200 71229 "-" "facebookexternalhit/1.1 (+http://www.facebook.com/externalhit_uatext.php)" "ysfine.com"
173.252.111.12 - - [03/Feb/2023:00:02:03 -0800] "GET /einstein/eincurie11.jpg HTTP/1.1" 200 71229 "-" "facebookexternalhit/1.1 (+http://www.facebook.com/externalhit_uatext.php)" "ysfine.com"
