143.44.164.4 - - [02/Feb/2023:22:29:12 -0800] "GET /home/bedk22f.jpg HTTP/1.1" 200 79706 "https://ysfine.com/bio09" "Mozilla/5.0 (Windows NT 10.0; Win64; x64) AppleWebKit/537.36 (KHTML, like Gecko) Chrome/109.0.0.0 Safari/537.36" "ysfine.com"
143.44.164.4 - - [02/Feb/2023:22:29:12 -0800] "GET /princeton/einpm22d.jpg HTTP/1.1" 200 65372 "https://ysfine.com/bio09" "Mozilla/5.0 (Windows NT 10.0; Win64; x64) AppleWebKit/537.36 (KHTML, like Gecko) Chrome/109.0.0.0 Safari/537.36" "ysfine.com"
143.44.164.4 - - [02/Feb/2023:22:29:12 -0800] "GET /home/fig33/parton77f.jpg HTTP/1.1" 200 120094 "https://ysfine.com/bio09" "Mozilla/5.0 (Windows NT 10.0; Win64; x64) AppleWebKit/537.36 (KHTML, like Gecko) Chrome/109.0.0.0 Safari/537.36" "ysfine.com"
143.44.164.4 - - [02/Feb/2023:22:29:12 -0800] "GET /home/wigner22d.jpg HTTP/1.1" 200 70992 "https://ysfine.com/bio09" "Mozilla/5.0 (Windows NT 10.0; Win64; x64) AppleWebKit/537.36 (KHTML, like Gecko) Chrome/109.0.0.0 Safari/537.36" "ysfine.com"
143.44.164.4 - - [02/Feb/2023:22:29:12 -0800] "GET /home/wigein11d.jpg HTTP/1.1" 200 38446 "https://ysfine.com/bio09" "Mozilla/5.0 (Windows NT 10.0; Win64; x64) AppleWebKit/537.36 (KHTML, like Gecko) Chrome/109.0.0.0 Safari/537.36" "ysfine.com"
143.44.164.4 - - [02/Feb/2023:22:29:12 -0800] "GET /home/ewk86f.jpg HTTP/1.1" 200 123121 "https://ysfine.com/bio09" "Mozilla/5.0 (Windows NT 10.0; Win64; x64) AppleWebKit/537.36 (KHTML, like Gecko) Chrome/109.0.0.0 Safari/537.36" "ysfine.com"
143.44.164.4 - - [02/Feb/2023:22:29:12 -0800] "GET /home/fig33/sbtwein450.jpg HTTP/1.1" 200 73194 "https://ysfine.com/bio09" "Mozilla/5.0 (Windows NT 10.0; Win64; x64) AppleWebKit/537.36 (KHTML, like Gecko) Chrome/109.0.0.0 Safari/537.36" "ysfine.com"
143.44.164.4 - - [02/Feb/2023:22:29:12 -0800] "GET /home/comet40f.jpg HTTP/1.1" 200 101816 "https://ysfine.com/bio09" "Mozilla/5.0 (Windows NT 10.0; Win64; x64) AppleWebKit/537.36 (KHTML, like Gecko) Chrome/109.0.0.0 Safari/537.36" "ysfine.com"
143.44.164.4 - - [02/Feb/2023:22:29:12 -0800] "GET /home/o32inho22g.jpg HTTP/1.1" 200 90429 "https://ysfine.com/bio09" "Mozilla/5.0 (Windows NT 10.0; Win64; x64) AppleWebKit/537.36 (KHTML, like Gecko) Chrome/109.0.0.0 Safari/537.36" "ysfine.com"
143.44.164.4 - - [02/Feb/2023:22:29:12 -0800] "GET /einstein/einbohr55f.jpg HTTP/1.1" 200 155618 "https://ysfine.com/bio09" "Mozilla/5.0 (Windows NT 10.0; Win64; x64) AppleWebKit/537.36 (KHTML, like Gecko) Chrome/109.0.0.0 Safari/537.36" "ysfine.com"
143.44.164.4 - - [02/Feb/2023:22:29:12 -0800] "GET /dirac/truck/truck18a.jpg HTTP/1.1" 200 78184 "https://ysfine.com/bio09" "Mozilla/5.0 (Windows NT 10.0; Win64; x64) AppleWebKit/537.36 (KHTML, like Gecko) Chrome/109.0.0.0 Safari/537.36" "ysfine.com"
143.44.164.4 - - [02/Feb/2023:22:29:12 -0800] "GET /fotos/einhaus450.jpg HTTP/1.1" 200 65369 "https://ysfine.com/bio09" "Mozilla/5.0 (Windows NT 10.0; Win64; x64) AppleWebKit/537.36 (KHTML, like Gecko) Chrome/109.0.0.0 Safari/537.36" "ysfine.com"
40.77.167.192 - - [02/Feb/2023:22:29:12 -0800] "GET /wigner/gim/gimn05.jpg HTTP/1.1" 200 80658 "-" "Mozilla/5.0 AppleWebKit/537.36 (KHTML, like Gecko; compatible; bingbot/2.0; +http://www.bing.com/bingbot.htm) Chrome/103.0.5060.134 Safari/537.36" "ysfine.com"
52.167.144.62 - - [02/Feb/2023:22:29:26 -0800] "GET /feynman/ppic/parton01.jpg HTTP/1.1" 200 64327 "-" "Mozilla/5.0 AppleWebKit/537.36 (KHTML, like Gecko; compatible; bingbot/2.0; +http://www.bing.com/bingbot.htm) Chrome/103.0.5060.134 Safari/537.36" "ysfine.com"
95.163.255.70 - - [02/Feb/2023:22:29:32 -0800] "GET /feynman/feygell22c.jpg HTTP/1.1" 304 - "http://go.mail.ru/search_images" "Mozilla/5.0 (compatible; Linux x86_64; Mail.RU_Bot/Img/2.0; +https://help.mail.ru/webmaster/indexing/robots)" "ysfine.com"
95.163.255.91 - - [02/Feb/2023:22:30:59 -0800] "GET /home/taylor450.jpg HTTP/1.1" 200 68527 "http://go.mail.ru/search_images" "Mozilla/5.0 (compatible; Linux x86_64; Mail.RU_Bot/Img/2.0; +https://help.mail.ru/webmaster/indexing/robots)" "ysfine.com"
207.46.13.64 - - [02/Feb/2023:22:31:30 -0800] "GET /awards/index.html HTTP/1.1" 200 10082 "-" "Mozilla/5.0 AppleWebKit/537.36 (KHTML, like Gecko; compatible; bingbot/2.0; +http://www.bing.com/bingbot.htm) Chrome/103.0.5060.134 Safari/537.36" "ysfine.com"
216.244.66.229 - - [02/Feb/2023:22:32:16 -0800] "GET /wdc/gtown32.jpg HTTP/1.1" 200 136508 "-" "Mozilla/5.0 (compatible; DotBot/1.2; +https://opensiteexplorer.org/dotbot; help@moz.com)" "www.ysfine.com"
216.244.66.229 - - [02/Feb/2023:22:32:35 -0800] "GET /wdc/lincoln14.jpg HTTP/1.1" 200 56842 "-" "Mozilla/5.0 (compatible; DotBot/1.2; +https://opensiteexplorer.org/dotbot; help@moz.com)" "www.ysfine.com"
51.222.253.15 - - [02/Feb/2023:22:32:46 -0800] "GET /class54/class5470/total_data/sub_760.htm HTTP/1.1" 200 3322 "-" "Mozilla/5.0 (compatible; AhrefsBot/7.0; +http://ahrefs.com/robot/)" "ysfine.com"
207.46.13.104 - - [02/Feb/2023:22:33:31 -0800] "GET /style/vienopera22.jpg HTTP/1.1" 200 125468 "-" "Mozilla/5.0 AppleWebKit/537.36 (KHTML, like Gecko; compatible; bingbot/2.0; +http://www.bing.com/bingbot.htm) Chrome/103.0.5060.134 Safari/537.36" "www.ysfine.com"
31.10.133.144 - - [02/Feb/2023:22:33:55 -0800] "GET /maga/histo/swedking01.jpg HTTP/1.1" 200 150012 "https://www.google.nl/" "Mozilla/5.0 (iPhone; CPU iPhone OS 16_2 like Mac OS X) AppleWebKit/605.1.15 (KHTML, like Gecko) Version/16.2 Mobile/15E148 Safari/604.1" "ysfine.com"
52.167.144.62 - - [02/Feb/2023:22:35:15 -0800] "GET /world/ital/panth08.jpg HTTP/1.1" 200 95554 "-" "Mozilla/5.0 AppleWebKit/537.36 (KHTML, like Gecko; compatible; bingbot/2.0; +http://www.bing.com/bingbot.htm) Chrome/103.0.5060.134 Safari/537.36" "ysfine.com"
51.222.253.19 - - [02/Feb/2023:22:36:54 -0800] "GET /dirac/dirfeyn.html HTTP/1.1" 200 6341 "-" "Mozilla/5.0 (compatible; AhrefsBot/7.0; +http://ahrefs.com/robot/)" "www.ysfine.com"
203.125.221.35 - - [02/Feb/2023:22:36:57 -0800] "GET /dirac/dirac11.jpg HTTP/1.1" 200 94245 "https://www.google.com/" "Mozilla/5.0 (Windows NT 10.0; Win64; x64) AppleWebKit/537.36 (KHTML, like Gecko) Chrome/103.0.5060.66 Safari/537.36 Edg/103.0.1264.44" "ysfine.com"
51.222.253.19 - - [02/Feb/2023:22:37:07 -0800] "GET /wigner/isomor66c.jpg HTTP/1.1" 200 47632 "-" "Mozilla/5.0 (compatible; AhrefsBot/7.0; +http://ahrefs.com/robot/)" "www.ysfine.com"
51.222.253.4 - - [02/Feb/2023:22:37:08 -0800] "GET /wigner/wigkim11c.jpg HTTP/1.1" 200 30443 "-" "Mozilla/5.0 (compatible; AhrefsBot/7.0; +http://ahrefs.com/robot/)" "www.ysfine.com"
51.222.253.16 - - [02/Feb/2023:22:37:09 -0800] "GET /people/sbt11c.jpg HTTP/1.1" 200 31479 "-" "Mozilla/5.0 (compatible; AhrefsBot/7.0; +http://ahrefs.com/robot/)" "www.ysfine.com"
51.222.253.9 - - [02/Feb/2023:22:37:09 -0800] "GET /dirac/feydirac300.jpg HTTP/1.1" 200 38223 "-" "Mozilla/5.0 (compatible; AhrefsBot/7.0; +http://ahrefs.com/robot/)" "www.ysfine.com"
157.38.68.227 - - [02/Feb/2023:22:37:10 -0800] "GET /maga/phil/conic01.jpg HTTP/1.1" 200 70533 "https://www.google.com/" "Mozilla/5.0 (Linux; Android 12; SM-M325F Build/SP1A.210812.016; wv) AppleWebKit/537.36 (KHTML, like Gecko) Version/4.0 Chrome/96.0.4664.104 Mobile Safari/537.36 GSA/13.2.19.23.arm64" "ysfine.com"
51.222.253.9 - - [02/Feb/2023:22:37:10 -0800] "GET /dirac/dfkim11c.jpg HTTP/1.1" 200 34801 "-" "Mozilla/5.0 (compatible; AhrefsBot/7.0; +http://ahrefs.com/robot/)" "www.ysfine.com"
51.222.253.20 - - [02/Feb/2023:22:37:11 -0800] "GET /dirac/nicodem11c.jpg HTTP/1.1" 200 72684 "-" "Mozilla/5.0 (compatible; AhrefsBot/7.0; +http://ahrefs.com/robot/)" "www.ysfine.com"
51.222.253.1 - - [02/Feb/2023:22:37:12 -0800] "GET /dirac/dirackn33c.jpg HTTP/1.1" 200 50420 "-" "Mozilla/5.0 (compatible; AhrefsBot/7.0; +http://ahrefs.com/robot/)" "www.ysfine.com"
51.222.253.14 - - [02/Feb/2023:22:37:13 -0800] "GET /feynman/jacdrum11c.jpg HTTP/1.1" 200 39178 "-" "Mozilla/5.0 (compatible; AhrefsBot/7.0; +http://ahrefs.com/robot/)" "www.ysfine.com"
51.222.253.13 - - [02/Feb/2023:22:37:13 -0800] "GET /dirac/2osc22c.jpg HTTP/1.1" 200 28929 "-" "Mozilla/5.0 (compatible; AhrefsBot/7.0; +http://ahrefs.com/robot/)" "www.ysfine.com"
207.46.13.104 - - [02/Feb/2023:22:38:02 -0800] "GET /bio/kobak/yskor.html HTTP/1.1" 404 88 "-" "Mozilla/5.0 AppleWebKit/537.36 (KHTML, like Gecko; compatible; bingbot/2.0; +http://www.bing.com/bingbot.htm) Chrome/103.0.5060.134 Safari/537.36" "ysfine.com"
71.178.208.102 - - [02/Feb/2023:22:39:00 -0800] "GET /ys11/ HTTP/1.1" 304 - "-" "Mozilla/5.0 (Windows NT 10.0; Win64; x64) AppleWebKit/537.36 (KHTML, like Gecko) Chrome/109.0.0.0 Safari/537.36" "ysfine.com"
66.249.64.168 - - [02/Feb/2023:22:39:40 -0800] "GET /dongio/moslems.html HTTP/1.1" 404 88 "-" "Mozilla/5.0 (Linux; Android 6.0.1; Nexus 5X Build/MMB29P) AppleWebKit/537.36 (KHTML, like Gecko) Chrome/109.0.5414.101 Mobile Safari/537.36 (compatible; Googlebot/2.1; +http://www.google.com/bot.html)" "www.ysfine.com"
66.249.64.168 - - [02/Feb/2023:22:39:55 -0800] "GET /dongio/moslems.html HTTP/1.1" 404 88 "-" "Mozilla/5.0 (compatible; Googlebot/2.1; +http://www.google.com/bot.html)" "www.ysfine.com"
51.222.253.16 - - [02/Feb/2023:22:41:18 -0800] "GET /class54/class5470/total_data/sub_754.htm HTTP/1.1" 200 3297 "-" "Mozilla/5.0 (compatible; AhrefsBot/7.0; +http://ahrefs.com/robot/)" "ysfine.com"
74.108.225.141 - - [02/Feb/2023:22:42:43 -0800] "GET /maga/pics/bridge01.jpg HTTP/1.1" 200 177492 "https://www.google.com/" "Mozilla/5.0 (Windows NT 10.0; Win64; x64) AppleWebKit/537.36 (KHTML, like Gecko) Chrome/109.0.0.0 Safari/537.36" "ysfine.com"
40.77.167.192 - - [02/Feb/2023:22:43:11 -0800] "GET /ysbio/world/ital/aquinas03.jpg HTTP/1.1" 404 88 "-" "Mozilla/5.0 AppleWebKit/537.36 (KHTML, like Gecko; compatible; bingbot/2.0; +http://www.bing.com/bingbot.htm) Chrome/103.0.5060.134 Safari/537.36" "ysfine.com"
51.222.253.15 - - [02/Feb/2023:22:45:40 -0800] "GET /people/sbtwein.html HTTP/1.1" 200 313 "-" "Mozilla/5.0 (compatible; AhrefsBot/7.0; +http://ahrefs.com/robot/)" "ysfine.com"
40.77.167.192 - - [02/Feb/2023:22:47:42 -0800] "GET /world/france/montmar04.jpg HTTP/1.1" 200 89046 "-" "Mozilla/5.0 AppleWebKit/537.36 (KHTML, like Gecko; compatible; bingbot/2.0; +http://www.bing.com/bingbot.htm) Chrome/103.0.5060.134 Safari/537.36" "ysfine.com"
52.167.144.62 - - [02/Feb/2023:22:48:42 -0800] "GET /bio/style/proschanie.html HTTP/1.1" 404 88 "-" "Mozilla/5.0 AppleWebKit/537.36 (KHTML, like Gecko; compatible; bingbot/2.0; +http://www.bing.com/bingbot.htm) Chrome/103.0.5060.134 Safari/537.36" "ysfine.com"
216.244.66.229 - - [02/Feb/2023:22:48:48 -0800] "GET /robots.txt HTTP/1.1" 404 73 "-" "Mozilla/5.0 (compatible; DotBot/1.2; +https://opensiteexplorer.org/dotbot; help@moz.com)" "www.ysfine.com"
51.222.253.10 - - [02/Feb/2023:22:49:20 -0800] "GET /yspapers/index.html HTTP/1.1" 200 21304 "-" "Mozilla/5.0 (compatible; AhrefsBot/7.0; +http://ahrefs.com/robot/)" "ysfine.com"
51.222.253.6 - - [02/Feb/2023:22:49:22 -0800] "GET /yspapers/eucylin55c.jpg HTTP/1.1" 200 41051 "-" "Mozilla/5.0 (compatible; AhrefsBot/7.0; +http://ahrefs.com/robot/)" "ysfine.com"
51.222.253.5 - - [02/Feb/2023:22:49:22 -0800] "GET /yspapers/restof05c.jpg HTTP/1.1" 200 21825 "-" "Mozilla/5.0 (compatible; AhrefsBot/7.0; +http://ahrefs.com/robot/)" "ysfine.com"
51.222.253.12 - - [02/Feb/2023:22:49:23 -0800] "GET /home/facu63c.jpg HTTP/1.1" 200 41710 "-" "Mozilla/5.0 (compatible; AhrefsBot/7.0; +http://ahrefs.com/robot/)" "ysfine.com"
51.222.253.11 - - [02/Feb/2023:22:49:23 -0800] "GET /yspapers/shear11c.jpg HTTP/1.1" 200 27291 "-" "Mozilla/5.0 (compatible; AhrefsBot/7.0; +http://ahrefs.com/robot/)" "ysfine.com"
51.222.253.8 - - [02/Feb/2023:22:49:24 -0800] "GET /yspapers/synthes11c.jpg HTTP/1.1" 200 36202 "-" "Mozilla/5.0 (compatible; AhrefsBot/7.0; +http://ahrefs.com/robot/)" "ysfine.com"
51.222.253.2 - - [02/Feb/2023:22:49:24 -0800] "GET /yspapers/ortho66c.jpg HTTP/1.1" 200 27511 "-" "Mozilla/5.0 (compatible; AhrefsBot/7.0; +http://ahrefs.com/robot/)" "ysfine.com"
51.222.253.2 - - [02/Feb/2023:22:49:24 -0800] "GET /awards/beward11f.jpg HTTP/1.1" 200 123557 "-" "Mozilla/5.0 (compatible; AhrefsBot/7.0; +http://ahrefs.com/robot/)" "ysfine.com"
51.222.253.6 - - [02/Feb/2023:22:49:25 -0800] "GET /yspapers/isomor88f.jpg HTTP/1.1" 200 87213 "-" "Mozilla/5.0 (compatible; AhrefsBot/7.0; +http://ahrefs.com/robot/)" "ysfine.com"
51.222.253.7 - - [02/Feb/2023:22:49:27 -0800] "GET /yspapers/comet30f.jpg HTTP/1.1" 200 93087 "-" "Mozilla/5.0 (compatible; AhrefsBot/7.0; +http://ahrefs.com/robot/)" "ysfine.com"
51.222.253.15 - - [02/Feb/2023:22:49:28 -0800] "GET /yspapers/sincos88f.jpg HTTP/1.1" 200 43677 "-" "Mozilla/5.0 (compatible; AhrefsBot/7.0; +http://ahrefs.com/robot/)" "ysfine.com"
51.222.253.2 - - [02/Feb/2023:22:49:29 -0800] "GET /yspapers/sq33f.jpg HTTP/1.1" 200 78266 "-" "Mozilla/5.0 (compatible; AhrefsBot/7.0; +http://ahrefs.com/robot/)" "ysfine.com"
51.222.253.2 - - [02/Feb/2023:22:49:30 -0800] "GET /yspapers/fortune21f.jpg HTTP/1.1" 200 131858 "-" "Mozilla/5.0 (compatible; AhrefsBot/7.0; +http://ahrefs.com/robot/)" "ysfine.com"
51.222.253.19 - - [02/Feb/2023:22:49:31 -0800] "GET /dirac/dirac63c.jpg HTTP/1.1" 200 29237 "-" "Mozilla/5.0 (compatible; AhrefsBot/7.0; +http://ahrefs.com/robot/)" "ysfine.com"
51.222.253.13 - - [02/Feb/2023:22:49:32 -0800] "GET /feynman/feybongo77c.jpg HTTP/1.1" 200 25947 "-" "Mozilla/5.0 (compatible; AhrefsBot/7.0; +http://ahrefs.com/robot/)" "ysfine.com"
51.222.253.3 - - [02/Feb/2023:22:49:33 -0800] "GET /awards/timessq33f.jpg HTTP/1.1" 200 171855 "-" "Mozilla/5.0 (compatible; AhrefsBot/7.0; +http://ahrefs.com/robot/)" "ysfine.com"
51.222.253.1 - - [02/Feb/2023:22:49:34 -0800] "GET /yspapers/neupol01c.jpg HTTP/1.1" 200 27087 "-" "Mozilla/5.0 (compatible; AhrefsBot/7.0; +http://ahrefs.com/robot/)" "ysfine.com"
51.222.253.11 - - [02/Feb/2023:22:49:35 -0800] "GET /awards/iaotp/top21c.jpg HTTP/1.1" 200 49015 "-" "Mozilla/5.0 (compatible; AhrefsBot/7.0; +http://ahrefs.com/robot/)" "ysfine.com"
51.222.253.7 - - [02/Feb/2023:22:49:35 -0800] "GET /yspapers/sp2c.jpg HTTP/1.1" 200 29079 "-" "Mozilla/5.0 (compatible; AhrefsBot/7.0; +http://ahrefs.com/robot/)" "ysfine.com"
51.222.253.10 - - [02/Feb/2023:22:49:36 -0800] "GET /yspapers/ewk11c.jpg HTTP/1.1" 200 47514 "-" "Mozilla/5.0 (compatible; AhrefsBot/7.0; +http://ahrefs.com/robot/)" "ysfine.com"
51.222.253.14 - - [02/Feb/2023:22:49:36 -0800] "GET /yspapers/qboil17f.jpg HTTP/1.1" 200 39480 "-" "Mozilla/5.0 (compatible; AhrefsBot/7.0; +http://ahrefs.com/robot/)" "ysfine.com"
51.222.253.10 - - [02/Feb/2023:22:49:37 -0800] "GET /yspapers/eintao22c.jpg HTTP/1.1" 200 34310 "-" "Mozilla/5.0 (compatible; AhrefsBot/7.0; +http://ahrefs.com/robot/)" "ysfine.com"
51.222.253.18 - - [02/Feb/2023:22:49:37 -0800] "GET /yspapers/goodbad11c.jpg HTTP/1.1" 200 18689 "-" "Mozilla/5.0 (compatible; AhrefsBot/7.0; +http://ahrefs.com/robot/)" "ysfine.com"
51.222.253.2 - - [02/Feb/2023:22:49:38 -0800] "GET /yspapers/evol77c.jpg HTTP/1.1" 200 52015 "-" "Mozilla/5.0 (compatible; AhrefsBot/7.0; +http://ahrefs.com/robot/)" "ysfine.com"
51.222.253.7 - - [02/Feb/2023:22:49:38 -0800] "GET /yspapers/hosc2by2c.jpg HTTP/1.1" 200 34523 "-" "Mozilla/5.0 (compatible; AhrefsBot/7.0; +http://ahrefs.com/robot/)" "ysfine.com"
51.222.253.18 - - [02/Feb/2023:22:49:39 -0800] "GET /yspapers/sq73c.jpg HTTP/1.1" 200 38604 "-" "Mozilla/5.0 (compatible; AhrefsBot/7.0; +http://ahrefs.com/robot/)" "ysfine.com"
51.222.253.15 - - [02/Feb/2023:22:49:39 -0800] "GET /yspapers/gauge33c.jpg HTTP/1.1" 200 22977 "-" "Mozilla/5.0 (compatible; AhrefsBot/7.0; +http://ahrefs.com/robot/)" "ysfine.com"
51.222.253.11 - - [02/Feb/2023:22:49:39 -0800] "GET /yspapers/iop21c.jpg HTTP/1.1" 200 30227 "-" "Mozilla/5.0 (compatible; AhrefsBot/7.0; +http://ahrefs.com/robot/)" "ysfine.com"
51.222.253.20 - - [02/Feb/2023:22:49:40 -0800] "GET /yspapers/inokim97c.jpg HTTP/1.1" 200 31832 "-" "Mozilla/5.0 (compatible; AhrefsBot/7.0; +http://ahrefs.com/robot/)" "ysfine.com"
51.222.253.8 - - [02/Feb/2023:22:49:40 -0800] "GET /yspapers/resonance33c.jpg HTTP/1.1" 200 31778 "-" "Mozilla/5.0 (compatible; AhrefsBot/7.0; +http://ahrefs.com/robot/)" "ysfine.com"
51.222.253.14 - - [02/Feb/2023:22:49:41 -0800] "GET /yspapers/tollwig11c.jpg HTTP/1.1" 200 28195 "-" "Mozilla/5.0 (compatible; AhrefsBot/7.0; +http://ahrefs.com/robot/)" "ysfine.com"
51.222.253.5 - - [02/Feb/2023:22:49:41 -0800] "GET /yspapers/iop19c.jpg HTTP/1.1" 200 40220 "-" "Mozilla/5.0 (compatible; AhrefsBot/7.0; +http://ahrefs.com/robot/)" "ysfine.com"
51.222.253.18 - - [02/Feb/2023:22:49:42 -0800] "GET /yspapers/restof11f.jpg HTTP/1.1" 200 65553 "-" "Mozilla/5.0 (compatible; AhrefsBot/7.0; +http://ahrefs.com/robot/)" "ysfine.com"
51.222.253.16 - - [02/Feb/2023:22:49:44 -0800] "GET /yspapers/pdugard17f.jpg HTTP/1.1" 200 134164 "-" "Mozilla/5.0 (compatible; AhrefsBot/7.0; +http://ahrefs.com/robot/)" "ysfine.com"
51.222.253.9 - - [02/Feb/2023:22:49:46 -0800] "GET /yspapers/feynrio55c.jpg HTTP/1.1" 200 55222 "-" "Mozilla/5.0 (compatible; AhrefsBot/7.0; +http://ahrefs.com/robot/)" "ysfine.com"
51.222.253.16 - - [02/Feb/2023:22:49:47 -0800] "GET /yspapers/iop15cc.jpg HTTP/1.1" 200 18741 "-" "Mozilla/5.0 (compatible; AhrefsBot/7.0; +http://ahrefs.com/robot/)" "ysfine.com"
52.167.144.86 - - [02/Feb/2023:22:49:50 -0800] "GET /bio/princeton/campus.html HTTP/1.1" 404 88 "-" "Mozilla/5.0 AppleWebKit/537.36 (KHTML, like Gecko; compatible; bingbot/2.0; +http://www.bing.com/bingbot.htm) Chrome/103.0.5060.134 Safari/537.36" "ysfine.com"
66.249.89.37 - - [02/Feb/2023:22:49:57 -0800] "GET /kobak/soraech.html HTTP/1.1" 200 16732 "-" "Mozilla/5.0 (X11; Linux x86_64) AppleWebKit/537.36 (KHTML, like Gecko; compatible; pageburst) Chrome/109.0.5414.101 Safari/537.36" "ysfine.com"
66.249.89.34 - - [02/Feb/2023:22:49:57 -0800] "GET /kobak/sorae/alexvic11b.jpg HTTP/1.1" 200 47312 "https://ysfine.com/kobak/soraech.html" "Mozilla/5.0 (X11; Linux x86_64) AppleWebKit/537.36 (KHTML, like Gecko; compatible; pageburst) Chrome/109.0.5414.101 Safari/537.36" "ysfine.com"
66.249.89.34 - - [02/Feb/2023:22:49:57 -0800] "GET /kobak/sorae/church103b.jpg HTTP/1.1" 200 41194 "https://ysfine.com/kobak/soraech.html" "Mozilla/5.0 (X11; Linux x86_64) AppleWebKit/537.36 (KHTML, like Gecko; compatible; pageburst) Chrome/109.0.5414.101 Safari/537.36" "ysfine.com"
66.249.89.37 - - [02/Feb/2023:22:49:57 -0800] "GET /kobak/sorae/church102b.jpg HTTP/1.1" 200 39343 "https://ysfine.com/kobak/soraech.html" "Mozilla/5.0 (X11; Linux x86_64) AppleWebKit/537.36 (KHTML, like Gecko; compatible; pageburst) Chrome/109.0.5414.101 Safari/537.36" "ysfine.com"
66.249.89.34 - - [02/Feb/2023:22:49:57 -0800] "GET /kobak/underw08b.jpg HTTP/1.1" 200 48993 "https://ysfine.com/kobak/soraech.html" "Mozilla/5.0 (X11; Linux x86_64) AppleWebKit/537.36 (KHTML, like Gecko; compatible; pageburst) Chrome/109.0.5414.101 Safari/537.36" "ysfine.com"
66.249.89.63 - - [02/Feb/2023:22:49:58 -0800] "GET /kobak/underw21b.jpg HTTP/1.1" 200 45991 "https://ysfine.com/kobak/soraech.html" "Mozilla/5.0 (X11; Linux x86_64) AppleWebKit/537.36 (KHTML, like Gecko; compatible; pageburst) Chrome/109.0.5414.101 Safari/537.36" "ysfine.com"
51.222.253.7 - - [02/Feb/2023:22:49:58 -0800] "GET /home/canal11c.jpg HTTP/1.1" 200 31848 "-" "Mozilla/5.0 (compatible; AhrefsBot/7.0; +http://ahrefs.com/robot/)" "ysfine.com"
66.249.89.37 - - [02/Feb/2023:22:49:58 -0800] "GET /kobak/sorae/church03b.jpg HTTP/1.1" 200 50665 "https://ysfine.com/kobak/soraech.html" "Mozilla/5.0 (X11; Linux x86_64) AppleWebKit/537.36 (KHTML, like Gecko; compatible; pageburst) Chrome/109.0.5414.101 Safari/537.36" "ysfine.com"
66.249.89.34 - - [02/Feb/2023:22:49:58 -0800] "GET /kobak/sorae/church07b.jpg HTTP/1.1" 200 55556 "https://ysfine.com/kobak/soraech.html" "Mozilla/5.0 (X11; Linux x86_64) AppleWebKit/537.36 (KHTML, like Gecko; compatible; pageburst) Chrome/109.0.5414.101 Safari/537.36" "ysfine.com"
66.249.89.37 - - [02/Feb/2023:22:49:58 -0800] "GET /kobak/sorae/church05b.jpg HTTP/1.1" 200 66213 "https://ysfine.com/kobak/soraech.html" "Mozilla/5.0 (X11; Linux x86_64) AppleWebKit/537.36 (KHTML, like Gecko; compatible; pageburst) Chrome/109.0.5414.101 Safari/537.36" "ysfine.com"
66.249.89.63 - - [02/Feb/2023:22:49:58 -0800] "GET /kobak/underw09b.jpg HTTP/1.1" 200 60928 "https://ysfine.com/kobak/soraech.html" "Mozilla/5.0 (X11; Linux x86_64) AppleWebKit/537.36 (KHTML, like Gecko; compatible; pageburst) Chrome/109.0.5414.101 Safari/537.36" "ysfine.com"
66.249.89.37 - - [02/Feb/2023:22:49:59 -0800] "GET /kobak/sorae/church06b.jpg HTTP/1.1" 200 49022 "https://ysfine.com/kobak/soraech.html" "Mozilla/5.0 (X11; Linux x86_64) AppleWebKit/537.36 (KHTML, like Gecko; compatible; pageburst) Chrome/109.0.5414.101 Safari/537.36" "ysfine.com"
66.249.89.34 - - [02/Feb/2023:22:49:59 -0800] "GET /world/russ/roskei90b.jpg HTTP/1.1" 200 50111 "https://ysfine.com/kobak/soraech.html" "Mozilla/5.0 (X11; Linux x86_64) AppleWebKit/537.36 (KHTML, like Gecko; compatible; pageburst) Chrome/109.0.5414.101 Safari/537.36" "ysfine.com"
66.249.89.34 - - [02/Feb/2023:22:49:59 -0800] "GET /kowar/tanks/b29b.jpg HTTP/1.1" 200 33471 "https://ysfine.com/kobak/soraech.html" "Mozilla/5.0 (X11; Linux x86_64) AppleWebKit/537.36 (KHTML, like Gecko; compatible; pageburst) Chrome/109.0.5414.101 Safari/537.36" "ysfine.com"
66.249.89.37 - - [02/Feb/2023:22:49:59 -0800] "GET /kobak/sorae/church12b.jpg HTTP/1.1" 200 56689 "https://ysfine.com/kobak/soraech.html" "Mozilla/5.0 (X11; Linux x86_64) AppleWebKit/537.36 (KHTML, like Gecko; compatible; pageburst) Chrome/109.0.5414.101 Safari/537.36" "ysfine.com"
51.222.253.2 - - [02/Feb/2023:22:49:59 -0800] "GET /yspapers/feyfirm03c.jpg HTTP/1.1" 200 32880 "-" "Mozilla/5.0 (compatible; AhrefsBot/7.0; +http://ahrefs.com/robot/)" "ysfine.com"
66.249.89.37 - - [02/Feb/2023:22:50:00 -0800] "GET /kobak/somap38b.jpg HTTP/1.1" 200 54149 "https://ysfine.com/kobak/soraech.html" "Mozilla/5.0 (X11; Linux x86_64) AppleWebKit/537.36 (KHTML, like Gecko; compatible; pageburst) Chrome/109.0.5414.101 Safari/537.36" "ysfine.com"
66.249.89.34 - - [02/Feb/2023:22:50:00 -0800] "GET /kobak/sorae/grandpa11b.jpg HTTP/1.1" 200 20714 "https://ysfine.com/kobak/soraech.html" "Mozilla/5.0 (X11; Linux x86_64) AppleWebKit/537.36 (KHTML, like Gecko; compatible; pageburst) Chrome/109.0.5414.101 Safari/537.36" "ysfine.com"
66.249.89.37 - - [02/Feb/2023:22:50:00 -0800] "GET /kobak/underw03b.jpg HTTP/1.1" 200 37749 "https://ysfine.com/kobak/soraech.html" "Mozilla/5.0 (X11; Linux x86_64) AppleWebKit/537.36 (KHTML, like Gecko; compatible; pageburst) Chrome/109.0.5414.101 Safari/537.36" "ysfine.com"
66.249.89.34 - - [02/Feb/2023:22:50:00 -0800] "GET /kowar/kimis53b.jpg HTTP/1.1" 200 44376 "https://ysfine.com/kobak/soraech.html" "Mozilla/5.0 (X11; Linux x86_64) AppleWebKit/537.36 (KHTML, like Gecko; compatible; pageburst) Chrome/109.0.5414.101 Safari/537.36" "ysfine.com"
66.249.89.37 - - [02/Feb/2023:22:50:00 -0800] "GET /kobak/underw12b.jpg HTTP/1.1" 200 42070 "https://ysfine.com/kobak/soraech.html" "Mozilla/5.0 (X11; Linux x86_64) AppleWebKit/537.36 (KHTML, like Gecko; compatible; pageburst) Chrome/109.0.5414.101 Safari/537.36" "ysfine.com"
66.249.89.37 - - [02/Feb/2023:22:50:01 -0800] "GET /kobak/mskim01b.jpg HTTP/1.1" 200 51469 "https://ysfine.com/kobak/soraech.html" "Mozilla/5.0 (X11; Linux x86_64) AppleWebKit/537.36 (KHTML, like Gecko; compatible; pageburst) Chrome/109.0.5414.101 Safari/537.36" "ysfine.com"
66.249.89.63 - - [02/Feb/2023:22:50:01 -0800] "GET /kobak/mskim03b.jpg HTTP/1.1" 200 44430 "https://ysfine.com/kobak/soraech.html" "Mozilla/5.0 (X11; Linux x86_64) AppleWebKit/537.36 (KHTML, like Gecko; compatible; pageburst) Chrome/109.0.5414.101 Safari/537.36" "ysfine.com"
66.249.89.34 - - [02/Feb/2023:22:50:01 -0800] "GET /kobak/gojong01b.jpg HTTP/1.1" 200 43980 "https://ysfine.com/kobak/soraech.html" "Mozilla/5.0 (X11; Linux x86_64) AppleWebKit/537.36 (KHTML, like Gecko; compatible; pageburst) Chrome/109.0.5414.101 Safari/537.36" "ysfine.com"
51.222.253.7 - - [02/Feb/2023:22:50:01 -0800] "GET /yspapers/coupo02c.jpg HTTP/1.1" 200 42609 "-" "Mozilla/5.0 (compatible; AhrefsBot/7.0; +http://ahrefs.com/robot/)" "ysfine.com"
66.249.89.63 - - [02/Feb/2023:22:50:01 -0800] "GET /kobak/underw01b.jpg HTTP/1.1" 200 36835 "https://ysfine.com/kobak/soraech.html" "Mozilla/5.0 (X11; Linux x86_64) AppleWebKit/537.36 (KHTML, like Gecko; compatible; pageburst) Chrome/109.0.5414.101 Safari/537.36" "ysfine.com"
66.249.89.34 - - [02/Feb/2023:22:50:01 -0800] "GET /kowar/tanks/sherman44b.jpg HTTP/1.1" 200 34454 "https://ysfine.com/kobak/soraech.html" "Mozilla/5.0 (X11; Linux x86_64) AppleWebKit/537.36 (KHTML, like Gecko; compatible; pageburst) Chrome/109.0.5414.101 Safari/537.36" "ysfine.com"
66.249.89.34 - - [02/Feb/2023:22:50:02 -0800] "GET /kobak/underw06b.jpg HTTP/1.1" 200 51332 "https://ysfine.com/kobak/soraech.html" "Mozilla/5.0 (X11; Linux x86_64) AppleWebKit/537.36 (KHTML, like Gecko; compatible; pageburst) Chrome/109.0.5414.101 Safari/537.36" "ysfine.com"
66.249.89.34 - - [02/Feb/2023:22:50:02 -0800] "GET /kobak/underw26b.jpg HTTP/1.1" 200 56057 "https://ysfine.com/kobak/soraech.html" "Mozilla/5.0 (X11; Linux x86_64) AppleWebKit/537.36 (KHTML, like Gecko; compatible; pageburst) Chrome/109.0.5414.101 Safari/537.36" "ysfine.com"
66.249.89.34 - - [02/Feb/2023:22:50:02 -0800] "GET /kobak/sohnwi01b.jpg HTTP/1.1" 200 35047 "https://ysfine.com/kobak/soraech.html" "Mozilla/5.0 (X11; Linux x86_64) AppleWebKit/537.36 (KHTML, like Gecko; compatible; pageburst) Chrome/109.0.5414.101 Safari/537.36" "ysfine.com"
66.249.89.63 - - [02/Feb/2023:22:50:02 -0800] "GET /kobak/sorae/church105b.jpg HTTP/1.1" 200 36895 "https://ysfine.com/kobak/soraech.html" "Mozilla/5.0 (X11; Linux x86_64) AppleWebKit/537.36 (KHTML, like Gecko; compatible; pageburst) Chrome/109.0.5414.101 Safari/537.36" "ysfine.com"
51.222.253.7 - - [02/Feb/2023:22:50:02 -0800] "GET /yspapers/wiglunch91c.jpg HTTP/1.1" 200 59941 "-" "Mozilla/5.0 (compatible; AhrefsBot/7.0; +http://ahrefs.com/robot/)" "ysfine.com"
66.249.89.34 - - [02/Feb/2023:22:50:02 -0800] "GET /kobak/sorae01b.jpg HTTP/1.1" 200 31668 "https://ysfine.com/kobak/soraech.html" "Mozilla/5.0 (X11; Linux x86_64) AppleWebKit/537.36 (KHTML, like Gecko; compatible; pageburst) Chrome/109.0.5414.101 Safari/537.36" "ysfine.com"
66.249.89.34 - - [02/Feb/2023:22:50:03 -0800] "GET /kobak/nll01b.jpg HTTP/1.1" 200 30471 "https://ysfine.com/kobak/soraech.html" "Mozilla/5.0 (X11; Linux x86_64) AppleWebKit/537.36 (KHTML, like Gecko; compatible; pageburst) Chrome/109.0.5414.101 Safari/537.36" "ysfine.com"
66.249.89.34 - - [02/Feb/2023:22:50:03 -0800] "GET /kobak/rhee12b.jpg HTTP/1.1" 200 49113 "https://ysfine.com/kobak/soraech.html" "Mozilla/5.0 (X11; Linux x86_64) AppleWebKit/537.36 (KHTML, like Gecko; compatible; pageburst) Chrome/109.0.5414.101 Safari/537.36" "ysfine.com"
66.249.89.34 - - [02/Feb/2023:22:50:03 -0800] "GET /eink/eink61c.jpg HTTP/1.1" 200 34119 "https://ysfine.com/kobak/soraech.html" "Mozilla/5.0 (X11; Linux x86_64) AppleWebKit/537.36 (KHTML, like Gecko; compatible; pageburst) Chrome/109.0.5414.101 Safari/537.36" "ysfine.com"
66.249.89.34 - - [02/Feb/2023:22:50:03 -0800] "GET /kobak/sorae/church09b.jpg HTTP/1.1" 200 63003 "https://ysfine.com/kobak/soraech.html" "Mozilla/5.0 (X11; Linux x86_64) AppleWebKit/537.36 (KHTML, like Gecko; compatible; pageburst) Chrome/109.0.5414.101 Safari/537.36" "ysfine.com"
66.249.89.34 - - [02/Feb/2023:22:50:03 -0800] "GET /kobak/sorae/church02b.jpg HTTP/1.1" 200 40321 "https://ysfine.com/kobak/soraech.html" "Mozilla/5.0 (X11; Linux x86_64) AppleWebKit/537.36 (KHTML, like Gecko; compatible; pageburst) Chrome/109.0.5414.101 Safari/537.36" "ysfine.com"
66.249.89.34 - - [02/Feb/2023:22:50:04 -0800] "GET /kobak/sorae/kumipo01b.jpg HTTP/1.1" 200 30861 "https://ysfine.com/kobak/soraech.html" "Mozilla/5.0 (X11; Linux x86_64) AppleWebKit/537.36 (KHTML, like Gecko; compatible; pageburst) Chrome/109.0.5414.101 Safari/537.36" "ysfine.com"
66.249.89.63 - - [02/Feb/2023:22:50:04 -0800] "GET /kobak/underw25b.jpg HTTP/1.1" 200 36194 "https://ysfine.com/kobak/soraech.html" "Mozilla/5.0 (X11; Linux x86_64) AppleWebKit/537.36 (KHTML, like Gecko; compatible; pageburst) Chrome/109.0.5414.101 Safari/537.36" "ysfine.com"
66.249.89.63 - - [02/Feb/2023:22:50:04 -0800] "GET /kobak/underw22b.jpg HTTP/1.1" 200 68866 "https://ysfine.com/kobak/soraech.html" "Mozilla/5.0 (X11; Linux x86_64) AppleWebKit/537.36 (KHTML, like Gecko; compatible; pageburst) Chrome/109.0.5414.101 Safari/537.36" "ysfine.com"
51.222.253.6 - - [02/Feb/2023:22:50:04 -0800] "GET /home/truck/truck20c.jpg HTTP/1.1" 200 29999 "-" "Mozilla/5.0 (compatible; AhrefsBot/7.0; +http://ahrefs.com/robot/)" "ysfine.com"
51.222.253.16 - - [02/Feb/2023:22:50:05 -0800] "GET /yspapers/quapar55c.jpg HTTP/1.1" 200 49178 "-" "Mozilla/5.0 (compatible; AhrefsBot/7.0; +http://ahrefs.com/robot/)" "ysfine.com"
51.222.253.1 - - [02/Feb/2023:22:50:06 -0800] "GET /yspapers/emcbirth77c.jpg HTTP/1.1" 200 27922 "-" "Mozilla/5.0 (compatible; AhrefsBot/7.0; +http://ahrefs.com/robot/)" "ysfine.com"
51.222.253.13 - - [02/Feb/2023:22:50:06 -0800] "GET /yspapers/cover22c.jpg HTTP/1.1" 200 27008 "-" "Mozilla/5.0 (compatible; AhrefsBot/7.0; +http://ahrefs.com/robot/)" "ysfine.com"
51.222.253.19 - - [02/Feb/2023:22:50:07 -0800] "GET /yspapers/psphere11c.jpg HTTP/1.1" 200 29352 "-" "Mozilla/5.0 (compatible; AhrefsBot/7.0; +http://ahrefs.com/robot/)" "ysfine.com"
51.222.253.3 - - [02/Feb/2023:22:50:07 -0800] "GET /yspapers/einbohr55c.jpg HTTP/1.1" 200 34145 "-" "Mozilla/5.0 (compatible; AhrefsBot/7.0; +http://ahrefs.com/robot/)" "ysfine.com"
51.222.253.6 - - [02/Feb/2023:22:50:07 -0800] "GET /yspapers/parton66f.jpg HTTP/1.1" 200 85165 "-" "Mozilla/5.0 (compatible; AhrefsBot/7.0; +http://ahrefs.com/robot/)" "ysfine.com"
51.222.253.9 - - [02/Feb/2023:22:50:08 -0800] "GET /yspapers/isomor77f.jpg HTTP/1.1" 200 76971 "-" "Mozilla/5.0 (compatible; AhrefsBot/7.0; +http://ahrefs.com/robot/)" "ysfine.com"
51.222.253.6 - - [02/Feb/2023:22:50:09 -0800] "GET /yspapers/wsj21c.jpg HTTP/1.1" 200 39468 "-" "Mozilla/5.0 (compatible; AhrefsBot/7.0; +http://ahrefs.com/robot/)" "ysfine.com"
77.75.76.169 - - [02/Feb/2023:22:50:18 -0800] "GET /robots.txt HTTP/1.1" 404 88 "-" "Mozilla/5.0 (compatible; SeznamBot/3.2; +http://napoveda.seznam.cz/en/seznambot-intro/)" "ysfine.com"
77.75.76.169 - - [02/Feb/2023:22:50:20 -0800] "GET /world/russ/kiev005.jpg HTTP/1.1" 200 109885 "-" "Mozilla/5.0 (compatible; SeznamBot/3.2; +http://napoveda.seznam.cz/en/seznambot-intro/)" "ysfine.com"
77.75.76.169 - - [02/Feb/2023:22:50:24 -0800] "GET /kowar/tanks/tank09.jpg HTTP/1.1" 304 - "-" "Mozilla/5.0 (compatible; SeznamBot/3.2; +http://napoveda.seznam.cz/en/seznambot-intro/)" "ysfine.com"
77.75.76.169 - - [02/Feb/2023:22:50:24 -0800] "GET /world/russ/spbm05.jpg HTTP/1.1" 304 - "-" "Mozilla/5.0 (compatible; SeznamBot/3.2; +http://napoveda.seznam.cz/en/seznambot-intro/)" "ysfine.com"
77.75.76.169 - - [02/Feb/2023:22:50:25 -0800] "GET /newyork/tournau22.jpg HTTP/1.1" 304 - "-" "Mozilla/5.0 (compatible; SeznamBot/3.2; +http://napoveda.seznam.cz/en/seznambot-intro/)" "ysfine.com"
77.75.76.169 - - [02/Feb/2023:22:50:25 -0800] "GET /world/brit/dunf01.jpg HTTP/1.1" 304 - "-" "Mozilla/5.0 (compatible; SeznamBot/3.2; +http://napoveda.seznam.cz/en/seznambot-intro/)" "ysfine.com"
77.75.76.169 - - [02/Feb/2023:22:50:25 -0800] "GET /world/russ/krem25.jpg HTTP/1.1" 200 95275 "-" "Mozilla/5.0 (compatible; SeznamBot/3.2; +http://napoveda.seznam.cz/en/seznambot-intro/)" "ysfine.com"
77.75.76.169 - - [02/Feb/2023:22:50:28 -0800] "GET /people/fernan.jpg HTTP/1.1" 200 64892 "-" "Mozilla/5.0 (compatible; SeznamBot/3.2; +http://napoveda.seznam.cz/en/seznambot-intro/)" "ysfine.com"
68.104.147.89 - - [02/Feb/2023:22:51:00 -0800] "GET /feynman/jf2.jpg HTTP/1.1" 200 10558 "https://www.google.com/" "Mozilla/5.0 (iPhone; CPU iPhone OS 16_2 like Mac OS X) AppleWebKit/605.1.15 (KHTML, like Gecko) Version/16.2 Mobile/15E148 Safari/604.1" "ysfine.com"
68.104.147.89 - - [02/Feb/2023:22:51:03 -0800] "GET /feynman/chapline.jpg HTTP/1.1" 200 133064 "https://www.google.com/" "Mozilla/5.0 (iPhone; CPU iPhone OS 16_2 like Mac OS X) AppleWebKit/605.1.15 (KHTML, like Gecko) Version/16.2 Mobile/15E148 Safari/604.1" "ysfine.com"
207.46.13.104 - - [02/Feb/2023:22:51:23 -0800] "GET /kobak/nicodem11.jpg HTTP/1.1" 200 240297 "-" "Mozilla/5.0 AppleWebKit/537.36 (KHTML, like Gecko; compatible; bingbot/2.0; +http://www.bing.com/bingbot.htm) Chrome/103.0.5060.134 Safari/537.36" "www.ysfine.com"
62.221.117.110 - - [02/Feb/2023:22:51:28 -0800] "GET / HTTP/1.1" 200 5295 "-" "Mozilla/5.0 (Windows NT 10.0; WOW64) AppleWebKit/537.36 (KHTML, like Gecko) Chrome/109.0.0.0 Safari/537.36" "ysfine.com"
95.163.255.62 - - [02/Feb/2023:22:51:52 -0800] "GET /robots.txt HTTP/1.1" 404 73 "-" "Mozilla/5.0 (compatible; Linux x86_64; Mail.RU_Bot/2.0; +https://help.mail.ru/webmaster/indexing/robots)" "ysfine.com"
95.163.255.69 - - [02/Feb/2023:22:51:54 -0800] "GET /kobak/tank21.jpg HTTP/1.1" 404 88 "-" "Mozilla/5.0 (compatible; Linux x86_64; Mail.RU_Bot/2.0; +https://help.mail.ru/webmaster/indexing/robots)" "ysfine.com"
173.252.107.10 - - [02/Feb/2023:22:52:08 -0800] "GET /dongio/polish.html HTTP/1.1" 404 88 "-" "facebookexternalhit/1.1 (+http://www.facebook.com/externalhit_uatext.php)" "ysfine.com"
52.167.144.39 - - [02/Feb/2023:22:52:16 -0800] "GET /bio/folks/tolstoy.html HTTP/1.1" 404 88 "-" "Mozilla/5.0 AppleWebKit/537.36 (KHTML, like Gecko; compatible; bingbot/2.0; +http://www.bing.com/bingbot.htm) Chrome/103.0.5060.134 Safari/537.36" "ysfine.com"
62.221.117.110 - - [02/Feb/2023:22:52:18 -0800] "GET /home/top21d.jpg HTTP/1.1" 200 74409 "https://ysfine.com/" "Mozilla/5.0 (Windows NT 10.0; WOW64) AppleWebKit/537.36 (KHTML, like Gecko) Chrome/109.0.0.0 Safari/537.36" "ysfine.com"
62.221.117.110 - - [02/Feb/2023:22:52:18 -0800] "GET /home/eink450.jpg HTTP/1.1" 200 66794 "https://ysfine.com/" "Mozilla/5.0 (Windows NT 10.0; WOW64) AppleWebKit/537.36 (KHTML, like Gecko) Chrome/109.0.0.0 Safari/537.36" "ysfine.com"
62.221.117.110 - - [02/Feb/2023:22:52:18 -0800] "GET /home/1987pr22d.jpg HTTP/1.1" 200 66428 "https://ysfine.com/" "Mozilla/5.0 (Windows NT 10.0; WOW64) AppleWebKit/537.36 (KHTML, like Gecko) Chrome/109.0.0.0 Safari/537.36" "ysfine.com"
62.221.117.110 - - [02/Feb/2023:22:52:18 -0800] "GET /home/truck450.jpg HTTP/1.1" 200 42871 "https://ysfine.com/" "Mozilla/5.0 (Windows NT 10.0; WOW64) AppleWebKit/537.36 (KHTML, like Gecko) Chrome/109.0.0.0 Safari/537.36" "ysfine.com"
62.221.117.110 - - [02/Feb/2023:22:52:18 -0800] "GET /eink/einhaus33c.jpg HTTP/1.1" 200 23792 "https://ysfine.com/" "Mozilla/5.0 (Windows NT 10.0; WOW64) AppleWebKit/537.36 (KHTML, like Gecko) Chrome/109.0.0.0 Safari/537.36" "ysfine.com"
62.221.117.110 - - [02/Feb/2023:22:52:18 -0800] "GET /eink/einhaus11c.jpg HTTP/1.1" 200 42522 "https://ysfine.com/" "Mozilla/5.0 (Windows NT 10.0; WOW64) AppleWebKit/537.36 (KHTML, like Gecko) Chrome/109.0.0.0 Safari/537.36" "ysfine.com"
62.221.117.110 - - [02/Feb/2023:22:52:18 -0800] "GET /home/facu450.jpg HTTP/1.1" 200 74535 "https://ysfine.com/" "Mozilla/5.0 (Windows NT 10.0; WOW64) AppleWebKit/537.36 (KHTML, like Gecko) Chrome/109.0.0.0 Safari/537.36" "ysfine.com"
62.221.117.110 - - [02/Feb/2023:22:52:18 -0800] "GET /home/eward55f.jpg HTTP/1.1" 200 122802 "https://ysfine.com/" "Mozilla/5.0 (Windows NT 10.0; WOW64) AppleWebKit/537.36 (KHTML, like Gecko) Chrome/109.0.0.0 Safari/537.36" "ysfine.com"
62.221.117.110 - - [02/Feb/2023:22:52:18 -0800] "GET /home/eink54f.jpg HTTP/1.1" 200 96332 "https://ysfine.com/" "Mozilla/5.0 (Windows NT 10.0; WOW64) AppleWebKit/537.36 (KHTML, like Gecko) Chrome/109.0.0.0 Safari/537.36" "ysfine.com"
62.221.117.110 - - [02/Feb/2023:22:52:18 -0800] "GET /home/washmo23d.jpg HTTP/1.1" 200 32142 "https://ysfine.com/" "Mozilla/5.0 (Windows NT 10.0; WOW64) AppleWebKit/537.36 (KHTML, like Gecko) Chrome/109.0.0.0 Safari/537.36" "ysfine.com"
62.221.117.110 - - [02/Feb/2023:22:52:18 -0800] "GET /home/eindc03d.jpg HTTP/1.1" 200 95860 "https://ysfine.com/" "Mozilla/5.0 (Windows NT 10.0; WOW64) AppleWebKit/537.36 (KHTML, like Gecko) Chrome/109.0.0.0 Safari/537.36" "ysfine.com"
62.221.117.110 - - [02/Feb/2023:22:52:18 -0800] "GET /eink/ewk86f.jpg HTTP/1.1" 200 122173 "https://ysfine.com/" "Mozilla/5.0 (Windows NT 10.0; WOW64) AppleWebKit/537.36 (KHTML, like Gecko) Chrome/109.0.0.0 Safari/537.36" "ysfine.com"
62.221.117.110 - - [02/Feb/2023:22:52:18 -0800] "GET /home/goodbad450.jpg HTTP/1.1" 200 32258 "https://ysfine.com/" "Mozilla/5.0 (Windows NT 10.0; WOW64) AppleWebKit/537.36 (KHTML, like Gecko) Chrome/109.0.0.0 Safari/537.36" "ysfine.com"
62.221.117.110 - - [02/Feb/2023:22:52:18 -0800] "GET /home/taylor500.jpg HTTP/1.1" 200 79197 "https://ysfine.com/" "Mozilla/5.0 (Windows NT 10.0; WOW64) AppleWebKit/537.36 (KHTML, like Gecko) Chrome/109.0.0.0 Safari/537.36" "ysfine.com"
173.252.107.2 - - [02/Feb/2023:22:52:58 -0800] "GET /newyork/index.html HTTP/1.1" 206 132 "-" "facebookexternalhit/1.1 (+http://www.facebook.com/externalhit_uatext.php)" "ysfine.com"
161.97.168.212 - - [02/Feb/2023:22:53:36 -0800] "HEAD /style/cameras/contax11.jpg HTTP/1.1" 200 - "-" "Mozilla/5.0 (X11; Linux x86_64; rv:33.0) Gecko/20100101 Firefox/33.0" "ysfine.com"
40.77.167.192 - - [02/Feb/2023:22:54:06 -0800] "GET /bio/style/songs.html HTTP/1.1" 404 88 "-" "Mozilla/5.0 AppleWebKit/537.36 (KHTML, like Gecko; compatible; bingbot/2.0; +http://www.bing.com/bingbot.htm) Chrome/103.0.5060.134 Safari/537.36" "ysfine.com"
207.46.13.64 - - [02/Feb/2023:22:56:22 -0800] "GET /people/facu63.jpg HTTP/1.1" 200 255387 "-" "Mozilla/5.0 AppleWebKit/537.36 (KHTML, like Gecko; compatible; bingbot/2.0; +http://www.bing.com/bingbot.htm) Chrome/103.0.5060.134 Safari/537.36" "ysfine.com"
173.252.107.12 - - [02/Feb/2023:22:56:34 -0800] "GET /home/dashen.html HTTP/1.1" 206 4015 "-" "facebookexternalhit/1.1 (+http://www.facebook.com/externalhit_uatext.php)" "ysfine.com"
173.252.107.7 - - [02/Feb/2023:22:56:34 -0800] "GET /maga/herod.html HTTP/1.1" 206 4341 "-" "facebookexternalhit/1.1 (+http://www.facebook.com/externalhit_uatext.php)" "ysfine.com"
173.252.107.9 - - [02/Feb/2023:22:56:34 -0800] "GET /yspapers/index.html HTTP/1.1" 206 21304 "-" "facebookexternalhit/1.1 (+http://www.facebook.com/externalhit_uatext.php)" "ysfine.com"
173.252.107.24 - - [02/Feb/2023:22:56:34 -0800] "GET /home/ewk86.jpg HTTP/1.1" 206 188473 "-" "facebookexternalhit/1.1 (+http://www.facebook.com/externalhit_uatext.php)" "ysfine.com"
193.140.88.3 - - [02/Feb/2023:22:56:59 -0800] "GET /kobak/macrhee11.jpg HTTP/1.1" 200 54127 "-" "python-requests/2.28.1" "ysfine.com"
40.77.167.192 - - [02/Feb/2023:22:57:33 -0800] "GET /bio/kobak/soraech.html HTTP/1.1" 404 88 "-" "Mozilla/5.0 AppleWebKit/537.36 (KHTML, like Gecko; compatible; bingbot/2.0; +http://www.bing.com/bingbot.htm) Chrome/103.0.5060.134 Safari/537.36" "ysfine.com"
52.167.144.86 - - [02/Feb/2023:22:59:20 -0800] "GET /world/china/dandongbr05.jpg HTTP/1.1" 200 194930 "-" "Mozilla/5.0 AppleWebKit/537.36 (KHTML, like Gecko; compatible; bingbot/2.0; +http://www.bing.com/bingbot.htm) Chrome/103.0.5060.134 Safari/537.36" "www.ysfine.com"
20.239.77.165 - - [02/Feb/2023:22:59:33 -0800] "GET / HTTP/1.1" 200 5295 "http://www.ysfine.com" "Mozilla/5.0 (Windows NT 10.0; WOW64) AppleWebKit/537.36 (KHTML, like Gecko) Chrome/86.0.4240.198 Safari/537.36" "www.ysfine.com"
207.46.13.104 - - [02/Feb/2023:23:00:11 -0800] "GET /bio/sbk/1950.html HTTP/1.1" 404 88 "-" "Mozilla/5.0 AppleWebKit/537.36 (KHTML, like Gecko; compatible; bingbot/2.0; +http://www.bing.com/bingbot.htm) Chrome/103.0.5060.134 Safari/537.36" "ysfine.com"
118.184.177.49 - - [02/Feb/2023:23:00:33 -0800] "GET / HTTP/1.1" 200 5295 "-" "Sogou web spider/4.0(+http://www.sogou.com/docs/help/webmasters.htm#07)" "www.ysfine.com"
71.178.208.102 - - [02/Feb/2023:23:02:02 -0800] "GET /home/dashen.html?fbclid=IwAR2mlskAnVZEXSENZebsnJJZcFLLm81uniE-mOmF1u_Vwn03jQAqxCXg6QM HTTP/1.1" 200 4015 "https://l.facebook.com/" "Mozilla/5.0 (Windows NT 10.0; Win64; x64; rv:109.0) Gecko/20100101 Firefox/109.0" "ysfine.com"
71.178.208.102 - - [02/Feb/2023:23:02:02 -0800] "GET /home/dyson63c.jpg HTTP/1.1" 200 32101 "https://ysfine.com/home/dashen.html?fbclid=IwAR2mlskAnVZEXSENZebsnJJZcFLLm81uniE-mOmF1u_Vwn03jQAqxCXg6QM" "Mozilla/5.0 (Windows NT 10.0; Win64; x64; rv:109.0) Gecko/20100101 Firefox/109.0" "ysfine.com"
71.178.208.102 - - [02/Feb/2023:23:02:03 -0800] "GET /home/baranger97c.jpg HTTP/1.1" 200 25248 "https://ysfine.com/home/dashen.html?fbclid=IwAR2mlskAnVZEXSENZebsnJJZcFLLm81uniE-mOmF1u_Vwn03jQAqxCXg6QM" "Mozilla/5.0 (Windows NT 10.0; Win64; x64; rv:109.0) Gecko/20100101 Firefox/109.0" "ysfine.com"
71.178.208.102 - - [02/Feb/2023:23:02:03 -0800] "GET /home/fotos/einhaus450.jpg HTTP/1.1" 304 - "https://ysfine.com/home/dashen.html?fbclid=IwAR2mlskAnVZEXSENZebsnJJZcFLLm81uniE-mOmF1u_Vwn03jQAqxCXg6QM" "Mozilla/5.0 (Windows NT 10.0; Win64; x64; rv:109.0) Gecko/20100101 Firefox/109.0" "ysfine.com"
71.178.208.102 - - [02/Feb/2023:23:02:02 -0800] "GET /home/goodbad11c.jpg HTTP/1.1" 200 18799 "https://ysfine.com/home/dashen.html?fbclid=IwAR2mlskAnVZEXSENZebsnJJZcFLLm81uniE-mOmF1u_Vwn03jQAqxCXg6QM" "Mozilla/5.0 (Windows NT 10.0; Win64; x64; rv:109.0) Gecko/20100101 Firefox/109.0" "ysfine.com"
174.231.56.246 - - [02/Feb/2023:23:02:07 -0800] "GET /princeton/alexan22.jpg HTTP/1.1" 200 175436 "https://www.google.com/" "Mozilla/5.0 (iPhone; CPU iPhone OS 16_1_2 like Mac OS X) AppleWebKit/605.1.15 (KHTML, like Gecko) Version/16.1 Mobile/15E148 Safari/604.1" "ysfine.com"
216.244.66.229 - - [02/Feb/2023:23:02:30 -0800] "GET /people/jgriffin.jpg HTTP/1.1" 200 110098 "-" "Mozilla/5.0 (compatible; DotBot/1.2; +https://opensiteexplorer.org/dotbot; help@moz.com)" "www.ysfine.com"
216.244.66.229 - - [02/Feb/2023:23:02:59 -0800] "GET /world/germany/hofbrau22.jpg HTTP/1.1" 200 88391 "-" "Mozilla/5.0 (compatible; DotBot/1.2; +https://opensiteexplorer.org/dotbot; help@moz.com)" "www.ysfine.com"
52.167.144.86 - - [02/Feb/2023:23:03:01 -0800] "GET /bio/wigner/e(2).html HTTP/1.1" 404 88 "-" "Mozilla/5.0 AppleWebKit/537.36 (KHTML, like Gecko; compatible; bingbot/2.0; +http://www.bing.com/bingbot.htm) Chrome/103.0.5060.134 Safari/537.36" "ysfine.com"
207.46.13.104 - - [02/Feb/2023:23:03:09 -0800] "GET /bio/style/artlove.html HTTP/1.1" 404 88 "-" "Mozilla/5.0 AppleWebKit/537.36 (KHTML, like Gecko; compatible; bingbot/2.0; +http://www.bing.com/bingbot.htm) Chrome/103.0.5060.134 Safari/537.36" "ysfine.com"
52.167.144.39 - - [02/Feb/2023:23:03:16 -0800] "GET /kowar/mac05.jpg HTTP/1.1" 200 141510 "-" "Mozilla/5.0 AppleWebKit/537.36 (KHTML, like Gecko; compatible; bingbot/2.0; +http://www.bing.com/bingbot.htm) Chrome/103.0.5060.134 Safari/537.36" "ysfine.com"
40.77.167.192 - - [02/Feb/2023:23:03:40 -0800] "GET /bio.html HTTP/1.1" 200 18260 "-" "Mozilla/5.0 AppleWebKit/537.36 (KHTML, like Gecko; compatible; bingbot/2.0; +http://www.bing.com/bingbot.htm) Chrome/103.0.5060.134 Safari/537.36" "ysfine.com"
143.44.164.4 - - [02/Feb/2023:23:03:51 -0800] "GET /bio09 HTTP/1.1" 200 12731 "-" "Mozilla/5.0 (Windows NT 10.0; Win64; x64) AppleWebKit/537.36 (KHTML, like Gecko) Chrome/109.0.0.0 Safari/537.36" "ysfine.com"
143.44.164.4 - - [02/Feb/2023:23:03:52 -0800] "GET /home/sbt11d.jpg HTTP/1.1" 200 41029 "https://ysfine.com/bio09" "Mozilla/5.0 (Windows NT 10.0; Win64; x64) AppleWebKit/537.36 (KHTML, like Gecko) Chrome/109.0.0.0 Safari/537.36" "ysfine.com"
143.44.164.4 - - [02/Feb/2023:23:03:52 -0800] "GET /home/eink450.jpg HTTP/1.1" 200 66794 "https://ysfine.com/bio09" "Mozilla/5.0 (Windows NT 10.0; Win64; x64) AppleWebKit/537.36 (KHTML, like Gecko) Chrome/109.0.0.0 Safari/537.36" "ysfine.com"
143.44.164.4 - - [02/Feb/2023:23:03:52 -0800] "GET /home/wigkim450.jpg HTTP/1.1" 200 46980 "https://ysfine.com/bio09" "Mozilla/5.0 (Windows NT 10.0; Win64; x64) AppleWebKit/537.36 (KHTML, like Gecko) Chrome/109.0.0.0 Safari/537.36" "ysfine.com"
143.44.164.4 - - [02/Feb/2023:23:03:52 -0800] "GET /home/tollwig11d.jpg HTTP/1.1" 200 39722 "https://ysfine.com/bio09" "Mozilla/5.0 (Windows NT 10.0; Win64; x64) AppleWebKit/537.36 (KHTML, like Gecko) Chrome/109.0.0.0 Safari/537.36" "ysfine.com"
143.44.164.4 - - [02/Feb/2023:23:03:52 -0800] "GET /fotos/einmu41d.jpg HTTP/1.1" 200 62005 "https://ysfine.com/bio09" "Mozilla/5.0 (Windows NT 10.0; Win64; x64) AppleWebKit/537.36 (KHTML, like Gecko) Chrome/109.0.0.0 Safari/537.36" "ysfine.com"
143.44.164.4 - - [02/Feb/2023:23:03:52 -0800] "GET /wigner/michwight.jpg HTTP/1.1" 200 73424 "https://ysfine.com/bio09" "Mozilla/5.0 (Windows NT 10.0; Win64; x64) AppleWebKit/537.36 (KHTML, like Gecko) Chrome/109.0.0.0 Safari/537.36" "ysfine.com"
143.44.164.4 - - [02/Feb/2023:23:03:52 -0800] "GET /home/wigner22d.jpg HTTP/1.1" 200 70992 "https://ysfine.com/bio09" "Mozilla/5.0 (Windows NT 10.0; Win64; x64) AppleWebKit/537.36 (KHTML, like Gecko) Chrome/109.0.0.0 Safari/537.36" "ysfine.com"
143.44.164.4 - - [02/Feb/2023:23:03:52 -0800] "GET /princeton/einpm22d.jpg HTTP/1.1" 200 65372 "https://ysfine.com/bio09" "Mozilla/5.0 (Windows NT 10.0; Win64; x64) AppleWebKit/537.36 (KHTML, like Gecko) Chrome/109.0.0.0 Safari/537.36" "ysfine.com"
143.44.164.4 - - [02/Feb/2023:23:03:52 -0800] "GET /fotos/einhaus450.jpg HTTP/1.1" 200 65369 "https://ysfine.com/bio09" "Mozilla/5.0 (Windows NT 10.0; Win64; x64) AppleWebKit/537.36 (KHTML, like Gecko) Chrome/109.0.0.0 Safari/537.36" "ysfine.com"
143.44.164.4 - - [02/Feb/2023:23:03:52 -0800] "GET /home/o32inho22g.jpg HTTP/1.1" 200 90429 "https://ysfine.com/bio09" "Mozilla/5.0 (Windows NT 10.0; Win64; x64) AppleWebKit/537.36 (KHTML, like Gecko) Chrome/109.0.0.0 Safari/537.36" "ysfine.com"
143.44.164.4 - - [02/Feb/2023:23:03:52 -0800] "GET /home/ewk86f.jpg HTTP/1.1" 200 123121 "https://ysfine.com/bio09" "Mozilla/5.0 (Windows NT 10.0; Win64; x64) AppleWebKit/537.36 (KHTML, like Gecko) Chrome/109.0.0.0 Safari/537.36" "ysfine.com"
143.44.164.4 - - [02/Feb/2023:23:03:52 -0800] "GET /einstein/einbohr55f.jpg HTTP/1.1" 200 155618 "https://ysfine.com/bio09" "Mozilla/5.0 (Windows NT 10.0; Win64; x64) AppleWebKit/537.36 (KHTML, like Gecko) Chrome/109.0.0.0 Safari/537.36" "ysfine.com"
143.44.164.4 - - [02/Feb/2023:23:03:52 -0800] "GET /home/wigein11d.jpg HTTP/1.1" 200 38446 "https://ysfine.com/bio09" "Mozilla/5.0 (Windows NT 10.0; Win64; x64) AppleWebKit/537.36 (KHTML, like Gecko) Chrome/109.0.0.0 Safari/537.36" "ysfine.com"
143.44.164.4 - - [02/Feb/2023:23:03:52 -0800] "GET /home/comet40f.jpg HTTP/1.1" 200 101816 "https://ysfine.com/bio09" "Mozilla/5.0 (Windows NT 10.0; Win64; x64) AppleWebKit/537.36 (KHTML, like Gecko) Chrome/109.0.0.0 Safari/537.36" "ysfine.com"
143.44.164.4 - - [02/Feb/2023:23:03:52 -0800] "GET /home/eink54f.jpg HTTP/1.1" 200 96332 "https://ysfine.com/bio09" "Mozilla/5.0 (Windows NT 10.0; Win64; x64) AppleWebKit/537.36 (KHTML, like Gecko) Chrome/109.0.0.0 Safari/537.36" "ysfine.com"
143.44.164.4 - - [02/Feb/2023:23:03:52 -0800] "GET /dirac/truck/truck18a.jpg HTTP/1.1" 200 78184 "https://ysfine.com/bio09" "Mozilla/5.0 (Windows NT 10.0; Win64; x64) AppleWebKit/537.36 (KHTML, like Gecko) Chrome/109.0.0.0 Safari/537.36" "ysfine.com"
143.44.164.4 - - [02/Feb/2023:23:03:52 -0800] "GET /home/bedk22f.jpg HTTP/1.1" 200 79706 "https://ysfine.com/bio09" "Mozilla/5.0 (Windows NT 10.0; Win64; x64) AppleWebKit/537.36 (KHTML, like Gecko) Chrome/109.0.0.0 Safari/537.36" "ysfine.com"
143.44.164.4 - - [02/Feb/2023:23:03:52 -0800] "GET /home/further22f.jpg HTTP/1.1" 200 99099 "https://ysfine.com/bio09" "Mozilla/5.0 (Windows NT 10.0; Win64; x64) AppleWebKit/537.36 (KHTML, like Gecko) Chrome/109.0.0.0 Safari/537.36" "ysfine.com"
143.44.164.4 - - [02/Feb/2023:23:03:52 -0800] "GET /home/fig33/sbtwein450.jpg HTTP/1.1" 200 73194 "https://ysfine.com/bio09" "Mozilla/5.0 (Windows NT 10.0; Win64; x64) AppleWebKit/537.36 (KHTML, like Gecko) Chrome/109.0.0.0 Safari/537.36" "ysfine.com"
143.44.164.4 - - [02/Feb/2023:23:03:52 -0800] "GET /home/fig33/parton77f.jpg HTTP/1.1" 200 120094 "https://ysfine.com/bio09" "Mozilla/5.0 (Windows NT 10.0; Win64; x64) AppleWebKit/537.36 (KHTML, like Gecko) Chrome/109.0.0.0 Safari/537.36" "ysfine.com"
216.244.66.229 - - [02/Feb/2023:23:03:53 -0800] "GET /kobak/yalta33.jpg HTTP/1.1" 200 133643 "-" "Mozilla/5.0 (compatible; DotBot/1.2; +https://opensiteexplorer.org/dotbot; help@moz.com)" "www.ysfine.com"
71.178.208.102 - - [02/Feb/2023:23:04:10 -0800] "GET /style/stbot.html HTTP/1.1" 200 122 "https://ysfine.com/home/dashen.html?fbclid=IwAR2mlskAnVZEXSENZebsnJJZcFLLm81uniE-mOmF1u_Vwn03jQAqxCXg6QM" "Mozilla/5.0 (Windows NT 10.0; Win64; x64; rv:109.0) Gecko/20100101 Firefox/109.0" "ysfine.com"
71.178.208.102 - - [02/Feb/2023:23:04:10 -0800] "GET /style/stleft.html HTTP/1.1" 304 - "https://ysfine.com/style/stbot.html" "Mozilla/5.0 (Windows NT 10.0; Win64; x64; rv:109.0) Gecko/20100101 Firefox/109.0" "ysfine.com"
71.178.208.102 - - [02/Feb/2023:23:04:10 -0800] "GET /style/strigh.html HTTP/1.1" 304 - "https://ysfine.com/style/stbot.html" "Mozilla/5.0 (Windows NT 10.0; Win64; x64; rv:109.0) Gecko/20100101 Firefox/109.0" "ysfine.com"
71.178.208.102 - - [02/Feb/2023:23:04:10 -0800] "GET /princeton/class2007c.jpg HTTP/1.1" 304 - "https://ysfine.com/style/strigh.html" "Mozilla/5.0 (Windows NT 10.0; Win64; x64; rv:109.0) Gecko/20100101 Firefox/109.0" "ysfine.com"
71.178.208.102 - - [02/Feb/2023:23:04:10 -0800] "GET /world/baltic/lithuf08c.jpg HTTP/1.1" 304 - "https://ysfine.com/style/strigh.html" "Mozilla/5.0 (Windows NT 10.0; Win64; x64; rv:109.0) Gecko/20100101 Firefox/109.0" "ysfine.com"
71.178.208.102 - - [02/Feb/2023:23:04:10 -0800] "GET /style/ysnr11c.jpg HTTP/1.1" 304 - "https://ysfine.com/style/strigh.html" "Mozilla/5.0 (Windows NT 10.0; Win64; x64; rv:109.0) Gecko/20100101 Firefox/109.0" "ysfine.com"
71.178.208.102 - - [02/Feb/2023:23:04:10 -0800] "GET /world/poland/polstu09c.jpg HTTP/1.1" 304 - "https://ysfine.com/style/strigh.html" "Mozilla/5.0 (Windows NT 10.0; Win64; x64; rv:109.0) Gecko/20100101 Firefox/109.0" "ysfine.com"
