51.222.253.6 - - [02/Feb/2023:21:30:02 -0800] "GET /class54/class5470/total_data/refer_img/7-48_f.jpg HTTP/1.1" 200 29734 "-" "Mozilla/5.0 (compatible; AhrefsBot/7.0; +http://ahrefs.com/robot/)" "ysfine.com"
51.222.253.13 - - [02/Feb/2023:21:30:02 -0800] "GET /class54/class5470/total_data/refer_img/7-43_f.jpg HTTP/1.1" 200 32167 "-" "Mozilla/5.0 (compatible; AhrefsBot/7.0; +http://ahrefs.com/robot/)" "ysfine.com"
51.222.253.13 - - [02/Feb/2023:21:30:03 -0800] "GET /class54/class5470/total_data/refer_img/7-56_f.jpg HTTP/1.1" 200 38989 "-" "Mozilla/5.0 (compatible; AhrefsBot/7.0; +http://ahrefs.com/robot/)" "ysfine.com"
51.222.253.14 - - [02/Feb/2023:21:30:03 -0800] "GET /class54/class5470/total_data/img/08_friendspicuture.gif HTTP/1.1" 200 1051 "-" "Mozilla/5.0 (compatible; AhrefsBot/7.0; +http://ahrefs.com/robot/)" "ysfine.com"
51.222.253.15 - - [02/Feb/2023:21:30:03 -0800] "GET /class54/class5470/total_data/refer_img/7-58_f.jpg HTTP/1.1" 200 39362 "-" "Mozilla/5.0 (compatible; AhrefsBot/7.0; +http://ahrefs.com/robot/)" "ysfine.com"
51.222.253.4 - - [02/Feb/2023:21:30:04 -0800] "GET /class54/class5470/total_data/refer_img/7-51_f.jpg HTTP/1.1" 200 38723 "-" "Mozilla/5.0 (compatible; AhrefsBot/7.0; +http://ahrefs.com/robot/)" "ysfine.com"
51.222.253.11 - - [02/Feb/2023:21:30:04 -0800] "GET /class54/class5470/total_data/refer_img/7-60_f.jpg HTTP/1.1" 200 54754 "-" "Mozilla/5.0 (compatible; AhrefsBot/7.0; +http://ahrefs.com/robot/)" "ysfine.com"
51.222.253.6 - - [02/Feb/2023:21:30:05 -0800] "GET /class54/class5470/total_data/refer_img/7-46_f.jpg HTTP/1.1" 200 31567 "-" "Mozilla/5.0 (compatible; AhrefsBot/7.0; +http://ahrefs.com/robot/)" "ysfine.com"
51.222.253.3 - - [02/Feb/2023:21:30:05 -0800] "GET /class54/class5470/total_data/refer_img/7-50_f.jpg HTTP/1.1" 200 35620 "-" "Mozilla/5.0 (compatible; AhrefsBot/7.0; +http://ahrefs.com/robot/)" "ysfine.com"
51.222.253.16 - - [02/Feb/2023:21:30:05 -0800] "GET /class54/class5470/total_data/refer_img/7-52_f.jpg HTTP/1.1" 200 37800 "-" "Mozilla/5.0 (compatible; AhrefsBot/7.0; +http://ahrefs.com/robot/)" "ysfine.com"
51.222.253.10 - - [02/Feb/2023:21:30:06 -0800] "GET /class54/class5470/total_data/refer_img/7-57_f.jpg HTTP/1.1" 200 38052 "-" "Mozilla/5.0 (compatible; AhrefsBot/7.0; +http://ahrefs.com/robot/)" "ysfine.com"
51.222.253.5 - - [02/Feb/2023:21:30:06 -0800] "GET /class54/class5470/total_data/img/03_smline.gif HTTP/1.1" 200 3214 "-" "Mozilla/5.0 (compatible; AhrefsBot/7.0; +http://ahrefs.com/robot/)" "ysfine.com"
51.222.253.16 - - [02/Feb/2023:21:30:07 -0800] "GET /class54/class5470/total_data/refer_img/7-47_f.jpg HTTP/1.1" 200 36785 "-" "Mozilla/5.0 (compatible; AhrefsBot/7.0; +http://ahrefs.com/robot/)" "ysfine.com"
51.222.253.20 - - [02/Feb/2023:21:30:07 -0800] "GET /class54/class5470/total_data/refer_img/7-41_f.jpg HTTP/1.1" 200 31998 "-" "Mozilla/5.0 (compatible; AhrefsBot/7.0; +http://ahrefs.com/robot/)" "ysfine.com"
51.222.253.1 - - [02/Feb/2023:21:30:07 -0800] "GET /class54/class5470/total_data/refer_img/7-55_f.jpg HTTP/1.1" 200 31647 "-" "Mozilla/5.0 (compatible; AhrefsBot/7.0; +http://ahrefs.com/robot/)" "ysfine.com"
51.222.253.6 - - [02/Feb/2023:21:30:08 -0800] "GET /class54/class5470/total_data/refer_img/7-45_f.jpg HTTP/1.1" 200 32793 "-" "Mozilla/5.0 (compatible; AhrefsBot/7.0; +http://ahrefs.com/robot/)" "ysfine.com"
51.222.253.17 - - [02/Feb/2023:21:30:08 -0800] "GET /class54/class5470/total_data/refer_img/7-44_f.jpg HTTP/1.1" 200 35363 "-" "Mozilla/5.0 (compatible; AhrefsBot/7.0; +http://ahrefs.com/robot/)" "ysfine.com"
51.222.253.7 - - [02/Feb/2023:21:30:09 -0800] "GET /class54/class5470/total_data/photo_img/7-49.jpg HTTP/1.1" 200 255703 "-" "Mozilla/5.0 (compatible; AhrefsBot/7.0; +http://ahrefs.com/robot/)" "ysfine.com"
207.46.13.104 - - [02/Feb/2023:21:30:26 -0800] "GET /einstein/places/einmu07.jpg HTTP/1.1" 200 90443 "-" "Mozilla/5.0 AppleWebKit/537.36 (KHTML, like Gecko; compatible; bingbot/2.0; +http://www.bing.com/bingbot.htm) Chrome/103.0.5060.134 Safari/537.36" "ysfine.com"
52.167.144.62 - - [02/Feb/2023:21:31:08 -0800] "GET /ys22/dondon.html HTTP/1.1" 401 90 "-" "Mozilla/5.0 AppleWebKit/537.36 (KHTML, like Gecko; compatible; bingbot/2.0; +http://www.bing.com/bingbot.htm) Chrome/103.0.5060.134 Safari/537.36" "www.ysfine.com"
52.167.144.39 - - [02/Feb/2023:21:31:36 -0800] "GET /kobak/sorae/church06.jpg HTTP/1.1" 200 290498 "-" "Mozilla/5.0 AppleWebKit/537.36 (KHTML, like Gecko; compatible; bingbot/2.0; +http://www.bing.com/bingbot.htm) Chrome/103.0.5060.134 Safari/537.36" "www.ysfine.com"
207.46.13.104 - - [02/Feb/2023:21:31:46 -0800] "GET /world/france/sartsq01b.jpg HTTP/1.1" 200 50069 "-" "Mozilla/5.0 AppleWebKit/537.36 (KHTML, like Gecko; compatible; bingbot/2.0; +http://www.bing.com/bingbot.htm) Chrome/103.0.5060.134 Safari/537.36" "www.ysfine.com"
71.178.208.102 - - [02/Feb/2023:21:32:37 -0800] "GET /ys11/index.html HTTP/1.1" 200 3494 "-" "Mozilla/5.0 (Windows NT 10.0; Win64; x64) AppleWebKit/537.36 (KHTML, like Gecko) Chrome/109.0.0.0 Safari/537.36 Edg/109.0.1518.70" "www.ysfine.com"
40.77.167.192 - - [02/Feb/2023:21:33:10 -0800] "GET /bio/kobak/soraech.html HTTP/1.1" 404 88 "-" "Mozilla/5.0 AppleWebKit/537.36 (KHTML, like Gecko; compatible; bingbot/2.0; +http://www.bing.com/bingbot.htm) Chrome/103.0.5060.134 Safari/537.36" "ysfine.com"
71.178.208.102 - - [02/Feb/2023:21:33:31 -0800] "GET /ys11 HTTP/1.1" 301 1406 "-" "Mozilla/5.0 (Windows NT 10.0; Win64; x64) AppleWebKit/537.36 (KHTML, like Gecko) Chrome/109.0.0.0 Safari/537.36 Edg/109.0.1518.70" "ysfine.com"
71.178.208.102 - - [02/Feb/2023:21:33:31 -0800] "GET /ys11/ HTTP/1.1" 200 3494 "-" "Mozilla/5.0 (Windows NT 10.0; Win64; x64) AppleWebKit/537.36 (KHTML, like Gecko) Chrome/109.0.0.0 Safari/537.36 Edg/109.0.1518.70" "ysfine.com"
103.144.92.178 - - [02/Feb/2023:21:33:41 -0800] "GET /feynman/page55.jpg HTTP/1.1" 200 98479 "https://www.google.com/" "Mozilla/5.0 (Windows NT 10.0; Win64; x64) AppleWebKit/537.36 (KHTML, like Gecko) Chrome/109.0.0.0 Safari/537.36" "ysfine.com"
103.144.92.178 - - [02/Feb/2023:21:33:44 -0800] "GET /feynman/page44.jpg HTTP/1.1" 200 106223 "https://www.google.com/" "Mozilla/5.0 (Windows NT 10.0; Win64; x64) AppleWebKit/537.36 (KHTML, like Gecko) Chrome/109.0.0.0 Safari/537.36" "ysfine.com"
51.222.253.5 - - [02/Feb/2023:21:33:58 -0800] "GET /einstein/eincopen.html HTTP/1.1" 200 6900 "-" "Mozilla/5.0 (compatible; AhrefsBot/7.0; +http://ahrefs.com/robot/)" "www.ysfine.com"
51.222.253.1 - - [02/Feb/2023:21:34:01 -0800] "GET /feynman/restof05b.jpg HTTP/1.1" 200 20819 "-" "Mozilla/5.0 (compatible; AhrefsBot/7.0; +http://ahrefs.com/robot/)" "www.ysfine.com"
51.222.253.2 - - [02/Feb/2023:21:34:01 -0800] "GET /dirac/licone2.jpg HTTP/1.1" 200 31937 "-" "Mozilla/5.0 (compatible; AhrefsBot/7.0; +http://ahrefs.com/robot/)" "www.ysfine.com"
51.222.253.8 - - [02/Feb/2023:21:34:02 -0800] "GET /feynman/restof55b.jpg HTTP/1.1" 200 52052 "-" "Mozilla/5.0 (compatible; AhrefsBot/7.0; +http://ahrefs.com/robot/)" "www.ysfine.com"
51.222.253.7 - - [02/Feb/2023:21:34:03 -0800] "GET /dirac/quantum2.jpg HTTP/1.1" 200 28714 "-" "Mozilla/5.0 (compatible; AhrefsBot/7.0; +http://ahrefs.com/robot/)" "www.ysfine.com"
51.222.253.6 - - [02/Feb/2023:21:34:04 -0800] "GET /feynman/restof33c.jpg HTTP/1.1" 200 29707 "-" "Mozilla/5.0 (compatible; AhrefsBot/7.0; +http://ahrefs.com/robot/)" "www.ysfine.com"
51.222.253.1 - - [02/Feb/2023:21:34:05 -0800] "GET /maga/phys/yukaein2.jpg HTTP/1.1" 200 42863 "-" "Mozilla/5.0 (compatible; AhrefsBot/7.0; +http://ahrefs.com/robot/)" "www.ysfine.com"
51.222.253.12 - - [02/Feb/2023:21:34:05 -0800] "GET /einstein/evol77b.jpg HTTP/1.1" 200 52737 "-" "Mozilla/5.0 (compatible; AhrefsBot/7.0; +http://ahrefs.com/robot/)" "www.ysfine.com"
77.88.5.133 - - [02/Feb/2023:21:35:15 -0800] "GET /world/germany/muc025.jpg HTTP/1.1" 200 116679 "-" "Mozilla/5.0 (compatible; YandexImages/3.0; +http://yandex.com/bots)" "www.ysfine.com"
3.10.223.26 - - [02/Feb/2023:21:35:50 -0800] "GET /favicon.ico HTTP/1.1" 404 88 "-" "Mozilla/5.0 (Macintosh; Intel Mac OS X 10.15; rv:87.0) Gecko/20100101 Firefox/87.0" "ysfine.com"
3.10.223.26 - - [02/Feb/2023:21:35:50 -0800] "GET / HTTP/1.1" 200 5295 "-" "Mozilla/5.0 (Macintosh; Intel Mac OS X 10.15; rv:87.0) Gecko/20100101 Firefox/87.0" "ysfine.com"
95.163.255.66 - - [02/Feb/2023:21:36:11 -0800] "GET /robots.txt HTTP/1.1" 404 73 "-" "Mozilla/5.0 (compatible; Linux x86_64; Mail.RU_Bot/2.0; +https://help.mail.ru/webmaster/indexing/robots)" "ysfine.com"
207.46.13.104 - - [02/Feb/2023:21:36:18 -0800] "GET /bio/sbk/1950.html HTTP/1.1" 404 88 "-" "Mozilla/5.0 AppleWebKit/537.36 (KHTML, like Gecko; compatible; bingbot/2.0; +http://www.bing.com/bingbot.htm) Chrome/103.0.5060.134 Safari/537.36" "ysfine.com"
95.163.255.66 - - [02/Feb/2023:21:36:41 -0800] "GET /robots.txt HTTP/1.1" 404 73 "-" "Mozilla/5.0 (compatible; Linux x86_64; Mail.RU_Bot/2.0; +https://help.mail.ru/webmaster/indexing/robots)" "www.ysfine.com"
40.77.167.192 - - [02/Feb/2023:21:37:14 -0800] "GET /heisen/heisen66.jpg HTTP/1.1" 200 82082 "-" "Mozilla/5.0 AppleWebKit/537.36 (KHTML, like Gecko; compatible; bingbot/2.0; +http://www.bing.com/bingbot.htm) Chrome/103.0.5060.134 Safari/537.36" "www.ysfine.com"
95.163.255.64 - - [02/Feb/2023:21:37:24 -0800] "GET /maga/invent/amellon11b.jpg HTTP/1.1" 200 38142 "-" "Mozilla/5.0 (compatible; Linux x86_64; Mail.RU_Bot/2.0; +https://help.mail.ru/webmaster/indexing/robots)" "ysfine.com"
95.163.255.69 - - [02/Feb/2023:21:38:21 -0800] "GET /maga/invent/joak.jpg HTTP/1.1" 200 108368 "-" "Mozilla/5.0 (compatible; Linux x86_64; Mail.RU_Bot/2.0; +https://help.mail.ru/webmaster/indexing/robots)" "www.ysfine.com"
51.222.253.17 - - [02/Feb/2023:21:38:30 -0800] "GET /einstein/einqm.html HTTP/1.1" 200 4504 "-" "Mozilla/5.0 (compatible; AhrefsBot/7.0; +http://ahrefs.com/robot/)" "www.ysfine.com"
51.222.253.5 - - [02/Feb/2023:21:38:32 -0800] "GET /einstein/hofstadter11c.jpg HTTP/1.1" 200 26993 "-" "Mozilla/5.0 (compatible; AhrefsBot/7.0; +http://ahrefs.com/robot/)" "www.ysfine.com"
51.222.253.14 - - [02/Feb/2023:21:38:32 -0800] "GET /feynman/feygell22c.jpg HTTP/1.1" 200 28834 "-" "Mozilla/5.0 (compatible; AhrefsBot/7.0; +http://ahrefs.com/robot/)" "www.ysfine.com"
51.222.253.12 - - [02/Feb/2023:21:38:32 -0800] "GET /einstein/infeld11c.jpg HTTP/1.1" 200 22805 "-" "Mozilla/5.0 (compatible; AhrefsBot/7.0; +http://ahrefs.com/robot/)" "www.ysfine.com"
51.222.253.13 - - [02/Feb/2023:21:38:33 -0800] "GET /einstein/chewfra11c.jpg HTTP/1.1" 200 33343 "-" "Mozilla/5.0 (compatible; AhrefsBot/7.0; +http://ahrefs.com/robot/)" "www.ysfine.com"
51.222.253.19 - - [02/Feb/2023:21:38:35 -0800] "GET /einstein/standrun22a.jpg HTTP/1.1" 200 41374 "-" "Mozilla/5.0 (compatible; AhrefsBot/7.0; +http://ahrefs.com/robot/)" "www.ysfine.com"
51.222.253.5 - - [02/Feb/2023:21:38:36 -0800] "GET /einstein/newton55c.jpg HTTP/1.1" 200 31852 "-" "Mozilla/5.0 (compatible; AhrefsBot/7.0; +http://ahrefs.com/robot/)" "www.ysfine.com"
51.222.253.6 - - [02/Feb/2023:21:38:38 -0800] "GET /einstein/standrun33a.jpg HTTP/1.1" 200 37021 "-" "Mozilla/5.0 (compatible; AhrefsBot/7.0; +http://ahrefs.com/robot/)" "www.ysfine.com"
207.46.13.104 - - [02/Feb/2023:21:39:17 -0800] "GET /kobak/underw06b.jpg HTTP/1.1" 200 51332 "-" "Mozilla/5.0 AppleWebKit/537.36 (KHTML, like Gecko; compatible; bingbot/2.0; +http://www.bing.com/bingbot.htm) Chrome/103.0.5060.134 Safari/537.36" "ysfine.com"
207.46.13.104 - - [02/Feb/2023:21:39:18 -0800] "GET /bio/style/artlove.html HTTP/1.1" 404 88 "-" "Mozilla/5.0 AppleWebKit/537.36 (KHTML, like Gecko; compatible; bingbot/2.0; +http://www.bing.com/bingbot.htm) Chrome/103.0.5060.134 Safari/537.36" "ysfine.com"
5.102.173.71 - - [02/Feb/2023:21:39:20 -0800] "GET /robots.txt HTTP/1.1" 404 88 "-" "Mozilla/5.0 (compatible; MojeekBot/0.11; +https://www.mojeek.com/bot.html)" "ysfine.com"
5.102.173.71 - - [02/Feb/2023:21:39:20 -0800] "GET /style/bstring.html HTTP/1.1" 200 901 "-" "Mozilla/5.0 (compatible; MojeekBot/0.11; +https://www.mojeek.com/bot.html)" "ysfine.com"
52.167.144.86 - - [02/Feb/2023:21:39:32 -0800] "GET /bio/wigner/e(2).html HTTP/1.1" 404 88 "-" "Mozilla/5.0 AppleWebKit/537.36 (KHTML, like Gecko; compatible; bingbot/2.0; +http://www.bing.com/bingbot.htm) Chrome/103.0.5060.134 Safari/537.36" "ysfine.com"
49.7.21.114 - - [02/Feb/2023:21:40:18 -0800] "GET / HTTP/1.1" 200 5295 "-" "Sogou web spider/4.0(+http://www.sogou.com/docs/help/webmasters.htm#07)" "ysfine.com"
71.178.208.102 - - [02/Feb/2023:21:40:55 -0800] "GET /ys11/ HTTP/1.1" 200 3494 "-" "Mozilla/5.0 (Windows NT 10.0; Win64; x64) AppleWebKit/537.36 (KHTML, like Gecko) Chrome/109.0.0.0 Safari/537.36" "ysfine.com"
52.167.144.62 - - [02/Feb/2023:21:41:49 -0800] "GET /ys22/dondon.html HTTP/1.1" 401 90 "-" "Mozilla/5.0 AppleWebKit/537.36 (KHTML, like Gecko; compatible; bingbot/2.0; +http://www.bing.com/bingbot.htm) Chrome/103.0.5060.134 Safari/537.36" "www.ysfine.com"
154.51.131.142 - - [02/Feb/2023:21:41:59 -0800] "GET / HTTP/1.1" 200 5295 "-" "Mozilla/5.0 (Windows NT 10.0; Win64; x64) AppleWebKit/537.36 (KHTML, like Gecko) Chrome/79.0.3945.130 Safari/537.36" "ysfine.com"
51.222.253.6 - - [02/Feb/2023:21:43:14 -0800] "GET /dirac/twobroth.html HTTP/1.1" 200 2887 "-" "Mozilla/5.0 (compatible; AhrefsBot/7.0; +http://ahrefs.com/robot/)" "www.ysfine.com"
51.222.253.2 - - [02/Feb/2023:21:43:16 -0800] "GET /dirac/dirbust11b.jpg HTTP/1.1" 200 41699 "-" "Mozilla/5.0 (compatible; AhrefsBot/7.0; +http://ahrefs.com/robot/)" "www.ysfine.com"
51.222.253.20 - - [02/Feb/2023:21:43:17 -0800] "GET /dirac/rectangle01b.jpg HTTP/1.1" 200 46417 "-" "Mozilla/5.0 (compatible; AhrefsBot/7.0; +http://ahrefs.com/robot/)" "www.ysfine.com"
123.125.109.45 - - [02/Feb/2023:21:43:23 -0800] "GET / HTTP/1.1" 200 5295 "-" "Sogou web spider/4.0(+http://www.sogou.com/docs/help/webmasters.htm#07)" "www.ysfine.com"
40.77.167.192 - - [02/Feb/2023:21:43:35 -0800] "GET /wdc/waskor014.jpg HTTP/1.1" 200 67774 "-" "Mozilla/5.0 AppleWebKit/537.36 (KHTML, like Gecko; compatible; bingbot/2.0; +http://www.bing.com/bingbot.htm) Chrome/103.0.5060.134 Safari/537.36" "ysfine.com"
40.77.167.192 - - [02/Feb/2023:21:43:51 -0800] "GET /bio.html HTTP/1.1" 200 18260 "-" "Mozilla/5.0 AppleWebKit/537.36 (KHTML, like Gecko; compatible; bingbot/2.0; +http://www.bing.com/bingbot.htm) Chrome/103.0.5060.134 Safari/537.36" "ysfine.com"
140.180.240.1 - - [02/Feb/2023:21:44:11 -0800] "GET /wigner/neum/vnc07.jpg HTTP/1.1" 200 95908 "https://www.google.com/" "Mozilla/5.0 (iPhone; CPU iPhone OS 16_1_2 like Mac OS X) AppleWebKit/605.1.15 (KHTML, like Gecko) Version/16.1 Mobile/15E148 Safari/604.1" "ysfine.com"
140.180.240.1 - - [02/Feb/2023:21:44:18 -0800] "GET /wigner/neum/compu.html HTTP/1.1" 200 2267 "https://www.google.com/" "Mozilla/5.0 (iPhone; CPU iPhone OS 16_1_2 like Mac OS X) AppleWebKit/605.1.15 (KHTML, like Gecko) Version/16.1 Mobile/15E148 Safari/604.1" "ysfine.com"
140.180.240.1 - - [02/Feb/2023:21:44:18 -0800] "GET /wigner/neum/feyncom2.jpg HTTP/1.1" 200 53182 "https://ysfine.com/" "Mozilla/5.0 (iPhone; CPU iPhone OS 16_1_2 like Mac OS X) AppleWebKit/605.1.15 (KHTML, like Gecko) Version/16.1 Mobile/15E148 Safari/604.1" "ysfine.com"
140.180.240.1 - - [02/Feb/2023:21:44:18 -0800] "GET /wigner/neum/finger2.jpg HTTP/1.1" 200 31469 "https://ysfine.com/" "Mozilla/5.0 (iPhone; CPU iPhone OS 16_1_2 like Mac OS X) AppleWebKit/605.1.15 (KHTML, like Gecko) Version/16.1 Mobile/15E148 Safari/604.1" "ysfine.com"
140.180.240.1 - - [02/Feb/2023:21:44:18 -0800] "GET /wigner/neum/slide2.jpg HTTP/1.1" 200 38569 "https://ysfine.com/" "Mozilla/5.0 (iPhone; CPU iPhone OS 16_1_2 like Mac OS X) AppleWebKit/605.1.15 (KHTML, like Gecko) Version/16.1 Mobile/15E148 Safari/604.1" "ysfine.com"
140.180.240.1 - - [02/Feb/2023:21:44:18 -0800] "GET /wigner/neum/circuit2.jpg HTTP/1.1" 200 30296 "https://ysfine.com/" "Mozilla/5.0 (iPhone; CPU iPhone OS 16_1_2 like Mac OS X) AppleWebKit/605.1.15 (KHTML, like Gecko) Version/16.1 Mobile/15E148 Safari/604.1" "ysfine.com"
140.180.240.1 - - [02/Feb/2023:21:44:18 -0800] "GET /wigner/neum/abacus2.jpg HTTP/1.1" 200 49662 "https://ysfine.com/" "Mozilla/5.0 (iPhone; CPU iPhone OS 16_1_2 like Mac OS X) AppleWebKit/605.1.15 (KHTML, like Gecko) Version/16.1 Mobile/15E148 Safari/604.1" "ysfine.com"
140.180.240.1 - - [02/Feb/2023:21:44:19 -0800] "GET /favicon.ico HTTP/1.1" 404 88 "https://ysfine.com/" "Mozilla/5.0 (iPhone; CPU iPhone OS 16_1_2 like Mac OS X) AppleWebKit/605.1.15 (KHTML, like Gecko) Version/16.1 Mobile/15E148 Safari/604.1" "ysfine.com"
140.180.240.1 - - [02/Feb/2023:21:44:42 -0800] "GET /wigner/neum/vnc18.jpg HTTP/1.1" 200 89614 "https://www.google.com/" "Mozilla/5.0 (iPhone; CPU iPhone OS 16_1_2 like Mac OS X) AppleWebKit/605.1.15 (KHTML, like Gecko) Version/16.1 Mobile/15E148 Safari/604.1" "ysfine.com"
34.215.175.194 - - [02/Feb/2023:21:44:45 -0800] "GET /houses/etaylor.jpg HTTP/1.1" 200 81116 "http://ysfine.com/houses/etaylor.jpg" "Mozilla/5.0 (Windows NT 10.0; Win64; x64) AppleWebKit/537.36 (KHTML, like Gecko) Chrome/89.0.4389.114 Safari/537.36" "ysfine.com"
192.91.235.241 - - [02/Feb/2023:21:45:04 -0800] "GET /wigner/little11.pdf HTTP/1.1" 200 156821 "https://www.google.com/" "Mozilla/5.0 (Macintosh; Intel Mac OS X 10_15_6) AppleWebKit/537.36 (KHTML, like Gecko) Chrome/109.0.0.0 Safari/537.36" "ysfine.com"
192.91.235.241 - - [02/Feb/2023:21:45:06 -0800] "GET /favicon.ico HTTP/1.1" 404 88 "https://ysfine.com/wigner/little11.pdf" "Mozilla/5.0 (Macintosh; Intel Mac OS X 10_15_6) AppleWebKit/537.36 (KHTML, like Gecko) Chrome/109.0.0.0 Safari/537.36" "ysfine.com"
52.167.144.86 - - [02/Feb/2023:21:45:13 -0800] "GET /world/polandw.html HTTP/1.1" 304 - "-" "Mozilla/5.0 AppleWebKit/537.36 (KHTML, like Gecko; compatible; bingbot/2.0; +http://www.bing.com/bingbot.htm) Chrome/103.0.5060.134 Safari/537.36" "www.ysfine.com"
173.252.95.3 - - [02/Feb/2023:21:45:34 -0800] "GET /bio.html HTTP/1.1" 206 18260 "-" "facebookexternalhit/1.1 (+http://www.facebook.com/externalhit_uatext.php)" "ysfine.com"
192.91.235.241 - - [02/Feb/2023:21:46:20 -0800] "GET /wigner/wiglittle.pdf HTTP/1.1" 200 2659296 "https://www.google.com/" "Mozilla/5.0 (Macintosh; Intel Mac OS X 10_15_6) AppleWebKit/537.36 (KHTML, like Gecko) Chrome/109.0.0.0 Safari/537.36" "ysfine.com"
66.249.84.49 - - [02/Feb/2023:21:47:12 -0800] "GET /feynman/feybongo.jpg HTTP/1.1" 200 47448 "-" "Mozilla/5.0 (Windows NT 5.1; rv:11.0) Gecko Firefox/11.0 (via ggpht.com GoogleImageProxy)" "ysfine.com"
51.222.253.7 - - [02/Feb/2023:21:47:54 -0800] "GET /home/einwig.html HTTP/1.1" 200 1537 "-" "Mozilla/5.0 (compatible; AhrefsBot/7.0; +http://ahrefs.com/robot/)" "ysfine.com"
207.46.13.64 - - [02/Feb/2023:21:49:55 -0800] "GET / HTTP/1.1" 200 5295 "-" "Mozilla/5.0 AppleWebKit/537.36 (KHTML, like Gecko; compatible; bingbot/2.0; +http://www.bing.com/bingbot.htm) Chrome/103.0.5060.134 Safari/537.36" "ysfine.com"
51.222.253.13 - - [02/Feb/2023:21:52:29 -0800] "GET /class54/class5470/total_data/sub_750.htm HTTP/1.1" 200 3297 "-" "Mozilla/5.0 (compatible; AhrefsBot/7.0; +http://ahrefs.com/robot/)" "ysfine.com"
5.161.88.42 - - [02/Feb/2023:21:53:59 -0800] "GET /maga/tesla.html HTTP/1.1" 200 4852 "-" "Mozilla/5.0 (Windows NT 10.0; Win64; x64) AppleWebKit/537.36 (KHTML, like Gecko) Chrome/84.0.4147.105 Safari/537.36" "ysfine.com"
192.0.117.242 - - [02/Feb/2023:21:54:21 -0800] "GET /feynman/feynman.jpg HTTP/1.1" 200 40536 "-" "Photon/1.0" "ysfine.com"
51.222.253.11 - - [02/Feb/2023:21:56:38 -0800] "GET /class54/class5470/total_data/sub_753.htm HTTP/1.1" 200 3297 "-" "Mozilla/5.0 (compatible; AhrefsBot/7.0; +http://ahrefs.com/robot/)" "ysfine.com"
52.167.144.62 - - [02/Feb/2023:21:57:00 -0800] "GET /ys22/dondon.html HTTP/1.1" 401 90 "-" "Mozilla/5.0 AppleWebKit/537.36 (KHTML, like Gecko; compatible; bingbot/2.0; +http://www.bing.com/bingbot.htm) Chrome/103.0.5060.134 Safari/537.36" "www.ysfine.com"
216.244.66.229 - - [02/Feb/2023:21:57:25 -0800] "GET /robots.txt HTTP/1.1" 404 73 "-" "Mozilla/5.0 (compatible; DotBot/1.2; +https://opensiteexplorer.org/dotbot; help@moz.com)" "www.ysfine.com"
207.46.13.104 - - [02/Feb/2023:21:57:52 -0800] "GET /bio/kobak/yskor.html HTTP/1.1" 404 88 "-" "Mozilla/5.0 AppleWebKit/537.36 (KHTML, like Gecko; compatible; bingbot/2.0; +http://www.bing.com/bingbot.htm) Chrome/103.0.5060.134 Safari/537.36" "ysfine.com"
52.167.144.86 - - [02/Feb/2023:21:58:53 -0800] "GET /fotos/ys53d.jpg HTTP/1.1" 200 47161 "-" "Mozilla/5.0 AppleWebKit/537.36 (KHTML, like Gecko; compatible; bingbot/2.0; +http://www.bing.com/bingbot.htm) Chrome/103.0.5060.134 Safari/537.36" "www.ysfine.com"
24.208.211.15 - - [02/Feb/2023:21:59:06 -0800] "GET /einstein/places/einha01.jpg HTTP/1.1" 200 75624 "https://www.bing.com/" "Mozilla/5.0 (Windows NT 10.0; Win64; x64) AppleWebKit/537.36 (KHTML, like Gecko) Chrome/109.0.0.0 Safari/537.36" "ysfine.com"
77.88.5.222 - - [02/Feb/2023:21:59:51 -0800] "GET /robots.txt HTTP/1.1" 404 73 "-" "Mozilla/5.0 (compatible; YandexBot/3.0; +http://yandex.com/bots)" "ysfine.com"
77.88.5.222 - - [02/Feb/2023:21:59:55 -0800] "GET /wigner/wigsharp.jpg HTTP/1.1" 200 123961 "-" "Mozilla/5.0 (compatible; YandexImages/3.0; +http://yandex.com/bots)" "ysfine.com"
216.244.66.229 - - [02/Feb/2023:22:00:02 -0800] "GET /world/spain/bcn04.jpg HTTP/1.1" 200 117281 "-" "Mozilla/5.0 (compatible; DotBot/1.2; +https://opensiteexplorer.org/dotbot; help@moz.com)" "www.ysfine.com"
40.77.167.192 - - [02/Feb/2023:22:00:05 -0800] "GET /feynman/fagenda.html HTTP/1.1" 200 2089 "-" "Mozilla/5.0 AppleWebKit/537.36 (KHTML, like Gecko; compatible; bingbot/2.0; +http://www.bing.com/bingbot.htm) Chrome/103.0.5060.134 Safari/537.36" "ysfine.com"
216.244.66.229 - - [02/Feb/2023:22:00:08 -0800] "GET /world/spain/lisbon16.jpg HTTP/1.1" 200 237988 "-" "Mozilla/5.0 (compatible; DotBot/1.2; +https://opensiteexplorer.org/dotbot; help@moz.com)" "www.ysfine.com"
17.241.227.22 - - [02/Feb/2023:22:00:17 -0800] "GET /home/easy.html HTTP/1.1" 200 7877 "-" "Mozilla/5.0 (Macintosh; Intel Mac OS X 10_15_5) AppleWebKit/605.1.15 (KHTML, like Gecko) Version/13.1.1 Safari/605.1.15 (Applebot/0.1; +http://www.apple.com/go/applebot)" "ysfine.com"
51.222.253.19 - - [02/Feb/2023:22:00:51 -0800] "GET /einstein/evol.html HTTP/1.1" 200 3830 "-" "Mozilla/5.0 (compatible; AhrefsBot/7.0; +http://ahrefs.com/robot/)" "ysfine.com"
51.222.253.12 - - [02/Feb/2023:22:00:52 -0800] "GET /einstein/locoher11b.jpg HTTP/1.1" 200 46469 "-" "Mozilla/5.0 (compatible; AhrefsBot/7.0; +http://ahrefs.com/robot/)" "ysfine.com"
51.222.253.11 - - [02/Feb/2023:22:00:52 -0800] "GET /einstein/locoher88b.jpg HTTP/1.1" 200 39979 "-" "Mozilla/5.0 (compatible; AhrefsBot/7.0; +http://ahrefs.com/robot/)" "ysfine.com"
51.222.253.1 - - [02/Feb/2023:22:00:53 -0800] "GET /einstein/locoher22b.jpg HTTP/1.1" 200 48458 "-" "Mozilla/5.0 (compatible; AhrefsBot/7.0; +http://ahrefs.com/robot/)" "ysfine.com"
52.167.144.62 - - [02/Feb/2023:22:01:03 -0800] "GET /kobak/yalta33b.jpg HTTP/1.1" 200 33354 "-" "Mozilla/5.0 AppleWebKit/537.36 (KHTML, like Gecko; compatible; bingbot/2.0; +http://www.bing.com/bingbot.htm) Chrome/103.0.5060.134 Safari/537.36" "ysfine.com"
77.88.5.133 - - [02/Feb/2023:22:02:50 -0800] "GET /robots.txt HTTP/1.1" 404 73 "-" "Mozilla/5.0 (compatible; YandexBot/3.0; +http://yandex.com/bots)" "www.ysfine.com"
77.88.5.133 - - [02/Feb/2023:22:02:53 -0800] "GET /einstein/eincopen.html HTTP/1.1" 200 6900 "-" "Mozilla/5.0 (compatible; YandexBot/3.0; +http://yandex.com/bots) AppleWebKit/537.36 (KHTML, like Gecko) Chrome/81.0.4044.268" "www.ysfine.com"
51.222.253.4 - - [02/Feb/2023:22:04:53 -0800] "GET /world/cambr.html HTTP/1.1" 200 6189 "-" "Mozilla/5.0 (compatible; AhrefsBot/7.0; +http://ahrefs.com/robot/)" "www.ysfine.com"
51.222.253.8 - - [02/Feb/2023:22:04:55 -0800] "GET /world/brit/westmin16b.jpg HTTP/1.1" 200 51453 "-" "Mozilla/5.0 (compatible; AhrefsBot/7.0; +http://ahrefs.com/robot/)" "www.ysfine.com"
51.222.253.9 - - [02/Feb/2023:22:04:57 -0800] "GET /world/brit/cam39b.jpg HTTP/1.1" 200 41184 "-" "Mozilla/5.0 (compatible; AhrefsBot/7.0; +http://ahrefs.com/robot/)" "www.ysfine.com"
51.222.253.1 - - [02/Feb/2023:22:05:10 -0800] "GET /world/brit/westmin12b.jpg HTTP/1.1" 200 46419 "-" "Mozilla/5.0 (compatible; AhrefsBot/7.0; +http://ahrefs.com/robot/)" "www.ysfine.com"
51.222.253.10 - - [02/Feb/2023:22:05:11 -0800] "GET /princeton/withers01b.jpg HTTP/1.1" 200 53277 "-" "Mozilla/5.0 (compatible; AhrefsBot/7.0; +http://ahrefs.com/robot/)" "www.ysfine.com"
51.222.253.2 - - [02/Feb/2023:22:05:13 -0800] "GET /world/brit/cam07b.jpg HTTP/1.1" 200 48106 "-" "Mozilla/5.0 (compatible; AhrefsBot/7.0; +http://ahrefs.com/robot/)" "www.ysfine.com"
51.222.253.8 - - [02/Feb/2023:22:05:15 -0800] "GET /world/brit/cam22b.jpg HTTP/1.1" 200 57993 "-" "Mozilla/5.0 (compatible; AhrefsBot/7.0; +http://ahrefs.com/robot/)" "www.ysfine.com"
51.222.253.18 - - [02/Feb/2023:22:05:17 -0800] "GET /world/brit/cam28b.jpg HTTP/1.1" 200 36784 "-" "Mozilla/5.0 (compatible; AhrefsBot/7.0; +http://ahrefs.com/robot/)" "www.ysfine.com"
51.222.253.12 - - [02/Feb/2023:22:05:18 -0800] "GET /world/brit/cam30b.jpg HTTP/1.1" 200 47668 "-" "Mozilla/5.0 (compatible; AhrefsBot/7.0; +http://ahrefs.com/robot/)" "www.ysfine.com"
51.222.253.9 - - [02/Feb/2023:22:05:19 -0800] "GET /world/brit/cam25b.jpg HTTP/1.1" 200 39657 "-" "Mozilla/5.0 (compatible; AhrefsBot/7.0; +http://ahrefs.com/robot/)" "www.ysfine.com"
51.222.253.8 - - [02/Feb/2023:22:05:20 -0800] "GET /world/brit/cam12b.jpg HTTP/1.1" 200 47943 "-" "Mozilla/5.0 (compatible; AhrefsBot/7.0; +http://ahrefs.com/robot/)" "www.ysfine.com"
51.222.253.11 - - [02/Feb/2023:22:05:20 -0800] "GET /world/brit/cam15b.jpg HTTP/1.1" 200 41066 "-" "Mozilla/5.0 (compatible; AhrefsBot/7.0; +http://ahrefs.com/robot/)" "www.ysfine.com"
51.222.253.9 - - [02/Feb/2023:22:05:21 -0800] "GET /world/brit/cam31b.jpg HTTP/1.1" 200 39892 "-" "Mozilla/5.0 (compatible; AhrefsBot/7.0; +http://ahrefs.com/robot/)" "www.ysfine.com"
51.222.253.15 - - [02/Feb/2023:22:05:21 -0800] "GET /world/brit/cam03b.jpg HTTP/1.1" 200 48538 "-" "Mozilla/5.0 (compatible; AhrefsBot/7.0; +http://ahrefs.com/robot/)" "www.ysfine.com"
77.75.78.167 - - [02/Feb/2023:22:05:44 -0800] "GET /robots.txt HTTP/1.1" 404 88 "-" "Mozilla/5.0 (compatible; SeznamBot/3.2; +http://napoveda.seznam.cz/en/seznambot-intro/)" "ysfine.com"
77.75.78.167 - - [02/Feb/2023:22:05:46 -0800] "GET /princeton/palmersq66.jpg HTTP/1.1" 200 155787 "-" "Mozilla/5.0 (compatible; SeznamBot/3.2; +http://napoveda.seznam.cz/en/seznambot-intro/)" "ysfine.com"
77.75.78.167 - - [02/Feb/2023:22:05:51 -0800] "GET /world/ital/florf09.jpg HTTP/1.1" 304 - "-" "Mozilla/5.0 (compatible; SeznamBot/3.2; +http://napoveda.seznam.cz/en/seznambot-intro/)" "ysfine.com"
77.75.78.167 - - [02/Feb/2023:22:05:51 -0800] "GET /world/poland/krk16.jpg HTTP/1.1" 304 - "-" "Mozilla/5.0 (compatible; SeznamBot/3.2; +http://napoveda.seznam.cz/en/seznambot-intro/)" "ysfine.com"
77.75.78.167 - - [02/Feb/2023:22:05:52 -0800] "GET /world/brit/oxlon20.jpg HTTP/1.1" 304 - "-" "Mozilla/5.0 (compatible; SeznamBot/3.2; +http://napoveda.seznam.cz/en/seznambot-intro/)" "ysfine.com"
77.75.77.119 - - [02/Feb/2023:22:06:14 -0800] "GET /style/index.html HTTP/1.1" 200 129 "-" "Mozilla/5.0 (compatible; SeznamBot/4.0-RC1; +http://napoveda.seznam.cz/seznambot-intro/)" "ysfine.com"
52.167.144.62 - - [02/Feb/2023:22:06:53 -0800] "GET /bio/style/proschanie.html HTTP/1.1" 404 88 "-" "Mozilla/5.0 AppleWebKit/537.36 (KHTML, like Gecko; compatible; bingbot/2.0; +http://www.bing.com/bingbot.htm) Chrome/103.0.5060.134 Safari/537.36" "ysfine.com"
52.167.144.86 - - [02/Feb/2023:22:08:06 -0800] "GET /bio/princeton/campus.html HTTP/1.1" 404 88 "-" "Mozilla/5.0 AppleWebKit/537.36 (KHTML, like Gecko; compatible; bingbot/2.0; +http://www.bing.com/bingbot.htm) Chrome/103.0.5060.134 Safari/537.36" "ysfine.com"
51.222.253.13 - - [02/Feb/2023:22:08:59 -0800] "GET /class54/class5470/total_data/sub_745.htm HTTP/1.1" 200 3297 "-" "Mozilla/5.0 (compatible; AhrefsBot/7.0; +http://ahrefs.com/robot/)" "ysfine.com"
134.134.139.81 - - [02/Feb/2023:22:09:13 -0800] "GET /world/germany/hegel03.jpg HTTP/1.1" 200 211480 "-" "Mozilla/5.0 (X11; Ubuntu; Linux x86_64; rv:72.0) Gecko/20100101 Firefox/72.0" "ysfine.com"
52.167.144.62 - - [02/Feb/2023:22:09:52 -0800] "GET /ys22/dondon.html HTTP/1.1" 401 90 "-" "Mozilla/5.0 AppleWebKit/537.36 (KHTML, like Gecko; compatible; bingbot/2.0; +http://www.bing.com/bingbot.htm) Chrome/103.0.5060.134 Safari/537.36" "www.ysfine.com"
66.249.84.47 - - [02/Feb/2023:22:10:03 -0800] "GET /kobak/somap38.jpg HTTP/1.1" 200 109622 "-" "Mozilla/5.0 (Windows NT 5.1; rv:11.0) Gecko Firefox/11.0 (via ggpht.com GoogleImageProxy)" "ysfine.com"
52.167.144.56 - - [02/Feb/2023:22:10:46 -0800] "GET /robots.txt HTTP/1.1" 404 88 "-" "Mozilla/5.0 AppleWebKit/537.36 (KHTML, like Gecko; compatible; bingbot/2.0; +http://www.bing.com/bingbot.htm) Chrome/103.0.5060.134 Safari/537.36" "ysfine.com"
40.77.167.192 - - [02/Feb/2023:22:10:47 -0800] "GET /eink/emc23b.jpg HTTP/1.1" 200 41966 "-" "Mozilla/5.0 AppleWebKit/537.36 (KHTML, like Gecko; compatible; bingbot/2.0; +http://www.bing.com/bingbot.htm) Chrome/103.0.5060.134 Safari/537.36" "ysfine.com"
40.77.167.192 - - [02/Feb/2023:22:11:17 -0800] "GET /usca/pitt/sliderule.jpg HTTP/1.1" 200 73500 "-" "Mozilla/5.0 AppleWebKit/537.36 (KHTML, like Gecko; compatible; bingbot/2.0; +http://www.bing.com/bingbot.htm) Chrome/103.0.5060.134 Safari/537.36" "ysfine.com"
207.46.13.64 - - [02/Feb/2023:22:11:28 -0800] "GET /wigner/neeman2.jpg HTTP/1.1" 200 36323 "-" "Mozilla/5.0 AppleWebKit/537.36 (KHTML, like Gecko; compatible; bingbot/2.0; +http://www.bing.com/bingbot.htm) Chrome/103.0.5060.134 Safari/537.36" "ysfine.com"
216.244.66.229 - - [02/Feb/2023:22:12:21 -0800] "GET /newyork/leshalles28.jpg HTTP/1.1" 200 215157 "-" "Mozilla/5.0 (compatible; DotBot/1.2; +https://opensiteexplorer.org/dotbot; help@moz.com)" "www.ysfine.com"
17.241.75.10 - - [02/Feb/2023:22:12:47 -0800] "GET /style/songs.html HTTP/1.1" 200 31567 "-" "Mozilla/5.0 (Macintosh; Intel Mac OS X 10_15_5) AppleWebKit/605.1.15 (KHTML, like Gecko) Version/13.1.1 Safari/605.1.15 (Applebot/0.1; +http://www.apple.com/go/applebot)" "ysfine.com"
216.244.66.229 - - [02/Feb/2023:22:12:48 -0800] "GET /princeton/brooke04.jpg HTTP/1.1" 200 117666 "-" "Mozilla/5.0 (compatible; DotBot/1.2; +https://opensiteexplorer.org/dotbot; help@moz.com)" "www.ysfine.com"
51.222.253.11 - - [02/Feb/2023:22:13:13 -0800] "GET /class54/class5470/total_data/sub_751.htm HTTP/1.1" 200 3297 "-" "Mozilla/5.0 (compatible; AhrefsBot/7.0; +http://ahrefs.com/robot/)" "ysfine.com"
52.167.144.86 - - [02/Feb/2023:22:13:16 -0800] "GET /maga/phil/kant00b.jpg HTTP/1.1" 200 51853 "-" "Mozilla/5.0 AppleWebKit/537.36 (KHTML, like Gecko; compatible; bingbot/2.0; +http://www.bing.com/bingbot.htm) Chrome/103.0.5060.134 Safari/537.36" "ysfine.com"
216.244.66.229 - - [02/Feb/2023:22:13:18 -0800] "GET /style/firedance.jpg HTTP/1.1" 200 93742 "-" "Mozilla/5.0 (compatible; DotBot/1.2; +https://opensiteexplorer.org/dotbot; help@moz.com)" "www.ysfine.com"
40.77.167.192 - - [02/Feb/2023:22:15:26 -0800] "GET /bio/kobak/soraech.html HTTP/1.1" 404 88 "-" "Mozilla/5.0 AppleWebKit/537.36 (KHTML, like Gecko; compatible; bingbot/2.0; +http://www.bing.com/bingbot.htm) Chrome/103.0.5060.134 Safari/537.36" "ysfine.com"
216.244.66.229 - - [02/Feb/2023:22:15:26 -0800] "GET /people/logunov11.jpg HTTP/1.1" 200 76493 "-" "Mozilla/5.0 (compatible; DotBot/1.2; +https://opensiteexplorer.org/dotbot; help@moz.com)" "www.ysfine.com"
216.244.66.229 - - [02/Feb/2023:22:15:55 -0800] "GET /world/brit/covent03.jpg HTTP/1.1" 200 91617 "-" "Mozilla/5.0 (compatible; DotBot/1.2; +https://opensiteexplorer.org/dotbot; help@moz.com)" "www.ysfine.com"
52.167.144.39 - - [02/Feb/2023:22:16:08 -0800] "GET /world/china/dalian61.jpg HTTP/1.1" 200 114723 "-" "Mozilla/5.0 AppleWebKit/537.36 (KHTML, like Gecko; compatible; bingbot/2.0; +http://www.bing.com/bingbot.htm) Chrome/103.0.5060.134 Safari/537.36" "ysfine.com"
216.244.66.229 - - [02/Feb/2023:22:16:22 -0800] "GET /world/poland/gdnf10.jpg HTTP/1.1" 200 224497 "-" "Mozilla/5.0 (compatible; DotBot/1.2; +https://opensiteexplorer.org/dotbot; help@moz.com)" "www.ysfine.com"
51.222.253.7 - - [02/Feb/2023:22:17:20 -0800] "GET /class54/class5470/total_data/sub_752.htm HTTP/1.1" 200 3297 "-" "Mozilla/5.0 (compatible; AhrefsBot/7.0; +http://ahrefs.com/robot/)" "ysfine.com"
216.244.66.229 - - [02/Feb/2023:22:17:36 -0800] "GET /class54/class5470/50th.htm HTTP/1.1" 200 7524 "-" "Mozilla/5.0 (compatible; DotBot/1.2; +https://opensiteexplorer.org/dotbot; help@moz.com)" "www.ysfine.com"
216.244.66.229 - - [02/Feb/2023:22:17:59 -0800] "GET /newyork/trump39.jpg HTTP/1.1" 200 113908 "-" "Mozilla/5.0 (compatible; DotBot/1.2; +https://opensiteexplorer.org/dotbot; help@moz.com)" "www.ysfine.com"
216.244.66.229 - - [02/Feb/2023:22:18:33 -0800] "GET /philo/marxber22.jpg HTTP/1.1" 200 106927 "-" "Mozilla/5.0 (compatible; DotBot/1.2; +https://opensiteexplorer.org/dotbot; help@moz.com)" "www.ysfine.com"
52.167.144.62 - - [02/Feb/2023:22:18:36 -0800] "GET /world/russ/spbf34.jpg HTTP/1.1" 200 112353 "-" "Mozilla/5.0 AppleWebKit/537.36 (KHTML, like Gecko; compatible; bingbot/2.0; +http://www.bing.com/bingbot.htm) Chrome/103.0.5060.134 Safari/537.36" "www.ysfine.com"
207.46.13.104 - - [02/Feb/2023:22:18:43 -0800] "GET /bio/sbk/1950.html HTTP/1.1" 404 88 "-" "Mozilla/5.0 AppleWebKit/537.36 (KHTML, like Gecko; compatible; bingbot/2.0; +http://www.bing.com/bingbot.htm) Chrome/103.0.5060.134 Safari/537.36" "ysfine.com"
216.244.66.229 - - [02/Feb/2023:22:19:15 -0800] "GET /wdc/obama12.html HTTP/1.1" 200 326 "-" "Mozilla/5.0 (compatible; DotBot/1.2; +https://opensiteexplorer.org/dotbot; help@moz.com)" "www.ysfine.com"
43.139.62.22 - - [02/Feb/2023:22:19:25 -0800] "GET /xmlrpc.php HTTP/1.1" 404 88 "-" "Mozilla/5.0 (Windows NT 6.1; WOW64; rv:45.0) Gecko/20100101 Firefox/45.0" "www.ysfine.com"
216.244.66.229 - - [02/Feb/2023:22:19:44 -0800] "GET /world/germany/dresden01.jpg HTTP/1.1" 200 187077 "-" "Mozilla/5.0 (compatible; DotBot/1.2; +https://opensiteexplorer.org/dotbot; help@moz.com)" "www.ysfine.com"
216.244.66.229 - - [02/Feb/2023:22:20:13 -0800] "GET /newyork/rocke04.jpg HTTP/1.1" 200 185435 "-" "Mozilla/5.0 (compatible; DotBot/1.2; +https://opensiteexplorer.org/dotbot; help@moz.com)" "www.ysfine.com"
94.205.188.22 - - [02/Feb/2023:22:20:30 -0800] "GET /princeton/gcollege21.jpg HTTP/1.1" 200 107075 "https://www.google.com/" "Mozilla/5.0 (Macintosh; Intel Mac OS X 10_15_7) AppleWebKit/537.36 (KHTML, like Gecko) Chrome/109.0.0.0 Safari/537.36" "ysfine.com"
216.244.66.229 - - [02/Feb/2023:22:20:45 -0800] "GET /newyork/rocke06.jpg HTTP/1.1" 200 221571 "-" "Mozilla/5.0 (compatible; DotBot/1.2; +https://opensiteexplorer.org/dotbot; help@moz.com)" "www.ysfine.com"
51.222.253.18 - - [02/Feb/2023:22:20:59 -0800] "GET /class54/class5470/total_data/sub_742.htm HTTP/1.1" 200 3297 "-" "Mozilla/5.0 (compatible; AhrefsBot/7.0; +http://ahrefs.com/robot/)" "ysfine.com"
207.46.13.104 - - [02/Feb/2023:22:21:12 -0800] "GET /bio/style/artlove.html HTTP/1.1" 404 88 "-" "Mozilla/5.0 AppleWebKit/537.36 (KHTML, like Gecko; compatible; bingbot/2.0; +http://www.bing.com/bingbot.htm) Chrome/103.0.5060.134 Safari/537.36" "ysfine.com"
52.167.144.86 - - [02/Feb/2023:22:21:17 -0800] "GET /bio/wigner/e(2).html HTTP/1.1" 404 88 "-" "Mozilla/5.0 AppleWebKit/537.36 (KHTML, like Gecko; compatible; bingbot/2.0; +http://www.bing.com/bingbot.htm) Chrome/103.0.5060.134 Safari/537.36" "ysfine.com"
216.244.66.229 - - [02/Feb/2023:22:21:35 -0800] "GET /remote/wigner111/frame15.html HTTP/1.1" 200 1965 "-" "Mozilla/5.0 (compatible; DotBot/1.2; +https://opensiteexplorer.org/dotbot; help@moz.com)" "www.ysfine.com"
216.244.66.229 - - [02/Feb/2023:22:22:04 -0800] "GET /sbk/2005sandy11.jpg HTTP/1.1" 200 122854 "-" "Mozilla/5.0 (compatible; DotBot/1.2; +https://opensiteexplorer.org/dotbot; help@moz.com)" "www.ysfine.com"
216.244.66.229 - - [02/Feb/2023:22:22:36 -0800] "GET /sbk/2005sorren11.jpg HTTP/1.1" 200 84203 "-" "Mozilla/5.0 (compatible; DotBot/1.2; +https://opensiteexplorer.org/dotbot; help@moz.com)" "www.ysfine.com"
216.244.66.229 - - [02/Feb/2023:22:23:03 -0800] "GET /sbk/2008athens11.jpg HTTP/1.1" 200 230511 "-" "Mozilla/5.0 (compatible; DotBot/1.2; +https://opensiteexplorer.org/dotbot; help@moz.com)" "www.ysfine.com"
52.167.144.39 - - [02/Feb/2023:22:23:18 -0800] "GET /world/brit/oxlon14.jpg HTTP/1.1" 200 136837 "-" "Mozilla/5.0 AppleWebKit/537.36 (KHTML, like Gecko; compatible; bingbot/2.0; +http://www.bing.com/bingbot.htm) Chrome/103.0.5060.134 Safari/537.36" "ysfine.com"
52.167.144.39 - - [02/Feb/2023:22:23:19 -0800] "GET /maga/histo/desiree21b.jpg HTTP/1.1" 200 40810 "-" "Mozilla/5.0 AppleWebKit/537.36 (KHTML, like Gecko; compatible; bingbot/2.0; +http://www.bing.com/bingbot.htm) Chrome/103.0.5060.134 Safari/537.36" "ysfine.com"
216.244.66.229 - - [02/Feb/2023:22:23:32 -0800] "GET /world/brit/dunf10.jpg HTTP/1.1" 200 103585 "-" "Mozilla/5.0 (compatible; DotBot/1.2; +https://opensiteexplorer.org/dotbot; help@moz.com)" "www.ysfine.com"
216.244.66.229 - - [02/Feb/2023:22:23:58 -0800] "GET /world/russ/kazan087.jpg HTTP/1.1" 200 69901 "-" "Mozilla/5.0 (compatible; DotBot/1.2; +https://opensiteexplorer.org/dotbot; help@moz.com)" "www.ysfine.com"
216.244.66.229 - - [02/Feb/2023:22:24:23 -0800] "GET /class54/class5470/total_data/sub_843.htm HTTP/1.1" 200 15796 "-" "Mozilla/5.0 (compatible; DotBot/1.2; +https://opensiteexplorer.org/dotbot; help@moz.com)" "www.ysfine.com"
216.244.66.229 - - [02/Feb/2023:22:24:47 -0800] "GET /dirac/dart/kno79.pdf HTTP/1.1" 200 176844 "-" "Mozilla/5.0 (compatible; DotBot/1.2; +https://opensiteexplorer.org/dotbot; help@moz.com)" "www.ysfine.com"
51.222.253.13 - - [02/Feb/2023:22:24:50 -0800] "GET /class54/class5470/total_data/sub_748.htm HTTP/1.1" 200 3297 "-" "Mozilla/5.0 (compatible; AhrefsBot/7.0; +http://ahrefs.com/robot/)" "ysfine.com"
216.244.66.229 - - [02/Feb/2023:22:25:12 -0800] "GET /newyork/wtc23.jpg HTTP/1.1" 200 141231 "-" "Mozilla/5.0 (compatible; DotBot/1.2; +https://opensiteexplorer.org/dotbot; help@moz.com)" "www.ysfine.com"
40.77.167.192 - - [02/Feb/2023:22:25:13 -0800] "GET /bio.html HTTP/1.1" 200 18260 "-" "Mozilla/5.0 AppleWebKit/537.36 (KHTML, like Gecko; compatible; bingbot/2.0; +http://www.bing.com/bingbot.htm) Chrome/103.0.5060.134 Safari/537.36" "ysfine.com"
106.207.18.242 - - [02/Feb/2023:22:25:28 -0800] "GET /maga/phys/farad06.jpg HTTP/1.1" 200 108532 "https://www.google.com/" "Mozilla/5.0 (Windows NT 10.0; Win64; x64) AppleWebKit/537.36 (KHTML, like Gecko) Chrome/109.0.0.0 Safari/537.36" "ysfine.com"
52.167.144.62 - - [02/Feb/2023:22:25:34 -0800] "GET /ys22/dondon.html HTTP/1.1" 401 90 "-" "Mozilla/5.0 AppleWebKit/537.36 (KHTML, like Gecko; compatible; bingbot/2.0; +http://www.bing.com/bingbot.htm) Chrome/103.0.5060.134 Safari/537.36" "www.ysfine.com"
216.244.66.229 - - [02/Feb/2023:22:25:48 -0800] "GET /newyork/wtcob08.jpg HTTP/1.1" 200 111610 "-" "Mozilla/5.0 (compatible; DotBot/1.2; +https://opensiteexplorer.org/dotbot; help@moz.com)" "www.ysfine.com"
216.244.66.229 - - [02/Feb/2023:22:26:16 -0800] "GET /princeton/prstu03.jpg HTTP/1.1" 200 65382 "-" "Mozilla/5.0 (compatible; DotBot/1.2; +https://opensiteexplorer.org/dotbot; help@moz.com)" "www.ysfine.com"
207.46.13.64 - - [02/Feb/2023:22:26:18 -0800] "GET /wdc/kobell10.jpg HTTP/1.1" 200 122607 "-" "Mozilla/5.0 AppleWebKit/537.36 (KHTML, like Gecko; compatible; bingbot/2.0; +http://www.bing.com/bingbot.htm) Chrome/103.0.5060.134 Safari/537.36" "www.ysfine.com"
216.244.66.229 - - [02/Feb/2023:22:26:43 -0800] "GET /world/france/sorbonne25.jpg HTTP/1.1" 200 81569 "-" "Mozilla/5.0 (compatible; DotBot/1.2; +https://opensiteexplorer.org/dotbot; help@moz.com)" "www.ysfine.com"
95.163.255.71 - - [02/Feb/2023:22:27:09 -0800] "GET /robots.txt HTTP/1.1" 404 73 "-" "Mozilla/5.0 (compatible; Linux x86_64; Mail.RU_Bot/Img/2.0; +https://help.mail.ru/webmaster/indexing/robots)" "ysfine.com"
216.244.66.229 - - [02/Feb/2023:22:27:10 -0800] "GET /world/scandi/fin04.jpg HTTP/1.1" 200 124064 "-" "Mozilla/5.0 (compatible; DotBot/1.2; +https://opensiteexplorer.org/dotbot; help@moz.com)" "www.ysfine.com"
143.44.164.4 - - [02/Feb/2023:22:27:28 -0800] "GET /home/eink77c.jpg HTTP/1.1" 200 47471 "http://www2.physics.umd.edu/" "Mozilla/5.0 (Windows NT 10.0; Win64; x64) AppleWebKit/537.36 (KHTML, like Gecko) Chrome/109.0.0.0 Safari/537.36" "ysfine.com"
143.44.164.4 - - [02/Feb/2023:22:27:28 -0800] "GET /home/top21c.jpg HTTP/1.1" 200 53120 "http://www2.physics.umd.edu/" "Mozilla/5.0 (Windows NT 10.0; Win64; x64) AppleWebKit/537.36 (KHTML, like Gecko) Chrome/109.0.0.0 Safari/537.36" "ysfine.com"
143.44.164.4 - - [02/Feb/2023:22:27:28 -0800] "GET /home/eward55f.jpg HTTP/1.1" 200 122802 "http://www2.physics.umd.edu/" "Mozilla/5.0 (Windows NT 10.0; Win64; x64) AppleWebKit/537.36 (KHTML, like Gecko) Chrome/109.0.0.0 Safari/537.36" "ysfine.com"
143.44.164.4 - - [02/Feb/2023:22:27:28 -0800] "GET /home/goodbad55c.jpg HTTP/1.1" 200 24415 "http://www2.physics.umd.edu/" "Mozilla/5.0 (Windows NT 10.0; Win64; x64) AppleWebKit/537.36 (KHTML, like Gecko) Chrome/109.0.0.0 Safari/537.36" "ysfine.com"
143.44.164.4 - - [02/Feb/2023:22:27:28 -0800] "GET /home/facu63c.jpg HTTP/1.1" 200 41710 "http://www2.physics.umd.edu/" "Mozilla/5.0 (Windows NT 10.0; Win64; x64) AppleWebKit/537.36 (KHTML, like Gecko) Chrome/109.0.0.0 Safari/537.36" "ysfine.com"
143.44.164.4 - - [02/Feb/2023:22:27:28 -0800] "GET /home/truck/truck20c.jpg HTTP/1.1" 200 29999 "http://www2.physics.umd.edu/" "Mozilla/5.0 (Windows NT 10.0; Win64; x64) AppleWebKit/537.36 (KHTML, like Gecko) Chrome/109.0.0.0 Safari/537.36" "ysfine.com"
143.44.164.4 - - [02/Feb/2023:22:27:30 -0800] "GET /eink/ewk86a.jpg HTTP/1.1" 200 70895 "http://www2.physics.umd.edu/" "Mozilla/5.0 (Windows NT 10.0; Win64; x64) AppleWebKit/537.36 (KHTML, like Gecko) Chrome/109.0.0.0 Safari/537.36" "ysfine.com"
143.44.164.4 - - [02/Feb/2023:22:27:30 -0800] "GET /wdc/washmo23c.jpg HTTP/1.1" 200 21217 "http://www2.physics.umd.edu/" "Mozilla/5.0 (Windows NT 10.0; Win64; x64) AppleWebKit/537.36 (KHTML, like Gecko) Chrome/109.0.0.0 Safari/537.36" "ysfine.com"
143.44.164.4 - - [02/Feb/2023:22:27:31 -0800] "GET /wdc/eindc03c.jpg HTTP/1.1" 200 48446 "http://www2.physics.umd.edu/" "Mozilla/5.0 (Windows NT 10.0; Win64; x64) AppleWebKit/537.36 (KHTML, like Gecko) Chrome/109.0.0.0 Safari/537.36" "ysfine.com"
143.44.164.4 - - [02/Feb/2023:22:27:32 -0800] "GET /sbk/1987pr22c.jpg HTTP/1.1" 200 40964 "http://www2.physics.umd.edu/" "Mozilla/5.0 (Windows NT 10.0; Win64; x64) AppleWebKit/537.36 (KHTML, like Gecko) Chrome/109.0.0.0 Safari/537.36" "ysfine.com"
143.44.164.4 - - [02/Feb/2023:22:27:32 -0800] "GET /eink/einhaus11c.jpg HTTP/1.1" 200 42522 "http://www2.physics.umd.edu/" "Mozilla/5.0 (Windows NT 10.0; Win64; x64) AppleWebKit/537.36 (KHTML, like Gecko) Chrome/109.0.0.0 Safari/537.36" "ysfine.com"
143.44.164.4 - - [02/Feb/2023:22:27:32 -0800] "GET /eink/einhaus33c.jpg HTTP/1.1" 200 23792 "http://www2.physics.umd.edu/" "Mozilla/5.0 (Windows NT 10.0; Win64; x64) AppleWebKit/537.36 (KHTML, like Gecko) Chrome/109.0.0.0 Safari/537.36" "ysfine.com"
143.44.164.4 - - [02/Feb/2023:22:27:33 -0800] "GET /kobak/taylor33c.jpg HTTP/1.1" 200 39951 "http://www2.physics.umd.edu/" "Mozilla/5.0 (Windows NT 10.0; Win64; x64) AppleWebKit/537.36 (KHTML, like Gecko) Chrome/109.0.0.0 Safari/537.36" "ysfine.com"
143.44.164.4 - - [02/Feb/2023:22:27:33 -0800] "GET /eink/eink54a.jpg HTTP/1.1" 200 79717 "http://www2.physics.umd.edu/" "Mozilla/5.0 (Windows NT 10.0; Win64; x64) AppleWebKit/537.36 (KHTML, like Gecko) Chrome/109.0.0.0 Safari/537.36" "ysfine.com"
52.167.144.86 - - [02/Feb/2023:22:27:48 -0800] "GET /style/kievopera55.jpg HTTP/1.1" 200 93047 "-" "Mozilla/5.0 AppleWebKit/537.36 (KHTML, like Gecko; compatible; bingbot/2.0; +http://www.bing.com/bingbot.htm) Chrome/103.0.5060.134 Safari/537.36" "ysfine.com"
143.44.164.4 - - [02/Feb/2023:22:28:28 -0800] "GET / HTTP/1.1" 200 5295 "https://www.google.com/" "Mozilla/5.0 (Windows NT 10.0; Win64; x64) AppleWebKit/537.36 (KHTML, like Gecko) Chrome/109.0.0.0 Safari/537.36" "ysfine.com"
143.44.164.4 - - [02/Feb/2023:22:28:28 -0800] "GET /home/top21d.jpg HTTP/1.1" 200 74409 "https://ysfine.com/" "Mozilla/5.0 (Windows NT 10.0; Win64; x64) AppleWebKit/537.36 (KHTML, like Gecko) Chrome/109.0.0.0 Safari/537.36" "ysfine.com"
143.44.164.4 - - [02/Feb/2023:22:28:28 -0800] "GET /home/eink450.jpg HTTP/1.1" 200 66794 "https://ysfine.com/" "Mozilla/5.0 (Windows NT 10.0; Win64; x64) AppleWebKit/537.36 (KHTML, like Gecko) Chrome/109.0.0.0 Safari/537.36" "ysfine.com"
143.44.164.4 - - [02/Feb/2023:22:28:28 -0800] "GET /home/facu450.jpg HTTP/1.1" 200 74535 "https://ysfine.com/" "Mozilla/5.0 (Windows NT 10.0; Win64; x64) AppleWebKit/537.36 (KHTML, like Gecko) Chrome/109.0.0.0 Safari/537.36" "ysfine.com"
143.44.164.4 - - [02/Feb/2023:22:28:28 -0800] "GET /home/truck450.jpg HTTP/1.1" 200 42871 "https://ysfine.com/" "Mozilla/5.0 (Windows NT 10.0; Win64; x64) AppleWebKit/537.36 (KHTML, like Gecko) Chrome/109.0.0.0 Safari/537.36" "ysfine.com"
143.44.164.4 - - [02/Feb/2023:22:28:28 -0800] "GET /home/goodbad450.jpg HTTP/1.1" 200 32258 "https://ysfine.com/" "Mozilla/5.0 (Windows NT 10.0; Win64; x64) AppleWebKit/537.36 (KHTML, like Gecko) Chrome/109.0.0.0 Safari/537.36" "ysfine.com"
143.44.164.4 - - [02/Feb/2023:22:28:28 -0800] "GET /eink/einhaus33c.jpg HTTP/1.1" 200 23792 "https://ysfine.com/" "Mozilla/5.0 (Windows NT 10.0; Win64; x64) AppleWebKit/537.36 (KHTML, like Gecko) Chrome/109.0.0.0 Safari/537.36" "ysfine.com"
143.44.164.4 - - [02/Feb/2023:22:28:28 -0800] "GET /home/1987pr22d.jpg HTTP/1.1" 200 66428 "https://ysfine.com/" "Mozilla/5.0 (Windows NT 10.0; Win64; x64) AppleWebKit/537.36 (KHTML, like Gecko) Chrome/109.0.0.0 Safari/537.36" "ysfine.com"
143.44.164.4 - - [02/Feb/2023:22:28:28 -0800] "GET /home/taylor500.jpg HTTP/1.1" 200 79197 "https://ysfine.com/" "Mozilla/5.0 (Windows NT 10.0; Win64; x64) AppleWebKit/537.36 (KHTML, like Gecko) Chrome/109.0.0.0 Safari/537.36" "ysfine.com"
143.44.164.4 - - [02/Feb/2023:22:28:28 -0800] "GET /home/washmo23d.jpg HTTP/1.1" 200 32142 "https://ysfine.com/" "Mozilla/5.0 (Windows NT 10.0; Win64; x64) AppleWebKit/537.36 (KHTML, like Gecko) Chrome/109.0.0.0 Safari/537.36" "ysfine.com"
143.44.164.4 - - [02/Feb/2023:22:28:28 -0800] "GET /home/eward55f.jpg HTTP/1.1" 200 122802 "https://ysfine.com/" "Mozilla/5.0 (Windows NT 10.0; Win64; x64) AppleWebKit/537.36 (KHTML, like Gecko) Chrome/109.0.0.0 Safari/537.36" "ysfine.com"
143.44.164.4 - - [02/Feb/2023:22:28:28 -0800] "GET /eink/ewk86f.jpg HTTP/1.1" 200 122173 "https://ysfine.com/" "Mozilla/5.0 (Windows NT 10.0; Win64; x64) AppleWebKit/537.36 (KHTML, like Gecko) Chrome/109.0.0.0 Safari/537.36" "ysfine.com"
143.44.164.4 - - [02/Feb/2023:22:28:28 -0800] "GET /eink/einhaus11c.jpg HTTP/1.1" 200 42522 "https://ysfine.com/" "Mozilla/5.0 (Windows NT 10.0; Win64; x64) AppleWebKit/537.36 (KHTML, like Gecko) Chrome/109.0.0.0 Safari/537.36" "ysfine.com"
143.44.164.4 - - [02/Feb/2023:22:28:28 -0800] "GET /home/eindc03d.jpg HTTP/1.1" 200 95860 "https://ysfine.com/" "Mozilla/5.0 (Windows NT 10.0; Win64; x64) AppleWebKit/537.36 (KHTML, like Gecko) Chrome/109.0.0.0 Safari/537.36" "ysfine.com"
143.44.164.4 - - [02/Feb/2023:22:28:28 -0800] "GET /home/eink54f.jpg HTTP/1.1" 200 96332 "https://ysfine.com/" "Mozilla/5.0 (Windows NT 10.0; Win64; x64) AppleWebKit/537.36 (KHTML, like Gecko) Chrome/109.0.0.0 Safari/537.36" "ysfine.com"
143.44.164.4 - - [02/Feb/2023:22:28:36 -0800] "GET /favicon.ico HTTP/1.1" 404 88 "https://ysfine.com/" "Mozilla/5.0 (Windows NT 10.0; Win64; x64) AppleWebKit/537.36 (KHTML, like Gecko) Chrome/109.0.0.0 Safari/537.36" "ysfine.com"
51.222.253.20 - - [02/Feb/2023:22:28:45 -0800] "GET /class54/class5470/total_data/sub_759.htm HTTP/1.1" 200 3306 "-" "Mozilla/5.0 (compatible; AhrefsBot/7.0; +http://ahrefs.com/robot/)" "ysfine.com"
51.222.253.4 - - [02/Feb/2023:22:28:47 -0800] "GET /class54/class5470/total_data/img/07_smtitle59.gif HTTP/1.1" 200 452 "-" "Mozilla/5.0 (compatible; AhrefsBot/7.0; +http://ahrefs.com/robot/)" "ysfine.com"
143.44.164.4 - - [02/Feb/2023:22:29:12 -0800] "GET /bio09 HTTP/1.1" 200 12731 "-" "Mozilla/5.0 (Windows NT 10.0; Win64; x64) AppleWebKit/537.36 (KHTML, like Gecko) Chrome/109.0.0.0 Safari/537.36" "ysfine.com"
143.44.164.4 - - [02/Feb/2023:22:29:12 -0800] "GET /home/sbt11d.jpg HTTP/1.1" 200 41029 "https://ysfine.com/bio09" "Mozilla/5.0 (Windows NT 10.0; Win64; x64) AppleWebKit/537.36 (KHTML, like Gecko) Chrome/109.0.0.0 Safari/537.36" "ysfine.com"
143.44.164.4 - - [02/Feb/2023:22:29:12 -0800] "GET /home/wigkim450.jpg HTTP/1.1" 200 46980 "https://ysfine.com/bio09" "Mozilla/5.0 (Windows NT 10.0; Win64; x64) AppleWebKit/537.36 (KHTML, like Gecko) Chrome/109.0.0.0 Safari/537.36" "ysfine.com"
143.44.164.4 - - [02/Feb/2023:22:29:12 -0800] "GET /fotos/einmu41d.jpg HTTP/1.1" 200 62005 "https://ysfine.com/bio09" "Mozilla/5.0 (Windows NT 10.0; Win64; x64) AppleWebKit/537.36 (KHTML, like Gecko) Chrome/109.0.0.0 Safari/537.36" "ysfine.com"
143.44.164.4 - - [02/Feb/2023:22:29:12 -0800] "GET /wigner/michwight.jpg HTTP/1.1" 200 73424 "https://ysfine.com/bio09" "Mozilla/5.0 (Windows NT 10.0; Win64; x64) AppleWebKit/537.36 (KHTML, like Gecko) Chrome/109.0.0.0 Safari/537.36" "ysfine.com"
143.44.164.4 - - [02/Feb/2023:22:29:12 -0800] "GET /home/tollwig11d.jpg HTTP/1.1" 200 39722 "https://ysfine.com/bio09" "Mozilla/5.0 (Windows NT 10.0; Win64; x64) AppleWebKit/537.36 (KHTML, like Gecko) Chrome/109.0.0.0 Safari/537.36" "ysfine.com"
143.44.164.4 - - [02/Feb/2023:22:29:12 -0800] "GET /home/further22f.jpg HTTP/1.1" 200 99099 "https://ysfine.com/bio09" "Mozilla/5.0 (Windows NT 10.0; Win64; x64) AppleWebKit/537.36 (KHTML, like Gecko) Chrome/109.0.0.0 Safari/537.36" "ysfine.com"
