95.87.154.11 - - [03/Feb/2023:04:02:32 -0800] "GET /home/easy.html HTTP/1.1" 200 22223 "-" "Mozilla/5.0 (compatible; MaCoCu; +https://www.clarin.si/info/macocu-massive-collection-and-curation-of-monolingual-and-bilingual-data/)" "ysfine.com"
95.87.154.11 - - [03/Feb/2023:04:02:53 -0800] "GET /maga/herod.html HTTP/1.1" 200 11293 "-" "Mozilla/5.0 (compatible; MaCoCu; +https://www.clarin.si/info/macocu-massive-collection-and-curation-of-monolingual-and-bilingual-data/)" "ysfine.com"
95.87.154.11 - - [03/Feb/2023:04:03:14 -0800] "GET /eink/index.html HTTP/1.1" 200 56383 "-" "Mozilla/5.0 (compatible; MaCoCu; +https://www.clarin.si/info/macocu-massive-collection-and-curation-of-monolingual-and-bilingual-data/)" "ysfine.com"
95.87.154.11 - - [03/Feb/2023:04:03:34 -0800] "GET /jobs/index.html HTTP/1.1" 200 174 "-" "Mozilla/5.0 (compatible; MaCoCu; +https://www.clarin.si/info/macocu-massive-collection-and-curation-of-monolingual-and-bilingual-data/)" "ysfine.com"
52.167.144.86 - - [03/Feb/2023:04:03:35 -0800] "GET /maga/phil/herod11c.jpg HTTP/1.1" 200 76011 "-" "Mozilla/5.0 AppleWebKit/537.36 (KHTML, like Gecko; compatible; bingbot/2.0; +http://www.bing.com/bingbot.htm) Chrome/103.0.5060.134 Safari/537.36" "ysfine.com"
95.87.154.11 - - [03/Feb/2023:04:03:55 -0800] "GET /home/genea.html HTTP/1.1" 200 8798 "-" "Mozilla/5.0 (compatible; MaCoCu; +https://www.clarin.si/info/macocu-massive-collection-and-curation-of-monolingual-and-bilingual-data/)" "ysfine.com"
95.87.154.11 - - [03/Feb/2023:04:04:15 -0800] "GET /home/bio22.html HTTP/1.1" 404 73 "-" "Mozilla/5.0 (compatible; MaCoCu; +https://www.clarin.si/info/macocu-massive-collection-and-curation-of-monolingual-and-bilingual-data/)" "ysfine.com"
193.140.88.3 - - [03/Feb/2023:04:04:29 -0800] "GET /friends/hugobes2.jpg HTTP/1.1" 404 88 "-" "python-requests/2.28.1" "ysfine.com"
95.87.154.11 - - [03/Feb/2023:04:04:36 -0800] "GET /home/dwf.html HTTP/1.1" 200 13157 "-" "Mozilla/5.0 (compatible; MaCoCu; +https://www.clarin.si/info/macocu-massive-collection-and-curation-of-monolingual-and-bilingual-data/)" "ysfine.com"
95.87.154.11 - - [03/Feb/2023:04:04:56 -0800] "GET /eink/mose.html HTTP/1.1" 200 47668 "-" "Mozilla/5.0 (compatible; MaCoCu; +https://www.clarin.si/info/macocu-massive-collection-and-curation-of-monolingual-and-bilingual-data/)" "ysfine.com"
95.87.154.11 - - [03/Feb/2023:04:05:16 -0800] "GET /wdc/index.html HTTP/1.1" 200 198 "-" "Mozilla/5.0 (compatible; MaCoCu; +https://www.clarin.si/info/macocu-massive-collection-and-curation-of-monolingual-and-bilingual-data/)" "ysfine.com"
95.87.154.11 - - [03/Feb/2023:04:05:37 -0800] "GET /people/peo.html HTTP/1.1" 200 40140 "-" "Mozilla/5.0 (compatible; MaCoCu; +https://www.clarin.si/info/macocu-massive-collection-and-curation-of-monolingual-and-bilingual-data/)" "ysfine.com"
216.244.66.229 - - [03/Feb/2023:04:09:43 -0800] "GET /robots.txt HTTP/1.1" 404 73 "-" "Mozilla/5.0 (compatible; DotBot/1.2; +https://opensiteexplorer.org/dotbot; help@moz.com)" "www.ysfine.com"
52.167.144.39 - - [03/Feb/2023:04:10:56 -0800] "GET /remote/wigner111/frame18.html HTTP/1.1" 200 1033 "-" "Mozilla/5.0 AppleWebKit/537.36 (KHTML, like Gecko; compatible; bingbot/2.0; +http://www.bing.com/bingbot.htm) Chrome/103.0.5060.134 Safari/537.36" "ysfine.com"
185.238.219.33 - - [03/Feb/2023:04:11:14 -0800] "GET /maga/histo/oscar22.jpg HTTP/1.1" 200 101665 "https://www.google.de/" "Mozilla/5.0 (Linux; Android 13; SAMSUNG SM-A336B) AppleWebKit/537.36 (KHTML, like Gecko) SamsungBrowser/19.0 Chrome/102.0.5005.125 Mobile Safari/537.36" "ysfine.com"
193.140.88.3 - - [03/Feb/2023:04:11:46 -0800] "GET /wigner/neum/vnc19.jpg HTTP/1.1" 200 105124 "-" "python-requests/2.28.1" "ysfine.com"
193.140.88.3 - - [03/Feb/2023:04:11:46 -0800] "GET /wigner/neum/vnc01.jpg HTTP/1.1" 200 133641 "-" "python-requests/2.28.1" "ysfine.com"
193.140.88.3 - - [03/Feb/2023:04:11:47 -0800] "GET /wigner/neum/vnc09.jpg HTTP/1.1" 200 112484 "-" "python-requests/2.28.1" "www.ysfine.com"
193.140.88.3 - - [03/Feb/2023:04:11:47 -0800] "GET /wigner/neum/vnc07.jpg HTTP/1.1" 200 95908 "-" "python-requests/2.28.1" "www.ysfine.com"
193.140.88.3 - - [03/Feb/2023:04:11:47 -0800] "GET /wigner/neum/pvn02.jpg HTTP/1.1" 200 76348 "-" "python-requests/2.28.1" "www.ysfine.com"
193.140.88.3 - - [03/Feb/2023:04:11:52 -0800] "GET /wigner/neum/vnc06.jpg HTTP/1.1" 200 112606 "-" "python-requests/2.28.1" "www.ysfine.com"
193.140.88.3 - - [03/Feb/2023:04:11:52 -0800] "GET /wigner/neum/vnc18.jpg HTTP/1.1" 200 89614 "-" "python-requests/2.28.1" "www.ysfine.com"
193.140.88.3 - - [03/Feb/2023:04:11:52 -0800] "GET /wigner/neum/pvn03.jpg HTTP/1.1" 200 83757 "-" "python-requests/2.28.1" "www.ysfine.com"
193.140.88.3 - - [03/Feb/2023:04:11:52 -0800] "GET /wigner/neum/pvn01.jpg HTTP/1.1" 200 74196 "-" "python-requests/2.28.1" "ysfine.com"
193.140.88.3 - - [03/Feb/2023:04:11:52 -0800] "GET /wigner/neum/vnc02.jpg HTTP/1.1" 200 122957 "-" "python-requests/2.28.1" "ysfine.com"
201.55.31.201 - - [03/Feb/2023:04:12:00 -0800] "GET /wigner/neum/vnc01.jpg HTTP/1.1" 200 133641 "https://www.google.com/" "Mozilla/5.0 (Windows NT 10.0; Win64; x64) AppleWebKit/537.36 (KHTML, like Gecko) Chrome/108.0.0.0 Safari/537.36" "ysfine.com"
5.161.79.76 - - [03/Feb/2023:04:13:34 -0800] "GET /world/russ/minsk066.jpg HTTP/1.1" 200 66672 "-" "Mozilla/5.0 (X11; Ubuntu; Linux x86_64; rv:107.0) Gecko/20100101 Firefox/107.0" "ysfine.com"
95.217.109.26 - - [03/Feb/2023:04:14:25 -0800] "GET /robots.txt HTTP/1.1" 404 73 "-" "Mozilla/5.0 (compatible; MJ12bot/v1.4.8; http://mj12bot.com/)" "www.ysfine.com"
95.217.109.26 - - [03/Feb/2023:04:14:27 -0800] "GET /dirac/licone.jpg HTTP/1.1" 200 31375 "-" "Mozilla/5.0 (compatible; MJ12bot/v1.4.8; http://mj12bot.com/)" "www.ysfine.com"
95.217.109.26 - - [03/Feb/2023:04:14:29 -0800] "GET /dirac/quantum.jpg HTTP/1.1" 200 40781 "-" "Mozilla/5.0 (compatible; MJ12bot/v1.4.8; http://mj12bot.com/)" "www.ysfine.com"
95.217.109.26 - - [03/Feb/2023:04:14:31 -0800] "GET /einstein/chewfra11.jpg HTTP/1.1" 200 73493 "-" "Mozilla/5.0 (compatible; MJ12bot/v1.4.8; http://mj12bot.com/)" "www.ysfine.com"
95.217.109.26 - - [03/Feb/2023:04:14:33 -0800] "GET /yspapers/illusf.pdf HTTP/1.1" 200 89766 "-" "Mozilla/5.0 (compatible; MJ12bot/v1.4.8; http://mj12bot.com/)" "www.ysfine.com"
5.161.79.76 - - [03/Feb/2023:04:14:33 -0800] "GET /world/russ/minsk066.jpg HTTP/1.1" 200 66672 "-" "Mozilla/5.0 (X11; Ubuntu; Linux x86_64; rv:107.0) Gecko/20100101 Firefox/107.0" "ysfine.com"
207.46.13.104 - - [03/Feb/2023:04:14:34 -0800] "GET /bio/kobak/yskor.html HTTP/1.1" 404 88 "-" "Mozilla/5.0 AppleWebKit/537.36 (KHTML, like Gecko; compatible; bingbot/2.0; +http://www.bing.com/bingbot.htm) Chrome/103.0.5060.134 Safari/537.36" "ysfine.com"
5.161.88.223 - - [03/Feb/2023:04:14:39 -0800] "GET /world/russ/minsk066.jpg HTTP/1.1" 200 66672 "-" "Mozilla/5.0 (X11; Ubuntu; Linux x86_64; rv:107.0) Gecko/20100101 Firefox/107.0" "ysfine.com"
17.241.227.122 - - [03/Feb/2023:04:14:43 -0800] "GET /home/index.html HTTP/1.1" 200 142 "-" "Mozilla/5.0 (Macintosh; Intel Mac OS X 10_15_5) AppleWebKit/605.1.15 (KHTML, like Gecko) Version/13.1.1 Safari/605.1.15 (Applebot/0.1; +http://www.apple.com/go/applebot)" "ysfine.com"
95.217.109.26 - - [03/Feb/2023:04:14:55 -0800] "GET /yspapers/madrid19.pdf HTTP/1.1" 200 3467657 "-" "Mozilla/5.0 (compatible; MJ12bot/v1.4.8; http://mj12bot.com/)" "www.ysfine.com"
95.217.109.26 - - [03/Feb/2023:04:14:57 -0800] "GET /yspapers/minsk19.pdf HTTP/1.1" 200 2260008 "-" "Mozilla/5.0 (compatible; MJ12bot/v1.4.8; http://mj12bot.com/)" "www.ysfine.com"
66.249.64.170 - - [03/Feb/2023:04:15:05 -0800] "GET /sbk/1986aa.jpg HTTP/1.1" 200 125763 "-" "Googlebot-Image/1.0" "www.ysfine.com"
52.167.144.62 - - [03/Feb/2023:04:15:58 -0800] "GET /bio/style/proschanie.html HTTP/1.1" 404 88 "-" "Mozilla/5.0 AppleWebKit/537.36 (KHTML, like Gecko; compatible; bingbot/2.0; +http://www.bing.com/bingbot.htm) Chrome/103.0.5060.134 Safari/537.36" "ysfine.com"
51.222.253.5 - - [03/Feb/2023:04:16:35 -0800] "GET /princeton/pgh.html HTTP/1.1" 404 88 "-" "Mozilla/5.0 (compatible; AhrefsBot/7.0; +http://ahrefs.com/robot/)" "ysfine.com"
95.163.255.68 - - [03/Feb/2023:04:16:56 -0800] "GET /maga/invent/marconi01c.jpg HTTP/1.1" 200 28072 "-" "Mozilla/5.0 (compatible; Linux x86_64; Mail.RU_Bot/2.0; +https://help.mail.ru/webmaster/indexing/robots)" "ysfine.com"
95.163.255.69 - - [03/Feb/2023:04:17:17 -0800] "GET /dirac/hazi.jpg HTTP/1.1" 200 68959 "-" "Mozilla/5.0 (compatible; Linux x86_64; Mail.RU_Bot/2.0; +https://help.mail.ru/webmaster/indexing/robots)" "ysfine.com"
5.161.74.197 - - [03/Feb/2023:04:17:42 -0800] "GET /world/russ/minsk066.jpg HTTP/1.1" 200 66672 "-" "Mozilla/5.0 (X11; Ubuntu; Linux x86_64; rv:107.0) Gecko/20100101 Firefox/107.0" "ysfine.com"
18.207.4.129 - - [03/Feb/2023:04:17:53 -0800] "GET /style/beethoven.jpg HTTP/1.1" 200 479032 "-" "Mozilla/5.0 (X11; Ubuntu; Linux x86_64; rv:72.0) Gecko/20100101 Firefox/72.0" "ysfine.com"
52.167.144.86 - - [03/Feb/2023:04:18:28 -0800] "GET /bio/princeton/campus.html HTTP/1.1" 404 88 "-" "Mozilla/5.0 AppleWebKit/537.36 (KHTML, like Gecko; compatible; bingbot/2.0; +http://www.bing.com/bingbot.htm) Chrome/103.0.5060.134 Safari/537.36" "ysfine.com"
95.163.255.68 - - [03/Feb/2023:04:18:34 -0800] "GET /kobak/dprk.jpg HTTP/1.1" 200 88014 "-" "Mozilla/5.0 (compatible; Linux x86_64; Mail.RU_Bot/2.0; +https://help.mail.ru/webmaster/indexing/robots)" "ysfine.com"
66.249.70.30 - - [03/Feb/2023:04:18:39 -0800] "GET /robots.txt HTTP/1.1" 404 88 "-" "Mozilla/5.0 (compatible; Googlebot/2.1; +http://www.google.com/bot.html)" "ysfine.com"
114.119.154.81 - - [03/Feb/2023:04:20:05 -0800] "GET /robots.txt HTTP/1.1" 404 88 "-" "Mozilla/5.0 (compatible;PetalBot;+https://webmaster.petalsearch.com/site/petalbot)" "www.ysfine.com"
5.161.57.45 - - [03/Feb/2023:04:20:23 -0800] "GET /world/russ/minsk066.jpg HTTP/1.1" 200 66672 "-" "Mozilla/5.0 (X11; Ubuntu; Linux x86_64; rv:107.0) Gecko/20100101 Firefox/107.0" "ysfine.com"
91.75.18.56 - - [03/Feb/2023:04:21:06 -0800] "GET /kobak/rok48.jpg HTTP/1.1" 200 149888 "https://www.google.com/" "Mozilla/5.0 (Windows NT 10.0; Win64; x64) AppleWebKit/537.36 (KHTML, like Gecko) Chrome/105.0.0.0 Safari/537.36 OPR/91.0.4516.77" "ysfine.com"
91.75.18.56 - - [03/Feb/2023:04:21:26 -0800] "GET /kobak/rok48.jpg HTTP/1.1" 200 149888 "-" "Mozilla/4.0 (compatible; ms-office; MSOffice 16)" "ysfine.com"
49.205.114.182 - - [03/Feb/2023:04:22:43 -0800] "GET /eink/einhaus33c.jpg HTTP/1.1" 200 23792 "http://www2.physics.umd.edu/" "Mozilla/5.0 (Windows NT 10.0; Win64; x64) AppleWebKit/537.36 (KHTML, like Gecko) Chrome/109.0.0.0 Safari/537.36" "ysfine.com"
49.205.114.182 - - [03/Feb/2023:04:22:43 -0800] "GET /eink/einhaus11c.jpg HTTP/1.1" 200 42522 "http://www2.physics.umd.edu/" "Mozilla/5.0 (Windows NT 10.0; Win64; x64) AppleWebKit/537.36 (KHTML, like Gecko) Chrome/109.0.0.0 Safari/537.36" "ysfine.com"
49.205.114.182 - - [03/Feb/2023:04:22:43 -0800] "GET /kobak/taylor33c.jpg HTTP/1.1" 200 39951 "http://www2.physics.umd.edu/" "Mozilla/5.0 (Windows NT 10.0; Win64; x64) AppleWebKit/537.36 (KHTML, like Gecko) Chrome/109.0.0.0 Safari/537.36" "ysfine.com"
49.205.114.182 - - [03/Feb/2023:04:22:44 -0800] "GET /eink/eink54a.jpg HTTP/1.1" 200 79717 "http://www2.physics.umd.edu/" "Mozilla/5.0 (Windows NT 10.0; Win64; x64) AppleWebKit/537.36 (KHTML, like Gecko) Chrome/109.0.0.0 Safari/537.36" "ysfine.com"
5.161.125.210 - - [03/Feb/2023:04:22:44 -0800] "GET /world/russ/minsk066.jpg HTTP/1.1" 200 66672 "-" "Mozilla/5.0 (X11; Ubuntu; Linux x86_64; rv:107.0) Gecko/20100101 Firefox/107.0" "ysfine.com"
5.161.116.28 - - [03/Feb/2023:04:23:33 -0800] "GET /world/russ/minsk066.jpg HTTP/1.1" 200 66672 "-" "Mozilla/5.0 (X11; Ubuntu; Linux x86_64; rv:107.0) Gecko/20100101 Firefox/107.0" "ysfine.com"
44.192.95.117 - - [03/Feb/2023:04:23:39 -0800] "GET /newyork/trumpmap11.jpg HTTP/1.1" 200 89520 "-" "Mozilla/5.0 (X11; Ubuntu; Linux x86_64; rv:72.0) Gecko/20100101 Firefox/72.0" "ysfine.com"
51.222.253.15 - - [03/Feb/2023:04:25:07 -0800] "GET /world/poland/coperni.html HTTP/1.1" 404 88 "-" "Mozilla/5.0 (compatible; AhrefsBot/7.0; +http://ahrefs.com/robot/)" "ysfine.com"
5.161.55.65 - - [03/Feb/2023:04:25:35 -0800] "GET /world/russ/minsk066.jpg HTTP/1.1" 200 66672 "-" "Mozilla/5.0 (X11; Ubuntu; Linux x86_64; rv:107.0) Gecko/20100101 Firefox/107.0" "ysfine.com"
5.161.109.154 - - [03/Feb/2023:04:25:47 -0800] "GET /world/russ/minsk066.jpg HTTP/1.1" 200 66672 "-" "Mozilla/5.0 (X11; Ubuntu; Linux x86_64; rv:107.0) Gecko/20100101 Firefox/107.0" "ysfine.com"
40.77.167.192 - - [03/Feb/2023:04:25:59 -0800] "GET /bio/kobak/soraech.html HTTP/1.1" 404 88 "-" "Mozilla/5.0 AppleWebKit/537.36 (KHTML, like Gecko; compatible; bingbot/2.0; +http://www.bing.com/bingbot.htm) Chrome/103.0.5060.134 Safari/537.36" "ysfine.com"
62.255.146.198 - - [03/Feb/2023:04:27:40 -0800] "GET /maga/phil/sartre11.jpg HTTP/1.1" 200 164394 "https://www.google.com/" "Mozilla/5.0 (Windows NT 10.0; Win64; x64) AppleWebKit/537.36 (KHTML, like Gecko) Chrome/109.0.0.0 Safari/537.36" "ysfine.com"
5.161.73.130 - - [03/Feb/2023:04:28:14 -0800] "GET /world/russ/minsk066.jpg HTTP/1.1" 200 66672 "-" "Mozilla/5.0 (X11; Ubuntu; Linux x86_64; rv:107.0) Gecko/20100101 Firefox/107.0" "ysfine.com"
81.19.73.130 - - [03/Feb/2023:04:29:09 -0800] "GET /princeton/mudd33.jpg HTTP/1.1" 200 176719 "-" "-" "ysfine.com"
216.244.66.229 - - [03/Feb/2023:04:30:57 -0800] "GET /dirac/2osc22.jpg HTTP/1.1" 200 86594 "-" "Mozilla/5.0 (compatible; DotBot/1.2; +https://opensiteexplorer.org/dotbot; help@moz.com)" "www.ysfine.com"
52.167.144.86 - - [03/Feb/2023:04:31:19 -0800] "GET /bio/wigner/e(2).html HTTP/1.1" 404 88 "-" "Mozilla/5.0 AppleWebKit/537.36 (KHTML, like Gecko; compatible; bingbot/2.0; +http://www.bing.com/bingbot.htm) Chrome/103.0.5060.134 Safari/537.36" "ysfine.com"
216.244.66.229 - - [03/Feb/2023:04:31:31 -0800] "GET /einstein/einxmas.html HTTP/1.1" 200 6163 "-" "Mozilla/5.0 (compatible; DotBot/1.2; +https://opensiteexplorer.org/dotbot; help@moz.com)" "www.ysfine.com"
216.244.66.229 - - [03/Feb/2023:04:31:59 -0800] "GET /maga/phys/naimar/pewk15.pdf HTTP/1.1" 200 20340 "-" "Mozilla/5.0 (compatible; DotBot/1.2; +https://opensiteexplorer.org/dotbot; help@moz.com)" "www.ysfine.com"
216.244.66.229 - - [03/Feb/2023:04:32:26 -0800] "GET /world/ital/flor079.jpg HTTP/1.1" 200 87845 "-" "Mozilla/5.0 (compatible; DotBot/1.2; +https://opensiteexplorer.org/dotbot; help@moz.com)" "www.ysfine.com"
216.244.66.229 - - [03/Feb/2023:04:32:59 -0800] "GET /world/ital/flor086.jpg HTTP/1.1" 200 132544 "-" "Mozilla/5.0 (compatible; DotBot/1.2; +https://opensiteexplorer.org/dotbot; help@moz.com)" "www.ysfine.com"
49.7.21.114 - - [03/Feb/2023:04:33:09 -0800] "GET / HTTP/1.1" 200 5295 "-" "Sogou web spider/4.0(+http://www.sogou.com/docs/help/webmasters.htm#07)" "www.ysfine.com"
216.244.66.229 - - [03/Feb/2023:04:33:30 -0800] "GET /world/ital/panth02.jpg HTTP/1.1" 200 55206 "-" "Mozilla/5.0 (compatible; DotBot/1.2; +https://opensiteexplorer.org/dotbot; help@moz.com)" "www.ysfine.com"
40.77.167.192 - - [03/Feb/2023:04:33:42 -0800] "GET /bio.html HTTP/1.1" 200 18260 "-" "Mozilla/5.0 AppleWebKit/537.36 (KHTML, like Gecko; compatible; bingbot/2.0; +http://www.bing.com/bingbot.htm) Chrome/103.0.5060.134 Safari/537.36" "ysfine.com"
207.46.13.64 - - [03/Feb/2023:04:33:53 -0800] "GET /princeton/stevenson11.jpg HTTP/1.1" 200 261678 "-" "Mozilla/5.0 AppleWebKit/537.36 (KHTML, like Gecko; compatible; bingbot/2.0; +http://www.bing.com/bingbot.htm) Chrome/103.0.5060.134 Safari/537.36" "ysfine.com"
151.192.137.201 - - [03/Feb/2023:04:34:28 -0800] "GET /world/baltic/kalinmap33.jpg HTTP/1.1" 200 99379 "https://www.google.com/" "Mozilla/5.0 (Macintosh; Intel Mac OS X 10.15; rv:109.0) Gecko/20100101 Firefox/109.0" "ysfine.com"
52.167.144.86 - - [03/Feb/2023:04:34:28 -0800] "GET /world/russ/kazan051.jpg HTTP/1.1" 200 112876 "-" "Mozilla/5.0 AppleWebKit/537.36 (KHTML, like Gecko; compatible; bingbot/2.0; +http://www.bing.com/bingbot.htm) Chrome/103.0.5060.134 Safari/537.36" "www.ysfine.com"
52.167.144.86 - - [03/Feb/2023:04:35:08 -0800] "GET /world/brit/picca43.jpg HTTP/1.1" 200 112941 "-" "Mozilla/5.0 AppleWebKit/537.36 (KHTML, like Gecko; compatible; bingbot/2.0; +http://www.bing.com/bingbot.htm) Chrome/103.0.5060.134 Safari/537.36" "www.ysfine.com"
66.249.64.170 - - [03/Feb/2023:04:35:09 -0800] "GET /sbk/1985danby11.jpg HTTP/1.1" 200 216358 "-" "Googlebot-Image/1.0" "www.ysfine.com"
52.167.144.86 - - [03/Feb/2023:04:35:38 -0800] "GET /philo/marxber33.jpg HTTP/1.1" 200 76742 "-" "Mozilla/5.0 AppleWebKit/537.36 (KHTML, like Gecko; compatible; bingbot/2.0; +http://www.bing.com/bingbot.htm) Chrome/103.0.5060.134 Safari/537.36" "ysfine.com"
5.188.210.38 - - [03/Feb/2023:04:35:41 -0800] "GET /world/visas.html HTTP/1.1" 200 7643 "https://www.ysfine.com/world/visas.html" "Mozilla/5.0 (Windows NT 10.0; WOW64) AppleWebKit/537.36 (KHTML, like Gecko) Chrome/90.0.4430.72 Safari/537.36" "www.ysfine.com"
207.46.13.104 - - [03/Feb/2023:04:35:53 -0800] "GET /bio/sbk/1950.html HTTP/1.1" 404 88 "-" "Mozilla/5.0 AppleWebKit/537.36 (KHTML, like Gecko; compatible; bingbot/2.0; +http://www.bing.com/bingbot.htm) Chrome/103.0.5060.134 Safari/537.36" "ysfine.com"
207.46.13.104 - - [03/Feb/2023:04:37:46 -0800] "GET /bio/style/artlove.html HTTP/1.1" 404 88 "-" "Mozilla/5.0 AppleWebKit/537.36 (KHTML, like Gecko; compatible; bingbot/2.0; +http://www.bing.com/bingbot.htm) Chrome/103.0.5060.134 Safari/537.36" "ysfine.com"
95.87.154.11 - - [03/Feb/2023:04:38:06 -0800] "GET /eink/ HTTP/1.1" 200 56383 "-" "Mozilla/5.0 (compatible; MaCoCu; +https://www.clarin.si/info/macocu-massive-collection-and-curation-of-monolingual-and-bilingual-data/)" "ysfine.com"
216.244.66.229 - - [03/Feb/2023:04:38:20 -0800] "GET /world/ital/pantheon.html HTTP/1.1" 200 579 "-" "Mozilla/5.0 (compatible; DotBot/1.2; +https://opensiteexplorer.org/dotbot; help@moz.com)" "www.ysfine.com"
95.87.154.11 - - [03/Feb/2023:04:38:28 -0800] "GET /home/bio.html HTTP/1.1" 404 73 "-" "Mozilla/5.0 (compatible; MaCoCu; +https://www.clarin.si/info/macocu-massive-collection-and-curation-of-monolingual-and-bilingual-data/)" "ysfine.com"
40.77.167.192 - - [03/Feb/2023:04:38:33 -0800] "GET /home/fotos/kazan017d.jpg HTTP/1.1" 200 51055 "-" "Mozilla/5.0 AppleWebKit/537.36 (KHTML, like Gecko; compatible; bingbot/2.0; +http://www.bing.com/bingbot.htm) Chrome/103.0.5060.134 Safari/537.36" "ysfine.com"
216.244.66.229 - - [03/Feb/2023:04:38:43 -0800] "GET /world/ital/venicej12.jpg HTTP/1.1" 200 123758 "-" "Mozilla/5.0 (compatible; DotBot/1.2; +https://opensiteexplorer.org/dotbot; help@moz.com)" "www.ysfine.com"
95.87.154.11 - - [03/Feb/2023:04:38:47 -0800] "GET /home/index.html HTTP/1.1" 200 220 "-" "Mozilla/5.0 (compatible; MaCoCu; +https://www.clarin.si/info/macocu-massive-collection-and-curation-of-monolingual-and-bilingual-data/)" "ysfine.com"
95.87.154.11 - - [03/Feb/2023:04:39:09 -0800] "GET /people/sbt.html HTTP/1.1" 200 992 "-" "Mozilla/5.0 (compatible; MaCoCu; +https://www.clarin.si/info/macocu-massive-collection-and-curation-of-monolingual-and-bilingual-data/)" "ysfine.com"
95.87.154.11 - - [03/Feb/2023:04:39:28 -0800] "GET /dirac/index.html HTTP/1.1" 200 174 "-" "Mozilla/5.0 (compatible; MaCoCu; +https://www.clarin.si/info/macocu-massive-collection-and-curation-of-monolingual-and-bilingual-data/)" "ysfine.com"
95.87.154.11 - - [03/Feb/2023:04:39:50 -0800] "GET /home/100yrs.html HTTP/1.1" 200 23988 "-" "Mozilla/5.0 (compatible; MaCoCu; +https://www.clarin.si/info/macocu-massive-collection-and-curation-of-monolingual-and-bilingual-data/)" "ysfine.com"
95.87.154.11 - - [03/Feb/2023:04:40:10 -0800] "GET /manko/index.html HTTP/1.1" 200 171 "-" "Mozilla/5.0 (compatible; MaCoCu; +https://www.clarin.si/info/macocu-massive-collection-and-curation-of-monolingual-and-bilingual-data/)" "ysfine.com"
95.87.154.11 - - [03/Feb/2023:04:40:31 -0800] "GET /home/yshome.html HTTP/1.1" 200 15875 "-" "Mozilla/5.0 (compatible; MaCoCu; +https://www.clarin.si/info/macocu-massive-collection-and-curation-of-monolingual-and-bilingual-data/)" "ysfine.com"
95.87.154.11 - - [03/Feb/2023:04:40:51 -0800] "GET /home/dashen.html HTTP/1.1" 200 9108 "-" "Mozilla/5.0 (compatible; MaCoCu; +https://www.clarin.si/info/macocu-massive-collection-and-curation-of-monolingual-and-bilingual-data/)" "ysfine.com"
193.140.88.3 - - [03/Feb/2023:04:41:05 -0800] "GET /world/russ/mosf55b.jpg HTTP/1.1" 200 39747 "-" "python-requests/2.28.1" "ysfine.com"
44.210.15.190 - - [03/Feb/2023:04:41:08 -0800] "GET /maga/phys/naimar/pewk05.jpg HTTP/1.1" 200 94458 "-" "Mozilla/5.0 (X11; Ubuntu; Linux x86_64; rv:72.0) Gecko/20100101 Firefox/72.0" "ysfine.com"
95.87.154.11 - - [03/Feb/2023:04:41:32 -0800] "GET /beau/garden.html HTTP/1.1" 404 73 "-" "Mozilla/5.0 (compatible; MaCoCu; +https://www.clarin.si/info/macocu-massive-collection-and-curation-of-monolingual-and-bilingual-data/)" "ysfine.com"
95.87.154.11 - - [03/Feb/2023:04:41:53 -0800] "GET /style/stbot.html HTTP/1.1" 200 170 "-" "Mozilla/5.0 (compatible; MaCoCu; +https://www.clarin.si/info/macocu-massive-collection-and-curation-of-monolingual-and-bilingual-data/)" "ysfine.com"
77.75.79.32 - - [03/Feb/2023:04:42:11 -0800] "GET /robots.txt HTTP/1.1" 404 88 "-" "Mozilla/5.0 (compatible; SeznamBot/3.2; +http://napoveda.seznam.cz/en/seznambot-intro/)" "ysfine.com"
77.75.79.32 - - [03/Feb/2023:04:42:12 -0800] "GET /style/musee/athf07.jpg HTTP/1.1" 200 133625 "-" "Mozilla/5.0 (compatible; SeznamBot/3.2; +http://napoveda.seznam.cz/en/seznambot-intro/)" "ysfine.com"
95.87.154.11 - - [03/Feb/2023:04:42:13 -0800] "GET /style/leica.html HTTP/1.1" 200 51706 "-" "Mozilla/5.0 (compatible; MaCoCu; +https://www.clarin.si/info/macocu-massive-collection-and-curation-of-monolingual-and-bilingual-data/)" "ysfine.com"
77.75.79.32 - - [03/Feb/2023:04:42:17 -0800] "GET /newyork/centralp01.jpg HTTP/1.1" 304 - "-" "Mozilla/5.0 (compatible; SeznamBot/3.2; +http://napoveda.seznam.cz/en/seznambot-intro/)" "ysfine.com"
77.75.79.32 - - [03/Feb/2023:04:42:17 -0800] "GET /world/russ/kiev036.jpg HTTP/1.1" 200 71703 "-" "Mozilla/5.0 (compatible; SeznamBot/3.2; +http://napoveda.seznam.cz/en/seznambot-intro/)" "ysfine.com"
77.75.79.32 - - [03/Feb/2023:04:42:19 -0800] "GET /world/russ/kiev035.jpg HTTP/1.1" 200 149229 "-" "Mozilla/5.0 (compatible; SeznamBot/3.2; +http://napoveda.seznam.cz/en/seznambot-intro/)" "ysfine.com"
77.75.79.32 - - [03/Feb/2023:04:42:22 -0800] "GET /einstein/wigein600.jpg HTTP/1.1" 200 38831 "-" "Mozilla/5.0 (compatible; SeznamBot/3.2; +http://napoveda.seznam.cz/en/seznambot-intro/)" "ysfine.com"
77.75.79.32 - - [03/Feb/2023:04:42:23 -0800] "GET /world/russ/kiev026.jpg HTTP/1.1" 304 - "-" "Mozilla/5.0 (compatible; SeznamBot/3.2; +http://napoveda.seznam.cz/en/seznambot-intro/)" "ysfine.com"
77.75.79.32 - - [03/Feb/2023:04:42:23 -0800] "GET /world/russ/kiev014.jpg HTTP/1.1" 200 114364 "-" "Mozilla/5.0 (compatible; SeznamBot/3.2; +http://napoveda.seznam.cz/en/seznambot-intro/)" "ysfine.com"
95.87.154.11 - - [03/Feb/2023:04:42:34 -0800] "GET /kobak/index.html HTTP/1.1" 200 186 "-" "Mozilla/5.0 (compatible; MaCoCu; +https://www.clarin.si/info/macocu-massive-collection-and-curation-of-monolingual-and-bilingual-data/)" "ysfine.com"
138.197.170.20 - - [03/Feb/2023:04:42:48 -0800] "GET / HTTP/1.1" 200 5295 "142.250.180.110" "Mozilla/5.0 (Windows NT 6.1; WOW64; rv:33.0) Gecko/20100101 Firefox/33.0" "ysfine.com"
95.87.154.11 - - [03/Feb/2023:04:42:55 -0800] "GET /dirac/dirk62.html HTTP/1.1" 200 9691 "-" "Mozilla/5.0 (compatible; MaCoCu; +https://www.clarin.si/info/macocu-massive-collection-and-curation-of-monolingual-and-bilingual-data/)" "ysfine.com"
72.10.121.101 - - [03/Feb/2023:04:43:06 -0800] "GET /world/france/arusas01.jpg HTTP/1.1" 200 364636 "https://www.google.com/" "Mozilla/5.0 (iPhone; CPU iPhone OS 14_7_1 like Mac OS X) AppleWebKit/605.1.15 (KHTML, like Gecko) Version/14.1.2 Mobile/15E148 Safari/604.1" "ysfine.com"
95.87.154.11 - - [03/Feb/2023:04:43:16 -0800] "GET /wigner/index.html HTTP/1.1" 200 175 "-" "Mozilla/5.0 (compatible; MaCoCu; +https://www.clarin.si/info/macocu-massive-collection-and-curation-of-monolingual-and-bilingual-data/)" "ysfine.com"
17.241.219.243 - - [03/Feb/2023:04:43:25 -0800] "GET /einstein/evol.html HTTP/1.1" 200 3830 "-" "Mozilla/5.0 (Macintosh; Intel Mac OS X 10_15_5) AppleWebKit/605.1.15 (KHTML, like Gecko) Version/13.1.1 Safari/605.1.15 (Applebot/0.1; +http://www.apple.com/go/applebot)" "ysfine.com"
207.46.13.104 - - [03/Feb/2023:04:43:35 -0800] "GET /eink/further22f.jpg HTTP/1.1" 200 99099 "-" "Mozilla/5.0 AppleWebKit/537.36 (KHTML, like Gecko; compatible; bingbot/2.0; +http://www.bing.com/bingbot.htm) Chrome/103.0.5060.134 Safari/537.36" "www.ysfine.com"
95.87.154.11 - - [03/Feb/2023:04:43:39 -0800] "GET /awards/index.html HTTP/1.1" 200 30013 "-" "Mozilla/5.0 (compatible; MaCoCu; +https://www.clarin.si/info/macocu-massive-collection-and-curation-of-monolingual-and-bilingual-data/)" "ysfine.com"
95.87.154.11 - - [03/Feb/2023:04:43:57 -0800] "GET /feynman/index.html HTTP/1.1" 200 200 "-" "Mozilla/5.0 (compatible; MaCoCu; +https://www.clarin.si/info/macocu-massive-collection-and-curation-of-monolingual-and-bilingual-data/)" "ysfine.com"
95.87.154.11 - - [03/Feb/2023:04:44:18 -0800] "GET /style/artlove.html HTTP/1.1" 200 52733 "-" "Mozilla/5.0 (compatible; MaCoCu; +https://www.clarin.si/info/macocu-massive-collection-and-curation-of-monolingual-and-bilingual-data/)" "ysfine.com"
95.87.154.11 - - [03/Feb/2023:04:44:38 -0800] "GET /world/ysworld.html HTTP/1.1" 200 8970 "-" "Mozilla/5.0 (compatible; MaCoCu; +https://www.clarin.si/info/macocu-massive-collection-and-curation-of-monolingual-and-bilingual-data/)" "ysfine.com"
142.132.184.119 - - [03/Feb/2023:04:44:47 -0800] "GET /world/russ/minsk066.jpg HTTP/1.1" 200 66672 "-" "Mozilla/5.0 (X11; Fedora; Linux x86_64) AppleWebKit/537.36 (KHTML, like Gecko) Chrome/79.0.3945.117 Safari/537.36" "ysfine.com"
193.186.4.158 - - [03/Feb/2023:04:44:58 -0800] "GET /wigner/einwig.html HTTP/1.1" 200 3897 "-" "Mozilla/5.0 (Linux; Android 10; K) AppleWebKit/537.36 (KHTML, like Gecko) Chrome/109.0.0.0 Mobile Safari/537.36" "ysfine.com"
95.87.154.11 - - [03/Feb/2023:04:44:59 -0800] "GET /people/pimage.html HTTP/1.1" 200 22728 "-" "Mozilla/5.0 (compatible; MaCoCu; +https://www.clarin.si/info/macocu-massive-collection-and-curation-of-monolingual-and-bilingual-data/)" "ysfine.com"
95.87.154.11 - - [03/Feb/2023:04:45:19 -0800] "GET /yspapers/euler.pdf HTTP/1.1" 200 738507 "-" "Mozilla/5.0 (compatible; MaCoCu; +https://www.clarin.si/info/macocu-massive-collection-and-curation-of-monolingual-and-bilingual-data/)" "ysfine.com"
95.87.154.11 - - [03/Feb/2023:04:45:40 -0800] "GET /fenyman/index.html HTTP/1.1" 404 73 "-" "Mozilla/5.0 (compatible; MaCoCu; +https://www.clarin.si/info/macocu-massive-collection-and-curation-of-monolingual-and-bilingual-data/)" "ysfine.com"
17.241.75.81 - - [03/Feb/2023:04:45:48 -0800] "GET /sbk/index.html HTTP/1.1" 200 198 "-" "Mozilla/5.0 (Macintosh; Intel Mac OS X 10_15_5) AppleWebKit/605.1.15 (KHTML, like Gecko) Version/13.1.1 Safari/605.1.15 (Applebot/0.1; +http://www.apple.com/go/applebot)" "ysfine.com"
51.222.253.7 - - [03/Feb/2023:04:46:00 -0800] "GET /home/100yrs.html HTTP/1.1" 200 7936 "-" "Mozilla/5.0 (compatible; AhrefsBot/7.0; +http://ahrefs.com/robot/)" "ysfine.com"
95.87.154.11 - - [03/Feb/2023:04:46:01 -0800] "GET /yspapers/jmp22.pdf HTTP/1.1" 200 3367329 "-" "Mozilla/5.0 (compatible; MaCoCu; +https://www.clarin.si/info/macocu-massive-collection-and-curation-of-monolingual-and-bilingual-data/)" "ysfine.com"
51.222.253.4 - - [03/Feb/2023:04:46:03 -0800] "GET /home/figs/o32c.jpg HTTP/1.1" 200 30707 "-" "Mozilla/5.0 (compatible; AhrefsBot/7.0; +http://ahrefs.com/robot/)" "ysfine.com"
51.222.253.18 - - [03/Feb/2023:04:46:03 -0800] "GET /wigner/bieden01c.jpg HTTP/1.1" 200 29466 "-" "Mozilla/5.0 (compatible; AhrefsBot/7.0; +http://ahrefs.com/robot/)" "ysfine.com"
51.222.253.20 - - [03/Feb/2023:04:46:03 -0800] "GET /home/figs/feybongo77c.jpg HTTP/1.1" 200 31653 "-" "Mozilla/5.0 (compatible; AhrefsBot/7.0; +http://ahrefs.com/robot/)" "ysfine.com"
51.222.253.6 - - [03/Feb/2023:04:46:04 -0800] "GET /home/fotos/dirac1939c.jpg HTTP/1.1" 200 55599 "-" "Mozilla/5.0 (compatible; AhrefsBot/7.0; +http://ahrefs.com/robot/)" "ysfine.com"
51.222.253.11 - - [03/Feb/2023:04:46:05 -0800] "GET /home/figs/o32inho22c.jpg HTTP/1.1" 200 33038 "-" "Mozilla/5.0 (compatible; AhrefsBot/7.0; +http://ahrefs.com/robot/)" "ysfine.com"
51.222.253.1 - - [03/Feb/2023:04:46:05 -0800] "GET /home/eward33a.jpg HTTP/1.1" 200 63372 "-" "Mozilla/5.0 (compatible; AhrefsBot/7.0; +http://ahrefs.com/robot/)" "ysfine.com"
51.222.253.12 - - [03/Feb/2023:04:46:06 -0800] "GET /home/figs/restof33a.jpg HTTP/1.1" 200 48893 "-" "Mozilla/5.0 (compatible; AhrefsBot/7.0; +http://ahrefs.com/robot/)" "ysfine.com"
51.222.253.15 - - [03/Feb/2023:04:46:06 -0800] "GET /home/figs/hegel33c.jpg HTTP/1.1" 200 32412 "-" "Mozilla/5.0 (compatible; AhrefsBot/7.0; +http://ahrefs.com/robot/)" "ysfine.com"
51.222.253.6 - - [03/Feb/2023:04:46:06 -0800] "GET /wigner/lunch91c.jpg HTTP/1.1" 200 59935 "-" "Mozilla/5.0 (compatible; AhrefsBot/7.0; +http://ahrefs.com/robot/)" "ysfine.com"
51.222.253.7 - - [03/Feb/2023:04:46:07 -0800] "GET /home/figs/parton33a.jpg HTTP/1.1" 200 79369 "-" "Mozilla/5.0 (compatible; AhrefsBot/7.0; +http://ahrefs.com/robot/)" "ysfine.com"
51.222.253.5 - - [03/Feb/2023:04:46:08 -0800] "GET /home/resonance33c.jpg HTTP/1.1" 200 36247 "-" "Mozilla/5.0 (compatible; AhrefsBot/7.0; +http://ahrefs.com/robot/)" "ysfine.com"
51.222.253.3 - - [03/Feb/2023:04:46:10 -0800] "GET /home/figs/evol77c.jpg HTTP/1.1" 200 51561 "-" "Mozilla/5.0 (compatible; AhrefsBot/7.0; +http://ahrefs.com/robot/)" "ysfine.com"
51.222.253.13 - - [03/Feb/2023:04:46:11 -0800] "GET /home/figs/sp2c.jpg HTTP/1.1" 200 29532 "-" "Mozilla/5.0 (compatible; AhrefsBot/7.0; +http://ahrefs.com/robot/)" "ysfine.com"
51.222.253.19 - - [03/Feb/2023:04:46:12 -0800] "GET /home/figs/sq33a.jpg HTTP/1.1" 200 61922 "-" "Mozilla/5.0 (compatible; AhrefsBot/7.0; +http://ahrefs.com/robot/)" "ysfine.com"
51.222.253.18 - - [03/Feb/2023:04:46:13 -0800] "GET /home/figs/restof05c.jpg HTTP/1.1" 200 21825 "-" "Mozilla/5.0 (compatible; AhrefsBot/7.0; +http://ahrefs.com/robot/)" "ysfine.com"
51.222.253.15 - - [03/Feb/2023:04:46:14 -0800] "GET /home/figs/dirackn55c.jpg HTTP/1.1" 200 40998 "-" "Mozilla/5.0 (compatible; AhrefsBot/7.0; +http://ahrefs.com/robot/)" "ysfine.com"
95.87.154.11 - - [03/Feb/2023:04:46:22 -0800] "GET /wigner/little.html HTTP/1.1" 200 8572 "-" "Mozilla/5.0 (compatible; MaCoCu; +https://www.clarin.si/info/macocu-massive-collection-and-curation-of-monolingual-and-bilingual-data/)" "ysfine.com"
64.228.83.77 - - [03/Feb/2023:04:46:26 -0800] "GET /people/facu63.jpg HTTP/1.1" 200 255387 "https://www.google.ca/" "Mozilla/5.0 (Macintosh; Intel Mac OS X 10_15_4) AppleWebKit/605.1.15 (KHTML, like Gecko) Version/13.1.1 Safari/605.1.15" "ysfine.com"
77.88.5.133 - - [03/Feb/2023:04:46:42 -0800] "GET /robots.txt HTTP/1.1" 404 73 "-" "Mozilla/5.0 (compatible; YandexBot/3.0; +http://yandex.com/bots)" "www.ysfine.com"
95.87.154.11 - - [03/Feb/2023:04:46:42 -0800] "GET /kobak/soraech.html HTTP/1.1" 200 47530 "-" "Mozilla/5.0 (compatible; MaCoCu; +https://www.clarin.si/info/macocu-massive-collection-and-curation-of-monolingual-and-bilingual-data/)" "ysfine.com"
77.88.5.133 - - [03/Feb/2023:04:46:45 -0800] "GET /bio054.html HTTP/1.1" 404 88 "-" "Mozilla/5.0 (compatible; YandexBot/3.0; +http://yandex.com/bots) AppleWebKit/537.36 (KHTML, like Gecko) Chrome/81.0.4044.268" "www.ysfine.com"
95.87.154.11 - - [03/Feb/2023:04:47:02 -0800] "GET /yspapers/stg90.pdf HTTP/1.1" 200 86318 "-" "Mozilla/5.0 (compatible; MaCoCu; +https://www.clarin.si/info/macocu-massive-collection-and-curation-of-monolingual-and-bilingual-data/)" "ysfine.com"
118.184.177.49 - - [03/Feb/2023:04:47:16 -0800] "GET / HTTP/1.1" 200 5295 "-" "Sogou web spider/4.0(+http://www.sogou.com/docs/help/webmasters.htm#07)" "www.ysfine.com"
95.87.154.11 - - [03/Feb/2023:04:47:22 -0800] "GET /people/goldha.html HTTP/1.1" 200 3658 "-" "Mozilla/5.0 (compatible; MaCoCu; +https://www.clarin.si/info/macocu-massive-collection-and-curation-of-monolingual-and-bilingual-data/)" "ysfine.com"
95.87.154.11 - - [03/Feb/2023:04:47:43 -0800] "GET /world/kalinin.html HTTP/1.1" 200 27952 "-" "Mozilla/5.0 (compatible; MaCoCu; +https://www.clarin.si/info/macocu-massive-collection-and-curation-of-monolingual-and-bilingual-data/)" "ysfine.com"
77.88.5.133 - - [03/Feb/2023:04:47:49 -0800] "GET /robots.txt HTTP/1.1" 404 73 "-" "Mozilla/5.0 (compatible; YandexBot/3.0; +http://yandex.com/bots)" "ysfine.com"
77.88.5.133 - - [03/Feb/2023:04:47:52 -0800] "GET /feynman/ppic/parton33.jpg HTTP/1.1" 200 116692 "-" "Mozilla/5.0 (compatible; YandexImages/3.0; +http://yandex.com/bots)" "ysfine.com"
95.87.154.11 - - [03/Feb/2023:04:48:05 -0800] "GET /wigner/neumann.html HTTP/1.1" 200 3597 "-" "Mozilla/5.0 (compatible; MaCoCu; +https://www.clarin.si/info/macocu-massive-collection-and-curation-of-monolingual-and-bilingual-data/)" "ysfine.com"
95.87.154.11 - - [03/Feb/2023:04:48:24 -0800] "GET /world/musplace.html HTTP/1.1" 200 71433 "-" "Mozilla/5.0 (compatible; MaCoCu; +https://www.clarin.si/info/macocu-massive-collection-and-curation-of-monolingual-and-bilingual-data/)" "ysfine.com"
95.87.154.11 - - [03/Feb/2023:04:48:48 -0800] "GET /feynman/fphoto.html HTTP/1.1" 200 8638 "-" "Mozilla/5.0 (compatible; MaCoCu; +https://www.clarin.si/info/macocu-massive-collection-and-curation-of-monolingual-and-bilingual-data/)" "ysfine.com"
95.87.154.11 - - [03/Feb/2023:04:49:06 -0800] "GET /einstein/index.html HTTP/1.1" 200 200 "-" "Mozilla/5.0 (compatible; MaCoCu; +https://www.clarin.si/info/macocu-massive-collection-and-curation-of-monolingual-and-bilingual-data/)" "ysfine.com"
5.188.210.93 - - [03/Feb/2023:04:49:21 -0800] "GET /world/visas.html HTTP/1.1" 200 7643 "https://www.ysfine.com/world/visas.html" "Mozilla/5.0 (Windows NT 10.0; Win64; x64) AppleWebKit/537.36 (KHTML, like Gecko) Chrome/90.0.4430.85 Safari/537.36 Edg/90.0.818.46" "www.ysfine.com"
95.87.154.11 - - [03/Feb/2023:04:49:26 -0800] "GET /princeton/yspr.html HTTP/1.1" 200 16782 "-" "Mozilla/5.0 (compatible; MaCoCu; +https://www.clarin.si/info/macocu-massive-collection-and-curation-of-monolingual-and-bilingual-data/)" "ysfine.com"
52.167.144.86 - - [03/Feb/2023:04:49:30 -0800] "GET /world/china/hongkong63b.jpg HTTP/1.1" 200 42803 "-" "Mozilla/5.0 AppleWebKit/537.36 (KHTML, like Gecko; compatible; bingbot/2.0; +http://www.bing.com/bingbot.htm) Chrome/103.0.5060.134 Safari/537.36" "ysfine.com"
95.87.154.11 - - [03/Feb/2023:04:49:47 -0800] "GET /people/wheeler.html HTTP/1.1" 200 7943 "-" "Mozilla/5.0 (compatible; MaCoCu; +https://www.clarin.si/info/macocu-massive-collection-and-curation-of-monolingual-and-bilingual-data/)" "ysfine.com"
95.87.154.11 - - [03/Feb/2023:04:50:08 -0800] "GET /wigner/evangel.html HTTP/1.1" 200 13578 "-" "Mozilla/5.0 (compatible; MaCoCu; +https://www.clarin.si/info/macocu-massive-collection-and-curation-of-monolingual-and-bilingual-data/)" "ysfine.com"
95.87.154.11 - - [03/Feb/2023:04:50:28 -0800] "GET /princeton/index.html HTTP/1.1" 200 184 "-" "Mozilla/5.0 (compatible; MaCoCu; +https://www.clarin.si/info/macocu-massive-collection-and-curation-of-monolingual-and-bilingual-data/)" "ysfine.com"
95.87.154.11 - - [03/Feb/2023:04:50:49 -0800] "GET /wigner/wigphoto.html HTTP/1.1" 200 7875 "-" "Mozilla/5.0 (compatible; MaCoCu; +https://www.clarin.si/info/macocu-massive-collection-and-curation-of-monolingual-and-bilingual-data/)" "ysfine.com"
95.87.154.11 - - [03/Feb/2023:04:51:09 -0800] "GET /world/stuttgart.html HTTP/1.1" 200 15958 "-" "Mozilla/5.0 (compatible; MaCoCu; +https://www.clarin.si/info/macocu-massive-collection-and-curation-of-monolingual-and-bilingual-data/)" "ysfine.com"
5.188.210.84 - - [03/Feb/2023:04:51:10 -0800] "GET /world/visas.html HTTP/1.1" 200 7643 "https://www.ysfine.com/world/visas.html" "Mozilla/5.0 (Windows NT 6.1; WOW64) AppleWebKit/537.36 (KHTML, like Gecko) Chrome/90.0.4430.93 Safari/537.36" "www.ysfine.com"
207.46.13.64 - - [03/Feb/2023:04:51:25 -0800] "GET /fotos/104.jpg HTTP/1.1" 200 161762 "-" "Mozilla/5.0 AppleWebKit/537.36 (KHTML, like Gecko; compatible; bingbot/2.0; +http://www.bing.com/bingbot.htm) Chrome/103.0.5060.134 Safari/537.36" "www.ysfine.com"
95.87.154.11 - - [03/Feb/2023:04:51:31 -0800] "GET /wigner/gcontrac.html HTTP/1.1" 200 5901 "-" "Mozilla/5.0 (compatible; MaCoCu; +https://www.clarin.si/info/macocu-massive-collection-and-curation-of-monolingual-and-bilingual-data/)" "ysfine.com"
95.87.154.11 - - [03/Feb/2023:04:51:49 -0800] "GET /feynman/partons.html HTTP/1.1" 200 17203 "-" "Mozilla/5.0 (compatible; MaCoCu; +https://www.clarin.si/info/macocu-massive-collection-and-curation-of-monolingual-and-bilingual-data/)" "ysfine.com"
95.87.154.11 - - [03/Feb/2023:04:52:11 -0800] "GET /princeton/prade.html HTTP/1.1" 200 28205 "-" "Mozilla/5.0 (compatible; MaCoCu; +https://www.clarin.si/info/macocu-massive-collection-and-curation-of-monolingual-and-bilingual-data/)" "ysfine.com"
20.191.45.212 - - [03/Feb/2023:04:52:31 -0800] "GET / HTTP/1.1" 200 5295 "https://ysfine.com/" "Mozilla/5.0 (compatible; DuckDuckGo-Favicons-Bot/1.0; +http://duckduckgo.com)" "ysfine.com"
20.191.45.212 - - [03/Feb/2023:04:52:31 -0800] "GET /favicon.ico HTTP/1.1" 404 88 "https://ysfine.com/favicon.ico" "Mozilla/5.0 (compatible; DuckDuckGo-Favicons-Bot/1.0; +http://duckduckgo.com)" "ysfine.com"
95.87.154.11 - - [03/Feb/2023:04:53:04 -0800] "GET /princeton/cosmic.html HTTP/1.1" 200 1741 "-" "Mozilla/5.0 (compatible; MaCoCu; +https://www.clarin.si/info/macocu-massive-collection-and-curation-of-monolingual-and-bilingual-data/)" "ysfine.com"
95.87.154.11 - - [03/Feb/2023:04:53:26 -0800] "GET /princeton/prince.html HTTP/1.1" 200 6087 "-" "Mozilla/5.0 (compatible; MaCoCu; +https://www.clarin.si/info/macocu-massive-collection-and-curation-of-monolingual-and-bilingual-data/)" "ysfine.com"
95.87.154.11 - - [03/Feb/2023:04:53:46 -0800] "GET /princeton/brooke.html HTTP/1.1" 200 1962 "-" "Mozilla/5.0 (compatible; MaCoCu; +https://www.clarin.si/info/macocu-massive-collection-and-curation-of-monolingual-and-bilingual-data/)" "ysfine.com"
95.87.154.11 - - [03/Feb/2023:04:54:05 -0800] "GET /einstein/further.html HTTP/1.1" 200 11879 "-" "Mozilla/5.0 (compatible; MaCoCu; +https://www.clarin.si/info/macocu-massive-collection-and-curation-of-monolingual-and-bilingual-data/)" "ysfine.com"
95.87.154.11 - - [03/Feb/2023:04:54:27 -0800] "GET /einstein/einbohr.html HTTP/1.1" 200 18073 "-" "Mozilla/5.0 (compatible; MaCoCu; +https://www.clarin.si/info/macocu-massive-collection-and-curation-of-monolingual-and-bilingual-data/)" "ysfine.com"
95.87.154.11 - - [03/Feb/2023:04:54:48 -0800] "GET /eink/buythisbook.html HTTP/1.1" 200 3807 "-" "Mozilla/5.0 (compatible; MaCoCu; +https://www.clarin.si/info/macocu-massive-collection-and-curation-of-monolingual-and-bilingual-data/)" "ysfine.com"
52.167.144.39 - - [03/Feb/2023:04:55:22 -0800] "GET /world/russ/kiev052.jpg HTTP/1.1" 200 80183 "-" "Mozilla/5.0 AppleWebKit/537.36 (KHTML, like Gecko; compatible; bingbot/2.0; +http://www.bing.com/bingbot.htm) Chrome/103.0.5060.134 Safari/537.36" "ysfine.com"
207.46.13.104 - - [03/Feb/2023:04:56:01 -0800] "GET /bio/kobak/yskor.html HTTP/1.1" 404 88 "-" "Mozilla/5.0 AppleWebKit/537.36 (KHTML, like Gecko; compatible; bingbot/2.0; +http://www.bing.com/bingbot.htm) Chrome/103.0.5060.134 Safari/537.36" "ysfine.com"
17.246.23.193 - - [03/Feb/2023:04:56:10 -0800] "GET /home/hmtop.html HTTP/1.1" 200 444 "https://ysfine.com/home/index.html" "Mozilla/5.0 (Macintosh; Intel Mac OS X 10_15_5) AppleWebKit/605.1.15 (KHTML, like Gecko) Version/13.1.1 Safari/605.1.15 (Applebot/0.1; +http://www.apple.com/go/applebot)" "ysfine.com"
17.246.19.129 - - [03/Feb/2023:04:56:11 -0800] "GET /home/hmbot.html HTTP/1.1" 200 132 "https://ysfine.com/home/index.html" "Mozilla/5.0 (Macintosh; Intel Mac OS X 10_15_5) AppleWebKit/605.1.15 (KHTML, like Gecko) Version/13.1.1 Safari/605.1.15 (Applebot/0.1; +http://www.apple.com/go/applebot)" "ysfine.com"
17.246.19.129 - - [03/Feb/2023:04:56:11 -0800] "GET /home/hmrigh.html HTTP/1.1" 200 4200 "https://ysfine.com/home/hmbot.html" "Mozilla/5.0 (Macintosh; Intel Mac OS X 10_15_5) AppleWebKit/605.1.15 (KHTML, like Gecko) Version/13.1.1 Safari/605.1.15 (Applebot/0.1; +http://www.apple.com/go/applebot)" "ysfine.com"
17.246.23.193 - - [03/Feb/2023:04:56:12 -0800] "GET /home/hmleft.html HTTP/1.1" 200 853 "https://ysfine.com/home/hmbot.html" "Mozilla/5.0 (Macintosh; Intel Mac OS X 10_15_5) AppleWebKit/605.1.15 (KHTML, like Gecko) Version/13.1.1 Safari/605.1.15 (Applebot/0.1; +http://www.apple.com/go/applebot)" "ysfine.com"
170.64.162.141 - - [03/Feb/2023:04:57:25 -0800] "GET / HTTP/1.1" 200 15915 "-" "Mozilla/5.0 (Windows NT 10.0; Win64; x64) AppleWebKit/537.36 (KHTML, like Gecko) Chrome/80.0.3987.149 Safari/537.36" "ysfine.com"
170.64.162.141 - - [03/Feb/2023:04:57:26 -0800] "GET /wp-includes/wlwmanifest.xml HTTP/1.1" 404 73 "-" "Mozilla/5.0 (Windows NT 10.0; Win64; x64) AppleWebKit/537.36 (KHTML, like Gecko) Chrome/80.0.3987.149 Safari/537.36" "ysfine.com"
170.64.162.141 - - [03/Feb/2023:04:57:27 -0800] "GET /xmlrpc.php?rsd HTTP/1.1" 404 73 "-" "Mozilla/5.0 (Windows NT 10.0; Win64; x64) AppleWebKit/537.36 (KHTML, like Gecko) Chrome/80.0.3987.149 Safari/537.36" "ysfine.com"
170.64.162.141 - - [03/Feb/2023:04:57:28 -0800] "GET /blog/wp-includes/wlwmanifest.xml HTTP/1.1" 404 73 "-" "Mozilla/5.0 (Windows NT 10.0; Win64; x64) AppleWebKit/537.36 (KHTML, like Gecko) Chrome/80.0.3987.149 Safari/537.36" "ysfine.com"
170.64.162.141 - - [03/Feb/2023:04:57:29 -0800] "GET /web/wp-includes/wlwmanifest.xml HTTP/1.1" 404 73 "-" "Mozilla/5.0 (Windows NT 10.0; Win64; x64) AppleWebKit/537.36 (KHTML, like Gecko) Chrome/80.0.3987.149 Safari/537.36" "ysfine.com"
216.244.66.229 - - [03/Feb/2023:04:57:30 -0800] "GET /robots.txt HTTP/1.1" 404 73 "-" "Mozilla/5.0 (compatible; DotBot/1.2; +https://opensiteexplorer.org/dotbot; help@moz.com)" "www.ysfine.com"
216.244.66.229 - - [03/Feb/2023:04:57:30 -0800] "GET /robots.txt HTTP/1.1" 404 73 "-" "Mozilla/5.0 (compatible; DotBot/1.2; +https://opensiteexplorer.org/dotbot; help@moz.com)" "ysfine.com"
170.64.162.141 - - [03/Feb/2023:04:57:30 -0800] "GET /wordpress/wp-includes/wlwmanifest.xml HTTP/1.1" 404 73 "-" "Mozilla/5.0 (Windows NT 10.0; Win64; x64) AppleWebKit/537.36 (KHTML, like Gecko) Chrome/80.0.3987.149 Safari/537.36" "ysfine.com"
170.64.162.141 - - [03/Feb/2023:04:57:31 -0800] "GET /website/wp-includes/wlwmanifest.xml HTTP/1.1" 404 73 "-" "Mozilla/5.0 (Windows NT 10.0; Win64; x64) AppleWebKit/537.36 (KHTML, like Gecko) Chrome/80.0.3987.149 Safari/537.36" "ysfine.com"
170.64.162.141 - - [03/Feb/2023:04:57:32 -0800] "GET /wp/wp-includes/wlwmanifest.xml HTTP/1.1" 404 73 "-" "Mozilla/5.0 (Windows NT 10.0; Win64; x64) AppleWebKit/537.36 (KHTML, like Gecko) Chrome/80.0.3987.149 Safari/537.36" "ysfine.com"
170.64.162.141 - - [03/Feb/2023:04:57:33 -0800] "GET /news/wp-includes/wlwmanifest.xml HTTP/1.1" 404 73 "-" "Mozilla/5.0 (Windows NT 10.0; Win64; x64) AppleWebKit/537.36 (KHTML, like Gecko) Chrome/80.0.3987.149 Safari/537.36" "ysfine.com"
170.64.162.141 - - [03/Feb/2023:04:57:35 -0800] "GET /wp1/wp-includes/wlwmanifest.xml HTTP/1.1" 404 73 "-" "Mozilla/5.0 (Windows NT 10.0; Win64; x64) AppleWebKit/537.36 (KHTML, like Gecko) Chrome/80.0.3987.149 Safari/537.36" "ysfine.com"
170.64.162.141 - - [03/Feb/2023:04:57:36 -0800] "GET /test/wp-includes/wlwmanifest.xml HTTP/1.1" 404 73 "-" "Mozilla/5.0 (Windows NT 10.0; Win64; x64) AppleWebKit/537.36 (KHTML, like Gecko) Chrome/80.0.3987.149 Safari/537.36" "ysfine.com"
170.64.162.141 - - [03/Feb/2023:04:57:37 -0800] "GET /media/wp-includes/wlwmanifest.xml HTTP/1.1" 404 73 "-" "Mozilla/5.0 (Windows NT 10.0; Win64; x64) AppleWebKit/537.36 (KHTML, like Gecko) Chrome/80.0.3987.149 Safari/537.36" "ysfine.com"
170.64.162.141 - - [03/Feb/2023:04:57:38 -0800] "GET /wp2/wp-includes/wlwmanifest.xml HTTP/1.1" 404 73 "-" "Mozilla/5.0 (Windows NT 10.0; Win64; x64) AppleWebKit/537.36 (KHTML, like Gecko) Chrome/80.0.3987.149 Safari/537.36" "ysfine.com"
170.64.162.141 - - [03/Feb/2023:04:57:39 -0800] "GET /site/wp-includes/wlwmanifest.xml HTTP/1.1" 404 73 "-" "Mozilla/5.0 (Windows NT 10.0; Win64; x64) AppleWebKit/537.36 (KHTML, like Gecko) Chrome/80.0.3987.149 Safari/537.36" "ysfine.com"
170.64.162.141 - - [03/Feb/2023:04:57:40 -0800] "GET /cms/wp-includes/wlwmanifest.xml HTTP/1.1" 404 73 "-" "Mozilla/5.0 (Windows NT 10.0; Win64; x64) AppleWebKit/537.36 (KHTML, like Gecko) Chrome/80.0.3987.149 Safari/537.36" "ysfine.com"
170.64.162.141 - - [03/Feb/2023:04:57:41 -0800] "GET /sito/wp-includes/wlwmanifest.xml HTTP/1.1" 404 73 "-" "Mozilla/5.0 (Windows NT 10.0; Win64; x64) AppleWebKit/537.36 (KHTML, like Gecko) Chrome/80.0.3987.149 Safari/537.36" "ysfine.com"
52.167.144.86 - - [03/Feb/2023:04:58:41 -0800] "GET /world/china/beijing015.jpg HTTP/1.1" 200 81627 "-" "Mozilla/5.0 AppleWebKit/537.36 (KHTML, like Gecko; compatible; bingbot/2.0; +http://www.bing.com/bingbot.htm) Chrome/103.0.5060.134 Safari/537.36" "www.ysfine.com"
178.24.233.63 - - [03/Feb/2023:04:59:33 -0800] "GET /maga/phys/yukawa00.jpg HTTP/1.1" 200 84885 "https://www.google.com/" "Mozilla/5.0 (Macintosh; Intel Mac OS X 10_15_7) AppleWebKit/537.36 (KHTML, like Gecko) Chrome/109.0.0.0 Safari/537.36" "ysfine.com"
52.167.144.62 - - [03/Feb/2023:04:59:35 -0800] "GET /bio/style/proschanie.html HTTP/1.1" 404 88 "-" "Mozilla/5.0 AppleWebKit/537.36 (KHTML, like Gecko; compatible; bingbot/2.0; +http://www.bing.com/bingbot.htm) Chrome/103.0.5060.134 Safari/537.36" "ysfine.com"
52.167.144.86 - - [03/Feb/2023:04:59:42 -0800] "GET /bio/princeton/campus.html HTTP/1.1" 404 88 "-" "Mozilla/5.0 AppleWebKit/537.36 (KHTML, like Gecko; compatible; bingbot/2.0; +http://www.bing.com/bingbot.htm) Chrome/103.0.5060.134 Safari/537.36" "ysfine.com"
95.87.154.11 - - [03/Feb/2023:05:00:39 -0800] "GET /kobak/yskor.html HTTP/1.1" 200 27360 "-" "Mozilla/5.0 (compatible; MaCoCu; +https://www.clarin.si/info/macocu-massive-collection-and-curation-of-monolingual-and-bilingual-data/)" "ysfine.com"
95.87.154.11 - - [03/Feb/2023:05:00:59 -0800] "GET /wigner/e(2).html HTTP/1.1" 200 11058 "-" "Mozilla/5.0 (compatible; MaCoCu; +https://www.clarin.si/info/macocu-massive-collection-and-curation-of-monolingual-and-bilingual-data/)" "ysfine.com"
51.222.253.13 - - [03/Feb/2023:05:01:12 -0800] "GET /world/russ/spbpiano.html HTTP/1.1" 200 1667 "-" "Mozilla/5.0 (compatible; AhrefsBot/7.0; +http://ahrefs.com/robot/)" "www.ysfine.com"
51.222.253.17 - - [03/Feb/2023:05:01:13 -0800] "GET /world/russ/spbpi07b.jpg HTTP/1.1" 200 44525 "-" "Mozilla/5.0 (compatible; AhrefsBot/7.0; +http://ahrefs.com/robot/)" "www.ysfine.com"
51.222.253.2 - - [03/Feb/2023:05:01:13 -0800] "GET /world/russ/spbpi03b.jpg HTTP/1.1" 200 39436 "-" "Mozilla/5.0 (compatible; AhrefsBot/7.0; +http://ahrefs.com/robot/)" "www.ysfine.com"
51.222.253.15 - - [03/Feb/2023:05:01:14 -0800] "GET /world/russ/spbpi02b.jpg HTTP/1.1" 200 34109 "-" "Mozilla/5.0 (compatible; AhrefsBot/7.0; +http://ahrefs.com/robot/)" "www.ysfine.com"
51.222.253.13 - - [03/Feb/2023:05:01:14 -0800] "GET /world/russ/spbpi01a.jpg HTTP/1.1" 200 47890 "-" "Mozilla/5.0 (compatible; AhrefsBot/7.0; +http://ahrefs.com/robot/)" "www.ysfine.com"
51.222.253.20 - - [03/Feb/2023:05:01:16 -0800] "GET /world/russ/spbpi08b.jpg HTTP/1.1" 200 34889 "-" "Mozilla/5.0 (compatible; AhrefsBot/7.0; +http://ahrefs.com/robot/)" "www.ysfine.com"
51.222.253.11 - - [03/Feb/2023:05:01:17 -0800] "GET /world/russ/spbpi04b.jpg HTTP/1.1" 200 40390 "-" "Mozilla/5.0 (compatible; AhrefsBot/7.0; +http://ahrefs.com/robot/)" "www.ysfine.com"
51.222.253.9 - - [03/Feb/2023:05:01:18 -0800] "GET /world/russ/spbpi11b.jpg HTTP/1.1" 200 44991 "-" "Mozilla/5.0 (compatible; AhrefsBot/7.0; +http://ahrefs.com/robot/)" "www.ysfine.com"
51.222.253.10 - - [03/Feb/2023:05:01:19 -0800] "GET /world/russ/spbpi05b.jpg HTTP/1.1" 200 31815 "-" "Mozilla/5.0 (compatible; AhrefsBot/7.0; +http://ahrefs.com/robot/)" "www.ysfine.com"
95.87.154.11 - - [03/Feb/2023:05:01:21 -0800] "GET /home/einwig.html HTTP/1.1" 200 4202 "-" "Mozilla/5.0 (compatible; MaCoCu; +https://www.clarin.si/info/macocu-massive-collection-and-curation-of-monolingual-and-bilingual-data/)" "ysfine.com"
52.167.144.86 - - [03/Feb/2023:05:01:31 -0800] "GET /world/russ/basil01b.jpg HTTP/1.1" 200 42711 "-" "Mozilla/5.0 AppleWebKit/537.36 (KHTML, like Gecko; compatible; bingbot/2.0; +http://www.bing.com/bingbot.htm) Chrome/103.0.5060.134 Safari/537.36" "ysfine.com"
95.87.154.11 - - [03/Feb/2023:05:01:41 -0800] "GET /home/kowis33.html HTTP/1.1" 200 4916 "-" "Mozilla/5.0 (compatible; MaCoCu; +https://www.clarin.si/info/macocu-massive-collection-and-curation-of-monolingual-and-bilingual-data/)" "ysfine.com"
95.87.154.11 - - [03/Feb/2023:05:02:00 -0800] "GET /style/ystyle.html HTTP/1.1" 200 3326 "-" "Mozilla/5.0 (compatible; MaCoCu; +https://www.clarin.si/info/macocu-massive-collection-and-curation-of-monolingual-and-bilingual-data/)" "ysfine.com"
95.87.154.11 - - [03/Feb/2023:05:02:20 -0800] "GET /yspapers/kno79.pdf HTTP/1.1" 200 176844 "-" "Mozilla/5.0 (compatible; MaCoCu; +https://www.clarin.si/info/macocu-massive-collection-and-curation-of-monolingual-and-bilingual-data/)" "ysfine.com"
3.237.17.176 - - [03/Feb/2023:05:02:35 -0800] "GET /world/baltic/kalinho22.jpg HTTP/1.1" 200 145864 "-" "Mozilla/5.0 (X11; Ubuntu; Linux x86_64; rv:72.0) Gecko/20100101 Firefox/72.0" "ysfine.com"
95.87.154.11 - - [03/Feb/2023:05:02:41 -0800] "GET /einstein/bern.html HTTP/1.1" 200 25967 "-" "Mozilla/5.0 (compatible; MaCoCu; +https://www.clarin.si/info/macocu-massive-collection-and-curation-of-monolingual-and-bilingual-data/)" "ysfine.com"
