51.222.253.4 - - [01/Feb/2023:12:50:44 -0800] "GET /world/spain/sala04c.jpg HTTP/1.1" 200 32096 "-" "Mozilla/5.0 (compatible; AhrefsBot/7.0; +http://ahrefs.com/robot/)" "ysfine.com"
51.222.253.13 - - [01/Feb/2023:12:50:46 -0800] "GET /world/spain/bcn28c.jpg HTTP/1.1" 200 34762 "-" "Mozilla/5.0 (compatible; AhrefsBot/7.0; +http://ahrefs.com/robot/)" "ysfine.com"
51.222.253.11 - - [01/Feb/2023:12:50:54 -0800] "GET /world/spain/madrid11c.jpg HTTP/1.1" 200 55526 "-" "Mozilla/5.0 (compatible; AhrefsBot/7.0; +http://ahrefs.com/robot/)" "ysfine.com"
51.222.253.9 - - [01/Feb/2023:12:50:54 -0800] "GET /world/spain/sevi011c.jpg HTTP/1.1" 200 31753 "-" "Mozilla/5.0 (compatible; AhrefsBot/7.0; +http://ahrefs.com/robot/)" "ysfine.com"
51.222.253.8 - - [01/Feb/2023:12:50:55 -0800] "GET /world/spain/lisbon01c.jpg HTTP/1.1" 200 41980 "-" "Mozilla/5.0 (compatible; AhrefsBot/7.0; +http://ahrefs.com/robot/)" "ysfine.com"
51.222.253.14 - - [01/Feb/2023:12:50:56 -0800] "GET /world/spain/bcn22c.jpg HTTP/1.1" 200 34223 "-" "Mozilla/5.0 (compatible; AhrefsBot/7.0; +http://ahrefs.com/robot/)" "ysfine.com"
51.222.253.9 - - [01/Feb/2023:12:50:56 -0800] "GET /world/spain/sevif05c.jpg HTTP/1.1" 200 42149 "-" "Mozilla/5.0 (compatible; AhrefsBot/7.0; +http://ahrefs.com/robot/)" "ysfine.com"
51.222.253.1 - - [01/Feb/2023:12:50:57 -0800] "GET /world/spain/bcn32c.jpg HTTP/1.1" 200 40942 "-" "Mozilla/5.0 (compatible; AhrefsBot/7.0; +http://ahrefs.com/robot/)" "ysfine.com"
51.222.253.14 - - [01/Feb/2023:12:50:57 -0800] "GET /ffriends/kuwait01c.jpg HTTP/1.1" 200 54492 "-" "Mozilla/5.0 (compatible; AhrefsBot/7.0; +http://ahrefs.com/robot/)" "ysfine.com"
51.222.253.6 - - [01/Feb/2023:12:50:58 -0800] "GET /world/spain/gran52c.jpg HTTP/1.1" 200 35055 "-" "Mozilla/5.0 (compatible; AhrefsBot/7.0; +http://ahrefs.com/robot/)" "ysfine.com"
51.222.253.9 - - [01/Feb/2023:12:50:59 -0800] "GET /world/spain/sala07c.jpg HTTP/1.1" 200 30812 "-" "Mozilla/5.0 (compatible; AhrefsBot/7.0; +http://ahrefs.com/robot/)" "ysfine.com"
51.222.253.2 - - [01/Feb/2023:12:50:59 -0800] "GET /ffriends/turklawyer02c.jpg HTTP/1.1" 200 46730 "-" "Mozilla/5.0 (compatible; AhrefsBot/7.0; +http://ahrefs.com/robot/)" "ysfine.com"
51.222.253.12 - - [01/Feb/2023:12:51:00 -0800] "GET /world/spain/gran35c.jpg HTTP/1.1" 200 45862 "-" "Mozilla/5.0 (compatible; AhrefsBot/7.0; +http://ahrefs.com/robot/)" "ysfine.com"
51.222.253.14 - - [01/Feb/2023:12:51:02 -0800] "GET /world/spain/sevi021c.jpg HTTP/1.1" 200 39993 "-" "Mozilla/5.0 (compatible; AhrefsBot/7.0; +http://ahrefs.com/robot/)" "ysfine.com"
51.222.253.14 - - [01/Feb/2023:12:51:04 -0800] "GET /world/spain/gran29c.jpg HTTP/1.1" 200 40528 "-" "Mozilla/5.0 (compatible; AhrefsBot/7.0; +http://ahrefs.com/robot/)" "ysfine.com"
51.222.253.11 - - [01/Feb/2023:12:51:05 -0800] "GET /world/spain/lisbon15c.jpg HTTP/1.1" 200 44754 "-" "Mozilla/5.0 (compatible; AhrefsBot/7.0; +http://ahrefs.com/robot/)" "ysfine.com"
51.222.253.4 - - [01/Feb/2023:12:51:07 -0800] "GET /world/spain/sevi202c.jpg HTTP/1.1" 200 33405 "-" "Mozilla/5.0 (compatible; AhrefsBot/7.0; +http://ahrefs.com/robot/)" "ysfine.com"
51.222.253.16 - - [01/Feb/2023:12:51:08 -0800] "GET /world/spain/sevi207c.jpg HTTP/1.1" 200 36620 "-" "Mozilla/5.0 (compatible; AhrefsBot/7.0; +http://ahrefs.com/robot/)" "ysfine.com"
51.222.253.17 - - [01/Feb/2023:12:51:09 -0800] "GET /world/spain/madrif01c.jpg HTTP/1.1" 200 33503 "-" "Mozilla/5.0 (compatible; AhrefsBot/7.0; +http://ahrefs.com/robot/)" "ysfine.com"
51.222.253.19 - - [01/Feb/2023:12:51:09 -0800] "GET /world/spain/gran26c.jpg HTTP/1.1" 200 35639 "-" "Mozilla/5.0 (compatible; AhrefsBot/7.0; +http://ahrefs.com/robot/)" "ysfine.com"
51.222.253.18 - - [01/Feb/2023:12:51:10 -0800] "GET /world/spain/cordoj02c.jpg HTTP/1.1" 200 38755 "-" "Mozilla/5.0 (compatible; AhrefsBot/7.0; +http://ahrefs.com/robot/)" "ysfine.com"
51.222.253.4 - - [01/Feb/2023:12:51:11 -0800] "GET /world/spain/cordo03c.jpg HTTP/1.1" 200 46064 "-" "Mozilla/5.0 (compatible; AhrefsBot/7.0; +http://ahrefs.com/robot/)" "ysfine.com"
51.222.253.5 - - [01/Feb/2023:12:51:11 -0800] "GET /world/spain/bcn01c.jpg HTTP/1.1" 200 32691 "-" "Mozilla/5.0 (compatible; AhrefsBot/7.0; +http://ahrefs.com/robot/)" "ysfine.com"
51.222.253.11 - - [01/Feb/2023:12:51:12 -0800] "GET /world/spain/cordo28c.jpg HTTP/1.1" 200 46687 "-" "Mozilla/5.0 (compatible; AhrefsBot/7.0; +http://ahrefs.com/robot/)" "ysfine.com"
104.28.32.126 - - [01/Feb/2023:12:51:18 -0800] "GET /dirac/dirheisen31b.jpg HTTP/1.1" 200 39248 "-" "Safari/18614.3.7.1.5 CFNetwork/1402.0.8 Darwin/22.2.0" "ysfine.com"
87.250.224.16 - - [01/Feb/2023:12:52:07 -0800] "GET /yspapers/psphere11.jpg HTTP/1.1" 200 88489 "-" "Mozilla/5.0 (compatible; YandexImages/3.0; +http://yandex.com/bots)" "ysfine.com"
81.177.126.149 - - [01/Feb/2023:12:52:38 -0800] "GET /style/musee/britmu31.jpg HTTP/1.1" 200 79045 "https://www.google.ru/" "Mozilla/5.0 (Windows NT 10.0; Win64; x64) AppleWebKit/537.36 (KHTML, like Gecko) Chrome/109.0.0.0 Safari/537.36" "ysfine.com"
185.191.171.8 - - [01/Feb/2023:12:52:39 -0800] "GET /world/musplace.html HTTP/1.1" 200 22077 "-" "Mozilla/5.0 (compatible; SemrushBot/7~bl; +http://www.semrush.com/bot.html)" "ysfine.com"
185.191.171.35 - - [01/Feb/2023:12:53:22 -0800] "GET /robots.txt HTTP/1.1" 404 88 "-" "Mozilla/5.0 (compatible; SemrushBot/7~bl; +http://www.semrush.com/bot.html)" "www.ysfine.com"
185.191.171.8 - - [01/Feb/2023:12:53:23 -0800] "GET /confer/listall.html HTTP/1.1" 200 6460 "-" "Mozilla/5.0 (compatible; SemrushBot/7~bl; +http://www.semrush.com/bot.html)" "www.ysfine.com"
71.178.208.102 - - [01/Feb/2023:12:53:29 -0800] "GET /ys11/ HTTP/1.1" 200 3494 "-" "Mozilla/5.0 (Windows NT 10.0; Win64; x64) AppleWebKit/537.36 (KHTML, like Gecko) Chrome/109.0.5414.75 Safari/537.36" "www.ysfine.com"
207.46.13.104 - - [01/Feb/2023:12:53:30 -0800] "GET /bio/kobak/yskor.html HTTP/1.1" 404 88 "-" "Mozilla/5.0 AppleWebKit/537.36 (KHTML, like Gecko; compatible; bingbot/2.0; +http://www.bing.com/bingbot.htm) Chrome/103.0.5060.134 Safari/537.36" "ysfine.com"
71.178.208.102 - - [01/Feb/2023:12:53:33 -0800] "GET /ys22/dondon.html HTTP/1.1" 401 90 "https://www.ysfine.com/ys11/" "Mozilla/5.0 (Windows NT 10.0; Win64; x64) AppleWebKit/537.36 (KHTML, like Gecko) Chrome/109.0.5414.75 Safari/537.36" "www.ysfine.com"
71.178.208.102 - jake [01/Feb/2023:12:53:38 -0800] "GET /ys22/dondon.html HTTP/1.1" 200 2041 "https://www.ysfine.com/ys11/" "Mozilla/5.0 (Windows NT 10.0; Win64; x64) AppleWebKit/537.36 (KHTML, like Gecko) Chrome/109.0.5414.75 Safari/537.36" "www.ysfine.com"
87.250.224.47 - - [01/Feb/2023:12:54:17 -0800] "GET / HTTP/1.1" 200 5295 "-" "Mozilla/5.0 (compatible; YandexBot/3.0; +http://yandex.com/bots)" "www.ysfine.com"
52.167.144.86 - - [01/Feb/2023:12:54:45 -0800] "GET /fotos/kazan017.jpg HTTP/1.1" 200 185979 "-" "Mozilla/5.0 AppleWebKit/537.36 (KHTML, like Gecko; compatible; bingbot/2.0; +http://www.bing.com/bingbot.htm) Chrome/103.0.5060.134 Safari/537.36" "www.ysfine.com"
87.250.224.2 - - [01/Feb/2023:12:54:48 -0800] "GET / HTTP/1.1" 200 5295 "-" "Mozilla/5.0 (compatible; YandexBot/3.0; +http://yandex.com/bots)" "ysfine.com"
40.77.167.192 - - [01/Feb/2023:12:55:31 -0800] "GET /wdc/gtown22.jpg HTTP/1.1" 200 153624 "-" "Mozilla/5.0 AppleWebKit/537.36 (KHTML, like Gecko; compatible; bingbot/2.0; +http://www.bing.com/bingbot.htm) Chrome/103.0.5060.134 Safari/537.36" "www.ysfine.com"
52.167.144.86 - - [01/Feb/2023:12:55:57 -0800] "GET /bio/wigner/e(2).html HTTP/1.1" 404 88 "-" "Mozilla/5.0 AppleWebKit/537.36 (KHTML, like Gecko; compatible; bingbot/2.0; +http://www.bing.com/bingbot.htm) Chrome/103.0.5060.134 Safari/537.36" "ysfine.com"
71.178.208.102 - - [01/Feb/2023:12:56:09 -0800] "GET /ys11/ HTTP/1.1" 200 3494 "-" "Mozilla/5.0 (Windows NT 10.0; Win64; x64) AppleWebKit/537.36 (KHTML, like Gecko) Chrome/109.0.0.0 Safari/537.36 Edg/109.0.1518.70" "ysfine.com"
87.250.224.16 - - [01/Feb/2023:12:56:32 -0800] "GET /world/germany/hofbrau33.jpg HTTP/1.1" 200 97307 "-" "Mozilla/5.0 (compatible; YandexImages/3.0; +http://yandex.com/bots)" "www.ysfine.com"
144.202.25.134 - - [01/Feb/2023:12:58:23 -0800] "GET /world/tdrome.html HTTP/1.1" 200 5611 "-" "Mozilla" "ysfine.com"
144.202.25.134 - - [01/Feb/2023:12:58:24 -0800] "GET /world/tdrome.html HTTP/1.1" 200 5611 "-" "Mozilla" "ysfine.com"
52.167.144.39 - - [01/Feb/2023:12:58:25 -0800] "GET /world/ital/milvio07.jpg HTTP/1.1" 200 96108 "-" "Mozilla/5.0 AppleWebKit/537.36 (KHTML, like Gecko; compatible; bingbot/2.0; +http://www.bing.com/bingbot.htm) Chrome/103.0.5060.134 Safari/537.36" "ysfine.com"
40.77.167.192 - - [01/Feb/2023:12:58:35 -0800] "GET /bio.html HTTP/1.1" 200 18260 "-" "Mozilla/5.0 AppleWebKit/537.36 (KHTML, like Gecko; compatible; bingbot/2.0; +http://www.bing.com/bingbot.htm) Chrome/103.0.5060.134 Safari/537.36" "ysfine.com"
52.167.144.86 - - [01/Feb/2023:12:58:47 -0800] "GET /kobak/sorae.html HTTP/1.1" 200 1884 "-" "Mozilla/5.0 AppleWebKit/537.36 (KHTML, like Gecko; compatible; bingbot/2.0; +http://www.bing.com/bingbot.htm) Chrome/103.0.5060.134 Safari/537.36" "www.ysfine.com"
40.77.167.192 - - [01/Feb/2023:12:59:02 -0800] "GET /saram/g132.jpg HTTP/1.1" 200 101872 "-" "Mozilla/5.0 AppleWebKit/537.36 (KHTML, like Gecko; compatible; bingbot/2.0; +http://www.bing.com/bingbot.htm) Chrome/103.0.5060.134 Safari/537.36" "www.ysfine.com"
5.161.86.38 - - [01/Feb/2023:12:59:31 -0800] "GET /world/hungary/buda042.jpg HTTP/1.1" 200 92186 "-" "Mozilla/5.0 (X11; Ubuntu; Linux x86_64; rv:107.0) Gecko/20100101 Firefox/107.0" "ysfine.com"
88.246.76.90 - - [01/Feb/2023:12:59:33 -0800] "GET /heisen/bohrheisen11.jpg HTTP/1.1" 200 104546 "https://ysfine.com/" "Mozilla/5.0 (Windows NT 10.0; Win64; x64) AppleWebKit/537.36 (KHTML, like Gecko) Chrome/109.0.0.0 Safari/537.36" "ysfine.com"
40.77.167.192 - - [01/Feb/2023:13:01:02 -0800] "GET /home/top21.jpg HTTP/1.1" 200 181796 "-" "Mozilla/5.0 AppleWebKit/537.36 (KHTML, like Gecko; compatible; bingbot/2.0; +http://www.bing.com/bingbot.htm) Chrome/103.0.5060.134 Safari/537.36" "www.ysfine.com"
40.77.167.192 - - [01/Feb/2023:13:01:02 -0800] "GET /awards/dirbust22d.jpg HTTP/1.1" 200 53775 "-" "Mozilla/5.0 AppleWebKit/537.36 (KHTML, like Gecko; compatible; bingbot/2.0; +http://www.bing.com/bingbot.htm) Chrome/103.0.5060.134 Safari/537.36" "www.ysfine.com"
52.167.144.62 - - [01/Feb/2023:13:01:24 -0800] "GET /world/brit/firew.html HTTP/1.1" 200 315 "-" "Mozilla/5.0 AppleWebKit/537.36 (KHTML, like Gecko; compatible; bingbot/2.0; +http://www.bing.com/bingbot.htm) Chrome/103.0.5060.134 Safari/537.36" "www.ysfine.com"
17.241.227.119 - - [01/Feb/2023:13:01:23 -0800] "GET /yspapers/dirinta.pdf HTTP/1.1" 200 11806338 "-" "Mozilla/5.0 (Macintosh; Intel Mac OS X 10_15_5) AppleWebKit/605.1.15 (KHTML, like Gecko) Version/13.1.1 Safari/605.1.15 (Applebot/0.1; +http://www.apple.com/go/applebot)" "ysfine.com"
185.191.171.16 - - [01/Feb/2023:13:01:33 -0800] "GET /maga/conic.html HTTP/1.1" 200 4049 "-" "Mozilla/5.0 (compatible; SemrushBot/7~bl; +http://www.semrush.com/bot.html)" "www.ysfine.com"
40.77.167.192 - - [01/Feb/2023:13:03:15 -0800] "GET /bio/eink/buythisbook.html HTTP/1.1" 404 88 "-" "Mozilla/5.0 AppleWebKit/537.36 (KHTML, like Gecko; compatible; bingbot/2.0; +http://www.bing.com/bingbot.htm) Chrome/103.0.5060.134 Safari/537.36" "ysfine.com"
40.77.167.192 - - [01/Feb/2023:13:03:30 -0800] "GET /world/france/sartremap11.jpg HTTP/1.1" 200 115003 "-" "Mozilla/5.0 AppleWebKit/537.36 (KHTML, like Gecko; compatible; bingbot/2.0; +http://www.bing.com/bingbot.htm) Chrome/103.0.5060.134 Safari/537.36" "ysfine.com"
72.255.118.236 - - [01/Feb/2023:13:03:41 -0800] "GET /world/veneto.html HTTP/1.1" 200 6676 "https://www.google.com/" "Mozilla/5.0 (Windows NT 10.0; Win64; x64) AppleWebKit/537.36 (KHTML, like Gecko) Chrome/109.0.0.0 Safari/537.36" "ysfine.com"
72.255.118.236 - - [01/Feb/2023:13:03:41 -0800] "GET /world/ital/padova06b.jpg HTTP/1.1" 200 46448 "https://ysfine.com/world/veneto.html" "Mozilla/5.0 (Windows NT 10.0; Win64; x64) AppleWebKit/537.36 (KHTML, like Gecko) Chrome/109.0.0.0 Safari/537.36" "ysfine.com"
72.255.118.236 - - [01/Feb/2023:13:03:41 -0800] "GET /world/ital/padova01b.jpg HTTP/1.1" 200 43463 "https://ysfine.com/world/veneto.html" "Mozilla/5.0 (Windows NT 10.0; Win64; x64) AppleWebKit/537.36 (KHTML, like Gecko) Chrome/109.0.0.0 Safari/537.36" "ysfine.com"
72.255.118.236 - - [01/Feb/2023:13:03:41 -0800] "GET /world/ital/padova15b.jpg HTTP/1.1" 200 40651 "https://ysfine.com/world/veneto.html" "Mozilla/5.0 (Windows NT 10.0; Win64; x64) AppleWebKit/537.36 (KHTML, like Gecko) Chrome/109.0.0.0 Safari/537.36" "ysfine.com"
72.255.118.236 - - [01/Feb/2023:13:03:41 -0800] "GET /world/ital/verona05b.jpg HTTP/1.1" 200 39496 "https://ysfine.com/world/veneto.html" "Mozilla/5.0 (Windows NT 10.0; Win64; x64) AppleWebKit/537.36 (KHTML, like Gecko) Chrome/109.0.0.0 Safari/537.36" "ysfine.com"
72.255.118.236 - - [01/Feb/2023:13:03:41 -0800] "GET /world/ital/padova09b.jpg HTTP/1.1" 200 39858 "https://ysfine.com/world/veneto.html" "Mozilla/5.0 (Windows NT 10.0; Win64; x64) AppleWebKit/537.36 (KHTML, like Gecko) Chrome/109.0.0.0 Safari/537.36" "ysfine.com"
72.255.118.236 - - [01/Feb/2023:13:03:41 -0800] "GET /world/ital/padova17b.jpg HTTP/1.1" 200 45751 "https://ysfine.com/world/veneto.html" "Mozilla/5.0 (Windows NT 10.0; Win64; x64) AppleWebKit/537.36 (KHTML, like Gecko) Chrome/109.0.0.0 Safari/537.36" "ysfine.com"
72.255.118.236 - - [01/Feb/2023:13:03:41 -0800] "GET /world/ital/vicenza07b.jpg HTTP/1.1" 200 51871 "https://ysfine.com/world/veneto.html" "Mozilla/5.0 (Windows NT 10.0; Win64; x64) AppleWebKit/537.36 (KHTML, like Gecko) Chrome/109.0.0.0 Safari/537.36" "ysfine.com"
72.255.118.236 - - [01/Feb/2023:13:03:41 -0800] "GET /world/ital/vicenza05b.jpg HTTP/1.1" 200 40529 "https://ysfine.com/world/veneto.html" "Mozilla/5.0 (Windows NT 10.0; Win64; x64) AppleWebKit/537.36 (KHTML, like Gecko) Chrome/109.0.0.0 Safari/537.36" "ysfine.com"
72.255.118.236 - - [01/Feb/2023:13:03:41 -0800] "GET /world/ital/verona03b.jpg HTTP/1.1" 200 41821 "https://ysfine.com/world/veneto.html" "Mozilla/5.0 (Windows NT 10.0; Win64; x64) AppleWebKit/537.36 (KHTML, like Gecko) Chrome/109.0.0.0 Safari/537.36" "ysfine.com"
72.255.118.236 - - [01/Feb/2023:13:03:41 -0800] "GET /world/ital/vicenza29b.jpg HTTP/1.1" 200 42381 "https://ysfine.com/world/veneto.html" "Mozilla/5.0 (Windows NT 10.0; Win64; x64) AppleWebKit/537.36 (KHTML, like Gecko) Chrome/109.0.0.0 Safari/537.36" "ysfine.com"
72.255.118.236 - - [01/Feb/2023:13:03:41 -0800] "GET /world/ital/verona21b.jpg HTTP/1.1" 200 38564 "https://ysfine.com/world/veneto.html" "Mozilla/5.0 (Windows NT 10.0; Win64; x64) AppleWebKit/537.36 (KHTML, like Gecko) Chrome/109.0.0.0 Safari/537.36" "ysfine.com"
72.255.118.236 - - [01/Feb/2023:13:03:41 -0800] "GET /world/ital/verona08b.jpg HTTP/1.1" 200 42862 "https://ysfine.com/world/veneto.html" "Mozilla/5.0 (Windows NT 10.0; Win64; x64) AppleWebKit/537.36 (KHTML, like Gecko) Chrome/109.0.0.0 Safari/537.36" "ysfine.com"
72.255.118.236 - - [01/Feb/2023:13:03:41 -0800] "GET /world/ital/milan011b.jpg HTTP/1.1" 200 41266 "https://ysfine.com/world/veneto.html" "Mozilla/5.0 (Windows NT 10.0; Win64; x64) AppleWebKit/537.36 (KHTML, like Gecko) Chrome/109.0.0.0 Safari/537.36" "ysfine.com"
72.255.118.236 - - [01/Feb/2023:13:03:41 -0800] "GET /world/ital/vicenza04b.jpg HTTP/1.1" 200 45148 "https://ysfine.com/world/veneto.html" "Mozilla/5.0 (Windows NT 10.0; Win64; x64) AppleWebKit/537.36 (KHTML, like Gecko) Chrome/109.0.0.0 Safari/537.36" "ysfine.com"
72.255.118.236 - - [01/Feb/2023:13:03:41 -0800] "GET /world/ital/verona23b.jpg HTTP/1.1" 200 40246 "https://ysfine.com/world/veneto.html" "Mozilla/5.0 (Windows NT 10.0; Win64; x64) AppleWebKit/537.36 (KHTML, like Gecko) Chrome/109.0.0.0 Safari/537.36" "ysfine.com"
72.255.118.236 - - [01/Feb/2023:13:03:41 -0800] "GET /world/ital/verona13b.jpg HTTP/1.1" 200 35017 "https://ysfine.com/world/veneto.html" "Mozilla/5.0 (Windows NT 10.0; Win64; x64) AppleWebKit/537.36 (KHTML, like Gecko) Chrome/109.0.0.0 Safari/537.36" "ysfine.com"
72.255.118.236 - - [01/Feb/2023:13:03:41 -0800] "GET /favicon.ico HTTP/1.1" 404 88 "https://ysfine.com/world/veneto.html" "Mozilla/5.0 (Windows NT 10.0; Win64; x64) AppleWebKit/537.36 (KHTML, like Gecko) Chrome/109.0.0.0 Safari/537.36" "ysfine.com"
52.167.144.39 - - [01/Feb/2023:13:04:27 -0800] "GET /bio/einstein/bern.html HTTP/1.1" 404 88 "-" "Mozilla/5.0 AppleWebKit/537.36 (KHTML, like Gecko; compatible; bingbot/2.0; +http://www.bing.com/bingbot.htm) Chrome/103.0.5060.134 Safari/537.36" "ysfine.com"
78.46.220.75 - - [01/Feb/2023:13:04:53 -0800] "GET /world/hungary/buda042.jpg HTTP/1.1" 200 92186 "-" "Mozilla/5.0 (X11; Fedora; Linux x86_64) AppleWebKit/537.36 (KHTML, like Gecko) Chrome/79.0.3945.117 Safari/537.36" "ysfine.com"
17.241.227.11 - - [01/Feb/2023:13:06:38 -0800] "GET /einstein/einplanck.html HTTP/1.1" 200 3502 "-" "Mozilla/5.0 (Macintosh; Intel Mac OS X 10_15_5) AppleWebKit/605.1.15 (KHTML, like Gecko) Version/13.1.1 Safari/605.1.15 (Applebot/0.1; +http://www.apple.com/go/applebot)" "ysfine.com"
87.250.224.67 - - [01/Feb/2023:13:07:46 -0800] "GET /feynman/feykant.htm HTTP/1.1" 404 88 "-" "Mozilla/5.0 (compatible; YandexBot/3.0; +http://yandex.com/bots) AppleWebKit/537.36 (KHTML, like Gecko) Chrome/81.0.4044.268" "www.ysfine.com"
5.45.207.140 - - [01/Feb/2023:13:07:49 -0800] "GET /feynman/feykant.htm HTTP/1.1" 404 88 "-" "Mozilla/5.0 (compatible; YandexBot/3.0; +http://yandex.com/bots) AppleWebKit/537.36 (KHTML, like Gecko) Chrome/81.0.4044.268" "www.ysfine.com"
71.178.208.102 - - [01/Feb/2023:13:07:53 -0800] "GET /home/sing.html HTTP/1.1" 304 - "-" "Mozilla/5.0 (Windows NT 10.0; Win64; x64) AppleWebKit/537.36 (KHTML, like Gecko) Chrome/109.0.0.0 Safari/537.36 Edg/109.0.1518.70" "ysfine.com"
52.167.144.39 - - [01/Feb/2023:13:07:55 -0800] "GET /beau/moso04.jpg HTTP/1.1" 404 88 "-" "Mozilla/5.0 AppleWebKit/537.36 (KHTML, like Gecko; compatible; bingbot/2.0; +http://www.bing.com/bingbot.htm) Chrome/103.0.5060.134 Safari/537.36" "ysfine.com"
52.167.144.62 - - [01/Feb/2023:13:08:56 -0800] "GET /bio/style/proschanie.html HTTP/1.1" 404 88 "-" "Mozilla/5.0 AppleWebKit/537.36 (KHTML, like Gecko; compatible; bingbot/2.0; +http://www.bing.com/bingbot.htm) Chrome/103.0.5060.134 Safari/537.36" "ysfine.com"
207.46.13.64 - - [01/Feb/2023:13:11:03 -0800] "GET /newyork/battery08.jpg HTTP/1.1" 200 262376 "-" "Mozilla/5.0 AppleWebKit/537.36 (KHTML, like Gecko; compatible; bingbot/2.0; +http://www.bing.com/bingbot.htm) Chrome/103.0.5060.134 Safari/537.36" "www.ysfine.com"
185.191.171.9 - - [01/Feb/2023:13:12:11 -0800] "GET /world/paris.html HTTP/1.1" 200 18129 "-" "Mozilla/5.0 (compatible; SemrushBot/7~bl; +http://www.semrush.com/bot.html)" "ysfine.com"
207.46.13.104 - - [01/Feb/2023:13:12:36 -0800] "GET /sbk/2003ff.jpg HTTP/1.1" 200 154874 "-" "Mozilla/5.0 AppleWebKit/537.36 (KHTML, like Gecko; compatible; bingbot/2.0; +http://www.bing.com/bingbot.htm) Chrome/103.0.5060.134 Safari/537.36" "ysfine.com"
40.77.167.192 - - [01/Feb/2023:13:12:41 -0800] "GET /awards/fortune23.jpg HTTP/1.1" 200 393581 "-" "Mozilla/5.0 AppleWebKit/537.36 (KHTML, like Gecko; compatible; bingbot/2.0; +http://www.bing.com/bingbot.htm) Chrome/103.0.5060.134 Safari/537.36" "www.ysfine.com"
52.167.144.39 - - [01/Feb/2023:13:13:19 -0800] "GET /bio/kobak/namdae.html HTTP/1.1" 404 88 "-" "Mozilla/5.0 AppleWebKit/537.36 (KHTML, like Gecko; compatible; bingbot/2.0; +http://www.bing.com/bingbot.htm) Chrome/103.0.5060.134 Safari/537.36" "ysfine.com"
207.46.13.64 - - [01/Feb/2023:13:13:42 -0800] "GET /world/brit/lonchin06.jpg HTTP/1.1" 200 92233 "-" "Mozilla/5.0 AppleWebKit/537.36 (KHTML, like Gecko; compatible; bingbot/2.0; +http://www.bing.com/bingbot.htm) Chrome/103.0.5060.134 Safari/537.36" "ysfine.com"
83.43.56.82 - - [01/Feb/2023:13:14:17 -0800] "GET /world/latina/rio004b.jpg HTTP/1.1" 200 40739 "https://www.google.com/" "Mozilla/5.0 (Windows NT 10.0; Win64; x64) AppleWebKit/537.36 (KHTML, like Gecko) Chrome/109.0.0.0 Safari/537.36" "ysfine.com"
83.43.56.82 - - [01/Feb/2023:13:14:54 -0800] "GET /ffriends/russrio11.jpg HTTP/1.1" 200 81455 "https://www.google.com/" "Mozilla/5.0 (Windows NT 10.0; Win64; x64) AppleWebKit/537.36 (KHTML, like Gecko) Chrome/109.0.0.0 Safari/537.36" "ysfine.com"
40.77.167.192 - - [01/Feb/2023:13:15:12 -0800] "GET /wdc/umdbarn10.jpg HTTP/1.1" 200 127061 "-" "Mozilla/5.0 AppleWebKit/537.36 (KHTML, like Gecko; compatible; bingbot/2.0; +http://www.bing.com/bingbot.htm) Chrome/103.0.5060.134 Safari/537.36" "ysfine.com"
52.167.144.86 - - [01/Feb/2023:13:15:28 -0800] "GET /bio/princeton/campus.html HTTP/1.1" 404 88 "-" "Mozilla/5.0 AppleWebKit/537.36 (KHTML, like Gecko; compatible; bingbot/2.0; +http://www.bing.com/bingbot.htm) Chrome/103.0.5060.134 Safari/537.36" "ysfine.com"
77.181.1.73 - - [01/Feb/2023:13:15:37 -0800] "GET /style/tatiana11.jpg HTTP/1.1" 200 146910 "https://www.google.ro/" "Mozilla/5.0 (iPhone; CPU iPhone OS 16_1_2 like Mac OS X) AppleWebKit/605.1.15 (KHTML, like Gecko) Version/16.1 Mobile/15E148 Safari/604.1" "ysfine.com"
185.191.171.34 - - [01/Feb/2023:13:16:25 -0800] "GET /style/mushalls.html HTTP/1.1" 200 21398 "-" "Mozilla/5.0 (compatible; SemrushBot/7~bl; +http://www.semrush.com/bot.html)" "ysfine.com"
77.75.79.119 - - [01/Feb/2023:13:16:32 -0800] "GET /robots.txt HTTP/1.1" 404 88 "-" "Mozilla/5.0 (compatible; SeznamBot/4.0-RC1; +http://napoveda.seznam.cz/seznambot-intro/)" "ysfine.com"
77.75.77.119 - - [01/Feb/2023:13:16:32 -0800] "GET /style/index.html HTTP/1.1" 200 129 "-" "Mozilla/5.0 (compatible; SeznamBot/4.0-RC1; +http://napoveda.seznam.cz/seznambot-intro/)" "ysfine.com"
207.46.13.104 - - [01/Feb/2023:13:18:57 -0800] "GET /bio/sbk/1950.html HTTP/1.1" 404 88 "-" "Mozilla/5.0 AppleWebKit/537.36 (KHTML, like Gecko; compatible; bingbot/2.0; +http://www.bing.com/bingbot.htm) Chrome/103.0.5060.134 Safari/537.36" "ysfine.com"
207.46.13.104 - - [01/Feb/2023:13:18:58 -0800] "GET /world/ricksteves11.jpg HTTP/1.1" 200 81952 "-" "Mozilla/5.0 AppleWebKit/537.36 (KHTML, like Gecko; compatible; bingbot/2.0; +http://www.bing.com/bingbot.htm) Chrome/103.0.5060.134 Safari/537.36" "ysfine.com"
43.153.32.47 - - [01/Feb/2023:13:19:49 -0800] "GET /wp-admin/css/ HTTP/1.1" 404 88 "binance.com" "Mozilla/5.0 (Windows NT 10.0; Win64; x64) AppleWebKit/537.36 (KHTML, like Gecko) Chrome/90.0.4430.85 Safari/537.36" "ysfine.com"
174.208.231.167 - - [01/Feb/2023:13:19:58 -0800] "GET /wigner/neum/vnc03.jpg HTTP/1.1" 200 80421 "https://www.google.com/" "Mozilla/5.0 (Macintosh; Intel Mac OS X 10_15_7) AppleWebKit/605.1.15 (KHTML, like Gecko) Version/16.2 Safari/605.1.15" "ysfine.com"
43.153.32.47 - - [01/Feb/2023:13:20:01 -0800] "GET /sites/default/files/ HTTP/1.1" 404 88 "binance.com" "Mozilla/5.0 (Windows NT 10.0; Win64; x64) AppleWebKit/537.36 (KHTML, like Gecko) Chrome/90.0.4430.85 Safari/537.36" "ysfine.com"
43.153.32.47 - - [01/Feb/2023:13:20:04 -0800] "GET /admin/controller/extension/extension/ HTTP/1.1" 404 88 "binance.com" "Mozilla/5.0 (Windows NT 10.0; Win64; x64) AppleWebKit/537.36 (KHTML, like Gecko) Chrome/90.0.4430.85 Safari/537.36" "ysfine.com"
43.153.32.47 - - [01/Feb/2023:13:20:10 -0800] "GET /uploads/ HTTP/1.1" 404 88 "binance.com" "Mozilla/5.0 (Windows NT 10.0; Win64; x64) AppleWebKit/537.36 (KHTML, like Gecko) Chrome/90.0.4430.85 Safari/537.36" "ysfine.com"
43.153.32.47 - - [01/Feb/2023:13:20:16 -0800] "GET /images/ HTTP/1.1" 404 88 "binance.com" "Mozilla/5.0 (Windows NT 10.0; Win64; x64) AppleWebKit/537.36 (KHTML, like Gecko) Chrome/90.0.4430.85 Safari/537.36" "ysfine.com"
185.191.171.2 - - [01/Feb/2023:13:20:16 -0800] "GET /bio04.html HTTP/1.1" 200 8974 "-" "Mozilla/5.0 (compatible; SemrushBot/7~bl; +http://www.semrush.com/bot.html)" "ysfine.com"
43.153.32.47 - - [01/Feb/2023:13:20:22 -0800] "GET /files/ HTTP/1.1" 404 88 "binance.com" "Mozilla/5.0 (Windows NT 10.0; Win64; x64) AppleWebKit/537.36 (KHTML, like Gecko) Chrome/90.0.4430.85 Safari/537.36" "ysfine.com"
71.178.208.102 - - [01/Feb/2023:13:20:46 -0800] "GET /bio09.html?fbclid=IwAR1V4Ywm6xu7995MkAGvYDnqZO-P5Z43uQGWlFwCIZAjCoIt3nVCR7tic3c HTTP/1.1" 200 12731 "https://l.facebook.com/" "Mozilla/5.0 (Windows NT 10.0; Win64; x64) AppleWebKit/537.36 (KHTML, like Gecko) Chrome/109.0.5414.75 Safari/537.36" "ysfine.com"
71.178.208.102 - - [01/Feb/2023:13:20:47 -0800] "GET /home/sbt11d.jpg HTTP/1.1" 200 41029 "https://ysfine.com/bio09.html?fbclid=IwAR1V4Ywm6xu7995MkAGvYDnqZO-P5Z43uQGWlFwCIZAjCoIt3nVCR7tic3c" "Mozilla/5.0 (Windows NT 10.0; Win64; x64) AppleWebKit/537.36 (KHTML, like Gecko) Chrome/109.0.5414.75 Safari/537.36" "ysfine.com"
71.178.208.102 - - [01/Feb/2023:13:20:47 -0800] "GET /wigner/michwight.jpg HTTP/1.1" 200 73424 "https://ysfine.com/bio09.html?fbclid=IwAR1V4Ywm6xu7995MkAGvYDnqZO-P5Z43uQGWlFwCIZAjCoIt3nVCR7tic3c" "Mozilla/5.0 (Windows NT 10.0; Win64; x64) AppleWebKit/537.36 (KHTML, like Gecko) Chrome/109.0.5414.75 Safari/537.36" "ysfine.com"
71.178.208.102 - - [01/Feb/2023:13:20:47 -0800] "GET /home/wigkim450.jpg HTTP/1.1" 200 46980 "https://ysfine.com/bio09.html?fbclid=IwAR1V4Ywm6xu7995MkAGvYDnqZO-P5Z43uQGWlFwCIZAjCoIt3nVCR7tic3c" "Mozilla/5.0 (Windows NT 10.0; Win64; x64) AppleWebKit/537.36 (KHTML, like Gecko) Chrome/109.0.5414.75 Safari/537.36" "ysfine.com"
71.178.208.102 - - [01/Feb/2023:13:20:47 -0800] "GET /home/tollwig11d.jpg HTTP/1.1" 200 39722 "https://ysfine.com/bio09.html?fbclid=IwAR1V4Ywm6xu7995MkAGvYDnqZO-P5Z43uQGWlFwCIZAjCoIt3nVCR7tic3c" "Mozilla/5.0 (Windows NT 10.0; Win64; x64) AppleWebKit/537.36 (KHTML, like Gecko) Chrome/109.0.5414.75 Safari/537.36" "ysfine.com"
71.178.208.102 - - [01/Feb/2023:13:20:47 -0800] "GET /fotos/einmu41d.jpg HTTP/1.1" 200 62005 "https://ysfine.com/bio09.html?fbclid=IwAR1V4Ywm6xu7995MkAGvYDnqZO-P5Z43uQGWlFwCIZAjCoIt3nVCR7tic3c" "Mozilla/5.0 (Windows NT 10.0; Win64; x64) AppleWebKit/537.36 (KHTML, like Gecko) Chrome/109.0.5414.75 Safari/537.36" "ysfine.com"
71.178.208.102 - - [01/Feb/2023:13:20:47 -0800] "GET /home/bedk22f.jpg HTTP/1.1" 200 79706 "https://ysfine.com/bio09.html?fbclid=IwAR1V4Ywm6xu7995MkAGvYDnqZO-P5Z43uQGWlFwCIZAjCoIt3nVCR7tic3c" "Mozilla/5.0 (Windows NT 10.0; Win64; x64) AppleWebKit/537.36 (KHTML, like Gecko) Chrome/109.0.5414.75 Safari/537.36" "ysfine.com"
71.178.208.102 - - [01/Feb/2023:13:20:47 -0800] "GET /home/wigein11d.jpg HTTP/1.1" 200 38446 "https://ysfine.com/bio09.html?fbclid=IwAR1V4Ywm6xu7995MkAGvYDnqZO-P5Z43uQGWlFwCIZAjCoIt3nVCR7tic3c" "Mozilla/5.0 (Windows NT 10.0; Win64; x64) AppleWebKit/537.36 (KHTML, like Gecko) Chrome/109.0.5414.75 Safari/537.36" "ysfine.com"
71.178.208.102 - - [01/Feb/2023:13:20:47 -0800] "GET /einstein/einbohr55f.jpg HTTP/1.1" 200 155618 "https://ysfine.com/bio09.html?fbclid=IwAR1V4Ywm6xu7995MkAGvYDnqZO-P5Z43uQGWlFwCIZAjCoIt3nVCR7tic3c" "Mozilla/5.0 (Windows NT 10.0; Win64; x64) AppleWebKit/537.36 (KHTML, like Gecko) Chrome/109.0.5414.75 Safari/537.36" "ysfine.com"
71.178.208.102 - - [01/Feb/2023:13:20:47 -0800] "GET /princeton/einpm22d.jpg HTTP/1.1" 200 65372 "https://ysfine.com/bio09.html?fbclid=IwAR1V4Ywm6xu7995MkAGvYDnqZO-P5Z43uQGWlFwCIZAjCoIt3nVCR7tic3c" "Mozilla/5.0 (Windows NT 10.0; Win64; x64) AppleWebKit/537.36 (KHTML, like Gecko) Chrome/109.0.5414.75 Safari/537.36" "ysfine.com"
71.178.208.102 - - [01/Feb/2023:13:20:47 -0800] "GET /home/further22f.jpg HTTP/1.1" 200 99099 "https://ysfine.com/bio09.html?fbclid=IwAR1V4Ywm6xu7995MkAGvYDnqZO-P5Z43uQGWlFwCIZAjCoIt3nVCR7tic3c" "Mozilla/5.0 (Windows NT 10.0; Win64; x64) AppleWebKit/537.36 (KHTML, like Gecko) Chrome/109.0.5414.75 Safari/537.36" "ysfine.com"
71.178.208.102 - - [01/Feb/2023:13:20:47 -0800] "GET /home/o32inho22g.jpg HTTP/1.1" 200 90429 "https://ysfine.com/bio09.html?fbclid=IwAR1V4Ywm6xu7995MkAGvYDnqZO-P5Z43uQGWlFwCIZAjCoIt3nVCR7tic3c" "Mozilla/5.0 (Windows NT 10.0; Win64; x64) AppleWebKit/537.36 (KHTML, like Gecko) Chrome/109.0.5414.75 Safari/537.36" "ysfine.com"
71.178.208.102 - - [01/Feb/2023:13:20:47 -0800] "GET /home/comet40f.jpg HTTP/1.1" 200 101816 "https://ysfine.com/bio09.html?fbclid=IwAR1V4Ywm6xu7995MkAGvYDnqZO-P5Z43uQGWlFwCIZAjCoIt3nVCR7tic3c" "Mozilla/5.0 (Windows NT 10.0; Win64; x64) AppleWebKit/537.36 (KHTML, like Gecko) Chrome/109.0.5414.75 Safari/537.36" "ysfine.com"
71.178.208.102 - - [01/Feb/2023:13:20:47 -0800] "GET /home/wigner22d.jpg HTTP/1.1" 200 70992 "https://ysfine.com/bio09.html?fbclid=IwAR1V4Ywm6xu7995MkAGvYDnqZO-P5Z43uQGWlFwCIZAjCoIt3nVCR7tic3c" "Mozilla/5.0 (Windows NT 10.0; Win64; x64) AppleWebKit/537.36 (KHTML, like Gecko) Chrome/109.0.5414.75 Safari/537.36" "ysfine.com"
71.178.208.102 - - [01/Feb/2023:13:20:47 -0800] "GET /home/fig33/sbtwein450.jpg HTTP/1.1" 200 73194 "https://ysfine.com/bio09.html?fbclid=IwAR1V4Ywm6xu7995MkAGvYDnqZO-P5Z43uQGWlFwCIZAjCoIt3nVCR7tic3c" "Mozilla/5.0 (Windows NT 10.0; Win64; x64) AppleWebKit/537.36 (KHTML, like Gecko) Chrome/109.0.5414.75 Safari/537.36" "ysfine.com"
71.178.208.102 - - [01/Feb/2023:13:20:47 -0800] "GET /home/ewk86f.jpg HTTP/1.1" 200 123121 "https://ysfine.com/bio09.html?fbclid=IwAR1V4Ywm6xu7995MkAGvYDnqZO-P5Z43uQGWlFwCIZAjCoIt3nVCR7tic3c" "Mozilla/5.0 (Windows NT 10.0; Win64; x64) AppleWebKit/537.36 (KHTML, like Gecko) Chrome/109.0.5414.75 Safari/537.36" "ysfine.com"
71.178.208.102 - - [01/Feb/2023:13:20:47 -0800] "GET /home/fig33/parton77f.jpg HTTP/1.1" 200 120094 "https://ysfine.com/bio09.html?fbclid=IwAR1V4Ywm6xu7995MkAGvYDnqZO-P5Z43uQGWlFwCIZAjCoIt3nVCR7tic3c" "Mozilla/5.0 (Windows NT 10.0; Win64; x64) AppleWebKit/537.36 (KHTML, like Gecko) Chrome/109.0.5414.75 Safari/537.36" "ysfine.com"
71.178.208.102 - - [01/Feb/2023:13:20:47 -0800] "GET /fotos/einhaus450.jpg HTTP/1.1" 200 65369 "https://ysfine.com/bio09.html?fbclid=IwAR1V4Ywm6xu7995MkAGvYDnqZO-P5Z43uQGWlFwCIZAjCoIt3nVCR7tic3c" "Mozilla/5.0 (Windows NT 10.0; Win64; x64) AppleWebKit/537.36 (KHTML, like Gecko) Chrome/109.0.5414.75 Safari/537.36" "ysfine.com"
71.178.208.102 - - [01/Feb/2023:13:20:47 -0800] "GET /dirac/truck/truck18a.jpg HTTP/1.1" 200 78184 "https://ysfine.com/bio09.html?fbclid=IwAR1V4Ywm6xu7995MkAGvYDnqZO-P5Z43uQGWlFwCIZAjCoIt3nVCR7tic3c" "Mozilla/5.0 (Windows NT 10.0; Win64; x64) AppleWebKit/537.36 (KHTML, like Gecko) Chrome/109.0.5414.75 Safari/537.36" "ysfine.com"
207.46.13.104 - - [01/Feb/2023:13:21:13 -0800] "GET /bio/style/artlove.html HTTP/1.1" 404 88 "-" "Mozilla/5.0 AppleWebKit/537.36 (KHTML, like Gecko; compatible; bingbot/2.0; +http://www.bing.com/bingbot.htm) Chrome/103.0.5060.134 Safari/537.36" "ysfine.com"
51.222.253.12 - - [01/Feb/2023:13:23:23 -0800] "GET / HTTP/1.1" 200 5295 "-" "Mozilla/5.0 (compatible; AhrefsBot/7.0; +http://ahrefs.com/robot/)" "www.ysfine.com"
207.46.13.104 - - [01/Feb/2023:13:23:48 -0800] "GET /world/poland/gdnf01.jpg HTTP/1.1" 200 95411 "-" "Mozilla/5.0 AppleWebKit/537.36 (KHTML, like Gecko; compatible; bingbot/2.0; +http://www.bing.com/bingbot.htm) Chrome/103.0.5060.134 Safari/537.36" "ysfine.com"
52.167.144.56 - - [01/Feb/2023:13:23:48 -0800] "GET /robots.txt HTTP/1.1" 404 88 "-" "Mozilla/5.0 AppleWebKit/537.36 (KHTML, like Gecko; compatible; bingbot/2.0; +http://www.bing.com/bingbot.htm) Chrome/103.0.5060.134 Safari/537.36" "ysfine.com"
207.46.13.104 - - [01/Feb/2023:13:24:37 -0800] "GET /world/russ/minsk059.jpg HTTP/1.1" 200 96289 "-" "Mozilla/5.0 AppleWebKit/537.36 (KHTML, like Gecko; compatible; bingbot/2.0; +http://www.bing.com/bingbot.htm) Chrome/103.0.5060.134 Safari/537.36" "www.ysfine.com"
71.178.208.102 - - [01/Feb/2023:13:25:50 -0800] "GET /ys11/ HTTP/1.1" 200 3494 "-" "Mozilla/5.0 (Windows NT 10.0; Win64; x64) AppleWebKit/537.36 (KHTML, like Gecko) Chrome/109.0.0.0 Safari/537.36" "ysfine.com"
71.178.208.102 - - [01/Feb/2023:13:25:57 -0800] "GET /bio08.html HTTP/1.1" 200 6133 "https://ysfine.com/ys11/" "Mozilla/5.0 (Windows NT 10.0; Win64; x64) AppleWebKit/537.36 (KHTML, like Gecko) Chrome/109.0.0.0 Safari/537.36" "ysfine.com"
71.178.208.102 - - [01/Feb/2023:13:25:57 -0800] "GET /people/towhee11b.jpg HTTP/1.1" 200 32584 "https://ysfine.com/bio08.html" "Mozilla/5.0 (Windows NT 10.0; Win64; x64) AppleWebKit/537.36 (KHTML, like Gecko) Chrome/109.0.0.0 Safari/537.36" "ysfine.com"
71.178.208.102 - - [01/Feb/2023:13:25:57 -0800] "GET /home/foto22/facu63c.jpg HTTP/1.1" 200 41710 "https://ysfine.com/bio08.html" "Mozilla/5.0 (Windows NT 10.0; Win64; x64) AppleWebKit/537.36 (KHTML, like Gecko) Chrome/109.0.0.0 Safari/537.36" "ysfine.com"
71.178.208.102 - - [01/Feb/2023:13:25:57 -0800] "GET /fotos/umd38b.jpg HTTP/1.1" 200 36528 "https://ysfine.com/bio08.html" "Mozilla/5.0 (Windows NT 10.0; Win64; x64) AppleWebKit/537.36 (KHTML, like Gecko) Chrome/109.0.0.0 Safari/537.36" "ysfine.com"
71.178.208.102 - - [01/Feb/2023:13:25:57 -0800] "GET /wdc/umd06b.jpg HTTP/1.1" 200 34590 "https://ysfine.com/bio08.html" "Mozilla/5.0 (Windows NT 10.0; Win64; x64) AppleWebKit/537.36 (KHTML, like Gecko) Chrome/109.0.0.0 Safari/537.36" "ysfine.com"
71.178.208.102 - - [01/Feb/2023:13:25:57 -0800] "GET /home/ys90b.jpg HTTP/1.1" 200 29164 "https://ysfine.com/bio08.html" "Mozilla/5.0 (Windows NT 10.0; Win64; x64) AppleWebKit/537.36 (KHTML, like Gecko) Chrome/109.0.0.0 Safari/537.36" "ysfine.com"
71.178.208.102 - - [01/Feb/2023:13:25:57 -0800] "GET /wdc/umdbarn01b.jpg HTTP/1.1" 200 42668 "https://ysfine.com/bio08.html" "Mozilla/5.0 (Windows NT 10.0; Win64; x64) AppleWebKit/537.36 (KHTML, like Gecko) Chrome/109.0.0.0 Safari/537.36" "ysfine.com"
71.178.208.102 - - [01/Feb/2023:13:25:57 -0800] "GET /home/ewk86k.jpg HTTP/1.1" 200 103090 "https://ysfine.com/bio08.html" "Mozilla/5.0 (Windows NT 10.0; Win64; x64) AppleWebKit/537.36 (KHTML, like Gecko) Chrome/109.0.0.0 Safari/537.36" "ysfine.com"
71.178.208.102 - - [01/Feb/2023:13:25:57 -0800] "GET /people/tollwig2.jpg HTTP/1.1" 200 35067 "https://ysfine.com/bio08.html" "Mozilla/5.0 (Windows NT 10.0; Win64; x64) AppleWebKit/537.36 (KHTML, like Gecko) Chrome/109.0.0.0 Safari/537.36" "ysfine.com"
71.178.208.102 - - [01/Feb/2023:13:25:57 -0800] "GET /fotos/cokes22b.jpg HTTP/1.1" 200 31764 "https://ysfine.com/bio08.html" "Mozilla/5.0 (Windows NT 10.0; Win64; x64) AppleWebKit/537.36 (KHTML, like Gecko) Chrome/109.0.0.0 Safari/537.36" "ysfine.com"
71.178.208.102 - - [01/Feb/2023:13:25:57 -0800] "GET /fotos/lincoln61b.jpg HTTP/1.1" 200 27455 "https://ysfine.com/bio08.html" "Mozilla/5.0 (Windows NT 10.0; Win64; x64) AppleWebKit/537.36 (KHTML, like Gecko) Chrome/109.0.0.0 Safari/537.36" "ysfine.com"
71.178.208.102 - - [01/Feb/2023:13:25:57 -0800] "GET /fotos/stud72b.jpg HTTP/1.1" 200 31123 "https://ysfine.com/bio08.html" "Mozilla/5.0 (Windows NT 10.0; Win64; x64) AppleWebKit/537.36 (KHTML, like Gecko) Chrome/109.0.0.0 Safari/537.36" "ysfine.com"
71.178.208.102 - - [01/Feb/2023:13:25:57 -0800] "GET /wdc/capitol02c.jpg HTTP/1.1" 200 28733 "https://ysfine.com/bio08.html" "Mozilla/5.0 (Windows NT 10.0; Win64; x64) AppleWebKit/537.36 (KHTML, like Gecko) Chrome/109.0.0.0 Safari/537.36" "ysfine.com"
71.178.208.102 - - [01/Feb/2023:13:25:57 -0800] "GET /wdc/umd03b.jpg HTTP/1.1" 200 34740 "https://ysfine.com/bio08.html" "Mozilla/5.0 (Windows NT 10.0; Win64; x64) AppleWebKit/537.36 (KHTML, like Gecko) Chrome/109.0.0.0 Safari/537.36" "ysfine.com"
71.178.208.102 - - [01/Feb/2023:13:25:57 -0800] "GET /wdc/umd02b.jpg HTTP/1.1" 200 40335 "https://ysfine.com/bio08.html" "Mozilla/5.0 (Windows NT 10.0; Win64; x64) AppleWebKit/537.36 (KHTML, like Gecko) Chrome/109.0.0.0 Safari/537.36" "ysfine.com"
71.178.208.102 - - [01/Feb/2023:13:25:57 -0800] "GET /fotos/comcast11b.jpg HTTP/1.1" 200 22571 "https://ysfine.com/bio08.html" "Mozilla/5.0 (Windows NT 10.0; Win64; x64) AppleWebKit/537.36 (KHTML, like Gecko) Chrome/109.0.0.0 Safari/537.36" "ysfine.com"
71.178.208.102 - - [01/Feb/2023:13:25:57 -0800] "GET /awards/eward11c.jpg HTTP/1.1" 200 48989 "https://ysfine.com/bio08.html" "Mozilla/5.0 (Windows NT 10.0; Win64; x64) AppleWebKit/537.36 (KHTML, like Gecko) Chrome/109.0.0.0 Safari/537.36" "ysfine.com"
71.178.208.102 - - [01/Feb/2023:13:26:03 -0800] "GET /bio21.html HTTP/1.1" 200 5110 "https://ysfine.com/ys11/" "Mozilla/5.0 (Windows NT 10.0; Win64; x64) AppleWebKit/537.36 (KHTML, like Gecko) Chrome/109.0.0.0 Safari/537.36" "ysfine.com"
71.178.208.102 - - [01/Feb/2023:13:26:03 -0800] "GET /photos/photo01a.jpg HTTP/1.1" 200 78798 "https://ysfine.com/bio21.html" "Mozilla/5.0 (Windows NT 10.0; Win64; x64) AppleWebKit/537.36 (KHTML, like Gecko) Chrome/109.0.0.0 Safari/537.36" "ysfine.com"
71.178.208.102 - - [01/Feb/2023:13:26:03 -0800] "GET /photos/photo04a.jpg HTTP/1.1" 200 101869 "https://ysfine.com/bio21.html" "Mozilla/5.0 (Windows NT 10.0; Win64; x64) AppleWebKit/537.36 (KHTML, like Gecko) Chrome/109.0.0.0 Safari/537.36" "ysfine.com"
71.178.208.102 - - [01/Feb/2023:13:26:03 -0800] "GET /photos/photo08a.jpg HTTP/1.1" 200 61579 "https://ysfine.com/bio21.html" "Mozilla/5.0 (Windows NT 10.0; Win64; x64) AppleWebKit/537.36 (KHTML, like Gecko) Chrome/109.0.0.0 Safari/537.36" "ysfine.com"
71.178.208.102 - - [01/Feb/2023:13:26:03 -0800] "GET /photos/photo06a.jpg HTTP/1.1" 200 119347 "https://ysfine.com/bio21.html" "Mozilla/5.0 (Windows NT 10.0; Win64; x64) AppleWebKit/537.36 (KHTML, like Gecko) Chrome/109.0.0.0 Safari/537.36" "ysfine.com"
71.178.208.102 - - [01/Feb/2023:13:26:03 -0800] "GET /photos/photo02a.jpg HTTP/1.1" 200 85153 "https://ysfine.com/bio21.html" "Mozilla/5.0 (Windows NT 10.0; Win64; x64) AppleWebKit/537.36 (KHTML, like Gecko) Chrome/109.0.0.0 Safari/537.36" "ysfine.com"
71.178.208.102 - - [01/Feb/2023:13:26:03 -0800] "GET /photos/photo03a.jpg HTTP/1.1" 200 49471 "https://ysfine.com/bio21.html" "Mozilla/5.0 (Windows NT 10.0; Win64; x64) AppleWebKit/537.36 (KHTML, like Gecko) Chrome/109.0.0.0 Safari/537.36" "ysfine.com"
71.178.208.102 - - [01/Feb/2023:13:26:03 -0800] "GET /photos/photo10a.jpg HTTP/1.1" 200 73988 "https://ysfine.com/bio21.html" "Mozilla/5.0 (Windows NT 10.0; Win64; x64) AppleWebKit/537.36 (KHTML, like Gecko) Chrome/109.0.0.0 Safari/537.36" "ysfine.com"
71.178.208.102 - - [01/Feb/2023:13:26:03 -0800] "GET /photos/photo07a.jpg HTTP/1.1" 200 49266 "https://ysfine.com/bio21.html" "Mozilla/5.0 (Windows NT 10.0; Win64; x64) AppleWebKit/537.36 (KHTML, like Gecko) Chrome/109.0.0.0 Safari/537.36" "ysfine.com"
71.178.208.102 - - [01/Feb/2023:13:26:03 -0800] "GET /photos/photo09a.jpg HTTP/1.1" 200 54651 "https://ysfine.com/bio21.html" "Mozilla/5.0 (Windows NT 10.0; Win64; x64) AppleWebKit/537.36 (KHTML, like Gecko) Chrome/109.0.0.0 Safari/537.36" "ysfine.com"
71.178.208.102 - - [01/Feb/2023:13:26:03 -0800] "GET /photos/photo05a.jpg HTTP/1.1" 200 102807 "https://ysfine.com/bio21.html" "Mozilla/5.0 (Windows NT 10.0; Win64; x64) AppleWebKit/537.36 (KHTML, like Gecko) Chrome/109.0.0.0 Safari/537.36" "ysfine.com"
71.178.208.102 - - [01/Feb/2023:13:26:03 -0800] "GET /photos/photo11a.jpg HTTP/1.1" 200 76545 "https://ysfine.com/bio21.html" "Mozilla/5.0 (Windows NT 10.0; Win64; x64) AppleWebKit/537.36 (KHTML, like Gecko) Chrome/109.0.0.0 Safari/537.36" "ysfine.com"
71.178.208.102 - - [01/Feb/2023:13:26:03 -0800] "GET /photos/photo12a.jpg HTTP/1.1" 200 77596 "https://ysfine.com/bio21.html" "Mozilla/5.0 (Windows NT 10.0; Win64; x64) AppleWebKit/537.36 (KHTML, like Gecko) Chrome/109.0.0.0 Safari/537.36" "ysfine.com"
171.66.115.108 - - [01/Feb/2023:13:26:09 -0800] "GET /princeton/alexan22.jpg HTTP/1.1" 200 175436 "https://www.google.com/" "Mozilla/5.0 (Macintosh; Intel Mac OS X 10_15_7) AppleWebKit/537.36 (KHTML, like Gecko) Chrome/108.0.0.0 Safari/537.36" "ysfine.com"
40.77.167.192 - - [01/Feb/2023:13:26:57 -0800] "GET /bio/kobak/soraech.html HTTP/1.1" 404 88 "-" "Mozilla/5.0 AppleWebKit/537.36 (KHTML, like Gecko; compatible; bingbot/2.0; +http://www.bing.com/bingbot.htm) Chrome/103.0.5060.134 Safari/537.36" "ysfine.com"
51.222.253.10 - - [01/Feb/2023:13:27:10 -0800] "GET / HTTP/1.1" 200 5295 "-" "Mozilla/5.0 (compatible; AhrefsBot/7.0; +http://ahrefs.com/robot/)" "ysfine.com"
184.99.186.95 - - [01/Feb/2023:13:27:24 -0800] "GET /dirac/licone3.jpg HTTP/1.1" 200 51658 "https://www.bing.com/" "Mozilla/5.0 (Windows NT 10.0; Win64; x64) AppleWebKit/537.36 (KHTML, like Gecko) Chrome/108.0.0.0 Safari/537.36 Edg/108.0.1462.76" "www.ysfine.com"
114.119.147.129 - - [01/Feb/2023:13:29:47 -0800] "GET /jobs/brazilj.html HTTP/1.1" 200 1600 "-" "Mozilla/5.0 (Linux; Android 7.0;) AppleWebKit/537.36 (KHTML, like Gecko) Mobile Safari/537.36 (compatible; PetalBot;+https://webmaster.petalsearch.com/site/petalbot)" "ysfine.com"
71.178.208.102 - - [01/Feb/2023:13:30:04 -0800] "GET /beau/aline/ana11b.jpg HTTP/1.1" 404 88 "https://ysfine.com/style/songs.html" "Mozilla/5.0 (Windows NT 10.0; Win64; x64) AppleWebKit/537.36 (KHTML, like Gecko) Chrome/109.0.0.0 Safari/537.36 Edg/109.0.1518.70" "ysfine.com"
71.178.208.102 - - [01/Feb/2023:13:30:04 -0800] "GET /world/russ/ihousem22b.jpg HTTP/1.1" 404 88 "https://ysfine.com/style/songs.html" "Mozilla/5.0 (Windows NT 10.0; Win64; x64) AppleWebKit/537.36 (KHTML, like Gecko) Chrome/109.0.0.0 Safari/537.36 Edg/109.0.1518.70" "ysfine.com"
207.46.13.104 - - [01/Feb/2023:13:30:05 -0800] "GET /bio/kobak/yskor.html HTTP/1.1" 404 88 "-" "Mozilla/5.0 AppleWebKit/537.36 (KHTML, like Gecko; compatible; bingbot/2.0; +http://www.bing.com/bingbot.htm) Chrome/103.0.5060.134 Safari/537.36" "ysfine.com"
71.178.208.102 - - [01/Feb/2023:13:30:32 -0800] "GET /style/hifi01.jpg HTTP/1.1" 200 61475 "https://ysfine.com/style/songs.html" "Mozilla/5.0 (Windows NT 10.0; Win64; x64) AppleWebKit/537.36 (KHTML, like Gecko) Chrome/109.0.0.0 Safari/537.36 Edg/109.0.1518.70" "ysfine.com"
185.191.171.6 - - [01/Feb/2023:13:30:37 -0800] "GET /archives/online.html HTTP/1.1" 200 2747 "-" "Mozilla/5.0 (compatible; SemrushBot/7~bl; +http://www.semrush.com/bot.html)" "www.ysfine.com"
51.222.253.20 - - [01/Feb/2023:13:31:02 -0800] "GET /class54/class5470/total_data/sub_122.htm HTTP/1.1" 200 3311 "-" "Mozilla/5.0 (compatible; AhrefsBot/7.0; +http://ahrefs.com/robot/)" "www.ysfine.com"
51.222.253.20 - - [01/Feb/2023:13:31:04 -0800] "GET /class54/class5470/total_data/photo_img/1-22.jpg HTTP/1.1" 200 178545 "-" "Mozilla/5.0 (compatible; AhrefsBot/7.0; +http://ahrefs.com/robot/)" "www.ysfine.com"
51.222.253.8 - - [01/Feb/2023:13:31:05 -0800] "GET /class54/class5470/total_data/img/01_st_campus.gif HTTP/1.1" 200 616 "-" "Mozilla/5.0 (compatible; AhrefsBot/7.0; +http://ahrefs.com/robot/)" "www.ysfine.com"
185.191.171.33 - - [01/Feb/2023:13:31:19 -0800] "GET /world/scanw.html HTTP/1.1" 200 8407 "-" "Mozilla/5.0 (compatible; SemrushBot/7~bl; +http://www.semrush.com/bot.html)" "www.ysfine.com"
40.77.167.192 - - [01/Feb/2023:13:31:44 -0800] "GET /kobak/draftreg11b.jpg HTTP/1.1" 200 51376 "-" "Mozilla/5.0 AppleWebKit/537.36 (KHTML, like Gecko; compatible; bingbot/2.0; +http://www.bing.com/bingbot.htm) Chrome/103.0.5060.134 Safari/537.36" "www.ysfine.com"
52.167.144.86 - - [01/Feb/2023:13:32:21 -0800] "GET /bio/wigner/e(2).html HTTP/1.1" 404 88 "-" "Mozilla/5.0 AppleWebKit/537.36 (KHTML, like Gecko; compatible; bingbot/2.0; +http://www.bing.com/bingbot.htm) Chrome/103.0.5060.134 Safari/537.36" "ysfine.com"
114.119.159.128 - - [01/Feb/2023:13:32:28 -0800] "GET /class54/class5470/total_data/sub_141.htm HTTP/1.1" 200 3289 "https://www.ysfine.com/class54/class5470/total_data/sub_138.htm" "Mozilla/5.0 (Linux; Android 7.0;) AppleWebKit/537.36 (KHTML, like Gecko) Mobile Safari/537.36 (compatible; PetalBot;+https://webmaster.petalsearch.com/site/petalbot)" "www.ysfine.com"
17.241.227.234 - - [01/Feb/2023:13:32:47 -0800] "GET /dirac/dirfeyn.html HTTP/1.1" 200 6341 "-" "Mozilla/5.0 (Macintosh; Intel Mac OS X 10_15_5) AppleWebKit/605.1.15 (KHTML, like Gecko) Version/13.1.1 Safari/605.1.15 (Applebot/0.1; +http://www.apple.com/go/applebot)" "ysfine.com"
17.241.75.252 - - [01/Feb/2023:13:34:08 -0800] "GET /yspapers/europhys.pdf HTTP/1.1" 200 257170 "-" "Mozilla/5.0 (Macintosh; Intel Mac OS X 10_15_5) AppleWebKit/605.1.15 (KHTML, like Gecko) Version/13.1.1 Safari/605.1.15 (Applebot/0.1; +http://www.apple.com/go/applebot)" "ysfine.com"
40.77.167.192 - - [01/Feb/2023:13:34:15 -0800] "GET /bio.html HTTP/1.1" 200 18260 "-" "Mozilla/5.0 AppleWebKit/537.36 (KHTML, like Gecko; compatible; bingbot/2.0; +http://www.bing.com/bingbot.htm) Chrome/103.0.5060.134 Safari/537.36" "ysfine.com"
51.222.253.15 - - [01/Feb/2023:13:34:57 -0800] "GET /class54/class5470/total_data/sub_118.htm HTTP/1.1" 200 3306 "-" "Mozilla/5.0 (compatible; AhrefsBot/7.0; +http://ahrefs.com/robot/)" "www.ysfine.com"
51.222.253.10 - - [01/Feb/2023:13:34:58 -0800] "GET /class54/class5470/total_data/photo_img/1-18.jpg HTTP/1.1" 200 195052 "-" "Mozilla/5.0 (compatible; AhrefsBot/7.0; +http://ahrefs.com/robot/)" "www.ysfine.com"
5.78.72.246 - - [01/Feb/2023:13:35:14 -0800] "GET /wp-login.php HTTP/1.1" 404 88 "http://www.ysfine.com/wp-login.php" "Mozilla/5.0 (Windows NT 10.0; Win64; x64) AppleWebKit/537.36 (KHTML, like Gecko) Chrome/64.0.3282.140 Safari/537.36 Edge/18.17763" "www.ysfine.com"
216.244.66.229 - - [01/Feb/2023:13:37:31 -0800] "GET /robots.txt HTTP/1.1" 404 73 "-" "Mozilla/5.0 (compatible; DotBot/1.2; +https://opensiteexplorer.org/dotbot; help@moz.com)" "www.ysfine.com"
72.14.201.207 - - [01/Feb/2023:13:37:51 -0800] "GET / HTTP/1.1" 200 5295 "-" "Mozilla/5.0 (Linux; Android 10; K) AppleWebKit/537.36 (KHTML, like Gecko) Chrome/104.0.0.0 Mobile Safari/537.36" "ysfine.com"
185.191.171.33 - - [01/Feb/2023:13:38:01 -0800] "GET /kobak/kimilsong.html HTTP/1.1" 200 2263 "-" "Mozilla/5.0 (compatible; SemrushBot/7~bl; +http://www.semrush.com/bot.html)" "www.ysfine.com"
5.78.64.195 - - [01/Feb/2023:13:38:29 -0800] "GET /wp-login.php HTTP/1.1" 404 88 "http://ysfine.com/wp-login.php" "Mozilla/5.0 (Windows NT 10.0; Win64; x64) AppleWebKit/537.36 (KHTML, like Gecko) Chrome/64.0.3282.140 Safari/537.36 Edge/18.17763" "ysfine.com"
40.77.167.192 - - [01/Feb/2023:13:38:55 -0800] "GET /bio/eink/buythisbook.html HTTP/1.1" 404 88 "-" "Mozilla/5.0 AppleWebKit/537.36 (KHTML, like Gecko; compatible; bingbot/2.0; +http://www.bing.com/bingbot.htm) Chrome/103.0.5060.134 Safari/537.36" "ysfine.com"
51.222.253.3 - - [01/Feb/2023:13:39:07 -0800] "GET /class54/class5470/total_data/sub_119.htm HTTP/1.1" 200 3313 "-" "Mozilla/5.0 (compatible; AhrefsBot/7.0; +http://ahrefs.com/robot/)" "www.ysfine.com"
51.222.253.15 - - [01/Feb/2023:13:39:08 -0800] "GET /class54/class5470/total_data/img/01_smtitle19.gif HTTP/1.1" 200 540 "-" "Mozilla/5.0 (compatible; AhrefsBot/7.0; +http://ahrefs.com/robot/)" "www.ysfine.com"
216.244.66.229 - - [01/Feb/2023:13:40:10 -0800] "GET /world/spain/tol06.jpg HTTP/1.1" 200 198076 "-" "Mozilla/5.0 (compatible; DotBot/1.2; +https://opensiteexplorer.org/dotbot; help@moz.com)" "www.ysfine.com"
70.24.137.14 - - [01/Feb/2023:13:40:27 -0800] "GET /world/kor/sel803.jpg HTTP/1.1" 200 195155 "https://www.google.com/" "Mozilla/5.0 (Windows NT 10.0; Win64; x64) AppleWebKit/537.36 (KHTML, like Gecko) Chrome/109.0.0.0 Safari/537.36 Edg/109.0.1518.70" "ysfine.com"
216.244.66.229 - - [01/Feb/2023:13:40:35 -0800] "GET /world/china/shanghai005.jpg HTTP/1.1" 200 70169 "-" "Mozilla/5.0 (compatible; DotBot/1.2; +https://opensiteexplorer.org/dotbot; help@moz.com)" "www.ysfine.com"
216.244.66.229 - - [01/Feb/2023:13:40:38 -0800] "GET /world/israel/tlvf17.jpg HTTP/1.1" 200 199394 "-" "Mozilla/5.0 (compatible; DotBot/1.2; +https://opensiteexplorer.org/dotbot; help@moz.com)" "www.ysfine.com"
216.244.66.229 - - [01/Feb/2023:13:40:42 -0800] "GET /world/scandi/wignob01.jpg HTTP/1.1" 200 73231 "-" "Mozilla/5.0 (compatible; DotBot/1.2; +https://opensiteexplorer.org/dotbot; help@moz.com)" "www.ysfine.com"
52.167.144.39 - - [01/Feb/2023:13:40:42 -0800] "GET /bio/einstein/bern.html HTTP/1.1" 404 88 "-" "Mozilla/5.0 AppleWebKit/537.36 (KHTML, like Gecko; compatible; bingbot/2.0; +http://www.bing.com/bingbot.htm) Chrome/103.0.5060.134 Safari/537.36" "ysfine.com"
216.244.66.229 - - [01/Feb/2023:13:40:44 -0800] "GET /awards/fortune22.jpg HTTP/1.1" 200 358194 "-" "Mozilla/5.0 (compatible; DotBot/1.2; +https://opensiteexplorer.org/dotbot; help@moz.com)" "www.ysfine.com"
216.244.66.229 - - [01/Feb/2023:13:40:55 -0800] "GET /people/kilin11.jpg HTTP/1.1" 200 103596 "-" "Mozilla/5.0 (compatible; DotBot/1.2; +https://opensiteexplorer.org/dotbot; help@moz.com)" "www.ysfine.com"
216.244.66.229 - - [01/Feb/2023:13:41:17 -0800] "GET /philo/marx01.jpg HTTP/1.1" 200 220398 "-" "Mozilla/5.0 (compatible; DotBot/1.2; +https://opensiteexplorer.org/dotbot; help@moz.com)" "www.ysfine.com"
172.56.161.135 - - [01/Feb/2023:13:41:42 -0800] "GET /princeton/alexan22.jpg HTTP/1.1" 200 175436 "https://www.google.com/" "Mozilla/5.0 (iPhone; CPU iPhone OS 16_0_3 like Mac OS X) AppleWebKit/605.1.15 (KHTML, like Gecko) Version/16.0 Mobile/15E148 Safari/604.1" "ysfine.com"
216.244.66.229 - - [01/Feb/2023:13:41:43 -0800] "GET /remote/wigner111/frame17.html HTTP/1.1" 200 911 "-" "Mozilla/5.0 (compatible; DotBot/1.2; +https://opensiteexplorer.org/dotbot; help@moz.com)" "www.ysfine.com"
216.244.66.229 - - [01/Feb/2023:13:42:02 -0800] "GET /usca/pitt/knee11.jpg HTTP/1.1" 200 151514 "-" "Mozilla/5.0 (compatible; DotBot/1.2; +https://opensiteexplorer.org/dotbot; help@moz.com)" "www.ysfine.com"
216.244.66.229 - - [01/Feb/2023:13:42:24 -0800] "GET /wigner/martha11.jpg HTTP/1.1" 200 170660 "-" "Mozilla/5.0 (compatible; DotBot/1.2; +https://opensiteexplorer.org/dotbot; help@moz.com)" "www.ysfine.com"
207.46.13.104 - - [01/Feb/2023:13:42:29 -0800] "GET /einstein/eink01.jpg HTTP/1.1" 200 55270 "-" "Mozilla/5.0 AppleWebKit/537.36 (KHTML, like Gecko; compatible; bingbot/2.0; +http://www.bing.com/bingbot.htm) Chrome/103.0.5060.134 Safari/537.36" "ysfine.com"
51.175.182.225 - - [01/Feb/2023:13:42:50 -0800] "GET /feynman/feybial.jpg HTTP/1.1" 200 56284 "https://www.google.com/" "Mozilla/5.0 (Windows NT 10.0; Win64; x64) AppleWebKit/537.36 (KHTML, like Gecko) Chrome/108.0.0.0 Safari/537.36" "ysfine.com"
51.175.182.225 - - [01/Feb/2023:13:42:54 -0800] "GET /dirac/dirfeyn.html HTTP/1.1" 200 6341 "https://www.google.com/" "Mozilla/5.0 (Windows NT 10.0; Win64; x64) AppleWebKit/537.36 (KHTML, like Gecko) Chrome/108.0.0.0 Safari/537.36" "ysfine.com"
