51.222.253.3 - - [01/Feb/2023:01:40:57 -0800] "GET /class54/class5470/total_data/refer_img/1-38_f.jpg HTTP/1.1" 200 30462 "-" "Mozilla/5.0 (compatible; AhrefsBot/7.0; +http://ahrefs.com/robot/)" "www.ysfine.com"
17.241.219.35 - - [01/Feb/2023:01:41:47 -0800] "GET /wisdom/wk03.html HTTP/1.1" 200 85378 "-" "Mozilla/5.0 (Macintosh; Intel Mac OS X 10_15_5) AppleWebKit/605.1.15 (KHTML, like Gecko) Version/13.1.1 Safari/605.1.15 (Applebot/0.1; +http://www.apple.com/go/applebot)" "www.ysfine.com"
66.249.70.30 - - [01/Feb/2023:01:42:58 -0800] "GET /style/cameras/hwanghae11c.jpg HTTP/1.1" 200 33279 "-" "Googlebot-Image/1.0" "ysfine.com"
66.249.70.30 - - [01/Feb/2023:01:43:31 -0800] "GET /maga/phil/chou01b.jpg HTTP/1.1" 304 - "-" "Googlebot-Image/1.0" "ysfine.com"
194.38.20.161 - - [01/Feb/2023:01:43:38 -0800] "GET /sites/all/libraries/plupload/examples/upload.php HTTP/1.1" 404 73 "-" "ALittle Client" "ysfine.com"
52.167.144.86 - - [01/Feb/2023:01:43:57 -0800] "GET /usca/pitt/highland01.jpg HTTP/1.1" 200 56080 "-" "Mozilla/5.0 AppleWebKit/537.36 (KHTML, like Gecko; compatible; bingbot/2.0; +http://www.bing.com/bingbot.htm) Chrome/103.0.5060.134 Safari/537.36" "ysfine.com"
5.161.157.132 - - [01/Feb/2023:01:44:10 -0800] "GET /wigner/inonu.pdf HTTP/1.1" 200 87394 "-" "Mozilla/5.0 (Windows NT 10.0; Win64; x64) AppleWebKit/537.36 (KHTML, like Gecko) Chrome/84.0.4147.105 Safari/537.36" "ysfine.com"
207.46.13.90 - - [01/Feb/2023:01:44:20 -0800] "GET /world/spain/madrif02.jpg HTTP/1.1" 200 232788 "-" "Mozilla/5.0 AppleWebKit/537.36 (KHTML, like Gecko; compatible; bingbot/2.0; +http://www.bing.com/bingbot.htm) Chrome/103.0.5060.134 Safari/537.36" "ysfine.com"
185.191.171.26 - - [01/Feb/2023:01:44:46 -0800] "GET /robots.txt HTTP/1.1" 404 88 "-" "Mozilla/5.0 (compatible; SemrushBot/7~bl; +http://www.semrush.com/bot.html)" "ysfine.com"
185.191.171.10 - - [01/Feb/2023:01:44:46 -0800] "GET /heisen/einheisen22.html HTTP/1.1" 200 4707 "-" "Mozilla/5.0 (compatible; SemrushBot/7~bl; +http://www.semrush.com/bot.html)" "ysfine.com"
207.46.13.68 - - [01/Feb/2023:01:44:48 -0800] "GET /bio/kobak/namdae.html HTTP/1.1" 404 88 "-" "Mozilla/5.0 AppleWebKit/537.36 (KHTML, like Gecko; compatible; bingbot/2.0; +http://www.bing.com/bingbot.htm) Chrome/103.0.5060.134 Safari/537.36" "ysfine.com"
51.222.253.20 - - [01/Feb/2023:01:44:51 -0800] "GET /class54/class5470/total_data/sub_305.htm HTTP/1.1" 200 3330 "-" "Mozilla/5.0 (compatible; AhrefsBot/7.0; +http://ahrefs.com/robot/)" "ysfine.com"
51.222.253.4 - - [01/Feb/2023:01:45:07 -0800] "GET /class54/class5470/total_data/img/03_smtitle05.gif HTTP/1.1" 200 827 "-" "Mozilla/5.0 (compatible; AhrefsBot/7.0; +http://ahrefs.com/robot/)" "ysfine.com"
52.167.144.56 - - [01/Feb/2023:01:45:29 -0800] "GET /robots.txt HTTP/1.1" 404 88 "-" "Mozilla/5.0 AppleWebKit/537.36 (KHTML, like Gecko; compatible; bingbot/2.0; +http://www.bing.com/bingbot.htm) Chrome/103.0.5060.134 Safari/537.36" "ysfine.com"
49.146.37.130 - - [01/Feb/2023:01:46:23 -0800] "GET /maga/phys/schrod11.jpg HTTP/1.1" 200 107958 "https://images.search.yahoo.com/search/images;_ylt=Awr92EbhNNpji1cEgCaJzbkF;_ylu=c2VjA3NlYXJjaARzbGsDYnV0dG9u;_ylc=X1MDOTYwNjI4NTcEX3IDMgRmcgNtY2FmZWUEZnIyA3A6cyx2OmksbTpzYi10b3AEZ3ByaWQDMGZXc2FneThURkM4T3RZTkJXS1ZrQQRuX3JzbHQDMARuX3N1Z2cDMTAEb3JpZ2luA2ltYWdlcy5zZWFyY2gueWFob28uY29tBHBvcwMwBHBxc3RyAwRwcXN0cmwDMARxc3RybAMxOARxdWVyeQNlcndpbiUyMHNjaHJvZGluZ2VyJTIwBHRfc3RtcAMxNjc1MjQ0Nzc1?p=erwin+schrodinger+&fr=mcafee&fr2=p%3As%2Cv%3Ai%2Cm%3Asb-top&ei=UTF-8&x=wrt&type=E210US91215G0" "Mozilla/5.0 (Windows NT 10.0; Win64; x64) AppleWebKit/537.36 (KHTML, like Gecko) Chrome/109.0.0.0 Safari/537.36" "ysfine.com"
3.237.45.169 - - [01/Feb/2023:01:46:31 -0800] "GET /usca/pitt/idcard55.jpg HTTP/1.1" 200 104404 "-" "Mozilla/5.0 (X11; Ubuntu; Linux x86_64; rv:72.0) Gecko/20100101 Firefox/72.0" "ysfine.com"
105.244.152.108 - - [01/Feb/2023:01:47:20 -0800] "GET /world/kor/sel803.jpg HTTP/1.1" 200 195155 "https://www.google.com/" "Mozilla/5.0 (Linux; Android 12; SM-G981U) AppleWebKit/537.36 (KHTML, like Gecko) Chrome/109.0.0.0 Mobile Safari/537.36" "ysfine.com"
207.46.13.104 - - [01/Feb/2023:01:47:30 -0800] "GET /kobak/1014.jpg HTTP/1.1" 200 125873 "-" "Mozilla/5.0 AppleWebKit/537.36 (KHTML, like Gecko; compatible; bingbot/2.0; +http://www.bing.com/bingbot.htm) Chrome/103.0.5060.134 Safari/537.36" "ysfine.com"
207.46.13.90 - - [01/Feb/2023:01:47:51 -0800] "GET /world/brit/imperialc13.jpg HTTP/1.1" 200 79425 "-" "Mozilla/5.0 AppleWebKit/537.36 (KHTML, like Gecko; compatible; bingbot/2.0; +http://www.bing.com/bingbot.htm) Chrome/103.0.5060.134 Safari/537.36" "ysfine.com"
207.46.13.90 - - [01/Feb/2023:01:47:52 -0800] "GET /world/russ/novik22.jpg HTTP/1.1" 200 54549 "-" "Mozilla/5.0 AppleWebKit/537.36 (KHTML, like Gecko; compatible; bingbot/2.0; +http://www.bing.com/bingbot.htm) Chrome/103.0.5060.134 Safari/537.36" "ysfine.com"
71.178.208.102 - - [01/Feb/2023:01:48:22 -0800] "GET /ys11/index.html HTTP/1.1" 304 - "-" "Mozilla/5.0 (Windows NT 10.0; Win64; x64) AppleWebKit/537.36 (KHTML, like Gecko) Chrome/109.0.0.0 Safari/537.36 Edg/109.0.1518.70" "www.ysfine.com"
185.191.171.10 - - [01/Feb/2023:01:48:44 -0800] "GET /einstein/einusa.html HTTP/1.1" 200 8153 "-" "Mozilla/5.0 (compatible; SemrushBot/7~bl; +http://www.semrush.com/bot.html)" "ysfine.com"
51.222.253.6 - - [01/Feb/2023:01:49:48 -0800] "GET /class54/class5470/total_data/sub_319.htm HTTP/1.1" 200 3310 "-" "Mozilla/5.0 (compatible; AhrefsBot/7.0; +http://ahrefs.com/robot/)" "ysfine.com"
207.46.13.90 - - [01/Feb/2023:01:50:22 -0800] "GET /world/russ/mosmusic51.jpg HTTP/1.1" 200 91662 "-" "Mozilla/5.0 AppleWebKit/537.36 (KHTML, like Gecko; compatible; bingbot/2.0; +http://www.bing.com/bingbot.htm) Chrome/103.0.5060.134 Safari/537.36" "www.ysfine.com"
207.46.13.104 - - [01/Feb/2023:01:50:46 -0800] "GET /bio/sbk/1950.html HTTP/1.1" 404 88 "-" "Mozilla/5.0 AppleWebKit/537.36 (KHTML, like Gecko; compatible; bingbot/2.0; +http://www.bing.com/bingbot.htm) Chrome/103.0.5060.134 Safari/537.36" "ysfine.com"
77.75.79.31 - - [01/Feb/2023:01:51:26 -0800] "GET /feynman/feynart.html HTTP/1.1" 200 10277 "-" "Mozilla/5.0 (compatible; SeznamBot/4.0-RC1; +http://napoveda.seznam.cz/seznambot-intro/)" "ysfine.com"
216.244.66.229 - - [01/Feb/2023:01:51:41 -0800] "GET /robots.txt HTTP/1.1" 404 73 "-" "Mozilla/5.0 (compatible; DotBot/1.2; +https://opensiteexplorer.org/dotbot; help@moz.com)" "www.ysfine.com"
216.244.66.229 - - [01/Feb/2023:01:51:41 -0800] "GET /robots.txt HTTP/1.1" 404 73 "-" "Mozilla/5.0 (compatible; DotBot/1.2; +https://opensiteexplorer.org/dotbot; help@moz.com)" "ysfine.com"
207.46.13.68 - - [01/Feb/2023:01:51:47 -0800] "GET /world/ital/padova17b.jpg HTTP/1.1" 200 45751 "-" "Mozilla/5.0 AppleWebKit/537.36 (KHTML, like Gecko; compatible; bingbot/2.0; +http://www.bing.com/bingbot.htm) Chrome/103.0.5060.134 Safari/537.36" "ysfine.com"
66.249.70.30 - - [01/Feb/2023:01:51:55 -0800] "GET /eink/eink61b.jpg HTTP/1.1" 304 - "-" "Googlebot-Image/1.0" "ysfine.com"
66.249.70.4 - - [01/Feb/2023:01:53:07 -0800] "GET /world/russ/yasanevo22.jpg HTTP/1.1" 200 137422 "-" "Googlebot-Image/1.0" "ysfine.com"
51.222.253.3 - - [01/Feb/2023:01:53:47 -0800] "GET /class54/class5470/total_data/sub_320.htm HTTP/1.1" 200 3286 "-" "Mozilla/5.0 (compatible; AhrefsBot/7.0; +http://ahrefs.com/robot/)" "ysfine.com"
66.249.70.30 - - [01/Feb/2023:01:53:59 -0800] "GET /world/germany/leipzig57.jpg HTTP/1.1" 200 142407 "-" "Googlebot-Image/1.0" "ysfine.com"
66.249.70.3 - - [01/Feb/2023:01:54:04 -0800] "GET /wdc/anna05b.jpg HTTP/1.1" 304 - "-" "Googlebot-Image/1.0" "ysfine.com"
207.46.13.104 - - [01/Feb/2023:01:54:06 -0800] "GET /bio/style/artlove.html HTTP/1.1" 404 88 "-" "Mozilla/5.0 AppleWebKit/537.36 (KHTML, like Gecko; compatible; bingbot/2.0; +http://www.bing.com/bingbot.htm) Chrome/103.0.5060.134 Safari/537.36" "ysfine.com"
216.131.109.40 - - [01/Feb/2023:01:55:08 -0800] "GET /confer/other.html HTTP/1.1" 404 88 "http://ysfine.com" "Mozilla/5.0 (Windows NT 10.0; Win64; x64) AppleWebKit/537.36 (KHTML, like Gecko) Chrome/62.0.3202.94 Safari/537.36" "ysfine.com"
216.131.109.40 - - [01/Feb/2023:01:55:09 -0800] "GET /confer/other.html HTTP/1.1" 404 88 "http://ysfine.com" "Mozilla/5.0 (Windows NT 10.0; Win64; x64) AppleWebKit/537.36 (KHTML, like Gecko) Chrome/62.0.3202.94 Safari/537.36" "ysfine.com"
216.131.109.40 - - [01/Feb/2023:01:55:10 -0800] "GET /confer/other.html HTTP/1.1" 404 88 "http://ysfine.com" "Mozilla/5.0 (Windows NT 10.0; Win64; x64) AppleWebKit/537.36 (KHTML, like Gecko) Chrome/62.0.3202.94 Safari/537.36" "ysfine.com"
216.131.109.40 - - [01/Feb/2023:01:55:10 -0800] "GET /confer/other.html HTTP/1.1" 404 88 "http://ysfine.com" "Mozilla/5.0 (Windows NT 10.0; Win64; x64) AppleWebKit/537.36 (KHTML, like Gecko) Chrome/62.0.3202.94 Safari/537.36" "ysfine.com"
216.244.66.229 - - [01/Feb/2023:01:55:26 -0800] "GET /world/china/shanghai001.jpg HTTP/1.1" 200 99793 "-" "Mozilla/5.0 (compatible; DotBot/1.2; +https://opensiteexplorer.org/dotbot; help@moz.com)" "ysfine.com"
5.188.210.84 - - [01/Feb/2023:01:55:42 -0800] "GET /world/visas.html HTTP/1.1" 200 7643 "https://www.ysfine.com/world/visas.html" "Mozilla/5.0 (Windows NT 6.3; Win64; x64) AppleWebKit/537.36 (KHTML, like Gecko) Chrome/90.0.4430.85 Safari/537.36" "www.ysfine.com"
216.244.66.229 - - [01/Feb/2023:01:55:43 -0800] "GET /world/spain/sala04.jpg HTTP/1.1" 200 218084 "-" "Mozilla/5.0 (compatible; DotBot/1.2; +https://opensiteexplorer.org/dotbot; help@moz.com)" "www.ysfine.com"
216.244.66.229 - - [01/Feb/2023:01:56:11 -0800] "GET /world/spain/tol08.jpg HTTP/1.1" 200 145878 "-" "Mozilla/5.0 (compatible; DotBot/1.2; +https://opensiteexplorer.org/dotbot; help@moz.com)" "www.ysfine.com"
185.191.171.23 - - [01/Feb/2023:01:56:34 -0800] "GET /bio54.html HTTP/1.1" 200 8798 "-" "Mozilla/5.0 (compatible; SemrushBot/7~bl; +http://www.semrush.com/bot.html)" "ysfine.com"
207.46.13.90 - - [01/Feb/2023:01:57:15 -0800] "GET /bio/kobak/soraech.html HTTP/1.1" 404 88 "-" "Mozilla/5.0 AppleWebKit/537.36 (KHTML, like Gecko; compatible; bingbot/2.0; +http://www.bing.com/bingbot.htm) Chrome/103.0.5060.134 Safari/537.36" "ysfine.com"
207.46.13.64 - - [01/Feb/2023:01:57:26 -0800] "GET /style/picasso11.jpg HTTP/1.1" 200 99620 "-" "Mozilla/5.0 AppleWebKit/537.36 (KHTML, like Gecko; compatible; bingbot/2.0; +http://www.bing.com/bingbot.htm) Chrome/103.0.5060.134 Safari/537.36" "ysfine.com"
216.244.66.229 - - [01/Feb/2023:01:57:50 -0800] "GET /wigner/wigphoto.html HTTP/1.1" 200 7875 "-" "Mozilla/5.0 (compatible; DotBot/1.2; +https://opensiteexplorer.org/dotbot; help@moz.com)" "ysfine.com"
34.205.85.214 - - [01/Feb/2023:01:58:00 -0800] "GET /robots.txt HTTP/1.1" 404 88 "-" "Apache-HttpClient/4.5.3 (Java/1.8.0_292)" "ysfine.com"
3.91.25.141 - - [01/Feb/2023:01:58:07 -0800] "GET / HTTP/1.1" 200 5295 "-" "Mozilla/5.0 (compatible; Newslitbot/0.1; +https://www.newslit.co)" "ysfine.com"
51.222.253.9 - - [01/Feb/2023:01:58:11 -0800] "GET /class54/class5470/total_data/sub_315.htm HTTP/1.1" 200 3287 "-" "Mozilla/5.0 (compatible; AhrefsBot/7.0; +http://ahrefs.com/robot/)" "ysfine.com"
114.119.137.80 - - [01/Feb/2023:01:58:15 -0800] "GET /dirac/dirwig55d.jpg HTTP/1.1" 200 47442 "https://www.ysfine.com/dirac/dirk62.html" "Mozilla/5.0 (Linux; Android 7.0;) AppleWebKit/537.36 (KHTML, like Gecko) Mobile Safari/537.36 (compatible; PetalBot;+https://webmaster.petalsearch.com/site/petalbot)" "www.ysfine.com"
185.191.171.24 - - [01/Feb/2023:01:59:20 -0800] "GET /einstein/brownian.html HTTP/1.1" 200 1175 "-" "Mozilla/5.0 (compatible; SemrushBot/7~bl; +http://www.semrush.com/bot.html)" "ysfine.com"
216.244.66.229 - - [01/Feb/2023:01:59:41 -0800] "GET /maga/phys/schrod08.jpg HTTP/1.1" 200 84522 "-" "Mozilla/5.0 (compatible; DotBot/1.2; +https://opensiteexplorer.org/dotbot; help@moz.com)" "ysfine.com"
207.46.13.68 - - [01/Feb/2023:02:00:27 -0800] "GET /einstein/places/ulm11b.jpg HTTP/1.1" 200 35828 "-" "Mozilla/5.0 AppleWebKit/537.36 (KHTML, like Gecko; compatible; bingbot/2.0; +http://www.bing.com/bingbot.htm) Chrome/103.0.5060.134 Safari/537.36" "www.ysfine.com"
5.188.210.84 - - [01/Feb/2023:02:00:44 -0800] "GET /world/visas.html HTTP/1.1" 200 7643 "https://www.ysfine.com/world/visas.html" "Mozilla/5.0 (Windows NT 6.1; WOW64) AppleWebKit/537.36 (KHTML, like Gecko) Chrome/90.0.4430.93 Safari/537.36" "www.ysfine.com"
207.46.13.104 - - [01/Feb/2023:02:00:52 -0800] "GET /bio/kobak/yskor.html HTTP/1.1" 404 88 "-" "Mozilla/5.0 AppleWebKit/537.36 (KHTML, like Gecko; compatible; bingbot/2.0; +http://www.bing.com/bingbot.htm) Chrome/103.0.5060.134 Safari/537.36" "ysfine.com"
216.244.66.229 - - [01/Feb/2023:02:01:03 -0800] "GET /world/ital/padova04.jpg HTTP/1.1" 200 80680 "-" "Mozilla/5.0 (compatible; DotBot/1.2; +https://opensiteexplorer.org/dotbot; help@moz.com)" "ysfine.com"
51.222.253.7 - - [01/Feb/2023:02:02:03 -0800] "GET /class54/class5470/total_data/sub_321.htm HTTP/1.1" 200 3323 "-" "Mozilla/5.0 (compatible; AhrefsBot/7.0; +http://ahrefs.com/robot/)" "ysfine.com"
51.222.253.14 - - [01/Feb/2023:02:02:05 -0800] "GET /class54/class5470/total_data/img/03_smtitle21.gif HTTP/1.1" 200 706 "-" "Mozilla/5.0 (compatible; AhrefsBot/7.0; +http://ahrefs.com/robot/)" "ysfine.com"
17.241.227.226 - - [01/Feb/2023:02:02:11 -0800] "GET /princeton/yspr.html HTTP/1.1" 200 5470 "-" "Mozilla/5.0 (Macintosh; Intel Mac OS X 10_15_5) AppleWebKit/605.1.15 (KHTML, like Gecko) Version/13.1.1 Safari/605.1.15 (Applebot/0.1; +http://www.apple.com/go/applebot)" "ysfine.com"
2.186.41.153 - - [01/Feb/2023:02:02:14 -0800] "GET /maga/histo/desiree22.jpg HTTP/1.1" 200 113561 "https://www.google.com/" "Mozilla/5.0 (Linux; Android 8.0.0; SM-C7000) AppleWebKit/537.36 (KHTML, like Gecko) Chrome/102.0.0.0 Mobile Safari/537.36" "ysfine.com"
207.46.13.64 - - [01/Feb/2023:02:02:27 -0800] "GET /awards/index.html HTTP/1.1" 200 10082 "-" "Mozilla/5.0 AppleWebKit/537.36 (KHTML, like Gecko; compatible; bingbot/2.0; +http://www.bing.com/bingbot.htm) Chrome/103.0.5060.134 Safari/537.36" "ysfine.com"
185.191.171.18 - - [01/Feb/2023:02:02:28 -0800] "GET /einstein/einstorie.html HTTP/1.1" 200 2529 "-" "Mozilla/5.0 (compatible; SemrushBot/7~bl; +http://www.semrush.com/bot.html)" "ysfine.com"
216.244.66.229 - - [01/Feb/2023:02:02:34 -0800] "GET /jobs/yst.docx HTTP/1.1" 200 23342 "-" "Mozilla/5.0 (compatible; DotBot/1.2; +https://opensiteexplorer.org/dotbot; help@moz.com)" "ysfine.com"
52.167.144.86 - - [01/Feb/2023:02:03:01 -0800] "GET /bio/wigner/e(2).html HTTP/1.1" 404 88 "-" "Mozilla/5.0 AppleWebKit/537.36 (KHTML, like Gecko; compatible; bingbot/2.0; +http://www.bing.com/bingbot.htm) Chrome/103.0.5060.134 Safari/537.36" "ysfine.com"
216.244.66.229 - - [01/Feb/2023:02:03:04 -0800] "GET /style/chopingr.html HTTP/1.1" 200 659 "-" "Mozilla/5.0 (compatible; DotBot/1.2; +https://opensiteexplorer.org/dotbot; help@moz.com)" "ysfine.com"
116.102.186.211 - - [01/Feb/2023:02:03:29 -0800] "GET /kowar/panmun04.jpg HTTP/1.1" 200 126386 "https://www.google.com.vn/" "Mozilla/5.0 (Windows NT 10.0; Win64; x64) AppleWebKit/537.36 (KHTML, like Gecko) Chrome/108.0.0.0 Safari/537.36" "ysfine.com"
216.244.66.229 - - [01/Feb/2023:02:03:32 -0800] "GET /wdc/treasury22.jpg HTTP/1.1" 200 111423 "-" "Mozilla/5.0 (compatible; DotBot/1.2; +https://opensiteexplorer.org/dotbot; help@moz.com)" "ysfine.com"
216.244.66.229 - - [01/Feb/2023:02:04:22 -0800] "GET /world/baltic/kalin15.jpg HTTP/1.1" 200 89905 "-" "Mozilla/5.0 (compatible; DotBot/1.2; +https://opensiteexplorer.org/dotbot; help@moz.com)" "ysfine.com"
207.46.13.90 - - [01/Feb/2023:02:05:03 -0800] "GET /bio/eink/buythisbook.html HTTP/1.1" 404 88 "-" "Mozilla/5.0 AppleWebKit/537.36 (KHTML, like Gecko; compatible; bingbot/2.0; +http://www.bing.com/bingbot.htm) Chrome/103.0.5060.134 Safari/537.36" "ysfine.com"
207.46.13.90 - - [01/Feb/2023:02:05:04 -0800] "GET /bio.html HTTP/1.1" 200 18260 "-" "Mozilla/5.0 AppleWebKit/537.36 (KHTML, like Gecko; compatible; bingbot/2.0; +http://www.bing.com/bingbot.htm) Chrome/103.0.5060.134 Safari/537.36" "ysfine.com"
216.244.66.229 - - [01/Feb/2023:02:05:13 -0800] "GET /world/baltic/kalin16.jpg HTTP/1.1" 200 89716 "-" "Mozilla/5.0 (compatible; DotBot/1.2; +https://opensiteexplorer.org/dotbot; help@moz.com)" "ysfine.com"
51.222.253.20 - - [01/Feb/2023:02:05:59 -0800] "GET /einstein/wallis.html HTTP/1.1" 200 5621 "-" "Mozilla/5.0 (compatible; AhrefsBot/7.0; +http://ahrefs.com/robot/)" "ysfine.com"
216.244.66.229 - - [01/Feb/2023:02:06:03 -0800] "GET /world/baltic/rigaeisen01.jpg HTTP/1.1" 200 115668 "-" "Mozilla/5.0 (compatible; DotBot/1.2; +https://opensiteexplorer.org/dotbot; help@moz.com)" "ysfine.com"
216.244.66.229 - - [01/Feb/2023:02:06:54 -0800] "GET /world/baltic/tallin29.jpg HTTP/1.1" 200 328321 "-" "Mozilla/5.0 (compatible; DotBot/1.2; +https://opensiteexplorer.org/dotbot; help@moz.com)" "ysfine.com"
95.163.255.67 - - [01/Feb/2023:02:07:00 -0800] "GET /robots.txt HTTP/1.1" 404 73 "-" "Mozilla/5.0 (compatible; Linux x86_64; Mail.RU_Bot/2.0; +https://help.mail.ru/webmaster/indexing/robots)" "www.ysfine.com"
185.191.171.43 - - [01/Feb/2023:02:07:06 -0800] "GET /wigner/neum/compu.html HTTP/1.1" 200 2267 "-" "Mozilla/5.0 (compatible; SemrushBot/7~bl; +http://www.semrush.com/bot.html)" "ysfine.com"
95.163.255.63 - - [01/Feb/2023:02:07:26 -0800] "GET /maga/invent/eisenstein03.jpg HTTP/1.1" 200 73731 "-" "Mozilla/5.0 (compatible; Linux x86_64; Mail.RU_Bot/2.0; +https://help.mail.ru/webmaster/indexing/robots)" "www.ysfine.com"
216.244.66.229 - - [01/Feb/2023:02:07:45 -0800] "GET /world/baltic/tallin79.jpg HTTP/1.1" 200 159850 "-" "Mozilla/5.0 (compatible; DotBot/1.2; +https://opensiteexplorer.org/dotbot; help@moz.com)" "ysfine.com"
216.244.66.229 - - [01/Feb/2023:02:08:35 -0800] "GET /world/ital/bologr10.jpg HTTP/1.1" 200 120319 "-" "Mozilla/5.0 (compatible; DotBot/1.2; +https://opensiteexplorer.org/dotbot; help@moz.com)" "ysfine.com"
216.244.66.229 - - [01/Feb/2023:02:09:27 -0800] "GET /world/ital/bologu23.jpg HTTP/1.1" 200 117794 "-" "Mozilla/5.0 (compatible; DotBot/1.2; +https://opensiteexplorer.org/dotbot; help@moz.com)" "ysfine.com"
52.167.144.86 - - [01/Feb/2023:02:09:49 -0800] "GET /world/kalinin.html HTTP/1.1" 304 - "-" "Mozilla/5.0 AppleWebKit/537.36 (KHTML, like Gecko; compatible; bingbot/2.0; +http://www.bing.com/bingbot.htm) Chrome/103.0.5060.134 Safari/537.36" "www.ysfine.com"
37.123.164.79 - - [01/Feb/2023:02:10:04 -0800] "GET /maga/galtime.html HTTP/1.1" 200 1944 "https://www.google.com/" "Mozilla/5.0 (Macintosh; Intel Mac OS X 10_15_7) AppleWebKit/605.1.15 (KHTML, like Gecko) Version/16.1 Safari/605.1.15" "ysfine.com"
37.123.164.79 - - [01/Feb/2023:02:10:04 -0800] "GET /maga/phys/inclined11b.jpg HTTP/1.1" 200 35417 "https://ysfine.com/maga/galtime.html" "Mozilla/5.0 (Macintosh; Intel Mac OS X 10_15_7) AppleWebKit/605.1.15 (KHTML, like Gecko) Version/16.1 Safari/605.1.15" "ysfine.com"
37.123.164.79 - - [01/Feb/2023:02:10:04 -0800] "GET /world/ital/museo.jpg HTTP/1.1" 200 41524 "https://ysfine.com/maga/galtime.html" "Mozilla/5.0 (Macintosh; Intel Mac OS X 10_15_7) AppleWebKit/605.1.15 (KHTML, like Gecko) Version/16.1 Safari/605.1.15" "ysfine.com"
37.123.164.79 - - [01/Feb/2023:02:10:05 -0800] "GET /favicon.ico HTTP/1.1" 404 88 "https://ysfine.com/maga/galtime.html" "Mozilla/5.0 (Macintosh; Intel Mac OS X 10_15_7) AppleWebKit/605.1.15 (KHTML, like Gecko) Version/16.1 Safari/605.1.15" "ysfine.com"
216.244.66.229 - - [01/Feb/2023:02:10:06 -0800] "GET /world/ital/flor066.jpg HTTP/1.1" 200 89339 "-" "Mozilla/5.0 (compatible; DotBot/1.2; +https://opensiteexplorer.org/dotbot; help@moz.com)" "ysfine.com"
95.108.213.151 - - [01/Feb/2023:02:10:20 -0800] "GET /robots.txt HTTP/1.1" 404 73 "-" "Mozilla/5.0 (compatible; YandexBot/3.0; +http://yandex.com/bots)" "ysfine.com"
95.108.213.225 - - [01/Feb/2023:02:10:21 -0800] "GET /robots.txt HTTP/1.1" 404 73 "-" "Mozilla/5.0 (compatible; YandexBot/3.0; +http://yandex.com/bots)" "ysfine.com"
213.180.203.186 - - [01/Feb/2023:02:10:22 -0800] "GET /home/1987pr22.jpg HTTP/1.1" 200 273963 "-" "Mozilla/5.0 (compatible; YandexImages/3.0; +http://yandex.com/bots)" "ysfine.com"
51.222.253.1 - - [01/Feb/2023:02:10:24 -0800] "GET /people/sbt.html HTTP/1.1" 200 529 "-" "Mozilla/5.0 (compatible; AhrefsBot/7.0; +http://ahrefs.com/robot/)" "www.ysfine.com"
51.222.253.14 - - [01/Feb/2023:02:10:28 -0800] "GET /people/sbt11a.jpg HTTP/1.1" 200 109936 "-" "Mozilla/5.0 (compatible; AhrefsBot/7.0; +http://ahrefs.com/robot/)" "www.ysfine.com"
185.184.157.102 - - [01/Feb/2023:02:10:33 -0800] "GET /robots.txt HTTP/1.1" 404 88 "-" "Mozilla/5.0 (compatible; linkdexbot/2.0; +http://www.linkdex.com/bots/)" "ysfine.com"
185.184.157.102 - - [01/Feb/2023:02:10:33 -0800] "GET /world/travel.html HTTP/1.1" 200 1633 "-" "Mozilla/5.0 (compatible; linkdexbot/2.0; +http://www.linkdex.com/bots/)" "www.ysfine.com"
185.184.157.102 - - [01/Feb/2023:02:10:33 -0800] "GET /robots.txt HTTP/1.1" 404 88 "-" "Mozilla/5.0 (compatible; linkdexbot/2.0; +http://www.linkdex.com/bots/)" "www.ysfine.com"
216.244.66.229 - - [01/Feb/2023:02:10:56 -0800] "GET /world/ital/rome008.jpg HTTP/1.1" 200 134995 "-" "Mozilla/5.0 (compatible; DotBot/1.2; +https://opensiteexplorer.org/dotbot; help@moz.com)" "ysfine.com"
207.46.13.68 - - [01/Feb/2023:02:11:00 -0800] "GET /bio/einstein/bern.html HTTP/1.1" 404 88 "-" "Mozilla/5.0 AppleWebKit/537.36 (KHTML, like Gecko; compatible; bingbot/2.0; +http://www.bing.com/bingbot.htm) Chrome/103.0.5060.134 Safari/537.36" "ysfine.com"
95.163.255.63 - - [01/Feb/2023:02:11:45 -0800] "GET /maga/histo/jfk61b.jpg HTTP/1.1" 200 46815 "-" "Mozilla/5.0 (compatible; Linux x86_64; Mail.RU_Bot/2.0; +https://help.mail.ru/webmaster/indexing/robots)" "www.ysfine.com"
216.244.66.229 - - [01/Feb/2023:02:11:46 -0800] "GET /world/ital/rome056.jpg HTTP/1.1" 200 114902 "-" "Mozilla/5.0 (compatible; DotBot/1.2; +https://opensiteexplorer.org/dotbot; help@moz.com)" "ysfine.com"
207.46.13.68 - - [01/Feb/2023:02:11:59 -0800] "GET /world/russ/spbf28.jpg HTTP/1.1" 200 240532 "-" "Mozilla/5.0 AppleWebKit/537.36 (KHTML, like Gecko; compatible; bingbot/2.0; +http://www.bing.com/bingbot.htm) Chrome/103.0.5060.134 Safari/537.36" "ysfine.com"
216.244.66.229 - - [01/Feb/2023:02:12:18 -0800] "GET /world/ital/rome128.jpg HTTP/1.1" 200 151231 "-" "Mozilla/5.0 (compatible; DotBot/1.2; +https://opensiteexplorer.org/dotbot; help@moz.com)" "ysfine.com"
95.163.255.68 - - [01/Feb/2023:02:13:04 -0800] "GET /robots.txt HTTP/1.1" 404 73 "-" "Mozilla/5.0 (compatible; Linux x86_64; Mail.RU_Bot/2.0; +https://help.mail.ru/webmaster/indexing/robots)" "ysfine.com"
216.244.66.229 - - [01/Feb/2023:02:13:08 -0800] "GET /world/ital/rome175.jpg HTTP/1.1" 200 84051 "-" "Mozilla/5.0 (compatible; DotBot/1.2; +https://opensiteexplorer.org/dotbot; help@moz.com)" "ysfine.com"
207.46.13.90 - - [01/Feb/2023:02:13:15 -0800] "GET /bio/style/proschanie.html HTTP/1.1" 404 88 "-" "Mozilla/5.0 AppleWebKit/537.36 (KHTML, like Gecko; compatible; bingbot/2.0; +http://www.bing.com/bingbot.htm) Chrome/103.0.5060.134 Safari/537.36" "ysfine.com"
216.244.66.229 - - [01/Feb/2023:02:13:41 -0800] "GET /world/ital/vatican18.jpg HTTP/1.1" 200 66915 "-" "Mozilla/5.0 (compatible; DotBot/1.2; +https://opensiteexplorer.org/dotbot; help@moz.com)" "ysfine.com"
95.163.255.63 - - [01/Feb/2023:02:14:18 -0800] "GET /maga/invent/joak11b.jpg HTTP/1.1" 200 40558 "-" "Mozilla/5.0 (compatible; Linux x86_64; Mail.RU_Bot/2.0; +https://help.mail.ru/webmaster/indexing/robots)" "ysfine.com"
216.244.66.229 - - [01/Feb/2023:02:14:18 -0800] "GET /world/ital/vatican21.jpg HTTP/1.1" 200 88893 "-" "Mozilla/5.0 (compatible; DotBot/1.2; +https://opensiteexplorer.org/dotbot; help@moz.com)" "ysfine.com"
216.244.66.229 - - [01/Feb/2023:02:14:59 -0800] "GET /world/ital/venice01ff.jpg HTTP/1.1" 200 127956 "-" "Mozilla/5.0 (compatible; DotBot/1.2; +https://opensiteexplorer.org/dotbot; help@moz.com)" "ysfine.com"
51.222.253.14 - - [01/Feb/2023:02:15:04 -0800] "GET /class54/class5470/total_data/sub_715.htm HTTP/1.1" 200 3294 "-" "Mozilla/5.0 (compatible; AhrefsBot/7.0; +http://ahrefs.com/robot/)" "ysfine.com"
95.163.255.65 - - [01/Feb/2023:02:15:34 -0800] "GET /maga/invent/kdka11c.jpg HTTP/1.1" 200 28450 "-" "Mozilla/5.0 (compatible; Linux x86_64; Mail.RU_Bot/2.0; +https://help.mail.ru/webmaster/indexing/robots)" "ysfine.com"
216.244.66.229 - - [01/Feb/2023:02:15:50 -0800] "GET /world/ital/venice14ff.jpg HTTP/1.1" 200 216103 "-" "Mozilla/5.0 (compatible; DotBot/1.2; +https://opensiteexplorer.org/dotbot; help@moz.com)" "ysfine.com"
52.167.144.86 - - [01/Feb/2023:02:16:00 -0800] "GET /feynman/feynart.html HTTP/1.1" 200 10277 "-" "Mozilla/5.0 AppleWebKit/537.36 (KHTML, like Gecko; compatible; bingbot/2.0; +http://www.bing.com/bingbot.htm) Chrome/103.0.5060.134 Safari/537.36" "www.ysfine.com"
95.163.255.68 - - [01/Feb/2023:02:16:31 -0800] "GET /kobak/sonja.jpg HTTP/1.1" 200 46801 "-" "Mozilla/5.0 (compatible; Linux x86_64; Mail.RU_Bot/2.0; +https://help.mail.ru/webmaster/indexing/robots)" "ysfine.com"
216.244.66.229 - - [01/Feb/2023:02:16:40 -0800] "GET /world/ital/venice61.jpg HTTP/1.1" 200 176437 "-" "Mozilla/5.0 (compatible; DotBot/1.2; +https://opensiteexplorer.org/dotbot; help@moz.com)" "ysfine.com"
207.46.13.90 - - [01/Feb/2023:02:16:47 -0800] "GET /bio/style/songs.html HTTP/1.1" 404 88 "-" "Mozilla/5.0 AppleWebKit/537.36 (KHTML, like Gecko; compatible; bingbot/2.0; +http://www.bing.com/bingbot.htm) Chrome/103.0.5060.134 Safari/537.36" "ysfine.com"
52.167.144.86 - - [01/Feb/2023:02:18:52 -0800] "GET /bio/princeton/campus.html HTTP/1.1" 404 88 "-" "Mozilla/5.0 AppleWebKit/537.36 (KHTML, like Gecko; compatible; bingbot/2.0; +http://www.bing.com/bingbot.htm) Chrome/103.0.5060.134 Safari/537.36" "ysfine.com"
71.178.208.102 - - [01/Feb/2023:02:19:12 -0800] "GET /ys11/ HTTP/1.1" 200 3494 "-" "Mozilla/5.0 (Windows NT 10.0; Win64; x64) AppleWebKit/537.36 (KHTML, like Gecko) Chrome/109.0.0.0 Safari/537.36 Edg/109.0.1518.70" "ysfine.com"
51.222.253.12 - - [01/Feb/2023:02:20:01 -0800] "GET /class54/class5470/total_data/sub_714.htm HTTP/1.1" 200 3301 "-" "Mozilla/5.0 (compatible; AhrefsBot/7.0; +http://ahrefs.com/robot/)" "ysfine.com"
207.46.13.68 - - [01/Feb/2023:02:20:42 -0800] "GET /bio/kobak/namdae.html HTTP/1.1" 404 88 "-" "Mozilla/5.0 AppleWebKit/537.36 (KHTML, like Gecko; compatible; bingbot/2.0; +http://www.bing.com/bingbot.htm) Chrome/103.0.5060.134 Safari/537.36" "ysfine.com"
216.244.66.229 - - [01/Feb/2023:02:22:37 -0800] "GET /home/onephys.html HTTP/1.1" 200 5925 "-" "Mozilla/5.0 (compatible; DotBot/1.2; +https://opensiteexplorer.org/dotbot; help@moz.com)" "ysfine.com"
207.46.13.90 - - [01/Feb/2023:02:22:45 -0800] "GET /world/germany/hegel21b.jpg HTTP/1.1" 200 52348 "-" "Mozilla/5.0 AppleWebKit/537.36 (KHTML, like Gecko; compatible; bingbot/2.0; +http://www.bing.com/bingbot.htm) Chrome/103.0.5060.134 Safari/537.36" "ysfine.com"
216.244.66.229 - - [01/Feb/2023:02:23:06 -0800] "GET /world/ital/verona12.jpg HTTP/1.1" 200 68256 "-" "Mozilla/5.0 (compatible; DotBot/1.2; +https://opensiteexplorer.org/dotbot; help@moz.com)" "ysfine.com"
216.244.66.229 - - [01/Feb/2023:02:23:36 -0800] "GET /world/vienna.html HTTP/1.1" 200 19173 "-" "Mozilla/5.0 (compatible; DotBot/1.2; +https://opensiteexplorer.org/dotbot; help@moz.com)" "ysfine.com"
51.222.253.19 - - [01/Feb/2023:02:24:00 -0800] "GET /class54/class5470/total_data/sub_702.htm HTTP/1.1" 200 3294 "-" "Mozilla/5.0 (compatible; AhrefsBot/7.0; +http://ahrefs.com/robot/)" "ysfine.com"
185.191.171.23 - - [01/Feb/2023:02:24:04 -0800] "GET /ffriends/airlines.html HTTP/1.1" 200 19033 "-" "Mozilla/5.0 (compatible; SemrushBot/7~bl; +http://www.semrush.com/bot.html)" "ysfine.com"
207.46.13.104 - - [01/Feb/2023:02:24:30 -0800] "GET /bio21.html HTTP/1.1" 200 5110 "-" "Mozilla/5.0 AppleWebKit/537.36 (KHTML, like Gecko; compatible; bingbot/2.0; +http://www.bing.com/bingbot.htm) Chrome/103.0.5060.134 Safari/537.36" "ysfine.com"
216.244.66.229 - - [01/Feb/2023:02:25:22 -0800] "GET /fbook/phys.html HTTP/1.1" 200 8949 "-" "Mozilla/5.0 (compatible; DotBot/1.2; +https://opensiteexplorer.org/dotbot; help@moz.com)" "ysfine.com"
216.244.66.229 - - [01/Feb/2023:02:25:51 -0800] "GET /feynman/ HTTP/1.1" 200 200 "-" "Mozilla/5.0 (compatible; DotBot/1.2; +https://opensiteexplorer.org/dotbot; help@moz.com)" "ysfine.com"
216.244.66.229 - - [01/Feb/2023:02:26:20 -0800] "GET /wdc/redcross11.jpg HTTP/1.1" 200 100007 "-" "Mozilla/5.0 (compatible; DotBot/1.2; +https://opensiteexplorer.org/dotbot; help@moz.com)" "ysfine.com"
185.191.171.24 - - [01/Feb/2023:02:26:30 -0800] "GET /robots.txt HTTP/1.1" 404 88 "-" "Mozilla/5.0 (compatible; SemrushBot/7~bl; +http://www.semrush.com/bot.html)" "www.ysfine.com"
185.191.171.11 - - [01/Feb/2023:02:26:31 -0800] "GET /people/wheeler.html HTTP/1.1" 200 3348 "-" "Mozilla/5.0 (compatible; SemrushBot/7~bl; +http://www.semrush.com/bot.html)" "www.ysfine.com"
207.46.13.104 - - [01/Feb/2023:02:26:51 -0800] "GET /bio/sbk/1950.html HTTP/1.1" 404 88 "-" "Mozilla/5.0 AppleWebKit/537.36 (KHTML, like Gecko; compatible; bingbot/2.0; +http://www.bing.com/bingbot.htm) Chrome/103.0.5060.134 Safari/537.36" "ysfine.com"
114.119.152.195 - - [01/Feb/2023:02:27:23 -0800] "GET /maga/boltzmann.html HTTP/1.1" 200 6052 "https://www.ysfine.com/heisen/einheisen11.html" "Mozilla/5.0 (Linux; Android 7.0;) AppleWebKit/537.36 (KHTML, like Gecko) Mobile Safari/537.36 (compatible; PetalBot;+https://webmaster.petalsearch.com/site/petalbot)" "www.ysfine.com"
185.191.171.4 - - [01/Feb/2023:02:27:56 -0800] "GET /princeton/yspr.html HTTP/1.1" 200 5470 "-" "Mozilla/5.0 (compatible; SemrushBot/7~bl; +http://www.semrush.com/bot.html)" "www.ysfine.com"
207.46.13.104 - - [01/Feb/2023:02:28:06 -0800] "GET /wdc/umdbarn08.jpg HTTP/1.1" 200 94302 "-" "Mozilla/5.0 AppleWebKit/537.36 (KHTML, like Gecko; compatible; bingbot/2.0; +http://www.bing.com/bingbot.htm) Chrome/103.0.5060.134 Safari/537.36" "ysfine.com"
51.222.253.20 - - [01/Feb/2023:02:28:21 -0800] "GET /class54/class5470/total_data/sub_703.htm HTTP/1.1" 200 3295 "-" "Mozilla/5.0 (compatible; AhrefsBot/7.0; +http://ahrefs.com/robot/)" "ysfine.com"
114.119.155.96 - - [01/Feb/2023:02:28:33 -0800] "GET /wdc/capitol02c.jpg HTTP/1.1" 200 28733 "https://www.ysfine.com/bio08.html" "Mozilla/5.0 (Linux; Android 7.0;) AppleWebKit/537.36 (KHTML, like Gecko) Mobile Safari/537.36 (compatible; PetalBot;+https://webmaster.petalsearch.com/site/petalbot)" "www.ysfine.com"
157.90.181.152 - - [01/Feb/2023:02:29:22 -0800] "GET /robots.txt HTTP/1.1" 404 88 "-" "Mozilla/5.0 (compatible; BLEXBot/1.0; +http://webmeup-crawler.com/)" "ysfine.com"
157.90.181.152 - - [01/Feb/2023:02:29:22 -0800] "GET /robots.txt HTTP/1.1" 404 88 "-" "Mozilla/5.0 (compatible; BLEXBot/1.0; +http://webmeup-crawler.com/)" "ysfine.com"
157.90.181.152 - - [01/Feb/2023:02:29:23 -0800] "GET / HTTP/1.1" 200 5295 "-" "Mozilla/5.0 (compatible; BLEXBot/1.0; +http://webmeup-crawler.com/)" "ysfine.com"
66.182.117.225 - - [01/Feb/2023:02:29:25 -0800] "GET /kowar/tanks/tank01.jpg HTTP/1.1" 200 81859 "https://www.google.com/" "Mozilla/5.0 (iPhone; CPU iPhone OS 16_2 like Mac OS X) AppleWebKit/605.1.15 (KHTML, like Gecko) Version/16.2 Mobile/15E148 Safari/604.1" "ysfine.com"
207.46.13.104 - - [01/Feb/2023:02:29:28 -0800] "GET /bio/style/artlove.html HTTP/1.1" 404 88 "-" "Mozilla/5.0 AppleWebKit/537.36 (KHTML, like Gecko; compatible; bingbot/2.0; +http://www.bing.com/bingbot.htm) Chrome/103.0.5060.134 Safari/537.36" "ysfine.com"
34.138.224.69 - - [01/Feb/2023:02:29:32 -0800] "GET / HTTP/1.1" 200 5295 "-" "Mozilla/5.0 (Linux; Android 8.1.0; Moto G (4)) AppleWebKit/537.36 (KHTML, like Gecko) Chrome/109.0.0.0 Mobile Safari/537.36 PTST/230125.191541" "ysfine.com"
34.138.224.69 - - [01/Feb/2023:02:29:32 -0800] "GET /home/top21d.jpg HTTP/1.1" 200 74409 "https://ysfine.com/" "Mozilla/5.0 (Linux; Android 8.1.0; Moto G (4)) AppleWebKit/537.36 (KHTML, like Gecko) Chrome/109.0.0.0 Mobile Safari/537.36 PTST/230125.191541" "ysfine.com"
34.138.224.69 - - [01/Feb/2023:02:29:32 -0800] "GET /home/eink450.jpg HTTP/1.1" 200 66794 "https://ysfine.com/" "Mozilla/5.0 (Linux; Android 8.1.0; Moto G (4)) AppleWebKit/537.36 (KHTML, like Gecko) Chrome/109.0.0.0 Mobile Safari/537.36 PTST/230125.191541" "ysfine.com"
34.138.224.69 - - [01/Feb/2023:02:29:32 -0800] "GET /home/goodbad450.jpg HTTP/1.1" 200 32258 "https://ysfine.com/" "Mozilla/5.0 (Linux; Android 8.1.0; Moto G (4)) AppleWebKit/537.36 (KHTML, like Gecko) Chrome/109.0.0.0 Mobile Safari/537.36 PTST/230125.191541" "ysfine.com"
34.138.224.69 - - [01/Feb/2023:02:29:32 -0800] "GET /home/washmo23d.jpg HTTP/1.1" 200 32142 "https://ysfine.com/" "Mozilla/5.0 (Linux; Android 8.1.0; Moto G (4)) AppleWebKit/537.36 (KHTML, like Gecko) Chrome/109.0.0.0 Mobile Safari/537.36 PTST/230125.191541" "ysfine.com"
34.138.224.69 - - [01/Feb/2023:02:29:32 -0800] "GET /home/facu450.jpg HTTP/1.1" 200 74535 "https://ysfine.com/" "Mozilla/5.0 (Linux; Android 8.1.0; Moto G (4)) AppleWebKit/537.36 (KHTML, like Gecko) Chrome/109.0.0.0 Mobile Safari/537.36 PTST/230125.191541" "ysfine.com"
34.138.224.69 - - [01/Feb/2023:02:29:32 -0800] "GET /home/1987pr22d.jpg HTTP/1.1" 200 66428 "https://ysfine.com/" "Mozilla/5.0 (Linux; Android 8.1.0; Moto G (4)) AppleWebKit/537.36 (KHTML, like Gecko) Chrome/109.0.0.0 Mobile Safari/537.36 PTST/230125.191541" "ysfine.com"
34.138.224.69 - - [01/Feb/2023:02:29:32 -0800] "GET /home/eindc03d.jpg HTTP/1.1" 200 95860 "https://ysfine.com/" "Mozilla/5.0 (Linux; Android 8.1.0; Moto G (4)) AppleWebKit/537.36 (KHTML, like Gecko) Chrome/109.0.0.0 Mobile Safari/537.36 PTST/230125.191541" "ysfine.com"
34.138.224.69 - - [01/Feb/2023:02:29:32 -0800] "GET /home/truck450.jpg HTTP/1.1" 200 42871 "https://ysfine.com/" "Mozilla/5.0 (Linux; Android 8.1.0; Moto G (4)) AppleWebKit/537.36 (KHTML, like Gecko) Chrome/109.0.0.0 Mobile Safari/537.36 PTST/230125.191541" "ysfine.com"
34.138.224.69 - - [01/Feb/2023:02:29:32 -0800] "GET /eink/ewk86f.jpg HTTP/1.1" 200 122173 "https://ysfine.com/" "Mozilla/5.0 (Linux; Android 8.1.0; Moto G (4)) AppleWebKit/537.36 (KHTML, like Gecko) Chrome/109.0.0.0 Mobile Safari/537.36 PTST/230125.191541" "ysfine.com"
34.138.224.69 - - [01/Feb/2023:02:29:32 -0800] "GET /home/eink54f.jpg HTTP/1.1" 200 96332 "https://ysfine.com/" "Mozilla/5.0 (Linux; Android 8.1.0; Moto G (4)) AppleWebKit/537.36 (KHTML, like Gecko) Chrome/109.0.0.0 Mobile Safari/537.36 PTST/230125.191541" "ysfine.com"
34.138.224.69 - - [01/Feb/2023:02:29:32 -0800] "GET /eink/einhaus11c.jpg HTTP/1.1" 200 42522 "https://ysfine.com/" "Mozilla/5.0 (Linux; Android 8.1.0; Moto G (4)) AppleWebKit/537.36 (KHTML, like Gecko) Chrome/109.0.0.0 Mobile Safari/537.36 PTST/230125.191541" "ysfine.com"
34.138.224.69 - - [01/Feb/2023:02:29:32 -0800] "GET /home/taylor500.jpg HTTP/1.1" 200 79197 "https://ysfine.com/" "Mozilla/5.0 (Linux; Android 8.1.0; Moto G (4)) AppleWebKit/537.36 (KHTML, like Gecko) Chrome/109.0.0.0 Mobile Safari/537.36 PTST/230125.191541" "ysfine.com"
34.138.224.69 - - [01/Feb/2023:02:29:32 -0800] "GET /home/eward55f.jpg HTTP/1.1" 200 122802 "https://ysfine.com/" "Mozilla/5.0 (Linux; Android 8.1.0; Moto G (4)) AppleWebKit/537.36 (KHTML, like Gecko) Chrome/109.0.0.0 Mobile Safari/537.36 PTST/230125.191541" "ysfine.com"
34.138.224.69 - - [01/Feb/2023:02:29:32 -0800] "GET /eink/einhaus33c.jpg HTTP/1.1" 200 23792 "https://ysfine.com/" "Mozilla/5.0 (Linux; Android 8.1.0; Moto G (4)) AppleWebKit/537.36 (KHTML, like Gecko) Chrome/109.0.0.0 Mobile Safari/537.36 PTST/230125.191541" "ysfine.com"
34.138.224.69 - - [01/Feb/2023:02:29:39 -0800] "GET /favicon.ico HTTP/1.1" 404 88 "https://ysfine.com/" "Mozilla/5.0 (Linux; Android 8.1.0; Moto G (4)) AppleWebKit/537.36 (KHTML, like Gecko) Chrome/109.0.0.0 Mobile Safari/537.36 PTST/230125.191541" "ysfine.com"
34.138.224.69 - - [01/Feb/2023:02:29:47 -0800] "GET /robots.txt HTTP/1.1" 404 88 "https://ysfine.com/" "Mozilla/5.0 (Linux; Android 8.1.0; Moto G (4)) AppleWebKit/537.36 (KHTML, like Gecko) Chrome/109.0.0.0 Mobile Safari/537.36 PTST/230125.191541" "ysfine.com"
34.138.224.69 - - [01/Feb/2023:02:29:47 -0800] "GET /robots.txt HTTP/1.1" 404 88 "https://ysfine.com/" "Mozilla/5.0 (Linux; Android 8.1.0; Moto G (4)) AppleWebKit/537.36 (KHTML, like Gecko) Chrome/109.0.0.0 Mobile Safari/537.36 PTST/230125.191541" "ysfine.com"
34.75.15.19 - - [01/Feb/2023:02:30:03 -0800] "GET / HTTP/1.1" 200 5295 "-" "Mozilla/5.0 (Linux; Android 7.0; Moto G (4)) AppleWebKit/537.36 (KHTML, like Gecko) Chrome/98.0.4695.0 Mobile Safari/537.36 Chrome-Lighthouse" "ysfine.com"
34.75.15.19 - - [01/Feb/2023:02:30:03 -0800] "GET /home/eink450.jpg HTTP/1.1" 200 66794 "https://ysfine.com/" "Mozilla/5.0 (Linux; Android 7.0; Moto G (4)) AppleWebKit/537.36 (KHTML, like Gecko) Chrome/98.0.4695.0 Mobile Safari/537.36 Chrome-Lighthouse" "ysfine.com"
34.75.15.19 - - [01/Feb/2023:02:30:03 -0800] "GET /home/top21d.jpg HTTP/1.1" 200 74409 "https://ysfine.com/" "Mozilla/5.0 (Linux; Android 7.0; Moto G (4)) AppleWebKit/537.36 (KHTML, like Gecko) Chrome/98.0.4695.0 Mobile Safari/537.36 Chrome-Lighthouse" "ysfine.com"
34.75.15.19 - - [01/Feb/2023:02:30:03 -0800] "GET /home/facu450.jpg HTTP/1.1" 200 74535 "https://ysfine.com/" "Mozilla/5.0 (Linux; Android 7.0; Moto G (4)) AppleWebKit/537.36 (KHTML, like Gecko) Chrome/98.0.4695.0 Mobile Safari/537.36 Chrome-Lighthouse" "ysfine.com"
34.75.15.19 - - [01/Feb/2023:02:30:03 -0800] "GET /home/truck450.jpg HTTP/1.1" 200 42871 "https://ysfine.com/" "Mozilla/5.0 (Linux; Android 7.0; Moto G (4)) AppleWebKit/537.36 (KHTML, like Gecko) Chrome/98.0.4695.0 Mobile Safari/537.36 Chrome-Lighthouse" "ysfine.com"
34.75.15.19 - - [01/Feb/2023:02:30:03 -0800] "GET /home/goodbad450.jpg HTTP/1.1" 200 32258 "https://ysfine.com/" "Mozilla/5.0 (Linux; Android 7.0; Moto G (4)) AppleWebKit/537.36 (KHTML, like Gecko) Chrome/98.0.4695.0 Mobile Safari/537.36 Chrome-Lighthouse" "ysfine.com"
34.75.15.19 - - [01/Feb/2023:02:30:03 -0800] "GET /home/washmo23d.jpg HTTP/1.1" 200 32142 "https://ysfine.com/" "Mozilla/5.0 (Linux; Android 7.0; Moto G (4)) AppleWebKit/537.36 (KHTML, like Gecko) Chrome/98.0.4695.0 Mobile Safari/537.36 Chrome-Lighthouse" "ysfine.com"
34.75.15.19 - - [01/Feb/2023:02:30:03 -0800] "GET /eink/ewk86f.jpg HTTP/1.1" 200 122173 "https://ysfine.com/" "Mozilla/5.0 (Linux; Android 7.0; Moto G (4)) AppleWebKit/537.36 (KHTML, like Gecko) Chrome/98.0.4695.0 Mobile Safari/537.36 Chrome-Lighthouse" "ysfine.com"
34.75.15.19 - - [01/Feb/2023:02:30:03 -0800] "GET /home/eindc03d.jpg HTTP/1.1" 200 95860 "https://ysfine.com/" "Mozilla/5.0 (Linux; Android 7.0; Moto G (4)) AppleWebKit/537.36 (KHTML, like Gecko) Chrome/98.0.4695.0 Mobile Safari/537.36 Chrome-Lighthouse" "ysfine.com"
34.75.15.19 - - [01/Feb/2023:02:30:03 -0800] "GET /home/1987pr22d.jpg HTTP/1.1" 200 66428 "https://ysfine.com/" "Mozilla/5.0 (Linux; Android 7.0; Moto G (4)) AppleWebKit/537.36 (KHTML, like Gecko) Chrome/98.0.4695.0 Mobile Safari/537.36 Chrome-Lighthouse" "ysfine.com"
34.75.15.19 - - [01/Feb/2023:02:30:03 -0800] "GET /home/eward55f.jpg HTTP/1.1" 200 122802 "https://ysfine.com/" "Mozilla/5.0 (Linux; Android 7.0; Moto G (4)) AppleWebKit/537.36 (KHTML, like Gecko) Chrome/98.0.4695.0 Mobile Safari/537.36 Chrome-Lighthouse" "ysfine.com"
34.75.15.19 - - [01/Feb/2023:02:30:03 -0800] "GET /home/eink54f.jpg HTTP/1.1" 200 96332 "https://ysfine.com/" "Mozilla/5.0 (Linux; Android 7.0; Moto G (4)) AppleWebKit/537.36 (KHTML, like Gecko) Chrome/98.0.4695.0 Mobile Safari/537.36 Chrome-Lighthouse" "ysfine.com"
34.75.15.19 - - [01/Feb/2023:02:30:03 -0800] "GET /eink/einhaus33c.jpg HTTP/1.1" 200 23792 "https://ysfine.com/" "Mozilla/5.0 (Linux; Android 7.0; Moto G (4)) AppleWebKit/537.36 (KHTML, like Gecko) Chrome/98.0.4695.0 Mobile Safari/537.36 Chrome-Lighthouse" "ysfine.com"
34.75.15.19 - - [01/Feb/2023:02:30:03 -0800] "GET /home/taylor500.jpg HTTP/1.1" 200 79197 "https://ysfine.com/" "Mozilla/5.0 (Linux; Android 7.0; Moto G (4)) AppleWebKit/537.36 (KHTML, like Gecko) Chrome/98.0.4695.0 Mobile Safari/537.36 Chrome-Lighthouse" "ysfine.com"
34.75.15.19 - - [01/Feb/2023:02:30:03 -0800] "GET /eink/einhaus11c.jpg HTTP/1.1" 200 42522 "https://ysfine.com/" "Mozilla/5.0 (Linux; Android 7.0; Moto G (4)) AppleWebKit/537.36 (KHTML, like Gecko) Chrome/98.0.4695.0 Mobile Safari/537.36 Chrome-Lighthouse" "ysfine.com"
34.75.15.19 - - [01/Feb/2023:02:30:23 -0800] "GET /robots.txt HTTP/1.1" 404 88 "-" "Mozilla/5.0 (X11; Linux x86_64) AppleWebKit/537.36 (KHTML, like Gecko) HeadlessChrome/109.0.5414.119 Safari/537.36" "ysfine.com"
185.191.171.33 - - [01/Feb/2023:02:31:55 -0800] "GET /class54/roskeim.html HTTP/1.1" 200 824 "-" "Mozilla/5.0 (compatible; SemrushBot/7~bl; +http://www.semrush.com/bot.html)" "ysfine.com"
65.196.126.174 - - [01/Feb/2023:02:32:00 -0800] "GET /style/3graces/indilis01.jpg HTTP/1.1" 200 415747 "https://images.search.yahoo.com/yhs/search;_ylt=AwrNPVpuPtpjTo8zzQU2nIlQ;_ylu=c2xrA3RleHQEaXQDQWxzb1RyeV9OBHNlYwNyZWwEcG9zAzEy?p=Louvre%20Greek%20Statues&fr2=p:s,v:i,m:rs-top,ct:bing,rgn:top,pos:12&fr=yhs-syndic8-active8&hsimp=yhs-active8&hspart=syndic8&type=sourceAUD1" "Mozilla/5.0 (Windows NT 10.0; Win64; x64) AppleWebKit/537.36 (KHTML, like Gecko) Chrome/109.0.0.0 Safari/537.36" "ysfine.com"
193.186.4.140 - - [01/Feb/2023:02:32:40 -0800] "GET /world/polandw.html HTTP/1.1" 200 17896 "-" "Mozilla/5.0 (Linux; Android 10; K) AppleWebKit/537.36 (KHTML, like Gecko) Chrome/109.0.0.0 Mobile Safari/537.36" "ysfine.com"
51.222.253.16 - - [01/Feb/2023:02:32:41 -0800] "GET /class54/class5470/total_data/sub_716.htm HTTP/1.1" 200 3294 "-" "Mozilla/5.0 (compatible; AhrefsBot/7.0; +http://ahrefs.com/robot/)" "ysfine.com"
207.46.13.90 - - [01/Feb/2023:02:33:16 -0800] "GET /bio/kobak/soraech.html HTTP/1.1" 404 88 "-" "Mozilla/5.0 AppleWebKit/537.36 (KHTML, like Gecko; compatible; bingbot/2.0; +http://www.bing.com/bingbot.htm) Chrome/103.0.5060.134 Safari/537.36" "ysfine.com"
207.46.13.64 - - [01/Feb/2023:02:33:40 -0800] "GET /wdc/sakura01.jpg HTTP/1.1" 200 165019 "-" "Mozilla/5.0 AppleWebKit/537.36 (KHTML, like Gecko; compatible; bingbot/2.0; +http://www.bing.com/bingbot.htm) Chrome/103.0.5060.134 Safari/537.36" "www.ysfine.com"
65.109.111.214 - - [01/Feb/2023:02:34:01 -0800] "GET /world/france/champbenz05b.jpg HTTP/1.1" 200 49074 "-" "curl/7.68.0" "ysfine.com"
65.109.111.214 - - [01/Feb/2023:02:34:01 -0800] "GET /world/france/champbenz05b.jpg HTTP/1.1" 200 49074 "-" "curl/7.68.0" "ysfine.com"
207.46.13.104 - - [01/Feb/2023:02:35:26 -0800] "GET /bio/kobak/yskor.html HTTP/1.1" 404 88 "-" "Mozilla/5.0 AppleWebKit/537.36 (KHTML, like Gecko; compatible; bingbot/2.0; +http://www.bing.com/bingbot.htm) Chrome/103.0.5060.134 Safari/537.36" "ysfine.com"
20.78.39.118 - - [01/Feb/2023:02:36:08 -0800] "HEAD / HTTP/1.1" 200 - "http://ysfine.com/" "Mozilla/5.0 (Windows NT 10.0; Win64; x64) AppleWebKit/537.36 (KHTML, like Gecko) Chrome/74.0.3729.169 Safari/537.36" "ysfine.com"
20.78.39.118 - - [01/Feb/2023:02:36:09 -0800] "HEAD /wordpress HTTP/1.1" 404 - "http://ysfine.com/wordpress" "Mozilla/5.0 (Windows NT 10.0; Win64; x64) AppleWebKit/537.36 (KHTML, like Gecko) Chrome/74.0.3729.169 Safari/537.36" "ysfine.com"
20.78.39.118 - - [01/Feb/2023:02:36:09 -0800] "HEAD /Wordpress HTTP/1.1" 404 - "http://ysfine.com/Wordpress" "Mozilla/5.0 (Windows NT 10.0; Win64; x64) AppleWebKit/537.36 (KHTML, like Gecko) Chrome/74.0.3729.169 Safari/537.36" "ysfine.com"
20.78.39.118 - - [01/Feb/2023:02:36:09 -0800] "HEAD /WORDPRESS HTTP/1.1" 404 - "http://ysfine.com/WORDPRESS" "Mozilla/5.0 (Windows NT 10.0; Win64; x64) AppleWebKit/537.36 (KHTML, like Gecko) Chrome/74.0.3729.169 Safari/537.36" "ysfine.com"
20.78.39.118 - - [01/Feb/2023:02:36:10 -0800] "HEAD /WordPress HTTP/1.1" 404 - "http://ysfine.com/WordPress" "Mozilla/5.0 (Windows NT 10.0; Win64; x64) AppleWebKit/537.36 (KHTML, like Gecko) Chrome/74.0.3729.169 Safari/537.36" "ysfine.com"
20.78.39.118 - - [01/Feb/2023:02:36:10 -0800] "HEAD /wp HTTP/1.1" 404 - "http://ysfine.com/wp" "Mozilla/5.0 (Windows NT 10.0; Win64; x64) AppleWebKit/537.36 (KHTML, like Gecko) Chrome/74.0.3729.169 Safari/537.36" "ysfine.com"
20.78.39.118 - - [01/Feb/2023:02:36:10 -0800] "HEAD /Wp HTTP/1.1" 404 - "http://ysfine.com/Wp" "Mozilla/5.0 (Windows NT 10.0; Win64; x64) AppleWebKit/537.36 (KHTML, like Gecko) Chrome/74.0.3729.169 Safari/537.36" "ysfine.com"
20.78.39.118 - - [01/Feb/2023:02:36:11 -0800] "HEAD /WP HTTP/1.1" 404 - "http://ysfine.com/WP" "Mozilla/5.0 (Windows NT 10.0; Win64; x64) AppleWebKit/537.36 (KHTML, like Gecko) Chrome/74.0.3729.169 Safari/537.36" "ysfine.com"
20.78.39.118 - - [01/Feb/2023:02:36:11 -0800] "HEAD /old HTTP/1.1" 404 - "http://ysfine.com/old" "Mozilla/5.0 (Windows NT 10.0; Win64; x64) AppleWebKit/537.36 (KHTML, like Gecko) Chrome/74.0.3729.169 Safari/537.36" "ysfine.com"
20.78.39.118 - - [01/Feb/2023:02:36:11 -0800] "HEAD /Old HTTP/1.1" 404 - "http://ysfine.com/Old" "Mozilla/5.0 (Windows NT 10.0; Win64; x64) AppleWebKit/537.36 (KHTML, like Gecko) Chrome/74.0.3729.169 Safari/537.36" "ysfine.com"
20.78.39.118 - - [01/Feb/2023:02:36:12 -0800] "HEAD /OLD HTTP/1.1" 404 - "http://ysfine.com/OLD" "Mozilla/5.0 (Windows NT 10.0; Win64; x64) AppleWebKit/537.36 (KHTML, like Gecko) Chrome/74.0.3729.169 Safari/537.36" "ysfine.com"
20.78.39.118 - - [01/Feb/2023:02:36:12 -0800] "HEAD /oldsite HTTP/1.1" 404 - "http://ysfine.com/oldsite" "Mozilla/5.0 (Windows NT 10.0; Win64; x64) AppleWebKit/537.36 (KHTML, like Gecko) Chrome/74.0.3729.169 Safari/537.36" "ysfine.com"
20.78.39.118 - - [01/Feb/2023:02:36:12 -0800] "HEAD /new HTTP/1.1" 404 - "http://ysfine.com/new" "Mozilla/5.0 (Windows NT 10.0; Win64; x64) AppleWebKit/537.36 (KHTML, like Gecko) Chrome/74.0.3729.169 Safari/537.36" "ysfine.com"
20.78.39.118 - - [01/Feb/2023:02:36:13 -0800] "HEAD /New HTTP/1.1" 404 - "http://ysfine.com/New" "Mozilla/5.0 (Windows NT 10.0; Win64; x64) AppleWebKit/537.36 (KHTML, like Gecko) Chrome/74.0.3729.169 Safari/537.36" "ysfine.com"
20.78.39.118 - - [01/Feb/2023:02:36:13 -0800] "HEAD /NEW HTTP/1.1" 404 - "http://ysfine.com/NEW" "Mozilla/5.0 (Windows NT 10.0; Win64; x64) AppleWebKit/537.36 (KHTML, like Gecko) Chrome/74.0.3729.169 Safari/537.36" "ysfine.com"
20.78.39.118 - - [01/Feb/2023:02:36:13 -0800] "HEAD /wp-old HTTP/1.1" 404 - "http://ysfine.com/wp-old" "Mozilla/5.0 (Windows NT 10.0; Win64; x64) AppleWebKit/537.36 (KHTML, like Gecko) Chrome/74.0.3729.169 Safari/537.36" "ysfine.com"
20.78.39.118 - - [01/Feb/2023:02:36:14 -0800] "HEAD /2022 HTTP/1.1" 404 - "http://ysfine.com/2022" "Mozilla/5.0 (Windows NT 10.0; Win64; x64) AppleWebKit/537.36 (KHTML, like Gecko) Chrome/74.0.3729.169 Safari/537.36" "ysfine.com"
20.78.39.118 - - [01/Feb/2023:02:36:14 -0800] "HEAD /2020 HTTP/1.1" 404 - "http://ysfine.com/2020" "Mozilla/5.0 (Windows NT 10.0; Win64; x64) AppleWebKit/537.36 (KHTML, like Gecko) Chrome/74.0.3729.169 Safari/537.36" "ysfine.com"
20.78.39.118 - - [01/Feb/2023:02:36:15 -0800] "HEAD /2019 HTTP/1.1" 404 - "http://ysfine.com/2019" "Mozilla/5.0 (Windows NT 10.0; Win64; x64) AppleWebKit/537.36 (KHTML, like Gecko) Chrome/74.0.3729.169 Safari/537.36" "ysfine.com"
20.78.39.118 - - [01/Feb/2023:02:36:15 -0800] "HEAD /2018 HTTP/1.1" 404 - "http://ysfine.com/2018" "Mozilla/5.0 (Windows NT 10.0; Win64; x64) AppleWebKit/537.36 (KHTML, like Gecko) Chrome/74.0.3729.169 Safari/537.36" "ysfine.com"
20.78.39.118 - - [01/Feb/2023:02:36:15 -0800] "HEAD /backup HTTP/1.1" 404 - "http://ysfine.com/backup" "Mozilla/5.0 (Windows NT 10.0; Win64; x64) AppleWebKit/537.36 (KHTML, like Gecko) Chrome/74.0.3729.169 Safari/537.36" "ysfine.com"
20.78.39.118 - - [01/Feb/2023:02:36:16 -0800] "HEAD /test HTTP/1.1" 404 - "http://ysfine.com/test" "Mozilla/5.0 (Windows NT 10.0; Win64; x64) AppleWebKit/537.36 (KHTML, like Gecko) Chrome/74.0.3729.169 Safari/537.36" "ysfine.com"
20.78.39.118 - - [01/Feb/2023:02:36:16 -0800] "HEAD /Test HTTP/1.1" 404 - "http://ysfine.com/Test" "Mozilla/5.0 (Windows NT 10.0; Win64; x64) AppleWebKit/537.36 (KHTML, like Gecko) Chrome/74.0.3729.169 Safari/537.36" "ysfine.com"
207.46.13.90 - - [01/Feb/2023:02:36:16 -0800] "GET /world/ital/flor020.jpg HTTP/1.1" 200 94393 "-" "Mozilla/5.0 AppleWebKit/537.36 (KHTML, like Gecko; compatible; bingbot/2.0; +http://www.bing.com/bingbot.htm) Chrome/103.0.5060.134 Safari/537.36" "ysfine.com"
20.78.39.118 - - [01/Feb/2023:02:36:16 -0800] "HEAD /TEST HTTP/1.1" 404 - "http://ysfine.com/TEST" "Mozilla/5.0 (Windows NT 10.0; Win64; x64) AppleWebKit/537.36 (KHTML, like Gecko) Chrome/74.0.3729.169 Safari/537.36" "ysfine.com"
20.78.39.118 - - [01/Feb/2023:02:36:17 -0800] "HEAD /demo HTTP/1.1" 404 - "http://ysfine.com/demo" "Mozilla/5.0 (Windows NT 10.0; Win64; x64) AppleWebKit/537.36 (KHTML, like Gecko) Chrome/74.0.3729.169 Safari/537.36" "ysfine.com"
20.78.39.118 - - [01/Feb/2023:02:36:17 -0800] "HEAD /bc HTTP/1.1" 404 - "http://ysfine.com/bc" "Mozilla/5.0 (Windows NT 10.0; Win64; x64) AppleWebKit/537.36 (KHTML, like Gecko) Chrome/74.0.3729.169 Safari/537.36" "ysfine.com"
20.78.39.118 - - [01/Feb/2023:02:36:17 -0800] "HEAD /www HTTP/1.1" 404 - "http://ysfine.com/www" "Mozilla/5.0 (Windows NT 10.0; Win64; x64) AppleWebKit/537.36 (KHTML, like Gecko) Chrome/74.0.3729.169 Safari/537.36" "ysfine.com"
20.78.39.118 - - [01/Feb/2023:02:36:18 -0800] "HEAD /WWW HTTP/1.1" 404 - "http://ysfine.com/WWW" "Mozilla/5.0 (Windows NT 10.0; Win64; x64) AppleWebKit/537.36 (KHTML, like Gecko) Chrome/74.0.3729.169 Safari/537.36" "ysfine.com"
20.78.39.118 - - [01/Feb/2023:02:36:18 -0800] "HEAD /Www HTTP/1.1" 404 - "http://ysfine.com/Www" "Mozilla/5.0 (Windows NT 10.0; Win64; x64) AppleWebKit/537.36 (KHTML, like Gecko) Chrome/74.0.3729.169 Safari/537.36" "ysfine.com"
20.78.39.118 - - [01/Feb/2023:02:36:18 -0800] "HEAD /2021 HTTP/1.1" 404 - "http://ysfine.com/2021" "Mozilla/5.0 (Windows NT 10.0; Win64; x64) AppleWebKit/537.36 (KHTML, like Gecko) Chrome/74.0.3729.169 Safari/537.36" "ysfine.com"
20.78.39.118 - - [01/Feb/2023:02:36:19 -0800] "HEAD /main HTTP/1.1" 404 - "http://ysfine.com/main" "Mozilla/5.0 (Windows NT 10.0; Win64; x64) AppleWebKit/537.36 (KHTML, like Gecko) Chrome/74.0.3729.169 Safari/537.36" "ysfine.com"
