90.206.4.71 - - [01/Feb/2023:18:35:35 -0800] "GET /world/latina/rio004b.jpg HTTP/1.1" 200 40739 "https://ysfine.com/" "Mozilla/5.0 (iPhone; CPU iPhone OS 15_6_1 like Mac OS X) AppleWebKit/605.1.15 (KHTML, like Gecko) Version/15.6.1 Mobile/15E148 Safari/604.1" "ysfine.com"
90.206.4.71 - - [01/Feb/2023:18:35:35 -0800] "GET /world/latina/sambario11b.jpg HTTP/1.1" 200 31272 "https://ysfine.com/" "Mozilla/5.0 (iPhone; CPU iPhone OS 15_6_1 like Mac OS X) AppleWebKit/605.1.15 (KHTML, like Gecko) Version/15.6.1 Mobile/15E148 Safari/604.1" "ysfine.com"
90.206.4.71 - - [01/Feb/2023:18:35:35 -0800] "GET /world/latina/sambario18b.jpg HTTP/1.1" 200 53856 "https://ysfine.com/" "Mozilla/5.0 (iPhone; CPU iPhone OS 15_6_1 like Mac OS X) AppleWebKit/605.1.15 (KHTML, like Gecko) Version/15.6.1 Mobile/15E148 Safari/604.1" "ysfine.com"
90.206.4.71 - - [01/Feb/2023:18:35:36 -0800] "GET /world/latina/sambario10b.jpg HTTP/1.1" 200 33490 "https://ysfine.com/" "Mozilla/5.0 (iPhone; CPU iPhone OS 15_6_1 like Mac OS X) AppleWebKit/605.1.15 (KHTML, like Gecko) Version/15.6.1 Mobile/15E148 Safari/604.1" "ysfine.com"
90.206.4.71 - - [01/Feb/2023:18:35:36 -0800] "GET /world/latina/sambario05b.jpg HTTP/1.1" 200 30071 "https://ysfine.com/" "Mozilla/5.0 (iPhone; CPU iPhone OS 15_6_1 like Mac OS X) AppleWebKit/605.1.15 (KHTML, like Gecko) Version/15.6.1 Mobile/15E148 Safari/604.1" "ysfine.com"
90.206.4.71 - - [01/Feb/2023:18:35:36 -0800] "GET /princeton/sambapr01b.jpg HTTP/1.1" 200 53107 "https://ysfine.com/" "Mozilla/5.0 (iPhone; CPU iPhone OS 15_6_1 like Mac OS X) AppleWebKit/605.1.15 (KHTML, like Gecko) Version/15.6.1 Mobile/15E148 Safari/604.1" "ysfine.com"
90.206.4.71 - - [01/Feb/2023:18:35:36 -0800] "GET /ffriends/russrio22b.jpg HTTP/1.1" 200 28891 "https://ysfine.com/" "Mozilla/5.0 (iPhone; CPU iPhone OS 15_6_1 like Mac OS X) AppleWebKit/605.1.15 (KHTML, like Gecko) Version/15.6.1 Mobile/15E148 Safari/604.1" "ysfine.com"
90.206.4.71 - - [01/Feb/2023:18:35:36 -0800] "GET /eink/pwk19c.jpg HTTP/1.1" 200 57759 "https://ysfine.com/" "Mozilla/5.0 (iPhone; CPU iPhone OS 15_6_1 like Mac OS X) AppleWebKit/605.1.15 (KHTML, like Gecko) Version/15.6.1 Mobile/15E148 Safari/604.1" "ysfine.com"
90.206.4.71 - - [01/Feb/2023:18:35:36 -0800] "GET /style/venus6.jpg HTTP/1.1" 200 36692 "https://ysfine.com/" "Mozilla/5.0 (iPhone; CPU iPhone OS 15_6_1 like Mac OS X) AppleWebKit/605.1.15 (KHTML, like Gecko) Version/15.6.1 Mobile/15E148 Safari/604.1" "ysfine.com"
90.206.4.71 - - [01/Feb/2023:18:35:36 -0800] "GET /princeton/prospect22b.jpg HTTP/1.1" 200 46073 "https://ysfine.com/" "Mozilla/5.0 (iPhone; CPU iPhone OS 15_6_1 like Mac OS X) AppleWebKit/605.1.15 (KHTML, like Gecko) Version/15.6.1 Mobile/15E148 Safari/604.1" "ysfine.com"
90.206.4.71 - - [01/Feb/2023:18:35:36 -0800] "GET /world/scandi/vaxdoll33b.jpg HTTP/1.1" 200 56336 "https://ysfine.com/" "Mozilla/5.0 (iPhone; CPU iPhone OS 15_6_1 like Mac OS X) AppleWebKit/605.1.15 (KHTML, like Gecko) Version/15.6.1 Mobile/15E148 Safari/604.1" "ysfine.com"
90.206.4.71 - - [01/Feb/2023:18:35:36 -0800] "GET /world/latina/rio051b.jpg HTTP/1.1" 200 21302 "https://ysfine.com/" "Mozilla/5.0 (iPhone; CPU iPhone OS 15_6_1 like Mac OS X) AppleWebKit/605.1.15 (KHTML, like Gecko) Version/15.6.1 Mobile/15E148 Safari/604.1" "ysfine.com"
90.206.4.71 - - [01/Feb/2023:18:35:36 -0800] "GET /kobak/taylor450.jpg HTTP/1.1" 200 70219 "https://ysfine.com/" "Mozilla/5.0 (iPhone; CPU iPhone OS 15_6_1 like Mac OS X) AppleWebKit/605.1.15 (KHTML, like Gecko) Version/15.6.1 Mobile/15E148 Safari/604.1" "ysfine.com"
90.206.4.71 - - [01/Feb/2023:18:35:36 -0800] "GET /world/latina/rio097b.jpg HTTP/1.1" 200 43071 "https://ysfine.com/" "Mozilla/5.0 (iPhone; CPU iPhone OS 15_6_1 like Mac OS X) AppleWebKit/605.1.15 (KHTML, like Gecko) Version/15.6.1 Mobile/15E148 Safari/604.1" "ysfine.com"
90.206.4.71 - - [01/Feb/2023:18:35:36 -0800] "GET /world/latina/rio003b.jpg HTTP/1.1" 200 28468 "https://ysfine.com/" "Mozilla/5.0 (iPhone; CPU iPhone OS 15_6_1 like Mac OS X) AppleWebKit/605.1.15 (KHTML, like Gecko) Version/15.6.1 Mobile/15E148 Safari/604.1" "ysfine.com"
90.206.4.71 - - [01/Feb/2023:18:35:36 -0800] "GET /world/latina/rio056b.jpg HTTP/1.1" 200 30911 "https://ysfine.com/" "Mozilla/5.0 (iPhone; CPU iPhone OS 15_6_1 like Mac OS X) AppleWebKit/605.1.15 (KHTML, like Gecko) Version/15.6.1 Mobile/15E148 Safari/604.1" "ysfine.com"
90.206.4.71 - - [01/Feb/2023:18:35:36 -0800] "GET /world/latina/rio081b.jpg HTTP/1.1" 200 33294 "https://ysfine.com/" "Mozilla/5.0 (iPhone; CPU iPhone OS 15_6_1 like Mac OS X) AppleWebKit/605.1.15 (KHTML, like Gecko) Version/15.6.1 Mobile/15E148 Safari/604.1" "ysfine.com"
90.206.4.71 - - [01/Feb/2023:18:35:36 -0800] "GET /ffriends/parthen03b.jpg HTTP/1.1" 200 47400 "https://ysfine.com/" "Mozilla/5.0 (iPhone; CPU iPhone OS 15_6_1 like Mac OS X) AppleWebKit/605.1.15 (KHTML, like Gecko) Version/15.6.1 Mobile/15E148 Safari/604.1" "ysfine.com"
90.206.4.71 - - [01/Feb/2023:18:35:36 -0800] "GET /world/latina/rio073b.jpg HTTP/1.1" 200 38788 "https://ysfine.com/" "Mozilla/5.0 (iPhone; CPU iPhone OS 15_6_1 like Mac OS X) AppleWebKit/605.1.15 (KHTML, like Gecko) Version/15.6.1 Mobile/15E148 Safari/604.1" "ysfine.com"
90.206.4.71 - - [01/Feb/2023:18:35:36 -0800] "GET /world/germany/franko11b.jpg HTTP/1.1" 200 37524 "https://ysfine.com/" "Mozilla/5.0 (iPhone; CPU iPhone OS 15_6_1 like Mac OS X) AppleWebKit/605.1.15 (KHTML, like Gecko) Version/15.6.1 Mobile/15E148 Safari/604.1" "ysfine.com"
90.206.4.71 - - [01/Feb/2023:18:35:36 -0800] "GET /ffriends/telefon2.jpg HTTP/1.1" 200 50541 "https://ysfine.com/" "Mozilla/5.0 (iPhone; CPU iPhone OS 15_6_1 like Mac OS X) AppleWebKit/605.1.15 (KHTML, like Gecko) Version/15.6.1 Mobile/15E148 Safari/604.1" "ysfine.com"
90.206.4.71 - - [01/Feb/2023:18:35:36 -0800] "GET /world/latina/rio024b.jpg HTTP/1.1" 200 31606 "https://ysfine.com/" "Mozilla/5.0 (iPhone; CPU iPhone OS 15_6_1 like Mac OS X) AppleWebKit/605.1.15 (KHTML, like Gecko) Version/15.6.1 Mobile/15E148 Safari/604.1" "ysfine.com"
90.206.4.71 - - [01/Feb/2023:18:35:36 -0800] "GET /world/latina/rio021b.jpg HTTP/1.1" 200 48636 "https://ysfine.com/" "Mozilla/5.0 (iPhone; CPU iPhone OS 15_6_1 like Mac OS X) AppleWebKit/605.1.15 (KHTML, like Gecko) Version/15.6.1 Mobile/15E148 Safari/604.1" "ysfine.com"
90.206.4.71 - - [01/Feb/2023:18:35:36 -0800] "GET /world/latina/rio103b.jpg HTTP/1.1" 200 37857 "https://ysfine.com/" "Mozilla/5.0 (iPhone; CPU iPhone OS 15_6_1 like Mac OS X) AppleWebKit/605.1.15 (KHTML, like Gecko) Version/15.6.1 Mobile/15E148 Safari/604.1" "ysfine.com"
90.206.4.71 - - [01/Feb/2023:18:35:40 -0800] "GET /world/latina/rio004b.jpg HTTP/1.1" 200 40739 "https://www.google.co.uk/" "Mozilla/5.0 (iPhone; CPU iPhone OS 15_6_1 like Mac OS X) AppleWebKit/605.1.15 (KHTML, like Gecko) Version/15.6.1 Mobile/15E148 Safari/604.1" "ysfine.com"
216.244.66.229 - - [01/Feb/2023:18:35:53 -0800] "GET /dirac/dirbust11.jpg HTTP/1.1" 200 80175 "-" "Mozilla/5.0 (compatible; DotBot/1.2; +https://opensiteexplorer.org/dotbot; help@moz.com)" "www.ysfine.com"
90.206.4.71 - - [01/Feb/2023:18:36:12 -0800] "GET /world/latina/sambario11.jpg HTTP/1.1" 200 84975 "https://www.google.co.uk/" "Mozilla/5.0 (iPhone; CPU iPhone OS 15_6_1 like Mac OS X) AppleWebKit/605.1.15 (KHTML, like Gecko) Version/15.6.1 Mobile/15E148 Safari/604.1" "ysfine.com"
152.32.107.81 - - [01/Feb/2023:18:36:24 -0800] "GET /princeton/gcollege61.jpg HTTP/1.1" 200 84242 "https://www.google.com/" "Mozilla/5.0 (Windows NT 10.0; Win64; x64) AppleWebKit/537.36 (KHTML, like Gecko) Chrome/109.0.0.0 Safari/537.36" "ysfine.com"
5.161.127.64 - - [01/Feb/2023:18:36:27 -0800] "GET /world/china/shenyang57.jpg HTTP/1.1" 200 80577 "-" "Mozilla/5.0 (X11; Ubuntu; Linux x86_64; rv:107.0) Gecko/20100101 Firefox/107.0" "ysfine.com"
51.222.253.18 - - [01/Feb/2023:18:36:28 -0800] "GET /dirac/diracsq.html HTTP/1.1" 200 4447 "-" "Mozilla/5.0 (compatible; AhrefsBot/7.0; +http://ahrefs.com/robot/)" "ysfine.com"
216.244.66.229 - - [01/Feb/2023:18:36:32 -0800] "GET /ffriends/germnice01.jpg HTTP/1.1" 200 226269 "-" "Mozilla/5.0 (compatible; DotBot/1.2; +https://opensiteexplorer.org/dotbot; help@moz.com)" "www.ysfine.com"
51.222.253.3 - - [01/Feb/2023:18:36:33 -0800] "GET /dirac/pspace11b.jpg HTTP/1.1" 200 54493 "-" "Mozilla/5.0 (compatible; AhrefsBot/7.0; +http://ahrefs.com/robot/)" "ysfine.com"
51.222.253.9 - - [01/Feb/2023:18:36:34 -0800] "GET /dirac/dirbust22b.jpg HTTP/1.1" 200 46579 "-" "Mozilla/5.0 (compatible; AhrefsBot/7.0; +http://ahrefs.com/robot/)" "ysfine.com"
51.222.253.1 - - [01/Feb/2023:18:36:35 -0800] "GET /people/klauder06b.jpg HTTP/1.1" 200 52423 "-" "Mozilla/5.0 (compatible; AhrefsBot/7.0; +http://ahrefs.com/robot/)" "ysfine.com"
51.222.253.8 - - [01/Feb/2023:18:36:36 -0800] "GET /world/japan/osaka124b.jpg HTTP/1.1" 200 43384 "-" "Mozilla/5.0 (compatible; AhrefsBot/7.0; +http://ahrefs.com/robot/)" "ysfine.com"
51.222.253.4 - - [01/Feb/2023:18:36:37 -0800] "GET /dirac/hideyosi11b.jpg HTTP/1.1" 200 34988 "-" "Mozilla/5.0 (compatible; AhrefsBot/7.0; +http://ahrefs.com/robot/)" "ysfine.com"
51.222.253.18 - - [01/Feb/2023:18:36:38 -0800] "GET /einstein/eink24b.jpg HTTP/1.1" 200 42003 "-" "Mozilla/5.0 (compatible; AhrefsBot/7.0; +http://ahrefs.com/robot/)" "ysfine.com"
51.222.253.15 - - [01/Feb/2023:18:36:39 -0800] "GET /dirac/licone2.jpg HTTP/1.1" 200 31937 "-" "Mozilla/5.0 (compatible; AhrefsBot/7.0; +http://ahrefs.com/robot/)" "ysfine.com"
51.222.253.2 - - [01/Feb/2023:18:36:39 -0800] "GET /home/resonance22b.jpg HTTP/1.1" 200 37495 "-" "Mozilla/5.0 (compatible; AhrefsBot/7.0; +http://ahrefs.com/robot/)" "ysfine.com"
90.206.4.71 - - [01/Feb/2023:18:36:43 -0800] "GET /ffriends/russrio11.jpg HTTP/1.1" 200 81455 "https://www.google.co.uk/" "Mozilla/5.0 (iPhone; CPU iPhone OS 15_6_1 like Mac OS X) AppleWebKit/605.1.15 (KHTML, like Gecko) Version/15.6.1 Mobile/15E148 Safari/604.1" "ysfine.com"
207.46.13.64 - - [01/Feb/2023:18:36:52 -0800] "GET / HTTP/1.1" 200 5295 "-" "Mozilla/5.0 AppleWebKit/537.36 (KHTML, like Gecko; compatible; bingbot/2.0; +http://www.bing.com/bingbot.htm) Chrome/103.0.5060.134 Safari/537.36" "www.ysfine.com"
52.167.144.62 - - [01/Feb/2023:18:36:56 -0800] "GET /kowar/tanks/m01b.jpg HTTP/1.1" 200 28921 "-" "Mozilla/5.0 AppleWebKit/537.36 (KHTML, like Gecko; compatible; bingbot/2.0; +http://www.bing.com/bingbot.htm) Chrome/103.0.5060.134 Safari/537.36" "ysfine.com"
5.161.79.76 - - [01/Feb/2023:18:36:57 -0800] "GET /world/china/shenyang57.jpg HTTP/1.1" 200 80577 "-" "Mozilla/5.0 (X11; Ubuntu; Linux x86_64; rv:107.0) Gecko/20100101 Firefox/107.0" "ysfine.com"
90.206.4.71 - - [01/Feb/2023:18:37:05 -0800] "GET /world/latina/sambario09.jpg HTTP/1.1" 200 82596 "https://www.google.co.uk/" "Mozilla/5.0 (iPhone; CPU iPhone OS 15_6_1 like Mac OS X) AppleWebKit/605.1.15 (KHTML, like Gecko) Version/15.6.1 Mobile/15E148 Safari/604.1" "ysfine.com"
195.201.36.69 - - [01/Feb/2023:18:37:22 -0800] "GET /world/baltic/riga59.jpg HTTP/1.1" 200 68240 "-" "Mozilla/5.0 (X11; Fedora; Linux x86_64) AppleWebKit/537.36 (KHTML, like Gecko) Chrome/79.0.3945.117 Safari/537.36" "ysfine.com"
216.244.66.229 - - [01/Feb/2023:18:37:22 -0800] "GET /philo/tao06.jpg HTTP/1.1" 200 115485 "-" "Mozilla/5.0 (compatible; DotBot/1.2; +https://opensiteexplorer.org/dotbot; help@moz.com)" "www.ysfine.com"
5.161.65.247 - - [01/Feb/2023:18:37:40 -0800] "GET /world/china/shenyang57.jpg HTTP/1.1" 200 80577 "-" "Mozilla/5.0 (X11; Ubuntu; Linux x86_64; rv:107.0) Gecko/20100101 Firefox/107.0" "ysfine.com"
216.244.66.229 - - [01/Feb/2023:18:38:12 -0800] "GET /remote/wigner111/frame23.html HTTP/1.1" 200 1020 "-" "Mozilla/5.0 (compatible; DotBot/1.2; +https://opensiteexplorer.org/dotbot; help@moz.com)" "www.ysfine.com"
152.32.107.81 - - [01/Feb/2023:18:38:23 -0800] "GET /feynman/feyfirm66c.jpg HTTP/1.1" 200 36701 "https://www.google.com/" "Mozilla/5.0 (Windows NT 10.0; Win64; x64) AppleWebKit/537.36 (KHTML, like Gecko) Chrome/109.0.0.0 Safari/537.36" "ysfine.com"
52.167.144.39 - - [01/Feb/2023:18:38:23 -0800] "GET /bio/einstein/bern.html HTTP/1.1" 404 88 "-" "Mozilla/5.0 AppleWebKit/537.36 (KHTML, like Gecko; compatible; bingbot/2.0; +http://www.bing.com/bingbot.htm) Chrome/103.0.5060.134 Safari/537.36" "ysfine.com"
3.85.241.242 - - [01/Feb/2023:18:38:35 -0800] "GET /kobak/sl628.jpg HTTP/1.1" 200 225100 "-" "Mozilla/5.0 (X11; Ubuntu; Linux x86_64; rv:72.0) Gecko/20100101 Firefox/72.0" "ysfine.com"
216.244.66.229 - - [01/Feb/2023:18:38:42 -0800] "GET /sbk/2011igu22.jpg HTTP/1.1" 200 118393 "-" "Mozilla/5.0 (compatible; DotBot/1.2; +https://opensiteexplorer.org/dotbot; help@moz.com)" "www.ysfine.com"
207.46.13.104 - - [01/Feb/2023:18:38:46 -0800] "GET /world/brit/oxlon56.jpg HTTP/1.1" 200 116824 "-" "Mozilla/5.0 AppleWebKit/537.36 (KHTML, like Gecko; compatible; bingbot/2.0; +http://www.bing.com/bingbot.htm) Chrome/103.0.5060.134 Safari/537.36" "ysfine.com"
51.222.253.12 - - [01/Feb/2023:18:38:49 -0800] "GET /class54/oldr.html HTTP/1.1" 200 4800 "-" "Mozilla/5.0 (compatible; AhrefsBot/7.0; +http://ahrefs.com/robot/)" "ysfine.com"
51.222.253.11 - - [01/Feb/2023:18:38:51 -0800] "GET /kobak/hyundai86b.jpg HTTP/1.1" 200 41516 "-" "Mozilla/5.0 (compatible; AhrefsBot/7.0; +http://ahrefs.com/robot/)" "ysfine.com"
51.222.253.15 - - [01/Feb/2023:18:38:52 -0800] "GET /class54/stcars/stcar39a.jpg HTTP/1.1" 200 60652 "-" "Mozilla/5.0 (compatible; AhrefsBot/7.0; +http://ahrefs.com/robot/)" "ysfine.com"
51.222.253.12 - - [01/Feb/2023:18:38:52 -0800] "GET /class54/stcars/stcar23b.jpg HTTP/1.1" 200 42905 "-" "Mozilla/5.0 (compatible; AhrefsBot/7.0; +http://ahrefs.com/robot/)" "ysfine.com"
51.222.253.6 - - [01/Feb/2023:18:38:53 -0800] "GET /class54/stcars/brake31a.jpg HTTP/1.1" 200 85395 "-" "Mozilla/5.0 (compatible; AhrefsBot/7.0; +http://ahrefs.com/robot/)" "ysfine.com"
51.222.253.11 - - [01/Feb/2023:18:38:54 -0800] "GET /class54/stcars/stcar05b.jpg HTTP/1.1" 200 38162 "-" "Mozilla/5.0 (compatible; AhrefsBot/7.0; +http://ahrefs.com/robot/)" "ysfine.com"
51.222.253.18 - - [01/Feb/2023:18:38:54 -0800] "GET /class54/stcars/stcar03b.jpg HTTP/1.1" 200 31996 "-" "Mozilla/5.0 (compatible; AhrefsBot/7.0; +http://ahrefs.com/robot/)" "ysfine.com"
51.222.253.17 - - [01/Feb/2023:18:38:55 -0800] "GET /class54/stcars/stcar10b.jpg HTTP/1.1" 200 49452 "-" "Mozilla/5.0 (compatible; AhrefsBot/7.0; +http://ahrefs.com/robot/)" "ysfine.com"
51.222.253.11 - - [01/Feb/2023:18:38:55 -0800] "GET /world/china/dalian61b.jpg HTTP/1.1" 200 49682 "-" "Mozilla/5.0 (compatible; AhrefsBot/7.0; +http://ahrefs.com/robot/)" "ysfine.com"
51.222.253.3 - - [01/Feb/2023:18:38:56 -0800] "GET /class54/stcars/stcar21b.jpg HTTP/1.1" 200 33556 "-" "Mozilla/5.0 (compatible; AhrefsBot/7.0; +http://ahrefs.com/robot/)" "ysfine.com"
51.222.253.18 - - [01/Feb/2023:18:38:56 -0800] "GET /class54/stcars/se01b.jpg HTTP/1.1" 200 39569 "-" "Mozilla/5.0 (compatible; AhrefsBot/7.0; +http://ahrefs.com/robot/)" "ysfine.com"
51.222.253.17 - - [01/Feb/2023:18:38:57 -0800] "GET /class54/stcars/se06b.jpg HTTP/1.1" 200 34708 "-" "Mozilla/5.0 (compatible; AhrefsBot/7.0; +http://ahrefs.com/robot/)" "ysfine.com"
216.244.66.229 - - [01/Feb/2023:18:39:21 -0800] "GET /sbk/2013buda05.jpg HTTP/1.1" 200 90405 "-" "Mozilla/5.0 (compatible; DotBot/1.2; +https://opensiteexplorer.org/dotbot; help@moz.com)" "www.ysfine.com"
144.202.25.134 - - [01/Feb/2023:18:39:37 -0800] "GET /world/tdrome.html HTTP/1.1" 200 5611 "-" "Mozilla" "ysfine.com"
144.202.25.134 - - [01/Feb/2023:18:39:41 -0800] "GET /world/tdrome.html HTTP/1.1" 200 5611 "-" "Mozilla" "ysfine.com"
66.249.70.30 - - [01/Feb/2023:18:39:43 -0800] "GET /ads.txt HTTP/1.1" 404 88 "-" "Mozilla/5.0 (compatible; Googlebot/2.1; +http://www.google.com/bot.html)" "ysfine.com"
40.77.167.192 - - [01/Feb/2023:18:40:21 -0800] "GET /fotos/wsj450.jpg HTTP/1.1" 200 68132 "-" "Mozilla/5.0 AppleWebKit/537.36 (KHTML, like Gecko; compatible; bingbot/2.0; +http://www.bing.com/bingbot.htm) Chrome/103.0.5060.134 Safari/537.36" "www.ysfine.com"
31.205.108.157 - - [01/Feb/2023:18:40:49 -0800] "GET /feynman/feydirac.jpg HTTP/1.1" 200 98378 "https://www.google.com/" "Mozilla/5.0 (Macintosh; Intel Mac OS X 10_15_7) AppleWebKit/605.1.15 (KHTML, like Gecko) Version/13.1.3 Safari/605.1.15" "ysfine.com"
52.167.144.62 - - [01/Feb/2023:18:41:17 -0800] "GET /bio/style/proschanie.html HTTP/1.1" 404 88 "-" "Mozilla/5.0 AppleWebKit/537.36 (KHTML, like Gecko; compatible; bingbot/2.0; +http://www.bing.com/bingbot.htm) Chrome/103.0.5060.134 Safari/537.36" "ysfine.com"
51.222.253.13 - - [01/Feb/2023:18:41:44 -0800] "GET /class54/class5480/Pictures/1.%C3%AC%C2%A0%C2%91%C3%AC%C2%88%C2%98%C3%AB%C2%B0%C2%8F%C3%AD%C2%99%C2%98%C3%AB%C2%8B%C2%B4/?C=M;O=A HTTP/1.1" 200 869 "-" "Mozilla/5.0 (compatible; AhrefsBot/7.0; +http://ahrefs.com/robot/)" "ysfine.com"
207.46.13.104 - - [01/Feb/2023:18:42:43 -0800] "GET /bio21.html HTTP/1.1" 200 5110 "-" "Mozilla/5.0 AppleWebKit/537.36 (KHTML, like Gecko; compatible; bingbot/2.0; +http://www.bing.com/bingbot.htm) Chrome/103.0.5060.134 Safari/537.36" "ysfine.com"
40.77.167.192 - - [01/Feb/2023:18:43:01 -0800] "GET /sbk/2006nice11.jpg HTTP/1.1" 200 238304 "-" "Mozilla/5.0 AppleWebKit/537.36 (KHTML, like Gecko; compatible; bingbot/2.0; +http://www.bing.com/bingbot.htm) Chrome/103.0.5060.134 Safari/537.36" "ysfine.com"
31.205.108.157 - - [01/Feb/2023:18:43:31 -0800] "GET /maga/phys/yukadirac53.jpg HTTP/1.1" 200 72355 "https://www.google.com/" "Mozilla/5.0 (Macintosh; Intel Mac OS X 10_15_7) AppleWebKit/605.1.15 (KHTML, like Gecko) Version/13.1.3 Safari/605.1.15" "ysfine.com"
65.21.107.160 - - [01/Feb/2023:18:43:59 -0800] "GET /world/china/shenyang57.jpg HTTP/1.1" 200 80577 "-" "Mozilla/5.0 (X11; Fedora; Linux x86_64) AppleWebKit/537.36 (KHTML, like Gecko) Chrome/79.0.3945.117 Safari/537.36" "ysfine.com"
51.222.253.14 - - [01/Feb/2023:18:45:02 -0800] "GET /class54/class5470/total_data/sub_280.htm HTTP/1.1" 200 3371 "-" "Mozilla/5.0 (compatible; AhrefsBot/7.0; +http://ahrefs.com/robot/)" "ysfine.com"
52.167.144.86 - - [01/Feb/2023:18:46:28 -0800] "GET /bio/princeton/campus.html HTTP/1.1" 404 88 "-" "Mozilla/5.0 AppleWebKit/537.36 (KHTML, like Gecko; compatible; bingbot/2.0; +http://www.bing.com/bingbot.htm) Chrome/103.0.5060.134 Safari/537.36" "ysfine.com"
216.244.66.229 - - [01/Feb/2023:18:46:42 -0800] "GET /class54/class5470/total_data/sub_8140.htm HTTP/1.1" 200 15748 "-" "Mozilla/5.0 (compatible; DotBot/1.2; +https://opensiteexplorer.org/dotbot; help@moz.com)" "www.ysfine.com"
216.244.66.229 - - [01/Feb/2023:18:46:51 -0800] "GET /class54/class5470/total_data/sub_8168.htm HTTP/1.1" 200 15774 "-" "Mozilla/5.0 (compatible; DotBot/1.2; +https://opensiteexplorer.org/dotbot; help@moz.com)" "www.ysfine.com"
216.244.66.229 - - [01/Feb/2023:18:47:01 -0800] "GET /newyork/battery10.jpg HTTP/1.1" 200 152182 "-" "Mozilla/5.0 (compatible; DotBot/1.2; +https://opensiteexplorer.org/dotbot; help@moz.com)" "www.ysfine.com"
108.76.219.191 - - [01/Feb/2023:18:47:27 -0800] "GET /kowar/tanks.html HTTP/1.1" 200 8699 "https://www.google.com/" "Mozilla/5.0 (Linux; Android 13; SM-G988U) AppleWebKit/537.36 (KHTML, like Gecko) Chrome/109.0.0.0 Mobile Safari/537.36" "ysfine.com"
108.76.219.191 - - [01/Feb/2023:18:47:28 -0800] "GET /kowar/tanks/tank01b.jpg HTTP/1.1" 200 43748 "https://ysfine.com/kowar/tanks.html" "Mozilla/5.0 (Linux; Android 13; SM-G988U) AppleWebKit/537.36 (KHTML, like Gecko) Chrome/109.0.0.0 Mobile Safari/537.36" "ysfine.com"
108.76.219.191 - - [01/Feb/2023:18:47:28 -0800] "GET /kowar/tanks/m60b.jpg HTTP/1.1" 200 31548 "https://ysfine.com/kowar/tanks.html" "Mozilla/5.0 (Linux; Android 13; SM-G988U) AppleWebKit/537.36 (KHTML, like Gecko) Chrome/109.0.0.0 Mobile Safari/537.36" "ysfine.com"
108.76.219.191 - - [01/Feb/2023:18:47:28 -0800] "GET /kowar/tanks/stalinorg2.jpg HTTP/1.1" 200 50939 "https://ysfine.com/kowar/tanks.html" "Mozilla/5.0 (Linux; Android 13; SM-G988U) AppleWebKit/537.36 (KHTML, like Gecko) Chrome/109.0.0.0 Mobile Safari/537.36" "ysfine.com"
108.76.219.191 - - [01/Feb/2023:18:47:28 -0800] "GET /kowar/tanks/southhorse2.jpg HTTP/1.1" 200 51359 "https://ysfine.com/kowar/tanks.html" "Mozilla/5.0 (Linux; Android 13; SM-G988U) AppleWebKit/537.36 (KHTML, like Gecko) Chrome/109.0.0.0 Mobile Safari/537.36" "ysfine.com"
108.76.219.191 - - [01/Feb/2023:18:47:28 -0800] "GET /kowar/tanks/sherman58b.jpg HTTP/1.1" 200 37300 "https://ysfine.com/kowar/tanks.html" "Mozilla/5.0 (Linux; Android 13; SM-G988U) AppleWebKit/537.36 (KHTML, like Gecko) Chrome/109.0.0.0 Mobile Safari/537.36" "ysfine.com"
108.76.219.191 - - [01/Feb/2023:18:47:28 -0800] "GET /kowar/tanks/sherman44b.jpg HTTP/1.1" 200 34454 "https://ysfine.com/kowar/tanks.html" "Mozilla/5.0 (Linux; Android 13; SM-G988U) AppleWebKit/537.36 (KHTML, like Gecko) Chrome/109.0.0.0 Mobile Safari/537.36" "ysfine.com"
108.76.219.191 - - [01/Feb/2023:18:47:28 -0800] "GET /kowar/tanks/tank07b.jpg HTTP/1.1" 200 40314 "https://ysfine.com/kowar/tanks.html" "Mozilla/5.0 (Linux; Android 13; SM-G988U) AppleWebKit/537.36 (KHTML, like Gecko) Chrome/109.0.0.0 Mobile Safari/537.36" "ysfine.com"
108.76.219.191 - - [01/Feb/2023:18:47:28 -0800] "GET /kowar/tanks/tank04b.jpg HTTP/1.1" 200 48757 "https://ysfine.com/kowar/tanks.html" "Mozilla/5.0 (Linux; Android 13; SM-G988U) AppleWebKit/537.36 (KHTML, like Gecko) Chrome/109.0.0.0 Mobile Safari/537.36" "ysfine.com"
108.76.219.191 - - [01/Feb/2023:18:47:28 -0800] "GET /kowar/tanks/tank54b.jpg HTTP/1.1" 200 38354 "https://ysfine.com/kowar/tanks.html" "Mozilla/5.0 (Linux; Android 13; SM-G988U) AppleWebKit/537.36 (KHTML, like Gecko) Chrome/109.0.0.0 Mobile Safari/537.36" "ysfine.com"
108.76.219.191 - - [01/Feb/2023:18:47:28 -0800] "GET /kowar/tanks/m24b.jpg HTTP/1.1" 200 37948 "https://ysfine.com/kowar/tanks.html" "Mozilla/5.0 (Linux; Android 13; SM-G988U) AppleWebKit/537.36 (KHTML, like Gecko) Chrome/109.0.0.0 Mobile Safari/537.36" "ysfine.com"
108.76.219.191 - - [01/Feb/2023:18:47:28 -0800] "GET /kowar/tanks/m01b.jpg HTTP/1.1" 200 28921 "https://ysfine.com/kowar/tanks.html" "Mozilla/5.0 (Linux; Android 13; SM-G988U) AppleWebKit/537.36 (KHTML, like Gecko) Chrome/109.0.0.0 Mobile Safari/537.36" "ysfine.com"
108.76.219.191 - - [01/Feb/2023:18:47:28 -0800] "GET /kowar/tanks/sherman43b.jpg HTTP/1.1" 200 28142 "https://ysfine.com/kowar/tanks.html" "Mozilla/5.0 (Linux; Android 13; SM-G988U) AppleWebKit/537.36 (KHTML, like Gecko) Chrome/109.0.0.0 Mobile Safari/537.36" "ysfine.com"
108.76.219.191 - - [01/Feb/2023:18:47:28 -0800] "GET /kowar/tanks/tank02b.jpg HTTP/1.1" 200 30002 "https://ysfine.com/kowar/tanks.html" "Mozilla/5.0 (Linux; Android 13; SM-G988U) AppleWebKit/537.36 (KHTML, like Gecko) Chrome/109.0.0.0 Mobile Safari/537.36" "ysfine.com"
108.76.219.191 - - [01/Feb/2023:18:47:28 -0800] "GET /kowar/tanks/tank03b.jpg HTTP/1.1" 200 42892 "https://ysfine.com/kowar/tanks.html" "Mozilla/5.0 (Linux; Android 13; SM-G988U) AppleWebKit/537.36 (KHTML, like Gecko) Chrome/109.0.0.0 Mobile Safari/537.36" "ysfine.com"
108.76.219.191 - - [01/Feb/2023:18:47:28 -0800] "GET /kowar/tanks/tank22b.jpg HTTP/1.1" 200 37945 "https://ysfine.com/kowar/tanks.html" "Mozilla/5.0 (Linux; Android 13; SM-G988U) AppleWebKit/537.36 (KHTML, like Gecko) Chrome/109.0.0.0 Mobile Safari/537.36" "ysfine.com"
108.76.219.191 - - [01/Feb/2023:18:47:28 -0800] "GET /kowar/tanks/tank21b.jpg HTTP/1.1" 200 26768 "https://ysfine.com/kowar/tanks.html" "Mozilla/5.0 (Linux; Android 13; SM-G988U) AppleWebKit/537.36 (KHTML, like Gecko) Chrome/109.0.0.0 Mobile Safari/537.36" "ysfine.com"
108.76.219.191 - - [01/Feb/2023:18:47:28 -0800] "GET /kowar/tanks/m46cb.jpg HTTP/1.1" 200 35273 "https://ysfine.com/kowar/tanks.html" "Mozilla/5.0 (Linux; Android 13; SM-G988U) AppleWebKit/537.36 (KHTML, like Gecko) Chrome/109.0.0.0 Mobile Safari/537.36" "ysfine.com"
108.76.219.191 - - [01/Feb/2023:18:47:28 -0800] "GET /kowar/tanks/tank05b.jpg HTTP/1.1" 200 48742 "https://ysfine.com/kowar/tanks.html" "Mozilla/5.0 (Linux; Android 13; SM-G988U) AppleWebKit/537.36 (KHTML, like Gecko) Chrome/109.0.0.0 Mobile Safari/537.36" "ysfine.com"
108.76.219.191 - - [01/Feb/2023:18:47:29 -0800] "GET /favicon.ico HTTP/1.1" 404 88 "https://ysfine.com/kowar/tanks.html" "Mozilla/5.0 (Linux; Android 13; SM-G988U) AppleWebKit/537.36 (KHTML, like Gecko) Chrome/109.0.0.0 Mobile Safari/537.36" "ysfine.com"
216.244.66.229 - - [01/Feb/2023:18:47:41 -0800] "GET /newyork/wfc17.jpg HTTP/1.1" 200 232236 "-" "Mozilla/5.0 (compatible; DotBot/1.2; +https://opensiteexplorer.org/dotbot; help@moz.com)" "www.ysfine.com"
51.222.253.13 - - [01/Feb/2023:18:48:16 -0800] "GET /class54/class5470/total_data/sub_283.htm HTTP/1.1" 200 3386 "-" "Mozilla/5.0 (compatible; AhrefsBot/7.0; +http://ahrefs.com/robot/)" "ysfine.com"
216.244.66.229 - - [01/Feb/2023:18:48:17 -0800] "GET /newyork/wtc74.jpg HTTP/1.1" 200 213053 "-" "Mozilla/5.0 (compatible; DotBot/1.2; +https://opensiteexplorer.org/dotbot; help@moz.com)" "www.ysfine.com"
216.244.66.229 - - [01/Feb/2023:18:49:02 -0800] "GET /wisdom/mil/sherman44.jpg HTTP/1.1" 200 75411 "-" "Mozilla/5.0 (compatible; DotBot/1.2; +https://opensiteexplorer.org/dotbot; help@moz.com)" "www.ysfine.com"
216.244.66.229 - - [01/Feb/2023:18:49:33 -0800] "GET /world/poland/polstu05.jpg HTTP/1.1" 200 99880 "-" "Mozilla/5.0 (compatible; DotBot/1.2; +https://opensiteexplorer.org/dotbot; help@moz.com)" "www.ysfine.com"
87.250.224.67 - - [01/Feb/2023:18:50:02 -0800] "GET /kowar/war50.html HTTP/1.1" 200 11795 "-" "Mozilla/5.0 (compatible; YandexBot/3.0; +http://yandex.com/bots) AppleWebKit/537.36 (KHTML, like Gecko) Chrome/81.0.4044.268" "www.ysfine.com"
5.188.210.87 - - [01/Feb/2023:18:50:38 -0800] "GET /world/visas.html HTTP/1.1" 200 7643 "https://www.ysfine.com/world/visas.html" "Mozilla/5.0 (Windows NT 10.0; Win64; x64) AppleWebKit/537.36 (KHTML, like Gecko) Chrome/90.0.4430.85 Safari/537.36 Edg/90.0.818.49" "www.ysfine.com"
51.222.253.11 - - [01/Feb/2023:18:51:14 -0800] "GET /class54/class5480/Pictures/1.%C3%AC%C2%A0%C2%91%C3%AC%C2%88%C2%98%C3%AB%C2%B0%C2%8F%C3%AD%C2%99%C2%98%C3%AB%C2%8B%C2%B4/?C=D;O=A HTTP/1.1" 200 869 "-" "Mozilla/5.0 (compatible; AhrefsBot/7.0; +http://ahrefs.com/robot/)" "ysfine.com"
52.167.144.86 - - [01/Feb/2023:18:52:05 -0800] "GET /wigner/gim/map02.jpg HTTP/1.1" 200 135793 "-" "Mozilla/5.0 AppleWebKit/537.36 (KHTML, like Gecko; compatible; bingbot/2.0; +http://www.bing.com/bingbot.htm) Chrome/103.0.5060.134 Safari/537.36" "www.ysfine.com"
52.167.144.39 - - [01/Feb/2023:18:52:29 -0800] "GET /world/france/pontdg05.jpg HTTP/1.1" 200 91495 "-" "Mozilla/5.0 AppleWebKit/537.36 (KHTML, like Gecko; compatible; bingbot/2.0; +http://www.bing.com/bingbot.htm) Chrome/103.0.5060.134 Safari/537.36" "ysfine.com"
207.46.13.64 - - [01/Feb/2023:18:53:14 -0800] "GET /ysbio/world/france/magots11.jpg HTTP/1.1" 404 88 "-" "Mozilla/5.0 AppleWebKit/537.36 (KHTML, like Gecko; compatible; bingbot/2.0; +http://www.bing.com/bingbot.htm) Chrome/103.0.5060.134 Safari/537.36" "ysfine.com"
40.77.167.192 - - [01/Feb/2023:18:53:16 -0800] "GET /wdc/kennedyc06b.jpg HTTP/1.1" 200 32476 "-" "Mozilla/5.0 AppleWebKit/537.36 (KHTML, like Gecko; compatible; bingbot/2.0; +http://www.bing.com/bingbot.htm) Chrome/103.0.5060.134 Safari/537.36" "www.ysfine.com"
5.255.253.179 - - [01/Feb/2023:18:53:23 -0800] "GET /world/paris.html HTTP/1.1" 200 18129 "-" "Mozilla/5.0 (compatible; YandexBot/3.0; +http://yandex.com/bots) AppleWebKit/537.36 (KHTML, like Gecko) Chrome/81.0.4044.268" "www.ysfine.com"
193.186.4.83 - - [01/Feb/2023:18:53:30 -0800] "GET /maga/marx.html HTTP/1.1" 200 5871 "-" "Mozilla/5.0 (Linux; Android 10; K) AppleWebKit/537.36 (KHTML, like Gecko) Chrome/109.0.0.0 Mobile Safari/537.36" "ysfine.com"
51.222.253.6 - - [01/Feb/2023:18:54:32 -0800] "GET /class54/class5470/total_data/sub_279.htm HTTP/1.1" 200 3371 "-" "Mozilla/5.0 (compatible; AhrefsBot/7.0; +http://ahrefs.com/robot/)" "ysfine.com"
52.167.144.86 - - [01/Feb/2023:18:55:40 -0800] "GET /bio/wigner/e(2).html HTTP/1.1" 404 88 "-" "Mozilla/5.0 AppleWebKit/537.36 (KHTML, like Gecko; compatible; bingbot/2.0; +http://www.bing.com/bingbot.htm) Chrome/103.0.5060.134 Safari/537.36" "ysfine.com"
51.222.253.1 - - [01/Feb/2023:18:56:48 -0800] "GET /class54/class5470/total_data/sub_295.htm HTTP/1.1" 200 3372 "-" "Mozilla/5.0 (compatible; AhrefsBot/7.0; +http://ahrefs.com/robot/)" "ysfine.com"
193.186.4.144 - - [01/Feb/2023:18:56:58 -0800] "GET /dirac/dirheisen.html HTTP/1.1" 200 4650 "-" "Mozilla/5.0 (Linux; Android 10; K) AppleWebKit/537.36 (KHTML, like Gecko) Chrome/109.0.0.0 Mobile Safari/537.36" "ysfine.com"
111.94.128.203 - - [01/Feb/2023:18:57:05 -0800] "GET /dirac/dirheisen30.jpg HTTP/1.1" 200 141929 "https://www.google.com/" "Mozilla/5.0 (Linux; Android 13; SM-A336E) AppleWebKit/537.36 (KHTML, like Gecko) Chrome/109.0.0.0 Mobile Safari/537.36" "ysfine.com"
111.94.128.203 - - [01/Feb/2023:18:57:06 -0800] "GET /dirac/dirfoc62.jpg HTTP/1.1" 200 192075 "https://www.google.com/" "Mozilla/5.0 (Linux; Android 13; SM-A336E) AppleWebKit/537.36 (KHTML, like Gecko) Chrome/109.0.0.0 Mobile Safari/537.36" "ysfine.com"
3.236.66.36 - - [01/Feb/2023:18:57:34 -0800] "GET /princeton/undorm.jpg HTTP/1.1" 404 73 "-" "Mozilla/5.0 (X11; Ubuntu; Linux x86_64; rv:72.0) Gecko/20100101 Firefox/72.0" "ysfine.com"
207.46.13.64 - - [01/Feb/2023:18:57:34 -0800] "GET /world/scandi/norw25.jpg HTTP/1.1" 200 95991 "-" "Mozilla/5.0 AppleWebKit/537.36 (KHTML, like Gecko; compatible; bingbot/2.0; +http://www.bing.com/bingbot.htm) Chrome/103.0.5060.134 Safari/537.36" "ysfine.com"
111.94.128.203 - - [01/Feb/2023:18:57:38 -0800] "GET /people/facu63.jpg HTTP/1.1" 200 255387 "https://www.google.com/" "Mozilla/5.0 (Linux; Android 13; SM-A336E) AppleWebKit/537.36 (KHTML, like Gecko) Chrome/109.0.0.0 Mobile Safari/537.36" "ysfine.com"
95.163.255.71 - - [01/Feb/2023:18:58:20 -0800] "GET /robots.txt HTTP/1.1" 404 73 "-" "Mozilla/5.0 (compatible; Linux x86_64; Mail.RU_Bot/Img/2.0; +https://help.mail.ru/webmaster/indexing/robots)" "www.ysfine.com"
201.185.116.204 - - [01/Feb/2023:18:58:24 -0800] "GET /style/chopingr22.jpg HTTP/1.1" 200 59814 "https://www.google.com/" "Mozilla/5.0 (Windows NT 10.0; Win64; x64) AppleWebKit/537.36 (KHTML, like Gecko) Chrome/107.0.0.0 Safari/537.36 OPR/93.0.0.0" "ysfine.com"
44.200.136.170 - - [01/Feb/2023:18:58:58 -0800] "GET /world/baltic/kalin22.jpg HTTP/1.1" 200 152819 "-" "Mozilla/5.0 (X11; Ubuntu; Linux x86_64; rv:72.0) Gecko/20100101 Firefox/72.0" "ysfine.com"
51.222.253.19 - - [01/Feb/2023:18:59:06 -0800] "GET /remote/wigner111/frame27.html HTTP/1.1" 200 534 "-" "Mozilla/5.0 (compatible; AhrefsBot/7.0; +http://ahrefs.com/robot/)" "www.ysfine.com"
40.77.167.192 - - [01/Feb/2023:18:59:15 -0800] "GET /world/russ/arndt11.jpg HTTP/1.1" 200 120190 "-" "Mozilla/5.0 AppleWebKit/537.36 (KHTML, like Gecko; compatible; bingbot/2.0; +http://www.bing.com/bingbot.htm) Chrome/103.0.5060.134 Safari/537.36" "www.ysfine.com"
95.163.255.81 - - [01/Feb/2023:18:59:34 -0800] "GET /home/yscoup11b.jpg HTTP/1.1" 200 34138 "http://go.mail.ru/search_images" "Mozilla/5.0 (compatible; Linux x86_64; Mail.RU_Bot/Img/2.0; +https://help.mail.ru/webmaster/indexing/robots)" "www.ysfine.com"
5.78.68.14 - - [01/Feb/2023:18:59:42 -0800] "GET /wp-login.php HTTP/1.1" 404 88 "http://ysfine.com/wp-login.php" "Mozilla/5.0 (Windows NT 10.0; Win64; x64) AppleWebKit/537.36 (KHTML, like Gecko) Chrome/64.0.3282.140 Safari/537.36 Edge/18.17763" "ysfine.com"
216.244.66.229 - - [01/Feb/2023:18:59:49 -0800] "GET /robots.txt HTTP/1.1" 404 73 "-" "Mozilla/5.0 (compatible; DotBot/1.2; +https://opensiteexplorer.org/dotbot; help@moz.com)" "www.ysfine.com"
52.167.144.86 - - [01/Feb/2023:19:00:14 -0800] "GET /einstein/eink07b.jpg HTTP/1.1" 200 35608 "-" "Mozilla/5.0 AppleWebKit/537.36 (KHTML, like Gecko; compatible; bingbot/2.0; +http://www.bing.com/bingbot.htm) Chrome/103.0.5060.134 Safari/537.36" "ysfine.com"
47.220.36.242 - - [01/Feb/2023:19:00:25 -0800] "GET /kobak/1014c.jpg HTTP/1.1" 200 164928 "https://www.google.com/" "Mozilla/5.0 (Windows NT 10.0; Win64; x64) AppleWebKit/537.36 (KHTML, like Gecko) Chrome/109.0.0.0 Safari/537.36 Edg/109.0.1518.70" "ysfine.com"
47.220.36.242 - - [01/Feb/2023:19:00:39 -0800] "GET /kowar/panmun04.jpg HTTP/1.1" 200 126386 "https://www.google.com/" "Mozilla/5.0 (Windows NT 10.0; Win64; x64) AppleWebKit/537.36 (KHTML, like Gecko) Chrome/109.0.0.0 Safari/537.36 Edg/109.0.1518.70" "ysfine.com"
51.222.253.20 - - [01/Feb/2023:19:01:25 -0800] "GET /class54/class5470/total_data/sub_286.htm HTTP/1.1" 200 3386 "-" "Mozilla/5.0 (compatible; AhrefsBot/7.0; +http://ahrefs.com/robot/)" "ysfine.com"
17.241.219.43 - - [01/Feb/2023:19:02:00 -0800] "GET /wigner/wigheisen.html HTTP/1.1" 200 3346 "-" "Mozilla/5.0 (Macintosh; Intel Mac OS X 10_15_5) AppleWebKit/605.1.15 (KHTML, like Gecko) Version/13.1.1 Safari/605.1.15 (Applebot/0.1; +http://www.apple.com/go/applebot)" "ysfine.com"
216.244.66.229 - - [01/Feb/2023:19:02:24 -0800] "GET /world/spain/madrid11.jpg HTTP/1.1" 200 437220 "-" "Mozilla/5.0 (compatible; DotBot/1.2; +https://opensiteexplorer.org/dotbot; help@moz.com)" "www.ysfine.com"
52.167.144.62 - - [01/Feb/2023:19:02:39 -0800] "GET /bio/style/proschanie.html HTTP/1.1" 404 88 "-" "Mozilla/5.0 AppleWebKit/537.36 (KHTML, like Gecko; compatible; bingbot/2.0; +http://www.bing.com/bingbot.htm) Chrome/103.0.5060.134 Safari/537.36" "ysfine.com"
52.167.144.39 - - [01/Feb/2023:19:02:48 -0800] "GET /bio/kobak/namdae.html HTTP/1.1" 404 88 "-" "Mozilla/5.0 AppleWebKit/537.36 (KHTML, like Gecko; compatible; bingbot/2.0; +http://www.bing.com/bingbot.htm) Chrome/103.0.5060.134 Safari/537.36" "ysfine.com"
174.197.17.137 - - [01/Feb/2023:19:03:20 -0800] "GET /princeton/alexan22.jpg HTTP/1.1" 200 175436 "https://www.google.com/" "Mozilla/5.0 (iPhone; CPU iPhone OS 14_8_1 like Mac OS X) AppleWebKit/605.1.15 (KHTML, like Gecko) Version/14.1.2 Mobile/15E148 Safari/604.1" "ysfine.com"
144.202.25.134 - - [01/Feb/2023:19:03:46 -0800] "GET /world/tdrome.html HTTP/1.1" 200 5611 "-" "Mozilla" "ysfine.com"
144.202.25.134 - - [01/Feb/2023:19:03:49 -0800] "GET /world/tdrome.html HTTP/1.1" 200 5611 "-" "Mozilla" "ysfine.com"
173.165.15.206 - - [01/Feb/2023:19:04:21 -0800] "GET /maga/histo/desiree22.jpg HTTP/1.1" 200 113561 "https://www.google.com/" "Mozilla/5.0 (iPad; CPU OS 15_6 like Mac OS X) AppleWebKit/605.1.15 (KHTML, like Gecko) CriOS/109.0.5414.112 Mobile/15E148 Safari/604.1" "ysfine.com"
40.77.167.192 - - [01/Feb/2023:19:04:26 -0800] "GET /bio/eink/buythisbook.html HTTP/1.1" 404 88 "-" "Mozilla/5.0 AppleWebKit/537.36 (KHTML, like Gecko; compatible; bingbot/2.0; +http://www.bing.com/bingbot.htm) Chrome/103.0.5060.134 Safari/537.36" "ysfine.com"
51.222.253.19 - - [01/Feb/2023:19:04:40 -0800] "GET /world/paris.html HTTP/1.1" 200 18129 "-" "Mozilla/5.0 (compatible; AhrefsBot/7.0; +http://ahrefs.com/robot/)" "ysfine.com"
51.222.253.20 - - [01/Feb/2023:19:04:42 -0800] "GET /world/france/louvre64b.jpg HTTP/1.1" 200 39662 "-" "Mozilla/5.0 (compatible; AhrefsBot/7.0; +http://ahrefs.com/robot/)" "ysfine.com"
51.222.253.7 - - [01/Feb/2023:19:04:42 -0800] "GET /world/france/sorbonnef05b.jpg HTTP/1.1" 200 36474 "-" "Mozilla/5.0 (compatible; AhrefsBot/7.0; +http://ahrefs.com/robot/)" "ysfine.com"
51.222.253.7 - - [01/Feb/2023:19:04:43 -0800] "GET /world/france/sorbonne26b.jpg HTTP/1.1" 200 31757 "-" "Mozilla/5.0 (compatible; AhrefsBot/7.0; +http://ahrefs.com/robot/)" "ysfine.com"
51.222.253.9 - - [01/Feb/2023:19:04:43 -0800] "GET /world/france/sartsq07b.jpg HTTP/1.1" 200 33860 "-" "Mozilla/5.0 (compatible; AhrefsBot/7.0; +http://ahrefs.com/robot/)" "ysfine.com"
51.222.253.17 - - [01/Feb/2023:19:04:44 -0800] "GET /world/france/orsaym39b.jpg HTTP/1.1" 200 47351 "-" "Mozilla/5.0 (compatible; AhrefsBot/7.0; +http://ahrefs.com/robot/)" "ysfine.com"
51.222.253.7 - - [01/Feb/2023:19:04:44 -0800] "GET /world/france/vers03b.jpg HTTP/1.1" 200 34487 "-" "Mozilla/5.0 (compatible; AhrefsBot/7.0; +http://ahrefs.com/robot/)" "ysfine.com"
51.222.253.2 - - [01/Feb/2023:19:04:45 -0800] "GET /world/france/montpar09b.jpg HTTP/1.1" 200 51581 "-" "Mozilla/5.0 (compatible; AhrefsBot/7.0; +http://ahrefs.com/robot/)" "ysfine.com"
51.222.253.14 - - [01/Feb/2023:19:04:45 -0800] "GET /world/france/eiffel15b.jpg HTTP/1.1" 200 38196 "-" "Mozilla/5.0 (compatible; AhrefsBot/7.0; +http://ahrefs.com/robot/)" "ysfine.com"
51.222.253.1 - - [01/Feb/2023:19:04:46 -0800] "GET /world/france/picassomp04b.jpg HTTP/1.1" 200 44090 "-" "Mozilla/5.0 (compatible; AhrefsBot/7.0; +http://ahrefs.com/robot/)" "ysfine.com"
51.222.253.18 - - [01/Feb/2023:19:04:46 -0800] "GET /beau/amkor/koparis01b.jpg HTTP/1.1" 404 88 "-" "Mozilla/5.0 (compatible; AhrefsBot/7.0; +http://ahrefs.com/robot/)" "ysfine.com"
51.222.253.20 - - [01/Feb/2023:19:04:46 -0800] "GET /world/france/lachaise07b.jpg HTTP/1.1" 200 70749 "-" "Mozilla/5.0 (compatible; AhrefsBot/7.0; +http://ahrefs.com/robot/)" "ysfine.com"
51.222.253.10 - - [01/Feb/2023:19:04:48 -0800] "GET /world/france/sorbonnef08b.jpg HTTP/1.1" 200 42124 "-" "Mozilla/5.0 (compatible; AhrefsBot/7.0; +http://ahrefs.com/robot/)" "ysfine.com"
51.222.253.17 - - [01/Feb/2023:19:04:49 -0800] "GET /world/france/pmetro08b.jpg HTTP/1.1" 200 47625 "-" "Mozilla/5.0 (compatible; AhrefsBot/7.0; +http://ahrefs.com/robot/)" "ysfine.com"
51.222.253.3 - - [01/Feb/2023:19:04:50 -0800] "GET /world/france/rodin11b.jpg HTTP/1.1" 200 40230 "-" "Mozilla/5.0 (compatible; AhrefsBot/7.0; +http://ahrefs.com/robot/)" "ysfine.com"
51.222.253.19 - - [01/Feb/2023:19:04:50 -0800] "GET /beau/russparis03b.jpg HTTP/1.1" 404 88 "-" "Mozilla/5.0 (compatible; AhrefsBot/7.0; +http://ahrefs.com/robot/)" "ysfine.com"
51.222.253.9 - - [01/Feb/2023:19:04:51 -0800] "GET /world/france/picassomp14b.jpg HTTP/1.1" 200 50954 "-" "Mozilla/5.0 (compatible; AhrefsBot/7.0; +http://ahrefs.com/robot/)" "ysfine.com"
66.183.229.216 - - [01/Feb/2023:19:04:52 -0800] "GET /world/china/china015.jpg HTTP/1.1" 200 208572 "https://www.bing.com/" "Mozilla/5.0 (Windows NT 10.0; Win64; x64) AppleWebKit/537.36 (KHTML, like Gecko) Chrome/109.0.0.0 Safari/537.36 Edg/109.0.1518.70" "www.ysfine.com"
51.222.253.19 - - [01/Feb/2023:19:04:52 -0800] "GET /world/france/notre01b.jpg HTTP/1.1" 200 35673 "-" "Mozilla/5.0 (compatible; AhrefsBot/7.0; +http://ahrefs.com/robot/)" "ysfine.com"
51.222.253.8 - - [01/Feb/2023:19:04:52 -0800] "GET /world/france/louvre16b.jpg HTTP/1.1" 200 41857 "-" "Mozilla/5.0 (compatible; AhrefsBot/7.0; +http://ahrefs.com/robot/)" "ysfine.com"
51.222.253.15 - - [01/Feb/2023:19:04:53 -0800] "GET /beau/amkor/kostu01b.jpg HTTP/1.1" 404 88 "-" "Mozilla/5.0 (compatible; AhrefsBot/7.0; +http://ahrefs.com/robot/)" "ysfine.com"
51.222.253.1 - - [01/Feb/2023:19:04:54 -0800] "GET /world/france/lilas06b.jpg HTTP/1.1" 200 46767 "-" "Mozilla/5.0 (compatible; AhrefsBot/7.0; +http://ahrefs.com/robot/)" "ysfine.com"
51.222.253.15 - - [01/Feb/2023:19:04:54 -0800] "GET /world/france/pariso01b.jpg HTTP/1.1" 200 35581 "-" "Mozilla/5.0 (compatible; AhrefsBot/7.0; +http://ahrefs.com/robot/)" "ysfine.com"
51.222.253.4 - - [01/Feb/2023:19:04:55 -0800] "GET /world/france/luxem04b.jpg HTTP/1.1" 200 49575 "-" "Mozilla/5.0 (compatible; AhrefsBot/7.0; +http://ahrefs.com/robot/)" "ysfine.com"
51.222.253.3 - - [01/Feb/2023:19:04:55 -0800] "GET /beau/amkor/kostu06b.jpg HTTP/1.1" 404 88 "-" "Mozilla/5.0 (compatible; AhrefsBot/7.0; +http://ahrefs.com/robot/)" "ysfine.com"
51.222.253.12 - - [01/Feb/2023:19:04:55 -0800] "GET /style/monet01b.jpg HTTP/1.1" 200 42056 "-" "Mozilla/5.0 (compatible; AhrefsBot/7.0; +http://ahrefs.com/robot/)" "ysfine.com"
51.222.253.10 - - [01/Feb/2023:19:04:56 -0800] "GET /world/france/rodin08b.jpg HTTP/1.1" 200 41971 "-" "Mozilla/5.0 (compatible; AhrefsBot/7.0; +http://ahrefs.com/robot/)" "ysfine.com"
51.222.253.5 - - [01/Feb/2023:19:04:56 -0800] "GET /world/france/picassomp02b.jpg HTTP/1.1" 200 42414 "-" "Mozilla/5.0 (compatible; AhrefsBot/7.0; +http://ahrefs.com/robot/)" "ysfine.com"
51.222.253.12 - - [01/Feb/2023:19:04:57 -0800] "GET /world/france/notre11b.jpg HTTP/1.1" 200 30639 "-" "Mozilla/5.0 (compatible; AhrefsBot/7.0; +http://ahrefs.com/robot/)" "ysfine.com"
24.6.80.171 - - [01/Feb/2023:19:04:57 -0800] "GET /feynman/feykant.html HTTP/1.1" 200 3350 "-" "Mozilla/5.0 (Windows NT 10.0; Win64; x64) AppleWebKit/537.36 (KHTML, like Gecko) Chrome/109.0.0.0 Safari/537.36" "ysfine.com"
24.6.80.171 - - [01/Feb/2023:19:04:57 -0800] "GET /dirac/sq66.jpg HTTP/1.1" 200 33459 "https://ysfine.com/feynman/feykant.html" "Mozilla/5.0 (Windows NT 10.0; Win64; x64) AppleWebKit/537.36 (KHTML, like Gecko) Chrome/109.0.0.0 Safari/537.36" "ysfine.com"
24.6.80.171 - - [01/Feb/2023:19:04:57 -0800] "GET /feynman/fb18b.jpg HTTP/1.1" 200 42922 "https://ysfine.com/feynman/feykant.html" "Mozilla/5.0 (Windows NT 10.0; Win64; x64) AppleWebKit/537.36 (KHTML, like Gecko) Chrome/109.0.0.0 Safari/537.36" "ysfine.com"
51.222.253.12 - - [01/Feb/2023:19:04:57 -0800] "GET /world/france/orsaym06b.jpg HTTP/1.1" 200 47315 "-" "Mozilla/5.0 (compatible; AhrefsBot/7.0; +http://ahrefs.com/robot/)" "ysfine.com"
51.222.253.14 - - [01/Feb/2023:19:04:57 -0800] "GET /world/france/orsaym01b.jpg HTTP/1.1" 200 47888 "-" "Mozilla/5.0 (compatible; AhrefsBot/7.0; +http://ahrefs.com/robot/)" "ysfine.com"
51.222.253.7 - - [01/Feb/2023:19:04:58 -0800] "GET /world/france/montmar01b.jpg HTTP/1.1" 200 51708 "-" "Mozilla/5.0 (compatible; AhrefsBot/7.0; +http://ahrefs.com/robot/)" "ysfine.com"
51.222.253.14 - - [01/Feb/2023:19:04:59 -0800] "GET /world/france/printemps07b.jpg HTTP/1.1" 200 37073 "-" "Mozilla/5.0 (compatible; AhrefsBot/7.0; +http://ahrefs.com/robot/)" "ysfine.com"
51.222.253.11 - - [01/Feb/2023:19:05:00 -0800] "GET /world/france/montmar02b.jpg HTTP/1.1" 200 42569 "-" "Mozilla/5.0 (compatible; AhrefsBot/7.0; +http://ahrefs.com/robot/)" "ysfine.com"
51.222.253.8 - - [01/Feb/2023:19:05:01 -0800] "GET /world/france/champ1225b.jpg HTTP/1.1" 200 48242 "-" "Mozilla/5.0 (compatible; AhrefsBot/7.0; +http://ahrefs.com/robot/)" "ysfine.com"
51.222.253.15 - - [01/Feb/2023:19:05:03 -0800] "GET /beau/russparis02b.jpg HTTP/1.1" 404 88 "-" "Mozilla/5.0 (compatible; AhrefsBot/7.0; +http://ahrefs.com/robot/)" "ysfine.com"
51.222.253.4 - - [01/Feb/2023:19:05:03 -0800] "GET /world/france/pmetro05b.jpg HTTP/1.1" 200 38380 "-" "Mozilla/5.0 (compatible; AhrefsBot/7.0; +http://ahrefs.com/robot/)" "ysfine.com"
51.222.253.12 - - [01/Feb/2023:19:05:04 -0800] "GET /world/france/vers09b.jpg HTTP/1.1" 200 42953 "-" "Mozilla/5.0 (compatible; AhrefsBot/7.0; +http://ahrefs.com/robot/)" "ysfine.com"
51.222.253.9 - - [01/Feb/2023:19:05:05 -0800] "GET /world/france/printemps01b.jpg HTTP/1.1" 200 42903 "-" "Mozilla/5.0 (compatible; AhrefsBot/7.0; +http://ahrefs.com/robot/)" "ysfine.com"
51.222.253.14 - - [01/Feb/2023:19:05:06 -0800] "GET /world/france/louvre11b.jpg HTTP/1.1" 200 40544 "-" "Mozilla/5.0 (compatible; AhrefsBot/7.0; +http://ahrefs.com/robot/)" "ysfine.com"
51.222.253.8 - - [01/Feb/2023:19:05:07 -0800] "GET /world/france/sorbonne31b.jpg HTTP/1.1" 200 609112 "-" "Mozilla/5.0 (compatible; AhrefsBot/7.0; +http://ahrefs.com/robot/)" "ysfine.com"
51.222.253.9 - - [01/Feb/2023:19:05:08 -0800] "GET /beau/amkor/amparis04b.jpg HTTP/1.1" 404 88 "-" "Mozilla/5.0 (compatible; AhrefsBot/7.0; +http://ahrefs.com/robot/)" "ysfine.com"
51.222.253.15 - - [01/Feb/2023:19:05:08 -0800] "GET /world/france/picassomp10b.jpg HTTP/1.1" 200 48787 "-" "Mozilla/5.0 (compatible; AhrefsBot/7.0; +http://ahrefs.com/robot/)" "ysfine.com"
51.222.253.3 - - [01/Feb/2023:19:05:09 -0800] "GET /world/france/champ1203b.jpg HTTP/1.1" 200 45101 "-" "Mozilla/5.0 (compatible; AhrefsBot/7.0; +http://ahrefs.com/robot/)" "ysfine.com"
51.222.253.6 - - [01/Feb/2023:19:05:09 -0800] "GET /world/france/sorbonne18b.jpg HTTP/1.1" 200 49600 "-" "Mozilla/5.0 (compatible; AhrefsBot/7.0; +http://ahrefs.com/robot/)" "ysfine.com"
51.222.253.8 - - [01/Feb/2023:19:05:10 -0800] "GET /world/france/sorbonne01b.jpg HTTP/1.1" 200 37013 "-" "Mozilla/5.0 (compatible; AhrefsBot/7.0; +http://ahrefs.com/robot/)" "ysfine.com"
51.222.253.11 - - [01/Feb/2023:19:05:10 -0800] "GET /world/france/notre18b.jpg HTTP/1.1" 200 42957 "-" "Mozilla/5.0 (compatible; AhrefsBot/7.0; +http://ahrefs.com/robot/)" "ysfine.com"
51.222.253.17 - - [01/Feb/2023:19:05:10 -0800] "GET /world/france/montmar17b.jpg HTTP/1.1" 200 49774 "-" "Mozilla/5.0 (compatible; AhrefsBot/7.0; +http://ahrefs.com/robot/)" "ysfine.com"
51.222.253.18 - - [01/Feb/2023:19:05:11 -0800] "GET /world/france/sorbonne02b.jpg HTTP/1.1" 200 47459 "-" "Mozilla/5.0 (compatible; AhrefsBot/7.0; +http://ahrefs.com/robot/)" "ysfine.com"
51.222.253.1 - - [01/Feb/2023:19:05:11 -0800] "GET /beau/amkor/amparis03b.jpg HTTP/1.1" 404 88 "-" "Mozilla/5.0 (compatible; AhrefsBot/7.0; +http://ahrefs.com/robot/)" "ysfine.com"
51.222.253.2 - - [01/Feb/2023:19:05:12 -0800] "GET /world/france/luxem08b.jpg HTTP/1.1" 200 65172 "-" "Mozilla/5.0 (compatible; AhrefsBot/7.0; +http://ahrefs.com/robot/)" "ysfine.com"
51.222.253.13 - - [01/Feb/2023:19:05:12 -0800] "GET /world/france/luxem02b.jpg HTTP/1.1" 200 36245 "-" "Mozilla/5.0 (compatible; AhrefsBot/7.0; +http://ahrefs.com/robot/)" "ysfine.com"
51.222.253.3 - - [01/Feb/2023:19:05:13 -0800] "GET /world/france/pariso15b.jpg HTTP/1.1" 200 37033 "-" "Mozilla/5.0 (compatible; AhrefsBot/7.0; +http://ahrefs.com/robot/)" "ysfine.com"
51.222.253.2 - - [01/Feb/2023:19:05:13 -0800] "GET /style/monet07b.jpg HTTP/1.1" 200 49425 "-" "Mozilla/5.0 (compatible; AhrefsBot/7.0; +http://ahrefs.com/robot/)" "ysfine.com"
51.222.253.13 - - [01/Feb/2023:19:05:13 -0800] "GET /world/france/champ1205b.jpg HTTP/1.1" 200 38613 "-" "Mozilla/5.0 (compatible; AhrefsBot/7.0; +http://ahrefs.com/robot/)" "ysfine.com"
51.222.253.19 - - [01/Feb/2023:19:05:14 -0800] "GET /world/france/orsaym07b.jpg HTTP/1.1" 200 36558 "-" "Mozilla/5.0 (compatible; AhrefsBot/7.0; +http://ahrefs.com/robot/)" "ysfine.com"
51.222.253.15 - - [01/Feb/2023:19:05:14 -0800] "GET /world/france/royalpa12b.jpg HTTP/1.1" 200 37733 "-" "Mozilla/5.0 (compatible; AhrefsBot/7.0; +http://ahrefs.com/robot/)" "ysfine.com"
51.222.253.2 - - [01/Feb/2023:19:05:15 -0800] "GET /beau/amkor/amstu20b.jpg HTTP/1.1" 404 88 "-" "Mozilla/5.0 (compatible; AhrefsBot/7.0; +http://ahrefs.com/robot/)" "ysfine.com"
51.222.253.17 - - [01/Feb/2023:19:05:15 -0800] "GET /world/france/pmetro02b.jpg HTTP/1.1" 200 38276 "-" "Mozilla/5.0 (compatible; AhrefsBot/7.0; +http://ahrefs.com/robot/)" "ysfine.com"
51.222.253.5 - - [01/Feb/2023:19:05:17 -0800] "GET /world/france/champ9601b.jpg HTTP/1.1" 200 42039 "-" "Mozilla/5.0 (compatible; AhrefsBot/7.0; +http://ahrefs.com/robot/)" "ysfine.com"
173.165.15.206 - - [01/Feb/2023:19:05:18 -0800] "GET /maga/histo/desiree21.jpg HTTP/1.1" 200 91829 "https://www.google.com/" "Mozilla/5.0 (iPad; CPU OS 15_6 like Mac OS X) AppleWebKit/605.1.15 (KHTML, like Gecko) CriOS/109.0.5414.112 Mobile/15E148 Safari/604.1" "ysfine.com"
51.222.253.15 - - [01/Feb/2023:19:05:18 -0800] "GET /world/france/magots02b.jpg HTTP/1.1" 200 32772 "-" "Mozilla/5.0 (compatible; AhrefsBot/7.0; +http://ahrefs.com/robot/)" "ysfine.com"
51.222.253.3 - - [01/Feb/2023:19:05:19 -0800] "GET /world/france/lipp01b.jpg HTTP/1.1" 200 43708 "-" "Mozilla/5.0 (compatible; AhrefsBot/7.0; +http://ahrefs.com/robot/)" "ysfine.com"
51.222.253.9 - - [01/Feb/2023:19:05:20 -0800] "GET /world/france/pantheon10b.jpg HTTP/1.1" 200 36025 "-" "Mozilla/5.0 (compatible; AhrefsBot/7.0; +http://ahrefs.com/robot/)" "ysfine.com"
51.222.253.5 - - [01/Feb/2023:19:05:22 -0800] "GET /world/france/sorbonne25b.jpg HTTP/1.1" 200 41420 "-" "Mozilla/5.0 (compatible; AhrefsBot/7.0; +http://ahrefs.com/robot/)" "ysfine.com"
51.222.253.17 - - [01/Feb/2023:19:05:23 -0800] "GET /world/france/montpar01b.jpg HTTP/1.1" 200 31891 "-" "Mozilla/5.0 (compatible; AhrefsBot/7.0; +http://ahrefs.com/robot/)" "ysfine.com"
51.222.253.6 - - [01/Feb/2023:19:05:24 -0800] "GET /world/france/concorde12b.jpg HTTP/1.1" 200 32613 "-" "Mozilla/5.0 (compatible; AhrefsBot/7.0; +http://ahrefs.com/robot/)" "ysfine.com"
107.139.197.189 - - [01/Feb/2023:19:05:24 -0800] "GET /maga/phys/yukawa00.jpg HTTP/1.1" 200 84885 "https://www.google.com/" "Mozilla/5.0 (Windows NT 10.0; Win64; x64) AppleWebKit/537.36 (KHTML, like Gecko) Chrome/109.0.0.0 Safari/537.36" "ysfine.com"
51.222.253.15 - - [01/Feb/2023:19:05:25 -0800] "GET /world/france/lachaise08b.jpg HTTP/1.1" 200 48571 "-" "Mozilla/5.0 (compatible; AhrefsBot/7.0; +http://ahrefs.com/robot/)" "ysfine.com"
51.222.253.4 - - [01/Feb/2023:19:05:25 -0800] "GET /world/france/pantheon05b.jpg HTTP/1.1" 200 39101 "-" "Mozilla/5.0 (compatible; AhrefsBot/7.0; +http://ahrefs.com/robot/)" "ysfine.com"
51.222.253.9 - - [01/Feb/2023:19:05:26 -0800] "GET /world/france/haussmann05b.jpg HTTP/1.1" 200 39611 "-" "Mozilla/5.0 (compatible; AhrefsBot/7.0; +http://ahrefs.com/robot/)" "ysfine.com"
51.222.253.14 - - [01/Feb/2023:19:05:26 -0800] "GET /world/france/royalpa10b.jpg HTTP/1.1" 200 41615 "-" "Mozilla/5.0 (compatible; AhrefsBot/7.0; +http://ahrefs.com/robot/)" "ysfine.com"
51.222.253.7 - - [01/Feb/2023:19:05:27 -0800] "GET /world/france/champ9602b.jpg HTTP/1.1" 200 42069 "-" "Mozilla/5.0 (compatible; AhrefsBot/7.0; +http://ahrefs.com/robot/)" "ysfine.com"
51.222.253.3 - - [01/Feb/2023:19:05:27 -0800] "GET /world/france/lilas05b.jpg HTTP/1.1" 200 54411 "-" "Mozilla/5.0 (compatible; AhrefsBot/7.0; +http://ahrefs.com/robot/)" "ysfine.com"
51.222.253.8 - - [01/Feb/2023:19:05:28 -0800] "GET /world/france/lachaise01b.jpg HTTP/1.1" 200 65341 "-" "Mozilla/5.0 (compatible; AhrefsBot/7.0; +http://ahrefs.com/robot/)" "ysfine.com"
51.222.253.4 - - [01/Feb/2023:19:05:29 -0800] "GET /world/france/flore11b.jpg HTTP/1.1" 200 42985 "-" "Mozilla/5.0 (compatible; AhrefsBot/7.0; +http://ahrefs.com/robot/)" "ysfine.com"
51.222.253.2 - - [01/Feb/2023:19:05:29 -0800] "GET /world/france/lafayette05b.jpg HTTP/1.1" 200 51756 "-" "Mozilla/5.0 (compatible; AhrefsBot/7.0; +http://ahrefs.com/robot/)" "ysfine.com"
51.222.253.19 - - [01/Feb/2023:19:05:29 -0800] "GET /world/france/orsaym04b.jpg HTTP/1.1" 200 58340 "-" "Mozilla/5.0 (compatible; AhrefsBot/7.0; +http://ahrefs.com/robot/)" "ysfine.com"
