51.222.253.2 - - [01/Feb/2023:07:13:06 -0800] "GET /class54/class5470/total_data/refer_img/7-70.71_f.jpg HTTP/1.1" 200 36909 "-" "Mozilla/5.0 (compatible; AhrefsBot/7.0; +http://ahrefs.com/robot/)" "ysfine.com"
51.222.253.7 - - [01/Feb/2023:07:13:07 -0800] "GET /class54/class5470/total_data/refer_img/7-76_f.jpg HTTP/1.1" 200 31058 "-" "Mozilla/5.0 (compatible; AhrefsBot/7.0; +http://ahrefs.com/robot/)" "ysfine.com"
51.222.253.19 - - [01/Feb/2023:07:13:08 -0800] "GET /class54/class5470/total_data/refer_img/7-62_f.jpg HTTP/1.1" 200 36726 "-" "Mozilla/5.0 (compatible; AhrefsBot/7.0; +http://ahrefs.com/robot/)" "ysfine.com"
51.222.253.8 - - [01/Feb/2023:07:13:09 -0800] "GET /class54/class5470/total_data/refer_img/7-78_f.jpg HTTP/1.1" 200 38175 "-" "Mozilla/5.0 (compatible; AhrefsBot/7.0; +http://ahrefs.com/robot/)" "ysfine.com"
40.77.167.192 - - [01/Feb/2023:07:13:58 -0800] "GET /wigner/gim/gimn03.jpg HTTP/1.1" 200 109865 "-" "Mozilla/5.0 AppleWebKit/537.36 (KHTML, like Gecko; compatible; bingbot/2.0; +http://www.bing.com/bingbot.htm) Chrome/103.0.5060.134 Safari/537.36" "ysfine.com"
114.119.141.67 - - [01/Feb/2023:07:14:04 -0800] "GET /newyork/trump43c.jpg HTTP/1.1" 200 42911 "https://www.ysfine.com/newyork/nyc.html" "Mozilla/5.0 (Linux; Android 7.0;) AppleWebKit/537.36 (KHTML, like Gecko) Mobile Safari/537.36 (compatible; PetalBot;+https://webmaster.petalsearch.com/site/petalbot)" "www.ysfine.com"
71.178.208.102 - - [01/Feb/2023:07:15:53 -0800] "GET /ys11/index.html HTTP/1.1" 304 - "-" "Mozilla/5.0 (Windows NT 10.0; Win64; x64) AppleWebKit/537.36 (KHTML, like Gecko) Chrome/109.0.0.0 Safari/537.36 Edg/109.0.1518.70" "www.ysfine.com"
71.178.208.102 - - [01/Feb/2023:07:16:25 -0800] "GET /ys22/dondon.html HTTP/1.1" 401 90 "https://www.ysfine.com/ys11/index.html" "Mozilla/5.0 (Windows NT 10.0; Win64; x64) AppleWebKit/537.36 (KHTML, like Gecko) Chrome/109.0.0.0 Safari/537.36 Edg/109.0.1518.70" "www.ysfine.com"
71.178.208.102 - jake [01/Feb/2023:07:16:27 -0800] "GET /ys22/dondon.html HTTP/1.1" 304 - "https://www.ysfine.com/ys11/index.html" "Mozilla/5.0 (Windows NT 10.0; Win64; x64) AppleWebKit/537.36 (KHTML, like Gecko) Chrome/109.0.0.0 Safari/537.36 Edg/109.0.1518.70" "www.ysfine.com"
114.119.142.131 - - [01/Feb/2023:07:16:49 -0800] "GET /houses/monticello.html HTTP/1.1" 200 750 "-" "Mozilla/5.0 (Linux; Android 7.0;) AppleWebKit/537.36 (KHTML, like Gecko) Mobile Safari/537.36 (compatible; PetalBot;+https://webmaster.petalsearch.com/site/petalbot)" "ysfine.com"
40.77.167.192 - - [01/Feb/2023:07:17:10 -0800] "GET /maga/phys/coperni103.jpg HTTP/1.1" 200 672308 "-" "Mozilla/5.0 AppleWebKit/537.36 (KHTML, like Gecko; compatible; bingbot/2.0; +http://www.bing.com/bingbot.htm) Chrome/103.0.5060.134 Safari/537.36" "ysfine.com"
40.77.167.192 - - [01/Feb/2023:07:17:11 -0800] "GET /people/sibel.jpg HTTP/1.1" 200 76753 "-" "Mozilla/5.0 AppleWebKit/537.36 (KHTML, like Gecko; compatible; bingbot/2.0; +http://www.bing.com/bingbot.htm) Chrome/103.0.5060.134 Safari/537.36" "ysfine.com"
46.185.169.64 - - [01/Feb/2023:07:17:19 -0800] "GET /dirac/2osc22.jpg HTTP/1.1" 200 86594 "https://www.google.com/" "Mozilla/5.0 (Windows NT 10.0; Win64; x64) AppleWebKit/537.36 (KHTML, like Gecko) Chrome/109.0.0.0 Safari/537.36" "ysfine.com"
207.46.13.104 - - [01/Feb/2023:07:18:06 -0800] "GET /bio/sbk/1950.html HTTP/1.1" 404 88 "-" "Mozilla/5.0 AppleWebKit/537.36 (KHTML, like Gecko; compatible; bingbot/2.0; +http://www.bing.com/bingbot.htm) Chrome/103.0.5060.134 Safari/537.36" "ysfine.com"
40.77.167.192 - - [01/Feb/2023:07:19:16 -0800] "GET /world/hungary/buda125.jpg HTTP/1.1" 200 170963 "-" "Mozilla/5.0 AppleWebKit/537.36 (KHTML, like Gecko; compatible; bingbot/2.0; +http://www.bing.com/bingbot.htm) Chrome/103.0.5060.134 Safari/537.36" "www.ysfine.com"
51.222.253.20 - - [01/Feb/2023:07:19:23 -0800] "GET /kobak/yskor.html HTTP/1.1" 200 9943 "-" "Mozilla/5.0 (compatible; AhrefsBot/7.0; +http://ahrefs.com/robot/)" "ysfine.com"
51.222.253.12 - - [01/Feb/2023:07:19:34 -0800] "GET /kowar/tanks/tank03c.jpg HTTP/1.1" 200 48323 "-" "Mozilla/5.0 (compatible; AhrefsBot/7.0; +http://ahrefs.com/robot/)" "ysfine.com"
51.222.253.10 - - [01/Feb/2023:07:19:34 -0800] "GET /kobak/sorae01c.jpg HTTP/1.1" 200 23295 "-" "Mozilla/5.0 (compatible; AhrefsBot/7.0; +http://ahrefs.com/robot/)" "ysfine.com"
51.222.253.17 - - [01/Feb/2023:07:19:35 -0800] "GET /kobak/samsung11c.jpg HTTP/1.1" 200 34928 "-" "Mozilla/5.0 (compatible; AhrefsBot/7.0; +http://ahrefs.com/robot/)" "ysfine.com"
51.222.253.15 - - [01/Feb/2023:07:19:35 -0800] "GET /world/russ/roskei90c.jpg HTTP/1.1" 200 40535 "-" "Mozilla/5.0 (compatible; AhrefsBot/7.0; +http://ahrefs.com/robot/)" "ysfine.com"
51.222.253.1 - - [01/Feb/2023:07:19:36 -0800] "GET /kobak/taylor450.jpg HTTP/1.1" 200 70219 "-" "Mozilla/5.0 (compatible; AhrefsBot/7.0; +http://ahrefs.com/robot/)" "ysfine.com"
51.222.253.17 - - [01/Feb/2023:07:19:36 -0800] "GET /world/russ/roskei10c.jpg HTTP/1.1" 200 33216 "-" "Mozilla/5.0 (compatible; AhrefsBot/7.0; +http://ahrefs.com/robot/)" "ysfine.com"
51.222.253.10 - - [01/Feb/2023:07:19:37 -0800] "GET /kobak/swr51c.jpg HTTP/1.1" 200 35677 "-" "Mozilla/5.0 (compatible; AhrefsBot/7.0; +http://ahrefs.com/robot/)" "ysfine.com"
51.222.253.11 - - [01/Feb/2023:07:19:38 -0800] "GET /kobak/taylor11c.jpg HTTP/1.1" 200 37695 "-" "Mozilla/5.0 (compatible; AhrefsBot/7.0; +http://ahrefs.com/robot/)" "ysfine.com"
51.222.253.8 - - [01/Feb/2023:07:19:39 -0800] "GET /eink/pwk19c.jpg HTTP/1.1" 200 57759 "-" "Mozilla/5.0 (compatible; AhrefsBot/7.0; +http://ahrefs.com/robot/)" "ysfine.com"
51.222.253.9 - - [01/Feb/2023:07:19:41 -0800] "GET /kobak/kcrown.jpg HTTP/1.1" 200 41579 "-" "Mozilla/5.0 (compatible; AhrefsBot/7.0; +http://ahrefs.com/robot/)" "ysfine.com"
51.222.253.3 - - [01/Feb/2023:07:19:43 -0800] "GET /kobak/sonja11c.jpg HTTP/1.1" 200 33899 "-" "Mozilla/5.0 (compatible; AhrefsBot/7.0; +http://ahrefs.com/robot/)" "ysfine.com"
51.222.253.5 - - [01/Feb/2023:07:19:45 -0800] "GET /kobak/angelus11c.jpg HTTP/1.1" 200 33985 "-" "Mozilla/5.0 (compatible; AhrefsBot/7.0; +http://ahrefs.com/robot/)" "ysfine.com"
51.222.253.6 - - [01/Feb/2023:07:19:46 -0800] "GET /kobak/yoonhm11c.jpg HTTP/1.1" 200 34967 "-" "Mozilla/5.0 (compatible; AhrefsBot/7.0; +http://ahrefs.com/robot/)" "ysfine.com"
51.222.253.6 - - [01/Feb/2023:07:19:48 -0800] "GET /kobak/sl5017c.jpg HTTP/1.1" 200 74057 "-" "Mozilla/5.0 (compatible; AhrefsBot/7.0; +http://ahrefs.com/robot/)" "ysfine.com"
51.222.253.18 - - [01/Feb/2023:07:19:49 -0800] "GET /kobak/kostu16c.jpg HTTP/1.1" 200 40782 "-" "Mozilla/5.0 (compatible; AhrefsBot/7.0; +http://ahrefs.com/robot/)" "ysfine.com"
51.222.253.6 - - [01/Feb/2023:07:19:49 -0800] "GET /kobak/kostu05c.jpg HTTP/1.1" 200 29563 "-" "Mozilla/5.0 (compatible; AhrefsBot/7.0; +http://ahrefs.com/robot/)" "ysfine.com"
51.222.253.19 - - [01/Feb/2023:07:19:50 -0800] "GET /kobak/underw03c.jpg HTTP/1.1" 200 26805 "-" "Mozilla/5.0 (compatible; AhrefsBot/7.0; +http://ahrefs.com/robot/)" "ysfine.com"
51.222.253.15 - - [01/Feb/2023:07:19:51 -0800] "GET /kobak/abstrart11c.jpg HTTP/1.1" 200 47224 "-" "Mozilla/5.0 (compatible; AhrefsBot/7.0; +http://ahrefs.com/robot/)" "ysfine.com"
51.222.253.13 - - [01/Feb/2023:07:19:52 -0800] "GET /kobak/kwk11c.jpg HTTP/1.1" 200 46641 "-" "Mozilla/5.0 (compatible; AhrefsBot/7.0; +http://ahrefs.com/robot/)" "ysfine.com"
51.222.253.2 - - [01/Feb/2023:07:19:53 -0800] "GET /world/ital/aquinas02c.jpg HTTP/1.1" 200 48806 "-" "Mozilla/5.0 (compatible; AhrefsBot/7.0; +http://ahrefs.com/robot/)" "ysfine.com"
51.222.253.16 - - [01/Feb/2023:07:19:54 -0800] "GET /kobak/sorae/kumipo01c.jpg HTTP/1.1" 200 28588 "-" "Mozilla/5.0 (compatible; AhrefsBot/7.0; +http://ahrefs.com/robot/)" "ysfine.com"
51.222.253.19 - - [01/Feb/2023:07:19:54 -0800] "GET /kobak/nicodem22c.jpg HTTP/1.1" 200 38853 "-" "Mozilla/5.0 (compatible; AhrefsBot/7.0; +http://ahrefs.com/robot/)" "ysfine.com"
71.178.208.102 - jake [01/Feb/2023:07:19:57 -0800] "GET /ys22/dondon.html HTTP/1.1" 304 - "https://www.ysfine.com/ys11/index.html" "Mozilla/5.0 (Windows NT 10.0; Win64; x64) AppleWebKit/537.36 (KHTML, like Gecko) Chrome/109.0.0.0 Safari/537.36 Edg/109.0.1518.70" "www.ysfine.com"
79.110.72.218 - - [01/Feb/2023:07:20:05 -0800] "GET /wigner/wigner39.pdf HTTP/1.1" 200 1398440 "-" "Mozilla/5.0 (Windows NT 10.0) AppleWebKit/537.36 (KHTML, like Gecko) Chrome/106.0.0.0 YaBrowser/22.11.5.709 Yowser/2.5 Safari/537.36" "www.ysfine.com"
71.178.208.102 - jake [01/Feb/2023:07:20:32 -0800] "GET /ys22/dondon.html HTTP/1.1" 304 - "https://www.ysfine.com/ys11/index.html" "Mozilla/5.0 (Windows NT 10.0; Win64; x64) AppleWebKit/537.36 (KHTML, like Gecko) Chrome/109.0.0.0 Safari/537.36 Edg/109.0.1518.70" "www.ysfine.com"
207.46.13.104 - - [01/Feb/2023:07:20:43 -0800] "GET /world/hungary/buda043.jpg HTTP/1.1" 200 112469 "-" "Mozilla/5.0 AppleWebKit/537.36 (KHTML, like Gecko; compatible; bingbot/2.0; +http://www.bing.com/bingbot.htm) Chrome/103.0.5060.134 Safari/537.36" "ysfine.com"
207.46.13.104 - - [01/Feb/2023:07:21:17 -0800] "GET /bio/style/artlove.html HTTP/1.1" 404 88 "-" "Mozilla/5.0 AppleWebKit/537.36 (KHTML, like Gecko; compatible; bingbot/2.0; +http://www.bing.com/bingbot.htm) Chrome/103.0.5060.134 Safari/537.36" "ysfine.com"
71.178.208.102 - jake [01/Feb/2023:07:21:50 -0800] "GET /ys22/dondon.html HTTP/1.1" 304 - "https://www.ysfine.com/ys11/index.html" "Mozilla/5.0 (Windows NT 10.0; Win64; x64) AppleWebKit/537.36 (KHTML, like Gecko) Chrome/109.0.0.0 Safari/537.36 Edg/109.0.1518.70" "www.ysfine.com"
91.216.169.208 - - [01/Feb/2023:07:23:09 -0800] "GET /wp-login.php HTTP/1.1" 404 88 "http://www.ysfine.com/wp-login.php" "Mozilla/5.0 (Windows NT 10.0; Win64; x64; rv:96.0) Gecko/20100101 Firefox/96" "www.ysfine.com"
207.46.13.104 - - [01/Feb/2023:07:23:14 -0800] "GET /world/france/eiffel07.jpg HTTP/1.1" 200 101344 "-" "Mozilla/5.0 AppleWebKit/537.36 (KHTML, like Gecko; compatible; bingbot/2.0; +http://www.bing.com/bingbot.htm) Chrome/103.0.5060.134 Safari/537.36" "www.ysfine.com"
40.77.167.192 - - [01/Feb/2023:07:23:29 -0800] "GET /eink/parton33a.jpg HTTP/1.1" 200 66275 "-" "Mozilla/5.0 AppleWebKit/537.36 (KHTML, like Gecko; compatible; bingbot/2.0; +http://www.bing.com/bingbot.htm) Chrome/103.0.5060.134 Safari/537.36" "ysfine.com"
185.191.171.20 - - [01/Feb/2023:07:23:37 -0800] "GET /maga/edison.html HTTP/1.1" 200 4787 "-" "Mozilla/5.0 (compatible; SemrushBot/7~bl; +http://www.semrush.com/bot.html)" "www.ysfine.com"
52.167.144.86 - - [01/Feb/2023:07:23:44 -0800] "GET /class54/choiyk11.jpg HTTP/1.1" 200 48360 "-" "Mozilla/5.0 AppleWebKit/537.36 (KHTML, like Gecko; compatible; bingbot/2.0; +http://www.bing.com/bingbot.htm) Chrome/103.0.5060.134 Safari/537.36" "www.ysfine.com"
71.178.208.102 - jake [01/Feb/2023:07:23:59 -0800] "GET /ys22/dondon.html HTTP/1.1" 304 - "https://www.ysfine.com/ys11/index.html" "Mozilla/5.0 (Windows NT 10.0; Win64; x64) AppleWebKit/537.36 (KHTML, like Gecko) Chrome/109.0.0.0 Safari/537.36 Edg/109.0.1518.70" "www.ysfine.com"
216.244.66.229 - - [01/Feb/2023:07:24:23 -0800] "GET /robots.txt HTTP/1.1" 404 73 "-" "Mozilla/5.0 (compatible; DotBot/1.2; +https://opensiteexplorer.org/dotbot; help@moz.com)" "www.ysfine.com"
71.178.208.102 - jake [01/Feb/2023:07:25:24 -0800] "GET /ys22/dondon.html HTTP/1.1" 304 - "https://www.ysfine.com/ys11/index.html" "Mozilla/5.0 (Windows NT 10.0; Win64; x64) AppleWebKit/537.36 (KHTML, like Gecko) Chrome/109.0.0.0 Safari/537.36 Edg/109.0.1518.70" "www.ysfine.com"
51.222.253.18 - - [01/Feb/2023:07:25:43 -0800] "GET /maga/keigel.html HTTP/1.1" 200 6995 "-" "Mozilla/5.0 (compatible; AhrefsBot/7.0; +http://ahrefs.com/robot/)" "ysfine.com"
51.222.253.3 - - [01/Feb/2023:07:25:45 -0800] "GET /kobak/taylor33c.jpg HTTP/1.1" 200 39951 "-" "Mozilla/5.0 (compatible; AhrefsBot/7.0; +http://ahrefs.com/robot/)" "ysfine.com"
51.222.253.20 - - [01/Feb/2023:07:25:46 -0800] "GET /maga/phil/keigel600.jpg HTTP/1.1" 200 54467 "-" "Mozilla/5.0 (compatible; AhrefsBot/7.0; +http://ahrefs.com/robot/)" "ysfine.com"
51.222.253.20 - - [01/Feb/2023:07:25:48 -0800] "GET /maga/phil/comet77c.jpg HTTP/1.1" 200 73490 "-" "Mozilla/5.0 (compatible; AhrefsBot/7.0; +http://ahrefs.com/robot/)" "ysfine.com"
51.222.253.16 - - [01/Feb/2023:07:25:48 -0800] "GET /maga/phil/further03c.jpg HTTP/1.1" 200 67765 "-" "Mozilla/5.0 (compatible; AhrefsBot/7.0; +http://ahrefs.com/robot/)" "ysfine.com"
51.222.253.15 - - [01/Feb/2023:07:25:49 -0800] "GET /maga/phil/tao06c.jpg HTTP/1.1" 200 59786 "-" "Mozilla/5.0 (compatible; AhrefsBot/7.0; +http://ahrefs.com/robot/)" "ysfine.com"
51.222.253.1 - - [01/Feb/2023:07:25:50 -0800] "GET /maga/phil/cokebell01c.jpg HTTP/1.1" 200 41667 "-" "Mozilla/5.0 (compatible; AhrefsBot/7.0; +http://ahrefs.com/robot/)" "ysfine.com"
207.46.13.104 - - [01/Feb/2023:07:26:17 -0800] "GET /bio/kobak/yskor.html HTTP/1.1" 404 88 "-" "Mozilla/5.0 AppleWebKit/537.36 (KHTML, like Gecko; compatible; bingbot/2.0; +http://www.bing.com/bingbot.htm) Chrome/103.0.5060.134 Safari/537.36" "ysfine.com"
40.77.167.192 - - [01/Feb/2023:07:26:37 -0800] "GET /bio.html HTTP/1.1" 200 18260 "-" "Mozilla/5.0 AppleWebKit/537.36 (KHTML, like Gecko; compatible; bingbot/2.0; +http://www.bing.com/bingbot.htm) Chrome/103.0.5060.134 Safari/537.36" "ysfine.com"
40.77.167.192 - - [01/Feb/2023:07:26:37 -0800] "GET /bio/kobak/soraech.html HTTP/1.1" 404 88 "-" "Mozilla/5.0 AppleWebKit/537.36 (KHTML, like Gecko; compatible; bingbot/2.0; +http://www.bing.com/bingbot.htm) Chrome/103.0.5060.134 Safari/537.36" "ysfine.com"
40.77.167.192 - - [01/Feb/2023:07:26:38 -0800] "GET /world/germany/aachen23.jpg HTTP/1.1" 200 100692 "-" "Mozilla/5.0 AppleWebKit/537.36 (KHTML, like Gecko; compatible; bingbot/2.0; +http://www.bing.com/bingbot.htm) Chrome/103.0.5060.134 Safari/537.36" "ysfine.com"
20.62.224.44 - - [01/Feb/2023:07:26:58 -0800] "GET /philo/kantao11.jpg HTTP/1.1" 200 49132 "-" "DuckDuckBot/1.1; (+http://duckduckgo.com/duckduckbot.html)" "ysfine.com"
216.244.66.229 - - [01/Feb/2023:07:27:20 -0800] "GET /world/spain/madrif02.jpg HTTP/1.1" 200 232788 "-" "Mozilla/5.0 (compatible; DotBot/1.2; +https://opensiteexplorer.org/dotbot; help@moz.com)" "www.ysfine.com"
207.46.13.64 - - [01/Feb/2023:07:28:48 -0800] "GET /style/songs.html HTTP/1.1" 200 31567 "-" "Mozilla/5.0 AppleWebKit/537.36 (KHTML, like Gecko; compatible; bingbot/2.0; +http://www.bing.com/bingbot.htm) Chrome/103.0.5060.134 Safari/537.36" "www.ysfine.com"
40.77.167.192 - - [01/Feb/2023:07:28:52 -0800] "GET /home/fotos/seoul50f.jpg HTTP/1.1" 200 127542 "-" "Mozilla/5.0 AppleWebKit/537.36 (KHTML, like Gecko; compatible; bingbot/2.0; +http://www.bing.com/bingbot.htm) Chrome/103.0.5060.134 Safari/537.36" "www.ysfine.com"
207.46.13.104 - - [01/Feb/2023:07:28:55 -0800] "GET /einstein/einplanck.html HTTP/1.1" 200 3502 "-" "Mozilla/5.0 AppleWebKit/537.36 (KHTML, like Gecko; compatible; bingbot/2.0; +http://www.bing.com/bingbot.htm) Chrome/103.0.5060.134 Safari/537.36" "www.ysfine.com"
52.167.144.62 - - [01/Feb/2023:07:28:55 -0800] "GET /world/france/montpar19.jpg HTTP/1.1" 200 193308 "-" "Mozilla/5.0 AppleWebKit/537.36 (KHTML, like Gecko; compatible; bingbot/2.0; +http://www.bing.com/bingbot.htm) Chrome/103.0.5060.134 Safari/537.36" "www.ysfine.com"
52.167.144.86 - - [01/Feb/2023:07:28:57 -0800] "GET /maga/bohrkierk.html HTTP/1.1" 200 2947 "-" "Mozilla/5.0 AppleWebKit/537.36 (KHTML, like Gecko; compatible; bingbot/2.0; +http://www.bing.com/bingbot.htm) Chrome/103.0.5060.134 Safari/537.36" "www.ysfine.com"
52.167.144.62 - - [01/Feb/2023:07:28:58 -0800] "GET /princeton/yspr.html HTTP/1.1" 200 5470 "-" "Mozilla/5.0 AppleWebKit/537.36 (KHTML, like Gecko; compatible; bingbot/2.0; +http://www.bing.com/bingbot.htm) Chrome/103.0.5060.134 Safari/537.36" "www.ysfine.com"
52.167.144.39 - - [01/Feb/2023:07:29:23 -0800] "GET /usca/pgh.html HTTP/1.1" 200 13572 "-" "Mozilla/5.0 AppleWebKit/537.36 (KHTML, like Gecko; compatible; bingbot/2.0; +http://www.bing.com/bingbot.htm) Chrome/103.0.5060.134 Safari/537.36" "www.ysfine.com"
185.191.171.3 - - [01/Feb/2023:07:29:43 -0800] "GET /maga/bridges.html HTTP/1.1" 200 4741 "-" "Mozilla/5.0 (compatible; SemrushBot/7~bl; +http://www.semrush.com/bot.html)" "www.ysfine.com"
52.167.144.62 - - [01/Feb/2023:07:30:22 -0800] "GET /kobak/eisenhower33b.jpg HTTP/1.1" 200 49308 "-" "Mozilla/5.0 AppleWebKit/537.36 (KHTML, like Gecko; compatible; bingbot/2.0; +http://www.bing.com/bingbot.htm) Chrome/103.0.5060.134 Safari/537.36" "ysfine.com"
47.19.65.237 - - [01/Feb/2023:07:30:32 -0800] "GET /kobak/1014c.jpg HTTP/1.1" 200 164928 "https://www.google.com/" "Mozilla/5.0 (X11; CrOS x86_64 14989.107.0) AppleWebKit/537.36 (KHTML, like Gecko) Chrome/105.0.0.0 Safari/537.36" "ysfine.com"
195.191.219.133 - - [01/Feb/2023:07:31:03 -0800] "GET /robots.txt HTTP/1.1" 404 73 "-" "Mozilla/5.0 (compatible; MJ12bot/v1.4.8; http://mj12bot.com/)" "ysfine.com"
195.191.219.133 - - [01/Feb/2023:07:31:06 -0800] "GET / HTTP/1.1" 200 5295 "-" "Mozilla/5.0 (compatible; MJ12bot/v1.4.8; http://mj12bot.com/)" "ysfine.com"
114.119.148.165 - - [01/Feb/2023:07:31:15 -0800] "GET /beau/admire.html HTTP/1.1" 404 88 "https://www.ysfine.com/maga/eisenstein.html" "Mozilla/5.0 (Linux; Android 7.0;) AppleWebKit/537.36 (KHTML, like Gecko) Mobile Safari/537.36 (compatible; PetalBot;+https://webmaster.petalsearch.com/site/petalbot)" "www.ysfine.com"
52.167.144.86 - - [01/Feb/2023:07:31:17 -0800] "GET /bio/wigner/e(2).html HTTP/1.1" 404 88 "-" "Mozilla/5.0 AppleWebKit/537.36 (KHTML, like Gecko; compatible; bingbot/2.0; +http://www.bing.com/bingbot.htm) Chrome/103.0.5060.134 Safari/537.36" "ysfine.com"
51.222.253.16 - - [01/Feb/2023:07:33:50 -0800] "GET /class54/class5470/total_data/sub_322.htm HTTP/1.1" 200 3295 "-" "Mozilla/5.0 (compatible; AhrefsBot/7.0; +http://ahrefs.com/robot/)" "ysfine.com"
51.222.253.11 - - [01/Feb/2023:07:33:52 -0800] "GET /class54/class5470/total_data/photo_img/3-22.jpg HTTP/1.1" 200 149887 "-" "Mozilla/5.0 (compatible; AhrefsBot/7.0; +http://ahrefs.com/robot/)" "ysfine.com"
71.178.208.102 - - [01/Feb/2023:07:33:59 -0800] "GET /ys11/ HTTP/1.1" 304 - "-" "Mozilla/5.0 (Windows NT 10.0; Win64; x64) AppleWebKit/537.36 (KHTML, like Gecko) Chrome/109.0.0.0 Safari/537.36 Edg/109.0.1518.70" "ysfine.com"
207.46.13.104 - - [01/Feb/2023:07:35:04 -0800] "GET /world/germany/oktf05.jpg HTTP/1.1" 200 89155 "-" "Mozilla/5.0 AppleWebKit/537.36 (KHTML, like Gecko; compatible; bingbot/2.0; +http://www.bing.com/bingbot.htm) Chrome/103.0.5060.134 Safari/537.36" "www.ysfine.com"
151.35.123.255 - - [01/Feb/2023:07:35:14 -0800] "GET /kowar/sampal01.jpg HTTP/1.1" 200 141262 "https://www.google.it/" "Mozilla/5.0 (iPhone; CPU iPhone OS 16_2 like Mac OS X) AppleWebKit/605.1.15 (KHTML, like Gecko) Version/16.2 Mobile/15E148 Safari/604.1" "ysfine.com"
185.191.171.9 - - [01/Feb/2023:07:36:19 -0800] "GET /wigner/neupol.html HTTP/1.1" 200 1742 "-" "Mozilla/5.0 (compatible; SemrushBot/7~bl; +http://www.semrush.com/bot.html)" "www.ysfine.com"
52.167.144.62 - - [01/Feb/2023:07:38:34 -0800] "GET /usca/norl/missi16.jpg HTTP/1.1" 200 138773 "-" "Mozilla/5.0 AppleWebKit/537.36 (KHTML, like Gecko; compatible; bingbot/2.0; +http://www.bing.com/bingbot.htm) Chrome/103.0.5060.134 Safari/537.36" "ysfine.com"
216.244.66.229 - - [01/Feb/2023:07:39:03 -0800] "GET /ffriends/gorska01.jpg HTTP/1.1" 200 378101 "-" "Mozilla/5.0 (compatible; DotBot/1.2; +https://opensiteexplorer.org/dotbot; help@moz.com)" "www.ysfine.com"
79.194.170.59 - - [01/Feb/2023:07:39:11 -0800] "GET /heisen/schroheisen33.jpg HTTP/1.1" 200 86213 "https://www.google.com/" "Mozilla/5.0 (Windows NT 10.0; Win64; x64; rv:109.0) Gecko/20100101 Firefox/109.0" "ysfine.com"
207.46.13.104 - - [01/Feb/2023:07:39:24 -0800] "GET /princeton/bdinner.jpg HTTP/1.1" 200 97933 "-" "Mozilla/5.0 AppleWebKit/537.36 (KHTML, like Gecko; compatible; bingbot/2.0; +http://www.bing.com/bingbot.htm) Chrome/103.0.5060.134 Safari/537.36" "ysfine.com"
216.244.66.229 - - [01/Feb/2023:07:39:26 -0800] "GET /ffriends/moso07.jpg HTTP/1.1" 200 90518 "-" "Mozilla/5.0 (compatible; DotBot/1.2; +https://opensiteexplorer.org/dotbot; help@moz.com)" "www.ysfine.com"
52.167.144.62 - - [01/Feb/2023:07:40:46 -0800] "GET /bio/style/proschanie.html HTTP/1.1" 404 88 "-" "Mozilla/5.0 AppleWebKit/537.36 (KHTML, like Gecko; compatible; bingbot/2.0; +http://www.bing.com/bingbot.htm) Chrome/103.0.5060.134 Safari/537.36" "ysfine.com"
51.222.253.16 - - [01/Feb/2023:07:40:48 -0800] "GET /class54/class5470/total_data/sub_363.htm HTTP/1.1" 200 3304 "-" "Mozilla/5.0 (compatible; AhrefsBot/7.0; +http://ahrefs.com/robot/)" "ysfine.com"
51.222.253.10 - - [01/Feb/2023:07:40:50 -0800] "GET /class54/class5470/total_data/refer_img/3-76_f.jpg HTTP/1.1" 200 21114 "-" "Mozilla/5.0 (compatible; AhrefsBot/7.0; +http://ahrefs.com/robot/)" "ysfine.com"
51.222.253.6 - - [01/Feb/2023:07:40:50 -0800] "GET /class54/class5470/total_data/refer_img/3-80_f.jpg HTTP/1.1" 200 31761 "-" "Mozilla/5.0 (compatible; AhrefsBot/7.0; +http://ahrefs.com/robot/)" "ysfine.com"
51.222.253.7 - - [01/Feb/2023:07:40:51 -0800] "GET /class54/class5470/total_data/refer_img/3-64_f.jpg HTTP/1.1" 200 30092 "-" "Mozilla/5.0 (compatible; AhrefsBot/7.0; +http://ahrefs.com/robot/)" "ysfine.com"
51.222.253.12 - - [01/Feb/2023:07:40:52 -0800] "GET /class54/class5470/total_data/refer_img/3-67_f.jpg HTTP/1.1" 200 33243 "-" "Mozilla/5.0 (compatible; AhrefsBot/7.0; +http://ahrefs.com/robot/)" "ysfine.com"
51.222.253.19 - - [01/Feb/2023:07:40:54 -0800] "GET /class54/class5470/total_data/refer_img/3-63_f.jpg HTTP/1.1" 200 28838 "-" "Mozilla/5.0 (compatible; AhrefsBot/7.0; +http://ahrefs.com/robot/)" "ysfine.com"
51.222.253.3 - - [01/Feb/2023:07:40:55 -0800] "GET /class54/class5470/total_data/refer_img/3-75_f.jpg HTTP/1.1" 200 28244 "-" "Mozilla/5.0 (compatible; AhrefsBot/7.0; +http://ahrefs.com/robot/)" "ysfine.com"
51.222.253.14 - - [01/Feb/2023:07:40:55 -0800] "GET /class54/class5470/total_data/refer_img/3-73_f.jpg HTTP/1.1" 200 24874 "-" "Mozilla/5.0 (compatible; AhrefsBot/7.0; +http://ahrefs.com/robot/)" "ysfine.com"
51.222.253.20 - - [01/Feb/2023:07:40:57 -0800] "GET /class54/class5470/total_data/photo_img/3-63.jpg HTTP/1.1" 200 174298 "-" "Mozilla/5.0 (compatible; AhrefsBot/7.0; +http://ahrefs.com/robot/)" "ysfine.com"
51.222.253.14 - - [01/Feb/2023:07:40:59 -0800] "GET /class54/class5470/total_data/refer_img/3-77_f.jpg HTTP/1.1" 200 31307 "-" "Mozilla/5.0 (compatible; AhrefsBot/7.0; +http://ahrefs.com/robot/)" "ysfine.com"
51.222.253.13 - - [01/Feb/2023:07:41:00 -0800] "GET /class54/class5470/total_data/refer_img/3-70_f.jpg HTTP/1.1" 200 30955 "-" "Mozilla/5.0 (compatible; AhrefsBot/7.0; +http://ahrefs.com/robot/)" "ysfine.com"
51.222.253.18 - - [01/Feb/2023:07:41:00 -0800] "GET /class54/class5470/total_data/refer_img/3-79_f.jpg HTTP/1.1" 200 26694 "-" "Mozilla/5.0 (compatible; AhrefsBot/7.0; +http://ahrefs.com/robot/)" "ysfine.com"
51.222.253.3 - - [01/Feb/2023:07:41:01 -0800] "GET /class54/class5470/total_data/refer_img/3-66_f.jpg HTTP/1.1" 200 30869 "-" "Mozilla/5.0 (compatible; AhrefsBot/7.0; +http://ahrefs.com/robot/)" "ysfine.com"
51.222.253.2 - - [01/Feb/2023:07:41:02 -0800] "GET /class54/class5470/total_data/refer_img/3-72_f.jpg HTTP/1.1" 200 25329 "-" "Mozilla/5.0 (compatible; AhrefsBot/7.0; +http://ahrefs.com/robot/)" "ysfine.com"
51.222.253.2 - - [01/Feb/2023:07:41:02 -0800] "GET /class54/class5470/total_data/refer_img/3-71_f.jpg HTTP/1.1" 200 38254 "-" "Mozilla/5.0 (compatible; AhrefsBot/7.0; +http://ahrefs.com/robot/)" "ysfine.com"
51.222.253.18 - - [01/Feb/2023:07:41:02 -0800] "GET /class54/class5470/total_data/refer_img/3-78_f.jpg HTTP/1.1" 200 27509 "-" "Mozilla/5.0 (compatible; AhrefsBot/7.0; +http://ahrefs.com/robot/)" "ysfine.com"
51.222.253.12 - - [01/Feb/2023:07:41:03 -0800] "GET /class54/class5470/total_data/refer_img/3-69_f.jpg HTTP/1.1" 200 24663 "-" "Mozilla/5.0 (compatible; AhrefsBot/7.0; +http://ahrefs.com/robot/)" "ysfine.com"
51.222.253.6 - - [01/Feb/2023:07:41:03 -0800] "GET /class54/class5470/total_data/refer_img/3-81_f.jpg HTTP/1.1" 200 34869 "-" "Mozilla/5.0 (compatible; AhrefsBot/7.0; +http://ahrefs.com/robot/)" "ysfine.com"
51.222.253.6 - - [01/Feb/2023:07:41:04 -0800] "GET /class54/class5470/total_data/refer_img/3-82_f.jpg HTTP/1.1" 200 20257 "-" "Mozilla/5.0 (compatible; AhrefsBot/7.0; +http://ahrefs.com/robot/)" "ysfine.com"
51.222.253.16 - - [01/Feb/2023:07:41:05 -0800] "GET /class54/class5470/total_data/refer_img/3-74_f.jpg HTTP/1.1" 200 39911 "-" "Mozilla/5.0 (compatible; AhrefsBot/7.0; +http://ahrefs.com/robot/)" "ysfine.com"
51.222.253.18 - - [01/Feb/2023:07:41:05 -0800] "GET /class54/class5470/total_data/refer_img/3-68_f.jpg HTTP/1.1" 200 25200 "-" "Mozilla/5.0 (compatible; AhrefsBot/7.0; +http://ahrefs.com/robot/)" "ysfine.com"
84.84.174.96 - - [01/Feb/2023:07:41:20 -0800] "GET /wigner/neum/ymath.jpg HTTP/1.1" 200 64930 "https://www.google.com/" "Mozilla/5.0 (Linux; Android 7.0; SM-T813 Build/NRD90M; wv) AppleWebKit/537.36 (KHTML, like Gecko) Version/4.0 Chrome/109.0.5414.118 Safari/537.36 GoogleApp/13.20.11.23.arm64" "ysfine.com"
176.64.16.178 - - [01/Feb/2023:07:41:30 -0800] "GET /maga/invent/marconi01.jpg HTTP/1.1" 200 79311 "https://yandex.kz/images/search?from=tabbar&text=%D0%BC%D0%B0%D1%80%D0%B0%D0%BA%D0%BE%D0%BD%D0%B8" "Mozilla/5.0 (Windows NT 10.0; Win64; x64) AppleWebKit/537.36 (KHTML, like Gecko) Chrome/108.0.0.0 YaBrowser/23.1.1.1138 Yowser/2.5 Safari/537.36" "www.ysfine.com"
176.64.16.178 - - [01/Feb/2023:07:41:32 -0800] "GET /maga/invent/marconi01.jpg HTTP/1.1" 200 79311 "https://yandex.kz/images/search?from=tabbar&text=%D0%BC%D0%B0%D1%80%D0%B0%D0%BA%D0%BE%D0%BD%D0%B8&pos=1&img_url=http%3A%2F%2Fysfine.com%2Fmaga%2Finvent%2Fmarconi01.jpg&rpt=simage&lr=10303" "Mozilla/5.0 (Windows NT 10.0; Win64; x64) AppleWebKit/537.36 (KHTML, like Gecko) Chrome/108.0.0.0 YaBrowser/23.1.1.1138 Yowser/2.5 Safari/537.36" "www.ysfine.com"
35.2.90.247 - - [01/Feb/2023:07:42:57 -0800] "GET /princeton/dulles.jpg HTTP/1.1" 200 84176 "https://www.google.com/" "Mozilla/5.0 (Macintosh; Intel Mac OS X 10_10_5) AppleWebKit/537.36 (KHTML, like Gecko) Chrome/87.0.4280.88 Safari/537.36" "ysfine.com"
95.163.255.64 - - [01/Feb/2023:07:43:45 -0800] "GET /robots.txt HTTP/1.1" 404 73 "-" "Mozilla/5.0 (compatible; Linux x86_64; Mail.RU_Bot/2.0; +https://help.mail.ru/webmaster/indexing/robots)" "ysfine.com"
70.163.144.183 - - [01/Feb/2023:07:44:44 -0800] "GET /heisen/bohrheisen11.jpg HTTP/1.1" 200 104546 "https://www.google.com/" "Mozilla/5.0 (iPhone; CPU iPhone OS 16_2 like Mac OS X) AppleWebKit/605.1.15 (KHTML, like Gecko) Version/16.2 Mobile/15E148 Safari/604.1" "ysfine.com"
95.163.255.69 - - [01/Feb/2023:07:45:20 -0800] "GET / HTTP/1.1" 200 5295 "-" "Mozilla/5.0 (compatible; Linux x86_64; Mail.RU_Bot/2.0; +https://help.mail.ru/webmaster/indexing/robots)" "ysfine.com"
216.244.66.229 - - [01/Feb/2023:07:45:26 -0800] "GET /ffriends/amkor/victork22.jpg HTTP/1.1" 200 52095 "-" "Mozilla/5.0 (compatible; DotBot/1.2; +https://opensiteexplorer.org/dotbot; help@moz.com)" "www.ysfine.com"
185.191.171.20 - - [01/Feb/2023:07:45:51 -0800] "GET /robots.txt HTTP/1.1" 404 88 "-" "Mozilla/5.0 (compatible; SemrushBot/7~bl; +http://www.semrush.com/bot.html)" "ysfine.com"
185.191.171.36 - - [01/Feb/2023:07:45:51 -0800] "GET /einstein/eincopen.html HTTP/1.1" 200 6900 "-" "Mozilla/5.0 (compatible; SemrushBot/7~bl; +http://www.semrush.com/bot.html)" "ysfine.com"
207.46.13.64 - - [01/Feb/2023:07:46:28 -0800] "GET /ffriends/amkor/hillary10c.jpg HTTP/1.1" 200 31626 "-" "Mozilla/5.0 AppleWebKit/537.36 (KHTML, like Gecko; compatible; bingbot/2.0; +http://www.bing.com/bingbot.htm) Chrome/103.0.5060.134 Safari/537.36" "www.ysfine.com"
52.167.144.86 - - [01/Feb/2023:07:47:09 -0800] "GET /bio/princeton/campus.html HTTP/1.1" 404 88 "-" "Mozilla/5.0 AppleWebKit/537.36 (KHTML, like Gecko; compatible; bingbot/2.0; +http://www.bing.com/bingbot.htm) Chrome/103.0.5060.134 Safari/537.36" "ysfine.com"
185.108.106.202 - - [01/Feb/2023:07:47:52 -0800] "GET /confer/other.html HTTP/1.1" 404 88 "http://ysfine.com" "Mozilla/5.0 (Windows NT 10.0; Win64; x64) AppleWebKit/537.36 (KHTML, like Gecko) Chrome/62.0.3202.94 Safari/537.36" "ysfine.com"
185.108.106.202 - - [01/Feb/2023:07:47:52 -0800] "GET /confer/other.html HTTP/1.1" 404 88 "http://ysfine.com" "Mozilla/5.0 (Windows NT 10.0; Win64; x64) AppleWebKit/537.36 (KHTML, like Gecko) Chrome/62.0.3202.94 Safari/537.36" "ysfine.com"
185.108.106.202 - - [01/Feb/2023:07:47:53 -0800] "GET /confer/other.html HTTP/1.1" 404 88 "http://ysfine.com" "Mozilla/5.0 (Windows NT 10.0; Win64; x64) AppleWebKit/537.36 (KHTML, like Gecko) Chrome/62.0.3202.94 Safari/537.36" "ysfine.com"
185.108.106.202 - - [01/Feb/2023:07:47:54 -0800] "GET /confer/other.html HTTP/1.1" 404 88 "http://ysfine.com" "Mozilla/5.0 (Windows NT 10.0; Win64; x64) AppleWebKit/537.36 (KHTML, like Gecko) Chrome/62.0.3202.94 Safari/537.36" "ysfine.com"
52.167.144.62 - - [01/Feb/2023:07:48:15 -0800] "GET /world/spb.html HTTP/1.1" 200 16118 "-" "Mozilla/5.0 AppleWebKit/537.36 (KHTML, like Gecko; compatible; bingbot/2.0; +http://www.bing.com/bingbot.htm) Chrome/103.0.5060.134 Safari/537.36" "www.ysfine.com"
104.39.132.137 - - [01/Feb/2023:07:48:19 -0800] "GET /world/balkan/istan055.jpg HTTP/1.1" 200 146742 "https://www.bing.com/" "Mozilla/5.0 (Windows NT 10.0; Win64; x64) AppleWebKit/537.36 (KHTML, like Gecko) Chrome/109.0.0.0 Safari/537.36 Edg/109.0.1518.70" "www.ysfine.com"
51.222.253.15 - - [01/Feb/2023:07:48:47 -0800] "GET /bio07.html HTTP/1.1" 200 6860 "-" "Mozilla/5.0 (compatible; AhrefsBot/7.0; +http://ahrefs.com/robot/)" "ysfine.com"
51.222.253.15 - - [01/Feb/2023:07:48:57 -0800] "GET /home/sbt11d.jpg HTTP/1.1" 200 41029 "-" "Mozilla/5.0 (compatible; AhrefsBot/7.0; +http://ahrefs.com/robot/)" "ysfine.com"
51.222.253.12 - - [01/Feb/2023:07:48:58 -0800] "GET /fotos/sbtwein11d.jpg HTTP/1.1" 200 61469 "-" "Mozilla/5.0 (compatible; AhrefsBot/7.0; +http://ahrefs.com/robot/)" "ysfine.com"
51.222.253.15 - - [01/Feb/2023:07:48:58 -0800] "GET /home/wigein11d.jpg HTTP/1.1" 200 38446 "-" "Mozilla/5.0 (compatible; AhrefsBot/7.0; +http://ahrefs.com/robot/)" "ysfine.com"
51.222.253.7 - - [01/Feb/2023:07:48:59 -0800] "GET /sbk/1987pr22d.jpg HTTP/1.1" 200 69031 "-" "Mozilla/5.0 (compatible; AhrefsBot/7.0; +http://ahrefs.com/robot/)" "ysfine.com"
51.222.253.11 - - [01/Feb/2023:07:49:00 -0800] "GET /home/truck/truck18f.jpg HTTP/1.1" 200 87880 "-" "Mozilla/5.0 (compatible; AhrefsBot/7.0; +http://ahrefs.com/robot/)" "ysfine.com"
51.222.253.15 - - [01/Feb/2023:07:49:00 -0800] "GET /figs/pwk450.jpg HTTP/1.1" 200 84171 "-" "Mozilla/5.0 (compatible; AhrefsBot/7.0; +http://ahrefs.com/robot/)" "ysfine.com"
52.167.144.86 - - [01/Feb/2023:07:49:18 -0800] "GET /world/latina/rio073.jpg HTTP/1.1" 200 96934 "-" "Mozilla/5.0 AppleWebKit/537.36 (KHTML, like Gecko; compatible; bingbot/2.0; +http://www.bing.com/bingbot.htm) Chrome/103.0.5060.134 Safari/537.36" "ysfine.com"
40.77.167.192 - - [01/Feb/2023:07:49:25 -0800] "GET /wigner/bloom.jpg HTTP/1.1" 200 92190 "-" "Mozilla/5.0 AppleWebKit/537.36 (KHTML, like Gecko; compatible; bingbot/2.0; +http://www.bing.com/bingbot.htm) Chrome/103.0.5060.134 Safari/537.36" "ysfine.com"
207.46.13.104 - - [01/Feb/2023:07:49:56 -0800] "GET /kobak/sorae/church07.jpg HTTP/1.1" 200 188352 "-" "Mozilla/5.0 AppleWebKit/537.36 (KHTML, like Gecko; compatible; bingbot/2.0; +http://www.bing.com/bingbot.htm) Chrome/103.0.5060.134 Safari/537.36" "www.ysfine.com"
71.178.208.102 - - [01/Feb/2023:07:50:40 -0800] "GET /ys11/index.html HTTP/1.1" 304 - "-" "Mozilla/5.0 (Windows NT 10.0; Win64; x64) AppleWebKit/537.36 (KHTML, like Gecko) Chrome/109.0.0.0 Safari/537.36 Edg/109.0.1518.70" "www.ysfine.com"
144.202.25.134 - - [01/Feb/2023:07:51:24 -0800] "GET /yspapers/kim89.pdf HTTP/1.1" 200 304160 "-" "Mozilla" "ysfine.com"
144.202.25.134 - - [01/Feb/2023:07:51:28 -0800] "GET /yspapers/kim89.pdf HTTP/1.1" 200 304160 "-" "Mozilla" "ysfine.com"
71.178.208.102 - - [01/Feb/2023:07:52:01 -0800] "GET /ys22/dondon.html HTTP/1.1" 401 90 "https://www.ysfine.com/ys11/index.html" "Mozilla/5.0 (Windows NT 10.0; Win64; x64) AppleWebKit/537.36 (KHTML, like Gecko) Chrome/109.0.0.0 Safari/537.36 Edg/109.0.1518.70" "www.ysfine.com"
125.209.235.181 - - [01/Feb/2023:07:52:02 -0800] "GET /robots.txt HTTP/1.1" 404 88 "-" "Mozilla/5.0 (compatible; Yeti/1.1; +https://naver.me/spd)" "www.ysfine.com"
71.178.208.102 - jake [01/Feb/2023:07:52:03 -0800] "GET /ys22/dondon.html HTTP/1.1" 304 - "https://www.ysfine.com/ys11/index.html" "Mozilla/5.0 (Windows NT 10.0; Win64; x64) AppleWebKit/537.36 (KHTML, like Gecko) Chrome/109.0.0.0 Safari/537.36 Edg/109.0.1518.70" "www.ysfine.com"
125.209.235.174 - - [01/Feb/2023:07:52:07 -0800] "GET /robots.txt HTTP/1.1" 404 88 "-" "Mozilla/5.0 (compatible; Yeti/1.1; +https://naver.me/spd)" "www.ysfine.com"
110.93.150.208 - - [01/Feb/2023:07:52:08 -0800] "GET / HTTP/1.1" 200 5295 "-" "Mozilla/5.0 (compatible; Yeti/1.1; +https://naver.me/spd)" "www.ysfine.com"
52.167.144.39 - - [01/Feb/2023:07:52:15 -0800] "GET /bio/kobak/namdae.html HTTP/1.1" 404 88 "-" "Mozilla/5.0 AppleWebKit/537.36 (KHTML, like Gecko; compatible; bingbot/2.0; +http://www.bing.com/bingbot.htm) Chrome/103.0.5060.134 Safari/537.36" "ysfine.com"
188.17.219.151 - - [01/Feb/2023:07:52:29 -0800] "GET /world/spain/cairo01.jpg HTTP/1.1" 200 390413 "https://yandex.ru/images/search?text=%D0%B6%D0%B8%D1%82%D0%B5%D0%BB%D0%B8%20%D0%BA%D0%B0%D0%B8%D1%80%D0%B0&lr=11196&p=9&pos=32&rpt=simage&img_url=http%3A%2F%2Favatars.dzeninfra.ru%2Fget-zen_brief%2F5282241%2Fpub_61a3a86cef71d97c0d1d9199_61a3ab47084fb3575d08fdbc%2Fscale_1200" "Mozilla/5.0 (Windows NT 10.0; Win64; x64) AppleWebKit/537.36 (KHTML, like Gecko) Chrome/108.0.0.0 YaBrowser/23.1.1.1138 Yowser/2.5 Safari/537.36" "www.ysfine.com"
103.88.216.71 - - [01/Feb/2023:07:53:28 -0800] "GET /world/france/arusas01.jpg HTTP/1.1" 200 364636 "https://www.google.com/" "Mozilla/5.0 (Windows NT 10.0; Win64; x64) AppleWebKit/537.36 (KHTML, like Gecko) Chrome/109.0.0.0 Safari/537.36" "ysfine.com"
52.167.144.86 - - [01/Feb/2023:07:53:49 -0800] "GET /world/germany/augustiner11.jpg HTTP/1.1" 200 162368 "-" "Mozilla/5.0 AppleWebKit/537.36 (KHTML, like Gecko; compatible; bingbot/2.0; +http://www.bing.com/bingbot.htm) Chrome/103.0.5060.134 Safari/537.36" "ysfine.com"
52.167.144.62 - - [01/Feb/2023:07:54:25 -0800] "GET /world/ital/vatican17.jpg HTTP/1.1" 200 110897 "-" "Mozilla/5.0 AppleWebKit/537.36 (KHTML, like Gecko; compatible; bingbot/2.0; +http://www.bing.com/bingbot.htm) Chrome/103.0.5060.134 Safari/537.36" "ysfine.com"
207.46.13.104 - - [01/Feb/2023:07:54:40 -0800] "GET /bio/sbk/1950.html HTTP/1.1" 404 88 "-" "Mozilla/5.0 AppleWebKit/537.36 (KHTML, like Gecko; compatible; bingbot/2.0; +http://www.bing.com/bingbot.htm) Chrome/103.0.5060.134 Safari/537.36" "ysfine.com"
40.77.167.192 - - [01/Feb/2023:07:55:01 -0800] "GET /world/baltic/riga03.jpg HTTP/1.1" 200 104704 "-" "Mozilla/5.0 AppleWebKit/537.36 (KHTML, like Gecko; compatible; bingbot/2.0; +http://www.bing.com/bingbot.htm) Chrome/103.0.5060.134 Safari/537.36" "www.ysfine.com"
168.213.5.86 - - [01/Feb/2023:07:55:35 -0800] "GET /kowar/tanks/tank03.jpg HTTP/1.1" 200 106726 "https://www.google.com/" "Mozilla/5.0 (Windows NT 10.0; Win64; x64) AppleWebKit/537.36 (KHTML, like Gecko) Chrome/109.0.0.0 Safari/537.36 Edg/109.0.1518.70" "ysfine.com"
185.191.171.34 - - [01/Feb/2023:07:55:42 -0800] "GET /maga/tesla.html HTTP/1.1" 200 4852 "-" "Mozilla/5.0 (compatible; SemrushBot/7~bl; +http://www.semrush.com/bot.html)" "ysfine.com"
51.222.253.10 - - [01/Feb/2023:07:56:12 -0800] "GET /style/cameras/bolex33f.jpg HTTP/1.1" 200 83211 "-" "Mozilla/5.0 (compatible; AhrefsBot/7.0; +http://ahrefs.com/robot/)" "ysfine.com"
51.222.253.16 - - [01/Feb/2023:07:56:15 -0800] "GET /world/brit/towerbr11c.jpg HTTP/1.1" 200 31376 "-" "Mozilla/5.0 (compatible; AhrefsBot/7.0; +http://ahrefs.com/robot/)" "ysfine.com"
51.222.253.15 - - [01/Feb/2023:07:56:16 -0800] "GET /kowar/tanks/carbine55c.jpg HTTP/1.1" 200 17216 "-" "Mozilla/5.0 (compatible; AhrefsBot/7.0; +http://ahrefs.com/robot/)" "ysfine.com"
51.222.253.7 - - [01/Feb/2023:07:56:18 -0800] "GET /style/cameras/lumixfan11c.jpg HTTP/1.1" 200 35685 "-" "Mozilla/5.0 (compatible; AhrefsBot/7.0; +http://ahrefs.com/robot/)" "ysfine.com"
51.222.253.1 - - [01/Feb/2023:07:56:19 -0800] "GET /style/cameras/fed3c.jpg HTTP/1.1" 200 39359 "-" "Mozilla/5.0 (compatible; AhrefsBot/7.0; +http://ahrefs.com/robot/)" "ysfine.com"
51.222.253.10 - - [01/Feb/2023:07:56:21 -0800] "GET /style/cameras/lumixsys33c.jpg HTTP/1.1" 200 32860 "-" "Mozilla/5.0 (compatible; AhrefsBot/7.0; +http://ahrefs.com/robot/)" "ysfine.com"
51.222.253.20 - - [01/Feb/2023:07:56:22 -0800] "GET /style/cameras/canonp77c.jpg HTTP/1.1" 200 24329 "-" "Mozilla/5.0 (compatible; AhrefsBot/7.0; +http://ahrefs.com/robot/)" "ysfine.com"
51.222.253.15 - - [01/Feb/2023:07:56:42 -0800] "GET /kowar/tanks/garand03c.jpg HTTP/1.1" 200 15423 "-" "Mozilla/5.0 (compatible; AhrefsBot/7.0; +http://ahrefs.com/robot/)" "ysfine.com"
51.222.253.5 - - [01/Feb/2023:07:56:43 -0800] "GET /wdc/waterg33c.jpg HTTP/1.1" 200 25711 "-" "Mozilla/5.0 (compatible; AhrefsBot/7.0; +http://ahrefs.com/robot/)" "ysfine.com"
51.222.253.13 - - [01/Feb/2023:07:56:46 -0800] "GET /wdc/whouse03c.jpg HTTP/1.1" 200 27282 "-" "Mozilla/5.0 (compatible; AhrefsBot/7.0; +http://ahrefs.com/robot/)" "ysfine.com"
192.41.132.91 - - [01/Feb/2023:07:56:49 -0800] "GET /wigner/hk88b.jpg HTTP/1.1" 200 41438 "https://ysfine.com/wigner/neupol.html" "Mozilla/5.0 (X11; Ubuntu; Linux x86_64; rv:109.0) Gecko/20100101 Firefox/109.0" "ysfine.com"
192.41.132.91 - - [01/Feb/2023:07:56:49 -0800] "GET /favicon.ico HTTP/1.1" 404 88 "https://ysfine.com/wigner/neupol.html" "Mozilla/5.0 (X11; Ubuntu; Linux x86_64; rv:109.0) Gecko/20100101 Firefox/109.0" "ysfine.com"
51.222.253.19 - - [01/Feb/2023:07:56:52 -0800] "GET /style/cameras/skagen11c.jpg HTTP/1.1" 200 45803 "-" "Mozilla/5.0 (compatible; AhrefsBot/7.0; +http://ahrefs.com/robot/)" "ysfine.com"
51.222.253.5 - - [01/Feb/2023:07:56:54 -0800] "GET /style/cameras/lumixsys11c.jpg HTTP/1.1" 200 32520 "-" "Mozilla/5.0 (compatible; AhrefsBot/7.0; +http://ahrefs.com/robot/)" "ysfine.com"
51.222.253.14 - - [01/Feb/2023:07:57:00 -0800] "GET /style/cameras/fed5c.jpg HTTP/1.1" 200 35428 "-" "Mozilla/5.0 (compatible; AhrefsBot/7.0; +http://ahrefs.com/robot/)" "ysfine.com"
51.222.253.14 - - [01/Feb/2023:07:57:02 -0800] "GET /style/cameras/hwanghae11c.jpg HTTP/1.1" 200 33279 "-" "Mozilla/5.0 (compatible; AhrefsBot/7.0; +http://ahrefs.com/robot/)" "ysfine.com"
51.222.253.7 - - [01/Feb/2023:07:57:03 -0800] "GET /style/cameras/vernon04c.jpg HTTP/1.1" 200 44603 "-" "Mozilla/5.0 (compatible; AhrefsBot/7.0; +http://ahrefs.com/robot/)" "ysfine.com"
51.222.253.14 - - [01/Feb/2023:07:57:04 -0800] "GET /style/cameras/lumixlf133c.jpg HTTP/1.1" 200 27776 "-" "Mozilla/5.0 (compatible; AhrefsBot/7.0; +http://ahrefs.com/robot/)" "ysfine.com"
51.222.253.14 - - [01/Feb/2023:07:57:04 -0800] "GET /style/cameras/fedt34c.jpg HTTP/1.1" 200 26884 "-" "Mozilla/5.0 (compatible; AhrefsBot/7.0; +http://ahrefs.com/robot/)" "ysfine.com"
51.222.253.9 - - [01/Feb/2023:07:57:05 -0800] "GET /style/cameras/towncenter11c.jpg HTTP/1.1" 200 32674 "-" "Mozilla/5.0 (compatible; AhrefsBot/7.0; +http://ahrefs.com/robot/)" "ysfine.com"
51.222.253.6 - - [01/Feb/2023:07:57:06 -0800] "GET /style/cameras/lumixlf166c.jpg HTTP/1.1" 200 25301 "-" "Mozilla/5.0 (compatible; AhrefsBot/7.0; +http://ahrefs.com/robot/)" "ysfine.com"
51.222.253.16 - - [01/Feb/2023:07:57:06 -0800] "GET /style/cameras/leicavlux22c.jpg HTTP/1.1" 200 32706 "-" "Mozilla/5.0 (compatible; AhrefsBot/7.0; +http://ahrefs.com/robot/)" "ysfine.com"
51.222.253.13 - - [01/Feb/2023:07:57:07 -0800] "GET /style/cameras/rolex11c.jpg HTTP/1.1" 200 44213 "-" "Mozilla/5.0 (compatible; AhrefsBot/7.0; +http://ahrefs.com/robot/)" "ysfine.com"
51.222.253.8 - - [01/Feb/2023:07:57:07 -0800] "GET /style/cameras/leicavlux11c.jpg HTTP/1.1" 200 39687 "-" "Mozilla/5.0 (compatible; AhrefsBot/7.0; +http://ahrefs.com/robot/)" "ysfine.com"
51.222.253.13 - - [01/Feb/2023:07:57:08 -0800] "GET /style/cameras/nikonf17c.jpg HTTP/1.1" 200 24405 "-" "Mozilla/5.0 (compatible; AhrefsBot/7.0; +http://ahrefs.com/robot/)" "ysfine.com"
51.222.253.9 - - [01/Feb/2023:07:57:08 -0800] "GET /style/cameras/lumixzs50c.jpg HTTP/1.1" 200 30616 "-" "Mozilla/5.0 (compatible; AhrefsBot/7.0; +http://ahrefs.com/robot/)" "ysfine.com"
51.222.253.13 - - [01/Feb/2023:07:57:09 -0800] "GET /world/balkan/ath001c.jpg HTTP/1.1" 200 34419 "-" "Mozilla/5.0 (compatible; AhrefsBot/7.0; +http://ahrefs.com/robot/)" "ysfine.com"
51.222.253.14 - - [01/Feb/2023:07:57:09 -0800] "GET /style/cameras/newhouse11c.jpg HTTP/1.1" 200 37696 "-" "Mozilla/5.0 (compatible; AhrefsBot/7.0; +http://ahrefs.com/robot/)" "ysfine.com"
51.222.253.14 - - [01/Feb/2023:07:57:10 -0800] "GET /style/cameras/canonp11c.jpg HTTP/1.1" 200 36059 "-" "Mozilla/5.0 (compatible; AhrefsBot/7.0; +http://ahrefs.com/robot/)" "ysfine.com"
51.222.253.10 - - [01/Feb/2023:07:57:10 -0800] "GET /style/cameras/lumixlc40c.jpg HTTP/1.1" 200 26031 "-" "Mozilla/5.0 (compatible; AhrefsBot/7.0; +http://ahrefs.com/robot/)" "ysfine.com"
51.222.253.6 - - [01/Feb/2023:07:57:12 -0800] "GET /style/cameras/blackwhite01c.jpg HTTP/1.1" 200 40386 "-" "Mozilla/5.0 (compatible; AhrefsBot/7.0; +http://ahrefs.com/robot/)" "ysfine.com"
51.222.253.8 - - [01/Feb/2023:07:57:13 -0800] "GET /kobak/eisenhower33c.jpg HTTP/1.1" 200 40991 "-" "Mozilla/5.0 (compatible; AhrefsBot/7.0; +http://ahrefs.com/robot/)" "ysfine.com"
52.167.144.39 - - [01/Feb/2023:07:57:15 -0800] "GET /philo/evol33c.jpg HTTP/1.1" 200 50543 "-" "Mozilla/5.0 AppleWebKit/537.36 (KHTML, like Gecko; compatible; bingbot/2.0; +http://www.bing.com/bingbot.htm) Chrome/103.0.5060.134 Safari/537.36" "www.ysfine.com"
216.125.40.18 - - [01/Feb/2023:07:57:47 -0800] "GET /kobak/sl628.jpg HTTP/1.1" 200 225100 "https://images.search.yahoo.com/search/images;_ylt=AwrNPVrgi9pjr2Q3nY2JzbkF;_ylu=c2VjA3NlYXJjaARzbGsDYnV0dG9u;_ylc=X1MDOTYwNjI4NTcEX3IDMgRmcgNtY2FmZWUEZnIyA3A6cyx2OmksbTpzYi10b3AEZ3ByaWQDV0lRYkpRdmtRTEs4ZWtKSXNKaGtzQQRuX3JzbHQDMARuX3N1Z2cDMARvcmlnaW4DaW1hZ2VzLnNlYXJjaC55YWhvby5jb20EcG9zAzAEcHFzdHIDBHBxc3RybAMwBHFzdHJsAzIxBHF1ZXJ5A2JhcnJlbiUyMGNpdGllcyUyMGluJTIwMTk1MAR0X3N0bXADMTY3NTI2NzA1Ng--?p=barren+cities+in+1950&fr=mcafee&fr2=p%3As%2Cv%3Ai%2Cm%3Asb-top&ei=UTF-8&x=wrt&type=E211US1067G0&vm=r" "Mozilla/5.0 (Windows NT 10.0; Win64; x64) AppleWebKit/537.36 (KHTML, like Gecko) Chrome/109.0.0.0 Safari/537.36" "ysfine.com"
17.241.227.86 - - [01/Feb/2023:07:59:21 -0800] "GET /yspapers/stg.pdf HTTP/1.1" 200 97437 "-" "Mozilla/5.0 (Macintosh; Intel Mac OS X 10_15_5) AppleWebKit/605.1.15 (KHTML, like Gecko) Version/13.1.1 Safari/605.1.15 (Applebot/0.1; +http://www.apple.com/go/applebot)" "ysfine.com"
104.28.55.232 - - [01/Feb/2023:07:59:34 -0800] "GET /style/smithonian.jpg HTTP/1.1" 200 88645 "-" "Mozilla/5.0 (iPhone; CPU iPhone OS 16_3 like Mac OS X) AppleWebKit/605.1.15 (KHTML, like Gecko) Version/16.3 Mobile/15E148 Safari/604.1" "ysfine.com"
207.46.13.104 - - [01/Feb/2023:07:59:57 -0800] "GET /home/home/dwf.html HTTP/1.1" 404 88 "-" "Mozilla/5.0 AppleWebKit/537.36 (KHTML, like Gecko; compatible; bingbot/2.0; +http://www.bing.com/bingbot.htm) Chrome/103.0.5060.134 Safari/537.36" "www.ysfine.com"
185.191.171.23 - - [01/Feb/2023:08:01:16 -0800] "GET /dirac/dircanal.html HTTP/1.1" 200 3795 "-" "Mozilla/5.0 (compatible; SemrushBot/7~bl; +http://www.semrush.com/bot.html)" "www.ysfine.com"
207.46.13.104 - - [01/Feb/2023:08:01:17 -0800] "GET /bio/kobak/yskor.html HTTP/1.1" 404 88 "-" "Mozilla/5.0 AppleWebKit/537.36 (KHTML, like Gecko; compatible; bingbot/2.0; +http://www.bing.com/bingbot.htm) Chrome/103.0.5060.134 Safari/537.36" "ysfine.com"
207.46.13.104 - - [01/Feb/2023:08:01:37 -0800] "GET /maga/phys/weylbook22b.jpg HTTP/1.1" 200 25971 "-" "Mozilla/5.0 AppleWebKit/537.36 (KHTML, like Gecko; compatible; bingbot/2.0; +http://www.bing.com/bingbot.htm) Chrome/103.0.5060.134 Safari/537.36" "ysfine.com"
52.167.144.39 - - [01/Feb/2023:08:02:18 -0800] "GET /world/ital/stcroce01b.jpg HTTP/1.1" 200 42968 "-" "Mozilla/5.0 AppleWebKit/537.36 (KHTML, like Gecko; compatible; bingbot/2.0; +http://www.bing.com/bingbot.htm) Chrome/103.0.5060.134 Safari/537.36" "ysfine.com"
185.191.171.36 - - [01/Feb/2023:08:02:28 -0800] "GET /maga/naimark.html HTTP/1.1" 200 4603 "-" "Mozilla/5.0 (compatible; SemrushBot/7~bl; +http://www.semrush.com/bot.html)" "ysfine.com"
40.77.167.192 - - [01/Feb/2023:08:03:47 -0800] "GET /bio/kobak/soraech.html HTTP/1.1" 404 88 "-" "Mozilla/5.0 AppleWebKit/537.36 (KHTML, like Gecko; compatible; bingbot/2.0; +http://www.bing.com/bingbot.htm) Chrome/103.0.5060.134 Safari/537.36" "ysfine.com"
40.77.167.192 - - [01/Feb/2023:08:04:42 -0800] "GET /maga/phys/schrod38.jpg HTTP/1.1" 200 85258 "-" "Mozilla/5.0 AppleWebKit/537.36 (KHTML, like Gecko; compatible; bingbot/2.0; +http://www.bing.com/bingbot.htm) Chrome/103.0.5060.134 Safari/537.36" "ysfine.com"
52.167.144.86 - - [01/Feb/2023:08:06:51 -0800] "GET /bio/wigner/e(2).html HTTP/1.1" 404 88 "-" "Mozilla/5.0 AppleWebKit/537.36 (KHTML, like Gecko; compatible; bingbot/2.0; +http://www.bing.com/bingbot.htm) Chrome/103.0.5060.134 Safari/537.36" "ysfine.com"
199.247.35.68 - - [01/Feb/2023:08:07:43 -0800] "GET /world/russ/kazanmap22.jpg HTTP/1.1" 200 129761 "https://www.bing.com/" "Mozilla/5.0 (Windows NT 10.0; Win64; x64) AppleWebKit/537.36 (KHTML, like Gecko) Chrome/108.0.0.0 Safari/537.36 Edg/108.0.1462.76" "www.ysfine.com"
40.77.167.192 - - [01/Feb/2023:08:09:13 -0800] "GET /bio.html HTTP/1.1" 200 18260 "-" "Mozilla/5.0 AppleWebKit/537.36 (KHTML, like Gecko; compatible; bingbot/2.0; +http://www.bing.com/bingbot.htm) Chrome/103.0.5060.134 Safari/537.36" "ysfine.com"
40.77.167.192 - - [01/Feb/2023:08:09:14 -0800] "GET /kobak/victork.jpg HTTP/1.1" 200 85630 "-" "Mozilla/5.0 AppleWebKit/537.36 (KHTML, like Gecko; compatible; bingbot/2.0; +http://www.bing.com/bingbot.htm) Chrome/103.0.5060.134 Safari/537.36" "ysfine.com"
142.112.183.147 - - [01/Feb/2023:08:10:09 -0800] "GET /einstein/einfine21b.jpg HTTP/1.1" 200 53710 "https://www.google.com/" "Mozilla/5.0 (Windows NT 10.0; Win64; x64) AppleWebKit/537.36 (KHTML, like Gecko) Chrome/109.0.0.0 Safari/537.36" "ysfine.com"
216.244.66.229 - - [01/Feb/2023:08:10:09 -0800] "GET /robots.txt HTTP/1.1" 404 73 "-" "Mozilla/5.0 (compatible; DotBot/1.2; +https://opensiteexplorer.org/dotbot; help@moz.com)" "www.ysfine.com"
51.222.253.5 - - [01/Feb/2023:08:10:26 -0800] "GET /style/restau.html HTTP/1.1" 200 2149 "-" "Mozilla/5.0 (compatible; AhrefsBot/7.0; +http://ahrefs.com/robot/)" "www.ysfine.com"
185.191.171.5 - - [01/Feb/2023:08:11:19 -0800] "GET /maga/faraday.html HTTP/1.1" 200 6233 "-" "Mozilla/5.0 (compatible; SemrushBot/7~bl; +http://www.semrush.com/bot.html)" "ysfine.com"
17.241.219.73 - - [01/Feb/2023:08:12:32 -0800] "GET /maga/pupin.html HTTP/1.1" 200 5043 "-" "Mozilla/5.0 (Macintosh; Intel Mac OS X 10_15_5) AppleWebKit/605.1.15 (KHTML, like Gecko) Version/13.1.1 Safari/605.1.15 (Applebot/0.1; +http://www.apple.com/go/applebot)" "ysfine.com"
40.77.167.192 - - [01/Feb/2023:08:12:47 -0800] "GET /bio/eink/buythisbook.html HTTP/1.1" 404 88 "-" "Mozilla/5.0 AppleWebKit/537.36 (KHTML, like Gecko; compatible; bingbot/2.0; +http://www.bing.com/bingbot.htm) Chrome/103.0.5060.134 Safari/537.36" "ysfine.com"
216.244.66.229 - - [01/Feb/2023:08:13:06 -0800] "GET /world/spain/lisbon19.jpg HTTP/1.1" 200 230144 "-" "Mozilla/5.0 (compatible; DotBot/1.2; +https://opensiteexplorer.org/dotbot; help@moz.com)" "www.ysfine.com"
52.167.144.62 - - [01/Feb/2023:08:13:28 -0800] "GET /eink/abomb66c.jpg HTTP/1.1" 200 22350 "-" "Mozilla/5.0 AppleWebKit/537.36 (KHTML, like Gecko; compatible; bingbot/2.0; +http://www.bing.com/bingbot.htm) Chrome/103.0.5060.134 Safari/537.36" "ysfine.com"
17.241.227.232 - - [01/Feb/2023:08:13:38 -0800] "GET /yspapers/zakopane96.pdf HTTP/1.1" 200 184122 "-" "Mozilla/5.0 (Macintosh; Intel Mac OS X 10_15_5) AppleWebKit/605.1.15 (KHTML, like Gecko) Version/13.1.1 Safari/605.1.15 (Applebot/0.1; +http://www.apple.com/go/applebot)" "ysfine.com"
77.75.79.119 - - [01/Feb/2023:08:13:44 -0800] "GET /yspapers/index.html HTTP/1.1" 200 21304 "-" "Mozilla/5.0 (compatible; SeznamBot/4.0-RC1; +http://napoveda.seznam.cz/seznambot-intro/)" "ysfine.com"
51.222.253.10 - - [01/Feb/2023:08:13:51 -0800] "GET /bio54.html HTTP/1.1" 200 8798 "-" "Mozilla/5.0 (compatible; AhrefsBot/7.0; +http://ahrefs.com/robot/)" "www.ysfine.com"
51.222.253.18 - - [01/Feb/2023:08:13:52 -0800] "GET /home/fotos/flor14d.jpg HTTP/1.1" 200 95073 "-" "Mozilla/5.0 (compatible; AhrefsBot/7.0; +http://ahrefs.com/robot/)" "www.ysfine.com"
51.222.253.12 - - [01/Feb/2023:08:13:53 -0800] "GET /home/mac05f.jpg HTTP/1.1" 200 98400 "-" "Mozilla/5.0 (compatible; AhrefsBot/7.0; +http://ahrefs.com/robot/)" "www.ysfine.com"
51.222.253.17 - - [01/Feb/2023:08:13:54 -0800] "GET /kobak/swr51d.jpg HTTP/1.1" 200 49461 "-" "Mozilla/5.0 (compatible; AhrefsBot/7.0; +http://ahrefs.com/robot/)" "www.ysfine.com"
51.222.253.18 - - [01/Feb/2023:08:13:55 -0800] "GET /home/fig22/ys53d.jpg HTTP/1.1" 200 47161 "-" "Mozilla/5.0 (compatible; AhrefsBot/7.0; +http://ahrefs.com/robot/)" "www.ysfine.com"
51.222.253.3 - - [01/Feb/2023:08:13:56 -0800] "GET /home/fotos/tank05d.jpg HTTP/1.1" 200 52601 "-" "Mozilla/5.0 (compatible; AhrefsBot/7.0; +http://ahrefs.com/robot/)" "www.ysfine.com"
51.222.253.7 - - [01/Feb/2023:08:14:04 -0800] "GET /fotos/taylor54d.jpg HTTP/1.1" 200 77792 "-" "Mozilla/5.0 (compatible; AhrefsBot/7.0; +http://ahrefs.com/robot/)" "www.ysfine.com"
51.222.253.1 - - [01/Feb/2023:08:14:05 -0800] "GET /home/fig22/acs73f.jpg HTTP/1.1" 200 284573 "-" "Mozilla/5.0 (compatible; AhrefsBot/7.0; +http://ahrefs.com/robot/)" "www.ysfine.com"
51.222.253.16 - - [01/Feb/2023:08:14:10 -0800] "GET /fotos/package11f.jpg HTTP/1.1" 200 60942 "-" "Mozilla/5.0 (compatible; AhrefsBot/7.0; +http://ahrefs.com/robot/)" "www.ysfine.com"
