211.50.118.12 - - [31/Jan/2023:23:35:59 -0800] "GET /jobs/koreaj.html HTTP/1.1" 200 5358 "-" "Mozilla/5.0 (Macintosh; Intel Mac OS X 10_15_7) AppleWebKit/605.1.15 (KHTML, like Gecko)" "ysfine.com"
211.50.118.12 - - [31/Jan/2023:23:36:00 -0800] "GET /apple-touch-icon-precomposed.png HTTP/1.1" 404 88 "-" "Safari/17614.4.6.11.4 CFNetwork/1335.0.3.1 Darwin/21.6.0" "ysfine.com"
211.50.118.12 - - [31/Jan/2023:23:36:01 -0800] "GET /apple-touch-icon.png HTTP/1.1" 404 88 "-" "Safari/17614.4.6.11.4 CFNetwork/1335.0.3.1 Darwin/21.6.0" "ysfine.com"
211.50.118.12 - - [31/Jan/2023:23:36:01 -0800] "GET /favicon.ico HTTP/1.1" 404 88 "-" "Safari/17614.4.6.11.4 CFNetwork/1335.0.3.1 Darwin/21.6.0" "ysfine.com"
211.50.118.12 - - [31/Jan/2023:23:36:01 -0800] "GET /apple-touch-icon-precomposed.png HTTP/1.1" 404 88 "-" "Safari/17614.4.6.11.4 CFNetwork/1335.0.3.1 Darwin/21.6.0" "ysfine.com"
211.50.118.12 - - [31/Jan/2023:23:36:01 -0800] "GET /apple-touch-icon.png HTTP/1.1" 404 88 "-" "Safari/17614.4.6.11.4 CFNetwork/1335.0.3.1 Darwin/21.6.0" "ysfine.com"
211.50.118.12 - - [31/Jan/2023:23:36:01 -0800] "GET /favicon.ico HTTP/1.1" 404 88 "-" "Safari/17614.4.6.11.4 CFNetwork/1335.0.3.1 Darwin/21.6.0" "ysfine.com"
211.50.118.12 - - [31/Jan/2023:23:36:02 -0800] "GET /jobs/koreaj.html HTTP/1.1" 200 5358 "-" "Mozilla/5.0 (iPhone; CPU iPhone OS 16_0 like Mac OS X) AppleWebKit/605.1.15 (KHTML, like Gecko) Version/16.0 Mobile/15E148 Safari/604.1" "ysfine.com"
211.50.118.12 - - [31/Jan/2023:23:36:02 -0800] "GET /apple-touch-icon-precomposed.png HTTP/1.1" 404 88 "-" "Safari/17614.4.6.11.4 CFNetwork/1335.0.3.1 Darwin/21.6.0" "ysfine.com"
211.50.118.12 - - [31/Jan/2023:23:36:02 -0800] "GET /apple-touch-icon.png HTTP/1.1" 404 88 "-" "Safari/17614.4.6.11.4 CFNetwork/1335.0.3.1 Darwin/21.6.0" "ysfine.com"
185.191.171.2 - - [31/Jan/2023:23:36:37 -0800] "GET /world/florence.html HTTP/1.1" 200 9706 "-" "Mozilla/5.0 (compatible; SemrushBot/7~bl; +http://www.semrush.com/bot.html)" "ysfine.com"
71.178.208.102 - - [31/Jan/2023:23:37:13 -0800] "GET /beau/aline/ana11b.jpg HTTP/1.1" 404 88 "https://ysfine.com/style/songs.html" "Mozilla/5.0 (Windows NT 10.0; Win64; x64) AppleWebKit/537.36 (KHTML, like Gecko) Chrome/109.0.0.0 Safari/537.36 Edg/109.0.1518.70" "ysfine.com"
71.178.208.102 - - [31/Jan/2023:23:37:13 -0800] "GET /world/russ/ihousem22b.jpg HTTP/1.1" 404 88 "https://ysfine.com/style/songs.html" "Mozilla/5.0 (Windows NT 10.0; Win64; x64) AppleWebKit/537.36 (KHTML, like Gecko) Chrome/109.0.0.0 Safari/537.36 Edg/109.0.1518.70" "ysfine.com"
71.178.208.102 - - [31/Jan/2023:23:37:24 -0800] "GET /style/physmusic.html HTTP/1.1" 404 88 "https://ysfine.com/style/songs.html" "Mozilla/5.0 (Windows NT 10.0; Win64; x64) AppleWebKit/537.36 (KHTML, like Gecko) Chrome/109.0.0.0 Safari/537.36 Edg/109.0.1518.70" "ysfine.com"
5.161.65.247 - - [31/Jan/2023:23:37:28 -0800] "GET /sbk/1975nyc11.jpg HTTP/1.1" 200 184286 "-" "Mozilla/5.0 (X11; Ubuntu; Linux x86_64; rv:107.0) Gecko/20100101 Firefox/107.0" "www.ysfine.com"
207.46.13.90 - - [31/Jan/2023:23:37:33 -0800] "GET /kobak/swr51d.jpg HTTP/1.1" 200 49461 "-" "Mozilla/5.0 AppleWebKit/537.36 (KHTML, like Gecko; compatible; bingbot/2.0; +http://www.bing.com/bingbot.htm) Chrome/103.0.5060.134 Safari/537.36" "ysfine.com"
185.191.171.11 - - [31/Jan/2023:23:37:37 -0800] "GET /robots.txt HTTP/1.1" 404 88 "-" "Mozilla/5.0 (compatible; SemrushBot/7~bl; +http://www.semrush.com/bot.html)" "www.ysfine.com"
185.191.171.24 - - [31/Jan/2023:23:37:38 -0800] "GET /world/ital/galmil.html HTTP/1.1" 200 1084 "-" "Mozilla/5.0 (compatible; SemrushBot/7~bl; +http://www.semrush.com/bot.html)" "www.ysfine.com"
207.46.13.104 - - [31/Jan/2023:23:38:04 -0800] "GET /bio/kobak/yskor.html HTTP/1.1" 404 88 "-" "Mozilla/5.0 AppleWebKit/537.36 (KHTML, like Gecko; compatible; bingbot/2.0; +http://www.bing.com/bingbot.htm) Chrome/103.0.5060.134 Safari/537.36" "ysfine.com"
207.46.13.104 - - [31/Jan/2023:23:38:05 -0800] "GET /maga/phys/maxwell02b.jpg HTTP/1.1" 200 43279 "-" "Mozilla/5.0 AppleWebKit/537.36 (KHTML, like Gecko; compatible; bingbot/2.0; +http://www.bing.com/bingbot.htm) Chrome/103.0.5060.134 Safari/537.36" "ysfine.com"
216.244.66.229 - - [31/Jan/2023:23:38:44 -0800] "GET /dirac/dirackim62.html HTTP/1.1" 200 7535 "-" "Mozilla/5.0 (compatible; DotBot/1.2; +https://opensiteexplorer.org/dotbot; help@moz.com)" "ysfine.com"
207.46.13.90 - - [31/Jan/2023:23:38:54 -0800] "GET /bio/eink/buythisbook.html HTTP/1.1" 404 88 "-" "Mozilla/5.0 AppleWebKit/537.36 (KHTML, like Gecko; compatible; bingbot/2.0; +http://www.bing.com/bingbot.htm) Chrome/103.0.5060.134 Safari/537.36" "ysfine.com"
52.167.144.86 - - [31/Jan/2023:23:38:59 -0800] "GET /bio/wigner/e(2).html HTTP/1.1" 404 88 "-" "Mozilla/5.0 AppleWebKit/537.36 (KHTML, like Gecko; compatible; bingbot/2.0; +http://www.bing.com/bingbot.htm) Chrome/103.0.5060.134 Safari/537.36" "ysfine.com"
5.161.45.237 - - [31/Jan/2023:23:39:09 -0800] "GET /sbk/1975nyc11.jpg HTTP/1.1" 200 184286 "-" "Mozilla/5.0 (X11; Ubuntu; Linux x86_64; rv:107.0) Gecko/20100101 Firefox/107.0" "www.ysfine.com"
5.161.116.28 - - [31/Jan/2023:23:39:28 -0800] "GET /sbk/1975nyc11.jpg HTTP/1.1" 200 184286 "-" "Mozilla/5.0 (X11; Ubuntu; Linux x86_64; rv:107.0) Gecko/20100101 Firefox/107.0" "www.ysfine.com"
103.21.164.115 - - [31/Jan/2023:23:39:44 -0800] "GET /world/scandi/copenf75.jpg HTTP/1.1" 200 78691 "https://www.google.com/" "Mozilla/5.0 (Windows NT 6.3; Win64; x64) AppleWebKit/537.36 (KHTML, like Gecko) Chrome/109.0.0.0 Safari/537.36" "ysfine.com"
51.222.253.12 - - [31/Jan/2023:23:39:55 -0800] "GET /wigner/wigpic.html HTTP/1.1" 200 134 "-" "Mozilla/5.0 (compatible; AhrefsBot/7.0; +http://ahrefs.com/robot/)" "www.ysfine.com"
5.161.50.128 - - [31/Jan/2023:23:41:08 -0800] "GET /sbk/1975nyc11.jpg HTTP/1.1" 200 184286 "-" "Mozilla/5.0 (X11; Ubuntu; Linux x86_64; rv:107.0) Gecko/20100101 Firefox/107.0" "www.ysfine.com"
5.161.110.91 - - [31/Jan/2023:23:41:22 -0800] "GET /sbk/1975nyc11.jpg HTTP/1.1" 200 184286 "-" "Mozilla/5.0 (X11; Ubuntu; Linux x86_64; rv:107.0) Gecko/20100101 Firefox/107.0" "www.ysfine.com"
66.249.70.4 - - [31/Jan/2023:23:41:28 -0800] "GET /wdc/washmo13.jpg HTTP/1.1" 304 - "-" "Googlebot-Image/1.0" "ysfine.com"
222.137.27.233 - - [31/Jan/2023:23:41:32 -0800] "GET /robots.txt HTTP/1.1" 404 88 "-" "Mozilla/5.0 (Windows NT 10.0; Win64; x64) AppleWebKit/537.36 (KHTML, like Gecko) Chrome/92.0.4515.159 Safari/537.36" "www.ysfine.com"
207.46.13.90 - - [31/Jan/2023:23:42:49 -0800] "GET /bio.html HTTP/1.1" 200 18260 "-" "Mozilla/5.0 AppleWebKit/537.36 (KHTML, like Gecko; compatible; bingbot/2.0; +http://www.bing.com/bingbot.htm) Chrome/103.0.5060.134 Safari/537.36" "ysfine.com"
207.46.13.68 - - [31/Jan/2023:23:43:05 -0800] "GET /einstein/einharmo.html HTTP/1.1" 200 1137 "-" "Mozilla/5.0 AppleWebKit/537.36 (KHTML, like Gecko; compatible; bingbot/2.0; +http://www.bing.com/bingbot.htm) Chrome/103.0.5060.134 Safari/537.36" "ysfine.com"
213.55.85.43 - - [31/Jan/2023:23:43:31 -0800] "GET /maga/boltz/maxrel11b.jpg HTTP/1.1" 200 28313 "https://www.bing.com/" "Mozilla/5.0 (Windows NT 10.0; Win64; x64) AppleWebKit/537.36 (KHTML, like Gecko) Chrome/109.0.0.0 Safari/537.36 Edg/109.0.1518.70" "www.ysfine.com"
88.198.198.174 - - [31/Jan/2023:23:43:44 -0800] "GET /sbk/1975nyc11.jpg HTTP/1.1" 200 184286 "-" "Mozilla/5.0 (X11; Fedora; Linux x86_64) AppleWebKit/537.36 (KHTML, like Gecko) Chrome/79.0.3945.117 Safari/537.36" "www.ysfine.com"
51.222.253.13 - - [31/Jan/2023:23:43:47 -0800] "GET /wigner/isomor.html HTTP/1.1" 200 359 "-" "Mozilla/5.0 (compatible; AhrefsBot/7.0; +http://ahrefs.com/robot/)" "www.ysfine.com"
114.119.156.190 - - [31/Jan/2023:23:44:39 -0800] "GET /class54/class5470/total_data/sub_288.htm HTTP/1.1" 200 3386 "https://www.ysfine.com/class54/class5470/total_data/sub_280.htm" "Mozilla/5.0 (Linux; Android 7.0;) AppleWebKit/537.36 (KHTML, like Gecko) Mobile Safari/537.36 (compatible; PetalBot;+https://webmaster.petalsearch.com/site/petalbot)" "www.ysfine.com"
185.191.171.40 - - [31/Jan/2023:23:44:55 -0800] "GET /world/wigberlin.html HTTP/1.1" 200 7173 "-" "Mozilla/5.0 (compatible; SemrushBot/7~bl; +http://www.semrush.com/bot.html)" "www.ysfine.com"
49.245.111.152 - - [31/Jan/2023:23:45:03 -0800] "GET /dirac/wigsis11.jpg HTTP/1.1" 200 71741 "https://www.google.com/" "Mozilla/5.0 (Windows NT 10.0; Win64; x64) AppleWebKit/537.36 (KHTML, like Gecko) Chrome/109.0.0.0 Safari/537.36" "ysfine.com"
52.167.144.86 - - [31/Jan/2023:23:45:28 -0800] "GET /dirac/o32.jpg HTTP/1.1" 200 101932 "-" "Mozilla/5.0 AppleWebKit/537.36 (KHTML, like Gecko; compatible; bingbot/2.0; +http://www.bing.com/bingbot.htm) Chrome/103.0.5060.134 Safari/537.36" "www.ysfine.com"
207.46.13.90 - - [31/Jan/2023:23:45:58 -0800] "GET /bio/style/proschanie.html HTTP/1.1" 404 88 "-" "Mozilla/5.0 AppleWebKit/537.36 (KHTML, like Gecko; compatible; bingbot/2.0; +http://www.bing.com/bingbot.htm) Chrome/103.0.5060.134 Safari/537.36" "ysfine.com"
207.46.13.68 - - [31/Jan/2023:23:46:47 -0800] "GET /bio/einstein/bern.html HTTP/1.1" 404 88 "-" "Mozilla/5.0 AppleWebKit/537.36 (KHTML, like Gecko; compatible; bingbot/2.0; +http://www.bing.com/bingbot.htm) Chrome/103.0.5060.134 Safari/537.36" "ysfine.com"
207.46.13.90 - - [31/Jan/2023:23:47:47 -0800] "GET /usca/pitt/steelm01.jpg HTTP/1.1" 200 74370 "-" "Mozilla/5.0 AppleWebKit/537.36 (KHTML, like Gecko; compatible; bingbot/2.0; +http://www.bing.com/bingbot.htm) Chrome/103.0.5060.134 Safari/537.36" "www.ysfine.com"
89.134.25.234 - - [31/Jan/2023:23:48:00 -0800] "GET /remote/wigner111/frame18.html HTTP/1.1" 200 1033 "https://www.google.com/" "Mozilla/5.0 (Macintosh; Intel Mac OS X 10_15_7) AppleWebKit/537.36 (KHTML, like Gecko) Chrome/109.0.0.0 Safari/537.36" "ysfine.com"
89.134.25.234 - - [31/Jan/2023:23:48:00 -0800] "GET /dirac/dirac63b.jpg HTTP/1.1" 200 41617 "https://ysfine.com/remote/wigner111/frame18.html" "Mozilla/5.0 (Macintosh; Intel Mac OS X 10_15_7) AppleWebKit/537.36 (KHTML, like Gecko) Chrome/109.0.0.0 Safari/537.36" "ysfine.com"
89.134.25.234 - - [31/Jan/2023:23:48:00 -0800] "GET /remote/wigner111/kim-18b.jpg HTTP/1.1" 200 36310 "https://ysfine.com/remote/wigner111/frame18.html" "Mozilla/5.0 (Macintosh; Intel Mac OS X 10_15_7) AppleWebKit/537.36 (KHTML, like Gecko) Chrome/109.0.0.0 Safari/537.36" "ysfine.com"
51.222.253.7 - - [31/Jan/2023:23:48:08 -0800] "GET /dirac/dirk62.html HTTP/1.1" 200 3949 "-" "Mozilla/5.0 (compatible; AhrefsBot/7.0; +http://ahrefs.com/robot/)" "www.ysfine.com"
51.222.253.9 - - [31/Jan/2023:23:48:11 -0800] "GET /dirac/diracqm11f.jpg HTTP/1.1" 200 109178 "-" "Mozilla/5.0 (compatible; AhrefsBot/7.0; +http://ahrefs.com/robot/)" "www.ysfine.com"
51.222.253.5 - - [31/Jan/2023:23:48:12 -0800] "GET /dirac/coupo02d.jpg HTTP/1.1" 200 49502 "-" "Mozilla/5.0 (compatible; AhrefsBot/7.0; +http://ahrefs.com/robot/)" "www.ysfine.com"
51.222.253.7 - - [31/Jan/2023:23:48:12 -0800] "GET /dirac/dirwig55d.jpg HTTP/1.1" 200 47442 "-" "Mozilla/5.0 (compatible; AhrefsBot/7.0; +http://ahrefs.com/robot/)" "www.ysfine.com"
51.222.253.19 - - [31/Jan/2023:23:48:12 -0800] "GET /dirac/dirk6201.jpg HTTP/1.1" 200 51283 "-" "Mozilla/5.0 (compatible; AhrefsBot/7.0; +http://ahrefs.com/robot/)" "www.ysfine.com"
51.222.253.19 - - [31/Jan/2023:23:48:13 -0800] "GET /eink/eink400.jpg HTTP/1.1" 200 49740 "-" "Mozilla/5.0 (compatible; AhrefsBot/7.0; +http://ahrefs.com/robot/)" "www.ysfine.com"
51.222.253.17 - - [31/Jan/2023:23:48:14 -0800] "GET /dirac/nicodem11d.jpg HTTP/1.1" 200 141167 "-" "Mozilla/5.0 (compatible; AhrefsBot/7.0; +http://ahrefs.com/robot/)" "www.ysfine.com"
207.46.13.90 - - [31/Jan/2023:23:48:15 -0800] "GET /style/cameras/comedians.jpg HTTP/1.1" 200 159639 "-" "Mozilla/5.0 AppleWebKit/537.36 (KHTML, like Gecko; compatible; bingbot/2.0; +http://www.bing.com/bingbot.htm) Chrome/103.0.5060.134 Safari/537.36" "ysfine.com"
51.222.253.13 - - [31/Jan/2023:23:48:17 -0800] "GET /dirac/dirk6202f.jpg HTTP/1.1" 200 62459 "-" "Mozilla/5.0 (compatible; AhrefsBot/7.0; +http://ahrefs.com/robot/)" "www.ysfine.com"
51.222.253.14 - - [31/Jan/2023:23:48:19 -0800] "GET /dirac/feydirac450.jpg HTTP/1.1" 200 40491 "-" "Mozilla/5.0 (compatible; AhrefsBot/7.0; +http://ahrefs.com/robot/)" "www.ysfine.com"
95.108.213.101 - - [31/Jan/2023:23:48:30 -0800] "GET /dongio/moslems.html HTTP/1.1" 404 88 "-" "Mozilla/5.0 (compatible; YandexBot/3.0; +http://yandex.com/bots) AppleWebKit/537.36 (KHTML, like Gecko) Chrome/81.0.4044.268" "www.ysfine.com"
216.244.66.229 - - [31/Jan/2023:23:48:41 -0800] "GET /wigner/maxwig.html HTTP/1.1" 200 25215 "-" "Mozilla/5.0 (compatible; DotBot/1.2; +https://opensiteexplorer.org/dotbot; help@moz.com)" "ysfine.com"
216.244.66.229 - - [31/Jan/2023:23:49:07 -0800] "GET /world/istanbul.html HTTP/1.1" 200 35624 "-" "Mozilla/5.0 (compatible; DotBot/1.2; +https://opensiteexplorer.org/dotbot; help@moz.com)" "ysfine.com"
89.134.25.234 - - [31/Jan/2023:23:49:15 -0800] "GET /dirac/wigsis.html HTTP/1.1" 200 10275 "https://ysfine.com/remote/wigner111/frame18.html" "Mozilla/5.0 (Macintosh; Intel Mac OS X 10_15_7) AppleWebKit/537.36 (KHTML, like Gecko) Chrome/109.0.0.0 Safari/537.36" "ysfine.com"
89.134.25.234 - - [31/Jan/2023:23:49:15 -0800] "GET /princeton/annex11b.jpg HTTP/1.1" 200 39639 "https://ysfine.com/dirac/wigsis.html" "Mozilla/5.0 (Macintosh; Intel Mac OS X 10_15_7) AppleWebKit/537.36 (KHTML, like Gecko) Chrome/109.0.0.0 Safari/537.36" "ysfine.com"
89.134.25.234 - - [31/Jan/2023:23:49:15 -0800] "GET /feynman/feydirac270.jpg HTTP/1.1" 200 59000 "https://ysfine.com/dirac/wigsis.html" "Mozilla/5.0 (Macintosh; Intel Mac OS X 10_15_7) AppleWebKit/537.36 (KHTML, like Gecko) Chrome/109.0.0.0 Safari/537.36" "ysfine.com"
89.134.25.234 - - [31/Jan/2023:23:49:15 -0800] "GET /dirac/hazi22.jpg HTTP/1.1" 200 37344 "https://ysfine.com/dirac/wigsis.html" "Mozilla/5.0 (Macintosh; Intel Mac OS X 10_15_7) AppleWebKit/537.36 (KHTML, like Gecko) Chrome/109.0.0.0 Safari/537.36" "ysfine.com"
89.134.25.234 - - [31/Jan/2023:23:49:15 -0800] "GET /dirac/dirac84b.jpg HTTP/1.1" 200 42763 "https://ysfine.com/dirac/wigsis.html" "Mozilla/5.0 (Macintosh; Intel Mac OS X 10_15_7) AppleWebKit/537.36 (KHTML, like Gecko) Chrome/109.0.0.0 Safari/537.36" "ysfine.com"
89.134.25.234 - - [31/Jan/2023:23:49:15 -0800] "GET /dirac/dirwig33b.jpg HTTP/1.1" 200 11663 "https://ysfine.com/dirac/wigsis.html" "Mozilla/5.0 (Macintosh; Intel Mac OS X 10_15_7) AppleWebKit/537.36 (KHTML, like Gecko) Chrome/109.0.0.0 Safari/537.36" "ysfine.com"
89.134.25.234 - - [31/Jan/2023:23:49:15 -0800] "GET /dirac/wigsis22.jpg HTTP/1.1" 200 39975 "https://ysfine.com/dirac/wigsis.html" "Mozilla/5.0 (Macintosh; Intel Mac OS X 10_15_7) AppleWebKit/537.36 (KHTML, like Gecko) Chrome/109.0.0.0 Safari/537.36" "ysfine.com"
89.134.25.234 - - [31/Jan/2023:23:49:15 -0800] "GET /dirac/michaels22.jpg HTTP/1.1" 200 47473 "https://ysfine.com/dirac/wigsis.html" "Mozilla/5.0 (Macintosh; Intel Mac OS X 10_15_7) AppleWebKit/537.36 (KHTML, like Gecko) Chrome/109.0.0.0 Safari/537.36" "ysfine.com"
89.134.25.234 - - [31/Jan/2023:23:49:15 -0800] "GET /world/poland/jablo01b.jpg HTTP/1.1" 200 39801 "https://ysfine.com/dirac/wigsis.html" "Mozilla/5.0 (Macintosh; Intel Mac OS X 10_15_7) AppleWebKit/537.36 (KHTML, like Gecko) Chrome/109.0.0.0 Safari/537.36" "ysfine.com"
89.134.25.234 - - [31/Jan/2023:23:49:15 -0800] "GET /dirac/hyperell2.jpg HTTP/1.1" 200 29858 "https://ysfine.com/dirac/wigsis.html" "Mozilla/5.0 (Macintosh; Intel Mac OS X 10_15_7) AppleWebKit/537.36 (KHTML, like Gecko) Chrome/109.0.0.0 Safari/537.36" "ysfine.com"
89.134.25.234 - - [31/Jan/2023:23:49:15 -0800] "GET /dirac/dirackim6202.jpg HTTP/1.1" 200 51465 "https://ysfine.com/dirac/wigsis.html" "Mozilla/5.0 (Macintosh; Intel Mac OS X 10_15_7) AppleWebKit/537.36 (KHTML, like Gecko) Chrome/109.0.0.0 Safari/537.36" "ysfine.com"
89.134.25.234 - - [31/Jan/2023:23:49:15 -0800] "GET /eink/eink61c.jpg HTTP/1.1" 200 34119 "https://ysfine.com/dirac/wigsis.html" "Mozilla/5.0 (Macintosh; Intel Mac OS X 10_15_7) AppleWebKit/537.36 (KHTML, like Gecko) Chrome/109.0.0.0 Safari/537.36" "ysfine.com"
89.134.25.234 - - [31/Jan/2023:23:49:15 -0800] "GET /dirac/dirackim6201.jpg HTTP/1.1" 200 51283 "https://ysfine.com/dirac/wigsis.html" "Mozilla/5.0 (Macintosh; Intel Mac OS X 10_15_7) AppleWebKit/537.36 (KHTML, like Gecko) Chrome/109.0.0.0 Safari/537.36" "ysfine.com"
89.134.25.234 - - [31/Jan/2023:23:49:15 -0800] "GET /dirac/dirackn33b.jpg HTTP/1.1" 200 48200 "https://ysfine.com/dirac/wigsis.html" "Mozilla/5.0 (Macintosh; Intel Mac OS X 10_15_7) AppleWebKit/537.36 (KHTML, like Gecko) Chrome/109.0.0.0 Safari/537.36" "ysfine.com"
89.134.25.234 - - [31/Jan/2023:23:49:15 -0800] "GET /world/poland/jablo19b.jpg HTTP/1.1" 200 49913 "https://ysfine.com/dirac/wigsis.html" "Mozilla/5.0 (Macintosh; Intel Mac OS X 10_15_7) AppleWebKit/537.36 (KHTML, like Gecko) Chrome/109.0.0.0 Safari/537.36" "ysfine.com"
89.134.25.234 - - [31/Jan/2023:23:49:15 -0800] "GET /world/poland/jablo08b.jpg HTTP/1.1" 200 42070 "https://ysfine.com/dirac/wigsis.html" "Mozilla/5.0 (Macintosh; Intel Mac OS X 10_15_7) AppleWebKit/537.36 (KHTML, like Gecko) Chrome/109.0.0.0 Safari/537.36" "ysfine.com"
89.134.25.234 - - [31/Jan/2023:23:49:15 -0800] "GET /dirac/jablo62b.jpg HTTP/1.1" 200 42817 "https://ysfine.com/dirac/wigsis.html" "Mozilla/5.0 (Macintosh; Intel Mac OS X 10_15_7) AppleWebKit/537.36 (KHTML, like Gecko) Chrome/109.0.0.0 Safari/537.36" "ysfine.com"
89.134.25.234 - - [31/Jan/2023:23:49:15 -0800] "GET /kobak/nicodem11b.jpg HTTP/1.1" 200 79065 "https://ysfine.com/dirac/wigsis.html" "Mozilla/5.0 (Macintosh; Intel Mac OS X 10_15_7) AppleWebKit/537.36 (KHTML, like Gecko) Chrome/109.0.0.0 Safari/537.36" "ysfine.com"
89.134.25.234 - - [31/Jan/2023:23:49:15 -0800] "GET /world/poland/jablo20b.jpg HTTP/1.1" 200 41339 "https://ysfine.com/dirac/wigsis.html" "Mozilla/5.0 (Macintosh; Intel Mac OS X 10_15_7) AppleWebKit/537.36 (KHTML, like Gecko) Chrome/109.0.0.0 Safari/537.36" "ysfine.com"
217.65.104.139 - - [31/Jan/2023:23:49:31 -0800] "GET /kowar/tanks/southhorse.jpg HTTP/1.1" 200 96149 "https://www.google.com/" "Mozilla/5.0 (Windows NT 6.3; Win64; x64) AppleWebKit/537.36 (KHTML, like Gecko) Chrome/105.0.0.0 Safari/537.36" "ysfine.com"
216.244.66.229 - - [31/Jan/2023:23:49:57 -0800] "GET /home/wigstu.html HTTP/1.1" 200 11571 "-" "Mozilla/5.0 (compatible; DotBot/1.2; +https://opensiteexplorer.org/dotbot; help@moz.com)" "ysfine.com"
192.0.113.82 - - [31/Jan/2023:23:50:26 -0800] "GET /einstein/einbohr33.jpg HTTP/1.1" 200 87797 "-" "Photon/1.0" "ysfine.com"
216.244.66.229 - - [31/Jan/2023:23:50:27 -0800] "GET /philo/sartre.html HTTP/1.1" 200 24351 "-" "Mozilla/5.0 (compatible; DotBot/1.2; +https://opensiteexplorer.org/dotbot; help@moz.com)" "ysfine.com"
216.244.66.229 - - [31/Jan/2023:23:51:26 -0800] "GET /ffriends/algeria02.jpg HTTP/1.1" 200 164591 "-" "Mozilla/5.0 (compatible; DotBot/1.2; +https://opensiteexplorer.org/dotbot; help@moz.com)" "www.ysfine.com"
51.222.253.1 - - [31/Jan/2023:23:51:55 -0800] "GET /einstein/einbohr.html HTTP/1.1" 200 6142 "-" "Mozilla/5.0 (compatible; AhrefsBot/7.0; +http://ahrefs.com/robot/)" "www.ysfine.com"
71.178.208.102 - - [31/Jan/2023:23:52:04 -0800] "GET /ys11/index.html HTTP/1.1" 200 3492 "https://www.bing.com/" "Mozilla/5.0 (Windows NT 10.0; Win64; x64) AppleWebKit/537.36 (KHTML, like Gecko) Chrome/109.0.0.0 Safari/537.36 Edg/109.0.1518.70" "www.ysfine.com"
71.178.208.102 - - [31/Jan/2023:23:52:05 -0800] "GET /favicon.ico HTTP/1.1" 404 88 "https://www.ysfine.com/ys11/index.html" "Mozilla/5.0 (Windows NT 10.0; Win64; x64) AppleWebKit/537.36 (KHTML, like Gecko) Chrome/109.0.0.0 Safari/537.36 Edg/109.0.1518.70" "www.ysfine.com"
216.244.66.229 - - [31/Jan/2023:23:52:06 -0800] "GET /home/hyperell33.jpg HTTP/1.1" 200 105962 "-" "Mozilla/5.0 (compatible; DotBot/1.2; +https://opensiteexplorer.org/dotbot; help@moz.com)" "www.ysfine.com"
71.178.208.102 - - [31/Jan/2023:23:52:08 -0800] "GET /style/songs.html HTTP/1.1" 200 31567 "https://www.ysfine.com/ys11/index.html" "Mozilla/5.0 (Windows NT 10.0; Win64; x64) AppleWebKit/537.36 (KHTML, like Gecko) Chrome/109.0.0.0 Safari/537.36 Edg/109.0.1518.70" "www.ysfine.com"
71.178.208.102 - - [31/Jan/2023:23:52:08 -0800] "GET /style/hifi01b.jpg HTTP/1.1" 304 - "https://www.ysfine.com/style/songs.html" "Mozilla/5.0 (Windows NT 10.0; Win64; x64) AppleWebKit/537.36 (KHTML, like Gecko) Chrome/109.0.0.0 Safari/537.36 Edg/109.0.1518.70" "www.ysfine.com"
71.178.208.102 - - [31/Jan/2023:23:52:08 -0800] "GET /style/cotton11b.jpg HTTP/1.1" 304 - "https://www.ysfine.com/style/songs.html" "Mozilla/5.0 (Windows NT 10.0; Win64; x64) AppleWebKit/537.36 (KHTML, like Gecko) Chrome/109.0.0.0 Safari/537.36 Edg/109.0.1518.70" "www.ysfine.com"
71.178.208.102 - - [31/Jan/2023:23:52:08 -0800] "GET /style/nijubasi22b.jpg HTTP/1.1" 304 - "https://www.ysfine.com/style/songs.html" "Mozilla/5.0 (Windows NT 10.0; Win64; x64) AppleWebKit/537.36 (KHTML, like Gecko) Chrome/109.0.0.0 Safari/537.36 Edg/109.0.1518.70" "www.ysfine.com"
71.178.208.102 - - [31/Jan/2023:23:52:08 -0800] "GET /style/jpsingap01b.jpg HTTP/1.1" 304 - "https://www.ysfine.com/style/songs.html" "Mozilla/5.0 (Windows NT 10.0; Win64; x64) AppleWebKit/537.36 (KHTML, like Gecko) Chrome/109.0.0.0 Safari/537.36 Edg/109.0.1518.70" "www.ysfine.com"
71.178.208.102 - - [31/Jan/2023:23:52:08 -0800] "GET /kobak/korjap03b.jpg HTTP/1.1" 304 - "https://www.ysfine.com/style/songs.html" "Mozilla/5.0 (Windows NT 10.0; Win64; x64) AppleWebKit/537.36 (KHTML, like Gecko) Chrome/109.0.0.0 Safari/537.36 Edg/109.0.1518.70" "www.ysfine.com"
71.178.208.102 - - [31/Jan/2023:23:52:08 -0800] "GET /style/jpchildren2.jpg HTTP/1.1" 304 - "https://www.ysfine.com/style/songs.html" "Mozilla/5.0 (Windows NT 10.0; Win64; x64) AppleWebKit/537.36 (KHTML, like Gecko) Chrome/109.0.0.0 Safari/537.36 Edg/109.0.1518.70" "www.ysfine.com"
71.178.208.102 - - [31/Jan/2023:23:52:08 -0800] "GET /kobak/swr51b.jpg HTTP/1.1" 304 - "https://www.ysfine.com/style/songs.html" "Mozilla/5.0 (Windows NT 10.0; Win64; x64) AppleWebKit/537.36 (KHTML, like Gecko) Chrome/109.0.0.0 Safari/537.36 Edg/109.0.1518.70" "www.ysfine.com"
71.178.208.102 - - [31/Jan/2023:23:52:08 -0800] "GET /style/hamako33b.jpg HTTP/1.1" 304 - "https://www.ysfine.com/style/songs.html" "Mozilla/5.0 (Windows NT 10.0; Win64; x64) AppleWebKit/537.36 (KHTML, like Gecko) Chrome/109.0.0.0 Safari/537.36 Edg/109.0.1518.70" "www.ysfine.com"
71.178.208.102 - - [31/Jan/2023:23:52:08 -0800] "GET /kobak/kimkoo01b.jpg HTTP/1.1" 304 - "https://www.ysfine.com/style/songs.html" "Mozilla/5.0 (Windows NT 10.0; Win64; x64) AppleWebKit/537.36 (KHTML, like Gecko) Chrome/109.0.0.0 Safari/537.36 Edg/109.0.1518.70" "www.ysfine.com"
71.178.208.102 - - [31/Jan/2023:23:52:08 -0800] "GET /style/sousa2.jpg HTTP/1.1" 304 - "https://www.ysfine.com/style/songs.html" "Mozilla/5.0 (Windows NT 10.0; Win64; x64) AppleWebKit/537.36 (KHTML, like Gecko) Chrome/109.0.0.0 Safari/537.36 Edg/109.0.1518.70" "www.ysfine.com"
71.178.208.102 - - [31/Jan/2023:23:52:08 -0800] "GET /style/xiangran22b.jpg HTTP/1.1" 304 - "https://www.ysfine.com/style/songs.html" "Mozilla/5.0 (Windows NT 10.0; Win64; x64) AppleWebKit/537.36 (KHTML, like Gecko) Chrome/109.0.0.0 Safari/537.36 Edg/109.0.1518.70" "www.ysfine.com"
71.178.208.102 - - [31/Jan/2023:23:52:08 -0800] "GET /style/xiangran11b.jpg HTTP/1.1" 304 - "https://www.ysfine.com/style/songs.html" "Mozilla/5.0 (Windows NT 10.0; Win64; x64) AppleWebKit/537.36 (KHTML, like Gecko) Chrome/109.0.0.0 Safari/537.36 Edg/109.0.1518.70" "www.ysfine.com"
71.178.208.102 - - [31/Jan/2023:23:52:08 -0800] "GET /style/owaves2.jpg HTTP/1.1" 304 - "https://www.ysfine.com/style/songs.html" "Mozilla/5.0 (Windows NT 10.0; Win64; x64) AppleWebKit/537.36 (KHTML, like Gecko) Chrome/109.0.0.0 Safari/537.36 Edg/109.0.1518.70" "www.ysfine.com"
71.178.208.102 - - [31/Jan/2023:23:52:08 -0800] "GET /kobak/taylor11b.jpg HTTP/1.1" 304 - "https://www.ysfine.com/style/songs.html" "Mozilla/5.0 (Windows NT 10.0; Win64; x64) AppleWebKit/537.36 (KHTML, like Gecko) Chrome/109.0.0.0 Safari/537.36 Edg/109.0.1518.70" "www.ysfine.com"
71.178.208.102 - - [31/Jan/2023:23:52:08 -0800] "GET /world/hungary/hunband01b.jpg HTTP/1.1" 304 - "https://www.ysfine.com/style/songs.html" "Mozilla/5.0 (Windows NT 10.0; Win64; x64) AppleWebKit/537.36 (KHTML, like Gecko) Chrome/109.0.0.0 Safari/537.36 Edg/109.0.1518.70" "www.ysfine.com"
71.178.208.102 - - [31/Jan/2023:23:52:08 -0800] "GET /style/yasukuni22b.jpg HTTP/1.1" 304 - "https://www.ysfine.com/style/songs.html" "Mozilla/5.0 (Windows NT 10.0; Win64; x64) AppleWebKit/537.36 (KHTML, like Gecko) Chrome/109.0.0.0 Safari/537.36 Edg/109.0.1518.70" "www.ysfine.com"
71.178.208.102 - - [31/Jan/2023:23:52:08 -0800] "GET /style/hamako11b.jpg HTTP/1.1" 304 - "https://www.ysfine.com/style/songs.html" "Mozilla/5.0 (Windows NT 10.0; Win64; x64) AppleWebKit/537.36 (KHTML, like Gecko) Chrome/109.0.0.0 Safari/537.36 Edg/109.0.1518.70" "www.ysfine.com"
71.178.208.102 - - [31/Jan/2023:23:52:08 -0800] "GET /style/xiangran55b.jpg HTTP/1.1" 304 - "https://www.ysfine.com/style/songs.html" "Mozilla/5.0 (Windows NT 10.0; Win64; x64) AppleWebKit/537.36 (KHTML, like Gecko) Chrome/109.0.0.0 Safari/537.36 Edg/109.0.1518.70" "www.ysfine.com"
71.178.208.102 - - [31/Jan/2023:23:52:08 -0800] "GET /style/mieko22b.jpg HTTP/1.1" 304 - "https://www.ysfine.com/style/songs.html" "Mozilla/5.0 (Windows NT 10.0; Win64; x64) AppleWebKit/537.36 (KHTML, like Gecko) Chrome/109.0.0.0 Safari/537.36 Edg/109.0.1518.70" "www.ysfine.com"
71.178.208.102 - - [31/Jan/2023:23:52:08 -0800] "GET /style/yamato2.jpg HTTP/1.1" 304 - "https://www.ysfine.com/style/songs.html" "Mozilla/5.0 (Windows NT 10.0; Win64; x64) AppleWebKit/537.36 (KHTML, like Gecko) Chrome/109.0.0.0 Safari/537.36 Edg/109.0.1518.70" "www.ysfine.com"
71.178.208.102 - - [31/Jan/2023:23:52:08 -0800] "GET /style/yasukuni11b.jpg HTTP/1.1" 304 - "https://www.ysfine.com/style/songs.html" "Mozilla/5.0 (Windows NT 10.0; Win64; x64) AppleWebKit/537.36 (KHTML, like Gecko) Chrome/109.0.0.0 Safari/537.36 Edg/109.0.1518.70" "www.ysfine.com"
71.178.208.102 - - [31/Jan/2023:23:52:08 -0800] "GET /style/shcampus11b.jpg HTTP/1.1" 304 - "https://www.ysfine.com/style/songs.html" "Mozilla/5.0 (Windows NT 10.0; Win64; x64) AppleWebKit/537.36 (KHTML, like Gecko) Chrome/109.0.0.0 Safari/537.36 Edg/109.0.1518.70" "www.ysfine.com"
71.178.208.102 - - [31/Jan/2023:23:52:08 -0800] "GET /style/zero01b.jpg HTTP/1.1" 304 - "https://www.ysfine.com/style/songs.html" "Mozilla/5.0 (Windows NT 10.0; Win64; x64) AppleWebKit/537.36 (KHTML, like Gecko) Chrome/109.0.0.0 Safari/537.36 Edg/109.0.1518.70" "www.ysfine.com"
71.178.208.102 - - [31/Jan/2023:23:52:08 -0800] "GET /style/xiangran33b.jpg HTTP/1.1" 304 - "https://www.ysfine.com/style/songs.html" "Mozilla/5.0 (Windows NT 10.0; Win64; x64) AppleWebKit/537.36 (KHTML, like Gecko) Chrome/109.0.0.0 Safari/537.36 Edg/109.0.1518.70" "www.ysfine.com"
71.178.208.102 - - [31/Jan/2023:23:52:08 -0800] "GET /kobak/arisaka99b.jpg HTTP/1.1" 304 - "https://www.ysfine.com/style/songs.html" "Mozilla/5.0 (Windows NT 10.0; Win64; x64) AppleWebKit/537.36 (KHTML, like Gecko) Chrome/109.0.0.0 Safari/537.36 Edg/109.0.1518.70" "www.ysfine.com"
71.178.208.102 - - [31/Jan/2023:23:52:08 -0800] "GET /style/xiangran66b.jpg HTTP/1.1" 304 - "https://www.ysfine.com/style/songs.html" "Mozilla/5.0 (Windows NT 10.0; Win64; x64) AppleWebKit/537.36 (KHTML, like Gecko) Chrome/109.0.0.0 Safari/537.36 Edg/109.0.1518.70" "www.ysfine.com"
71.178.208.102 - - [31/Jan/2023:23:52:08 -0800] "GET /world/germany/berlin005b.jpg HTTP/1.1" 304 - "https://www.ysfine.com/style/songs.html" "Mozilla/5.0 (Windows NT 10.0; Win64; x64) AppleWebKit/537.36 (KHTML, like Gecko) Chrome/109.0.0.0 Safari/537.36 Edg/109.0.1518.70" "www.ysfine.com"
71.178.208.102 - - [31/Jan/2023:23:52:08 -0800] "GET /style/mieko11b.jpg HTTP/1.1" 304 - "https://www.ysfine.com/style/songs.html" "Mozilla/5.0 (Windows NT 10.0; Win64; x64) AppleWebKit/537.36 (KHTML, like Gecko) Chrome/109.0.0.0 Safari/537.36 Edg/109.0.1518.70" "www.ysfine.com"
71.178.208.102 - - [31/Jan/2023:23:52:08 -0800] "GET /usca/calif/sanfr021b.jpg HTTP/1.1" 304 - "https://www.ysfine.com/style/songs.html" "Mozilla/5.0 (Windows NT 10.0; Win64; x64) AppleWebKit/537.36 (KHTML, like Gecko) Chrome/109.0.0.0 Safari/537.36 Edg/109.0.1518.70" "www.ysfine.com"
71.178.208.102 - - [31/Jan/2023:23:52:08 -0800] "GET /style/beetho11b.jpg HTTP/1.1" 200 51004 "https://www.ysfine.com/style/songs.html" "Mozilla/5.0 (Windows NT 10.0; Win64; x64) AppleWebKit/537.36 (KHTML, like Gecko) Chrome/109.0.0.0 Safari/537.36 Edg/109.0.1518.70" "www.ysfine.com"
71.178.208.102 - - [31/Jan/2023:23:52:08 -0800] "GET /style/akiko55.jpg HTTP/1.1" 304 - "https://www.ysfine.com/style/songs.html" "Mozilla/5.0 (Windows NT 10.0; Win64; x64) AppleWebKit/537.36 (KHTML, like Gecko) Chrome/109.0.0.0 Safari/537.36 Edg/109.0.1518.70" "www.ysfine.com"
71.178.208.102 - - [31/Jan/2023:23:52:08 -0800] "GET /style/akiko2.jpg HTTP/1.1" 304 - "https://www.ysfine.com/style/songs.html" "Mozilla/5.0 (Windows NT 10.0; Win64; x64) AppleWebKit/537.36 (KHTML, like Gecko) Chrome/109.0.0.0 Safari/537.36 Edg/109.0.1518.70" "www.ysfine.com"
71.178.208.102 - - [31/Jan/2023:23:52:08 -0800] "GET /style/fujiyama2.jpg HTTP/1.1" 304 - "https://www.ysfine.com/style/songs.html" "Mozilla/5.0 (Windows NT 10.0; Win64; x64) AppleWebKit/537.36 (KHTML, like Gecko) Chrome/109.0.0.0 Safari/537.36 Edg/109.0.1518.70" "www.ysfine.com"
71.178.208.102 - - [31/Jan/2023:23:52:08 -0800] "GET /style/hibari11b.jpg HTTP/1.1" 304 - "https://www.ysfine.com/style/songs.html" "Mozilla/5.0 (Windows NT 10.0; Win64; x64) AppleWebKit/537.36 (KHTML, like Gecko) Chrome/109.0.0.0 Safari/537.36 Edg/109.0.1518.70" "www.ysfine.com"
71.178.208.102 - - [31/Jan/2023:23:52:08 -0800] "GET /beau/aline/ana11b.jpg HTTP/1.1" 404 88 "https://www.ysfine.com/style/songs.html" "Mozilla/5.0 (Windows NT 10.0; Win64; x64) AppleWebKit/537.36 (KHTML, like Gecko) Chrome/109.0.0.0 Safari/537.36 Edg/109.0.1518.70" "www.ysfine.com"
71.178.208.102 - - [31/Jan/2023:23:52:08 -0800] "GET /style/flamen2.jpg HTTP/1.1" 304 - "https://www.ysfine.com/style/songs.html" "Mozilla/5.0 (Windows NT 10.0; Win64; x64) AppleWebKit/537.36 (KHTML, like Gecko) Chrome/109.0.0.0 Safari/537.36 Edg/109.0.1518.70" "www.ysfine.com"
71.178.208.102 - - [31/Jan/2023:23:52:08 -0800] "GET /style/johannstra11b.jpg HTTP/1.1" 304 - "https://www.ysfine.com/style/songs.html" "Mozilla/5.0 (Windows NT 10.0; Win64; x64) AppleWebKit/537.36 (KHTML, like Gecko) Chrome/109.0.0.0 Safari/537.36 Edg/109.0.1518.70" "www.ysfine.com"
71.178.208.102 - - [31/Jan/2023:23:52:08 -0800] "GET /style/brahms2.jpg HTTP/1.1" 304 - "https://www.ysfine.com/style/songs.html" "Mozilla/5.0 (Windows NT 10.0; Win64; x64) AppleWebKit/537.36 (KHTML, like Gecko) Chrome/109.0.0.0 Safari/537.36 Edg/109.0.1518.70" "www.ysfine.com"
71.178.208.102 - - [31/Jan/2023:23:52:08 -0800] "GET /style/hibari22b.jpg HTTP/1.1" 304 - "https://www.ysfine.com/style/songs.html" "Mozilla/5.0 (Windows NT 10.0; Win64; x64) AppleWebKit/537.36 (KHTML, like Gecko) Chrome/109.0.0.0 Safari/537.36 Edg/109.0.1518.70" "www.ysfine.com"
71.178.208.102 - - [31/Jan/2023:23:52:08 -0800] "GET /kobak/105mm2.jpg HTTP/1.1" 304 - "https://www.ysfine.com/style/songs.html" "Mozilla/5.0 (Windows NT 10.0; Win64; x64) AppleWebKit/537.36 (KHTML, like Gecko) Chrome/109.0.0.0 Safari/537.36 Edg/109.0.1518.70" "www.ysfine.com"
71.178.208.102 - - [31/Jan/2023:23:52:08 -0800] "GET /maga/invent/joak11b.jpg HTTP/1.1" 304 - "https://www.ysfine.com/style/songs.html" "Mozilla/5.0 (Windows NT 10.0; Win64; x64) AppleWebKit/537.36 (KHTML, like Gecko) Chrome/109.0.0.0 Safari/537.36 Edg/109.0.1518.70" "www.ysfine.com"
71.178.208.102 - - [31/Jan/2023:23:52:08 -0800] "GET /style/durbin2.jpg HTTP/1.1" 304 - "https://www.ysfine.com/style/songs.html" "Mozilla/5.0 (Windows NT 10.0; Win64; x64) AppleWebKit/537.36 (KHTML, like Gecko) Chrome/109.0.0.0 Safari/537.36 Edg/109.0.1518.70" "www.ysfine.com"
71.178.208.102 - - [31/Jan/2023:23:52:08 -0800] "GET /world/germany/hofbrau33b.jpg HTTP/1.1" 304 - "https://www.ysfine.com/style/songs.html" "Mozilla/5.0 (Windows NT 10.0; Win64; x64) AppleWebKit/537.36 (KHTML, like Gecko) Chrome/109.0.0.0 Safari/537.36 Edg/109.0.1518.70" "www.ysfine.com"
71.178.208.102 - - [31/Jan/2023:23:52:08 -0800] "GET /world/germany/schonbr03b.jpg HTTP/1.1" 304 - "https://www.ysfine.com/style/songs.html" "Mozilla/5.0 (Windows NT 10.0; Win64; x64) AppleWebKit/537.36 (KHTML, like Gecko) Chrome/109.0.0.0 Safari/537.36 Edg/109.0.1518.70" "www.ysfine.com"
71.178.208.102 - - [31/Jan/2023:23:52:08 -0800] "GET /style/vienopera22b.jpg HTTP/1.1" 304 - "https://www.ysfine.com/style/songs.html" "Mozilla/5.0 (Windows NT 10.0; Win64; x64) AppleWebKit/537.36 (KHTML, like Gecko) Chrome/109.0.0.0 Safari/537.36 Edg/109.0.1518.70" "www.ysfine.com"
71.178.208.102 - - [31/Jan/2023:23:52:08 -0800] "GET /world/ital/lascala05b.jpg HTTP/1.1" 304 - "https://www.ysfine.com/style/songs.html" "Mozilla/5.0 (Windows NT 10.0; Win64; x64) AppleWebKit/537.36 (KHTML, like Gecko) Chrome/109.0.0.0 Safari/537.36 Edg/109.0.1518.70" "www.ysfine.com"
71.178.208.102 - - [31/Jan/2023:23:52:08 -0800] "GET /world/russ/spbm07b.jpg HTTP/1.1" 304 - "https://www.ysfine.com/style/songs.html" "Mozilla/5.0 (Windows NT 10.0; Win64; x64) AppleWebKit/537.36 (KHTML, like Gecko) Chrome/109.0.0.0 Safari/537.36 Edg/109.0.1518.70" "www.ysfine.com"
71.178.208.102 - - [31/Jan/2023:23:52:08 -0800] "GET /style/chopingr11b.jpg HTTP/1.1" 304 - "https://www.ysfine.com/style/songs.html" "Mozilla/5.0 (Windows NT 10.0; Win64; x64) AppleWebKit/537.36 (KHTML, like Gecko) Chrome/109.0.0.0 Safari/537.36 Edg/109.0.1518.70" "www.ysfine.com"
51.222.253.9 - - [31/Jan/2023:23:52:08 -0800] "GET /feynman/feygell66b.jpg HTTP/1.1" 200 28843 "-" "Mozilla/5.0 (compatible; AhrefsBot/7.0; +http://ahrefs.com/robot/)" "www.ysfine.com"
71.178.208.102 - - [31/Jan/2023:23:52:08 -0800] "GET /world/france/eiffel05b.jpg HTTP/1.1" 200 26314 "https://www.ysfine.com/style/songs.html" "Mozilla/5.0 (Windows NT 10.0; Win64; x64) AppleWebKit/537.36 (KHTML, like Gecko) Chrome/109.0.0.0 Safari/537.36 Edg/109.0.1518.70" "www.ysfine.com"
71.178.208.102 - - [31/Jan/2023:23:52:08 -0800] "GET /kobak/jutlandia2.jpg HTTP/1.1" 304 - "https://www.ysfine.com/style/songs.html" "Mozilla/5.0 (Windows NT 10.0; Win64; x64) AppleWebKit/537.36 (KHTML, like Gecko) Chrome/109.0.0.0 Safari/537.36 Edg/109.0.1518.70" "www.ysfine.com"
71.178.208.102 - - [31/Jan/2023:23:52:08 -0800] "GET /style/verdi11b.jpg HTTP/1.1" 304 - "https://www.ysfine.com/style/songs.html" "Mozilla/5.0 (Windows NT 10.0; Win64; x64) AppleWebKit/537.36 (KHTML, like Gecko) Chrome/109.0.0.0 Safari/537.36 Edg/109.0.1518.70" "www.ysfine.com"
71.178.208.102 - - [31/Jan/2023:23:52:08 -0800] "GET /style/chulmo2.jpg HTTP/1.1" 304 - "https://www.ysfine.com/style/songs.html" "Mozilla/5.0 (Windows NT 10.0; Win64; x64) AppleWebKit/537.36 (KHTML, like Gecko) Chrome/109.0.0.0 Safari/537.36 Edg/109.0.1518.70" "www.ysfine.com"
71.178.208.102 - - [31/Jan/2023:23:52:08 -0800] "GET /world/russ/ihousem22b.jpg HTTP/1.1" 404 88 "https://www.ysfine.com/style/songs.html" "Mozilla/5.0 (Windows NT 10.0; Win64; x64) AppleWebKit/537.36 (KHTML, like Gecko) Chrome/109.0.0.0 Safari/537.36 Edg/109.0.1518.70" "www.ysfine.com"
71.178.208.102 - - [31/Jan/2023:23:52:08 -0800] "GET /style/sarahchang01b.jpg HTTP/1.1" 304 - "https://www.ysfine.com/style/songs.html" "Mozilla/5.0 (Windows NT 10.0; Win64; x64) AppleWebKit/537.36 (KHTML, like Gecko) Chrome/109.0.0.0 Safari/537.36 Edg/109.0.1518.70" "www.ysfine.com"
51.222.253.11 - - [31/Jan/2023:23:52:10 -0800] "GET /world/scandi/copenf03b.jpg HTTP/1.1" 200 48862 "-" "Mozilla/5.0 (compatible; AhrefsBot/7.0; +http://ahrefs.com/robot/)" "www.ysfine.com"
51.222.253.17 - - [31/Jan/2023:23:52:11 -0800] "GET /world/scandi/nbi33b.jpg HTTP/1.1" 200 39400 "-" "Mozilla/5.0 (compatible; AhrefsBot/7.0; +http://ahrefs.com/robot/)" "www.ysfine.com"
51.222.253.5 - - [31/Jan/2023:23:52:13 -0800] "GET /world/scandi/nbi09b.jpg HTTP/1.1" 200 57684 "-" "Mozilla/5.0 (compatible; AhrefsBot/7.0; +http://ahrefs.com/robot/)" "www.ysfine.com"
51.222.253.19 - - [31/Jan/2023:23:52:14 -0800] "GET /maga/phys/bohr05b.jpg HTTP/1.1" 200 33923 "-" "Mozilla/5.0 (compatible; AhrefsBot/7.0; +http://ahrefs.com/robot/)" "www.ysfine.com"
51.222.253.8 - - [31/Jan/2023:23:52:14 -0800] "GET /world/scandi/nbi06b.jpg HTTP/1.1" 200 45656 "-" "Mozilla/5.0 (compatible; AhrefsBot/7.0; +http://ahrefs.com/robot/)" "www.ysfine.com"
51.222.253.5 - - [31/Jan/2023:23:52:15 -0800] "GET /dirac/sq73b.jpg HTTP/1.1" 200 49918 "-" "Mozilla/5.0 (compatible; AhrefsBot/7.0; +http://ahrefs.com/robot/)" "www.ysfine.com"
51.222.253.14 - - [31/Jan/2023:23:52:16 -0800] "GET /einstein/evol22b.jpg HTTP/1.1" 200 29614 "-" "Mozilla/5.0 (compatible; AhrefsBot/7.0; +http://ahrefs.com/robot/)" "www.ysfine.com"
51.222.253.19 - - [31/Jan/2023:23:52:16 -0800] "GET /einstein/einbohr33b.jpg HTTP/1.1" 200 42636 "-" "Mozilla/5.0 (compatible; AhrefsBot/7.0; +http://ahrefs.com/robot/)" "www.ysfine.com"
51.222.253.19 - - [31/Jan/2023:23:52:17 -0800] "GET /ffriends/danstu22b.jpg HTTP/1.1" 200 51863 "-" "Mozilla/5.0 (compatible; AhrefsBot/7.0; +http://ahrefs.com/robot/)" "www.ysfine.com"
185.191.171.4 - - [31/Jan/2023:23:52:27 -0800] "GET /dirac/dirpoet.html HTTP/1.1" 200 7966 "-" "Mozilla/5.0 (compatible; SemrushBot/7~bl; +http://www.semrush.com/bot.html)" "ysfine.com"
52.167.144.86 - - [31/Jan/2023:23:53:24 -0800] "GET /bio/princeton/campus.html HTTP/1.1" 404 88 "-" "Mozilla/5.0 AppleWebKit/537.36 (KHTML, like Gecko; compatible; bingbot/2.0; +http://www.bing.com/bingbot.htm) Chrome/103.0.5060.134 Safari/537.36" "ysfine.com"
216.244.66.229 - - [31/Jan/2023:23:53:40 -0800] "GET /wdc/tyson01.jpg HTTP/1.1" 200 137303 "-" "Mozilla/5.0 (compatible; DotBot/1.2; +https://opensiteexplorer.org/dotbot; help@moz.com)" "www.ysfine.com"
17.241.219.16 - - [31/Jan/2023:23:53:50 -0800] "GET /eink/index.html HTTP/1.1" 200 17716 "-" "Mozilla/5.0 (Macintosh; Intel Mac OS X 10_15_5) AppleWebKit/605.1.15 (KHTML, like Gecko) Version/13.1.1 Safari/605.1.15 (Applebot/0.1; +http://www.apple.com/go/applebot)" "ysfine.com"
185.191.171.3 - - [31/Jan/2023:23:54:02 -0800] "GET /folks/garden.html HTTP/1.1" 200 35721 "-" "Mozilla/5.0 (compatible; SemrushBot/7~bl; +http://www.semrush.com/bot.html)" "ysfine.com"
216.244.66.229 - - [31/Jan/2023:23:54:22 -0800] "GET /world/poland/sopotf07.jpg HTTP/1.1" 200 117888 "-" "Mozilla/5.0 (compatible; DotBot/1.2; +https://opensiteexplorer.org/dotbot; help@moz.com)" "www.ysfine.com"
66.249.70.30 - - [31/Jan/2023:23:56:32 -0800] "GET /kowar/mac05.jpg HTTP/1.1" 304 - "-" "Googlebot-Image/1.0" "ysfine.com"
66.249.70.30 - - [31/Jan/2023:23:56:40 -0800] "GET /dirac/posters/poster91.pdf HTTP/1.1" 200 359462 "-" "Mozilla/5.0 (Windows NT 10.0; Win64; x64)AppleWebKit/537.36 (KHTML, like Gecko) Chrome/91.0.4472.101 Safari/537.36 (compatible; GoogleOther)" "ysfine.com"
207.46.13.68 - - [31/Jan/2023:23:57:09 -0800] "GET /bio/kobak/namdae.html HTTP/1.1" 404 88 "-" "Mozilla/5.0 AppleWebKit/537.36 (KHTML, like Gecko; compatible; bingbot/2.0; +http://www.bing.com/bingbot.htm) Chrome/103.0.5060.134 Safari/537.36" "ysfine.com"
45.128.107.7 - - [31/Jan/2023:23:57:12 -0800] "GET /world/baltic/arana.html HTTP/1.1" 200 3961 "-" "Mozilla/5.0 (Windows NT 10.0; Win64; x64) AppleWebKit/537.36 (KHTML, like Gecko) Chrome/62.0.3202.94 Safari/537.36" "ysfine.com"
151.36.4.17 - - [31/Jan/2023:23:57:29 -0800] "GET /style/suwa66.jpg HTTP/1.1" 200 124449 "https://www.google.it/" "Mozilla/5.0 (Macintosh; Intel Mac OS X 10_15_7) AppleWebKit/605.1.15 (KHTML, like Gecko) Version/16.2 Safari/605.1.15" "ysfine.com"
52.167.144.86 - - [31/Jan/2023:23:57:53 -0800] "GET /world/russ/petergr01.jpg HTTP/1.1" 200 94667 "-" "Mozilla/5.0 AppleWebKit/537.36 (KHTML, like Gecko; compatible; bingbot/2.0; +http://www.bing.com/bingbot.htm) Chrome/103.0.5060.134 Safari/537.36" "www.ysfine.com"
216.244.66.229 - - [31/Jan/2023:23:57:55 -0800] "GET /ffriends/indiasp02.jpg HTTP/1.1" 200 163733 "-" "Mozilla/5.0 (compatible; DotBot/1.2; +https://opensiteexplorer.org/dotbot; help@moz.com)" "www.ysfine.com"
34.92.223.148 - - [31/Jan/2023:23:58:21 -0800] "GET / HTTP/1.1" 200 5295 "-" "Mozilla/5.0 (Macintosh; Intel Mac OS X 10_15_7) AppleWebKit/537.36 (KHTML, like Gecko) Chrome/102.0.5005.61 Safari/537.3" "ysfine.com"
216.244.66.229 - - [31/Jan/2023:23:58:45 -0800] "GET /wdc/whxmas/whxmas05.jpg HTTP/1.1" 200 40309 "-" "Mozilla/5.0 (compatible; DotBot/1.2; +https://opensiteexplorer.org/dotbot; help@moz.com)" "www.ysfine.com"
66.249.70.30 - - [01/Feb/2023:00:00:00 -0800] "GET /kowar/tehran43.jpg HTTP/1.1" 304 - "-" "Googlebot-Image/1.0" "ysfine.com"
114.119.130.13 - - [01/Feb/2023:00:00:58 -0800] "GET /home/pungsin11f.jpg HTTP/1.1" 200 68536 "https://www.ysfine.com/bio05.html" "Mozilla/5.0 (Linux; Android 7.0;) AppleWebKit/537.36 (KHTML, like Gecko) Mobile Safari/537.36 (compatible; PetalBot;+https://webmaster.petalsearch.com/site/petalbot)" "www.ysfine.com"
71.178.208.102 - - [01/Feb/2023:00:01:18 -0800] "GET /world/index.html HTTP/1.1" 200 123 "https://www.ysfine.com/ys11/index.html" "Mozilla/5.0 (Windows NT 10.0; Win64; x64) AppleWebKit/537.36 (KHTML, like Gecko) Chrome/109.0.0.0 Safari/537.36 Edg/109.0.1518.70" "www.ysfine.com"
71.178.208.102 - - [01/Feb/2023:00:01:19 -0800] "GET /world/wdtop.html HTTP/1.1" 200 388 "https://www.ysfine.com/world/index.html" "Mozilla/5.0 (Windows NT 10.0; Win64; x64) AppleWebKit/537.36 (KHTML, like Gecko) Chrome/109.0.0.0 Safari/537.36 Edg/109.0.1518.70" "www.ysfine.com"
71.178.208.102 - - [01/Feb/2023:00:01:19 -0800] "GET /world/wdbot.html HTTP/1.1" 200 131 "https://www.ysfine.com/world/index.html" "Mozilla/5.0 (Windows NT 10.0; Win64; x64) AppleWebKit/537.36 (KHTML, like Gecko) Chrome/109.0.0.0 Safari/537.36 Edg/109.0.1518.70" "www.ysfine.com"
71.178.208.102 - - [01/Feb/2023:00:01:19 -0800] "GET /world/wdleft.html HTTP/1.1" 200 610 "https://www.ysfine.com/world/wdbot.html" "Mozilla/5.0 (Windows NT 10.0; Win64; x64) AppleWebKit/537.36 (KHTML, like Gecko) Chrome/109.0.0.0 Safari/537.36 Edg/109.0.1518.70" "www.ysfine.com"
71.178.208.102 - - [01/Feb/2023:00:01:19 -0800] "GET /world/wdrigh.html HTTP/1.1" 200 2208 "https://www.ysfine.com/world/wdbot.html" "Mozilla/5.0 (Windows NT 10.0; Win64; x64) AppleWebKit/537.36 (KHTML, like Gecko) Chrome/109.0.0.0 Safari/537.36 Edg/109.0.1518.70" "www.ysfine.com"
71.178.208.102 - - [01/Feb/2023:00:01:19 -0800] "GET /kobak/swr51c.jpg HTTP/1.1" 200 35677 "https://www.ysfine.com/world/wdrigh.html" "Mozilla/5.0 (Windows NT 10.0; Win64; x64) AppleWebKit/537.36 (KHTML, like Gecko) Chrome/109.0.0.0 Safari/537.36 Edg/109.0.1518.70" "www.ysfine.com"
71.178.208.102 - - [01/Feb/2023:00:01:19 -0800] "GET /newyork/love150.jpg HTTP/1.1" 200 24939 "https://www.ysfine.com/world/wdrigh.html" "Mozilla/5.0 (Windows NT 10.0; Win64; x64) AppleWebKit/537.36 (KHTML, like Gecko) Chrome/109.0.0.0 Safari/537.36 Edg/109.0.1518.70" "www.ysfine.com"
71.178.208.102 - - [01/Feb/2023:00:01:19 -0800] "GET /kobak/taylor400.jpg HTTP/1.1" 200 56181 "https://www.ysfine.com/world/wdrigh.html" "Mozilla/5.0 (Windows NT 10.0; Win64; x64) AppleWebKit/537.36 (KHTML, like Gecko) Chrome/109.0.0.0 Safari/537.36 Edg/109.0.1518.70" "www.ysfine.com"
71.178.208.102 - - [01/Feb/2023:00:01:19 -0800] "GET /world/france/aix02c.jpg HTTP/1.1" 200 65402 "https://www.ysfine.com/world/wdrigh.html" "Mozilla/5.0 (Windows NT 10.0; Win64; x64) AppleWebKit/537.36 (KHTML, like Gecko) Chrome/109.0.0.0 Safari/537.36 Edg/109.0.1518.70" "www.ysfine.com"
71.178.208.102 - - [01/Feb/2023:00:01:19 -0800] "GET /style/cameras/canonp66c.jpg HTTP/1.1" 200 23047 "https://www.ysfine.com/world/wdrigh.html" "Mozilla/5.0 (Windows NT 10.0; Win64; x64) AppleWebKit/537.36 (KHTML, like Gecko) Chrome/109.0.0.0 Safari/537.36 Edg/109.0.1518.70" "www.ysfine.com"
71.178.208.102 - - [01/Feb/2023:00:01:19 -0800] "GET /eink/pwk400.jpg HTTP/1.1" 200 115737 "https://www.ysfine.com/world/wdrigh.html" "Mozilla/5.0 (Windows NT 10.0; Win64; x64) AppleWebKit/537.36 (KHTML, like Gecko) Chrome/109.0.0.0 Safari/537.36 Edg/109.0.1518.70" "www.ysfine.com"
71.178.208.102 - - [01/Feb/2023:00:01:19 -0800] "GET /world/spain/sevi051c.jpg HTTP/1.1" 200 62623 "https://www.ysfine.com/world/wdrigh.html" "Mozilla/5.0 (Windows NT 10.0; Win64; x64) AppleWebKit/537.36 (KHTML, like Gecko) Chrome/109.0.0.0 Safari/537.36 Edg/109.0.1518.70" "www.ysfine.com"
71.178.208.102 - - [01/Feb/2023:00:01:19 -0800] "GET /awards/marq/hemis21f.jpg HTTP/1.1" 200 180095 "https://www.ysfine.com/world/wdrigh.html" "Mozilla/5.0 (Windows NT 10.0; Win64; x64) AppleWebKit/537.36 (KHTML, like Gecko) Chrome/109.0.0.0 Safari/537.36 Edg/109.0.1518.70" "www.ysfine.com"
71.178.208.102 - - [01/Feb/2023:00:01:24 -0800] "GET /wdc/wasdc.html HTTP/1.1" 200 13715 "https://www.ysfine.com/world/wdleft.html" "Mozilla/5.0 (Windows NT 10.0; Win64; x64) AppleWebKit/537.36 (KHTML, like Gecko) Chrome/109.0.0.0 Safari/537.36 Edg/109.0.1518.70" "www.ysfine.com"
71.178.208.102 - - [01/Feb/2023:00:01:24 -0800] "GET /wdc/umd06b.jpg HTTP/1.1" 200 34590 "https://www.ysfine.com/wdc/wasdc.html" "Mozilla/5.0 (Windows NT 10.0; Win64; x64) AppleWebKit/537.36 (KHTML, like Gecko) Chrome/109.0.0.0 Safari/537.36 Edg/109.0.1518.70" "www.ysfine.com"
71.178.208.102 - - [01/Feb/2023:00:01:24 -0800] "GET /wdc/loc01b.jpg HTTP/1.1" 200 59811 "https://www.ysfine.com/wdc/wasdc.html" "Mozilla/5.0 (Windows NT 10.0; Win64; x64) AppleWebKit/537.36 (KHTML, like Gecko) Chrome/109.0.0.0 Safari/537.36 Edg/109.0.1518.70" "www.ysfine.com"
71.178.208.102 - - [01/Feb/2023:00:01:24 -0800] "GET /wdc/capitol02b.jpg HTTP/1.1" 200 30351 "https://www.ysfine.com/wdc/wasdc.html" "Mozilla/5.0 (Windows NT 10.0; Win64; x64) AppleWebKit/537.36 (KHTML, like Gecko) Chrome/109.0.0.0 Safari/537.36 Edg/109.0.1518.70" "www.ysfine.com"
71.178.208.102 - - [01/Feb/2023:00:01:24 -0800] "GET /wdc/supreme02b.jpg HTTP/1.1" 200 37198 "https://www.ysfine.com/wdc/wasdc.html" "Mozilla/5.0 (Windows NT 10.0; Win64; x64) AppleWebKit/537.36 (KHTML, like Gecko) Chrome/109.0.0.0 Safari/537.36 Edg/109.0.1518.70" "www.ysfine.com"
71.178.208.102 - - [01/Feb/2023:00:01:24 -0800] "GET /wdc/nga05b.jpg HTTP/1.1" 200 40747 "https://www.ysfine.com/wdc/wasdc.html" "Mozilla/5.0 (Windows NT 10.0; Win64; x64) AppleWebKit/537.36 (KHTML, like Gecko) Chrome/109.0.0.0 Safari/537.36 Edg/109.0.1518.70" "www.ysfine.com"
71.178.208.102 - - [01/Feb/2023:00:01:24 -0800] "GET /wdc/sherman11b.jpg HTTP/1.1" 200 27477 "https://www.ysfine.com/wdc/wasdc.html" "Mozilla/5.0 (Windows NT 10.0; Win64; x64) AppleWebKit/537.36 (KHTML, like Gecko) Chrome/109.0.0.0 Safari/537.36 Edg/109.0.1518.70" "www.ysfine.com"
71.178.208.102 - - [01/Feb/2023:00:01:24 -0800] "GET /wdc/whouse02b.jpg HTTP/1.1" 200 30118 "https://www.ysfine.com/wdc/wasdc.html" "Mozilla/5.0 (Windows NT 10.0; Win64; x64) AppleWebKit/537.36 (KHTML, like Gecko) Chrome/109.0.0.0 Safari/537.36 Edg/109.0.1518.70" "www.ysfine.com"
71.178.208.102 - - [01/Feb/2023:00:01:24 -0800] "GET /wdc/lafpark02b.jpg HTTP/1.1" 200 40860 "https://www.ysfine.com/wdc/wasdc.html" "Mozilla/5.0 (Windows NT 10.0; Win64; x64) AppleWebKit/537.36 (KHTML, like Gecko) Chrome/109.0.0.0 Safari/537.36 Edg/109.0.1518.70" "www.ysfine.com"
71.178.208.102 - - [01/Feb/2023:00:01:24 -0800] "GET /wdc/capitol07b.jpg HTTP/1.1" 200 47839 "https://www.ysfine.com/wdc/wasdc.html" "Mozilla/5.0 (Windows NT 10.0; Win64; x64) AppleWebKit/537.36 (KHTML, like Gecko) Chrome/109.0.0.0 Safari/537.36 Edg/109.0.1518.70" "www.ysfine.com"
71.178.208.102 - - [01/Feb/2023:00:01:24 -0800] "GET /wdc/nga02b.jpg HTTP/1.1" 200 42789 "https://www.ysfine.com/wdc/wasdc.html" "Mozilla/5.0 (Windows NT 10.0; Win64; x64) AppleWebKit/537.36 (KHTML, like Gecko) Chrome/109.0.0.0 Safari/537.36 Edg/109.0.1518.70" "www.ysfine.com"
71.178.208.102 - - [01/Feb/2023:00:01:24 -0800] "GET /wdc/lafpark05b.jpg HTTP/1.1" 200 40496 "https://www.ysfine.com/wdc/wasdc.html" "Mozilla/5.0 (Windows NT 10.0; Win64; x64) AppleWebKit/537.36 (KHTML, like Gecko) Chrome/109.0.0.0 Safari/537.36 Edg/109.0.1518.70" "www.ysfine.com"
71.178.208.102 - - [01/Feb/2023:00:01:24 -0800] "GET /wdc/pulaski01b.jpg HTTP/1.1" 200 43884 "https://www.ysfine.com/wdc/wasdc.html" "Mozilla/5.0 (Windows NT 10.0; Win64; x64) AppleWebKit/537.36 (KHTML, like Gecko) Chrome/109.0.0.0 Safari/537.36 Edg/109.0.1518.70" "www.ysfine.com"
71.178.208.102 - - [01/Feb/2023:00:01:24 -0800] "GET /wdc/eindc03b.jpg HTTP/1.1" 200 54447 "https://www.ysfine.com/wdc/wasdc.html" "Mozilla/5.0 (Windows NT 10.0; Win64; x64) AppleWebKit/537.36 (KHTML, like Gecko) Chrome/109.0.0.0 Safari/537.36 Edg/109.0.1518.70" "www.ysfine.com"
71.178.208.102 - - [01/Feb/2023:00:01:24 -0800] "GET /wdc/koreaw33b.jpg HTTP/1.1" 200 39262 "https://www.ysfine.com/wdc/wasdc.html" "Mozilla/5.0 (Windows NT 10.0; Win64; x64) AppleWebKit/537.36 (KHTML, like Gecko) Chrome/109.0.0.0 Safari/537.36 Edg/109.0.1518.70" "www.ysfine.com"
71.178.208.102 - - [01/Feb/2023:00:01:24 -0800] "GET /wdc/lincoln02b.jpg HTTP/1.1" 200 27630 "https://www.ysfine.com/wdc/wasdc.html" "Mozilla/5.0 (Windows NT 10.0; Win64; x64) AppleWebKit/537.36 (KHTML, like Gecko) Chrome/109.0.0.0 Safari/537.36 Edg/109.0.1518.70" "www.ysfine.com"
71.178.208.102 - - [01/Feb/2023:00:01:24 -0800] "GET /wdc/reagan55b.jpg HTTP/1.1" 200 32608 "https://www.ysfine.com/wdc/wasdc.html" "Mozilla/5.0 (Windows NT 10.0; Win64; x64) AppleWebKit/537.36 (KHTML, like Gecko) Chrome/109.0.0.0 Safari/537.36 Edg/109.0.1518.70" "www.ysfine.com"
71.178.208.102 - - [01/Feb/2023:00:01:24 -0800] "GET /wdc/ndu11b.jpg HTTP/1.1" 200 33978 "https://www.ysfine.com/wdc/wasdc.html" "Mozilla/5.0 (Windows NT 10.0; Win64; x64) AppleWebKit/537.36 (KHTML, like Gecko) Chrome/109.0.0.0 Safari/537.36 Edg/109.0.1518.70" "www.ysfine.com"
