51.222.253.16 - - [31/Jan/2023:20:00:04 -0800] "GET /class54/class5470/total_data/sub_272.htm HTTP/1.1" 200 3375 "-" "Mozilla/5.0 (compatible; AhrefsBot/7.0; +http://ahrefs.com/robot/)" "ysfine.com"
207.46.13.104 - - [31/Jan/2023:20:00:35 -0800] "GET /bio/style/artlove.html HTTP/1.1" 404 88 "-" "Mozilla/5.0 AppleWebKit/537.36 (KHTML, like Gecko; compatible; bingbot/2.0; +http://www.bing.com/bingbot.htm) Chrome/103.0.5060.134 Safari/537.36" "ysfine.com"
73.97.250.44 - - [31/Jan/2023:20:01:09 -0800] "GET /kowar/yaltac03.jpg HTTP/1.1" 200 133643 "https://www.google.com/" "Mozilla/5.0 (Windows NT 10.0; Win64; x64) AppleWebKit/537.36 (KHTML, like Gecko) Chrome/109.0.0.0 Safari/537.36" "ysfine.com"
73.97.250.44 - - [31/Jan/2023:20:01:15 -0800] "GET /kowar/roostalin.html HTTP/1.1" 200 1180 "https://www.google.com/" "Mozilla/5.0 (Windows NT 10.0; Win64; x64) AppleWebKit/537.36 (KHTML, like Gecko) Chrome/109.0.0.0 Safari/537.36" "ysfine.com"
73.97.250.44 - - [31/Jan/2023:20:01:15 -0800] "GET /kowar/sampal03b.jpg HTTP/1.1" 200 61883 "https://ysfine.com/kowar/roostalin.html" "Mozilla/5.0 (Windows NT 10.0; Win64; x64) AppleWebKit/537.36 (KHTML, like Gecko) Chrome/109.0.0.0 Safari/537.36" "ysfine.com"
73.97.250.44 - - [31/Jan/2023:20:01:15 -0800] "GET /kowar/yaltac03b.jpg HTTP/1.1" 200 33354 "https://ysfine.com/kowar/roostalin.html" "Mozilla/5.0 (Windows NT 10.0; Win64; x64) AppleWebKit/537.36 (KHTML, like Gecko) Chrome/109.0.0.0 Safari/537.36" "ysfine.com"
73.97.250.44 - - [31/Jan/2023:20:01:16 -0800] "GET /favicon.ico HTTP/1.1" 404 88 "https://ysfine.com/kowar/roostalin.html" "Mozilla/5.0 (Windows NT 10.0; Win64; x64) AppleWebKit/537.36 (KHTML, like Gecko) Chrome/109.0.0.0 Safari/537.36" "ysfine.com"
73.97.250.44 - - [31/Jan/2023:20:01:26 -0800] "GET /kowar/yaltac03b.jpg HTTP/1.1" 200 33354 "-" "Mozilla/5.0 (Windows NT 10.0; Win64; x64) AppleWebKit/537.36 (KHTML, like Gecko) Chrome/109.0.0.0 Safari/537.36" "ysfine.com"
185.191.171.36 - - [31/Jan/2023:20:01:30 -0800] "GET /wigner/wigrigh.html HTTP/1.1" 200 2476 "-" "Mozilla/5.0 (compatible; SemrushBot/7~bl; +http://www.semrush.com/bot.html)" "ysfine.com"
108.45.108.136 - - [31/Jan/2023:20:01:35 -0800] "GET /princeton/alexan22.jpg HTTP/1.1" 200 175436 "https://www.google.com/" "Mozilla/5.0 (Windows NT 10.0; Win64; x64) AppleWebKit/537.36 (KHTML, like Gecko) Chrome/109.0.0.0 Safari/537.36" "ysfine.com"
157.55.39.202 - - [31/Jan/2023:20:01:40 -0800] "GET /bio.html HTTP/1.1" 200 18260 "-" "Mozilla/5.0 AppleWebKit/537.36 (KHTML, like Gecko; compatible; bingbot/2.0; +http://www.bing.com/bingbot.htm) Chrome/103.0.5060.134 Safari/537.36" "ysfine.com"
51.222.253.1 - - [31/Jan/2023:20:03:10 -0800] "GET /class54/class5470/total_data/sub_405.htm HTTP/1.1" 200 3214 "-" "Mozilla/5.0 (compatible; AhrefsBot/7.0; +http://ahrefs.com/robot/)" "ysfine.com"
207.46.13.90 - - [31/Jan/2023:20:03:21 -0800] "GET /saram/g136.jpg HTTP/1.1" 200 115885 "-" "Mozilla/5.0 AppleWebKit/537.36 (KHTML, like Gecko; compatible; bingbot/2.0; +http://www.bing.com/bingbot.htm) Chrome/103.0.5060.134 Safari/537.36" "www.ysfine.com"
108.45.108.136 - - [31/Jan/2023:20:03:49 -0800] "GET /princeton/nasshall01.jpg HTTP/1.1" 200 169242 "https://www.google.com/" "Mozilla/5.0 (Windows NT 10.0; Win64; x64) AppleWebKit/537.36 (KHTML, like Gecko) Chrome/109.0.0.0 Safari/537.36" "ysfine.com"
157.55.39.202 - - [31/Jan/2023:20:03:57 -0800] "GET /bio/kobak/soraech.html HTTP/1.1" 404 88 "-" "Mozilla/5.0 AppleWebKit/537.36 (KHTML, like Gecko; compatible; bingbot/2.0; +http://www.bing.com/bingbot.htm) Chrome/103.0.5060.134 Safari/537.36" "ysfine.com"
95.163.255.101 - - [31/Jan/2023:20:04:45 -0800] "GET /robots.txt HTTP/1.1" 404 73 "-" "Mozilla/5.0 (compatible; Linux x86_64; Mail.RU_Bot/Img/2.0; +https://help.mail.ru/webmaster/indexing/robots)" "www.ysfine.com"
95.108.213.101 - - [31/Jan/2023:20:05:35 -0800] "GET /home/figs/restof05c.jpg HTTP/1.1" 200 21825 "-" "Mozilla/5.0 (compatible; YandexImages/3.0; +http://yandex.com/bots)" "www.ysfine.com"
185.191.171.44 - - [31/Jan/2023:20:05:36 -0800] "GET /maga/hosc.html HTTP/1.1" 200 1463 "-" "Mozilla/5.0 (compatible; SemrushBot/7~bl; +http://www.semrush.com/bot.html)" "www.ysfine.com"
207.46.13.90 - - [31/Jan/2023:20:05:42 -0800] "GET /bio/style/proschanie.html HTTP/1.1" 404 88 "-" "Mozilla/5.0 AppleWebKit/537.36 (KHTML, like Gecko; compatible; bingbot/2.0; +http://www.bing.com/bingbot.htm) Chrome/103.0.5060.134 Safari/537.36" "ysfine.com"
51.222.253.14 - - [31/Jan/2023:20:05:52 -0800] "GET /remote/wigner111/goto.html HTTP/1.1" 200 632 "-" "Mozilla/5.0 (compatible; AhrefsBot/7.0; +http://ahrefs.com/robot/)" "www.ysfine.com"
95.163.255.91 - - [31/Jan/2023:20:06:30 -0800] "GET /home/kbrain11.jpg HTTP/1.1" 200 68880 "http://go.mail.ru/search_images" "Mozilla/5.0 (compatible; Linux x86_64; Mail.RU_Bot/Img/2.0; +https://help.mail.ru/webmaster/indexing/robots)" "www.ysfine.com"
185.191.171.25 - - [31/Jan/2023:20:06:56 -0800] "GET /home/dwf.html HTTP/1.1" 200 4126 "-" "Mozilla/5.0 (compatible; SemrushBot/7~bl; +http://www.semrush.com/bot.html)" "ysfine.com"
157.55.39.202 - - [31/Jan/2023:20:07:17 -0800] "GET /world/china11.html HTTP/1.1" 304 - "-" "Mozilla/5.0 AppleWebKit/537.36 (KHTML, like Gecko; compatible; bingbot/2.0; +http://www.bing.com/bingbot.htm) Chrome/103.0.5060.134 Safari/537.36" "www.ysfine.com"
52.167.144.86 - - [31/Jan/2023:20:08:48 -0800] "GET /bio/princeton/campus.html HTTP/1.1" 404 88 "-" "Mozilla/5.0 AppleWebKit/537.36 (KHTML, like Gecko; compatible; bingbot/2.0; +http://www.bing.com/bingbot.htm) Chrome/103.0.5060.134 Safari/537.36" "ysfine.com"
95.108.213.101 - - [31/Jan/2023:20:09:08 -0800] "GET /robots.txt HTTP/1.1" 404 73 "-" "Mozilla/5.0 (compatible; YandexBot/3.0; +http://yandex.com/bots)" "www.ysfine.com"
51.222.253.8 - - [31/Jan/2023:20:09:25 -0800] "GET /style/socrates.html HTTP/1.1" 200 589 "-" "Mozilla/5.0 (compatible; AhrefsBot/7.0; +http://ahrefs.com/robot/)" "www.ysfine.com"
51.222.253.6 - - [31/Jan/2023:20:09:30 -0800] "GET /style/socrates33.jpg HTTP/1.1" 200 88220 "-" "Mozilla/5.0 (compatible; AhrefsBot/7.0; +http://ahrefs.com/robot/)" "www.ysfine.com"
51.222.253.11 - - [31/Jan/2023:20:09:31 -0800] "GET /style/socrates22.jpg HTTP/1.1" 200 134316 "-" "Mozilla/5.0 (compatible; AhrefsBot/7.0; +http://ahrefs.com/robot/)" "www.ysfine.com"
216.244.66.229 - - [31/Jan/2023:20:11:09 -0800] "GET /robots.txt HTTP/1.1" 404 73 "-" "Mozilla/5.0 (compatible; DotBot/1.2; +https://opensiteexplorer.org/dotbot; help@moz.com)" "www.ysfine.com"
52.167.144.86 - - [31/Jan/2023:20:11:11 -0800] "GET /bio/wigner/e(2).html HTTP/1.1" 404 88 "-" "Mozilla/5.0 AppleWebKit/537.36 (KHTML, like Gecko; compatible; bingbot/2.0; +http://www.bing.com/bingbot.htm) Chrome/103.0.5060.134 Safari/537.36" "ysfine.com"
104.152.97.129 - - [31/Jan/2023:20:11:22 -0800] "GET /world/russ/minsk002.jpg HTTP/1.1" 200 69019 "https://www.google.com/" "Mozilla/5.0 (iPhone; CPU iPhone OS 15_6_1 like Mac OS X) AppleWebKit/605.1.15 (KHTML, like Gecko) Version/15.6.1 Mobile/15E148 Safari/604.1" "ysfine.com"
104.152.97.129 - - [31/Jan/2023:20:11:28 -0800] "GET /world/russ/minskf42.jpg HTTP/1.1" 200 100299 "https://www.google.com/" "Mozilla/5.0 (iPhone; CPU iPhone OS 15_6_1 like Mac OS X) AppleWebKit/605.1.15 (KHTML, like Gecko) Version/15.6.1 Mobile/15E148 Safari/604.1" "ysfine.com"
104.152.97.129 - - [31/Jan/2023:20:11:30 -0800] "GET /world/russ/minsk124.jpg HTTP/1.1" 200 59831 "https://www.google.com/" "Mozilla/5.0 (iPhone; CPU iPhone OS 15_6_1 like Mac OS X) AppleWebKit/605.1.15 (KHTML, like Gecko) Version/15.6.1 Mobile/15E148 Safari/604.1" "ysfine.com"
104.152.97.129 - - [31/Jan/2023:20:11:34 -0800] "GET /world/russ/minsk123.jpg HTTP/1.1" 200 66285 "https://www.google.com/" "Mozilla/5.0 (iPhone; CPU iPhone OS 15_6_1 like Mac OS X) AppleWebKit/605.1.15 (KHTML, like Gecko) Version/15.6.1 Mobile/15E148 Safari/604.1" "ysfine.com"
104.152.97.129 - - [31/Jan/2023:20:11:39 -0800] "GET /world/russ/kilin104.jpg HTTP/1.1" 200 111146 "https://www.google.com/" "Mozilla/5.0 (iPhone; CPU iPhone OS 15_6_1 like Mac OS X) AppleWebKit/605.1.15 (KHTML, like Gecko) Version/15.6.1 Mobile/15E148 Safari/604.1" "ysfine.com"
104.152.97.129 - - [31/Jan/2023:20:11:41 -0800] "GET /world/russ/kilin105.jpg HTTP/1.1" 200 87546 "https://www.google.com/" "Mozilla/5.0 (iPhone; CPU iPhone OS 15_6_1 like Mac OS X) AppleWebKit/605.1.15 (KHTML, like Gecko) Version/15.6.1 Mobile/15E148 Safari/604.1" "ysfine.com"
104.152.97.129 - - [31/Jan/2023:20:11:44 -0800] "GET /world/russ/kilin102.jpg HTTP/1.1" 200 99006 "https://www.google.com/" "Mozilla/5.0 (iPhone; CPU iPhone OS 15_6_1 like Mac OS X) AppleWebKit/605.1.15 (KHTML, like Gecko) Version/15.6.1 Mobile/15E148 Safari/604.1" "ysfine.com"
104.152.97.129 - - [31/Jan/2023:20:11:47 -0800] "GET /world/russ/kilin101.jpg HTTP/1.1" 200 107792 "https://www.google.com/" "Mozilla/5.0 (iPhone; CPU iPhone OS 15_6_1 like Mac OS X) AppleWebKit/605.1.15 (KHTML, like Gecko) Version/15.6.1 Mobile/15E148 Safari/604.1" "ysfine.com"
104.152.97.129 - - [31/Jan/2023:20:11:50 -0800] "GET /world/russ/minskf80.jpg HTTP/1.1" 200 78953 "https://www.google.com/" "Mozilla/5.0 (iPhone; CPU iPhone OS 15_6_1 like Mac OS X) AppleWebKit/605.1.15 (KHTML, like Gecko) Version/15.6.1 Mobile/15E148 Safari/604.1" "ysfine.com"
104.152.97.129 - - [31/Jan/2023:20:11:51 -0800] "GET /world/russ/minskf36.jpg HTTP/1.1" 200 98032 "https://www.google.com/" "Mozilla/5.0 (iPhone; CPU iPhone OS 15_6_1 like Mac OS X) AppleWebKit/605.1.15 (KHTML, like Gecko) Version/15.6.1 Mobile/15E148 Safari/604.1" "ysfine.com"
104.152.97.129 - - [31/Jan/2023:20:11:55 -0800] "GET /world/russ/roskei06b.jpg HTTP/1.1" 200 48694 "https://www.google.com/" "Mozilla/5.0 (iPhone; CPU iPhone OS 15_6_1 like Mac OS X) AppleWebKit/605.1.15 (KHTML, like Gecko) Version/15.6.1 Mobile/15E148 Safari/604.1" "ysfine.com"
38.80.99.137 - - [31/Jan/2023:20:12:05 -0800] "GET /wigner/neum/vnc07.jpg HTTP/1.1" 200 95908 "https://www.google.com/" "Mozilla/5.0 (Windows NT 10.0; Win64; x64; rv:109.0) Gecko/20100101 Firefox/109.0" "ysfine.com"
51.222.253.9 - - [31/Jan/2023:20:12:15 -0800] "GET /class54/class5470/total_data/sub_273.htm HTTP/1.1" 200 3375 "-" "Mozilla/5.0 (compatible; AhrefsBot/7.0; +http://ahrefs.com/robot/)" "ysfine.com"
185.191.171.42 - - [31/Jan/2023:20:12:29 -0800] "GET /usca/pgh22.html HTTP/1.1" 200 11391 "-" "Mozilla/5.0 (compatible; SemrushBot/7~bl; +http://www.semrush.com/bot.html)" "www.ysfine.com"
185.191.171.3 - - [31/Jan/2023:20:12:49 -0800] "GET /sbk/1950.html HTTP/1.1" 200 5522 "-" "Mozilla/5.0 (compatible; SemrushBot/7~bl; +http://www.semrush.com/bot.html)" "ysfine.com"
216.244.66.229 - - [31/Jan/2023:20:14:17 -0800] "GET /world/spain/lisbon11.jpg HTTP/1.1" 200 179614 "-" "Mozilla/5.0 (compatible; DotBot/1.2; +https://opensiteexplorer.org/dotbot; help@moz.com)" "www.ysfine.com"
216.244.66.229 - - [31/Jan/2023:20:14:56 -0800] "GET /world/spain/lisbon21.jpg HTTP/1.1" 200 258546 "-" "Mozilla/5.0 (compatible; DotBot/1.2; +https://opensiteexplorer.org/dotbot; help@moz.com)" "www.ysfine.com"
51.222.253.13 - - [31/Jan/2023:20:15:02 -0800] "GET /class54/class5470/total_data/sub_413.htm HTTP/1.1" 200 3201 "-" "Mozilla/5.0 (compatible; AhrefsBot/7.0; +http://ahrefs.com/robot/)" "ysfine.com"
24.32.135.165 - - [31/Jan/2023:20:16:37 -0800] "GET /princeton/alexan11.jpg HTTP/1.1" 200 118946 "https://www.google.com/" "Mozilla/5.0 (Linux; Android 11; SM-A505U1) AppleWebKit/537.36 (KHTML, like Gecko) Chrome/87.0.4280.141 Mobile Safari/537.36" "ysfine.com"
24.32.135.165 - - [31/Jan/2023:20:16:53 -0800] "GET /princeton/alexan22.jpg HTTP/1.1" 200 175436 "https://www.google.com/" "Mozilla/5.0 (Linux; Android 11; SM-A505U1) AppleWebKit/537.36 (KHTML, like Gecko) Chrome/87.0.4280.141 Mobile Safari/537.36" "ysfine.com"
24.32.135.165 - - [31/Jan/2023:20:17:26 -0800] "GET /princeton/withers01.jpg HTTP/1.1" 200 113946 "https://www.google.com/" "Mozilla/5.0 (Linux; Android 11; SM-A505U1) AppleWebKit/537.36 (KHTML, like Gecko) Chrome/87.0.4280.141 Mobile Safari/537.36" "ysfine.com"
51.222.253.13 - - [31/Jan/2023:20:17:28 -0800] "GET /class54/class5470/total_data/sub_414.htm HTTP/1.1" 200 3204 "-" "Mozilla/5.0 (compatible; AhrefsBot/7.0; +http://ahrefs.com/robot/)" "ysfine.com"
40.77.167.233 - - [31/Jan/2023:20:19:48 -0800] "GET / HTTP/1.1" 200 5295 "-" "Mozilla/5.0 AppleWebKit/537.36 (KHTML, like Gecko; compatible; bingbot/2.0; +http://www.bing.com/bingbot.htm) Chrome/103.0.5060.134 Safari/537.36" "www.ysfine.com"
207.46.13.68 - - [31/Jan/2023:20:19:52 -0800] "GET /bio/einstein/bern.html HTTP/1.1" 404 88 "-" "Mozilla/5.0 AppleWebKit/537.36 (KHTML, like Gecko; compatible; bingbot/2.0; +http://www.bing.com/bingbot.htm) Chrome/103.0.5060.134 Safari/537.36" "ysfine.com"
177.247.110.89 - - [31/Jan/2023:20:19:57 -0800] "GET /maga/phys/schrod11.jpg HTTP/1.1" 200 107958 "https://images.search.yahoo.com/search/images;_ylt=Awrg0Lsc6Nlj5M43dRGJzbkF;_ylu=c2VjA3NlYXJjaARzbGsDYnV0dG9u;_ylc=X1MDOTYwNjI4NTcEX3IDMgRmcgNtY2FmZWUEZnIyA3A6cyx2OmksbTpzYi10b3AEZ3ByaWQDTlNOU3hXNHFTdWlwUVdNdXR1MDBEQQRuX3JzbHQDMARuX3N1Z2cDMTAEb3JpZ2luA2ltYWdlcy5zZWFyY2gueWFob28uY29tBHBvcwMwBHBxc3RyAwRwcXN0cmwDMARxc3RybAMxNwRxdWVyeQNlcndpbiUyMHNjaHJvZGluZ2VyBHRfc3RtcAMxNjc1MjI1MTk1?p=erwin+schrodinger&fr=mcafee&fr2=p%3As%2Cv%3Ai%2Cm%3Asb-top&ei=UTF-8&x=wrt&type=E210US91215G0" "Mozilla/5.0 (Windows NT 10.0; Win64; x64) AppleWebKit/537.36 (KHTML, like Gecko) Chrome/109.0.0.0 Safari/537.36" "ysfine.com"
52.167.144.86 - - [31/Jan/2023:20:20:18 -0800] "GET /world/ital/termini11.jpg HTTP/1.1" 200 106352 "-" "Mozilla/5.0 AppleWebKit/537.36 (KHTML, like Gecko; compatible; bingbot/2.0; +http://www.bing.com/bingbot.htm) Chrome/103.0.5060.134 Safari/537.36" "ysfine.com"
51.222.253.14 - - [31/Jan/2023:20:20:45 -0800] "GET /class54/class5470/total_data/sub_254.htm HTTP/1.1" 200 3375 "-" "Mozilla/5.0 (compatible; AhrefsBot/7.0; +http://ahrefs.com/robot/)" "ysfine.com"
185.191.171.35 - - [31/Jan/2023:20:21:10 -0800] "GET /robots.txt HTTP/1.1" 404 88 "-" "Mozilla/5.0 (compatible; SemrushBot/7~bl; +http://www.semrush.com/bot.html)" "www.ysfine.com"
185.191.171.39 - - [31/Jan/2023:20:21:10 -0800] "GET /einstein/ewk.html HTTP/1.1" 200 4230 "-" "Mozilla/5.0 (compatible; SemrushBot/7~bl; +http://www.semrush.com/bot.html)" "www.ysfine.com"
40.77.167.233 - - [31/Jan/2023:20:22:17 -0800] "GET /world/scandi/copenf60.jpg HTTP/1.1" 200 118989 "-" "Mozilla/5.0 AppleWebKit/537.36 (KHTML, like Gecko; compatible; bingbot/2.0; +http://www.bing.com/bingbot.htm) Chrome/103.0.5060.134 Safari/537.36" "ysfine.com"
185.191.171.42 - - [31/Jan/2023:20:23:16 -0800] "GET /home/harmoarchi.html HTTP/1.1" 200 3686 "-" "Mozilla/5.0 (compatible; SemrushBot/7~bl; +http://www.semrush.com/bot.html)" "ysfine.com"
51.222.253.5 - - [31/Jan/2023:20:23:27 -0800] "GET /class54/class5470/total_data/sub_416.htm HTTP/1.1" 200 3204 "-" "Mozilla/5.0 (compatible; AhrefsBot/7.0; +http://ahrefs.com/robot/)" "ysfine.com"
185.191.171.4 - - [31/Jan/2023:20:24:12 -0800] "GET /world/stuttgart.html HTTP/1.1" 200 4926 "-" "Mozilla/5.0 (compatible; SemrushBot/7~bl; +http://www.semrush.com/bot.html)" "ysfine.com"
213.180.203.117 - - [31/Jan/2023:20:25:21 -0800] "GET /robots.txt HTTP/1.1" 404 73 "-" "Mozilla/5.0 (compatible; YandexBot/3.0; +http://yandex.com/bots)" "ysfine.com"
95.108.213.236 - - [31/Jan/2023:20:25:24 -0800] "GET /robots.txt HTTP/1.1" 404 73 "-" "Mozilla/5.0 (compatible; YandexBot/3.0; +http://yandex.com/bots)" "ysfine.com"
207.46.13.104 - - [31/Jan/2023:20:25:38 -0800] "GET /maga/phys/schrod37.jpg HTTP/1.1" 200 124243 "-" "Mozilla/5.0 AppleWebKit/537.36 (KHTML, like Gecko; compatible; bingbot/2.0; +http://www.bing.com/bingbot.htm) Chrome/103.0.5060.134 Safari/537.36" "ysfine.com"
113.211.128.34 - - [31/Jan/2023:20:25:47 -0800] "GET /wisdom/bigpower01.jpg HTTP/1.1" 200 77902 "https://www.google.com/" "Mozilla/5.0 (Linux; Android 11) AppleWebKit/537.36 (KHTML, like Gecko) Chrome/109.0.0.0 Mobile Safari/537.36" "ysfine.com"
51.222.253.15 - - [31/Jan/2023:20:26:24 -0800] "GET /class54/class5470/total_data/sub_274.htm HTTP/1.1" 200 3375 "-" "Mozilla/5.0 (compatible; AhrefsBot/7.0; +http://ahrefs.com/robot/)" "ysfine.com"
207.46.13.68 - - [31/Jan/2023:20:27:22 -0800] "GET /bio/kobak/namdae.html HTTP/1.1" 404 88 "-" "Mozilla/5.0 AppleWebKit/537.36 (KHTML, like Gecko; compatible; bingbot/2.0; +http://www.bing.com/bingbot.htm) Chrome/103.0.5060.134 Safari/537.36" "ysfine.com"
174.73.189.171 - - [31/Jan/2023:20:28:06 -0800] "GET /style/musee/britmu38.jpg HTTP/1.1" 200 109923 "https://www.google.com/" "Mozilla/5.0 (X11; CrOS x86_64 15183.78.0) AppleWebKit/537.36 (KHTML, like Gecko) Chrome/108.0.0.0 Safari/537.36" "ysfine.com"
174.73.189.171 - - [31/Jan/2023:20:28:07 -0800] "GET /style/musee/britmu09b.jpg HTTP/1.1" 200 45628 "https://www.google.com/" "Mozilla/5.0 (X11; CrOS x86_64 15183.78.0) AppleWebKit/537.36 (KHTML, like Gecko) Chrome/108.0.0.0 Safari/537.36" "ysfine.com"
20.72.242.93 - - [31/Jan/2023:20:28:22 -0800] "GET /kobak/rheetr11.jpg HTTP/1.1" 200 184635 "-" "DuckDuckBot/1.1; (+http://duckduckgo.com/duckduckbot.html)" "ysfine.com"
51.222.253.1 - - [31/Jan/2023:20:29:05 -0800] "GET /class54/class5480/Pictures/4.%C3%AA%C2%B8%C2%B0%C3%AB%C2%85%C2%90%C3%AC%C2%B4%C2%AC%C3%AC%C2%98%C2%81/?C=D;O=D HTTP/1.1" 200 985 "-" "Mozilla/5.0 (compatible; AhrefsBot/7.0; +http://ahrefs.com/robot/)" "www.ysfine.com"
18.237.25.97 - - [31/Jan/2023:20:29:58 -0800] "GET / HTTP/1.1" 200 5295 "-" "Mozilla/5.0 (X11; Linux x86_64) AppleWebKit/537.36 (KHTML, like Gecko) Chrome/83.0.4103.97 Safari/537.36" "ysfine.com"
35.88.79.229 - - [31/Jan/2023:20:30:06 -0800] "GET / HTTP/1.1" 200 5295 "-" "Mozilla/5.0 (X11; Linux x86_64) AppleWebKit/537.36 (KHTML, like Gecko) Chrome/83.0.4103.97 Safari/537.36" "ysfine.com"
207.46.13.104 - - [31/Jan/2023:20:30:26 -0800] "GET /world/russ/gum31.jpg HTTP/1.1" 200 96215 "-" "Mozilla/5.0 AppleWebKit/537.36 (KHTML, like Gecko; compatible; bingbot/2.0; +http://www.bing.com/bingbot.htm) Chrome/103.0.5060.134 Safari/537.36" "ysfine.com"
54.202.54.112 - - [31/Jan/2023:20:30:35 -0800] "GET /favicon.ico HTTP/1.1" 404 88 "http://ysfine.com/favicon.ico" "Mozilla/5.0 (X11; Linux x86_64) AppleWebKit/537.36 (KHTML, like Gecko) Chrome/83.0.4103.97 Safari/537.36" "ysfine.com"
54.202.54.112 - - [31/Jan/2023:20:30:36 -0800] "GET / HTTP/1.1" 200 5295 "http://ysfine.com" "Mozilla/5.0 (X11; Linux x86_64) AppleWebKit/537.36 (KHTML, like Gecko) Chrome/83.0.4103.97 Safari/537.36" "ysfine.com"
99.164.32.76 - - [31/Jan/2023:20:31:16 -0800] "GET /maga/phys/yukadirac53.jpg HTTP/1.1" 200 72355 "https://www.google.com/" "Mozilla/5.0 (Windows NT 10.0; Win64; x64) AppleWebKit/537.36 (KHTML, like Gecko) Chrome/109.0.0.0 Safari/537.36" "ysfine.com"
51.222.253.12 - - [31/Jan/2023:20:31:24 -0800] "GET /class54/class5470/total_data/sub_417.htm HTTP/1.1" 200 3214 "-" "Mozilla/5.0 (compatible; AhrefsBot/7.0; +http://ahrefs.com/robot/)" "ysfine.com"
99.164.32.76 - - [31/Jan/2023:20:31:31 -0800] "GET /maga/phys/yukadirac55.jpg HTTP/1.1" 200 92994 "https://www.google.com/" "Mozilla/5.0 (Windows NT 10.0; Win64; x64) AppleWebKit/537.36 (KHTML, like Gecko) Chrome/109.0.0.0 Safari/537.36" "ysfine.com"
185.255.130.7 - - [31/Jan/2023:20:31:38 -0800] "GET /world/russ/arbat08b.jpg HTTP/1.1" 200 55222 "https://www.google.com/" "Mozilla/5.0 (Macintosh; Intel Mac OS X 10_15_7) AppleWebKit/537.36 (KHTML, like Gecko) Chrome/109.0.0.0 Safari/537.36" "ysfine.com"
207.46.13.104 - - [31/Jan/2023:20:31:38 -0800] "GET /bio/sbk/1950.html HTTP/1.1" 404 88 "-" "Mozilla/5.0 AppleWebKit/537.36 (KHTML, like Gecko; compatible; bingbot/2.0; +http://www.bing.com/bingbot.htm) Chrome/103.0.5060.134 Safari/537.36" "ysfine.com"
185.255.130.7 - - [31/Jan/2023:20:31:46 -0800] "GET /world/moscow.html HTTP/1.1" 200 21385 "https://www.google.com/" "Mozilla/5.0 (Macintosh; Intel Mac OS X 10_15_7) AppleWebKit/537.36 (KHTML, like Gecko) Chrome/109.0.0.0 Safari/537.36" "ysfine.com"
185.255.130.7 - - [31/Jan/2023:20:31:46 -0800] "GET /world/russ/krem06b.jpg HTTP/1.1" 200 25649 "https://ysfine.com/world/moscow.html" "Mozilla/5.0 (Macintosh; Intel Mac OS X 10_15_7) AppleWebKit/537.36 (KHTML, like Gecko) Chrome/109.0.0.0 Safari/537.36" "ysfine.com"
185.255.130.7 - - [31/Jan/2023:20:31:46 -0800] "GET /world/russ/roskei90b.jpg HTTP/1.1" 200 50111 "https://ysfine.com/world/moscow.html" "Mozilla/5.0 (Macintosh; Intel Mac OS X 10_15_7) AppleWebKit/537.36 (KHTML, like Gecko) Chrome/109.0.0.0 Safari/537.36" "ysfine.com"
185.255.130.7 - - [31/Jan/2023:20:31:46 -0800] "GET /world/russ/ruble11b.jpg HTTP/1.1" 200 45878 "https://ysfine.com/world/moscow.html" "Mozilla/5.0 (Macintosh; Intel Mac OS X 10_15_7) AppleWebKit/537.36 (KHTML, like Gecko) Chrome/109.0.0.0 Safari/537.36" "ysfine.com"
185.255.130.7 - - [31/Jan/2023:20:31:46 -0800] "GET /world/russ/arbat01b.jpg HTTP/1.1" 200 39281 "https://ysfine.com/world/moscow.html" "Mozilla/5.0 (Macintosh; Intel Mac OS X 10_15_7) AppleWebKit/537.36 (KHTML, like Gecko) Chrome/109.0.0.0 Safari/537.36" "ysfine.com"
185.255.130.7 - - [31/Jan/2023:20:31:46 -0800] "GET /world/russ/redsq15b.jpg HTTP/1.1" 200 41496 "https://ysfine.com/world/moscow.html" "Mozilla/5.0 (Macintosh; Intel Mac OS X 10_15_7) AppleWebKit/537.36 (KHTML, like Gecko) Chrome/109.0.0.0 Safari/537.36" "ysfine.com"
185.255.130.7 - - [31/Jan/2023:20:31:46 -0800] "GET /world/russ/redsq55b.jpg HTTP/1.1" 200 43046 "https://ysfine.com/world/moscow.html" "Mozilla/5.0 (Macintosh; Intel Mac OS X 10_15_7) AppleWebKit/537.36 (KHTML, like Gecko) Chrome/109.0.0.0 Safari/537.36" "ysfine.com"
185.255.130.7 - - [31/Jan/2023:20:31:46 -0800] "GET /world/russ/redsq53b.jpg HTTP/1.1" 200 39175 "https://ysfine.com/world/moscow.html" "Mozilla/5.0 (Macintosh; Intel Mac OS X 10_15_7) AppleWebKit/537.36 (KHTML, like Gecko) Chrome/109.0.0.0 Safari/537.36" "ysfine.com"
185.255.130.7 - - [31/Jan/2023:20:31:46 -0800] "GET /world/russ/mos011b.jpg HTTP/1.1" 200 54565 "https://ysfine.com/world/moscow.html" "Mozilla/5.0 (Macintosh; Intel Mac OS X 10_15_7) AppleWebKit/537.36 (KHTML, like Gecko) Chrome/109.0.0.0 Safari/537.36" "ysfine.com"
185.255.130.7 - - [31/Jan/2023:20:31:46 -0800] "GET /world/russ/gum08b.jpg HTTP/1.1" 200 36011 "https://ysfine.com/world/moscow.html" "Mozilla/5.0 (Macintosh; Intel Mac OS X 10_15_7) AppleWebKit/537.36 (KHTML, like Gecko) Chrome/109.0.0.0 Safari/537.36" "ysfine.com"
185.255.130.7 - - [31/Jan/2023:20:31:46 -0800] "GET /world/russ/redsq38b.jpg HTTP/1.1" 200 39699 "https://ysfine.com/world/moscow.html" "Mozilla/5.0 (Macintosh; Intel Mac OS X 10_15_7) AppleWebKit/537.36 (KHTML, like Gecko) Chrome/109.0.0.0 Safari/537.36" "ysfine.com"
185.255.130.7 - - [31/Jan/2023:20:31:46 -0800] "GET /world/russ/redsq54b.jpg HTTP/1.1" 200 42536 "https://ysfine.com/world/moscow.html" "Mozilla/5.0 (Macintosh; Intel Mac OS X 10_15_7) AppleWebKit/537.36 (KHTML, like Gecko) Chrome/109.0.0.0 Safari/537.36" "ysfine.com"
185.255.130.7 - - [31/Jan/2023:20:31:46 -0800] "GET /world/russ/redsq57b.jpg HTTP/1.1" 200 40926 "https://ysfine.com/world/moscow.html" "Mozilla/5.0 (Macintosh; Intel Mac OS X 10_15_7) AppleWebKit/537.36 (KHTML, like Gecko) Chrome/109.0.0.0 Safari/537.36" "ysfine.com"
185.255.130.7 - - [31/Jan/2023:20:31:46 -0800] "GET /world/russ/redsq46b.jpg HTTP/1.1" 200 36476 "https://ysfine.com/world/moscow.html" "Mozilla/5.0 (Macintosh; Intel Mac OS X 10_15_7) AppleWebKit/537.36 (KHTML, like Gecko) Chrome/109.0.0.0 Safari/537.36" "ysfine.com"
185.255.130.7 - - [31/Jan/2023:20:31:46 -0800] "GET /world/russ/basil08b.jpg HTTP/1.1" 200 37892 "https://ysfine.com/world/moscow.html" "Mozilla/5.0 (Macintosh; Intel Mac OS X 10_15_7) AppleWebKit/537.36 (KHTML, like Gecko) Chrome/109.0.0.0 Safari/537.36" "ysfine.com"
185.255.130.7 - - [31/Jan/2023:20:31:46 -0800] "GET /world/russ/krem15b.jpg HTTP/1.1" 200 31848 "https://ysfine.com/world/moscow.html" "Mozilla/5.0 (Macintosh; Intel Mac OS X 10_15_7) AppleWebKit/537.36 (KHTML, like Gecko) Chrome/109.0.0.0 Safari/537.36" "ysfine.com"
185.255.130.7 - - [31/Jan/2023:20:31:46 -0800] "GET /world/russ/bolshoi22b.jpg HTTP/1.1" 200 49548 "https://ysfine.com/world/moscow.html" "Mozilla/5.0 (Macintosh; Intel Mac OS X 10_15_7) AppleWebKit/537.36 (KHTML, like Gecko) Chrome/109.0.0.0 Safari/537.36" "ysfine.com"
185.255.130.7 - - [31/Jan/2023:20:31:46 -0800] "GET /world/russ/krem11b.jpg HTTP/1.1" 200 64270 "https://ysfine.com/world/moscow.html" "Mozilla/5.0 (Macintosh; Intel Mac OS X 10_15_7) AppleWebKit/537.36 (KHTML, like Gecko) Chrome/109.0.0.0 Safari/537.36" "ysfine.com"
185.255.130.7 - - [31/Jan/2023:20:31:46 -0800] "GET /world/russ/basil23b.jpg HTTP/1.1" 200 54658 "https://ysfine.com/world/moscow.html" "Mozilla/5.0 (Macintosh; Intel Mac OS X 10_15_7) AppleWebKit/537.36 (KHTML, like Gecko) Chrome/109.0.0.0 Safari/537.36" "ysfine.com"
185.255.130.7 - - [31/Jan/2023:20:31:46 -0800] "GET /world/russ/gum10b.jpg HTTP/1.1" 200 42080 "https://ysfine.com/world/moscow.html" "Mozilla/5.0 (Macintosh; Intel Mac OS X 10_15_7) AppleWebKit/537.36 (KHTML, like Gecko) Chrome/109.0.0.0 Safari/537.36" "ysfine.com"
185.255.130.7 - - [31/Jan/2023:20:31:46 -0800] "GET /world/russ/gum16b.jpg HTTP/1.1" 200 47204 "https://ysfine.com/world/moscow.html" "Mozilla/5.0 (Macintosh; Intel Mac OS X 10_15_7) AppleWebKit/537.36 (KHTML, like Gecko) Chrome/109.0.0.0 Safari/537.36" "ysfine.com"
185.255.130.7 - - [31/Jan/2023:20:31:46 -0800] "GET /world/russ/gum26b.jpg HTTP/1.1" 200 45148 "https://ysfine.com/world/moscow.html" "Mozilla/5.0 (Macintosh; Intel Mac OS X 10_15_7) AppleWebKit/537.36 (KHTML, like Gecko) Chrome/109.0.0.0 Safari/537.36" "ysfine.com"
185.255.130.7 - - [31/Jan/2023:20:31:46 -0800] "GET /world/russ/arbat41b.jpg HTTP/1.1" 200 47033 "https://ysfine.com/world/moscow.html" "Mozilla/5.0 (Macintosh; Intel Mac OS X 10_15_7) AppleWebKit/537.36 (KHTML, like Gecko) Chrome/109.0.0.0 Safari/537.36" "ysfine.com"
185.255.130.7 - - [31/Jan/2023:20:31:46 -0800] "GET /world/russ/arbat26b.jpg HTTP/1.1" 200 47406 "https://ysfine.com/world/moscow.html" "Mozilla/5.0 (Macintosh; Intel Mac OS X 10_15_7) AppleWebKit/537.36 (KHTML, like Gecko) Chrome/109.0.0.0 Safari/537.36" "ysfine.com"
185.255.130.7 - - [31/Jan/2023:20:31:46 -0800] "GET /world/russ/arbat34b.jpg HTTP/1.1" 200 38127 "https://ysfine.com/world/moscow.html" "Mozilla/5.0 (Macintosh; Intel Mac OS X 10_15_7) AppleWebKit/537.36 (KHTML, like Gecko) Chrome/109.0.0.0 Safari/537.36" "ysfine.com"
185.255.130.7 - - [31/Jan/2023:20:31:46 -0800] "GET /world/russ/kremtheater33b.jpg HTTP/1.1" 200 40071 "https://ysfine.com/world/moscow.html" "Mozilla/5.0 (Macintosh; Intel Mac OS X 10_15_7) AppleWebKit/537.36 (KHTML, like Gecko) Chrome/109.0.0.0 Safari/537.36" "ysfine.com"
185.255.130.7 - - [31/Jan/2023:20:31:46 -0800] "GET /world/russ/arbat09b.jpg HTTP/1.1" 200 57093 "https://ysfine.com/world/moscow.html" "Mozilla/5.0 (Macintosh; Intel Mac OS X 10_15_7) AppleWebKit/537.36 (KHTML, like Gecko) Chrome/109.0.0.0 Safari/537.36" "ysfine.com"
185.255.130.7 - - [31/Jan/2023:20:31:46 -0800] "GET /world/russ/arbat15b.jpg HTTP/1.1" 200 54008 "https://ysfine.com/world/moscow.html" "Mozilla/5.0 (Macintosh; Intel Mac OS X 10_15_7) AppleWebKit/537.36 (KHTML, like Gecko) Chrome/109.0.0.0 Safari/537.36" "ysfine.com"
185.255.130.7 - - [31/Jan/2023:20:31:46 -0800] "GET /world/russ/arbat03b.jpg HTTP/1.1" 200 42250 "https://ysfine.com/world/moscow.html" "Mozilla/5.0 (Macintosh; Intel Mac OS X 10_15_7) AppleWebKit/537.36 (KHTML, like Gecko) Chrome/109.0.0.0 Safari/537.36" "ysfine.com"
185.255.130.7 - - [31/Jan/2023:20:31:46 -0800] "GET /world/russ/krem10b.jpg HTTP/1.1" 200 24805 "https://ysfine.com/world/moscow.html" "Mozilla/5.0 (Macintosh; Intel Mac OS X 10_15_7) AppleWebKit/537.36 (KHTML, like Gecko) Chrome/109.0.0.0 Safari/537.36" "ysfine.com"
185.255.130.7 - - [31/Jan/2023:20:31:46 -0800] "GET /world/russ/arbat08b.jpg HTTP/1.1" 200 55222 "https://ysfine.com/world/moscow.html" "Mozilla/5.0 (Macintosh; Intel Mac OS X 10_15_7) AppleWebKit/537.36 (KHTML, like Gecko) Chrome/109.0.0.0 Safari/537.36" "ysfine.com"
185.255.130.7 - - [31/Jan/2023:20:31:46 -0800] "GET /world/russ/krem25b.jpg HTTP/1.1" 200 34006 "https://ysfine.com/world/moscow.html" "Mozilla/5.0 (Macintosh; Intel Mac OS X 10_15_7) AppleWebKit/537.36 (KHTML, like Gecko) Chrome/109.0.0.0 Safari/537.36" "ysfine.com"
185.255.130.7 - - [31/Jan/2023:20:31:46 -0800] "GET /world/russ/krem36b.jpg HTTP/1.1" 200 42913 "https://ysfine.com/world/moscow.html" "Mozilla/5.0 (Macintosh; Intel Mac OS X 10_15_7) AppleWebKit/537.36 (KHTML, like Gecko) Chrome/109.0.0.0 Safari/537.36" "ysfine.com"
185.255.130.7 - - [31/Jan/2023:20:31:46 -0800] "GET /world/russ/spbpi07b.jpg HTTP/1.1" 200 44525 "https://ysfine.com/world/moscow.html" "Mozilla/5.0 (Macintosh; Intel Mac OS X 10_15_7) AppleWebKit/537.36 (KHTML, like Gecko) Chrome/109.0.0.0 Safari/537.36" "ysfine.com"
185.255.130.7 - - [31/Jan/2023:20:31:46 -0800] "GET /world/russ/spbpi04b.jpg HTTP/1.1" 200 40390 "https://ysfine.com/world/moscow.html" "Mozilla/5.0 (Macintosh; Intel Mac OS X 10_15_7) AppleWebKit/537.36 (KHTML, like Gecko) Chrome/109.0.0.0 Safari/537.36" "ysfine.com"
185.255.130.7 - - [31/Jan/2023:20:31:46 -0800] "GET /world/russ/mosriver31b.jpg HTTP/1.1" 200 41807 "https://ysfine.com/world/moscow.html" "Mozilla/5.0 (Macintosh; Intel Mac OS X 10_15_7) AppleWebKit/537.36 (KHTML, like Gecko) Chrome/109.0.0.0 Safari/537.36" "ysfine.com"
185.255.130.7 - - [31/Jan/2023:20:31:46 -0800] "GET /world/russ/moschurch04b.jpg HTTP/1.1" 200 36644 "https://ysfine.com/world/moscow.html" "Mozilla/5.0 (Macintosh; Intel Mac OS X 10_15_7) AppleWebKit/537.36 (KHTML, like Gecko) Chrome/109.0.0.0 Safari/537.36" "ysfine.com"
185.255.130.7 - - [31/Jan/2023:20:31:46 -0800] "GET /world/russ/mosconvent05b.jpg HTTP/1.1" 200 26333 "https://ysfine.com/world/moscow.html" "Mozilla/5.0 (Macintosh; Intel Mac OS X 10_15_7) AppleWebKit/537.36 (KHTML, like Gecko) Chrome/109.0.0.0 Safari/537.36" "ysfine.com"
185.255.130.7 - - [31/Jan/2023:20:31:46 -0800] "GET /world/russ/moschurch03b.jpg HTTP/1.1" 200 45942 "https://ysfine.com/world/moscow.html" "Mozilla/5.0 (Macintosh; Intel Mac OS X 10_15_7) AppleWebKit/537.36 (KHTML, like Gecko) Chrome/109.0.0.0 Safari/537.36" "ysfine.com"
185.255.130.7 - - [31/Jan/2023:20:31:46 -0800] "GET /world/russ/mosriver01b.jpg HTTP/1.1" 200 34266 "https://ysfine.com/world/moscow.html" "Mozilla/5.0 (Macintosh; Intel Mac OS X 10_15_7) AppleWebKit/537.36 (KHTML, like Gecko) Chrome/109.0.0.0 Safari/537.36" "ysfine.com"
185.255.130.7 - - [31/Jan/2023:20:31:46 -0800] "GET /world/russ/mosriver09b.jpg HTTP/1.1" 200 32237 "https://ysfine.com/world/moscow.html" "Mozilla/5.0 (Macintosh; Intel Mac OS X 10_15_7) AppleWebKit/537.36 (KHTML, like Gecko) Chrome/109.0.0.0 Safari/537.36" "ysfine.com"
185.255.130.7 - - [31/Jan/2023:20:31:46 -0800] "GET /world/russ/mosriver11b.jpg HTTP/1.1" 200 29570 "https://ysfine.com/world/moscow.html" "Mozilla/5.0 (Macintosh; Intel Mac OS X 10_15_7) AppleWebKit/537.36 (KHTML, like Gecko) Chrome/109.0.0.0 Safari/537.36" "ysfine.com"
185.255.130.7 - - [31/Jan/2023:20:31:46 -0800] "GET /world/russ/mosgov01b.jpg HTTP/1.1" 200 33647 "https://ysfine.com/world/moscow.html" "Mozilla/5.0 (Macintosh; Intel Mac OS X 10_15_7) AppleWebKit/537.36 (KHTML, like Gecko) Chrome/109.0.0.0 Safari/537.36" "ysfine.com"
185.255.130.7 - - [31/Jan/2023:20:31:46 -0800] "GET /world/russ/mosmusic31b.jpg HTTP/1.1" 200 48603 "https://ysfine.com/world/moscow.html" "Mozilla/5.0 (Macintosh; Intel Mac OS X 10_15_7) AppleWebKit/537.36 (KHTML, like Gecko) Chrome/109.0.0.0 Safari/537.36" "ysfine.com"
185.255.130.7 - - [31/Jan/2023:20:31:46 -0800] "GET /world/russ/mosriver18b.jpg HTTP/1.1" 200 31968 "https://ysfine.com/world/moscow.html" "Mozilla/5.0 (Macintosh; Intel Mac OS X 10_15_7) AppleWebKit/537.36 (KHTML, like Gecko) Chrome/109.0.0.0 Safari/537.36" "ysfine.com"
185.255.130.7 - - [31/Jan/2023:20:31:46 -0800] "GET /world/russ/mosriver04b.jpg HTTP/1.1" 200 37466 "https://ysfine.com/world/moscow.html" "Mozilla/5.0 (Macintosh; Intel Mac OS X 10_15_7) AppleWebKit/537.36 (KHTML, like Gecko) Chrome/109.0.0.0 Safari/537.36" "ysfine.com"
185.255.130.7 - - [31/Jan/2023:20:31:46 -0800] "GET /world/russ/moschurch02b.jpg HTTP/1.1" 200 36583 "https://ysfine.com/world/moscow.html" "Mozilla/5.0 (Macintosh; Intel Mac OS X 10_15_7) AppleWebKit/537.36 (KHTML, like Gecko) Chrome/109.0.0.0 Safari/537.36" "ysfine.com"
185.255.130.7 - - [31/Jan/2023:20:31:46 -0800] "GET /world/russ/redsq49b.jpg HTTP/1.1" 200 50760 "https://ysfine.com/world/moscow.html" "Mozilla/5.0 (Macintosh; Intel Mac OS X 10_15_7) AppleWebKit/537.36 (KHTML, like Gecko) Chrome/109.0.0.0 Safari/537.36" "ysfine.com"
185.255.130.7 - - [31/Jan/2023:20:31:46 -0800] "GET /world/russ/mosriver23b.jpg HTTP/1.1" 200 36974 "https://ysfine.com/world/moscow.html" "Mozilla/5.0 (Macintosh; Intel Mac OS X 10_15_7) AppleWebKit/537.36 (KHTML, like Gecko) Chrome/109.0.0.0 Safari/537.36" "ysfine.com"
185.255.130.7 - - [31/Jan/2023:20:31:46 -0800] "GET /home/landaukim11b.jpg HTTP/1.1" 200 31969 "https://ysfine.com/world/moscow.html" "Mozilla/5.0 (Macintosh; Intel Mac OS X 10_15_7) AppleWebKit/537.36 (KHTML, like Gecko) Chrome/109.0.0.0 Safari/537.36" "ysfine.com"
185.255.130.7 - - [31/Jan/2023:20:31:46 -0800] "GET /world/russ/mosgov05b.jpg HTTP/1.1" 200 35113 "https://ysfine.com/world/moscow.html" "Mozilla/5.0 (Macintosh; Intel Mac OS X 10_15_7) AppleWebKit/537.36 (KHTML, like Gecko) Chrome/109.0.0.0 Safari/537.36" "ysfine.com"
185.255.130.7 - - [31/Jan/2023:20:31:46 -0800] "GET /world/russ/msu02b.jpg HTTP/1.1" 200 31098 "https://ysfine.com/world/moscow.html" "Mozilla/5.0 (Macintosh; Intel Mac OS X 10_15_7) AppleWebKit/537.36 (KHTML, like Gecko) Chrome/109.0.0.0 Safari/537.36" "ysfine.com"
185.255.130.7 - - [31/Jan/2023:20:31:46 -0800] "GET /world/russ/msu12b.jpg HTTP/1.1" 200 47053 "https://ysfine.com/world/moscow.html" "Mozilla/5.0 (Macintosh; Intel Mac OS X 10_15_7) AppleWebKit/537.36 (KHTML, like Gecko) Chrome/109.0.0.0 Safari/537.36" "ysfine.com"
185.255.130.7 - - [31/Jan/2023:20:31:46 -0800] "GET /eink/eink61c.jpg HTTP/1.1" 200 34119 "https://ysfine.com/world/moscow.html" "Mozilla/5.0 (Macintosh; Intel Mac OS X 10_15_7) AppleWebKit/537.36 (KHTML, like Gecko) Chrome/109.0.0.0 Safari/537.36" "ysfine.com"
185.255.130.7 - - [31/Jan/2023:20:31:46 -0800] "GET /world/russ/msu22b.jpg HTTP/1.1" 200 34123 "https://ysfine.com/world/moscow.html" "Mozilla/5.0 (Macintosh; Intel Mac OS X 10_15_7) AppleWebKit/537.36 (KHTML, like Gecko) Chrome/109.0.0.0 Safari/537.36" "ysfine.com"
185.255.130.7 - - [31/Jan/2023:20:31:46 -0800] "GET /world/russ/msu01b.jpg HTTP/1.1" 200 30172 "https://ysfine.com/world/moscow.html" "Mozilla/5.0 (Macintosh; Intel Mac OS X 10_15_7) AppleWebKit/537.36 (KHTML, like Gecko) Chrome/109.0.0.0 Safari/537.36" "ysfine.com"
185.255.130.7 - - [31/Jan/2023:20:31:46 -0800] "GET /world/russ/msu52b.jpg HTTP/1.1" 200 40102 "https://ysfine.com/world/moscow.html" "Mozilla/5.0 (Macintosh; Intel Mac OS X 10_15_7) AppleWebKit/537.36 (KHTML, like Gecko) Chrome/109.0.0.0 Safari/537.36" "ysfine.com"
185.255.130.7 - - [31/Jan/2023:20:31:46 -0800] "GET /world/russ/basil21b.jpg HTTP/1.1" 200 44478 "https://ysfine.com/world/moscow.html" "Mozilla/5.0 (Macintosh; Intel Mac OS X 10_15_7) AppleWebKit/537.36 (KHTML, like Gecko) Chrome/109.0.0.0 Safari/537.36" "ysfine.com"
185.255.130.7 - - [31/Jan/2023:20:31:46 -0800] "GET /kowar/tanks/tank05b.jpg HTTP/1.1" 200 48742 "https://ysfine.com/world/moscow.html" "Mozilla/5.0 (Macintosh; Intel Mac OS X 10_15_7) AppleWebKit/537.36 (KHTML, like Gecko) Chrome/109.0.0.0 Safari/537.36" "ysfine.com"
185.255.130.7 - - [31/Jan/2023:20:31:46 -0800] "GET /world/russ/spbm02b.jpg HTTP/1.1" 200 48172 "https://ysfine.com/world/moscow.html" "Mozilla/5.0 (Macintosh; Intel Mac OS X 10_15_7) AppleWebKit/537.36 (KHTML, like Gecko) Chrome/109.0.0.0 Safari/537.36" "ysfine.com"
185.255.130.7 - - [31/Jan/2023:20:31:46 -0800] "GET /world/russ/mosmusic52b.jpg HTTP/1.1" 200 33389 "https://ysfine.com/world/moscow.html" "Mozilla/5.0 (Macintosh; Intel Mac OS X 10_15_7) AppleWebKit/537.36 (KHTML, like Gecko) Chrome/109.0.0.0 Safari/537.36" "ysfine.com"
185.255.130.7 - - [31/Jan/2023:20:31:46 -0800] "GET /world/russ/msu11b.jpg HTTP/1.1" 200 50470 "https://ysfine.com/world/moscow.html" "Mozilla/5.0 (Macintosh; Intel Mac OS X 10_15_7) AppleWebKit/537.36 (KHTML, like Gecko) Chrome/109.0.0.0 Safari/537.36" "ysfine.com"
185.255.130.7 - - [31/Jan/2023:20:31:46 -0800] "GET /world/russ/msu35b.png HTTP/1.1" 200 79503 "https://ysfine.com/world/moscow.html" "Mozilla/5.0 (Macintosh; Intel Mac OS X 10_15_7) AppleWebKit/537.36 (KHTML, like Gecko) Chrome/109.0.0.0 Safari/537.36" "ysfine.com"
185.255.130.7 - - [31/Jan/2023:20:31:46 -0800] "GET /world/russ/krem18b.jpg HTTP/1.1" 200 38037 "https://ysfine.com/world/moscow.html" "Mozilla/5.0 (Macintosh; Intel Mac OS X 10_15_7) AppleWebKit/537.36 (KHTML, like Gecko) Chrome/109.0.0.0 Safari/537.36" "ysfine.com"
185.255.130.7 - - [31/Jan/2023:20:31:46 -0800] "GET /world/russ/basil01b.jpg HTTP/1.1" 200 42711 "https://ysfine.com/world/moscow.html" "Mozilla/5.0 (Macintosh; Intel Mac OS X 10_15_7) AppleWebKit/537.36 (KHTML, like Gecko) Chrome/109.0.0.0 Safari/537.36" "ysfine.com"
185.255.130.7 - - [31/Jan/2023:20:31:46 -0800] "GET /world/russ/arbat12b.jpg HTTP/1.1" 200 42519 "https://ysfine.com/world/moscow.html" "Mozilla/5.0 (Macintosh; Intel Mac OS X 10_15_7) AppleWebKit/537.36 (KHTML, like Gecko) Chrome/109.0.0.0 Safari/537.36" "ysfine.com"
185.255.130.7 - - [31/Jan/2023:20:31:46 -0800] "GET /world/russ/tass11b.jpg HTTP/1.1" 200 43337 "https://ysfine.com/world/moscow.html" "Mozilla/5.0 (Macintosh; Intel Mac OS X 10_15_7) AppleWebKit/537.36 (KHTML, like Gecko) Chrome/109.0.0.0 Safari/537.36" "ysfine.com"
185.255.130.7 - - [31/Jan/2023:20:31:46 -0800] "GET /world/russ/arbat23b.jpg HTTP/1.1" 200 48065 "https://ysfine.com/world/moscow.html" "Mozilla/5.0 (Macintosh; Intel Mac OS X 10_15_7) AppleWebKit/537.36 (KHTML, like Gecko) Chrome/109.0.0.0 Safari/537.36" "ysfine.com"
185.255.130.7 - - [31/Jan/2023:20:31:46 -0800] "GET /world/russ/moschurch33b.jpg HTTP/1.1" 200 37785 "https://ysfine.com/world/moscow.html" "Mozilla/5.0 (Macintosh; Intel Mac OS X 10_15_7) AppleWebKit/537.36 (KHTML, like Gecko) Chrome/109.0.0.0 Safari/537.36" "ysfine.com"
185.255.130.7 - - [31/Jan/2023:20:31:46 -0800] "GET /world/russ/arbat17b.jpg HTTP/1.1" 200 32972 "https://ysfine.com/world/moscow.html" "Mozilla/5.0 (Macintosh; Intel Mac OS X 10_15_7) AppleWebKit/537.36 (KHTML, like Gecko) Chrome/109.0.0.0 Safari/537.36" "ysfine.com"
185.255.130.7 - - [31/Jan/2023:20:31:46 -0800] "GET /world/russ/moschurch13b.jpg HTTP/1.1" 200 31561 "https://ysfine.com/world/moscow.html" "Mozilla/5.0 (Macintosh; Intel Mac OS X 10_15_7) AppleWebKit/537.36 (KHTML, like Gecko) Chrome/109.0.0.0 Safari/537.36" "ysfine.com"
185.255.130.7 - - [31/Jan/2023:20:31:46 -0800] "GET /world/russ/mosgov12b.jpg HTTP/1.1" 200 39962 "https://ysfine.com/world/moscow.html" "Mozilla/5.0 (Macintosh; Intel Mac OS X 10_15_7) AppleWebKit/537.36 (KHTML, like Gecko) Chrome/109.0.0.0 Safari/537.36" "ysfine.com"
185.255.130.7 - - [31/Jan/2023:20:31:46 -0800] "GET /world/russ/kgb01b.jpg HTTP/1.1" 200 31503 "https://ysfine.com/world/moscow.html" "Mozilla/5.0 (Macintosh; Intel Mac OS X 10_15_7) AppleWebKit/537.36 (KHTML, like Gecko) Chrome/109.0.0.0 Safari/537.36" "ysfine.com"
185.255.130.7 - - [31/Jan/2023:20:31:46 -0800] "GET /world/russ/mosriver03b.jpg HTTP/1.1" 200 35502 "https://ysfine.com/world/moscow.html" "Mozilla/5.0 (Macintosh; Intel Mac OS X 10_15_7) AppleWebKit/537.36 (KHTML, like Gecko) Chrome/109.0.0.0 Safari/537.36" "ysfine.com"
185.255.130.7 - - [31/Jan/2023:20:31:46 -0800] "GET /world/russ/mosmusic18b.jpg HTTP/1.1" 200 51573 "https://ysfine.com/world/moscow.html" "Mozilla/5.0 (Macintosh; Intel Mac OS X 10_15_7) AppleWebKit/537.36 (KHTML, like Gecko) Chrome/109.0.0.0 Safari/537.36" "ysfine.com"
185.255.130.7 - - [31/Jan/2023:20:31:46 -0800] "GET /world/russ/tchaikovhall02b.jpg HTTP/1.1" 200 29193 "https://ysfine.com/world/moscow.html" "Mozilla/5.0 (Macintosh; Intel Mac OS X 10_15_7) AppleWebKit/537.36 (KHTML, like Gecko) Chrome/109.0.0.0 Safari/537.36" "ysfine.com"
185.255.130.7 - - [31/Jan/2023:20:31:46 -0800] "GET /world/russ/iraida11b.jpg HTTP/1.1" 200 50961 "https://ysfine.com/world/moscow.html" "Mozilla/5.0 (Macintosh; Intel Mac OS X 10_15_7) AppleWebKit/537.36 (KHTML, like Gecko) Chrome/109.0.0.0 Safari/537.36" "ysfine.com"
185.255.130.7 - - [31/Jan/2023:20:31:46 -0800] "GET /world/russ/mosriver14b.jpg HTTP/1.1" 200 47392 "https://ysfine.com/world/moscow.html" "Mozilla/5.0 (Macintosh; Intel Mac OS X 10_15_7) AppleWebKit/537.36 (KHTML, like Gecko) Chrome/109.0.0.0 Safari/537.36" "ysfine.com"
185.255.130.7 - - [31/Jan/2023:20:31:46 -0800] "GET /world/russ/msu20b.jpg HTTP/1.1" 200 37032 "https://ysfine.com/world/moscow.html" "Mozilla/5.0 (Macintosh; Intel Mac OS X 10_15_7) AppleWebKit/537.36 (KHTML, like Gecko) Chrome/109.0.0.0 Safari/537.36" "ysfine.com"
185.255.130.7 - - [31/Jan/2023:20:31:46 -0800] "GET /world/russ/msu05b.jpg HTTP/1.1" 200 39728 "https://ysfine.com/world/moscow.html" "Mozilla/5.0 (Macintosh; Intel Mac OS X 10_15_7) AppleWebKit/537.36 (KHTML, like Gecko) Chrome/109.0.0.0 Safari/537.36" "ysfine.com"
185.255.130.7 - - [31/Jan/2023:20:31:46 -0800] "GET /world/russ/msu06b.jpg HTTP/1.1" 200 38252 "https://ysfine.com/world/moscow.html" "Mozilla/5.0 (Macintosh; Intel Mac OS X 10_15_7) AppleWebKit/537.36 (KHTML, like Gecko) Chrome/109.0.0.0 Safari/537.36" "ysfine.com"
185.255.130.7 - - [31/Jan/2023:20:31:46 -0800] "GET /world/russ/mosf16b.jpg HTTP/1.1" 200 42050 "https://ysfine.com/world/moscow.html" "Mozilla/5.0 (Macintosh; Intel Mac OS X 10_15_7) AppleWebKit/537.36 (KHTML, like Gecko) Chrome/109.0.0.0 Safari/537.36" "ysfine.com"
185.255.130.7 - - [31/Jan/2023:20:31:46 -0800] "GET /world/russ/protvi01b.jpg HTTP/1.1" 200 42265 "https://ysfine.com/world/moscow.html" "Mozilla/5.0 (Macintosh; Intel Mac OS X 10_15_7) AppleWebKit/537.36 (KHTML, like Gecko) Chrome/109.0.0.0 Safari/537.36" "ysfine.com"
185.255.130.7 - - [31/Jan/2023:20:31:48 -0800] "GET /favicon.ico HTTP/1.1" 404 88 "https://ysfine.com/world/moscow.html" "Mozilla/5.0 (Macintosh; Intel Mac OS X 10_15_7) AppleWebKit/537.36 (KHTML, like Gecko) Chrome/109.0.0.0 Safari/537.36" "ysfine.com"
207.46.13.104 - - [31/Jan/2023:20:32:48 -0800] "GET /bio/kobak/yskor.html HTTP/1.1" 404 88 "-" "Mozilla/5.0 AppleWebKit/537.36 (KHTML, like Gecko; compatible; bingbot/2.0; +http://www.bing.com/bingbot.htm) Chrome/103.0.5060.134 Safari/537.36" "ysfine.com"
51.222.253.8 - - [31/Jan/2023:20:33:44 -0800] "GET /class54/class5470/total_data/sub_255.htm HTTP/1.1" 200 3359 "-" "Mozilla/5.0 (compatible; AhrefsBot/7.0; +http://ahrefs.com/robot/)" "ysfine.com"
66.249.70.3 - - [31/Jan/2023:20:33:56 -0800] "GET /princeton/cleve11b.jpg HTTP/1.1" 304 - "-" "Googlebot-Image/1.0" "ysfine.com"
185.191.171.25 - - [31/Jan/2023:20:34:17 -0800] "GET /einstein/photoel.html HTTP/1.1" 200 6054 "-" "Mozilla/5.0 (compatible; SemrushBot/7~bl; +http://www.semrush.com/bot.html)" "ysfine.com"
157.55.39.202 - - [31/Jan/2023:20:34:41 -0800] "GET /bio/eink/buythisbook.html HTTP/1.1" 404 88 "-" "Mozilla/5.0 AppleWebKit/537.36 (KHTML, like Gecko; compatible; bingbot/2.0; +http://www.bing.com/bingbot.htm) Chrome/103.0.5060.134 Safari/537.36" "ysfine.com"
207.46.13.90 - - [31/Jan/2023:20:34:46 -0800] "GET /sbk/2003geneva11.jpg HTTP/1.1" 200 135558 "-" "Mozilla/5.0 AppleWebKit/537.36 (KHTML, like Gecko; compatible; bingbot/2.0; +http://www.bing.com/bingbot.htm) Chrome/103.0.5060.134 Safari/537.36" "ysfine.com"
207.46.13.104 - - [31/Jan/2023:20:34:50 -0800] "GET /bio/style/artlove.html HTTP/1.1" 404 88 "-" "Mozilla/5.0 AppleWebKit/537.36 (KHTML, like Gecko; compatible; bingbot/2.0; +http://www.bing.com/bingbot.htm) Chrome/103.0.5060.134 Safari/537.36" "ysfine.com"
52.167.144.86 - - [31/Jan/2023:20:36:19 -0800] "GET /people/jweber.jpg HTTP/1.1" 200 63485 "-" "Mozilla/5.0 AppleWebKit/537.36 (KHTML, like Gecko; compatible; bingbot/2.0; +http://www.bing.com/bingbot.htm) Chrome/103.0.5060.134 Safari/537.36" "www.ysfine.com"
129.170.195.215 - - [31/Jan/2023:20:36:22 -0800] "GET /princeton/alexan22.jpg HTTP/1.1" 200 175436 "https://www.google.com/" "Mozilla/5.0 (Macintosh; Intel Mac OS X 10_15_7) AppleWebKit/605.1.15 (KHTML, like Gecko) Version/15.4 Safari/605.1.15" "ysfine.com"
40.77.167.233 - - [31/Jan/2023:20:36:28 -0800] "GET /beau/amkor/hillary97.jpg HTTP/1.1" 404 88 "-" "Mozilla/5.0 AppleWebKit/537.36 (KHTML, like Gecko; compatible; bingbot/2.0; +http://www.bing.com/bingbot.htm) Chrome/103.0.5060.134 Safari/537.36" "ysfine.com"
51.222.253.3 - - [31/Jan/2023:20:36:50 -0800] "GET /einstein/einstorie HTTP/1.1" 200 2529 "-" "Mozilla/5.0 (compatible; AhrefsBot/7.0; +http://ahrefs.com/robot/)" "www.ysfine.com"
51.222.253.17 - - [31/Jan/2023:20:36:54 -0800] "GET /einstein/einfine21b.jpg HTTP/1.1" 200 53710 "-" "Mozilla/5.0 (compatible; AhrefsBot/7.0; +http://ahrefs.com/robot/)" "www.ysfine.com"
51.222.253.12 - - [31/Jan/2023:20:36:55 -0800] "GET /einstein/eindc33b.jpg HTTP/1.1" 200 54447 "-" "Mozilla/5.0 (compatible; AhrefsBot/7.0; +http://ahrefs.com/robot/)" "www.ysfine.com"
51.222.253.12 - - [31/Jan/2023:20:36:56 -0800] "GET /einstein/eincurie11b.jpg HTTP/1.1" 200 42944 "-" "Mozilla/5.0 (compatible; AhrefsBot/7.0; +http://ahrefs.com/robot/)" "www.ysfine.com"
51.222.253.2 - - [31/Jan/2023:20:36:58 -0800] "GET /einstein/einwife66b.jpg HTTP/1.1" 200 29967 "-" "Mozilla/5.0 (compatible; AhrefsBot/7.0; +http://ahrefs.com/robot/)" "www.ysfine.com"
51.222.253.7 - - [31/Jan/2023:20:36:59 -0800] "GET /einstein/einglaub01b.jpg HTTP/1.1" 200 48405 "-" "Mozilla/5.0 (compatible; AhrefsBot/7.0; +http://ahrefs.com/robot/)" "www.ysfine.com"
17.241.219.109 - - [31/Jan/2023:20:38:06 -0800] "GET /confer/conbot.html HTTP/1.1" 200 124 "-" "Mozilla/5.0 (Macintosh; Intel Mac OS X 10_15_5) AppleWebKit/605.1.15 (KHTML, like Gecko) Version/13.1.1 Safari/605.1.15 (Applebot/0.1; +http://www.apple.com/go/applebot)" "www.ysfine.com"
157.55.39.202 - - [31/Jan/2023:20:38:11 -0800] "GET /bio/kobak/soraech.html HTTP/1.1" 404 88 "-" "Mozilla/5.0 AppleWebKit/537.36 (KHTML, like Gecko; compatible; bingbot/2.0; +http://www.bing.com/bingbot.htm) Chrome/103.0.5060.134 Safari/537.36" "ysfine.com"
157.55.39.202 - - [31/Jan/2023:20:38:33 -0800] "GET /bio.html HTTP/1.1" 200 18260 "-" "Mozilla/5.0 AppleWebKit/537.36 (KHTML, like Gecko; compatible; bingbot/2.0; +http://www.bing.com/bingbot.htm) Chrome/103.0.5060.134 Safari/537.36" "ysfine.com"
51.222.253.5 - - [31/Jan/2023:20:39:55 -0800] "GET /class54/class5470/total_data/sub_406.htm HTTP/1.1" 200 3214 "-" "Mozilla/5.0 (compatible; AhrefsBot/7.0; +http://ahrefs.com/robot/)" "ysfine.com"
185.191.171.15 - - [31/Jan/2023:20:40:30 -0800] "GET /style/tatyana.html HTTP/1.1" 200 8475 "-" "Mozilla/5.0 (compatible; SemrushBot/7~bl; +http://www.semrush.com/bot.html)" "www.ysfine.com"
207.46.13.90 - - [31/Jan/2023:20:40:55 -0800] "GET /bio/style/proschanie.html HTTP/1.1" 404 88 "-" "Mozilla/5.0 AppleWebKit/537.36 (KHTML, like Gecko; compatible; bingbot/2.0; +http://www.bing.com/bingbot.htm) Chrome/103.0.5060.134 Safari/537.36" "ysfine.com"
185.191.171.42 - - [31/Jan/2023:20:41:05 -0800] "GET /home/100yrs.html HTTP/1.1" 200 7936 "-" "Mozilla/5.0 (compatible; SemrushBot/7~bl; +http://www.semrush.com/bot.html)" "www.ysfine.com"
40.77.167.233 - - [31/Jan/2023:20:42:08 -0800] "GET /bio02.html HTTP/1.1" 304 - "-" "Mozilla/5.0 AppleWebKit/537.36 (KHTML, like Gecko; compatible; bingbot/2.0; +http://www.bing.com/bingbot.htm) Chrome/103.0.5060.134 Safari/537.36" "ysfine.com"
51.222.253.14 - - [31/Jan/2023:20:42:34 -0800] "GET /class54/class5480/Pictures/4.%C3%AA%C2%B8%C2%B0%C3%AB%C2%85%C2%90%C3%AC%C2%B4%C2%AC%C3%AC%C2%98%C2%81/?C=M;O=D HTTP/1.1" 200 985 "-" "Mozilla/5.0 (compatible; AhrefsBot/7.0; +http://ahrefs.com/robot/)" "www.ysfine.com"
34.226.141.190 - - [31/Jan/2023:20:43:41 -0800] "GET /sitemap.xml HTTP/1.1" 304 - "https://www.google.com/" "Mozilla/5.0 (Macintosh; Intel Mac OS X 10_15_3) AppleWebKit/537.36 (KHTML, like Gecko) Chrome/80.0.3987.87 Safari/537.36" "ysfine.com"
95.108.213.101 - - [31/Jan/2023:20:43:49 -0800] "GET /dirac/wigsis.html HTTP/1.1" 200 10275 "-" "Mozilla/5.0 (compatible; YandexBot/3.0; +http://yandex.com/bots) AppleWebKit/537.36 (KHTML, like Gecko) Chrome/81.0.4044.268" "www.ysfine.com"
52.167.144.86 - - [31/Jan/2023:20:44:33 -0800] "GET /bio/wigner/e(2).html HTTP/1.1" 404 88 "-" "Mozilla/5.0 AppleWebKit/537.36 (KHTML, like Gecko; compatible; bingbot/2.0; +http://www.bing.com/bingbot.htm) Chrome/103.0.5060.134 Safari/537.36" "ysfine.com"
51.222.253.16 - - [31/Jan/2023:20:45:04 -0800] "GET /class54/class5470/total_data/sub_407.htm HTTP/1.1" 200 3214 "-" "Mozilla/5.0 (compatible; AhrefsBot/7.0; +http://ahrefs.com/robot/)" "ysfine.com"
66.249.70.30 - - [31/Jan/2023:20:45:04 -0800] "GET /princeton/eng01b.jpg HTTP/1.1" 304 - "-" "Googlebot-Image/1.0" "ysfine.com"
172.58.38.221 - - [31/Jan/2023:20:45:15 -0800] "GET /world/china/shenyang32b.jpg HTTP/1.1" 200 57496 "https://www.google.com/" "Mozilla/5.0 (Linux; Android 12; LM-K500 Build/SKQ1.211103.001; wv) AppleWebKit/537.36 (KHTML, like Gecko) Version/4.0 Chrome/103.0.5060.71 Mobile Safari/537.36 GoogleApp/13.25.10.26.arm" "ysfine.com"
185.191.171.44 - - [31/Jan/2023:20:46:05 -0800] "GET /robots.txt HTTP/1.1" 404 88 "-" "Mozilla/5.0 (compatible; SemrushBot/7~bl; +http://www.semrush.com/bot.html)" "ysfine.com"
185.191.171.20 - - [31/Jan/2023:20:46:05 -0800] "GET /bio.html HTTP/1.1" 200 18260 "-" "Mozilla/5.0 (compatible; SemrushBot/7~bl; +http://www.semrush.com/bot.html)" "ysfine.com"
52.167.144.86 - - [31/Jan/2023:20:47:04 -0800] "GET /bio/princeton/campus.html HTTP/1.1" 404 88 "-" "Mozilla/5.0 AppleWebKit/537.36 (KHTML, like Gecko; compatible; bingbot/2.0; +http://www.bing.com/bingbot.htm) Chrome/103.0.5060.134 Safari/537.36" "ysfine.com"
