185.191.171.14 - - [01/Feb/2023:09:06:07 -0800] "GET /world/andal.html HTTP/1.1" 200 10097 "-" "Mozilla/5.0 (compatible; SemrushBot/7~bl; +http://www.semrush.com/bot.html)" "ysfine.com"
52.167.144.86 - - [01/Feb/2023:09:06:16 -0800] "GET /fotos/comcast11.jpg HTTP/1.1" 200 95683 "-" "Mozilla/5.0 AppleWebKit/537.36 (KHTML, like Gecko; compatible; bingbot/2.0; +http://www.bing.com/bingbot.htm) Chrome/103.0.5060.134 Safari/537.36" "www.ysfine.com"
149.113.127.239 - - [01/Feb/2023:09:06:34 -0800] "GET /kobak/kimjap11.jpg HTTP/1.1" 200 114962 "https://www.google.com.tw/" "Mozilla/5.0 (Windows NT 6.1; Win64; x64; rv:78.0) Gecko/20100101 Firefox/78.0" "ysfine.com"
207.46.13.104 - - [01/Feb/2023:09:06:34 -0800] "GET /bio/sbk/1950.html HTTP/1.1" 404 88 "-" "Mozilla/5.0 AppleWebKit/537.36 (KHTML, like Gecko; compatible; bingbot/2.0; +http://www.bing.com/bingbot.htm) Chrome/103.0.5060.134 Safari/537.36" "ysfine.com"
149.113.127.239 - - [01/Feb/2023:09:06:43 -0800] "GET /kobak/feb8.jpg HTTP/1.1" 200 117260 "https://www.google.com.tw/" "Mozilla/5.0 (Windows NT 6.1; Win64; x64; rv:78.0) Gecko/20100101 Firefox/78.0" "ysfine.com"
51.222.253.13 - - [01/Feb/2023:09:07:16 -0800] "GET /eink/buythisbook.html HTTP/1.1" 200 1792 "-" "Mozilla/5.0 (compatible; AhrefsBot/7.0; +http://ahrefs.com/robot/)" "www.ysfine.com"
51.222.253.16 - - [01/Feb/2023:09:07:18 -0800] "GET /eink/pwk19e.jpg HTTP/1.1" 200 85621 "-" "Mozilla/5.0 (compatible; AhrefsBot/7.0; +http://ahrefs.com/robot/)" "www.ysfine.com"
52.167.144.62 - - [01/Feb/2023:09:07:32 -0800] "GET /newyork/trump43b.jpg HTTP/1.1" 200 47074 "-" "Mozilla/5.0 AppleWebKit/537.36 (KHTML, like Gecko; compatible; bingbot/2.0; +http://www.bing.com/bingbot.htm) Chrome/103.0.5060.134 Safari/537.36" "ysfine.com"
52.167.144.62 - - [01/Feb/2023:09:07:32 -0800] "GET /world/china/dalian60.jpg HTTP/1.1" 200 103600 "-" "Mozilla/5.0 AppleWebKit/537.36 (KHTML, like Gecko; compatible; bingbot/2.0; +http://www.bing.com/bingbot.htm) Chrome/103.0.5060.134 Safari/537.36" "ysfine.com"
178.152.31.12 - - [01/Feb/2023:09:09:17 -0800] "GET /world/russ/mosriver10.jpg HTTP/1.1" 200 87619 "https://www.google.com/" "Mozilla/5.0 (Windows NT 10.0; Win64; x64) AppleWebKit/537.36 (KHTML, like Gecko) Chrome/109.0.0.0 Safari/537.36" "ysfine.com"
207.46.13.104 - - [01/Feb/2023:09:09:23 -0800] "GET /bio/style/artlove.html HTTP/1.1" 404 88 "-" "Mozilla/5.0 AppleWebKit/537.36 (KHTML, like Gecko; compatible; bingbot/2.0; +http://www.bing.com/bingbot.htm) Chrome/103.0.5060.134 Safari/537.36" "ysfine.com"
49.12.221.42 - - [01/Feb/2023:09:10:50 -0800] "GET /people/noz03.jpg HTTP/1.1" 200 45269 "-" "Mozilla/5.0 (X11; Fedora; Linux x86_64) AppleWebKit/537.36 (KHTML, like Gecko) Chrome/79.0.3945.117 Safari/537.36" "ysfine.com"
149.113.127.239 - - [01/Feb/2023:09:11:06 -0800] "GET /kobak/1014.jpg HTTP/1.1" 200 125873 "https://www.google.com.tw/" "Mozilla/5.0 (Windows NT 6.1; Win64; x64; rv:78.0) Gecko/20100101 Firefox/78.0" "ysfine.com"
40.77.167.192 - - [01/Feb/2023:09:11:33 -0800] "GET /bio/kobak/soraech.html HTTP/1.1" 404 88 "-" "Mozilla/5.0 AppleWebKit/537.36 (KHTML, like Gecko; compatible; bingbot/2.0; +http://www.bing.com/bingbot.htm) Chrome/103.0.5060.134 Safari/537.36" "ysfine.com"
51.222.253.3 - - [01/Feb/2023:09:12:15 -0800] "GET /remote/wigner111/frame27.html HTTP/1.1" 200 534 "-" "Mozilla/5.0 (compatible; AhrefsBot/7.0; +http://ahrefs.com/robot/)" "ysfine.com"
185.191.171.22 - - [01/Feb/2023:09:13:41 -0800] "GET /maga/keigel.html HTTP/1.1" 200 6995 "-" "Mozilla/5.0 (compatible; SemrushBot/7~bl; +http://www.semrush.com/bot.html)" "ysfine.com"
144.202.25.134 - - [01/Feb/2023:09:15:06 -0800] "GET /yspapers/kim89.pdf HTTP/1.1" 200 304160 "-" "Mozilla" "ysfine.com"
144.202.25.134 - - [01/Feb/2023:09:15:08 -0800] "GET /yspapers/kim89.pdf HTTP/1.1" 200 304160 "-" "Mozilla" "ysfine.com"
207.46.13.104 - - [01/Feb/2023:09:15:50 -0800] "GET /bio/kobak/yskor.html HTTP/1.1" 404 88 "-" "Mozilla/5.0 AppleWebKit/537.36 (KHTML, like Gecko; compatible; bingbot/2.0; +http://www.bing.com/bingbot.htm) Chrome/103.0.5060.134 Safari/537.36" "ysfine.com"
185.191.171.11 - - [01/Feb/2023:09:16:27 -0800] "GET /einstein/evol.html HTTP/1.1" 200 3830 "-" "Mozilla/5.0 (compatible; SemrushBot/7~bl; +http://www.semrush.com/bot.html)" "ysfine.com"
207.46.13.64 - - [01/Feb/2023:09:16:54 -0800] "GET /kobak/mskim01.jpg HTTP/1.1" 200 76944 "-" "Mozilla/5.0 AppleWebKit/537.36 (KHTML, like Gecko; compatible; bingbot/2.0; +http://www.bing.com/bingbot.htm) Chrome/103.0.5060.134 Safari/537.36" "ysfine.com"
51.222.253.19 - - [01/Feb/2023:09:17:13 -0800] "GET /class54/class5470/total_data/sub_2106.htm HTTP/1.1" 200 3382 "-" "Mozilla/5.0 (compatible; AhrefsBot/7.0; +http://ahrefs.com/robot/)" "ysfine.com"
46.123.255.226 - - [01/Feb/2023:09:18:28 -0800] "GET /einstein/einbohr33.jpg HTTP/1.1" 200 87797 "https://www.google.com/" "Mozilla/5.0 (Linux; Android 10) AppleWebKit/537.36 (KHTML, like Gecko) Chrome/109.0.0.0 Mobile Safari/537.36" "ysfine.com"
199.47.82.18 - - [01/Feb/2023:09:18:40 -0800] "GET /robots.txt HTTP/1.1" 404 88 "-" "Turnitin (https://bit.ly/2UvnfoQ)" "ysfine.com"
52.167.144.86 - - [01/Feb/2023:09:18:40 -0800] "GET /bio/wigner/e(2).html HTTP/1.1" 404 88 "-" "Mozilla/5.0 AppleWebKit/537.36 (KHTML, like Gecko; compatible; bingbot/2.0; +http://www.bing.com/bingbot.htm) Chrome/103.0.5060.134 Safari/537.36" "ysfine.com"
199.47.82.18 - - [01/Feb/2023:09:18:41 -0800] "GET /robots.txt HTTP/1.1" 404 88 "-" "Turnitin (https://bit.ly/2UvnfoQ)" "ysfine.com"
199.47.82.18 - - [01/Feb/2023:09:18:41 -0800] "GET /robots.txt HTTP/1.1" 404 88 "-" "Turnitin (https://bit.ly/2UvnfoQ)" "www.ysfine.com"
199.47.82.18 - - [01/Feb/2023:09:18:41 -0800] "GET /robots.txt HTTP/1.1" 404 88 "-" "Turnitin (https://bit.ly/2UvnfoQ)" "www.ysfine.com"
199.47.82.18 - - [01/Feb/2023:09:18:42 -0800] "GET /dirac/dircanal.html HTTP/1.1" 200 3795 "-" "Turnitin (https://bit.ly/2UvnfoQ)" "www.ysfine.com"
199.47.82.18 - - [01/Feb/2023:09:18:42 -0800] "GET /dirac/dirkim.html HTTP/1.1" 200 3690 "-" "Turnitin (https://bit.ly/2UvnfoQ)" "www.ysfine.com"
199.47.82.18 - - [01/Feb/2023:09:18:43 -0800] "GET /dirac/dirmatrix.pdf HTTP/1.1" 200 12724 "-" "Turnitin (https://bit.ly/2UvnfoQ)" "www.ysfine.com"
199.47.82.18 - - [01/Feb/2023:09:18:44 -0800] "GET /dirac/einstein/evol.html HTTP/1.1" 404 88 "-" "Turnitin (https://bit.ly/2UvnfoQ)" "www.ysfine.com"
199.47.82.18 - - [01/Feb/2023:09:18:45 -0800] "GET /dirac/feynman/index.html HTTP/1.1" 404 88 "-" "Turnitin (https://bit.ly/2UvnfoQ)" "www.ysfine.com"
199.47.82.18 - - [01/Feb/2023:09:18:45 -0800] "GET /dirac/feynman/partons.html HTTP/1.1" 404 88 "-" "Turnitin (https://bit.ly/2UvnfoQ)" "www.ysfine.com"
199.47.82.18 - - [01/Feb/2023:09:18:46 -0800] "GET /dirac/home/yshome.html HTTP/1.1" 404 88 "-" "Turnitin (https://bit.ly/2UvnfoQ)" "www.ysfine.com"
199.47.82.18 - - [01/Feb/2023:09:18:46 -0800] "GET /dirac/kobak/soraech.html HTTP/1.1" 404 88 "-" "Turnitin (https://bit.ly/2UvnfoQ)" "www.ysfine.com"
207.46.13.64 - - [01/Feb/2023:09:18:46 -0800] "GET / HTTP/1.1" 200 5295 "-" "Mozilla/5.0 AppleWebKit/537.36 (KHTML, like Gecko; compatible; bingbot/2.0; +http://www.bing.com/bingbot.htm) Chrome/103.0.5060.134 Safari/537.36" "www.ysfine.com"
199.47.82.18 - - [01/Feb/2023:09:18:47 -0800] "GET /dirac/maga/hegel.html HTTP/1.1" 404 88 "-" "Turnitin (https://bit.ly/2UvnfoQ)" "www.ysfine.com"
199.47.82.18 - - [01/Feb/2023:09:18:47 -0800] "GET /dirac/princeton/yspage.html HTTP/1.1" 404 88 "-" "Turnitin (https://bit.ly/2UvnfoQ)" "www.ysfine.com"
199.47.82.18 - - [01/Feb/2023:09:18:48 -0800] "GET /dirac/style/beetho.html HTTP/1.1" 404 88 "-" "Turnitin (https://bit.ly/2UvnfoQ)" "www.ysfine.com"
199.47.82.18 - - [01/Feb/2023:09:18:48 -0800] "GET /dirac/style/stbot.html HTTP/1.1" 404 88 "-" "Turnitin (https://bit.ly/2UvnfoQ)" "www.ysfine.com"
199.47.82.18 - - [01/Feb/2023:09:18:49 -0800] "GET /dirac/wigner/gcontrac.html HTTP/1.1" 404 88 "-" "Turnitin (https://bit.ly/2UvnfoQ)" "www.ysfine.com"
199.47.82.18 - - [01/Feb/2023:09:18:49 -0800] "GET /dirac/wigner/index.html HTTP/1.1" 404 88 "-" "Turnitin (https://bit.ly/2UvnfoQ)" "www.ysfine.com"
199.47.82.18 - - [01/Feb/2023:09:18:50 -0800] "GET /dirac/wigner/wigner39.html HTTP/1.1" 404 88 "-" "Turnitin (https://bit.ly/2UvnfoQ)" "www.ysfine.com"
199.47.82.18 - - [01/Feb/2023:09:18:50 -0800] "GET /dirac/world/musplace.html HTTP/1.1" 404 88 "-" "Turnitin (https://bit.ly/2UvnfoQ)" "www.ysfine.com"
199.47.82.18 - - [01/Feb/2023:09:18:51 -0800] "GET /dirac/yspapers/kim89.pdf HTTP/1.1" 404 88 "-" "Turnitin (https://bit.ly/2UvnfoQ)" "www.ysfine.com"
199.47.82.18 - - [01/Feb/2023:09:18:51 -0800] "GET /dirac/yspapers/madrid19.pdf HTTP/1.1" 404 88 "-" "Turnitin (https://bit.ly/2UvnfoQ)" "www.ysfine.com"
199.47.82.18 - - [01/Feb/2023:09:18:52 -0800] "GET /dirac/yspapers/minsk19.pdf HTTP/1.1" 404 88 "-" "Turnitin (https://bit.ly/2UvnfoQ)" "www.ysfine.com"
199.47.82.18 - - [01/Feb/2023:09:18:52 -0800] "GET /dongio/roskei.html HTTP/1.1" 404 88 "-" "Turnitin (https://bit.ly/2UvnfoQ)" "www.ysfine.com"
199.47.82.18 - - [01/Feb/2023:09:18:53 -0800] "GET /dongio/russian.html HTTP/1.1" 404 88 "-" "Turnitin (https://bit.ly/2UvnfoQ)" "www.ysfine.com"
199.47.82.18 - - [01/Feb/2023:09:18:53 -0800] "GET /einstein/bern.html HTTP/1.1" 200 8314 "-" "Turnitin (https://bit.ly/2UvnfoQ)" "www.ysfine.com"
199.47.82.18 - - [01/Feb/2023:09:18:54 -0800] "GET /einstein/einplanck.html HTTP/1.1" 200 3502 "-" "Turnitin (https://bit.ly/2UvnfoQ)" "www.ysfine.com"
199.47.82.18 - - [01/Feb/2023:09:18:54 -0800] "GET /home/dwf33.html HTTP/1.1" 200 7188 "-" "Turnitin (https://bit.ly/2UvnfoQ)" "www.ysfine.com"
199.47.82.18 - - [01/Feb/2023:09:18:55 -0800] "GET /home/more.html HTTP/1.1" 200 3042 "-" "Turnitin (https://bit.ly/2UvnfoQ)" "www.ysfine.com"
199.47.82.18 - - [01/Feb/2023:09:18:55 -0800] "GET /home/pquartet.html HTTP/1.1" 200 4312 "-" "Turnitin (https://bit.ly/2UvnfoQ)" "www.ysfine.com"
199.47.82.18 - - [01/Feb/2023:09:18:56 -0800] "GET /home/yshome.html HTTP/1.1" 200 5634 "-" "Turnitin (https://bit.ly/2UvnfoQ)" "www.ysfine.com"
199.47.82.18 - - [01/Feb/2023:09:18:56 -0800] "GET /kobak/democr.html HTTP/1.1" 200 2199 "-" "Turnitin (https://bit.ly/2UvnfoQ)" "www.ysfine.com"
199.47.82.18 - - [01/Feb/2023:09:18:57 -0800] "GET /kobak/korart.html HTTP/1.1" 200 3759 "-" "Turnitin (https://bit.ly/2UvnfoQ)" "www.ysfine.com"
199.47.82.18 - - [01/Feb/2023:09:18:57 -0800] "GET /kobak/kwk.html HTTP/1.1" 200 5479 "-" "Turnitin (https://bit.ly/2UvnfoQ)" "www.ysfine.com"
199.47.82.18 - - [01/Feb/2023:09:18:58 -0800] "GET /kobak/namdae.html HTTP/1.1" 200 5295 "-" "Turnitin (https://bit.ly/2UvnfoQ)" "www.ysfine.com"
199.47.82.18 - - [01/Feb/2023:09:18:58 -0800] "GET /kobak/reposepho.html HTTP/1.1" 200 504 "-" "Turnitin (https://bit.ly/2UvnfoQ)" "www.ysfine.com"
199.47.82.18 - - [01/Feb/2023:09:18:59 -0800] "GET /kobak/shortw.html HTTP/1.1" 200 3128 "-" "Turnitin (https://bit.ly/2UvnfoQ)" "www.ysfine.com"
199.47.82.18 - - [01/Feb/2023:09:18:59 -0800] "GET /maga/einstein/index.html HTTP/1.1" 404 88 "-" "Turnitin (https://bit.ly/2UvnfoQ)" "www.ysfine.com"
199.47.82.18 - - [01/Feb/2023:09:19:00 -0800] "GET /maga/herod.html HTTP/1.1" 200 4341 "-" "Turnitin (https://bit.ly/2UvnfoQ)" "www.ysfine.com"
199.47.82.18 - - [01/Feb/2023:09:19:00 -0800] "GET /maga/home/index.html HTTP/1.1" 404 88 "-" "Turnitin (https://bit.ly/2UvnfoQ)" "www.ysfine.com"
199.47.82.18 - - [01/Feb/2023:09:19:01 -0800] "GET /maga/kant.html HTTP/1.1" 200 8714 "-" "Turnitin (https://bit.ly/2UvnfoQ)" "www.ysfine.com"
199.47.82.18 - - [01/Feb/2023:09:19:01 -0800] "GET /maga/keigel.html HTTP/1.1" 200 6995 "-" "Turnitin (https://bit.ly/2UvnfoQ)" "www.ysfine.com"
199.47.82.18 - - [01/Feb/2023:09:19:02 -0800] "GET /maga/schrodein.html HTTP/1.1" 304 - "-" "Turnitin (https://bit.ly/2UvnfoQ)" "www.ysfine.com"
199.47.82.18 - - [01/Feb/2023:09:19:02 -0800] "GET /maga/world/chinaw.html HTTP/1.1" 404 88 "-" "Turnitin (https://bit.ly/2UvnfoQ)" "www.ysfine.com"
199.47.82.18 - - [01/Feb/2023:09:19:03 -0800] "GET /maga/world/kalinin.html HTTP/1.1" 404 88 "-" "Turnitin (https://bit.ly/2UvnfoQ)" "www.ysfine.com"
199.47.82.18 - - [01/Feb/2023:09:19:03 -0800] "GET /manko/left.html HTTP/1.1" 304 - "-" "Turnitin (https://bit.ly/2UvnfoQ)" "www.ysfine.com"
199.47.82.18 - - [01/Feb/2023:09:19:04 -0800] "GET /newyork/ HTTP/1.1" 200 132 "-" "Turnitin (https://bit.ly/2UvnfoQ)" "www.ysfine.com"
199.47.82.18 - - [01/Feb/2023:09:19:04 -0800] "GET /princeton/prade.html HTTP/1.1" 200 9863 "-" "Turnitin (https://bit.ly/2UvnfoQ)" "www.ysfine.com"
199.47.82.18 - - [01/Feb/2023:09:19:05 -0800] "GET /style/digilit.html HTTP/1.1" 200 8470 "-" "Turnitin (https://bit.ly/2UvnfoQ)" "www.ysfine.com"
199.47.82.18 - - [01/Feb/2023:09:19:05 -0800] "GET /usca/pitt/carnlab11.pdf HTTP/1.1" 304 - "-" "Turnitin (https://bit.ly/2UvnfoQ)" "www.ysfine.com"
199.47.82.18 - - [01/Feb/2023:09:19:06 -0800] "GET /wdc/ HTTP/1.1" 200 141 "-" "Turnitin (https://bit.ly/2UvnfoQ)" "www.ysfine.com"
199.47.82.18 - - [01/Feb/2023:09:19:06 -0800] "GET /wdc/whouse.html HTTP/1.1" 200 291 "-" "Turnitin (https://bit.ly/2UvnfoQ)" "www.ysfine.com"
199.47.82.18 - - [01/Feb/2023:09:19:07 -0800] "GET /wisdom/einstein/index.html HTTP/1.1" 404 88 "-" "Turnitin (https://bit.ly/2UvnfoQ)" "www.ysfine.com"
199.47.82.18 - - [01/Feb/2023:09:19:07 -0800] "GET /wisdom/kobak/yskor.html HTTP/1.1" 404 88 "-" "Turnitin (https://bit.ly/2UvnfoQ)" "www.ysfine.com"
199.47.82.18 - - [01/Feb/2023:09:19:08 -0800] "GET /wisdom/maga/tesla.html HTTP/1.1" 404 88 "-" "Turnitin (https://bit.ly/2UvnfoQ)" "www.ysfine.com"
199.47.82.18 - - [01/Feb/2023:09:19:08 -0800] "GET /wisdom/more.html HTTP/1.1" 404 88 "-" "Turnitin (https://bit.ly/2UvnfoQ)" "www.ysfine.com"
199.47.82.18 - - [01/Feb/2023:09:19:09 -0800] "GET /wisdom/princeton/yspr.html HTTP/1.1" 404 88 "-" "Turnitin (https://bit.ly/2UvnfoQ)" "www.ysfine.com"
199.47.82.18 - - [01/Feb/2023:09:19:09 -0800] "GET /wisdom/style/ystyle.html HTTP/1.1" 404 88 "-" "Turnitin (https://bit.ly/2UvnfoQ)" "www.ysfine.com"
199.47.82.18 - - [01/Feb/2023:09:19:10 -0800] "GET /wisdom/world/ysworld.html HTTP/1.1" 404 88 "-" "Turnitin (https://bit.ly/2UvnfoQ)" "www.ysfine.com"
199.47.82.18 - - [01/Feb/2023:09:19:10 -0800] "GET /wisdom/yshome.html HTTP/1.1" 404 88 "-" "Turnitin (https://bit.ly/2UvnfoQ)" "www.ysfine.com"
199.47.82.18 - - [01/Feb/2023:09:19:11 -0800] "GET /wisdom/yspapers/index.html HTTP/1.1" 404 88 "-" "Turnitin (https://bit.ly/2UvnfoQ)" "www.ysfine.com"
199.47.82.18 - - [01/Feb/2023:09:19:11 -0800] "GET /world/arusas.html HTTP/1.1" 200 7834 "-" "Turnitin (https://bit.ly/2UvnfoQ)" "www.ysfine.com"
199.47.82.18 - - [01/Feb/2023:09:19:12 -0800] "GET /world/balkan/inophoto.html HTTP/1.1" 304 - "-" "Turnitin (https://bit.ly/2UvnfoQ)" "www.ysfine.com"
199.47.82.18 - - [01/Feb/2023:09:19:12 -0800] "GET /world/brit/etonharrow.html HTTP/1.1" 200 4544 "-" "Turnitin (https://bit.ly/2UvnfoQ)" "www.ysfine.com"
199.47.82.18 - - [01/Feb/2023:09:19:13 -0800] "GET /world/china/hongkong.html HTTP/1.1" 304 - "-" "Turnitin (https://bit.ly/2UvnfoQ)" "www.ysfine.com"
199.47.82.18 - - [01/Feb/2023:09:19:13 -0800] "GET /world/copen.html HTTP/1.1" 200 6582 "-" "Turnitin (https://bit.ly/2UvnfoQ)" "www.ysfine.com"
199.47.82.18 - - [01/Feb/2023:09:19:14 -0800] "GET /world/dubna.html HTTP/1.1" 304 - "-" "Turnitin (https://bit.ly/2UvnfoQ)" "www.ysfine.com"
199.47.82.18 - - [01/Feb/2023:09:19:14 -0800] "GET /world/friends/amkor/elena.html HTTP/1.1" 404 88 "-" "Turnitin (https://bit.ly/2UvnfoQ)" "www.ysfine.com"
199.47.82.18 - - [01/Feb/2023:09:19:15 -0800] "GET /world/friends/amkor/konurse.html HTTP/1.1" 404 88 "-" "Turnitin (https://bit.ly/2UvnfoQ)" "www.ysfine.com"
199.47.82.18 - - [01/Feb/2023:09:19:15 -0800] "GET /world/friends/chinaf.html HTTP/1.1" 404 88 "-" "Turnitin (https://bit.ly/2UvnfoQ)" "www.ysfine.com"
199.47.82.18 - - [01/Feb/2023:09:19:16 -0800] "GET /world/friends/fdleft.html HTTP/1.1" 404 88 "-" "Turnitin (https://bit.ly/2UvnfoQ)" "www.ysfine.com"
199.47.82.18 - - [01/Feb/2023:09:19:16 -0800] "GET /world/friends/garden.html HTTP/1.1" 404 88 "-" "Turnitin (https://bit.ly/2UvnfoQ)" "www.ysfine.com"
199.47.82.18 - - [01/Feb/2023:09:19:17 -0800] "GET /world/friends/korcasia.html HTTP/1.1" 404 88 "-" "Turnitin (https://bit.ly/2UvnfoQ)" "www.ysfine.com"
199.47.82.18 - - [01/Feb/2023:09:19:17 -0800] "GET /world/friends/russif.html HTTP/1.1" 404 88 "-" "Turnitin (https://bit.ly/2UvnfoQ)" "www.ysfine.com"
199.47.82.18 - - [01/Feb/2023:09:19:18 -0800] "GET /world/jeru.html HTTP/1.1" 304 - "-" "Turnitin (https://bit.ly/2UvnfoQ)" "www.ysfine.com"
199.47.82.18 - - [01/Feb/2023:09:19:18 -0800] "GET /world/kazan.html HTTP/1.1" 200 13929 "-" "Turnitin (https://bit.ly/2UvnfoQ)" "www.ysfine.com"
199.47.82.18 - - [01/Feb/2023:09:19:19 -0800] "GET /world/leipzig.html HTTP/1.1" 200 5731 "-" "Turnitin (https://bit.ly/2UvnfoQ)" "www.ysfine.com"
199.47.82.18 - - [01/Feb/2023:09:19:19 -0800] "GET /world/munich.html HTTP/1.1" 304 - "-" "Turnitin (https://bit.ly/2UvnfoQ)" "www.ysfine.com"
199.47.82.18 - - [01/Feb/2023:09:19:20 -0800] "GET /world/newyork/columbia.html HTTP/1.1" 304 - "-" "Turnitin (https://bit.ly/2UvnfoQ)" "www.ysfine.com"
199.47.82.18 - - [01/Feb/2023:09:19:20 -0800] "GET /world/newyork/nyc22.html HTTP/1.1" 304 - "-" "Turnitin (https://bit.ly/2UvnfoQ)" "www.ysfine.com"
199.47.82.18 - - [01/Feb/2023:09:19:21 -0800] "GET /world/newyork/nycity.html HTTP/1.1" 404 88 "-" "Turnitin (https://bit.ly/2UvnfoQ)" "www.ysfine.com"
199.47.82.18 - - [01/Feb/2023:09:19:21 -0800] "GET /world/russ/mosriver.html HTTP/1.1" 200 446 "-" "Turnitin (https://bit.ly/2UvnfoQ)" "www.ysfine.com"
199.47.82.18 - - [01/Feb/2023:09:19:22 -0800] "GET /world/russ/msukor.html HTTP/1.1" 200 1055 "-" "Turnitin (https://bit.ly/2UvnfoQ)" "www.ysfine.com"
199.47.82.18 - - [01/Feb/2023:09:19:22 -0800] "GET /world/russ/spbpiano.html HTTP/1.1" 200 1667 "-" "Turnitin (https://bit.ly/2UvnfoQ)" "www.ysfine.com"
199.47.82.18 - - [01/Feb/2023:09:19:23 -0800] "GET /world/season.html HTTP/1.1" 304 - "-" "Turnitin (https://bit.ly/2UvnfoQ)" "www.ysfine.com"
199.47.82.18 - - [01/Feb/2023:09:19:23 -0800] "GET /world/stuttgart.html HTTP/1.1" 304 - "-" "Turnitin (https://bit.ly/2UvnfoQ)" "www.ysfine.com"
199.47.82.18 - - [01/Feb/2023:09:19:24 -0800] "GET /world/style/physmusic.html HTTP/1.1" 404 88 "-" "Turnitin (https://bit.ly/2UvnfoQ)" "www.ysfine.com"
199.47.82.18 - - [01/Feb/2023:09:19:24 -0800] "GET /world/style/webart.html HTTP/1.1" 404 88 "-" "Turnitin (https://bit.ly/2UvnfoQ)" "www.ysfine.com"
199.47.82.18 - - [01/Feb/2023:09:19:25 -0800] "GET /world/world/china11.html HTTP/1.1" 404 88 "-" "Turnitin (https://bit.ly/2UvnfoQ)" "www.ysfine.com"
199.47.82.18 - - [01/Feb/2023:09:19:25 -0800] "GET /world/world/china22.html HTTP/1.1" 404 88 "-" "Turnitin (https://bit.ly/2UvnfoQ)" "www.ysfine.com"
199.47.82.18 - - [01/Feb/2023:09:19:26 -0800] "GET /world/world/kalinin.html HTTP/1.1" 404 88 "-" "Turnitin (https://bit.ly/2UvnfoQ)" "www.ysfine.com"
199.47.82.18 - - [01/Feb/2023:09:19:26 -0800] "GET /world/world/visas.html HTTP/1.1" 404 88 "-" "Turnitin (https://bit.ly/2UvnfoQ)" "www.ysfine.com"
199.47.82.18 - - [01/Feb/2023:09:19:27 -0800] "GET /world/world/wdrigh.html HTTP/1.1" 404 88 "-" "Turnitin (https://bit.ly/2UvnfoQ)" "www.ysfine.com"
185.191.171.10 - - [01/Feb/2023:09:20:22 -0800] "GET /einstein/fieldstr.html HTTP/1.1" 200 4257 "-" "Mozilla/5.0 (compatible; SemrushBot/7~bl; +http://www.semrush.com/bot.html)" "ysfine.com"
78.57.161.236 - - [01/Feb/2023:09:20:44 -0800] "GET /dirac/wigsis11.jpg HTTP/1.1" 200 71741 "https://www.google.com/" "Mozilla/5.0 (Macintosh; Intel Mac OS X 10_15_7) AppleWebKit/605.1.15 (KHTML, like Gecko) Version/15.6 Safari/605.1.15" "ysfine.com"
40.77.167.192 - - [01/Feb/2023:09:20:47 -0800] "GET /bio.html HTTP/1.1" 200 18260 "-" "Mozilla/5.0 AppleWebKit/537.36 (KHTML, like Gecko; compatible; bingbot/2.0; +http://www.bing.com/bingbot.htm) Chrome/103.0.5060.134 Safari/537.36" "ysfine.com"
52.167.144.86 - - [01/Feb/2023:09:21:49 -0800] "GET /sbk/2007gengiz.jpg HTTP/1.1" 200 68995 "-" "Mozilla/5.0 AppleWebKit/537.36 (KHTML, like Gecko; compatible; bingbot/2.0; +http://www.bing.com/bingbot.htm) Chrome/103.0.5060.134 Safari/537.36" "ysfine.com"
51.222.253.15 - - [01/Feb/2023:09:22:17 -0800] "GET /world/trier.html HTTP/1.1" 200 6488 "-" "Mozilla/5.0 (compatible; AhrefsBot/7.0; +http://ahrefs.com/robot/)" "ysfine.com"
216.244.66.229 - - [01/Feb/2023:09:22:42 -0800] "GET /einstein/maric11.jpg HTTP/1.1" 200 98074 "-" "Mozilla/5.0 (compatible; DotBot/1.2; +https://opensiteexplorer.org/dotbot; help@moz.com)" "www.ysfine.com"
216.244.66.229 - - [01/Feb/2023:09:23:21 -0800] "GET /ffriends/greekphys01.jpg HTTP/1.1" 200 174531 "-" "Mozilla/5.0 (compatible; DotBot/1.2; +https://opensiteexplorer.org/dotbot; help@moz.com)" "www.ysfine.com"
69.117.210.32 - - [01/Feb/2023:09:23:54 -0800] "GET /kobak/mskim06.jpg HTTP/1.1" 200 60654 "https://www.google.com/" "Mozilla/5.0 (Macintosh; Intel Mac OS X 10.15; rv:109.0) Gecko/20100101 Firefox/109.0" "ysfine.com"
17.241.219.215 - - [01/Feb/2023:09:24:07 -0800] "GET /kobak/underw81.pdf HTTP/1.1" 200 2013682 "-" "Mozilla/5.0 (Macintosh; Intel Mac OS X 10_15_5) AppleWebKit/605.1.15 (KHTML, like Gecko) Version/13.1.1 Safari/605.1.15 (Applebot/0.1; +http://www.apple.com/go/applebot)" "www.ysfine.com"
40.77.167.192 - - [01/Feb/2023:09:24:07 -0800] "GET /bio/eink/buythisbook.html HTTP/1.1" 404 88 "-" "Mozilla/5.0 AppleWebKit/537.36 (KHTML, like Gecko; compatible; bingbot/2.0; +http://www.bing.com/bingbot.htm) Chrome/103.0.5060.134 Safari/537.36" "ysfine.com"
94.27.160.161 - - [01/Feb/2023:09:25:06 -0800] "GET /kobak/1014b.jpg HTTP/1.1" 200 42115 "https://www.google.com/" "Mozilla/5.0 (Windows NT 10.0; Win64; x64) AppleWebKit/537.36 (KHTML, like Gecko) Chrome/108.0.0.0 Safari/537.36 OPR/94.0.0.0" "ysfine.com"
17.241.75.207 - - [01/Feb/2023:09:25:35 -0800] "GET /articles/cylin.pdf HTTP/1.1" 401 90 "-" "Mozilla/5.0 (Macintosh; Intel Mac OS X 10_15_5) AppleWebKit/605.1.15 (KHTML, like Gecko) Version/13.1.1 Safari/605.1.15 (Applebot/0.1; +http://www.apple.com/go/applebot)" "ysfine.com"
52.167.144.39 - - [01/Feb/2023:09:26:07 -0800] "GET /kobak/swr64.jpg HTTP/1.1" 200 183175 "-" "Mozilla/5.0 AppleWebKit/537.36 (KHTML, like Gecko; compatible; bingbot/2.0; +http://www.bing.com/bingbot.htm) Chrome/103.0.5060.134 Safari/537.36" "ysfine.com"
94.27.160.161 - - [01/Feb/2023:09:26:43 -0800] "GET /kobak/1014.jpg HTTP/1.1" 200 125873 "https://www.google.com/" "Mozilla/5.0 (Windows NT 10.0; Win64; x64) AppleWebKit/537.36 (KHTML, like Gecko) Chrome/108.0.0.0 Safari/537.36 OPR/94.0.0.0" "ysfine.com"
51.222.253.11 - - [01/Feb/2023:09:27:10 -0800] "GET /class54/class5470/total_data/sub_2124.htm HTTP/1.1" 200 3389 "-" "Mozilla/5.0 (compatible; AhrefsBot/7.0; +http://ahrefs.com/robot/)" "ysfine.com"
51.222.253.16 - - [01/Feb/2023:09:27:12 -0800] "GET /class54/class5470/total_data/photo_img/2-124.jpg HTTP/1.1" 200 155772 "-" "Mozilla/5.0 (compatible; AhrefsBot/7.0; +http://ahrefs.com/robot/)" "ysfine.com"
52.167.144.62 - - [01/Feb/2023:09:28:05 -0800] "GET /einstein/muon2.jpg HTTP/1.1" 200 41017 "-" "Mozilla/5.0 AppleWebKit/537.36 (KHTML, like Gecko; compatible; bingbot/2.0; +http://www.bing.com/bingbot.htm) Chrome/103.0.5060.134 Safari/537.36" "ysfine.com"
116.179.32.32 - - [01/Feb/2023:09:29:56 -0800] "GET /dirac/dirheisen.html HTTP/1.1" 304 - "-" "Mozilla/5.0 (Linux;u;Android 4.2.2;zh-cn;) AppleWebKit/534.46 (KHTML,like Gecko) Version/5.1 Mobile Safari/10600.6.3 (compatible; Baiduspider/2.0; +http://www.baidu.com/search/spider.html)" "ysfine.com"
220.181.108.110 - - [01/Feb/2023:09:29:57 -0800] "GET /dirac/dirheisen.html HTTP/1.1" 304 - "-" "Mozilla/5.0 (compatible; Baiduspider/2.0; +http://www.baidu.com/search/spider.html)" "ysfine.com"
47.246.164.141 - - [01/Feb/2023:09:30:10 -0800] "GET /style/smithonian.jpg HTTP/1.1" 200 88645 "-" "Mozilla/5.0 (X11; Ubuntu; Linux x86_64; rv:72.0) Gecko/20100101 Firefox/72.0" "ysfine.com"
98.110.59.217 - - [01/Feb/2023:09:30:20 -0800] "GET /einstein/einwalk650.jpg HTTP/1.1" 200 58253 "https://www.google.com/" "Mozilla/5.0 (Windows NT 10.0; Win64; x64) AppleWebKit/537.36 (KHTML, like Gecko) Chrome/109.0.0.0 Safari/537.36" "ysfine.com"
40.77.167.192 - - [01/Feb/2023:09:30:31 -0800] "GET /world/hungary/buda219.jpg HTTP/1.1" 200 329890 "-" "Mozilla/5.0 AppleWebKit/537.36 (KHTML, like Gecko; compatible; bingbot/2.0; +http://www.bing.com/bingbot.htm) Chrome/103.0.5060.134 Safari/537.36" "www.ysfine.com"
52.167.144.86 - - [01/Feb/2023:09:30:50 -0800] "GET /world/ital/sorrento01.jpg HTTP/1.1" 200 129292 "-" "Mozilla/5.0 AppleWebKit/537.36 (KHTML, like Gecko; compatible; bingbot/2.0; +http://www.bing.com/bingbot.htm) Chrome/103.0.5060.134 Safari/537.36" "ysfine.com"
98.110.59.217 - - [01/Feb/2023:09:30:55 -0800] "GET /einstein/einabel.html HTTP/1.1" 200 5982 "https://www.google.com/" "Mozilla/5.0 (Windows NT 10.0; Win64; x64) AppleWebKit/537.36 (KHTML, like Gecko) Chrome/109.0.0.0 Safari/537.36" "ysfine.com"
98.110.59.217 - - [01/Feb/2023:09:30:55 -0800] "GET /einstein/goedel54b.jpg HTTP/1.1" 200 40926 "https://ysfine.com/einstein/einabel.html" "Mozilla/5.0 (Windows NT 10.0; Win64; x64) AppleWebKit/537.36 (KHTML, like Gecko) Chrome/109.0.0.0 Safari/537.36" "ysfine.com"
98.110.59.217 - - [01/Feb/2023:09:30:55 -0800] "GET /einstein/einhouse650.jpg HTTP/1.1" 200 43065 "https://ysfine.com/einstein/einabel.html" "Mozilla/5.0 (Windows NT 10.0; Win64; x64) AppleWebKit/537.36 (KHTML, like Gecko) Chrome/109.0.0.0 Safari/537.36" "ysfine.com"
98.110.59.217 - - [01/Feb/2023:09:30:55 -0800] "GET /einstein/einglaub01b.jpg HTTP/1.1" 200 48405 "https://ysfine.com/einstein/einabel.html" "Mozilla/5.0 (Windows NT 10.0; Win64; x64) AppleWebKit/537.36 (KHTML, like Gecko) Chrome/109.0.0.0 Safari/537.36" "ysfine.com"
98.110.59.217 - - [01/Feb/2023:09:30:55 -0800] "GET /einstein/einwheel53b.jpg HTTP/1.1" 200 47055 "https://ysfine.com/einstein/einabel.html" "Mozilla/5.0 (Windows NT 10.0; Win64; x64) AppleWebKit/537.36 (KHTML, like Gecko) Chrome/109.0.0.0 Safari/537.36" "ysfine.com"
98.110.59.217 - - [01/Feb/2023:09:30:55 -0800] "GET /maga/phys/yukaein2.jpg HTTP/1.1" 200 42863 "https://ysfine.com/einstein/einabel.html" "Mozilla/5.0 (Windows NT 10.0; Win64; x64) AppleWebKit/537.36 (KHTML, like Gecko) Chrome/109.0.0.0 Safari/537.36" "ysfine.com"
98.110.59.217 - - [01/Feb/2023:09:30:55 -0800] "GET /einstein/einwheel84b.jpg HTTP/1.1" 200 53278 "https://ysfine.com/einstein/einabel.html" "Mozilla/5.0 (Windows NT 10.0; Win64; x64) AppleWebKit/537.36 (KHTML, like Gecko) Chrome/109.0.0.0 Safari/537.36" "ysfine.com"
98.110.59.217 - - [01/Feb/2023:09:30:55 -0800] "GET /einstein/einwheel70b.jpg HTTP/1.1" 200 38692 "https://ysfine.com/einstein/einabel.html" "Mozilla/5.0 (Windows NT 10.0; Win64; x64) AppleWebKit/537.36 (KHTML, like Gecko) Chrome/109.0.0.0 Safari/537.36" "ysfine.com"
98.110.59.217 - - [01/Feb/2023:09:30:55 -0800] "GET /einstein/einwalk650.jpg HTTP/1.1" 200 58253 "https://ysfine.com/einstein/einabel.html" "Mozilla/5.0 (Windows NT 10.0; Win64; x64) AppleWebKit/537.36 (KHTML, like Gecko) Chrome/109.0.0.0 Safari/537.36" "ysfine.com"
98.110.59.217 - - [01/Feb/2023:09:30:55 -0800] "GET /princeton/prospectg22b.jpg HTTP/1.1" 200 49786 "https://ysfine.com/einstein/einabel.html" "Mozilla/5.0 (Windows NT 10.0; Win64; x64) AppleWebKit/537.36 (KHTML, like Gecko) Chrome/109.0.0.0 Safari/537.36" "ysfine.com"
98.110.59.217 - - [01/Feb/2023:09:30:55 -0800] "GET /feynman/feyprince2.jpg HTTP/1.1" 200 49143 "https://ysfine.com/einstein/einabel.html" "Mozilla/5.0 (Windows NT 10.0; Win64; x64) AppleWebKit/537.36 (KHTML, like Gecko) Chrome/109.0.0.0 Safari/537.36" "ysfine.com"
98.110.59.217 - - [01/Feb/2023:09:30:55 -0800] "GET /einstein/einbohr11b.jpg HTTP/1.1" 200 37538 "https://ysfine.com/einstein/einabel.html" "Mozilla/5.0 (Windows NT 10.0; Win64; x64) AppleWebKit/537.36 (KHTML, like Gecko) Chrome/109.0.0.0 Safari/537.36" "ysfine.com"
98.110.59.217 - - [01/Feb/2023:09:30:55 -0800] "GET /dirac/sq73b.jpg HTTP/1.1" 200 49918 "https://ysfine.com/einstein/einabel.html" "Mozilla/5.0 (Windows NT 10.0; Win64; x64) AppleWebKit/537.36 (KHTML, like Gecko) Chrome/109.0.0.0 Safari/537.36" "ysfine.com"
98.110.59.217 - - [01/Feb/2023:09:30:55 -0800] "GET /eink/eink61c.jpg HTTP/1.1" 200 34119 "https://ysfine.com/einstein/einabel.html" "Mozilla/5.0 (Windows NT 10.0; Win64; x64) AppleWebKit/537.36 (KHTML, like Gecko) Chrome/109.0.0.0 Safari/537.36" "ysfine.com"
98.110.59.217 - - [01/Feb/2023:09:30:55 -0800] "GET /maga/phys/yukaheisen58b.jpg HTTP/1.1" 200 34699 "https://ysfine.com/einstein/einabel.html" "Mozilla/5.0 (Windows NT 10.0; Win64; x64) AppleWebKit/537.36 (KHTML, like Gecko) Chrome/109.0.0.0 Safari/537.36" "ysfine.com"
98.110.59.217 - - [01/Feb/2023:09:30:55 -0800] "GET /einstein/einbohr22b.jpg HTTP/1.1" 200 42030 "https://ysfine.com/einstein/einabel.html" "Mozilla/5.0 (Windows NT 10.0; Win64; x64) AppleWebKit/537.36 (KHTML, like Gecko) Chrome/109.0.0.0 Safari/537.36" "ysfine.com"
98.110.59.217 - - [01/Feb/2023:09:30:55 -0800] "GET /einstein/dff11b.jpg HTTP/1.1" 200 20896 "https://ysfine.com/einstein/einabel.html" "Mozilla/5.0 (Windows NT 10.0; Win64; x64) AppleWebKit/537.36 (KHTML, like Gecko) Chrome/109.0.0.0 Safari/537.36" "ysfine.com"
98.110.59.217 - - [01/Feb/2023:09:30:55 -0800] "GET /einstein/evol22b.jpg HTTP/1.1" 200 29614 "https://ysfine.com/einstein/einabel.html" "Mozilla/5.0 (Windows NT 10.0; Win64; x64) AppleWebKit/537.36 (KHTML, like Gecko) Chrome/109.0.0.0 Safari/537.36" "ysfine.com"
98.110.59.217 - - [01/Feb/2023:09:30:55 -0800] "GET /einstein/jsbell02b.jpg HTTP/1.1" 200 27021 "https://ysfine.com/einstein/einabel.html" "Mozilla/5.0 (Windows NT 10.0; Win64; x64) AppleWebKit/537.36 (KHTML, like Gecko) Chrome/109.0.0.0 Safari/537.36" "ysfine.com"
98.110.59.217 - - [01/Feb/2023:09:30:55 -0800] "GET /maga/phys/yukaheisen67b.jpg HTTP/1.1" 200 42036 "https://ysfine.com/einstein/einabel.html" "Mozilla/5.0 (Windows NT 10.0; Win64; x64) AppleWebKit/537.36 (KHTML, like Gecko) Chrome/109.0.0.0 Safari/537.36" "ysfine.com"
52.167.144.62 - - [01/Feb/2023:09:30:56 -0800] "GET /bio/style/proschanie.html HTTP/1.1" 404 88 "-" "Mozilla/5.0 AppleWebKit/537.36 (KHTML, like Gecko; compatible; bingbot/2.0; +http://www.bing.com/bingbot.htm) Chrome/103.0.5060.134 Safari/537.36" "ysfine.com"
52.167.144.86 - - [01/Feb/2023:09:31:11 -0800] "GET /world/ital/capri01.jpg HTTP/1.1" 200 84776 "-" "Mozilla/5.0 AppleWebKit/537.36 (KHTML, like Gecko; compatible; bingbot/2.0; +http://www.bing.com/bingbot.htm) Chrome/103.0.5060.134 Safari/537.36" "ysfine.com"
52.167.144.62 - - [01/Feb/2023:09:31:44 -0800] "GET /princeton/adulles2.jpg HTTP/1.1" 200 51260 "-" "Mozilla/5.0 AppleWebKit/537.36 (KHTML, like Gecko; compatible; bingbot/2.0; +http://www.bing.com/bingbot.htm) Chrome/103.0.5060.134 Safari/537.36" "ysfine.com"
51.222.253.19 - - [01/Feb/2023:09:32:10 -0800] "GET /remote/sisfa12aa/index.html HTTP/1.1" 200 148 "-" "Mozilla/5.0 (compatible; AhrefsBot/7.0; +http://ahrefs.com/robot/)" "ysfine.com"
52.167.144.62 - - [01/Feb/2023:09:32:25 -0800] "GET /sbk/1964ford11.jpg HTTP/1.1" 200 214492 "-" "Mozilla/5.0 AppleWebKit/537.36 (KHTML, like Gecko; compatible; bingbot/2.0; +http://www.bing.com/bingbot.htm) Chrome/103.0.5060.134 Safari/537.36" "www.ysfine.com"
216.244.66.229 - - [01/Feb/2023:09:32:26 -0800] "GET /ffriends/amkor/amny07.jpg HTTP/1.1" 200 215413 "-" "Mozilla/5.0 (compatible; DotBot/1.2; +https://opensiteexplorer.org/dotbot; help@moz.com)" "www.ysfine.com"
189.40.88.163 - - [01/Feb/2023:09:32:31 -0800] "GET /wigner/neum/vnc01.jpg HTTP/1.1" 200 133641 "-" "Mozilla/5.0 (iPhone; CPU iPhone OS 14_8 like Mac OS X) AppleWebKit/605.1.15 (KHTML, like Gecko) GSA/248.1.504392274 Mobile/15E148 Safari/604.1" "ysfine.com"
52.167.144.39 - - [01/Feb/2023:09:33:45 -0800] "GET /sbk/2007waw33.jpg HTTP/1.1" 200 124686 "-" "Mozilla/5.0 AppleWebKit/537.36 (KHTML, like Gecko; compatible; bingbot/2.0; +http://www.bing.com/bingbot.htm) Chrome/103.0.5060.134 Safari/537.36" "ysfine.com"
52.167.144.62 - - [01/Feb/2023:09:34:04 -0800] "GET /maga/herod.html HTTP/1.1" 304 - "-" "Mozilla/5.0 AppleWebKit/537.36 (KHTML, like Gecko; compatible; bingbot/2.0; +http://www.bing.com/bingbot.htm) Chrome/103.0.5060.134 Safari/537.36" "www.ysfine.com"
38.55.99.82 - - [01/Feb/2023:09:35:06 -0800] "GET / HTTP/1.1" 200 5295 "http://www.ysfine.com" "Mozilla/5.0 (Windows NT 10.0; WOW64) AppleWebKit/537.36 (KHTML, like Gecko) Chrome/86.0.4240.198 Safari/537.36" "www.ysfine.com"
118.184.177.49 - - [01/Feb/2023:09:35:42 -0800] "GET / HTTP/1.1" 200 5295 "-" "Sogou web spider/4.0(+http://www.sogou.com/docs/help/webmasters.htm#07)" "www.ysfine.com"
3.226.119.137 - - [01/Feb/2023:09:36:06 -0800] "GET /feynman/feybongo.jpg HTTP/1.1" 200 47448 "-" "Mozilla/5.0 (Windows NT 10.0; Win64; x64) AppleWebKit/537.36 (KHTML, like Gecko) Chrome/63.0.3239.132 Safari/537.36" "ysfine.com"
3.225.11.5 - - [01/Feb/2023:09:36:06 -0800] "GET /feynman/feynman.jpg HTTP/1.1" 200 40536 "-" "Mozilla/5.0 (Macintosh; Intel Mac OS X 10.13; rv:57.0) Gecko/20100101 Firefox/57.0" "ysfine.com"
52.167.144.39 - - [01/Feb/2023:09:36:34 -0800] "GET /bio/kobak/namdae.html HTTP/1.1" 404 88 "-" "Mozilla/5.0 AppleWebKit/537.36 (KHTML, like Gecko; compatible; bingbot/2.0; +http://www.bing.com/bingbot.htm) Chrome/103.0.5060.134 Safari/537.36" "ysfine.com"
51.222.253.10 - - [01/Feb/2023:09:36:51 -0800] "GET /wdc/umd.html HTTP/1.1" 200 3139 "-" "Mozilla/5.0 (compatible; AhrefsBot/7.0; +http://ahrefs.com/robot/)" "www.ysfine.com"
51.222.253.18 - - [01/Feb/2023:09:36:55 -0800] "GET /wdc/umd02b.jpg HTTP/1.1" 200 40335 "-" "Mozilla/5.0 (compatible; AhrefsBot/7.0; +http://ahrefs.com/robot/)" "www.ysfine.com"
51.222.253.11 - - [01/Feb/2023:09:36:56 -0800] "GET /wdc/umd03b.jpg HTTP/1.1" 200 34740 "-" "Mozilla/5.0 (compatible; AhrefsBot/7.0; +http://ahrefs.com/robot/)" "www.ysfine.com"
52.167.144.86 - - [01/Feb/2023:09:37:01 -0800] "GET /bio/princeton/campus.html HTTP/1.1" 404 88 "-" "Mozilla/5.0 AppleWebKit/537.36 (KHTML, like Gecko; compatible; bingbot/2.0; +http://www.bing.com/bingbot.htm) Chrome/103.0.5060.134 Safari/537.36" "ysfine.com"
51.222.253.18 - - [01/Feb/2023:09:37:07 -0800] "GET /wdc/umdbarn01b.jpg HTTP/1.1" 200 42668 "-" "Mozilla/5.0 (compatible; AhrefsBot/7.0; +http://ahrefs.com/robot/)" "www.ysfine.com"
51.222.253.5 - - [01/Feb/2023:09:37:11 -0800] "GET /people/towhee2.jpg HTTP/1.1" 200 32584 "-" "Mozilla/5.0 (compatible; AhrefsBot/7.0; +http://ahrefs.com/robot/)" "www.ysfine.com"
51.222.253.1 - - [01/Feb/2023:09:37:13 -0800] "GET /wdc/umd06b.jpg HTTP/1.1" 200 34590 "-" "Mozilla/5.0 (compatible; AhrefsBot/7.0; +http://ahrefs.com/robot/)" "www.ysfine.com"
51.222.253.12 - - [01/Feb/2023:09:37:16 -0800] "GET /feynman/jacdrum2.jpg HTTP/1.1" 200 49846 "-" "Mozilla/5.0 (compatible; AhrefsBot/7.0; +http://ahrefs.com/robot/)" "www.ysfine.com"
51.222.253.17 - - [01/Feb/2023:09:37:18 -0800] "GET /wdc/facu63b.jpg HTTP/1.1" 200 47674 "-" "Mozilla/5.0 (compatible; AhrefsBot/7.0; +http://ahrefs.com/robot/)" "www.ysfine.com"
170.64.162.141 - - [01/Feb/2023:09:38:39 -0800] "GET /wp-includes/wlwmanifest.xml HTTP/1.1" 404 73 "-" "Mozilla/5.0 (Windows NT 10.0; Win64; x64) AppleWebKit/537.36 (KHTML, like Gecko) Chrome/80.0.3987.149 Safari/537.36" "ysfine.com"
170.64.162.141 - - [01/Feb/2023:09:38:40 -0800] "GET /xmlrpc.php?rsd HTTP/1.1" 404 73 "-" "Mozilla/5.0 (Windows NT 10.0; Win64; x64) AppleWebKit/537.36 (KHTML, like Gecko) Chrome/80.0.3987.149 Safari/537.36" "ysfine.com"
170.64.162.141 - - [01/Feb/2023:09:38:41 -0800] "GET / HTTP/1.1" 200 15915 "-" "Mozilla/5.0 (Windows NT 10.0; Win64; x64) AppleWebKit/537.36 (KHTML, like Gecko) Chrome/80.0.3987.149 Safari/537.36" "ysfine.com"
170.64.162.141 - - [01/Feb/2023:09:38:47 -0800] "GET /news/wp-includes/wlwmanifest.xml HTTP/1.1" 404 73 "-" "Mozilla/5.0 (Windows NT 10.0; Win64; x64) AppleWebKit/537.36 (KHTML, like Gecko) Chrome/80.0.3987.149 Safari/537.36" "ysfine.com"
170.64.162.141 - - [01/Feb/2023:09:38:47 -0800] "GET /2018/wp-includes/wlwmanifest.xml HTTP/1.1" 404 73 "-" "Mozilla/5.0 (Windows NT 10.0; Win64; x64) AppleWebKit/537.36 (KHTML, like Gecko) Chrome/80.0.3987.149 Safari/537.36" "ysfine.com"
170.64.162.141 - - [01/Feb/2023:09:38:50 -0800] "GET /wp1/wp-includes/wlwmanifest.xml HTTP/1.1" 404 73 "-" "Mozilla/5.0 (Windows NT 10.0; Win64; x64) AppleWebKit/537.36 (KHTML, like Gecko) Chrome/80.0.3987.149 Safari/537.36" "ysfine.com"
170.64.162.141 - - [01/Feb/2023:09:38:53 -0800] "GET /wp2/wp-includes/wlwmanifest.xml HTTP/1.1" 404 73 "-" "Mozilla/5.0 (Windows NT 10.0; Win64; x64) AppleWebKit/537.36 (KHTML, like Gecko) Chrome/80.0.3987.149 Safari/537.36" "ysfine.com"
170.64.162.141 - - [01/Feb/2023:09:38:54 -0800] "GET /site/wp-includes/wlwmanifest.xml HTTP/1.1" 404 73 "-" "Mozilla/5.0 (Windows NT 10.0; Win64; x64) AppleWebKit/537.36 (KHTML, like Gecko) Chrome/80.0.3987.149 Safari/537.36" "ysfine.com"
170.64.162.141 - - [01/Feb/2023:09:38:55 -0800] "GET /cms/wp-includes/wlwmanifest.xml HTTP/1.1" 404 73 "-" "Mozilla/5.0 (Windows NT 10.0; Win64; x64) AppleWebKit/537.36 (KHTML, like Gecko) Chrome/80.0.3987.149 Safari/537.36" "ysfine.com"
170.64.162.141 - - [01/Feb/2023:09:38:56 -0800] "GET /sito/wp-includes/wlwmanifest.xml HTTP/1.1" 404 73 "-" "Mozilla/5.0 (Windows NT 10.0; Win64; x64) AppleWebKit/537.36 (KHTML, like Gecko) Chrome/80.0.3987.149 Safari/537.36" "ysfine.com"
66.249.64.170 - - [01/Feb/2023:09:39:48 -0800] "GET /class54/minkk.pdf HTTP/1.1" 200 805339 "-" "Mozilla/5.0 (Windows NT 10.0; Win64; x64)AppleWebKit/537.36 (KHTML, like Gecko) Chrome/91.0.4472.101 Safari/537.36 (compatible; GoogleOther)" "www.ysfine.com"
51.222.253.9 - - [01/Feb/2023:09:42:09 -0800] "GET /class54/class5470/total_data/sub_2107.htm HTTP/1.1" 200 3382 "-" "Mozilla/5.0 (compatible; AhrefsBot/7.0; +http://ahrefs.com/robot/)" "ysfine.com"
207.46.13.104 - - [01/Feb/2023:09:42:10 -0800] "GET /bio/sbk/1950.html HTTP/1.1" 404 88 "-" "Mozilla/5.0 AppleWebKit/537.36 (KHTML, like Gecko; compatible; bingbot/2.0; +http://www.bing.com/bingbot.htm) Chrome/103.0.5060.134 Safari/537.36" "ysfine.com"
185.191.171.19 - - [01/Feb/2023:09:42:24 -0800] "GET /kowar/war45.html HTTP/1.1" 200 12086 "-" "Mozilla/5.0 (compatible; SemrushBot/7~bl; +http://www.semrush.com/bot.html)" "ysfine.com"
103.113.66.42 - - [01/Feb/2023:09:42:29 -0800] "GET /einstein/heisenberg.html HTTP/1.1" 200 10552 "-" "Mozilla/5.0 (Windows NT 10.0; Win64; x64) AppleWebKit/537.36 (KHTML, like Gecko) Chrome/109.0.0.0 Safari/537.36" "ysfine.com"
52.167.144.39 - - [01/Feb/2023:09:42:56 -0800] "GET /einstein/jsbell01b.jpg HTTP/1.1" 200 33090 "-" "Mozilla/5.0 AppleWebKit/537.36 (KHTML, like Gecko; compatible; bingbot/2.0; +http://www.bing.com/bingbot.htm) Chrome/103.0.5060.134 Safari/537.36" "www.ysfine.com"
54.236.1.11 - - [01/Feb/2023:09:43:51 -0800] "GET /robots.txt HTTP/1.1" 404 88 "-" "Mozilla/5.0 (compatible; Pinterestbot/1.0; +http://www.pinterest.com/bot.html)" "ysfine.com"
54.236.1.11 - - [01/Feb/2023:09:43:51 -0800] "GET /feynman/feydirac270.jpg HTTP/1.1" 200 59000 "-" "Mozilla/5.0 (compatible; Pinterestbot/1.0; +http://www.pinterest.com/bot.html)" "ysfine.com"
58.54.0.132 - - [01/Feb/2023:09:44:27 -0800] "GET /world/germany/hegel02.jpg HTTP/1.1" 200 94009 "-" "Mozilla/4.0 (compatible; MSIE 7.0; Windows NT 5.1; 360SE)" "ysfine.com"
69.194.143.140 - - [01/Feb/2023:09:44:27 -0800] "GET /ads.txt HTTP/1.1" 404 88 "-" "Mozilla/5.0 (Macintosh; Intel Mac OS X 10_15_7) AppleWebKit/537.36 (KHTML, like Gecko) Chrome/107.0.0.0 Safari/537.36" "ysfine.com"
69.194.143.140 - - [01/Feb/2023:09:44:28 -0800] "GET /ads.txt HTTP/1.1" 404 88 "-" "Mozilla/5.0 (Macintosh; Intel Mac OS X 10_15_7) AppleWebKit/537.36 (KHTML, like Gecko) Chrome/107.0.0.0 Safari/537.36" "ysfine.com"
207.46.13.64 - - [01/Feb/2023:09:44:37 -0800] "GET /world/russ/kiev045.jpg HTTP/1.1" 200 86599 "-" "Mozilla/5.0 AppleWebKit/537.36 (KHTML, like Gecko; compatible; bingbot/2.0; +http://www.bing.com/bingbot.htm) Chrome/103.0.5060.134 Safari/537.36" "ysfine.com"
27.156.82.37 - - [01/Feb/2023:09:44:42 -0800] "GET /world/germany/hegel07.jpg HTTP/1.1" 200 69143 "-" "Mozilla/4.0 (compatible; MSIE 7.0; Windows NT 5.1; 360SE)" "ysfine.com"
34.213.22.205 - - [01/Feb/2023:09:44:52 -0800] "GET /world/brit/etonharrow.html HTTP/1.1" 200 12388 "-" "Mozilla/5.0 (Windows NT 10.0; Win64; x64) AppleWebKit/537.36 (KHTML, like Gecko) Chrome/105.0.0.0 Safari/537.36" "ysfine.com"
5.188.210.30 - - [01/Feb/2023:09:44:59 -0800] "GET /world/visas.html HTTP/1.1" 200 7643 "https://www.ysfine.com/world/visas.html" "Mozilla/5.0 (Windows NT 10.0; Win64; x64) AppleWebKit/537.36 (KHTML, like Gecko) Chrome/90.0.4430.72 Safari/537.36 Edg/90.0.818.42" "www.ysfine.com"
142.154.144.110 - - [01/Feb/2023:09:45:00 -0800] "GET /world/france/arusas01.jpg HTTP/1.1" 200 364636 "https://images.search.yahoo.com/search/images;_ylt=AwrFNWIBpdpjCawD_D6JzbkF;_ylu=c2VjA3NlYXJjaARzbGsDYnV0dG9u;_ylc=X1MDOTYwNjI4NTcEX3IDMgRmcgNtY2FmZWUEZnIyA3A6cyx2OmksbTpzYi10b3AEZ3ByaWQDLjNJMlBFWFVTVUM0UmE0Qk5VNUZ0QQRuX3JzbHQDMARuX3N1Z2cDMARvcmlnaW4DaW1hZ2VzLnNlYXJjaC55YWhvby5jb20EcG9zAzAEcHFzdHIDBHBxc3RybAMwBHFzdHJsAzE4BHF1ZXJ5A3JpdmVycyUyMGZyYW5jZSUyMDE3OTEEdF9zdG1wAzE2NzUyNzM0OTc-?p=rivers+france+1791&fr=mcafee&fr2=p%3As%2Cv%3Ai%2Cm%3Asb-top&ei=UTF-8&x=wrt&type=E211US885G0" "Mozilla/5.0 (Windows NT 10.0; Win64; x64) AppleWebKit/537.36 (KHTML, like Gecko) Chrome/109.0.0.0 Safari/537.36" "ysfine.com"
60.185.8.254 - - [01/Feb/2023:09:45:11 -0800] "GET /world/germany/hegel22.jpg HTTP/1.1" 200 68698 "-" "Mozilla/4.0 (compatible; MSIE 7.0; Windows NT 5.1; 360SE)" "ysfine.com"
221.225.196.134 - - [01/Feb/2023:09:45:37 -0800] "GET /world/germany/hegel13.jpg HTTP/1.1" 200 66979 "-" "Mozilla/4.0 (compatible; MSIE 8.0; Windows NT 6.0; Trident/4.0)" "ysfine.com"
207.46.13.104 - - [01/Feb/2023:09:45:50 -0800] "GET /bio/style/artlove.html HTTP/1.1" 404 88 "-" "Mozilla/5.0 AppleWebKit/537.36 (KHTML, like Gecko; compatible; bingbot/2.0; +http://www.bing.com/bingbot.htm) Chrome/103.0.5060.134 Safari/537.36" "ysfine.com"
192.76.8.86 - - [01/Feb/2023:09:46:01 -0800] "GET /wigner/wiglittle.pdf HTTP/1.1" 200 2659296 "https://www.google.com/" "Mozilla/5.0 (Macintosh; Intel Mac OS X 10_15_7) AppleWebKit/605.1.15 (KHTML, like Gecko) Version/14.1.2 Safari/605.1.15" "ysfine.com"
192.76.8.86 - - [01/Feb/2023:09:46:01 -0800] "GET /wigner/wiglittle.pdf HTTP/1.1" 206 16384 "https://www.google.com/" "Mozilla/5.0 (Macintosh; Intel Mac OS X 10_15_7) AppleWebKit/605.1.15 (KHTML, like Gecko) Version/14.1.2 Safari/605.1.15" "ysfine.com"
52.167.144.39 - - [01/Feb/2023:09:46:07 -0800] "GET /jobs/koreaj.html HTTP/1.1" 304 - "-" "Mozilla/5.0 AppleWebKit/537.36 (KHTML, like Gecko; compatible; bingbot/2.0; +http://www.bing.com/bingbot.htm) Chrome/103.0.5060.134 Safari/537.36" "www.ysfine.com"
192.76.8.86 - - [01/Feb/2023:09:46:08 -0800] "GET /favicon.ico HTTP/1.1" 404 88 "https://ysfine.com/wigner/wiglittle.pdf" "Mozilla/5.0 (Macintosh; Intel Mac OS X 10_15_7) AppleWebKit/605.1.15 (KHTML, like Gecko) Version/14.1.2 Safari/605.1.15" "ysfine.com"
216.244.66.229 - - [01/Feb/2023:09:46:31 -0800] "GET /robots.txt HTTP/1.1" 404 73 "-" "Mozilla/5.0 (compatible; DotBot/1.2; +https://opensiteexplorer.org/dotbot; help@moz.com)" "www.ysfine.com"
52.167.144.62 - - [01/Feb/2023:09:46:47 -0800] "GET /world/russ/kazan027.jpg HTTP/1.1" 200 76345 "-" "Mozilla/5.0 AppleWebKit/537.36 (KHTML, like Gecko; compatible; bingbot/2.0; +http://www.bing.com/bingbot.htm) Chrome/103.0.5060.134 Safari/537.36" "ysfine.com"
51.222.253.6 - - [01/Feb/2023:09:47:12 -0800] "GET /ffriends/german.html HTTP/1.1" 200 8155 "-" "Mozilla/5.0 (compatible; AhrefsBot/7.0; +http://ahrefs.com/robot/)" "ysfine.com"
51.222.253.7 - - [01/Feb/2023:09:47:23 -0800] "GET /world/germany/dresdenf16b.jpg HTTP/1.1" 200 44293 "-" "Mozilla/5.0 (compatible; AhrefsBot/7.0; +http://ahrefs.com/robot/)" "ysfine.com"
51.222.253.11 - - [01/Feb/2023:09:47:24 -0800] "GET /world/germany/berlinf27b.jpg HTTP/1.1" 200 46771 "-" "Mozilla/5.0 (compatible; AhrefsBot/7.0; +http://ahrefs.com/robot/)" "ysfine.com"
51.222.253.3 - - [01/Feb/2023:09:47:25 -0800] "GET /world/germany/mucf27b.jpg HTTP/1.1" 200 44420 "-" "Mozilla/5.0 (compatible; AhrefsBot/7.0; +http://ahrefs.com/robot/)" "ysfine.com"
51.222.253.11 - - [01/Feb/2023:09:47:26 -0800] "GET /ffriends/aline/lufthan00b.jpg HTTP/1.1" 200 31124 "-" "Mozilla/5.0 (compatible; AhrefsBot/7.0; +http://ahrefs.com/robot/)" "ysfine.com"
51.222.253.20 - - [01/Feb/2023:09:47:33 -0800] "GET /world/baltic/kalin02b.jpg HTTP/1.1" 200 46051 "-" "Mozilla/5.0 (compatible; AhrefsBot/7.0; +http://ahrefs.com/robot/)" "ysfine.com"
185.191.171.45 - - [01/Feb/2023:09:47:34 -0800] "GET /robots.txt HTTP/1.1" 404 88 "-" "Mozilla/5.0 (compatible; SemrushBot/7~bl; +http://www.semrush.com/bot.html)" "www.ysfine.com"
51.222.253.18 - - [01/Feb/2023:09:47:34 -0800] "GET /world/germany/berlinf06b.jpg HTTP/1.1" 200 37189 "-" "Mozilla/5.0 (compatible; AhrefsBot/7.0; +http://ahrefs.com/robot/)" "ysfine.com"
185.191.171.5 - - [01/Feb/2023:09:47:34 -0800] "GET /maga/deforest.html HTTP/1.1" 200 4660 "-" "Mozilla/5.0 (compatible; SemrushBot/7~bl; +http://www.semrush.com/bot.html)" "www.ysfine.com"
51.222.253.8 - - [01/Feb/2023:09:47:36 -0800] "GET /ffriends/aline/lufthan11b.jpg HTTP/1.1" 200 51152 "-" "Mozilla/5.0 (compatible; AhrefsBot/7.0; +http://ahrefs.com/robot/)" "ysfine.com"
51.222.253.14 - - [01/Feb/2023:09:47:38 -0800] "GET /ffriends/aline/lufthan05b.jpg HTTP/1.1" 200 39090 "-" "Mozilla/5.0 (compatible; AhrefsBot/7.0; +http://ahrefs.com/robot/)" "ysfine.com"
51.222.253.8 - - [01/Feb/2023:09:47:40 -0800] "GET /world/germany/mucf08b.jpg HTTP/1.1" 200 41413 "-" "Mozilla/5.0 (compatible; AhrefsBot/7.0; +http://ahrefs.com/robot/)" "ysfine.com"
51.222.253.18 - - [01/Feb/2023:09:47:42 -0800] "GET /ffriends/admire11b.jpg HTTP/1.1" 200 30952 "-" "Mozilla/5.0 (compatible; AhrefsBot/7.0; +http://ahrefs.com/robot/)" "ysfine.com"
51.222.253.3 - - [01/Feb/2023:09:47:44 -0800] "GET /style/franko11b.jpg HTTP/1.1" 200 34441 "-" "Mozilla/5.0 (compatible; AhrefsBot/7.0; +http://ahrefs.com/robot/)" "ysfine.com"
40.77.167.192 - - [01/Feb/2023:09:47:45 -0800] "GET /bio/kobak/soraech.html HTTP/1.1" 404 88 "-" "Mozilla/5.0 AppleWebKit/537.36 (KHTML, like Gecko; compatible; bingbot/2.0; +http://www.bing.com/bingbot.htm) Chrome/103.0.5060.134 Safari/537.36" "ysfine.com"
51.222.253.15 - - [01/Feb/2023:09:47:46 -0800] "GET /ffriends/parishilton01b.jpg HTTP/1.1" 200 46122 "-" "Mozilla/5.0 (compatible; AhrefsBot/7.0; +http://ahrefs.com/robot/)" "ysfine.com"
51.222.253.11 - - [01/Feb/2023:09:47:46 -0800] "GET /ffriends/germilan11b.jpg HTTP/1.1" 200 37370 "-" "Mozilla/5.0 (compatible; AhrefsBot/7.0; +http://ahrefs.com/robot/)" "ysfine.com"
51.222.253.17 - - [01/Feb/2023:09:47:47 -0800] "GET /world/ital/verona19b.jpg HTTP/1.1" 200 47863 "-" "Mozilla/5.0 (compatible; AhrefsBot/7.0; +http://ahrefs.com/robot/)" "ysfine.com"
51.222.253.5 - - [01/Feb/2023:09:47:48 -0800] "GET /ffriends/aline/lufthan08b.jpg HTTP/1.1" 200 30046 "-" "Mozilla/5.0 (compatible; AhrefsBot/7.0; +http://ahrefs.com/robot/)" "ysfine.com"
51.222.253.15 - - [01/Feb/2023:09:47:48 -0800] "GET /world/germany/nuremf01b.jpg HTTP/1.1" 200 35809 "-" "Mozilla/5.0 (compatible; AhrefsBot/7.0; +http://ahrefs.com/robot/)" "ysfine.com"
51.222.253.6 - - [01/Feb/2023:09:47:49 -0800] "GET /world/germany/berlinf35b.jpg HTTP/1.1" 200 40574 "-" "Mozilla/5.0 (compatible; AhrefsBot/7.0; +http://ahrefs.com/robot/)" "ysfine.com"
51.222.253.4 - - [01/Feb/2023:09:47:50 -0800] "GET /ffriends/aline/airberlin22b.jpg HTTP/1.1" 200 44002 "-" "Mozilla/5.0 (compatible; AhrefsBot/7.0; +http://ahrefs.com/robot/)" "ysfine.com"
51.222.253.14 - - [01/Feb/2023:09:47:51 -0800] "GET /world/germany/oktf10b.jpg HTTP/1.1" 200 46446 "-" "Mozilla/5.0 (compatible; AhrefsBot/7.0; +http://ahrefs.com/robot/)" "ysfine.com"
51.222.253.13 - - [01/Feb/2023:09:47:51 -0800] "GET /world/germany/berlinf24b.jpg HTTP/1.1" 200 42038 "-" "Mozilla/5.0 (compatible; AhrefsBot/7.0; +http://ahrefs.com/robot/)" "ysfine.com"
51.222.253.13 - - [01/Feb/2023:09:47:52 -0800] "GET /world/germany/mucf25b.jpg HTTP/1.1" 200 34464 "-" "Mozilla/5.0 (compatible; AhrefsBot/7.0; +http://ahrefs.com/robot/)" "ysfine.com"
51.222.253.20 - - [01/Feb/2023:09:47:53 -0800] "GET /ffriends/aline/austri04b.jpg HTTP/1.1" 200 28731 "-" "Mozilla/5.0 (compatible; AhrefsBot/7.0; +http://ahrefs.com/robot/)" "ysfine.com"
51.222.253.2 - - [01/Feb/2023:09:47:53 -0800] "GET /world/germany/berlinf23b.jpg HTTP/1.1" 200 44452 "-" "Mozilla/5.0 (compatible; AhrefsBot/7.0; +http://ahrefs.com/robot/)" "ysfine.com"
51.222.253.6 - - [01/Feb/2023:09:47:54 -0800] "GET /world/germany/bonnf01b.jpg HTTP/1.1" 200 38876 "-" "Mozilla/5.0 (compatible; AhrefsBot/7.0; +http://ahrefs.com/robot/)" "ysfine.com"
51.222.253.14 - - [01/Feb/2023:09:47:55 -0800] "GET /world/germany/heidelf01b.jpg HTTP/1.1" 200 56183 "-" "Mozilla/5.0 (compatible; AhrefsBot/7.0; +http://ahrefs.com/robot/)" "ysfine.com"
51.222.253.10 - - [01/Feb/2023:09:47:57 -0800] "GET /ffriends/hiltoncopen11b.jpg HTTP/1.1" 200 36723 "-" "Mozilla/5.0 (compatible; AhrefsBot/7.0; +http://ahrefs.com/robot/)" "ysfine.com"
51.222.253.8 - - [01/Feb/2023:09:47:58 -0800] "GET /world/germany/berlinf32b.jpg HTTP/1.1" 200 50093 "-" "Mozilla/5.0 (compatible; AhrefsBot/7.0; +http://ahrefs.com/robot/)" "ysfine.com"
51.222.253.19 - - [01/Feb/2023:09:48:00 -0800] "GET /world/germany/viennaf21b.jpg HTTP/1.1" 200 37081 "-" "Mozilla/5.0 (compatible; AhrefsBot/7.0; +http://ahrefs.com/robot/)" "ysfine.com"
51.222.253.2 - - [01/Feb/2023:09:48:02 -0800] "GET /world/germany/salz23b.jpg HTTP/1.1" 200 46636 "-" "Mozilla/5.0 (compatible; AhrefsBot/7.0; +http://ahrefs.com/robot/)" "ysfine.com"
51.222.253.19 - - [01/Feb/2023:09:48:04 -0800] "GET /ffriends/germpol01b.jpg HTTP/1.1" 200 51844 "-" "Mozilla/5.0 (compatible; AhrefsBot/7.0; +http://ahrefs.com/robot/)" "ysfine.com"
