71.178.208.102 - - [01/Feb/2023:00:01:31 -0800] "GET /awards/hemis21f.jpg HTTP/1.1" 200 179850 "https://www.ysfine.com/princeton/prigh.html" "Mozilla/5.0 (Windows NT 10.0; Win64; x64) AppleWebKit/537.36 (KHTML, like Gecko) Chrome/109.0.0.0 Safari/537.36 Edg/109.0.1518.70" "www.ysfine.com"
71.178.208.102 - - [01/Feb/2023:00:01:35 -0800] "GET /wdc/wasbot.html HTTP/1.1" 200 138 "https://www.ysfine.com/world/wdtop.html" "Mozilla/5.0 (Windows NT 10.0; Win64; x64) AppleWebKit/537.36 (KHTML, like Gecko) Chrome/109.0.0.0 Safari/537.36 Edg/109.0.1518.70" "www.ysfine.com"
71.178.208.102 - - [01/Feb/2023:00:01:35 -0800] "GET /wdc/wasleft.html HTTP/1.1" 200 720 "https://www.ysfine.com/wdc/wasbot.html" "Mozilla/5.0 (Windows NT 10.0; Win64; x64) AppleWebKit/537.36 (KHTML, like Gecko) Chrome/109.0.0.0 Safari/537.36 Edg/109.0.1518.70" "www.ysfine.com"
71.178.208.102 - - [01/Feb/2023:00:01:48 -0800] "GET /style/stbot.html HTTP/1.1" 200 122 "https://www.ysfine.com/world/wdtop.html" "Mozilla/5.0 (Windows NT 10.0; Win64; x64) AppleWebKit/537.36 (KHTML, like Gecko) Chrome/109.0.0.0 Safari/537.36 Edg/109.0.1518.70" "www.ysfine.com"
71.178.208.102 - - [01/Feb/2023:00:01:49 -0800] "GET /style/stleft.html HTTP/1.1" 200 548 "https://www.ysfine.com/style/stbot.html" "Mozilla/5.0 (Windows NT 10.0; Win64; x64) AppleWebKit/537.36 (KHTML, like Gecko) Chrome/109.0.0.0 Safari/537.36 Edg/109.0.1518.70" "www.ysfine.com"
71.178.208.102 - - [01/Feb/2023:00:01:49 -0800] "GET /style/strigh.html HTTP/1.1" 200 1471 "https://www.ysfine.com/style/stbot.html" "Mozilla/5.0 (Windows NT 10.0; Win64; x64) AppleWebKit/537.36 (KHTML, like Gecko) Chrome/109.0.0.0 Safari/537.36 Edg/109.0.1518.70" "www.ysfine.com"
71.178.208.102 - - [01/Feb/2023:00:01:49 -0800] "GET /style/ysnr11c.jpg HTTP/1.1" 200 34793 "https://www.ysfine.com/style/strigh.html" "Mozilla/5.0 (Windows NT 10.0; Win64; x64) AppleWebKit/537.36 (KHTML, like Gecko) Chrome/109.0.0.0 Safari/537.36 Edg/109.0.1518.70" "www.ysfine.com"
71.178.208.102 - - [01/Feb/2023:00:01:49 -0800] "GET /world/baltic/lithuf08c.jpg HTTP/1.1" 200 38987 "https://www.ysfine.com/style/strigh.html" "Mozilla/5.0 (Windows NT 10.0; Win64; x64) AppleWebKit/537.36 (KHTML, like Gecko) Chrome/109.0.0.0 Safari/537.36 Edg/109.0.1518.70" "www.ysfine.com"
71.178.208.102 - - [01/Feb/2023:00:01:49 -0800] "GET /princeton/class2007c.jpg HTTP/1.1" 200 37045 "https://www.ysfine.com/style/strigh.html" "Mozilla/5.0 (Windows NT 10.0; Win64; x64) AppleWebKit/537.36 (KHTML, like Gecko) Chrome/109.0.0.0 Safari/537.36 Edg/109.0.1518.70" "www.ysfine.com"
71.178.208.102 - - [01/Feb/2023:00:01:49 -0800] "GET /world/poland/polstu09c.jpg HTTP/1.1" 200 42128 "https://www.ysfine.com/style/strigh.html" "Mozilla/5.0 (Windows NT 10.0; Win64; x64) AppleWebKit/537.36 (KHTML, like Gecko) Chrome/109.0.0.0 Safari/537.36 Edg/109.0.1518.70" "www.ysfine.com"
71.178.208.102 - - [01/Feb/2023:00:01:51 -0800] "GET /home/hmbot.html HTTP/1.1" 200 132 "https://www.ysfine.com/world/wdtop.html" "Mozilla/5.0 (Windows NT 10.0; Win64; x64) AppleWebKit/537.36 (KHTML, like Gecko) Chrome/109.0.0.0 Safari/537.36 Edg/109.0.1518.70" "www.ysfine.com"
71.178.208.102 - - [01/Feb/2023:00:01:51 -0800] "GET /home/hmleft.html HTTP/1.1" 200 853 "https://www.ysfine.com/home/hmbot.html" "Mozilla/5.0 (Windows NT 10.0; Win64; x64) AppleWebKit/537.36 (KHTML, like Gecko) Chrome/109.0.0.0 Safari/537.36 Edg/109.0.1518.70" "www.ysfine.com"
71.178.208.102 - - [01/Feb/2023:00:01:51 -0800] "GET /home/hmrigh.html HTTP/1.1" 200 4200 "https://www.ysfine.com/home/hmbot.html" "Mozilla/5.0 (Windows NT 10.0; Win64; x64) AppleWebKit/537.36 (KHTML, like Gecko) Chrome/109.0.0.0 Safari/537.36 Edg/109.0.1518.70" "www.ysfine.com"
71.178.208.102 - - [01/Feb/2023:00:01:51 -0800] "GET /home/top21c.jpg HTTP/1.1" 200 53120 "https://www.ysfine.com/home/hmrigh.html" "Mozilla/5.0 (Windows NT 10.0; Win64; x64) AppleWebKit/537.36 (KHTML, like Gecko) Chrome/109.0.0.0 Safari/537.36 Edg/109.0.1518.70" "www.ysfine.com"
71.178.208.102 - - [01/Feb/2023:00:01:51 -0800] "GET /awards/eward55a.jpg HTTP/1.1" 200 85213 "https://www.ysfine.com/home/hmrigh.html" "Mozilla/5.0 (Windows NT 10.0; Win64; x64) AppleWebKit/537.36 (KHTML, like Gecko) Chrome/109.0.0.0 Safari/537.36 Edg/109.0.1518.70" "www.ysfine.com"
71.178.208.102 - - [01/Feb/2023:00:01:51 -0800] "GET /home/emc22a.jpg HTTP/1.1" 200 59239 "https://www.ysfine.com/home/hmrigh.html" "Mozilla/5.0 (Windows NT 10.0; Win64; x64) AppleWebKit/537.36 (KHTML, like Gecko) Chrome/109.0.0.0 Safari/537.36 Edg/109.0.1518.70" "www.ysfine.com"
71.178.208.102 - - [01/Feb/2023:00:01:51 -0800] "GET /home/comet50a.jpg HTTP/1.1" 200 52015 "https://www.ysfine.com/home/hmrigh.html" "Mozilla/5.0 (Windows NT 10.0; Win64; x64) AppleWebKit/537.36 (KHTML, like Gecko) Chrome/109.0.0.0 Safari/537.36 Edg/109.0.1518.70" "www.ysfine.com"
71.178.208.102 - - [01/Feb/2023:00:01:51 -0800] "GET /eink/einhaus11c.jpg HTTP/1.1" 200 42522 "https://www.ysfine.com/home/hmrigh.html" "Mozilla/5.0 (Windows NT 10.0; Win64; x64) AppleWebKit/537.36 (KHTML, like Gecko) Chrome/109.0.0.0 Safari/537.36 Edg/109.0.1518.70" "www.ysfine.com"
71.178.208.102 - - [01/Feb/2023:00:01:51 -0800] "GET /home/coke300.jpg HTTP/1.1" 200 50941 "https://www.ysfine.com/home/hmrigh.html" "Mozilla/5.0 (Windows NT 10.0; Win64; x64) AppleWebKit/537.36 (KHTML, like Gecko) Chrome/109.0.0.0 Safari/537.36 Edg/109.0.1518.70" "www.ysfine.com"
71.178.208.102 - - [01/Feb/2023:00:01:51 -0800] "GET /home/socrates55c.jpg HTTP/1.1" 200 36471 "https://www.ysfine.com/home/hmrigh.html" "Mozilla/5.0 (Windows NT 10.0; Win64; x64) AppleWebKit/537.36 (KHTML, like Gecko) Chrome/109.0.0.0 Safari/537.36 Edg/109.0.1518.70" "www.ysfine.com"
71.178.208.102 - - [01/Feb/2023:00:01:51 -0800] "GET /eink/eink54a.jpg HTTP/1.1" 200 79717 "https://www.ysfine.com/home/hmrigh.html" "Mozilla/5.0 (Windows NT 10.0; Win64; x64) AppleWebKit/537.36 (KHTML, like Gecko) Chrome/109.0.0.0 Safari/537.36 Edg/109.0.1518.70" "www.ysfine.com"
71.178.208.102 - - [01/Feb/2023:00:01:51 -0800] "GET /home/eink77c.jpg HTTP/1.1" 200 47471 "https://www.ysfine.com/home/hmrigh.html" "Mozilla/5.0 (Windows NT 10.0; Win64; x64) AppleWebKit/537.36 (KHTML, like Gecko) Chrome/109.0.0.0 Safari/537.36 Edg/109.0.1518.70" "www.ysfine.com"
71.178.208.102 - - [01/Feb/2023:00:01:51 -0800] "GET /eink/einhaus33c.jpg HTTP/1.1" 200 23792 "https://www.ysfine.com/home/hmrigh.html" "Mozilla/5.0 (Windows NT 10.0; Win64; x64) AppleWebKit/537.36 (KHTML, like Gecko) Chrome/109.0.0.0 Safari/537.36 Edg/109.0.1518.70" "www.ysfine.com"
71.178.208.102 - - [01/Feb/2023:00:01:51 -0800] "GET /kobak/taylor33c.jpg HTTP/1.1" 200 39951 "https://www.ysfine.com/home/hmrigh.html" "Mozilla/5.0 (Windows NT 10.0; Win64; x64) AppleWebKit/537.36 (KHTML, like Gecko) Chrome/109.0.0.0 Safari/537.36 Edg/109.0.1518.70" "www.ysfine.com"
71.178.208.102 - - [01/Feb/2023:00:01:51 -0800] "GET /home/figs/einbohr33c.jpg HTTP/1.1" 200 36413 "https://www.ysfine.com/home/hmrigh.html" "Mozilla/5.0 (Windows NT 10.0; Win64; x64) AppleWebKit/537.36 (KHTML, like Gecko) Chrome/109.0.0.0 Safari/537.36 Edg/109.0.1518.70" "www.ysfine.com"
71.178.208.102 - - [01/Feb/2023:00:01:51 -0800] "GET /home/facu63c.jpg HTTP/1.1" 200 41710 "https://www.ysfine.com/home/hmrigh.html" "Mozilla/5.0 (Windows NT 10.0; Win64; x64) AppleWebKit/537.36 (KHTML, like Gecko) Chrome/109.0.0.0 Safari/537.36 Edg/109.0.1518.70" "www.ysfine.com"
71.178.208.102 - - [01/Feb/2023:00:01:51 -0800] "GET /home/tollwig11c.jpg HTTP/1.1" 200 28199 "https://www.ysfine.com/home/hmrigh.html" "Mozilla/5.0 (Windows NT 10.0; Win64; x64) AppleWebKit/537.36 (KHTML, like Gecko) Chrome/109.0.0.0 Safari/537.36 Edg/109.0.1518.70" "www.ysfine.com"
71.178.208.102 - - [01/Feb/2023:00:01:51 -0800] "GET /home/further22a.jpg HTTP/1.1" 200 75776 "https://www.ysfine.com/home/hmrigh.html" "Mozilla/5.0 (Windows NT 10.0; Win64; x64) AppleWebKit/537.36 (KHTML, like Gecko) Chrome/109.0.0.0 Safari/537.36 Edg/109.0.1518.70" "www.ysfine.com"
71.178.208.102 - - [01/Feb/2023:00:01:51 -0800] "GET /home/think55c.jpg HTTP/1.1" 200 37438 "https://www.ysfine.com/home/hmrigh.html" "Mozilla/5.0 (Windows NT 10.0; Win64; x64) AppleWebKit/537.36 (KHTML, like Gecko) Chrome/109.0.0.0 Safari/537.36 Edg/109.0.1518.70" "www.ysfine.com"
95.108.213.101 - - [01/Feb/2023:00:01:52 -0800] "GET /friends/fdw.html HTTP/1.1" 404 88 "-" "Mozilla/5.0 (compatible; YandexBot/3.0; +http://yandex.com/bots) AppleWebKit/537.36 (KHTML, like Gecko) Chrome/81.0.4044.268" "www.ysfine.com"
5.161.86.38 - - [01/Feb/2023:00:02:02 -0800] "GET /kobak/1014c270.jpg HTTP/1.1" 200 56853 "-" "Mozilla/5.0 (X11; Ubuntu; Linux x86_64; rv:107.0) Gecko/20100101 Firefox/107.0" "www.ysfine.com"
5.161.86.38 - - [01/Feb/2023:00:02:08 -0800] "GET /kobak/1014c270.jpg HTTP/1.1" 200 56853 "-" "Mozilla/5.0 (X11; Ubuntu; Linux x86_64; rv:107.0) Gecko/20100101 Firefox/107.0" "www.ysfine.com"
71.178.208.102 - - [01/Feb/2023:00:02:24 -0800] "GET /newyork/columbia.html HTTP/1.1" 200 3175 "https://www.ysfine.com/newyork/nyleft.html" "Mozilla/5.0 (Windows NT 10.0; Win64; x64) AppleWebKit/537.36 (KHTML, like Gecko) Chrome/109.0.0.0 Safari/537.36 Edg/109.0.1518.70" "www.ysfine.com"
71.178.208.102 - - [01/Feb/2023:00:02:24 -0800] "GET /newyork/colum10b.jpg HTTP/1.1" 200 34392 "https://www.ysfine.com/newyork/columbia.html" "Mozilla/5.0 (Windows NT 10.0; Win64; x64) AppleWebKit/537.36 (KHTML, like Gecko) Chrome/109.0.0.0 Safari/537.36 Edg/109.0.1518.70" "www.ysfine.com"
71.178.208.102 - - [01/Feb/2023:00:02:24 -0800] "GET /newyork/colum01b.jpg HTTP/1.1" 200 44600 "https://www.ysfine.com/newyork/columbia.html" "Mozilla/5.0 (Windows NT 10.0; Win64; x64) AppleWebKit/537.36 (KHTML, like Gecko) Chrome/109.0.0.0 Safari/537.36 Edg/109.0.1518.70" "www.ysfine.com"
71.178.208.102 - - [01/Feb/2023:00:02:24 -0800] "GET /newyork/colum23b.jpg HTTP/1.1" 200 43146 "https://www.ysfine.com/newyork/columbia.html" "Mozilla/5.0 (Windows NT 10.0; Win64; x64) AppleWebKit/537.36 (KHTML, like Gecko) Chrome/109.0.0.0 Safari/537.36 Edg/109.0.1518.70" "www.ysfine.com"
71.178.208.102 - - [01/Feb/2023:00:02:24 -0800] "GET /newyork/colum04b.jpg HTTP/1.1" 200 58917 "https://www.ysfine.com/newyork/columbia.html" "Mozilla/5.0 (Windows NT 10.0; Win64; x64) AppleWebKit/537.36 (KHTML, like Gecko) Chrome/109.0.0.0 Safari/537.36 Edg/109.0.1518.70" "www.ysfine.com"
71.178.208.102 - - [01/Feb/2023:00:02:24 -0800] "GET /newyork/colum15b.jpg HTTP/1.1" 200 44537 "https://www.ysfine.com/newyork/columbia.html" "Mozilla/5.0 (Windows NT 10.0; Win64; x64) AppleWebKit/537.36 (KHTML, like Gecko) Chrome/109.0.0.0 Safari/537.36 Edg/109.0.1518.70" "www.ysfine.com"
71.178.208.102 - - [01/Feb/2023:00:02:24 -0800] "GET /maga/invent/pupin22b.jpg HTTP/1.1" 200 26769 "https://www.ysfine.com/newyork/columbia.html" "Mozilla/5.0 (Windows NT 10.0; Win64; x64) AppleWebKit/537.36 (KHTML, like Gecko) Chrome/109.0.0.0 Safari/537.36 Edg/109.0.1518.70" "www.ysfine.com"
71.178.208.102 - - [01/Feb/2023:00:02:24 -0800] "GET /world/ital/panth01b.jpg HTTP/1.1" 200 46623 "https://www.ysfine.com/newyork/columbia.html" "Mozilla/5.0 (Windows NT 10.0; Win64; x64) AppleWebKit/537.36 (KHTML, like Gecko) Chrome/109.0.0.0 Safari/537.36 Edg/109.0.1518.70" "www.ysfine.com"
71.178.208.102 - - [01/Feb/2023:00:02:24 -0800] "GET /newyork/colum08b.jpg HTTP/1.1" 200 61367 "https://www.ysfine.com/newyork/columbia.html" "Mozilla/5.0 (Windows NT 10.0; Win64; x64) AppleWebKit/537.36 (KHTML, like Gecko) Chrome/109.0.0.0 Safari/537.36 Edg/109.0.1518.70" "www.ysfine.com"
5.188.210.30 - - [01/Feb/2023:00:02:25 -0800] "GET /world/visas.html HTTP/1.1" 200 7643 "https://www.ysfine.com/world/visas.html" "Mozilla/5.0 (Windows NT 6.3; Win64; x64) AppleWebKit/537.36 (KHTML, like Gecko) Chrome/90.0.4430.93 Safari/537.36" "www.ysfine.com"
5.161.65.247 - - [01/Feb/2023:00:02:34 -0800] "GET /kobak/1014c270.jpg HTTP/1.1" 200 56853 "-" "Mozilla/5.0 (X11; Ubuntu; Linux x86_64; rv:107.0) Gecko/20100101 Firefox/107.0" "www.ysfine.com"
207.46.13.104 - - [01/Feb/2023:00:03:01 -0800] "GET /bio/sbk/1950.html HTTP/1.1" 404 88 "-" "Mozilla/5.0 AppleWebKit/537.36 (KHTML, like Gecko; compatible; bingbot/2.0; +http://www.bing.com/bingbot.htm) Chrome/103.0.5060.134 Safari/537.36" "ysfine.com"
95.108.213.101 - - [01/Feb/2023:00:04:21 -0800] "GET /wigner/neum/vnc02.jpg HTTP/1.1" 304 - "-" "Mozilla/5.0 (compatible; YandexImages/3.0; +http://yandex.com/bots)" "www.ysfine.com"
217.138.254.76 - - [01/Feb/2023:00:04:51 -0800] "GET /wigner/neum/vnc02.jpg HTTP/1.1" 200 122957 "https://images.search.yahoo.com/search/images;_ylt=AwrFPm31HNpjn98dejOJzbkF;_ylu=aXQDQWxzb1RyeQRzZWMDcmVsLWJvdARzbGsDdGV4dARwb3MDNA--?p=Eniac%20Inventor&fr2=p:s,v:i,m:algo-rel2&fr=mcafee&type=E210US91215G0" "Mozilla/5.0 (Windows NT 10.0; Win64; x64) AppleWebKit/537.36 (KHTML, like Gecko) Chrome/109.0.0.0 Safari/537.36" "ysfine.com"
207.46.13.104 - - [01/Feb/2023:00:04:57 -0800] "GET /bio/style/artlove.html HTTP/1.1" 404 88 "-" "Mozilla/5.0 AppleWebKit/537.36 (KHTML, like Gecko; compatible; bingbot/2.0; +http://www.bing.com/bingbot.htm) Chrome/103.0.5060.134 Safari/537.36" "ysfine.com"
185.191.171.39 - - [01/Feb/2023:00:05:09 -0800] "GET /robots.txt HTTP/1.1" 404 88 "-" "Mozilla/5.0 (compatible; SemrushBot/7~bl; +http://www.semrush.com/bot.html)" "ysfine.com"
185.191.171.45 - - [01/Feb/2023:00:05:09 -0800] "GET /ffriends/soldiers.html HTTP/1.1" 200 4685 "-" "Mozilla/5.0 (compatible; SemrushBot/7~bl; +http://www.semrush.com/bot.html)" "ysfine.com"
52.167.144.86 - - [01/Feb/2023:00:05:32 -0800] "GET /ysbio/style/mushalls.html HTTP/1.1" 404 88 "-" "Mozilla/5.0 AppleWebKit/537.36 (KHTML, like Gecko; compatible; bingbot/2.0; +http://www.bing.com/bingbot.htm) Chrome/103.0.5060.134 Safari/537.36" "ysfine.com"
185.191.171.14 - - [01/Feb/2023:00:05:37 -0800] "GET /maga/three.html HTTP/1.1" 200 7358 "-" "Mozilla/5.0 (compatible; SemrushBot/7~bl; +http://www.semrush.com/bot.html)" "ysfine.com"
71.178.208.102 - - [01/Feb/2023:00:06:14 -0800] "GET /index.html HTTP/1.1" 200 5295 "https://www.ysfine.com/ys11/index.html" "Mozilla/5.0 (Windows NT 10.0; Win64; x64) AppleWebKit/537.36 (KHTML, like Gecko) Chrome/109.0.0.0 Safari/537.36 Edg/109.0.1518.70" "www.ysfine.com"
71.178.208.102 - - [01/Feb/2023:00:06:15 -0800] "GET /home/washmo23d.jpg HTTP/1.1" 200 32142 "https://www.ysfine.com/" "Mozilla/5.0 (Windows NT 10.0; Win64; x64) AppleWebKit/537.36 (KHTML, like Gecko) Chrome/109.0.0.0 Safari/537.36 Edg/109.0.1518.70" "ysfine.com"
71.178.208.102 - - [01/Feb/2023:00:06:15 -0800] "GET /home/goodbad450.jpg HTTP/1.1" 200 32258 "https://www.ysfine.com/" "Mozilla/5.0 (Windows NT 10.0; Win64; x64) AppleWebKit/537.36 (KHTML, like Gecko) Chrome/109.0.0.0 Safari/537.36 Edg/109.0.1518.70" "ysfine.com"
71.178.208.102 - - [01/Feb/2023:00:06:15 -0800] "GET /home/eink450.jpg HTTP/1.1" 200 66794 "https://www.ysfine.com/" "Mozilla/5.0 (Windows NT 10.0; Win64; x64) AppleWebKit/537.36 (KHTML, like Gecko) Chrome/109.0.0.0 Safari/537.36 Edg/109.0.1518.70" "ysfine.com"
71.178.208.102 - - [01/Feb/2023:00:06:15 -0800] "GET /home/facu450.jpg HTTP/1.1" 200 74535 "https://www.ysfine.com/" "Mozilla/5.0 (Windows NT 10.0; Win64; x64) AppleWebKit/537.36 (KHTML, like Gecko) Chrome/109.0.0.0 Safari/537.36 Edg/109.0.1518.70" "ysfine.com"
71.178.208.102 - - [01/Feb/2023:00:06:15 -0800] "GET /home/eindc03d.jpg HTTP/1.1" 200 95860 "https://www.ysfine.com/" "Mozilla/5.0 (Windows NT 10.0; Win64; x64) AppleWebKit/537.36 (KHTML, like Gecko) Chrome/109.0.0.0 Safari/537.36 Edg/109.0.1518.70" "ysfine.com"
71.178.208.102 - - [01/Feb/2023:00:06:15 -0800] "GET /home/top21d.jpg HTTP/1.1" 200 74409 "https://www.ysfine.com/" "Mozilla/5.0 (Windows NT 10.0; Win64; x64) AppleWebKit/537.36 (KHTML, like Gecko) Chrome/109.0.0.0 Safari/537.36 Edg/109.0.1518.70" "ysfine.com"
71.178.208.102 - - [01/Feb/2023:00:06:15 -0800] "GET /home/truck450.jpg HTTP/1.1" 200 42871 "https://www.ysfine.com/" "Mozilla/5.0 (Windows NT 10.0; Win64; x64) AppleWebKit/537.36 (KHTML, like Gecko) Chrome/109.0.0.0 Safari/537.36 Edg/109.0.1518.70" "ysfine.com"
71.178.208.102 - - [01/Feb/2023:00:06:15 -0800] "GET /eink/ewk86f.jpg HTTP/1.1" 200 122173 "https://www.ysfine.com/" "Mozilla/5.0 (Windows NT 10.0; Win64; x64) AppleWebKit/537.36 (KHTML, like Gecko) Chrome/109.0.0.0 Safari/537.36 Edg/109.0.1518.70" "ysfine.com"
71.178.208.102 - - [01/Feb/2023:00:06:15 -0800] "GET /home/1987pr22d.jpg HTTP/1.1" 200 66428 "https://www.ysfine.com/" "Mozilla/5.0 (Windows NT 10.0; Win64; x64) AppleWebKit/537.36 (KHTML, like Gecko) Chrome/109.0.0.0 Safari/537.36 Edg/109.0.1518.70" "ysfine.com"
71.178.208.102 - - [01/Feb/2023:00:06:15 -0800] "GET /eink/einhaus11c.jpg HTTP/1.1" 200 42522 "https://www.ysfine.com/" "Mozilla/5.0 (Windows NT 10.0; Win64; x64) AppleWebKit/537.36 (KHTML, like Gecko) Chrome/109.0.0.0 Safari/537.36 Edg/109.0.1518.70" "ysfine.com"
71.178.208.102 - - [01/Feb/2023:00:06:15 -0800] "GET /eink/einhaus33c.jpg HTTP/1.1" 200 23792 "https://www.ysfine.com/" "Mozilla/5.0 (Windows NT 10.0; Win64; x64) AppleWebKit/537.36 (KHTML, like Gecko) Chrome/109.0.0.0 Safari/537.36 Edg/109.0.1518.70" "ysfine.com"
71.178.208.102 - - [01/Feb/2023:00:06:15 -0800] "GET /home/taylor500.jpg HTTP/1.1" 200 79197 "https://www.ysfine.com/" "Mozilla/5.0 (Windows NT 10.0; Win64; x64) AppleWebKit/537.36 (KHTML, like Gecko) Chrome/109.0.0.0 Safari/537.36 Edg/109.0.1518.70" "ysfine.com"
71.178.208.102 - - [01/Feb/2023:00:06:15 -0800] "GET /home/eink54f.jpg HTTP/1.1" 200 96332 "https://www.ysfine.com/" "Mozilla/5.0 (Windows NT 10.0; Win64; x64) AppleWebKit/537.36 (KHTML, like Gecko) Chrome/109.0.0.0 Safari/537.36 Edg/109.0.1518.70" "ysfine.com"
71.178.208.102 - - [01/Feb/2023:00:06:15 -0800] "GET /home/eward55f.jpg HTTP/1.1" 200 122802 "https://www.ysfine.com/" "Mozilla/5.0 (Windows NT 10.0; Win64; x64) AppleWebKit/537.36 (KHTML, like Gecko) Chrome/109.0.0.0 Safari/537.36 Edg/109.0.1518.70" "ysfine.com"
95.108.213.101 - - [01/Feb/2023:00:06:54 -0800] "GET /princeton/feyprince11b.jpg HTTP/1.1" 200 46226 "-" "Mozilla/5.0 (compatible; YandexImages/3.0; +http://yandex.com/bots)" "www.ysfine.com"
71.178.208.102 - - [01/Feb/2023:00:07:04 -0800] "GET /ys11/ HTTP/1.1" 200 3492 "-" "Mozilla/5.0 (Windows NT 10.0; Win64; x64) AppleWebKit/537.36 (KHTML, like Gecko) Chrome/109.0.0.0 Safari/537.36 Edg/109.0.1518.70" "ysfine.com"
71.178.208.102 - - [01/Feb/2023:00:07:06 -0800] "GET /index.html HTTP/1.1" 200 5295 "https://ysfine.com/ys11/" "Mozilla/5.0 (Windows NT 10.0; Win64; x64) AppleWebKit/537.36 (KHTML, like Gecko) Chrome/109.0.0.0 Safari/537.36 Edg/109.0.1518.70" "ysfine.com"
202.53.50.61 - - [01/Feb/2023:00:07:14 -0800] "GET /world/brit/etonharrow.html HTTP/1.1" 200 4544 "https://www.google.co.uk/" "Mozilla/5.0 (iPhone; CPU iPhone OS 16_1_1 like Mac OS X) AppleWebKit/605.1.15 (KHTML, like Gecko) Version/16.1 Mobile/15E148 Safari/604.1" "ysfine.com"
202.53.50.61 - - [01/Feb/2023:00:07:14 -0800] "GET /world/brit/winston01b.jpg HTTP/1.1" 200 38436 "https://ysfine.com/world/brit/etonharrow.html" "Mozilla/5.0 (iPhone; CPU iPhone OS 16_1_1 like Mac OS X) AppleWebKit/605.1.15 (KHTML, like Gecko) Version/16.1 Mobile/15E148 Safari/604.1" "ysfine.com"
202.53.50.61 - - [01/Feb/2023:00:07:14 -0800] "GET /world/brit/nehru11b.jpg HTTP/1.1" 200 43052 "https://ysfine.com/world/brit/etonharrow.html" "Mozilla/5.0 (iPhone; CPU iPhone OS 16_1_1 like Mac OS X) AppleWebKit/605.1.15 (KHTML, like Gecko) Version/16.1 Mobile/15E148 Safari/604.1" "ysfine.com"
202.53.50.61 - - [01/Feb/2023:00:07:14 -0800] "GET /kobak/kwk11b.jpg HTTP/1.1" 200 46888 "https://ysfine.com/world/brit/etonharrow.html" "Mozilla/5.0 (iPhone; CPU iPhone OS 16_1_1 like Mac OS X) AppleWebKit/605.1.15 (KHTML, like Gecko) Version/16.1 Mobile/15E148 Safari/604.1" "ysfine.com"
202.53.50.61 - - [01/Feb/2023:00:07:15 -0800] "GET /world/brit/eton01b.jpg HTTP/1.1" 200 47771 "https://ysfine.com/world/brit/etonharrow.html" "Mozilla/5.0 (iPhone; CPU iPhone OS 16_1_1 like Mac OS X) AppleWebKit/605.1.15 (KHTML, like Gecko) Version/16.1 Mobile/15E148 Safari/604.1" "ysfine.com"
202.53.50.61 - - [01/Feb/2023:00:07:15 -0800] "GET /world/brit/windsor02b.jpg HTTP/1.1" 200 40724 "https://ysfine.com/world/brit/etonharrow.html" "Mozilla/5.0 (iPhone; CPU iPhone OS 16_1_1 like Mac OS X) AppleWebKit/605.1.15 (KHTML, like Gecko) Version/16.1 Mobile/15E148 Safari/604.1" "ysfine.com"
202.53.50.61 - - [01/Feb/2023:00:07:15 -0800] "GET /eink/pwk19c.jpg HTTP/1.1" 200 57759 "https://ysfine.com/world/brit/etonharrow.html" "Mozilla/5.0 (iPhone; CPU iPhone OS 16_1_1 like Mac OS X) AppleWebKit/605.1.15 (KHTML, like Gecko) Version/16.1 Mobile/15E148 Safari/604.1" "ysfine.com"
202.53.50.61 - - [01/Feb/2023:00:07:15 -0800] "GET /world/brit/eton02b.jpg HTTP/1.1" 200 39432 "https://ysfine.com/world/brit/etonharrow.html" "Mozilla/5.0 (iPhone; CPU iPhone OS 16_1_1 like Mac OS X) AppleWebKit/605.1.15 (KHTML, like Gecko) Version/16.1 Mobile/15E148 Safari/604.1" "ysfine.com"
202.53.50.61 - - [01/Feb/2023:00:07:15 -0800] "GET /world/brit/eton03b.jpg HTTP/1.1" 200 45141 "https://ysfine.com/world/brit/etonharrow.html" "Mozilla/5.0 (iPhone; CPU iPhone OS 16_1_1 like Mac OS X) AppleWebKit/605.1.15 (KHTML, like Gecko) Version/16.1 Mobile/15E148 Safari/604.1" "ysfine.com"
202.53.50.61 - - [01/Feb/2023:00:07:15 -0800] "GET /kobak/taylor33c.jpg HTTP/1.1" 200 39951 "https://ysfine.com/world/brit/etonharrow.html" "Mozilla/5.0 (iPhone; CPU iPhone OS 16_1_1 like Mac OS X) AppleWebKit/605.1.15 (KHTML, like Gecko) Version/16.1 Mobile/15E148 Safari/604.1" "ysfine.com"
202.53.50.61 - - [01/Feb/2023:00:07:15 -0800] "GET /world/brit/eton07b.jpg HTTP/1.1" 200 36566 "https://ysfine.com/world/brit/etonharrow.html" "Mozilla/5.0 (iPhone; CPU iPhone OS 16_1_1 like Mac OS X) AppleWebKit/605.1.15 (KHTML, like Gecko) Version/16.1 Mobile/15E148 Safari/604.1" "ysfine.com"
202.53.50.61 - - [01/Feb/2023:00:07:15 -0800] "GET /world/brit/harrow01b.jpg HTTP/1.1" 200 54632 "https://ysfine.com/world/brit/etonharrow.html" "Mozilla/5.0 (iPhone; CPU iPhone OS 16_1_1 like Mac OS X) AppleWebKit/605.1.15 (KHTML, like Gecko) Version/16.1 Mobile/15E148 Safari/604.1" "ysfine.com"
202.53.50.61 - - [01/Feb/2023:00:07:15 -0800] "GET /world/brit/harrow12b.jpg HTTP/1.1" 200 45104 "https://ysfine.com/world/brit/etonharrow.html" "Mozilla/5.0 (iPhone; CPU iPhone OS 16_1_1 like Mac OS X) AppleWebKit/605.1.15 (KHTML, like Gecko) Version/16.1 Mobile/15E148 Safari/604.1" "ysfine.com"
202.53.50.61 - - [01/Feb/2023:00:07:15 -0800] "GET /world/brit/harrow11b.jpg HTTP/1.1" 200 42533 "https://ysfine.com/world/brit/etonharrow.html" "Mozilla/5.0 (iPhone; CPU iPhone OS 16_1_1 like Mac OS X) AppleWebKit/605.1.15 (KHTML, like Gecko) Version/16.1 Mobile/15E148 Safari/604.1" "ysfine.com"
202.53.50.61 - - [01/Feb/2023:00:07:15 -0800] "GET /world/brit/harrow09b.jpg HTTP/1.1" 200 48797 "https://ysfine.com/world/brit/etonharrow.html" "Mozilla/5.0 (iPhone; CPU iPhone OS 16_1_1 like Mac OS X) AppleWebKit/605.1.15 (KHTML, like Gecko) Version/16.1 Mobile/15E148 Safari/604.1" "ysfine.com"
202.53.50.61 - - [01/Feb/2023:00:07:15 -0800] "GET /world/brit/harrow04b.jpg HTTP/1.1" 200 48004 "https://ysfine.com/world/brit/etonharrow.html" "Mozilla/5.0 (iPhone; CPU iPhone OS 16_1_1 like Mac OS X) AppleWebKit/605.1.15 (KHTML, like Gecko) Version/16.1 Mobile/15E148 Safari/604.1" "ysfine.com"
202.53.50.61 - - [01/Feb/2023:00:07:18 -0800] "GET /favicon.ico HTTP/1.1" 404 88 "https://ysfine.com/world/brit/etonharrow.html" "Mozilla/5.0 (iPhone; CPU iPhone OS 16_1_1 like Mac OS X) AppleWebKit/605.1.15 (KHTML, like Gecko) Version/16.1 Mobile/15E148 Safari/604.1" "ysfine.com"
167.235.19.112 - - [01/Feb/2023:00:07:20 -0800] "GET /kobak/1014c270.jpg HTTP/1.1" 200 56853 "-" "Mozilla/5.0 (X11; Fedora; Linux x86_64) AppleWebKit/537.36 (KHTML, like Gecko) Chrome/79.0.3945.117 Safari/537.36" "www.ysfine.com"
34.150.115.170 - - [01/Feb/2023:00:07:40 -0800] "GET / HTTP/1.1" 200 5295 "-" "Mozilla/5.0 (Macintosh; Intel Mac OS X 10_15_7) AppleWebKit/537.36 (KHTML, like Gecko) Chrome/102.0.5005.61 Safari/537.3" "www.ysfine.com"
101.167.57.89 - - [01/Feb/2023:00:07:43 -0800] "GET /dirac/wigsis11.jpg HTTP/1.1" 200 71741 "https://www.google.com/" "Mozilla/5.0 (Macintosh; Intel Mac OS X 10_15_4) AppleWebKit/537.36 (KHTML, like Gecko) Chrome/109.0.0.0 Safari/537.36" "ysfine.com"
185.191.171.22 - - [01/Feb/2023:00:07:49 -0800] "GET /remote/wigner111/index.html HTTP/1.1" 200 907 "-" "Mozilla/5.0 (compatible; SemrushBot/7~bl; +http://www.semrush.com/bot.html)" "ysfine.com"
185.191.171.35 - - [01/Feb/2023:00:08:40 -0800] "GET /usca/pgh.html HTTP/1.1" 200 13572 "-" "Mozilla/5.0 (compatible; SemrushBot/7~bl; +http://www.semrush.com/bot.html)" "ysfine.com"
207.46.13.90 - - [01/Feb/2023:00:08:44 -0800] "GET /bio/kobak/soraech.html HTTP/1.1" 404 88 "-" "Mozilla/5.0 AppleWebKit/537.36 (KHTML, like Gecko; compatible; bingbot/2.0; +http://www.bing.com/bingbot.htm) Chrome/103.0.5060.134 Safari/537.36" "ysfine.com"
95.108.213.101 - - [01/Feb/2023:00:09:08 -0800] "GET /robots.txt HTTP/1.1" 404 73 "-" "Mozilla/5.0 (compatible; YandexBot/3.0; +http://yandex.com/bots)" "www.ysfine.com"
52.167.144.86 - - [01/Feb/2023:00:09:21 -0800] "GET /wigner/wigbieden.jpg HTTP/1.1" 200 97738 "-" "Mozilla/5.0 AppleWebKit/537.36 (KHTML, like Gecko; compatible; bingbot/2.0; +http://www.bing.com/bingbot.htm) Chrome/103.0.5060.134 Safari/537.36" "ysfine.com"
66.249.70.3 - - [01/Feb/2023:00:09:26 -0800] "GET /feynman/ppic/qboil66f.jpg HTTP/1.1" 200 83993 "-" "Googlebot-Image/1.0" "ysfine.com"
185.191.171.20 - - [01/Feb/2023:00:09:58 -0800] "GET /einstein/einplanck.html HTTP/1.1" 200 3502 "-" "Mozilla/5.0 (compatible; SemrushBot/7~bl; +http://www.semrush.com/bot.html)" "www.ysfine.com"
207.46.13.104 - - [01/Feb/2023:00:10:07 -0800] "GET /style/korart04.jpg HTTP/1.1" 200 92096 "-" "Mozilla/5.0 AppleWebKit/537.36 (KHTML, like Gecko; compatible; bingbot/2.0; +http://www.bing.com/bingbot.htm) Chrome/103.0.5060.134 Safari/537.36" "www.ysfine.com"
34.92.223.148 - - [01/Feb/2023:00:11:30 -0800] "GET / HTTP/1.1" 200 5295 "-" "Mozilla/5.0 (Macintosh; Intel Mac OS X 10_15_7) AppleWebKit/537.36 (KHTML, like Gecko) Chrome/102.0.5005.61 Safari/537.3" "www.ysfine.com"
176.31.103.46 - - [01/Feb/2023:00:11:47 -0800] "GET /wisdom/wk96.html HTTP/1.1" 200 68873 "https://ysfine.com/" "Mozilla/5.0 (Windows NT 6.3; Win64; x64) AppleWebKit/537.36 (KHTML, like Gecko) Chrome/102.0.0.0 Safari/537.36" "ysfine.com"
52.167.144.86 - - [01/Feb/2023:00:11:52 -0800] "GET /bio04.html HTTP/1.1" 304 - "-" "Mozilla/5.0 AppleWebKit/537.36 (KHTML, like Gecko; compatible; bingbot/2.0; +http://www.bing.com/bingbot.htm) Chrome/103.0.5060.134 Safari/537.36" "www.ysfine.com"
40.77.167.188 - - [01/Feb/2023:00:12:51 -0800] "GET /world/poland/sienkiew01.jpg HTTP/1.1" 200 309035 "-" "Mozilla/5.0 AppleWebKit/537.36 (KHTML, like Gecko; compatible; bingbot/2.0; +http://www.bing.com/bingbot.htm) Chrome/103.0.5060.134 Safari/537.36" "ysfine.com"
52.167.144.86 - - [01/Feb/2023:00:13:25 -0800] "GET /bio/wigner/e(2).html HTTP/1.1" 404 88 "-" "Mozilla/5.0 AppleWebKit/537.36 (KHTML, like Gecko; compatible; bingbot/2.0; +http://www.bing.com/bingbot.htm) Chrome/103.0.5060.134 Safari/537.36" "ysfine.com"
207.46.13.68 - - [01/Feb/2023:00:13:48 -0800] "GET /jakella/index.html HTTP/1.1" 200 1693 "-" "Mozilla/5.0 AppleWebKit/537.36 (KHTML, like Gecko; compatible; bingbot/2.0; +http://www.bing.com/bingbot.htm) Chrome/103.0.5060.134 Safari/537.36" "ysfine.com"
40.77.167.188 - - [01/Feb/2023:00:14:11 -0800] "GET /world/arusas.html HTTP/1.1" 200 7834 "-" "Mozilla/5.0 AppleWebKit/537.36 (KHTML, like Gecko; compatible; bingbot/2.0; +http://www.bing.com/bingbot.htm) Chrome/103.0.5060.134 Safari/537.36" "ysfine.com"
40.77.167.188 - - [01/Feb/2023:00:14:11 -0800] "GET /bio05.html HTTP/1.1" 200 7676 "-" "Mozilla/5.0 AppleWebKit/537.36 (KHTML, like Gecko; compatible; bingbot/2.0; +http://www.bing.com/bingbot.htm) Chrome/103.0.5060.134 Safari/537.36" "ysfine.com"
207.46.13.90 - - [01/Feb/2023:00:14:16 -0800] "GET /kobak/sebiro.html HTTP/1.1" 200 8966 "-" "Mozilla/5.0 AppleWebKit/537.36 (KHTML, like Gecko; compatible; bingbot/2.0; +http://www.bing.com/bingbot.htm) Chrome/103.0.5060.134 Safari/537.36" "ysfine.com"
185.191.171.18 - - [01/Feb/2023:00:14:19 -0800] "GET /jobs/koreaj.html HTTP/1.1" 200 5358 "-" "Mozilla/5.0 (compatible; SemrushBot/7~bl; +http://www.semrush.com/bot.html)" "ysfine.com"
216.244.66.229 - - [01/Feb/2023:00:14:22 -0800] "GET /robots.txt HTTP/1.1" 404 73 "-" "Mozilla/5.0 (compatible; DotBot/1.2; +https://opensiteexplorer.org/dotbot; help@moz.com)" "ysfine.com"
216.244.66.229 - - [01/Feb/2023:00:14:22 -0800] "GET /robots.txt HTTP/1.1" 404 73 "-" "Mozilla/5.0 (compatible; DotBot/1.2; +https://opensiteexplorer.org/dotbot; help@moz.com)" "www.ysfine.com"
207.46.13.104 - - [01/Feb/2023:00:15:13 -0800] "GET /bio/kobak/yskor.html HTTP/1.1" 404 88 "-" "Mozilla/5.0 AppleWebKit/537.36 (KHTML, like Gecko; compatible; bingbot/2.0; +http://www.bing.com/bingbot.htm) Chrome/103.0.5060.134 Safari/537.36" "ysfine.com"
207.46.13.90 - - [01/Feb/2023:00:15:29 -0800] "GET /bio/eink/buythisbook.html HTTP/1.1" 404 88 "-" "Mozilla/5.0 AppleWebKit/537.36 (KHTML, like Gecko; compatible; bingbot/2.0; +http://www.bing.com/bingbot.htm) Chrome/103.0.5060.134 Safari/537.36" "ysfine.com"
193.170.41.75 - - [01/Feb/2023:00:15:47 -0800] "GET /feynman/standardmo01.jpg HTTP/1.1" 200 94736 "https://www.bing.com/" "Mozilla/5.0 (Windows NT 10.0; Win64; x64) AppleWebKit/537.36 (KHTML, like Gecko) Chrome/109.0.0.0 Safari/537.36 Edg/109.0.1518.70" "www.ysfine.com"
216.244.66.229 - - [01/Feb/2023:00:18:47 -0800] "GET /princeton/index.html HTTP/1.1" 200 184 "-" "Mozilla/5.0 (compatible; DotBot/1.2; +https://opensiteexplorer.org/dotbot; help@moz.com)" "ysfine.com"
216.244.66.229 - - [01/Feb/2023:00:19:17 -0800] "GET /world/spain/sala01.jpg HTTP/1.1" 200 186007 "-" "Mozilla/5.0 (compatible; DotBot/1.2; +https://opensiteexplorer.org/dotbot; help@moz.com)" "www.ysfine.com"
216.244.66.229 - - [01/Feb/2023:00:19:55 -0800] "GET /world/ital/padova01.jpg HTTP/1.1" 200 102668 "-" "Mozilla/5.0 (compatible; DotBot/1.2; +https://opensiteexplorer.org/dotbot; help@moz.com)" "ysfine.com"
103.37.142.38 - - [01/Feb/2023:00:20:01 -0800] "GET /maga/invent/popov02b.jpg HTTP/1.1" 200 68499 "-" "Mozilla/5.0 (X11; Ubuntu; Linux x86_64; rv:72.0) Gecko/20100101 Firefox/72.0" "www.ysfine.com"
207.46.13.90 - - [01/Feb/2023:00:20:01 -0800] "GET /bio.html HTTP/1.1" 200 18260 "-" "Mozilla/5.0 AppleWebKit/537.36 (KHTML, like Gecko; compatible; bingbot/2.0; +http://www.bing.com/bingbot.htm) Chrome/103.0.5060.134 Safari/537.36" "ysfine.com"
103.37.142.42 - - [01/Feb/2023:00:20:24 -0800] "GET /maga/invent/popov02b.jpg HTTP/1.1" 200 68499 "-" "Mozilla/5.0 (X11; Ubuntu; Linux x86_64; rv:72.0) Gecko/20100101 Firefox/72.0" "www.ysfine.com"
114.119.142.188 - - [01/Feb/2023:00:21:42 -0800] "GET /remote/wigner111/frame22.html HTTP/1.1" 200 719 "https://ysfine.com/remote/wigner111/frame23.html" "Mozilla/5.0 (Linux; Android 7.0;) AppleWebKit/537.36 (KHTML, like Gecko) Mobile Safari/537.36 (compatible; PetalBot;+https://webmaster.petalsearch.com/site/petalbot)" "ysfine.com"
114.119.157.118 - - [01/Feb/2023:00:22:49 -0800] "GET /jobs/ HTTP/1.1" 200 123 "-" "Mozilla/5.0 (Linux; Android 7.0;) AppleWebKit/537.36 (KHTML, like Gecko) Mobile Safari/537.36 (compatible; PetalBot;+https://webmaster.petalsearch.com/site/petalbot)" "ysfine.com"
89.134.25.234 - - [01/Feb/2023:00:22:51 -0800] "GET /remote/wigner111/kim-18.jpg HTTP/1.1" 200 55450 "https://www.google.com/" "Mozilla/5.0 (Macintosh; Intel Mac OS X 10_15_7) AppleWebKit/537.36 (KHTML, like Gecko) Chrome/109.0.0.0 Safari/537.36" "ysfine.com"
52.167.144.86 - - [01/Feb/2023:00:22:53 -0800] "GET /class54/class5470/total_data/img/menu01_on.gif HTTP/1.1" 200 688 "-" "Mozilla/5.0 AppleWebKit/537.36 (KHTML, like Gecko; compatible; bingbot/2.0; +http://www.bing.com/bingbot.htm) Chrome/103.0.5060.134 Safari/537.36" "ysfine.com"
89.134.25.234 - - [01/Feb/2023:00:22:56 -0800] "GET /dirac/dirac63.jpg HTTP/1.1" 200 83306 "https://www.google.com/" "Mozilla/5.0 (Macintosh; Intel Mac OS X 10_15_7) AppleWebKit/537.36 (KHTML, like Gecko) Chrome/109.0.0.0 Safari/537.36" "ysfine.com"
207.46.13.90 - - [01/Feb/2023:00:22:57 -0800] "GET /bio/style/proschanie.html HTTP/1.1" 404 88 "-" "Mozilla/5.0 AppleWebKit/537.36 (KHTML, like Gecko; compatible; bingbot/2.0; +http://www.bing.com/bingbot.htm) Chrome/103.0.5060.134 Safari/537.36" "ysfine.com"
207.46.13.68 - - [01/Feb/2023:00:23:11 -0800] "GET /bio/einstein/bern.html HTTP/1.1" 404 88 "-" "Mozilla/5.0 AppleWebKit/537.36 (KHTML, like Gecko; compatible; bingbot/2.0; +http://www.bing.com/bingbot.htm) Chrome/103.0.5060.134 Safari/537.36" "ysfine.com"
89.134.25.234 - - [01/Feb/2023:00:23:16 -0800] "GET /wigner/second.jpg HTTP/1.1" 200 104478 "https://www.google.com/" "Mozilla/5.0 (Macintosh; Intel Mac OS X 10_15_7) AppleWebKit/537.36 (KHTML, like Gecko) Chrome/109.0.0.0 Safari/537.36" "ysfine.com"
89.134.25.234 - - [01/Feb/2023:00:23:46 -0800] "GET /wigner/wigjad11.jpg HTTP/1.1" 200 105835 "https://www.google.com/" "Mozilla/5.0 (Macintosh; Intel Mac OS X 10_15_7) AppleWebKit/537.36 (KHTML, like Gecko) Chrome/109.0.0.0 Safari/537.36" "ysfine.com"
89.134.25.234 - - [01/Feb/2023:00:24:34 -0800] "GET /wigner/second2.jpg HTTP/1.1" 200 64603 "https://www.google.com/" "Mozilla/5.0 (Macintosh; Intel Mac OS X 10_15_7) AppleWebKit/537.36 (KHTML, like Gecko) Chrome/109.0.0.0 Safari/537.36" "ysfine.com"
207.46.13.90 - - [01/Feb/2023:00:25:24 -0800] "GET /world/russ/saratov02b.jpg HTTP/1.1" 200 57117 "-" "Mozilla/5.0 AppleWebKit/537.36 (KHTML, like Gecko; compatible; bingbot/2.0; +http://www.bing.com/bingbot.htm) Chrome/103.0.5060.134 Safari/537.36" "ysfine.com"
185.201.174.197 - - [01/Feb/2023:00:26:51 -0800] "GET /maga/bridge22.html HTTP/1.1" 200 6587 "https://www.google.com/" "Mozilla/5.0 (X11; CrOS x86_64 14541.0.0) AppleWebKit/537.36 (KHTML, like Gecko) Chrome/109.0.0.0 Safari/537.36" "ysfine.com"
185.201.174.197 - - [01/Feb/2023:00:26:52 -0800] "GET /maga/pics/bridge01a.jpg HTTP/1.1" 200 90151 "https://ysfine.com/maga/bridge22.html" "Mozilla/5.0 (X11; CrOS x86_64 14541.0.0) AppleWebKit/537.36 (KHTML, like Gecko) Chrome/109.0.0.0 Safari/537.36" "ysfine.com"
185.201.174.197 - - [01/Feb/2023:00:26:52 -0800] "GET /heisen/dirheisen22c.jpg HTTP/1.1" 200 43569 "https://ysfine.com/maga/bridge22.html" "Mozilla/5.0 (X11; CrOS x86_64 14541.0.0) AppleWebKit/537.36 (KHTML, like Gecko) Chrome/109.0.0.0 Safari/537.36" "ysfine.com"
185.201.174.197 - - [01/Feb/2023:00:26:52 -0800] "GET /einstein/einbohr33c.jpg HTTP/1.1" 200 36410 "https://ysfine.com/maga/bridge22.html" "Mozilla/5.0 (X11; CrOS x86_64 14541.0.0) AppleWebKit/537.36 (KHTML, like Gecko) Chrome/109.0.0.0 Safari/537.36" "ysfine.com"
185.201.174.197 - - [01/Feb/2023:00:26:53 -0800] "GET /eink/pwk19c.jpg HTTP/1.1" 200 57759 "https://ysfine.com/maga/bridge22.html" "Mozilla/5.0 (X11; CrOS x86_64 14541.0.0) AppleWebKit/537.36 (KHTML, like Gecko) Chrome/109.0.0.0 Safari/537.36" "ysfine.com"
185.201.174.197 - - [01/Feb/2023:00:26:53 -0800] "GET /feynman/feydirac300.jpg HTTP/1.1" 200 38223 "https://ysfine.com/maga/bridge22.html" "Mozilla/5.0 (X11; CrOS x86_64 14541.0.0) AppleWebKit/537.36 (KHTML, like Gecko) Chrome/109.0.0.0 Safari/537.36" "ysfine.com"
185.201.174.197 - - [01/Feb/2023:00:26:53 -0800] "GET /kobak/taylor33c.jpg HTTP/1.1" 200 39951 "https://ysfine.com/maga/bridge22.html" "Mozilla/5.0 (X11; CrOS x86_64 14541.0.0) AppleWebKit/537.36 (KHTML, like Gecko) Chrome/109.0.0.0 Safari/537.36" "ysfine.com"
185.201.174.197 - - [01/Feb/2023:00:26:53 -0800] "GET /dirac/dirac63c.jpg HTTP/1.1" 200 29237 "https://ysfine.com/maga/bridge22.html" "Mozilla/5.0 (X11; CrOS x86_64 14541.0.0) AppleWebKit/537.36 (KHTML, like Gecko) Chrome/109.0.0.0 Safari/537.36" "ysfine.com"
185.201.174.197 - - [01/Feb/2023:00:26:53 -0800] "GET /world/brit/towerbr11b.jpg HTTP/1.1" 200 32741 "https://ysfine.com/maga/bridge22.html" "Mozilla/5.0 (X11; CrOS x86_64 14541.0.0) AppleWebKit/537.36 (KHTML, like Gecko) Chrome/109.0.0.0 Safari/537.36" "ysfine.com"
185.201.174.197 - - [01/Feb/2023:00:26:53 -0800] "GET /dirac/truck/truck16a.jpg HTTP/1.1" 200 51497 "https://ysfine.com/maga/bridge22.html" "Mozilla/5.0 (X11; CrOS x86_64 14541.0.0) AppleWebKit/537.36 (KHTML, like Gecko) Chrome/109.0.0.0 Safari/537.36" "ysfine.com"
185.201.174.197 - - [01/Feb/2023:00:26:53 -0800] "GET /world/china/dandongbr05b.jpg HTTP/1.1" 200 47196 "https://ysfine.com/maga/bridge22.html" "Mozilla/5.0 (X11; CrOS x86_64 14541.0.0) AppleWebKit/537.36 (KHTML, like Gecko) Chrome/109.0.0.0 Safari/537.36" "ysfine.com"
185.201.174.197 - - [01/Feb/2023:00:26:53 -0800] "GET /world/brit/thames13b.jpg HTTP/1.1" 200 27214 "https://ysfine.com/maga/bridge22.html" "Mozilla/5.0 (X11; CrOS x86_64 14541.0.0) AppleWebKit/537.36 (KHTML, like Gecko) Chrome/109.0.0.0 Safari/537.36" "ysfine.com"
185.201.174.197 - - [01/Feb/2023:00:26:53 -0800] "GET /feynman/ppic/parton88a.jpg HTTP/1.1" 200 55506 "https://ysfine.com/maga/bridge22.html" "Mozilla/5.0 (X11; CrOS x86_64 14541.0.0) AppleWebKit/537.36 (KHTML, like Gecko) Chrome/109.0.0.0 Safari/537.36" "ysfine.com"
185.201.174.197 - - [01/Feb/2023:00:26:53 -0800] "GET /usca/pitt/pitbridge01c.jpg HTTP/1.1" 200 38929 "https://ysfine.com/maga/bridge22.html" "Mozilla/5.0 (X11; CrOS x86_64 14541.0.0) AppleWebKit/537.36 (KHTML, like Gecko) Chrome/109.0.0.0 Safari/537.36" "ysfine.com"
185.201.174.197 - - [01/Feb/2023:00:26:53 -0800] "GET /world/france/pontdg03b.jpg HTTP/1.1" 200 37525 "https://ysfine.com/maga/bridge22.html" "Mozilla/5.0 (X11; CrOS x86_64 14541.0.0) AppleWebKit/537.36 (KHTML, like Gecko) Chrome/109.0.0.0 Safari/537.36" "ysfine.com"
185.201.174.197 - - [01/Feb/2023:00:26:53 -0800] "GET /usca/calif/sdiego02c.jpg HTTP/1.1" 200 22338 "https://ysfine.com/maga/bridge22.html" "Mozilla/5.0 (X11; CrOS x86_64 14541.0.0) AppleWebKit/537.36 (KHTML, like Gecko) Chrome/109.0.0.0 Safari/537.36" "ysfine.com"
185.201.174.197 - - [01/Feb/2023:00:26:53 -0800] "GET /world/france/pontdg05b.jpg HTTP/1.1" 200 31046 "https://ysfine.com/maga/bridge22.html" "Mozilla/5.0 (X11; CrOS x86_64 14541.0.0) AppleWebKit/537.36 (KHTML, like Gecko) Chrome/109.0.0.0 Safari/537.36" "ysfine.com"
185.201.174.197 - - [01/Feb/2023:00:26:53 -0800] "GET /home/canal11c.jpg HTTP/1.1" 200 31848 "https://ysfine.com/maga/bridge22.html" "Mozilla/5.0 (X11; CrOS x86_64 14541.0.0) AppleWebKit/537.36 (KHTML, like Gecko) Chrome/109.0.0.0 Safari/537.36" "ysfine.com"
185.201.174.197 - - [01/Feb/2023:00:26:53 -0800] "GET /yspapers/o32inho22c.jpg HTTP/1.1" 200 33092 "https://ysfine.com/maga/bridge22.html" "Mozilla/5.0 (X11; CrOS x86_64 14541.0.0) AppleWebKit/537.36 (KHTML, like Gecko) Chrome/109.0.0.0 Safari/537.36" "ysfine.com"
185.201.174.197 - - [01/Feb/2023:00:26:53 -0800] "GET /world/ital/flor055c.jpg HTTP/1.1" 200 40301 "https://ysfine.com/maga/bridge22.html" "Mozilla/5.0 (X11; CrOS x86_64 14541.0.0) AppleWebKit/537.36 (KHTML, like Gecko) Chrome/109.0.0.0 Safari/537.36" "ysfine.com"
185.201.174.197 - - [01/Feb/2023:00:26:53 -0800] "GET /world/china/dandongbr03b.jpg HTTP/1.1" 200 33589 "https://ysfine.com/maga/bridge22.html" "Mozilla/5.0 (X11; CrOS x86_64 14541.0.0) AppleWebKit/537.36 (KHTML, like Gecko) Chrome/109.0.0.0 Safari/537.36" "ysfine.com"
185.201.174.197 - - [01/Feb/2023:00:26:55 -0800] "GET /favicon.ico HTTP/1.1" 404 88 "https://ysfine.com/maga/bridge22.html" "Mozilla/5.0 (X11; CrOS x86_64 14541.0.0) AppleWebKit/537.36 (KHTML, like Gecko) Chrome/109.0.0.0 Safari/537.36" "ysfine.com"
207.46.13.104 - - [01/Feb/2023:00:27:51 -0800] "GET /einstein/newton11b.jpg HTTP/1.1" 200 61151 "-" "Mozilla/5.0 AppleWebKit/537.36 (KHTML, like Gecko; compatible; bingbot/2.0; +http://www.bing.com/bingbot.htm) Chrome/103.0.5060.134 Safari/537.36" "ysfine.com"
207.46.13.104 - - [01/Feb/2023:00:28:20 -0800] "GET /world/brit/cam30.jpg HTTP/1.1" 200 134654 "-" "Mozilla/5.0 AppleWebKit/537.36 (KHTML, like Gecko; compatible; bingbot/2.0; +http://www.bing.com/bingbot.htm) Chrome/103.0.5060.134 Safari/537.36" "ysfine.com"
52.167.144.86 - - [01/Feb/2023:00:28:55 -0800] "GET /bio/princeton/campus.html HTTP/1.1" 404 88 "-" "Mozilla/5.0 AppleWebKit/537.36 (KHTML, like Gecko; compatible; bingbot/2.0; +http://www.bing.com/bingbot.htm) Chrome/103.0.5060.134 Safari/537.36" "ysfine.com"
116.179.32.17 - - [01/Feb/2023:00:29:13 -0800] "GET /home/harmoarchi.html HTTP/1.1" 200 3686 "-" "Mozilla/5.0 (compatible; Baiduspider/2.0; +http://www.baidu.com/search/spider.html)" "ysfine.com"
116.179.32.178 - - [01/Feb/2023:00:29:13 -0800] "GET /home/harmoarchi.html HTTP/1.1" 200 3686 "-" "Mozilla/5.0 (Linux;u;Android 4.2.2;zh-cn;) AppleWebKit/534.46 (KHTML,like Gecko) Version/5.1 Mobile Safari/10600.6.3 (compatible; Baiduspider/2.0; +http://www.baidu.com/search/spider.html)" "ysfine.com"
116.179.37.199 - - [01/Feb/2023:00:29:14 -0800] "GET /world/ital/vicenza04b.jpg HTTP/1.1" 200 45148 "https://ysfine.com/home/harmoarchi.html" "Mozilla/5.0 (compatible; Baiduspider-render/2.0; +http://www.baidu.com/search/spider.html)" "ysfine.com"
116.179.37.96 - - [01/Feb/2023:00:29:14 -0800] "GET /wdc/jeffm02b.jpg HTTP/1.1" 200 32468 "https://ysfine.com/home/harmoarchi.html" "Mozilla/5.0 (compatible; Baiduspider-render/2.0; +http://www.baidu.com/search/spider.html)" "ysfine.com"
116.179.37.80 - - [01/Feb/2023:00:29:15 -0800] "GET /wisdom/korart03b.jpg HTTP/1.1" 200 70101 "https://ysfine.com/home/harmoarchi.html" "Mozilla/5.0 (compatible; Baiduspider-render/2.0; +http://www.baidu.com/search/spider.html)" "ysfine.com"
116.179.37.135 - - [01/Feb/2023:00:29:15 -0800] "GET /style/venus11a.jpg HTTP/1.1" 200 76598 "https://ysfine.com/home/harmoarchi.html" "Mozilla/5.0 (compatible; Baiduspider-render/2.0; +http://www.baidu.com/search/spider.html)" "ysfine.com"
116.179.37.73 - - [01/Feb/2023:00:29:17 -0800] "GET /wdc/jeffm02b.jpg HTTP/1.1" 200 32468 "https://ysfine.com/home/harmoarchi.html" "Mozilla/5.0 (iPhone; CPU iPhone OS 9_1 like Mac OS X) AppleWebKit/601.1.46 (KHTML, like Gecko) Version/9.0 Mobile/13B143 Safari/601.1 (compatible; Baiduspider-render/2.0; +http://www.baidu.com/search/spider.html)" "ysfine.com"
116.179.37.5 - - [01/Feb/2023:00:29:17 -0800] "GET /home/hyperell33b.jpg HTTP/1.1" 200 28132 "https://ysfine.com/home/harmoarchi.html" "Mozilla/5.0 (iPhone; CPU iPhone OS 9_1 like Mac OS X) AppleWebKit/601.1.46 (KHTML, like Gecko) Version/9.0 Mobile/13B143 Safari/601.1 (compatible; Baiduspider-render/2.0; +http://www.baidu.com/search/spider.html)" "ysfine.com"
116.179.37.20 - - [01/Feb/2023:00:29:17 -0800] "GET /wisdom/korart03b.jpg HTTP/1.1" 200 70101 "https://ysfine.com/home/harmoarchi.html" "Mozilla/5.0 (iPhone; CPU iPhone OS 9_1 like Mac OS X) AppleWebKit/601.1.46 (KHTML, like Gecko) Version/9.0 Mobile/13B143 Safari/601.1 (compatible; Baiduspider-render/2.0; +http://www.baidu.com/search/spider.html)" "ysfine.com"
185.195.149.178 - - [01/Feb/2023:00:30:15 -0800] "GET /world/germany/berlin051.jpg HTTP/1.1" 200 104542 "https://www.bing.com/" "Mozilla/5.0 (Windows NT 10.0; Win64; x64) AppleWebKit/537.36 (KHTML, like Gecko) Chrome/109.0.0.0 Safari/537.36 Edg/109.0.1518.70" "www.ysfine.com"
40.77.167.188 - - [01/Feb/2023:00:30:23 -0800] "GET /world/germany/hofbrau33.jpg HTTP/1.1" 200 97307 "-" "Mozilla/5.0 AppleWebKit/537.36 (KHTML, like Gecko; compatible; bingbot/2.0; +http://www.bing.com/bingbot.htm) Chrome/103.0.5060.134 Safari/537.36" "www.ysfine.com"
185.191.171.26 - - [01/Feb/2023:00:30:49 -0800] "GET /home/sing.html HTTP/1.1" 200 2927 "-" "Mozilla/5.0 (compatible; SemrushBot/7~bl; +http://www.semrush.com/bot.html)" "ysfine.com"
185.191.171.3 - - [01/Feb/2023:00:31:03 -0800] "GET /ffriends/european.html HTTP/1.1" 200 10712 "-" "Mozilla/5.0 (compatible; SemrushBot/7~bl; +http://www.semrush.com/bot.html)" "www.ysfine.com"
66.249.70.3 - - [01/Feb/2023:00:31:38 -0800] "GET /world/poland/polnobel01.jpg HTTP/1.1" 304 - "-" "Googlebot-Image/1.0" "ysfine.com"
207.46.13.68 - - [01/Feb/2023:00:32:39 -0800] "GET /bio/kobak/namdae.html HTTP/1.1" 404 88 "-" "Mozilla/5.0 AppleWebKit/537.36 (KHTML, like Gecko; compatible; bingbot/2.0; +http://www.bing.com/bingbot.htm) Chrome/103.0.5060.134 Safari/537.36" "ysfine.com"
216.244.66.229 - - [01/Feb/2023:00:32:41 -0800] "GET /confer/newadd.html HTTP/1.1" 200 4182 "-" "Mozilla/5.0 (compatible; DotBot/1.2; +https://opensiteexplorer.org/dotbot; help@moz.com)" "ysfine.com"
216.244.66.229 - - [01/Feb/2023:00:33:11 -0800] "GET /class54/oldr.html HTTP/1.1" 200 12904 "-" "Mozilla/5.0 (compatible; DotBot/1.2; +https://opensiteexplorer.org/dotbot; help@moz.com)" "ysfine.com"
193.140.88.3 - - [01/Feb/2023:00:34:23 -0800] "GET /usca/pitt/syriamos55b.jpg HTTP/1.1" 200 30284 "-" "python-requests/2.28.1" "ysfine.com"
52.167.144.86 - - [01/Feb/2023:00:35:14 -0800] "GET /world/france/pantheon12.jpg HTTP/1.1" 200 106956 "-" "Mozilla/5.0 AppleWebKit/537.36 (KHTML, like Gecko; compatible; bingbot/2.0; +http://www.bing.com/bingbot.htm) Chrome/103.0.5060.134 Safari/537.36" "www.ysfine.com"
17.241.219.87 - - [01/Feb/2023:00:35:30 -0800] "GET /wisdom/kwk.html HTTP/1.1" 200 5252 "-" "Mozilla/5.0 (Macintosh; Intel Mac OS X 10_15_5) AppleWebKit/605.1.15 (KHTML, like Gecko) Version/13.1.1 Safari/605.1.15 (Applebot/0.1; +http://www.apple.com/go/applebot)" "ysfine.com"
207.46.13.90 - - [01/Feb/2023:00:35:36 -0800] "GET /fotos/package11.jpg HTTP/1.1" 200 88827 "-" "Mozilla/5.0 AppleWebKit/537.36 (KHTML, like Gecko; compatible; bingbot/2.0; +http://www.bing.com/bingbot.htm) Chrome/103.0.5060.134 Safari/537.36" "www.ysfine.com"
95.163.255.62 - - [01/Feb/2023:00:36:37 -0800] "GET /robots.txt HTTP/1.1" 404 73 "-" "Mozilla/5.0 (compatible; Linux x86_64; Mail.RU_Bot/2.0; +https://help.mail.ru/webmaster/indexing/robots)" "ysfine.com"
95.163.255.65 - - [01/Feb/2023:00:37:29 -0800] "GET /maga/invent/pupin33.jpg HTTP/1.1" 200 52653 "-" "Mozilla/5.0 (compatible; Linux x86_64; Mail.RU_Bot/2.0; +https://help.mail.ru/webmaster/indexing/robots)" "ysfine.com"
95.163.255.71 - - [01/Feb/2023:00:37:48 -0800] "GET /robots.txt HTTP/1.1" 404 73 "-" "Mozilla/5.0 (compatible; Linux x86_64; Mail.RU_Bot/Img/2.0; +https://help.mail.ru/webmaster/indexing/robots)" "ysfine.com"
95.163.255.64 - - [01/Feb/2023:00:38:30 -0800] "GET /robots.txt HTTP/1.1" 404 73 "-" "Mozilla/5.0 (compatible; Linux x86_64; Mail.RU_Bot/2.0; +https://help.mail.ru/webmaster/indexing/robots)" "www.ysfine.com"
207.46.13.104 - - [01/Feb/2023:00:38:41 -0800] "GET /bio/sbk/1950.html HTTP/1.1" 404 88 "-" "Mozilla/5.0 AppleWebKit/537.36 (KHTML, like Gecko; compatible; bingbot/2.0; +http://www.bing.com/bingbot.htm) Chrome/103.0.5060.134 Safari/537.36" "ysfine.com"
216.24.216.221 - - [01/Feb/2023:00:38:44 -0800] "GET / HTTP/1.1" 200 5295 "http://ysfine.com" "Mozilla/5.0 (Windows NT 10.0; Win64; x64) AppleWebKit/537.36 (KHTML, like Gecko) Chrome/103.0.0.0 Safari/537.36 OPR/89.0.4447.51" "ysfine.com"
216.24.216.221 - - [01/Feb/2023:00:38:47 -0800] "GET /jobs/index.html HTTP/1.1" 200 123 "http://ysfine.com/jobs/index.html" "Mozilla/5.0 (Windows NT 10.0; Win64; x64) AppleWebKit/537.36 (KHTML, like Gecko) Chrome/103.0.0.0 Safari/537.36 OPR/89.0.4447.51" "ysfine.com"
216.24.216.221 - - [01/Feb/2023:00:38:48 -0800] "GET /style/stbot.html HTTP/1.1" 200 122 "http://ysfine.com/style/stbot.html" "Mozilla/5.0 (Windows NT 10.0; Win64; x64) AppleWebKit/537.36 (KHTML, like Gecko) Chrome/103.0.0.0 Safari/537.36 OPR/89.0.4447.51" "ysfine.com"
216.24.216.221 - - [01/Feb/2023:00:38:49 -0800] "GET /eink/mose.html HTTP/1.1" 200 14315 "http://ysfine.com/eink/mose.html" "Mozilla/5.0 (Windows NT 10.0; Win64; x64) AppleWebKit/537.36 (KHTML, like Gecko) Chrome/103.0.0.0 Safari/537.36 OPR/89.0.4447.51" "ysfine.com"
216.24.216.221 - - [01/Feb/2023:00:38:51 -0800] "GET /world/ysworld.html HTTP/1.1" 200 3224 "http://ysfine.com/world/ysworld.html" "Mozilla/5.0 (Windows NT 10.0; Win64; x64) AppleWebKit/537.36 (KHTML, like Gecko) Chrome/103.0.0.0 Safari/537.36 OPR/89.0.4447.51" "ysfine.com"
71.178.208.102 - - [01/Feb/2023:00:38:53 -0800] "GET /ys22/dondon.html HTTP/1.1" 401 90 "https://www.ysfine.com/ys11/index.html" "Mozilla/5.0 (Windows NT 10.0; Win64; x64) AppleWebKit/537.36 (KHTML, like Gecko) Chrome/109.0.0.0 Safari/537.36 Edg/109.0.1518.70" "www.ysfine.com"
216.24.216.221 - - [01/Feb/2023:00:38:54 -0800] "GET /bio.html HTTP/1.1" 200 18260 "http://ysfine.com/bio.html" "Mozilla/5.0 (Windows NT 10.0; Win64; x64) AppleWebKit/537.36 (KHTML, like Gecko) Chrome/103.0.0.0 Safari/537.36 OPR/89.0.4447.51" "ysfine.com"
71.178.208.102 - jake [01/Feb/2023:00:38:55 -0800] "GET /ys22/dondon.html HTTP/1.1" 304 - "https://www.ysfine.com/ys11/index.html" "Mozilla/5.0 (Windows NT 10.0; Win64; x64) AppleWebKit/537.36 (KHTML, like Gecko) Chrome/109.0.0.0 Safari/537.36 Edg/109.0.1518.70" "www.ysfine.com"
216.24.216.221 - - [01/Feb/2023:00:38:59 -0800] "GET /princeton/yspr.html HTTP/1.1" 200 5470 "http://ysfine.com/princeton/yspr.html" "Mozilla/5.0 (Windows NT 10.0; Win64; x64) AppleWebKit/537.36 (KHTML, like Gecko) Chrome/103.0.0.0 Safari/537.36 OPR/89.0.4447.51" "ysfine.com"
216.24.216.221 - - [01/Feb/2023:00:39:02 -0800] "GET /eink/index.html HTTP/1.1" 200 17716 "http://ysfine.com/eink/index.html" "Mozilla/5.0 (Windows NT 10.0; Win64; x64) AppleWebKit/537.36 (KHTML, like Gecko) Chrome/103.0.0.0 Safari/537.36 OPR/89.0.4447.51" "ysfine.com"
216.24.216.221 - - [01/Feb/2023:00:39:05 -0800] "GET /einstein/index.html HTTP/1.1" 200 135 "http://ysfine.com/einstein/index.html" "Mozilla/5.0 (Windows NT 10.0; Win64; x64) AppleWebKit/537.36 (KHTML, like Gecko) Chrome/103.0.0.0 Safari/537.36 OPR/89.0.4447.51" "ysfine.com"
114.119.149.137 - - [01/Feb/2023:00:39:06 -0800] "GET /remote/sisfa12aa/frame46.html HTTP/1.1" 200 319 "https://ysfine.com/remote/sisfa12aa/frame47.html" "Mozilla/5.0 (Linux; Android 7.0;) AppleWebKit/537.36 (KHTML, like Gecko) Mobile Safari/537.36 (compatible; PetalBot;+https://webmaster.petalsearch.com/site/petalbot)" "ysfine.com"
