163.180.177.188 - - [01/Feb/2023:06:41:53 -0800] "GET /jobs/koreaj.html HTTP/1.1" 200 5358 "https://www.google.com/" "Mozilla/5.0 (Windows NT 10.0; Win64; x64) AppleWebKit/537.36 (KHTML, like Gecko) Chrome/109.0.0.0 Safari/537.36" "ysfine.com"
163.180.177.188 - - [01/Feb/2023:06:41:53 -0800] "GET /jobs/koreaj11b.jpg HTTP/1.1" 200 67543 "https://ysfine.com/jobs/koreaj.html" "Mozilla/5.0 (Windows NT 10.0; Win64; x64) AppleWebKit/537.36 (KHTML, like Gecko) Chrome/109.0.0.0 Safari/537.36" "ysfine.com"
51.222.253.2 - - [01/Feb/2023:06:42:49 -0800] "GET /world/china22.html HTTP/1.1" 200 12827 "-" "Mozilla/5.0 (compatible; AhrefsBot/7.0; +http://ahrefs.com/robot/)" "www.ysfine.com"
51.222.253.14 - - [01/Feb/2023:06:42:53 -0800] "GET /world/china/dalian01b.jpg HTTP/1.1" 200 70749 "-" "Mozilla/5.0 (compatible; AhrefsBot/7.0; +http://ahrefs.com/robot/)" "www.ysfine.com"
51.222.253.6 - - [01/Feb/2023:06:42:54 -0800] "GET /kobak/taylor11b.jpg HTTP/1.1" 200 42467 "-" "Mozilla/5.0 (compatible; AhrefsBot/7.0; +http://ahrefs.com/robot/)" "www.ysfine.com"
51.222.253.15 - - [01/Feb/2023:06:42:55 -0800] "GET /world/china/china047b.jpg HTTP/1.1" 200 48103 "-" "Mozilla/5.0 (compatible; AhrefsBot/7.0; +http://ahrefs.com/robot/)" "www.ysfine.com"
51.222.253.9 - - [01/Feb/2023:06:42:55 -0800] "GET /world/china/china101b.jpg HTTP/1.1" 200 39275 "-" "Mozilla/5.0 (compatible; AhrefsBot/7.0; +http://ahrefs.com/robot/)" "www.ysfine.com"
51.222.253.6 - - [01/Feb/2023:06:42:56 -0800] "GET /world/china/dalian60b.jpg HTTP/1.1" 200 44826 "-" "Mozilla/5.0 (compatible; AhrefsBot/7.0; +http://ahrefs.com/robot/)" "www.ysfine.com"
51.222.253.3 - - [01/Feb/2023:06:42:57 -0800] "GET /world/france/champ1216b.jpg HTTP/1.1" 200 48139 "-" "Mozilla/5.0 (compatible; AhrefsBot/7.0; +http://ahrefs.com/robot/)" "www.ysfine.com"
51.222.253.1 - - [01/Feb/2023:06:42:58 -0800] "GET /eink/pwk19c.jpg HTTP/1.1" 200 57759 "-" "Mozilla/5.0 (compatible; AhrefsBot/7.0; +http://ahrefs.com/robot/)" "www.ysfine.com"
51.222.253.14 - - [01/Feb/2023:06:42:59 -0800] "GET /world/china/suz52b.jpg HTTP/1.1" 200 35031 "-" "Mozilla/5.0 (compatible; AhrefsBot/7.0; +http://ahrefs.com/robot/)" "www.ysfine.com"
163.180.177.188 - - [01/Feb/2023:06:42:59 -0800] "GET /index.html HTTP/1.1" 200 5295 "-" "Mozilla/5.0 (Windows NT 10.0; Win64; x64) AppleWebKit/537.36 (KHTML, like Gecko) Chrome/109.0.0.0 Safari/537.36" "ysfine.com"
51.222.253.6 - - [01/Feb/2023:06:42:59 -0800] "GET /world/china/nanjing25b.jpg HTTP/1.1" 200 62305 "-" "Mozilla/5.0 (compatible; AhrefsBot/7.0; +http://ahrefs.com/robot/)" "www.ysfine.com"
163.180.177.188 - - [01/Feb/2023:06:42:59 -0800] "GET /home/top21d.jpg HTTP/1.1" 200 74409 "https://ysfine.com/index.html" "Mozilla/5.0 (Windows NT 10.0; Win64; x64) AppleWebKit/537.36 (KHTML, like Gecko) Chrome/109.0.0.0 Safari/537.36" "ysfine.com"
163.180.177.188 - - [01/Feb/2023:06:42:59 -0800] "GET /home/eink450.jpg HTTP/1.1" 200 66794 "https://ysfine.com/index.html" "Mozilla/5.0 (Windows NT 10.0; Win64; x64) AppleWebKit/537.36 (KHTML, like Gecko) Chrome/109.0.0.0 Safari/537.36" "ysfine.com"
163.180.177.188 - - [01/Feb/2023:06:42:59 -0800] "GET /home/facu450.jpg HTTP/1.1" 200 74535 "https://ysfine.com/index.html" "Mozilla/5.0 (Windows NT 10.0; Win64; x64) AppleWebKit/537.36 (KHTML, like Gecko) Chrome/109.0.0.0 Safari/537.36" "ysfine.com"
51.222.253.9 - - [01/Feb/2023:06:43:00 -0800] "GET /kobak/swr51b.jpg HTTP/1.1" 200 31277 "-" "Mozilla/5.0 (compatible; AhrefsBot/7.0; +http://ahrefs.com/robot/)" "www.ysfine.com"
163.180.177.188 - - [01/Feb/2023:06:43:00 -0800] "GET /home/goodbad450.jpg HTTP/1.1" 200 32258 "https://ysfine.com/index.html" "Mozilla/5.0 (Windows NT 10.0; Win64; x64) AppleWebKit/537.36 (KHTML, like Gecko) Chrome/109.0.0.0 Safari/537.36" "ysfine.com"
51.222.253.13 - - [01/Feb/2023:06:43:00 -0800] "GET /world/china/beijing051b.jpg HTTP/1.1" 200 37261 "-" "Mozilla/5.0 (compatible; AhrefsBot/7.0; +http://ahrefs.com/robot/)" "www.ysfine.com"
51.222.253.11 - - [01/Feb/2023:06:43:01 -0800] "GET /world/china/suz23b.jpg HTTP/1.1" 200 35770 "-" "Mozilla/5.0 (compatible; AhrefsBot/7.0; +http://ahrefs.com/robot/)" "www.ysfine.com"
163.180.177.188 - - [01/Feb/2023:06:43:01 -0800] "GET /home/truck450.jpg HTTP/1.1" 200 42871 "https://ysfine.com/index.html" "Mozilla/5.0 (Windows NT 10.0; Win64; x64) AppleWebKit/537.36 (KHTML, like Gecko) Chrome/109.0.0.0 Safari/537.36" "ysfine.com"
163.180.177.188 - - [01/Feb/2023:06:43:02 -0800] "GET /eink/ewk86f.jpg HTTP/1.1" 200 122173 "https://ysfine.com/index.html" "Mozilla/5.0 (Windows NT 10.0; Win64; x64) AppleWebKit/537.36 (KHTML, like Gecko) Chrome/109.0.0.0 Safari/537.36" "ysfine.com"
163.180.177.188 - - [01/Feb/2023:06:43:02 -0800] "GET /home/washmo23d.jpg HTTP/1.1" 200 32142 "https://ysfine.com/index.html" "Mozilla/5.0 (Windows NT 10.0; Win64; x64) AppleWebKit/537.36 (KHTML, like Gecko) Chrome/109.0.0.0 Safari/537.36" "ysfine.com"
51.222.253.15 - - [01/Feb/2023:06:43:02 -0800] "GET /usca/campus/westpoint10b.jpg HTTP/1.1" 200 36544 "-" "Mozilla/5.0 (compatible; AhrefsBot/7.0; +http://ahrefs.com/robot/)" "www.ysfine.com"
163.180.177.188 - - [01/Feb/2023:06:43:02 -0800] "GET /home/eindc03d.jpg HTTP/1.1" 200 95860 "https://ysfine.com/index.html" "Mozilla/5.0 (Windows NT 10.0; Win64; x64) AppleWebKit/537.36 (KHTML, like Gecko) Chrome/109.0.0.0 Safari/537.36" "ysfine.com"
163.180.177.188 - - [01/Feb/2023:06:43:03 -0800] "GET /home/1987pr22d.jpg HTTP/1.1" 200 66428 "https://ysfine.com/index.html" "Mozilla/5.0 (Windows NT 10.0; Win64; x64) AppleWebKit/537.36 (KHTML, like Gecko) Chrome/109.0.0.0 Safari/537.36" "ysfine.com"
163.180.177.188 - - [01/Feb/2023:06:43:03 -0800] "GET /eink/einhaus11c.jpg HTTP/1.1" 200 42522 "https://ysfine.com/index.html" "Mozilla/5.0 (Windows NT 10.0; Win64; x64) AppleWebKit/537.36 (KHTML, like Gecko) Chrome/109.0.0.0 Safari/537.36" "ysfine.com"
51.222.253.10 - - [01/Feb/2023:06:43:04 -0800] "GET /maga/phil/bipart500.jpg HTTP/1.1" 200 43603 "-" "Mozilla/5.0 (compatible; AhrefsBot/7.0; +http://ahrefs.com/robot/)" "www.ysfine.com"
163.180.177.188 - - [01/Feb/2023:06:43:04 -0800] "GET /eink/einhaus33c.jpg HTTP/1.1" 200 23792 "https://ysfine.com/index.html" "Mozilla/5.0 (Windows NT 10.0; Win64; x64) AppleWebKit/537.36 (KHTML, like Gecko) Chrome/109.0.0.0 Safari/537.36" "ysfine.com"
163.180.177.188 - - [01/Feb/2023:06:43:04 -0800] "GET /home/eink54f.jpg HTTP/1.1" 200 96332 "https://ysfine.com/index.html" "Mozilla/5.0 (Windows NT 10.0; Win64; x64) AppleWebKit/537.36 (KHTML, like Gecko) Chrome/109.0.0.0 Safari/537.36" "ysfine.com"
163.180.177.188 - - [01/Feb/2023:06:43:04 -0800] "GET /home/eward55f.jpg HTTP/1.1" 200 122802 "https://ysfine.com/index.html" "Mozilla/5.0 (Windows NT 10.0; Win64; x64) AppleWebKit/537.36 (KHTML, like Gecko) Chrome/109.0.0.0 Safari/537.36" "ysfine.com"
163.180.177.188 - - [01/Feb/2023:06:43:04 -0800] "GET /home/taylor500.jpg HTTP/1.1" 200 79197 "https://ysfine.com/index.html" "Mozilla/5.0 (Windows NT 10.0; Win64; x64) AppleWebKit/537.36 (KHTML, like Gecko) Chrome/109.0.0.0 Safari/537.36" "ysfine.com"
51.222.253.7 - - [01/Feb/2023:06:43:05 -0800] "GET /maga/phil/kanthegel500.jpg HTTP/1.1" 200 52084 "-" "Mozilla/5.0 (compatible; AhrefsBot/7.0; +http://ahrefs.com/robot/)" "www.ysfine.com"
51.222.253.20 - - [01/Feb/2023:06:43:07 -0800] "GET /world/china/shanghai008b.jpg HTTP/1.1" 200 55508 "-" "Mozilla/5.0 (compatible; AhrefsBot/7.0; +http://ahrefs.com/robot/)" "www.ysfine.com"
51.222.253.5 - - [01/Feb/2023:06:43:08 -0800] "GET /wisdom/mil/arisakaguns01b.jpg HTTP/1.1" 200 33229 "-" "Mozilla/5.0 (compatible; AhrefsBot/7.0; +http://ahrefs.com/robot/)" "www.ysfine.com"
51.222.253.9 - - [01/Feb/2023:06:43:10 -0800] "GET /world/china/china048b.jpg HTTP/1.1" 200 45999 "-" "Mozilla/5.0 (compatible; AhrefsBot/7.0; +http://ahrefs.com/robot/)" "www.ysfine.com"
51.222.253.6 - - [01/Feb/2023:06:43:11 -0800] "GET /world/china/nanjing50b.jpg HTTP/1.1" 200 32306 "-" "Mozilla/5.0 (compatible; AhrefsBot/7.0; +http://ahrefs.com/robot/)" "www.ysfine.com"
51.222.253.3 - - [01/Feb/2023:06:43:12 -0800] "GET /friends/aline/chinasouth02b.jpg HTTP/1.1" 404 88 "-" "Mozilla/5.0 (compatible; AhrefsBot/7.0; +http://ahrefs.com/robot/)" "www.ysfine.com"
51.222.253.1 - - [01/Feb/2023:06:43:12 -0800] "GET /world/china/beijing101b.jpg HTTP/1.1" 200 39321 "-" "Mozilla/5.0 (compatible; AhrefsBot/7.0; +http://ahrefs.com/robot/)" "www.ysfine.com"
51.222.253.2 - - [01/Feb/2023:06:43:13 -0800] "GET /world/china/beijing105b.jpg HTTP/1.1" 200 44527 "-" "Mozilla/5.0 (compatible; AhrefsBot/7.0; +http://ahrefs.com/robot/)" "www.ysfine.com"
51.222.253.9 - - [01/Feb/2023:06:43:13 -0800] "GET /world/china/china044b.jpg HTTP/1.1" 200 43025 "-" "Mozilla/5.0 (compatible; AhrefsBot/7.0; +http://ahrefs.com/robot/)" "www.ysfine.com"
51.222.253.11 - - [01/Feb/2023:06:43:14 -0800] "GET /world/china/nanjing55b.jpg HTTP/1.1" 200 42937 "-" "Mozilla/5.0 (compatible; AhrefsBot/7.0; +http://ahrefs.com/robot/)" "www.ysfine.com"
51.222.253.8 - - [01/Feb/2023:06:43:15 -0800] "GET /world/china/shanghai053b.jpg HTTP/1.1" 200 45086 "-" "Mozilla/5.0 (compatible; AhrefsBot/7.0; +http://ahrefs.com/robot/)" "www.ysfine.com"
51.222.253.11 - - [01/Feb/2023:06:43:16 -0800] "GET /world/china/china042b.jpg HTTP/1.1" 200 43611 "-" "Mozilla/5.0 (compatible; AhrefsBot/7.0; +http://ahrefs.com/robot/)" "www.ysfine.com"
51.222.253.12 - - [01/Feb/2023:06:43:16 -0800] "GET /world/china/opium01b.jpg HTTP/1.1" 200 56514 "-" "Mozilla/5.0 (compatible; AhrefsBot/7.0; +http://ahrefs.com/robot/)" "www.ysfine.com"
51.222.253.9 - - [01/Feb/2023:06:43:17 -0800] "GET /world/china/shanghai101b.jpg HTTP/1.1" 200 49203 "-" "Mozilla/5.0 (compatible; AhrefsBot/7.0; +http://ahrefs.com/robot/)" "www.ysfine.com"
51.222.253.19 - - [01/Feb/2023:06:43:18 -0800] "GET /world/china/shenyang13b.jpg HTTP/1.1" 200 42952 "-" "Mozilla/5.0 (compatible; AhrefsBot/7.0; +http://ahrefs.com/robot/)" "www.ysfine.com"
51.222.253.4 - - [01/Feb/2023:06:43:19 -0800] "GET /world/china/beijing112b.jpg HTTP/1.1" 200 51176 "-" "Mozilla/5.0 (compatible; AhrefsBot/7.0; +http://ahrefs.com/robot/)" "www.ysfine.com"
91.193.178.224 - - [01/Feb/2023:06:44:18 -0800] "GET /kowar/tanks/tank21.jpg HTTP/1.1" 200 52329 "https://novyefoto.ru/" "Mozilla/5.0 (iPhone; CPU iPhone OS 14_8_1 like Mac OS X) AppleWebKit/605.1.15 (KHTML, like Gecko) Mobile/15E148 YaBrowser/23.1.3.532.10 YaApp_iOS/2301.3 YaApp_iOS_Browser/2301.3 Safari/604.1 SA/3" "ysfine.com"
207.46.13.104 - - [01/Feb/2023:06:44:41 -0800] "GET /bio/style/artlove.html HTTP/1.1" 404 88 "-" "Mozilla/5.0 AppleWebKit/537.36 (KHTML, like Gecko; compatible; bingbot/2.0; +http://www.bing.com/bingbot.htm) Chrome/103.0.5060.134 Safari/537.36" "ysfine.com"
71.178.208.102 - - [01/Feb/2023:06:47:55 -0800] "GET /ys11/ HTTP/1.1" 304 - "-" "Mozilla/5.0 (Windows NT 10.0; Win64; x64) AppleWebKit/537.36 (KHTML, like Gecko) Chrome/109.0.5414.75 Safari/537.36" "ysfine.com"
71.178.208.102 - - [01/Feb/2023:06:48:00 -0800] "GET /ys22/dondon.html HTTP/1.1" 401 90 "https://ysfine.com/ys11/" "Mozilla/5.0 (Windows NT 10.0; Win64; x64) AppleWebKit/537.36 (KHTML, like Gecko) Chrome/109.0.5414.75 Safari/537.36" "ysfine.com"
71.178.208.102 - jake [01/Feb/2023:06:48:01 -0800] "GET /ys22/dondon.html HTTP/1.1" 304 - "https://ysfine.com/ys11/" "Mozilla/5.0 (Windows NT 10.0; Win64; x64) AppleWebKit/537.36 (KHTML, like Gecko) Chrome/109.0.5414.75 Safari/537.36" "ysfine.com"
51.222.253.6 - - [01/Feb/2023:06:48:26 -0800] "GET /einstein/ewk.html HTTP/1.1" 200 4230 "-" "Mozilla/5.0 (compatible; AhrefsBot/7.0; +http://ahrefs.com/robot/)" "www.ysfine.com"
51.222.253.2 - - [01/Feb/2023:06:48:35 -0800] "GET /eink/emc23b.jpg HTTP/1.1" 200 41966 "-" "Mozilla/5.0 (compatible; AhrefsBot/7.0; +http://ahrefs.com/robot/)" "www.ysfine.com"
51.222.253.20 - - [01/Feb/2023:06:48:35 -0800] "GET /einstein/newtein11a.jpg HTTP/1.1" 200 58594 "-" "Mozilla/5.0 (compatible; AhrefsBot/7.0; +http://ahrefs.com/robot/)" "www.ysfine.com"
51.222.253.15 - - [01/Feb/2023:06:48:36 -0800] "GET /einstein/eins05b.jpg HTTP/1.1" 200 47795 "-" "Mozilla/5.0 (compatible; AhrefsBot/7.0; +http://ahrefs.com/robot/)" "www.ysfine.com"
51.222.253.6 - - [01/Feb/2023:06:48:37 -0800] "GET /einstein/wigein600.jpg HTTP/1.1" 200 38831 "-" "Mozilla/5.0 (compatible; AhrefsBot/7.0; +http://ahrefs.com/robot/)" "www.ysfine.com"
51.222.253.14 - - [01/Feb/2023:06:48:38 -0800] "GET /einstein/places/einha02b.jpg HTTP/1.1" 200 35565 "-" "Mozilla/5.0 (compatible; AhrefsBot/7.0; +http://ahrefs.com/robot/)" "www.ysfine.com"
51.222.253.20 - - [01/Feb/2023:06:48:39 -0800] "GET /einstein/dirfeyn55a.jpg HTTP/1.1" 200 75479 "-" "Mozilla/5.0 (compatible; AhrefsBot/7.0; +http://ahrefs.com/robot/)" "www.ysfine.com"
51.222.253.8 - - [01/Feb/2023:06:48:39 -0800] "GET /einstein/places/einha01b.jpg HTTP/1.1" 200 41574 "-" "Mozilla/5.0 (compatible; AhrefsBot/7.0; +http://ahrefs.com/robot/)" "www.ysfine.com"
207.46.13.104 - - [01/Feb/2023:06:49:02 -0800] "GET /bio/kobak/yskor.html HTTP/1.1" 404 88 "-" "Mozilla/5.0 AppleWebKit/537.36 (KHTML, like Gecko; compatible; bingbot/2.0; +http://www.bing.com/bingbot.htm) Chrome/103.0.5060.134 Safari/537.36" "ysfine.com"
71.178.208.102 - - [01/Feb/2023:06:49:10 -0800] "GET /ys11/index.html HTTP/1.1" 304 - "-" "Mozilla/5.0 (Windows NT 10.0; Win64; x64) AppleWebKit/537.36 (KHTML, like Gecko) Chrome/109.0.0.0 Safari/537.36 Edg/109.0.1518.70" "www.ysfine.com"
49.149.106.52 - - [01/Feb/2023:06:50:26 -0800] "GET /maga/phys/schrod11.jpg HTTP/1.1" 200 107958 "https://images.search.yahoo.com/search/images;_ylt=Awrg0Lsre9pjcbY8l5aJzbkF;_ylu=c2VjA3NlYXJjaARzbGsDYnV0dG9u;_ylc=X1MDOTYwNjI4NTcEX3IDMgRmcgNtY2FmZWUEZnIyA3A6cyx2OmksbTpzYi10b3AEZ3ByaWQDZ3pxR1VHeFdTN2VVYUc0OHBWVnFpQQRuX3JzbHQDMARuX3N1Z2cDMTAEb3JpZ2luA2ltYWdlcy5zZWFyY2gueWFob28uY29tBHBvcwMwBHBxc3RyAwRwcXN0cmwDMARxc3RybAMxOARxdWVyeQNlcndpbiUyMHNjaHJvZGluZ2VyJTIwBHRfc3RtcAMxNjc1MjYyNjk2?p=erwin+schrodinger+&fr=mcafee&fr2=p%3As%2Cv%3Ai%2Cm%3Asb-top&ei=UTF-8&x=wrt&type=E210US91213G91642" "Mozilla/5.0 (Windows NT 10.0; Win64; x64) AppleWebKit/537.36 (KHTML, like Gecko) Chrome/109.0.0.0 Safari/537.36" "ysfine.com"
163.180.177.188 - - [01/Feb/2023:06:50:30 -0800] "GET /sbk/index.html HTTP/1.1" 200 198 "-" "Mozilla/5.0 (Windows NT 10.0; Win64; x64) AppleWebKit/537.36 (KHTML, like Gecko) Chrome/109.0.0.0 Safari/537.36" "ysfine.com"
163.180.177.188 - - [01/Feb/2023:06:50:31 -0800] "GET /sbk/sbleft.html HTTP/1.1" 200 426 "https://ysfine.com/sbk/index.html" "Mozilla/5.0 (Windows NT 10.0; Win64; x64) AppleWebKit/537.36 (KHTML, like Gecko) Chrome/109.0.0.0 Safari/537.36" "ysfine.com"
163.180.177.188 - - [01/Feb/2023:06:50:31 -0800] "GET /sbk/1950.html HTTP/1.1" 200 5522 "https://ysfine.com/sbk/index.html" "Mozilla/5.0 (Windows NT 10.0; Win64; x64) AppleWebKit/537.36 (KHTML, like Gecko) Chrome/109.0.0.0 Safari/537.36" "ysfine.com"
163.180.177.188 - - [01/Feb/2023:06:50:31 -0800] "GET /sbk/1963aa33c.jpg HTTP/1.1" 200 23379 "https://ysfine.com/sbk/1950.html" "Mozilla/5.0 (Windows NT 10.0; Win64; x64) AppleWebKit/537.36 (KHTML, like Gecko) Chrome/109.0.0.0 Safari/537.36" "ysfine.com"
163.180.177.188 - - [01/Feb/2023:06:50:31 -0800] "GET /sbk/1959aa11c.jpg HTTP/1.1" 200 27910 "https://ysfine.com/sbk/1950.html" "Mozilla/5.0 (Windows NT 10.0; Win64; x64) AppleWebKit/537.36 (KHTML, like Gecko) Chrome/109.0.0.0 Safari/537.36" "ysfine.com"
163.180.177.188 - - [01/Feb/2023:06:50:31 -0800] "GET /sbk/1967annapo11c.jpg HTTP/1.1" 200 31737 "https://ysfine.com/sbk/1950.html" "Mozilla/5.0 (Windows NT 10.0; Win64; x64) AppleWebKit/537.36 (KHTML, like Gecko) Chrome/109.0.0.0 Safari/537.36" "ysfine.com"
163.180.177.188 - - [01/Feb/2023:06:50:31 -0800] "GET /sbk/1968bb300.jpg HTTP/1.1" 200 28047 "https://ysfine.com/sbk/1950.html" "Mozilla/5.0 (Windows NT 10.0; Win64; x64) AppleWebKit/537.36 (KHTML, like Gecko) Chrome/109.0.0.0 Safari/537.36" "ysfine.com"
163.180.177.188 - - [01/Feb/2023:06:50:31 -0800] "GET /sbk/1980ff300.jpg HTTP/1.1" 200 47109 "https://ysfine.com/sbk/1950.html" "Mozilla/5.0 (Windows NT 10.0; Win64; x64) AppleWebKit/537.36 (KHTML, like Gecko) Chrome/109.0.0.0 Safari/537.36" "ysfine.com"
163.180.177.188 - - [01/Feb/2023:06:50:31 -0800] "GET /sbk/1965cc11c.jpg HTTP/1.1" 200 23254 "https://ysfine.com/sbk/1950.html" "Mozilla/5.0 (Windows NT 10.0; Win64; x64) AppleWebKit/537.36 (KHTML, like Gecko) Chrome/109.0.0.0 Safari/537.36" "ysfine.com"
163.180.177.188 - - [01/Feb/2023:06:50:31 -0800] "GET /sbk/1975nyc11c.jpg HTTP/1.1" 200 35038 "https://ysfine.com/sbk/1950.html" "Mozilla/5.0 (Windows NT 10.0; Win64; x64) AppleWebKit/537.36 (KHTML, like Gecko) Chrome/109.0.0.0 Safari/537.36" "ysfine.com"
163.180.177.188 - - [01/Feb/2023:06:50:31 -0800] "GET /sbk/1987brooke11c.jpg HTTP/1.1" 200 44914 "https://ysfine.com/sbk/1950.html" "Mozilla/5.0 (Windows NT 10.0; Win64; x64) AppleWebKit/537.36 (KHTML, like Gecko) Chrome/109.0.0.0 Safari/537.36" "ysfine.com"
163.180.177.188 - - [01/Feb/2023:06:50:31 -0800] "GET /sbk/1972house11c.jpg HTTP/1.1" 200 26749 "https://ysfine.com/sbk/1950.html" "Mozilla/5.0 (Windows NT 10.0; Win64; x64) AppleWebKit/537.36 (KHTML, like Gecko) Chrome/109.0.0.0 Safari/537.36" "ysfine.com"
163.180.177.188 - - [01/Feb/2023:06:50:31 -0800] "GET /sbk/1984pr11c.jpg HTTP/1.1" 200 35625 "https://ysfine.com/sbk/1950.html" "Mozilla/5.0 (Windows NT 10.0; Win64; x64) AppleWebKit/537.36 (KHTML, like Gecko) Chrome/109.0.0.0 Safari/537.36" "ysfine.com"
163.180.177.188 - - [01/Feb/2023:06:50:31 -0800] "GET /sbk/1983pr88c.jpg HTTP/1.1" 200 39529 "https://ysfine.com/sbk/1950.html" "Mozilla/5.0 (Windows NT 10.0; Win64; x64) AppleWebKit/537.36 (KHTML, like Gecko) Chrome/109.0.0.0 Safari/537.36" "ysfine.com"
163.180.177.188 - - [01/Feb/2023:06:50:31 -0800] "GET /sbk/1981montr11c.jpg HTTP/1.1" 200 49585 "https://ysfine.com/sbk/1950.html" "Mozilla/5.0 (Windows NT 10.0; Win64; x64) AppleWebKit/537.36 (KHTML, like Gecko) Chrome/109.0.0.0 Safari/537.36" "ysfine.com"
163.180.177.188 - - [01/Feb/2023:06:50:31 -0800] "GET /sbk/1969cornell300.jpg HTTP/1.1" 200 26073 "https://ysfine.com/sbk/1950.html" "Mozilla/5.0 (Windows NT 10.0; Win64; x64) AppleWebKit/537.36 (KHTML, like Gecko) Chrome/109.0.0.0 Safari/537.36" "ysfine.com"
163.180.177.188 - - [01/Feb/2023:06:50:31 -0800] "GET /sbk/1978cc300.jpg HTTP/1.1" 200 49771 "https://ysfine.com/sbk/1950.html" "Mozilla/5.0 (Windows NT 10.0; Win64; x64) AppleWebKit/537.36 (KHTML, like Gecko) Chrome/109.0.0.0 Safari/537.36" "ysfine.com"
163.180.177.188 - - [01/Feb/2023:06:50:31 -0800] "GET /sbk/1982balto22c.jpg HTTP/1.1" 200 27345 "https://ysfine.com/sbk/1950.html" "Mozilla/5.0 (Windows NT 10.0; Win64; x64) AppleWebKit/537.36 (KHTML, like Gecko) Chrome/109.0.0.0 Safari/537.36" "ysfine.com"
163.180.177.188 - - [01/Feb/2023:06:50:31 -0800] "GET /sbk/1976wdc11c.jpg HTTP/1.1" 200 30085 "https://ysfine.com/sbk/1950.html" "Mozilla/5.0 (Windows NT 10.0; Win64; x64) AppleWebKit/537.36 (KHTML, like Gecko) Chrome/109.0.0.0 Safari/537.36" "ysfine.com"
163.180.177.188 - - [01/Feb/2023:06:50:31 -0800] "GET /sbk/1989ogun11c.jpg HTTP/1.1" 200 47447 "https://ysfine.com/sbk/1950.html" "Mozilla/5.0 (Windows NT 10.0; Win64; x64) AppleWebKit/537.36 (KHTML, like Gecko) Chrome/109.0.0.0 Safari/537.36" "ysfine.com"
163.180.177.188 - - [01/Feb/2023:06:50:31 -0800] "GET /sbk/1973kc300.jpg HTTP/1.1" 200 31285 "https://ysfine.com/sbk/1950.html" "Mozilla/5.0 (Windows NT 10.0; Win64; x64) AppleWebKit/537.36 (KHTML, like Gecko) Chrome/109.0.0.0 Safari/537.36" "ysfine.com"
163.180.177.188 - - [01/Feb/2023:06:50:31 -0800] "GET /sbk/1985burl01c.jpg HTTP/1.1" 200 41414 "https://ysfine.com/sbk/1950.html" "Mozilla/5.0 (Windows NT 10.0; Win64; x64) AppleWebKit/537.36 (KHTML, like Gecko) Chrome/109.0.0.0 Safari/537.36" "ysfine.com"
163.180.177.188 - - [01/Feb/2023:06:50:31 -0800] "GET /sbk/1970nyc11c.jpg HTTP/1.1" 200 31503 "https://ysfine.com/sbk/1950.html" "Mozilla/5.0 (Windows NT 10.0; Win64; x64) AppleWebKit/537.36 (KHTML, like Gecko) Chrome/109.0.0.0 Safari/537.36" "ysfine.com"
163.180.177.188 - - [01/Feb/2023:06:50:31 -0800] "GET /sbk/1971nia11c.jpg HTTP/1.1" 200 39954 "https://ysfine.com/sbk/1950.html" "Mozilla/5.0 (Windows NT 10.0; Win64; x64) AppleWebKit/537.36 (KHTML, like Gecko) Chrome/109.0.0.0 Safari/537.36" "ysfine.com"
71.178.208.102 - - [01/Feb/2023:06:50:38 -0800] "GET /ys22/index.html HTTP/1.1" 401 90 "https://www.ysfine.com/ys11/index.html" "Mozilla/5.0 (Windows NT 10.0; Win64; x64) AppleWebKit/537.36 (KHTML, like Gecko) Chrome/109.0.0.0 Safari/537.36 Edg/109.0.1518.70" "www.ysfine.com"
71.178.208.102 - jake [01/Feb/2023:06:50:41 -0800] "GET /ys22/index.html HTTP/1.1" 200 4113 "https://www.ysfine.com/ys11/index.html" "Mozilla/5.0 (Windows NT 10.0; Win64; x64) AppleWebKit/537.36 (KHTML, like Gecko) Chrome/109.0.0.0 Safari/537.36 Edg/109.0.1518.70" "www.ysfine.com"
71.178.208.102 - jake [01/Feb/2023:06:50:41 -0800] "GET /ys22/screens/theme22.jpg HTTP/1.1" 200 56385 "https://www.ysfine.com/ys22/index.html" "Mozilla/5.0 (Windows NT 10.0; Win64; x64) AppleWebKit/537.36 (KHTML, like Gecko) Chrome/109.0.0.0 Safari/537.36 Edg/109.0.1518.70" "www.ysfine.com"
71.178.208.102 - jake [01/Feb/2023:06:50:41 -0800] "GET /ys22/screens/theme66.jpg HTTP/1.1" 200 74558 "https://www.ysfine.com/ys22/index.html" "Mozilla/5.0 (Windows NT 10.0; Win64; x64) AppleWebKit/537.36 (KHTML, like Gecko) Chrome/109.0.0.0 Safari/537.36 Edg/109.0.1518.70" "www.ysfine.com"
184.59.20.80 - - [01/Feb/2023:06:50:47 -0800] "GET /dirac/dirac11.jpg HTTP/1.1" 200 94245 "https://www.google.com/" "Mozilla/5.0 (Windows NT 10.0; Win64; x64) AppleWebKit/537.36 (KHTML, like Gecko) Chrome/109.0.0.0 Safari/537.36" "ysfine.com"
49.7.21.114 - - [01/Feb/2023:06:51:56 -0800] "GET / HTTP/1.1" 200 5295 "-" "Sogou web spider/4.0(+http://www.sogou.com/docs/help/webmasters.htm#07)" "ysfine.com"
52.167.144.39 - - [01/Feb/2023:06:53:11 -0800] "GET /eink/hyperell61.jpg HTTP/1.1" 200 51720 "-" "Mozilla/5.0 AppleWebKit/537.36 (KHTML, like Gecko; compatible; bingbot/2.0; +http://www.bing.com/bingbot.htm) Chrome/103.0.5060.134 Safari/537.36" "ysfine.com"
52.167.144.39 - - [01/Feb/2023:06:53:12 -0800] "GET /einstein/fantova/fantova.html HTTP/1.1" 200 6506 "-" "Mozilla/5.0 AppleWebKit/537.36 (KHTML, like Gecko; compatible; bingbot/2.0; +http://www.bing.com/bingbot.htm) Chrome/103.0.5060.134 Safari/537.36" "ysfine.com"
52.167.144.39 - - [01/Feb/2023:06:53:12 -0800] "GET /friends/eurof.html HTTP/1.1" 404 88 "-" "Mozilla/5.0 AppleWebKit/537.36 (KHTML, like Gecko; compatible; bingbot/2.0; +http://www.bing.com/bingbot.htm) Chrome/103.0.5060.134 Safari/537.36" "ysfine.com"
52.167.144.86 - - [01/Feb/2023:06:53:15 -0800] "GET /bio/wigner/e(2).html HTTP/1.1" 404 88 "-" "Mozilla/5.0 AppleWebKit/537.36 (KHTML, like Gecko; compatible; bingbot/2.0; +http://www.bing.com/bingbot.htm) Chrome/103.0.5060.134 Safari/537.36" "ysfine.com"
207.46.13.64 - - [01/Feb/2023:06:53:48 -0800] "GET /ysbio/world/russ/roskei90c.jpg HTTP/1.1" 404 88 "-" "Mozilla/5.0 AppleWebKit/537.36 (KHTML, like Gecko; compatible; bingbot/2.0; +http://www.bing.com/bingbot.htm) Chrome/103.0.5060.134 Safari/537.36" "ysfine.com"
51.222.253.12 - - [01/Feb/2023:06:54:39 -0800] "GET /sbk/ HTTP/1.1" 200 198 "-" "Mozilla/5.0 (compatible; AhrefsBot/7.0; +http://ahrefs.com/robot/)" "ysfine.com"
71.178.208.102 - - [01/Feb/2023:06:54:48 -0800] "GET /ys11/ HTTP/1.1" 200 3494 "-" "Mozilla/5.0 (Windows NT 10.0; Win64; x64) AppleWebKit/537.36 (KHTML, like Gecko) Chrome/109.0.0.0 Safari/537.36" "ysfine.com"
42.83.147.34 - - [01/Feb/2023:06:54:49 -0800] "GET / HTTP/1.1" 200 5295 "-" "Mozilla/5.0 (Windows NT 6.1; Win64; x64) AppleWebKit/537.36 (KHTML, like Gecko)Chrome/74.0.3729.169 Safari/537.36" "ysfine.com"
71.178.208.102 - - [01/Feb/2023:06:54:55 -0800] "GET /ys22/dondon.html HTTP/1.1" 401 90 "https://ysfine.com/ys11/" "Mozilla/5.0 (Windows NT 10.0; Win64; x64) AppleWebKit/537.36 (KHTML, like Gecko) Chrome/109.0.0.0 Safari/537.36" "ysfine.com"
40.77.167.192 - - [01/Feb/2023:06:55:14 -0800] "GET /world/russ/kazanmap11.jpg HTTP/1.1" 200 73185 "-" "Mozilla/5.0 AppleWebKit/537.36 (KHTML, like Gecko; compatible; bingbot/2.0; +http://www.bing.com/bingbot.htm) Chrome/103.0.5060.134 Safari/537.36" "www.ysfine.com"
88.119.170.164 - - [01/Feb/2023:06:55:30 -0800] "GET /world/baltic/kantgrave11.jpg HTTP/1.1" 200 151479 "https://www.google.com/blank.html" "Mozilla/5.0 (Linux; Android 6.0.1; STV100-4 Build/MMB29M; wv) AppleWebKit/537.36 (KHTML, like Gecko) Version/4.0 Chrome/73.0.3683.90 Mobile Safari/537.36 GSA/12.28.8.23.arm64" "ysfine.com"
71.178.208.102 - - [01/Feb/2023:06:55:30 -0800] "GET /ys11/index.html HTTP/1.1" 304 - "-" "Mozilla/5.0 (Windows NT 10.0; Win64; x64) AppleWebKit/537.36 (KHTML, like Gecko) Chrome/109.0.0.0 Safari/537.36 Edg/109.0.1518.70" "www.ysfine.com"
71.178.208.102 - - [01/Feb/2023:06:55:34 -0800] "GET /ys22/dondon.html HTTP/1.1" 401 90 "https://www.ysfine.com/ys11/index.html" "Mozilla/5.0 (Windows NT 10.0; Win64; x64) AppleWebKit/537.36 (KHTML, like Gecko) Chrome/109.0.0.0 Safari/537.36 Edg/109.0.1518.70" "www.ysfine.com"
71.178.208.102 - jake [01/Feb/2023:06:55:36 -0800] "GET /ys22/dondon.html HTTP/1.1" 304 - "https://www.ysfine.com/ys11/index.html" "Mozilla/5.0 (Windows NT 10.0; Win64; x64) AppleWebKit/537.36 (KHTML, like Gecko) Chrome/109.0.0.0 Safari/537.36 Edg/109.0.1518.70" "www.ysfine.com"
52.167.144.39 - - [01/Feb/2023:06:55:58 -0800] "GET /bio03.html HTTP/1.1" 200 10044 "-" "Mozilla/5.0 AppleWebKit/537.36 (KHTML, like Gecko; compatible; bingbot/2.0; +http://www.bing.com/bingbot.htm) Chrome/103.0.5060.134 Safari/537.36" "ysfine.com"
163.180.177.188 - - [01/Feb/2023:06:56:25 -0800] "GET /eink/mose.html HTTP/1.1" 200 14315 "-" "Mozilla/5.0 (Windows NT 10.0; Win64; x64) AppleWebKit/537.36 (KHTML, like Gecko) Chrome/109.0.0.0 Safari/537.36" "ysfine.com"
163.180.177.188 - - [01/Feb/2023:06:56:25 -0800] "GET /eink/rheepr01d.jpg HTTP/1.1" 200 52650 "https://ysfine.com/eink/mose.html" "Mozilla/5.0 (Windows NT 10.0; Win64; x64) AppleWebKit/537.36 (KHTML, like Gecko) Chrome/109.0.0.0 Safari/537.36" "ysfine.com"
163.180.177.188 - - [01/Feb/2023:06:56:25 -0800] "GET /eink/isomor55d.jpg HTTP/1.1" 200 54587 "https://ysfine.com/eink/mose.html" "Mozilla/5.0 (Windows NT 10.0; Win64; x64) AppleWebKit/537.36 (KHTML, like Gecko) Chrome/109.0.0.0 Safari/537.36" "ysfine.com"
163.180.177.188 - - [01/Feb/2023:06:56:25 -0800] "GET /eink/moses450.jpg HTTP/1.1" 200 109858 "https://ysfine.com/eink/mose.html" "Mozilla/5.0 (Windows NT 10.0; Win64; x64) AppleWebKit/537.36 (KHTML, like Gecko) Chrome/109.0.0.0 Safari/537.36" "ysfine.com"
163.180.177.188 - - [01/Feb/2023:06:56:25 -0800] "GET /eink/ysrhee33d.jpg HTTP/1.1" 200 38065 "https://ysfine.com/eink/mose.html" "Mozilla/5.0 (Windows NT 10.0; Win64; x64) AppleWebKit/537.36 (KHTML, like Gecko) Chrome/109.0.0.0 Safari/537.36" "ysfine.com"
163.180.177.188 - - [01/Feb/2023:06:56:25 -0800] "GET /eink/eink400.jpg HTTP/1.1" 200 49740 "https://ysfine.com/eink/mose.html" "Mozilla/5.0 (Windows NT 10.0; Win64; x64) AppleWebKit/537.36 (KHTML, like Gecko) Chrome/109.0.0.0 Safari/537.36" "ysfine.com"
163.180.177.188 - - [01/Feb/2023:06:56:25 -0800] "GET /eink/pwk450.jpg HTTP/1.1" 200 95796 "https://ysfine.com/eink/mose.html" "Mozilla/5.0 (Windows NT 10.0; Win64; x64) AppleWebKit/537.36 (KHTML, like Gecko) Chrome/109.0.0.0 Safari/537.36" "ysfine.com"
163.180.177.188 - - [01/Feb/2023:06:56:25 -0800] "GET /eink/bieden02d.jpg HTTP/1.1" 200 55623 "https://ysfine.com/eink/mose.html" "Mozilla/5.0 (Windows NT 10.0; Win64; x64) AppleWebKit/537.36 (KHTML, like Gecko) Chrome/109.0.0.0 Safari/537.36" "ysfine.com"
163.180.177.188 - - [01/Feb/2023:06:56:25 -0800] "GET /eink/hegel09d.jpg HTTP/1.1" 200 51438 "https://ysfine.com/eink/mose.html" "Mozilla/5.0 (Windows NT 10.0; Win64; x64) AppleWebKit/537.36 (KHTML, like Gecko) Chrome/109.0.0.0 Safari/537.36" "ysfine.com"
163.180.177.188 - - [01/Feb/2023:06:56:25 -0800] "GET /eink/underw03d.jpg HTTP/1.1" 200 40793 "https://ysfine.com/eink/mose.html" "Mozilla/5.0 (Windows NT 10.0; Win64; x64) AppleWebKit/537.36 (KHTML, like Gecko) Chrome/109.0.0.0 Safari/537.36" "ysfine.com"
163.180.177.188 - - [01/Feb/2023:06:56:25 -0800] "GET /eink/tollwig11d.jpg HTTP/1.1" 200 45634 "https://ysfine.com/eink/mose.html" "Mozilla/5.0 (Windows NT 10.0; Win64; x64) AppleWebKit/537.36 (KHTML, like Gecko) Chrome/109.0.0.0 Safari/537.36" "ysfine.com"
163.180.177.188 - - [01/Feb/2023:06:56:25 -0800] "GET /eink/parton33f.jpg HTTP/1.1" 200 87862 "https://ysfine.com/eink/mose.html" "Mozilla/5.0 (Windows NT 10.0; Win64; x64) AppleWebKit/537.36 (KHTML, like Gecko) Chrome/109.0.0.0 Safari/537.36" "ysfine.com"
163.180.177.188 - - [01/Feb/2023:06:56:25 -0800] "GET /eink/kflag11c.jpg HTTP/1.1" 200 27284 "https://ysfine.com/eink/mose.html" "Mozilla/5.0 (Windows NT 10.0; Win64; x64) AppleWebKit/537.36 (KHTML, like Gecko) Chrome/109.0.0.0 Safari/537.36" "ysfine.com"
163.180.177.188 - - [01/Feb/2023:06:56:25 -0800] "GET /eink/eink26a.jpg HTTP/1.1" 200 48279 "https://ysfine.com/eink/mose.html" "Mozilla/5.0 (Windows NT 10.0; Win64; x64) AppleWebKit/537.36 (KHTML, like Gecko) Chrome/109.0.0.0 Safari/537.36" "ysfine.com"
163.180.177.188 - - [01/Feb/2023:06:56:25 -0800] "GET /eink/tao55f.jpg HTTP/1.1" 200 128668 "https://ysfine.com/eink/mose.html" "Mozilla/5.0 (Windows NT 10.0; Win64; x64) AppleWebKit/537.36 (KHTML, like Gecko) Chrome/109.0.0.0 Safari/537.36" "ysfine.com"
163.180.177.188 - - [01/Feb/2023:06:56:25 -0800] "GET /eink/chungilk05f.jpg HTTP/1.1" 200 128213 "https://ysfine.com/eink/mose.html" "Mozilla/5.0 (Windows NT 10.0; Win64; x64) AppleWebKit/537.36 (KHTML, like Gecko) Chrome/109.0.0.0 Safari/537.36" "ysfine.com"
163.180.177.188 - - [01/Feb/2023:06:56:25 -0800] "GET /eink/eintao55d.jpg HTTP/1.1" 200 50540 "https://ysfine.com/eink/mose.html" "Mozilla/5.0 (Windows NT 10.0; Win64; x64) AppleWebKit/537.36 (KHTML, like Gecko) Chrome/109.0.0.0 Safari/537.36" "ysfine.com"
163.180.177.188 - - [01/Feb/2023:06:56:25 -0800] "GET /eink/eintao55f.jpg HTTP/1.1" 200 110322 "https://ysfine.com/eink/mose.html" "Mozilla/5.0 (Windows NT 10.0; Win64; x64) AppleWebKit/537.36 (KHTML, like Gecko) Chrome/109.0.0.0 Safari/537.36" "ysfine.com"
163.180.177.188 - - [01/Feb/2023:06:56:25 -0800] "GET /eink/milanf01d.jpg HTTP/1.1" 200 62371 "https://ysfine.com/eink/mose.html" "Mozilla/5.0 (Windows NT 10.0; Win64; x64) AppleWebKit/537.36 (KHTML, like Gecko) Chrome/109.0.0.0 Safari/537.36" "ysfine.com"
163.180.177.188 - - [01/Feb/2023:06:56:25 -0800] "GET /eink/church06d.jpg HTTP/1.1" 200 73777 "https://ysfine.com/eink/mose.html" "Mozilla/5.0 (Windows NT 10.0; Win64; x64) AppleWebKit/537.36 (KHTML, like Gecko) Chrome/109.0.0.0 Safari/537.36" "ysfine.com"
163.180.177.188 - - [01/Feb/2023:06:56:25 -0800] "GET /eink/wsj21f.jpg HTTP/1.1" 200 172238 "https://ysfine.com/eink/mose.html" "Mozilla/5.0 (Windows NT 10.0; Win64; x64) AppleWebKit/537.36 (KHTML, like Gecko) Chrome/109.0.0.0 Safari/537.36" "ysfine.com"
163.180.177.188 - - [01/Feb/2023:06:56:25 -0800] "GET /eink/kantbooks11d.jpg HTTP/1.1" 200 39604 "https://ysfine.com/eink/mose.html" "Mozilla/5.0 (Windows NT 10.0; Win64; x64) AppleWebKit/537.36 (KHTML, like Gecko) Chrome/109.0.0.0 Safari/537.36" "ysfine.com"
163.180.177.188 - - [01/Feb/2023:06:56:25 -0800] "GET /eink/evol77a.jpg HTTP/1.1" 200 87188 "https://ysfine.com/eink/mose.html" "Mozilla/5.0 (Windows NT 10.0; Win64; x64) AppleWebKit/537.36 (KHTML, like Gecko) Chrome/109.0.0.0 Safari/537.36" "ysfine.com"
163.180.177.188 - - [01/Feb/2023:06:56:25 -0800] "GET /eink/sorae01d.jpg HTTP/1.1" 200 35433 "https://ysfine.com/eink/mose.html" "Mozilla/5.0 (Windows NT 10.0; Win64; x64) AppleWebKit/537.36 (KHTML, like Gecko) Chrome/109.0.0.0 Safari/537.36" "ysfine.com"
163.180.177.188 - - [01/Feb/2023:06:56:25 -0800] "GET /eink/eward11d.jpg HTTP/1.1" 200 76549 "https://ysfine.com/eink/mose.html" "Mozilla/5.0 (Windows NT 10.0; Win64; x64) AppleWebKit/537.36 (KHTML, like Gecko) Chrome/109.0.0.0 Safari/537.36" "ysfine.com"
163.180.177.188 - - [01/Feb/2023:06:56:25 -0800] "GET /eink/wigkim11d.jpg HTTP/1.1" 200 51892 "https://ysfine.com/eink/mose.html" "Mozilla/5.0 (Windows NT 10.0; Win64; x64) AppleWebKit/537.36 (KHTML, like Gecko) Chrome/109.0.0.0 Safari/537.36" "ysfine.com"
163.180.177.188 - - [01/Feb/2023:06:56:25 -0800] "GET /eink/taylor11d.jpg HTTP/1.1" 200 42097 "https://ysfine.com/eink/mose.html" "Mozilla/5.0 (Windows NT 10.0; Win64; x64) AppleWebKit/537.36 (KHTML, like Gecko) Chrome/109.0.0.0 Safari/537.36" "ysfine.com"
163.180.177.188 - - [01/Feb/2023:06:56:25 -0800] "GET /eink/further22f.jpg HTTP/1.1" 200 99099 "https://ysfine.com/eink/mose.html" "Mozilla/5.0 (Windows NT 10.0; Win64; x64) AppleWebKit/537.36 (KHTML, like Gecko) Chrome/109.0.0.0 Safari/537.36" "ysfine.com"
163.180.177.188 - - [01/Feb/2023:06:56:25 -0800] "GET /eink/feygell88f.jpg HTTP/1.1" 200 96630 "https://ysfine.com/eink/mose.html" "Mozilla/5.0 (Windows NT 10.0; Win64; x64) AppleWebKit/537.36 (KHTML, like Gecko) Chrome/109.0.0.0 Safari/537.36" "ysfine.com"
163.180.177.188 - - [01/Feb/2023:06:56:25 -0800] "GET /eink/dirbust22d.jpg HTTP/1.1" 200 52160 "https://ysfine.com/eink/mose.html" "Mozilla/5.0 (Windows NT 10.0; Win64; x64) AppleWebKit/537.36 (KHTML, like Gecko) Chrome/109.0.0.0 Safari/537.36" "ysfine.com"
163.180.177.188 - - [01/Feb/2023:06:56:25 -0800] "GET /eink/eink54f.jpg HTTP/1.1" 200 98068 "https://ysfine.com/eink/mose.html" "Mozilla/5.0 (Windows NT 10.0; Win64; x64) AppleWebKit/537.36 (KHTML, like Gecko) Chrome/109.0.0.0 Safari/537.36" "ysfine.com"
163.180.177.188 - - [01/Feb/2023:06:56:25 -0800] "GET /eink/inonu97d.jpg HTTP/1.1" 200 41351 "https://ysfine.com/eink/mose.html" "Mozilla/5.0 (Windows NT 10.0; Win64; x64) AppleWebKit/537.36 (KHTML, like Gecko) Chrome/109.0.0.0 Safari/537.36" "ysfine.com"
163.180.177.188 - - [01/Feb/2023:06:56:25 -0800] "GET /eink/michwight11d.jpg HTTP/1.1" 200 57798 "https://ysfine.com/eink/mose.html" "Mozilla/5.0 (Windows NT 10.0; Win64; x64) AppleWebKit/537.36 (KHTML, like Gecko) Chrome/109.0.0.0 Safari/537.36" "ysfine.com"
163.180.177.188 - - [01/Feb/2023:06:56:25 -0800] "GET /eink/michwight22d.jpg HTTP/1.1" 200 47211 "https://ysfine.com/eink/mose.html" "Mozilla/5.0 (Windows NT 10.0; Win64; x64) AppleWebKit/537.36 (KHTML, like Gecko) Chrome/109.0.0.0 Safari/537.36" "ysfine.com"
163.180.177.188 - - [01/Feb/2023:06:56:25 -0800] "GET /eink/feyfirm55c.jpg HTTP/1.1" 200 32171 "https://ysfine.com/eink/mose.html" "Mozilla/5.0 (Windows NT 10.0; Win64; x64) AppleWebKit/537.36 (KHTML, like Gecko) Chrome/109.0.0.0 Safari/537.36" "ysfine.com"
163.180.177.188 - - [01/Feb/2023:06:56:25 -0800] "GET /eink/zhuxi300.jpg HTTP/1.1" 200 49536 "https://ysfine.com/eink/mose.html" "Mozilla/5.0 (Windows NT 10.0; Win64; x64) AppleWebKit/537.36 (KHTML, like Gecko) Chrome/109.0.0.0 Safari/537.36" "ysfine.com"
163.180.177.188 - - [01/Feb/2023:06:56:25 -0800] "GET /eink/eintao33d.jpg HTTP/1.1" 200 51097 "https://ysfine.com/eink/mose.html" "Mozilla/5.0 (Windows NT 10.0; Win64; x64) AppleWebKit/537.36 (KHTML, like Gecko) Chrome/109.0.0.0 Safari/537.36" "ysfine.com"
163.180.177.188 - - [01/Feb/2023:06:56:25 -0800] "GET /eink/reagan01d.jpg HTTP/1.1" 200 63614 "https://ysfine.com/eink/mose.html" "Mozilla/5.0 (Windows NT 10.0; Win64; x64) AppleWebKit/537.36 (KHTML, like Gecko) Chrome/109.0.0.0 Safari/537.36" "ysfine.com"
71.178.208.102 - jake [01/Feb/2023:06:56:37 -0800] "GET /ys22/dondon.html HTTP/1.1" 304 - "https://www.ysfine.com/ys11/index.html" "Mozilla/5.0 (Windows NT 10.0; Win64; x64) AppleWebKit/537.36 (KHTML, like Gecko) Chrome/109.0.0.0 Safari/537.36 Edg/109.0.1518.70" "www.ysfine.com"
52.167.144.39 - - [01/Feb/2023:06:56:59 -0800] "GET /world/china/shanghai001.jpg HTTP/1.1" 200 99793 "-" "Mozilla/5.0 AppleWebKit/537.36 (KHTML, like Gecko; compatible; bingbot/2.0; +http://www.bing.com/bingbot.htm) Chrome/103.0.5060.134 Safari/537.36" "www.ysfine.com"
213.126.201.222 - - [01/Feb/2023:06:58:55 -0800] "GET /world/baltic/kalin30.jpg HTTP/1.1" 200 94863 "https://www.google.com/" "Mozilla/5.0 (Windows NT 10.0; Win64; x64) AppleWebKit/537.36 (KHTML, like Gecko) Chrome/109.0.0.0 Safari/537.36" "ysfine.com"
185.191.171.42 - - [01/Feb/2023:06:59:03 -0800] "GET /folks/soldiers.html HTTP/1.1" 200 4685 "-" "Mozilla/5.0 (compatible; SemrushBot/7~bl; +http://www.semrush.com/bot.html)" "www.ysfine.com"
40.77.167.192 - - [01/Feb/2023:06:59:52 -0800] "GET /world/poland/jablo18.jpg HTTP/1.1" 200 69510 "-" "Mozilla/5.0 AppleWebKit/537.36 (KHTML, like Gecko; compatible; bingbot/2.0; +http://www.bing.com/bingbot.htm) Chrome/103.0.5060.134 Safari/537.36" "www.ysfine.com"
52.167.144.62 - - [01/Feb/2023:07:00:31 -0800] "GET /style/venus.jpg HTTP/1.1" 200 96403 "-" "Mozilla/5.0 AppleWebKit/537.36 (KHTML, like Gecko; compatible; bingbot/2.0; +http://www.bing.com/bingbot.htm) Chrome/103.0.5060.134 Safari/537.36" "ysfine.com"
95.163.255.62 - - [01/Feb/2023:07:00:40 -0800] "GET /robots.txt HTTP/1.1" 404 73 "-" "Mozilla/5.0 (compatible; Linux x86_64; Mail.RU_Bot/2.0; +https://help.mail.ru/webmaster/indexing/robots)" "ysfine.com"
95.163.255.69 - - [01/Feb/2023:07:00:51 -0800] "GET /robots.txt HTTP/1.1" 404 73 "-" "Mozilla/5.0 (compatible; Linux x86_64; Mail.RU_Bot/2.0; +https://help.mail.ru/webmaster/indexing/robots)" "www.ysfine.com"
95.163.255.65 - - [01/Feb/2023:07:00:59 -0800] "GET /world/france/nice104.jpg HTTP/1.1" 200 144635 "-" "Mozilla/5.0 (compatible; Linux x86_64; Mail.RU_Bot/2.0; +https://help.mail.ru/webmaster/indexing/robots)" "ysfine.com"
95.163.255.68 - - [01/Feb/2023:07:01:08 -0800] "GET /world/brit/dunf15.jpg HTTP/1.1" 200 113687 "-" "Mozilla/5.0 (compatible; Linux x86_64; Mail.RU_Bot/2.0; +https://help.mail.ru/webmaster/indexing/robots)" "www.ysfine.com"
83.21.144.46 - - [01/Feb/2023:07:01:12 -0800] "GET /einstein/einbohr33.jpg HTTP/1.1" 200 87797 "https://www.google.pl/" "Mozilla/5.0 (iPhone; CPU iPhone OS 16_2 like Mac OS X) AppleWebKit/605.1.15 (KHTML, like Gecko) Version/16.2 Mobile/15E148 Safari/604.1" "ysfine.com"
83.21.144.46 - - [01/Feb/2023:07:01:13 -0800] "GET /world/scandi/nbi26.jpg HTTP/1.1" 200 75196 "https://www.google.pl/" "Mozilla/5.0 (iPhone; CPU iPhone OS 16_2 like Mac OS X) AppleWebKit/605.1.15 (KHTML, like Gecko) Version/16.2 Mobile/15E148 Safari/604.1" "ysfine.com"
51.222.253.11 - - [01/Feb/2023:07:01:26 -0800] "GET /wigner/neum/futcomp.html HTTP/1.1" 200 1986 "-" "Mozilla/5.0 (compatible; AhrefsBot/7.0; +http://ahrefs.com/robot/)" "ysfine.com"
185.191.171.8 - - [01/Feb/2023:07:01:26 -0800] "GET /maga/weyl.html HTTP/1.1" 200 4239 "-" "Mozilla/5.0 (compatible; SemrushBot/7~bl; +http://www.semrush.com/bot.html)" "www.ysfine.com"
51.222.253.8 - - [01/Feb/2023:07:01:28 -0800] "GET /robots.txt HTTP/1.1" 404 88 "-" "Mozilla/5.0 (compatible; AhrefsBot/7.0; +http://ahrefs.com/robot/)" "ysfine.com"
51.222.253.9 - - [01/Feb/2023:07:01:29 -0800] "GET /wigner/neum/archurch.jpg HTTP/1.1" 200 99588 "-" "Mozilla/5.0 (compatible; AhrefsBot/7.0; +http://ahrefs.com/robot/)" "ysfine.com"
51.222.253.19 - - [01/Feb/2023:07:01:29 -0800] "GET /wigner/neum/sevan2.jpg HTTP/1.1" 200 43716 "-" "Mozilla/5.0 (compatible; AhrefsBot/7.0; +http://ahrefs.com/robot/)" "ysfine.com"
51.222.253.11 - - [01/Feb/2023:07:01:30 -0800] "GET /wigner/neum/ararat2.jpg HTTP/1.1" 200 57758 "-" "Mozilla/5.0 (compatible; AhrefsBot/7.0; +http://ahrefs.com/robot/)" "ysfine.com"
52.167.144.86 - - [01/Feb/2023:07:01:42 -0800] "GET /maga/phil/marxmos01.jpg HTTP/1.1" 200 65113 "-" "Mozilla/5.0 AppleWebKit/537.36 (KHTML, like Gecko; compatible; bingbot/2.0; +http://www.bing.com/bingbot.htm) Chrome/103.0.5060.134 Safari/537.36" "www.ysfine.com"
24.8.81.62 - - [01/Feb/2023:07:02:25 -0800] "GET /wigner/quartet.jpg HTTP/1.1" 200 83670 "https://www.google.com/" "Mozilla/5.0 (Linux; Android 13; Pixel 6 Pro Build/TQ1A.230205.002; wv) AppleWebKit/537.36 (KHTML, like Gecko) Version/4.0 Chrome/109.0.5414.118 Mobile Safari/537.36 GoogleApp/14.4.6.29.arm64" "ysfine.com"
52.167.144.62 - - [01/Feb/2023:07:02:51 -0800] "GET /bio/style/proschanie.html HTTP/1.1" 404 88 "-" "Mozilla/5.0 AppleWebKit/537.36 (KHTML, like Gecko; compatible; bingbot/2.0; +http://www.bing.com/bingbot.htm) Chrome/103.0.5060.134 Safari/537.36" "ysfine.com"
216.244.66.229 - - [01/Feb/2023:07:03:10 -0800] "GET /home/fotos/bridge11.jpg HTTP/1.1" 200 231960 "-" "Mozilla/5.0 (compatible; DotBot/1.2; +https://opensiteexplorer.org/dotbot; help@moz.com)" "www.ysfine.com"
185.191.171.21 - - [01/Feb/2023:07:04:01 -0800] "GET /einstein/einstring.html HTTP/1.1" 200 653 "-" "Mozilla/5.0 (compatible; SemrushBot/7~bl; +http://www.semrush.com/bot.html)" "ysfine.com"
85.208.98.18 - - [01/Feb/2023:07:04:13 -0800] "GET /robots.txt HTTP/1.1" 404 88 "http://www.ysfine.com/robots.txt" "Mozilla/5.0 (compatible; SemrushBot; +http://www.semrush.com/bot.html)" "www.ysfine.com"
71.178.208.102 - - [01/Feb/2023:07:04:28 -0800] "GET /ys11/index.html HTTP/1.1" 304 - "-" "Mozilla/5.0 (Windows NT 10.0; Win64; x64) AppleWebKit/537.36 (KHTML, like Gecko) Chrome/109.0.0.0 Safari/537.36 Edg/109.0.1518.70" "www.ysfine.com"
71.178.208.102 - - [01/Feb/2023:07:04:35 -0800] "GET /awards/index.html HTTP/1.1" 200 10082 "https://www.ysfine.com/ys11/index.html" "Mozilla/5.0 (Windows NT 10.0; Win64; x64) AppleWebKit/537.36 (KHTML, like Gecko) Chrome/109.0.0.0 Safari/537.36 Edg/109.0.1518.70" "www.ysfine.com"
71.178.208.102 - - [01/Feb/2023:07:04:48 -0800] "GET /awards/top101.jpg HTTP/1.1" 200 874639 "https://www.ysfine.com/awards/index.html" "Mozilla/5.0 (Windows NT 10.0; Win64; x64) AppleWebKit/537.36 (KHTML, like Gecko) Chrome/109.0.0.0 Safari/537.36 Edg/109.0.1518.70" "www.ysfine.com"
71.178.208.102 - - [01/Feb/2023:07:04:53 -0800] "GET /awards/top102.jpg HTTP/1.1" 200 643786 "https://www.ysfine.com/awards/index.html" "Mozilla/5.0 (Windows NT 10.0; Win64; x64) AppleWebKit/537.36 (KHTML, like Gecko) Chrome/109.0.0.0 Safari/537.36 Edg/109.0.1518.70" "www.ysfine.com"
95.163.255.63 - - [01/Feb/2023:07:05:06 -0800] "GET /maga/invent/bell01b.jpg HTTP/1.1" 200 35302 "-" "Mozilla/5.0 (compatible; Linux x86_64; Mail.RU_Bot/2.0; +https://help.mail.ru/webmaster/indexing/robots)" "www.ysfine.com"
71.178.208.102 - - [01/Feb/2023:07:05:15 -0800] "GET /awards/top100f.jpg HTTP/1.1" 200 204255 "https://www.ysfine.com/awards/index.html" "Mozilla/5.0 (Windows NT 10.0; Win64; x64) AppleWebKit/537.36 (KHTML, like Gecko) Chrome/109.0.0.0 Safari/537.36 Edg/109.0.1518.70" "www.ysfine.com"
85.208.98.18 - - [01/Feb/2023:07:05:21 -0800] "HEAD / HTTP/1.1" 200 - "-" "Mozilla/5.0 (compatible; SemrushBot; +http://www.semrush.com/bot.html)" "www.ysfine.com"
95.163.255.65 - - [01/Feb/2023:07:05:26 -0800] "GET /maga/invent/mosin.jpg HTTP/1.1" 200 64407 "-" "Mozilla/5.0 (compatible; Linux x86_64; Mail.RU_Bot/2.0; +https://help.mail.ru/webmaster/indexing/robots)" "ysfine.com"
95.163.255.69 - - [01/Feb/2023:07:05:40 -0800] "GET /maga/invent/joak22.jpg HTTP/1.1" 200 192609 "-" "Mozilla/5.0 (compatible; Linux x86_64; Mail.RU_Bot/2.0; +https://help.mail.ru/webmaster/indexing/robots)" "www.ysfine.com"
24.8.81.62 - - [01/Feb/2023:07:05:42 -0800] "GET /wigner/teller.jpg HTTP/1.1" 200 98739 "https://www.google.com/" "Mozilla/5.0 (Linux; Android 13; Pixel 6 Pro Build/TQ1A.230205.002; wv) AppleWebKit/537.36 (KHTML, like Gecko) Version/4.0 Chrome/109.0.5414.118 Mobile Safari/537.36 GoogleApp/14.4.6.29.arm64" "ysfine.com"
95.163.255.62 - - [01/Feb/2023:07:06:22 -0800] "GET /maga/invent/helmholtz2.jpg HTTP/1.1" 200 38274 "-" "Mozilla/5.0 (compatible; Linux x86_64; Mail.RU_Bot/2.0; +https://help.mail.ru/webmaster/indexing/robots)" "ysfine.com"
142.132.184.119 - - [01/Feb/2023:07:06:30 -0800] "GET /world/china/hongkong63.jpg HTTP/1.1" 200 109409 "-" "Mozilla/5.0 (X11; Fedora; Linux x86_64) AppleWebKit/537.36 (KHTML, like Gecko) Chrome/79.0.3945.117 Safari/537.36" "www.ysfine.com"
195.228.38.26 - - [01/Feb/2023:07:06:47 -0800] "GET /wigner/lorentzgr01b.jpg HTTP/1.1" 200 33834 "https://www.google.com/" "Mozilla/5.0 (Linux; Android 12; Nokia G10 Build/SP1A.210812.016; wv) AppleWebKit/537.36 (KHTML, like Gecko) Version/4.0 Chrome/97.0.4692.98 Mobile Safari/537.36 GSA/12.42.18.23.arm64" "ysfine.com"
185.191.171.3 - - [01/Feb/2023:07:06:54 -0800] "GET /confer/newsgr.html HTTP/1.1" 200 944 "-" "Mozilla/5.0 (compatible; SemrushBot/7~bl; +http://www.semrush.com/bot.html)" "ysfine.com"
51.222.253.16 - - [01/Feb/2023:07:06:57 -0800] "GET /class54/class5470/total_data/sub_741.htm HTTP/1.1" 200 3297 "-" "Mozilla/5.0 (compatible; AhrefsBot/7.0; +http://ahrefs.com/robot/)" "ysfine.com"
70.90.247.105 - - [01/Feb/2023:07:08:00 -0800] "GET /heisen/schroheisen33.jpg HTTP/1.1" 200 86213 "-" "Mozilla/5.0 (Macintosh; Intel Mac OS X 10_14_6) AppleWebKit/537.36 (KHTML, like Gecko) Chrome/106.0.0.0 Safari/537.36" "ysfine.com"
70.90.247.105 - - [01/Feb/2023:07:08:11 -0800] "GET /heisen/schroheisen33.jpg HTTP/1.1" 200 86213 "-" "Mozilla/5.0 (Macintosh; Intel Mac OS X 10_14_6) AppleWebKit/537.36 (KHTML, like Gecko) Chrome/106.0.0.0 Safari/537.36" "ysfine.com"
144.202.25.134 - - [01/Feb/2023:07:08:56 -0800] "GET /yspapers/kim89.pdf HTTP/1.1" 200 304160 "-" "Mozilla" "ysfine.com"
95.163.255.67 - - [01/Feb/2023:07:08:57 -0800] "GET /wigner/snow.jpg HTTP/1.1" 200 34962 "-" "Mozilla/5.0 (compatible; Linux x86_64; Mail.RU_Bot/2.0; +https://help.mail.ru/webmaster/indexing/robots)" "www.ysfine.com"
144.202.25.134 - - [01/Feb/2023:07:09:00 -0800] "GET /yspapers/kim89.pdf HTTP/1.1" 200 304160 "-" "Mozilla" "ysfine.com"
185.191.171.5 - - [01/Feb/2023:07:09:03 -0800] "GET /robots.txt HTTP/1.1" 404 88 "-" "Mozilla/5.0 (compatible; SemrushBot/7~bl; +http://www.semrush.com/bot.html)" "www.ysfine.com"
185.191.171.2 - - [01/Feb/2023:07:09:04 -0800] "GET /bio09.html HTTP/1.1" 200 12731 "-" "Mozilla/5.0 (compatible; SemrushBot/7~bl; +http://www.semrush.com/bot.html)" "www.ysfine.com"
52.167.144.86 - - [01/Feb/2023:07:11:45 -0800] "GET /bio/princeton/campus.html HTTP/1.1" 404 88 "-" "Mozilla/5.0 AppleWebKit/537.36 (KHTML, like Gecko; compatible; bingbot/2.0; +http://www.bing.com/bingbot.htm) Chrome/103.0.5060.134 Safari/537.36" "ysfine.com"
71.178.208.102 - - [01/Feb/2023:07:11:56 -0800] "GET /ys11/index.html HTTP/1.1" 304 - "-" "Mozilla/5.0 (Windows NT 10.0; Win64; x64) AppleWebKit/537.36 (KHTML, like Gecko) Chrome/109.0.0.0 Safari/537.36 Edg/109.0.1518.70" "www.ysfine.com"
66.249.64.168 - - [01/Feb/2023:07:12:18 -0800] "GET /robots.txt HTTP/1.1" 404 88 "-" "Mozilla/5.0 (compatible; Googlebot/2.1; +http://www.google.com/bot.html)" "www.ysfine.com"
66.249.64.168 - - [01/Feb/2023:07:12:32 -0800] "GET /home/entro14.pdf HTTP/1.1" 404 88 "-" "Mozilla/5.0 (Windows NT 10.0; Win64; x64)AppleWebKit/537.36 (KHTML, like Gecko) Chrome/91.0.4472.101 Safari/537.36 (compatible; GoogleOther)" "www.ysfine.com"
51.222.253.20 - - [01/Feb/2023:07:12:48 -0800] "GET /class54/class5470/total_data/sub_761.htm HTTP/1.1" 200 3289 "-" "Mozilla/5.0 (compatible; AhrefsBot/7.0; +http://ahrefs.com/robot/)" "ysfine.com"
51.222.253.17 - - [01/Feb/2023:07:12:51 -0800] "GET /class54/class5470/total_data/refer_img/7-79_f.jpg HTTP/1.1" 200 43996 "-" "Mozilla/5.0 (compatible; AhrefsBot/7.0; +http://ahrefs.com/robot/)" "ysfine.com"
51.222.253.18 - - [01/Feb/2023:07:12:52 -0800] "GET /class54/class5470/total_data/refer_img/7-66_f.jpg HTTP/1.1" 200 38179 "-" "Mozilla/5.0 (compatible; AhrefsBot/7.0; +http://ahrefs.com/robot/)" "ysfine.com"
51.222.253.19 - - [01/Feb/2023:07:12:54 -0800] "GET /class54/class5470/total_data/refer_img/7-61_f.jpg HTTP/1.1" 200 40859 "-" "Mozilla/5.0 (compatible; AhrefsBot/7.0; +http://ahrefs.com/robot/)" "ysfine.com"
51.222.253.5 - - [01/Feb/2023:07:12:55 -0800] "GET /class54/class5470/total_data/refer_img/7-65_f.jpg HTTP/1.1" 200 41167 "-" "Mozilla/5.0 (compatible; AhrefsBot/7.0; +http://ahrefs.com/robot/)" "ysfine.com"
51.222.253.10 - - [01/Feb/2023:07:12:56 -0800] "GET /class54/class5470/total_data/refer_img/7-75_f.jpg HTTP/1.1" 200 34326 "-" "Mozilla/5.0 (compatible; AhrefsBot/7.0; +http://ahrefs.com/robot/)" "ysfine.com"
51.222.253.15 - - [01/Feb/2023:07:12:56 -0800] "GET /class54/class5470/total_data/refer_img/7-72_f.jpg HTTP/1.1" 200 39178 "-" "Mozilla/5.0 (compatible; AhrefsBot/7.0; +http://ahrefs.com/robot/)" "ysfine.com"
51.222.253.15 - - [01/Feb/2023:07:12:57 -0800] "GET /class54/class5470/total_data/refer_img/7-73_f.jpg HTTP/1.1" 200 41112 "-" "Mozilla/5.0 (compatible; AhrefsBot/7.0; +http://ahrefs.com/robot/)" "ysfine.com"
51.222.253.8 - - [01/Feb/2023:07:12:57 -0800] "GET /class54/class5470/total_data/refer_img/7-80_f.jpg HTTP/1.1" 200 40487 "-" "Mozilla/5.0 (compatible; AhrefsBot/7.0; +http://ahrefs.com/robot/)" "ysfine.com"
51.222.253.8 - - [01/Feb/2023:07:12:58 -0800] "GET /class54/class5470/total_data/refer_img/7-63_f.jpg HTTP/1.1" 200 37419 "-" "Mozilla/5.0 (compatible; AhrefsBot/7.0; +http://ahrefs.com/robot/)" "ysfine.com"
51.222.253.5 - - [01/Feb/2023:07:12:59 -0800] "GET /class54/class5470/total_data/refer_img/7-64_f.jpg HTTP/1.1" 200 37428 "-" "Mozilla/5.0 (compatible; AhrefsBot/7.0; +http://ahrefs.com/robot/)" "ysfine.com"
51.222.253.14 - - [01/Feb/2023:07:12:59 -0800] "GET /class54/class5470/total_data/refer_img/7-77_f.jpg HTTP/1.1" 200 37428 "-" "Mozilla/5.0 (compatible; AhrefsBot/7.0; +http://ahrefs.com/robot/)" "ysfine.com"
51.222.253.14 - - [01/Feb/2023:07:13:00 -0800] "GET /class54/class5470/total_data/photo_img/7-61.jpg HTTP/1.1" 200 271258 "-" "Mozilla/5.0 (compatible; AhrefsBot/7.0; +http://ahrefs.com/robot/)" "ysfine.com"
51.222.253.18 - - [01/Feb/2023:07:13:01 -0800] "GET /class54/class5470/total_data/refer_img/7-67_f.jpg HTTP/1.1" 200 34258 "-" "Mozilla/5.0 (compatible; AhrefsBot/7.0; +http://ahrefs.com/robot/)" "ysfine.com"
51.222.253.4 - - [01/Feb/2023:07:13:03 -0800] "GET /class54/class5470/total_data/refer_img/7-69_f.jpg HTTP/1.1" 200 37045 "-" "Mozilla/5.0 (compatible; AhrefsBot/7.0; +http://ahrefs.com/robot/)" "ysfine.com"
51.222.253.7 - - [01/Feb/2023:07:13:04 -0800] "GET /class54/class5470/total_data/refer_img/7-68_f.jpg HTTP/1.1" 200 42423 "-" "Mozilla/5.0 (compatible; AhrefsBot/7.0; +http://ahrefs.com/robot/)" "ysfine.com"
