51.222.253.5 - - [01/Feb/2023:04:40:45 -0800] "GET /class54/class5470/total_data/refer_img/5-9_f.jpg HTTP/1.1" 200 51954 "-" "Mozilla/5.0 (compatible; AhrefsBot/7.0; +http://ahrefs.com/robot/)" "ysfine.com"
51.222.253.8 - - [01/Feb/2023:04:40:46 -0800] "GET /class54/class5470/total_data/photo_img/5-13.jpg HTTP/1.1" 200 233455 "-" "Mozilla/5.0 (compatible; AhrefsBot/7.0; +http://ahrefs.com/robot/)" "ysfine.com"
51.222.253.20 - - [01/Feb/2023:04:40:47 -0800] "GET /class54/class5470/total_data/refer_img/5-2_f.jpg HTTP/1.1" 200 37205 "-" "Mozilla/5.0 (compatible; AhrefsBot/7.0; +http://ahrefs.com/robot/)" "ysfine.com"
51.222.253.19 - - [01/Feb/2023:04:40:48 -0800] "GET /class54/class5470/total_data/refer_img/5-16_f.jpg HTTP/1.1" 200 39601 "-" "Mozilla/5.0 (compatible; AhrefsBot/7.0; +http://ahrefs.com/robot/)" "ysfine.com"
51.222.253.20 - - [01/Feb/2023:04:40:48 -0800] "GET /class54/class5470/total_data/refer_img/5-7_f.jpg HTTP/1.1" 200 53196 "-" "Mozilla/5.0 (compatible; AhrefsBot/7.0; +http://ahrefs.com/robot/)" "ysfine.com"
51.222.253.17 - - [01/Feb/2023:04:40:49 -0800] "GET /class54/class5470/total_data/img/05_title.gif HTTP/1.1" 200 6871 "-" "Mozilla/5.0 (compatible; AhrefsBot/7.0; +http://ahrefs.com/robot/)" "ysfine.com"
51.222.253.6 - - [01/Feb/2023:04:40:50 -0800] "GET /class54/class5470/total_data/refer_img/5-1_f.jpg HTTP/1.1" 200 35192 "-" "Mozilla/5.0 (compatible; AhrefsBot/7.0; +http://ahrefs.com/robot/)" "ysfine.com"
118.184.177.49 - - [01/Feb/2023:04:41:21 -0800] "GET / HTTP/1.1" 200 5295 "-" "Sogou web spider/4.0(+http://www.sogou.com/docs/help/webmasters.htm#07)" "ysfine.com"
17.241.75.15 - - [01/Feb/2023:04:41:39 -0800] "GET /einstein/eincurie.html HTTP/1.1" 200 895 "-" "Mozilla/5.0 (Macintosh; Intel Mac OS X 10_15_5) AppleWebKit/605.1.15 (KHTML, like Gecko) Version/13.1.1 Safari/605.1.15 (Applebot/0.1; +http://www.apple.com/go/applebot)" "ysfine.com"
69.138.84.171 - - [01/Feb/2023:04:42:54 -0800] "GET /princeton/alexan22.jpg HTTP/1.1" 200 175436 "https://www.google.com/" "Mozilla/5.0 (iPad; CPU OS 16_2 like Mac OS X) AppleWebKit/605.1.15 (KHTML, like Gecko) GSA/249.0.504450501 Mobile/20C65 Safari/604.1" "ysfine.com"
207.46.13.104 - - [01/Feb/2023:04:43:01 -0800] "GET /wdc/washmofrog.html HTTP/1.1" 200 351 "-" "Mozilla/5.0 AppleWebKit/537.36 (KHTML, like Gecko; compatible; bingbot/2.0; +http://www.bing.com/bingbot.htm) Chrome/103.0.5060.134 Safari/537.36" "ysfine.com"
51.222.253.13 - - [01/Feb/2023:04:43:27 -0800] "GET /kobak/yskor.html HTTP/1.1" 200 9943 "-" "Mozilla/5.0 (compatible; AhrefsBot/7.0; +http://ahrefs.com/robot/)" "www.ysfine.com"
51.222.253.9 - - [01/Feb/2023:04:43:30 -0800] "GET /world/ital/milanf01c.jpg HTTP/1.1" 200 37826 "-" "Mozilla/5.0 (compatible; AhrefsBot/7.0; +http://ahrefs.com/robot/)" "www.ysfine.com"
51.222.253.4 - - [01/Feb/2023:04:43:31 -0800] "GET /world/russ/roskei10c.jpg HTTP/1.1" 200 33216 "-" "Mozilla/5.0 (compatible; AhrefsBot/7.0; +http://ahrefs.com/robot/)" "www.ysfine.com"
51.222.253.6 - - [01/Feb/2023:04:43:32 -0800] "GET /kowar/tanks/tank05c.jpg HTTP/1.1" 200 33583 "-" "Mozilla/5.0 (compatible; AhrefsBot/7.0; +http://ahrefs.com/robot/)" "www.ysfine.com"
51.222.253.19 - - [01/Feb/2023:04:43:34 -0800] "GET /kobak/taylor450.jpg HTTP/1.1" 200 70219 "-" "Mozilla/5.0 (compatible; AhrefsBot/7.0; +http://ahrefs.com/robot/)" "www.ysfine.com"
51.222.253.20 - - [01/Feb/2023:04:43:37 -0800] "GET /world/russ/roskei90c.jpg HTTP/1.1" 200 40535 "-" "Mozilla/5.0 (compatible; AhrefsBot/7.0; +http://ahrefs.com/robot/)" "www.ysfine.com"
51.222.253.17 - - [01/Feb/2023:04:43:39 -0800] "GET /kobak/sl5017c.jpg HTTP/1.1" 200 74057 "-" "Mozilla/5.0 (compatible; AhrefsBot/7.0; +http://ahrefs.com/robot/)" "www.ysfine.com"
51.222.253.9 - - [01/Feb/2023:04:43:41 -0800] "GET /kobak/swr51c.jpg HTTP/1.1" 200 35677 "-" "Mozilla/5.0 (compatible; AhrefsBot/7.0; +http://ahrefs.com/robot/)" "www.ysfine.com"
51.222.253.13 - - [01/Feb/2023:04:43:43 -0800] "GET /kobak/abstrart11c.jpg HTTP/1.1" 200 47224 "-" "Mozilla/5.0 (compatible; AhrefsBot/7.0; +http://ahrefs.com/robot/)" "www.ysfine.com"
51.222.253.17 - - [01/Feb/2023:04:43:43 -0800] "GET /kobak/kostu16c.jpg HTTP/1.1" 200 40782 "-" "Mozilla/5.0 (compatible; AhrefsBot/7.0; +http://ahrefs.com/robot/)" "www.ysfine.com"
51.222.253.18 - - [01/Feb/2023:04:43:44 -0800] "GET /kobak/kwk11c.jpg HTTP/1.1" 200 46641 "-" "Mozilla/5.0 (compatible; AhrefsBot/7.0; +http://ahrefs.com/robot/)" "www.ysfine.com"
51.222.253.10 - - [01/Feb/2023:04:43:45 -0800] "GET /kobak/sorae01c.jpg HTTP/1.1" 200 23295 "-" "Mozilla/5.0 (compatible; AhrefsBot/7.0; +http://ahrefs.com/robot/)" "www.ysfine.com"
51.222.253.7 - - [01/Feb/2023:04:43:46 -0800] "GET /kobak/kcrown.jpg HTTP/1.1" 200 41579 "-" "Mozilla/5.0 (compatible; AhrefsBot/7.0; +http://ahrefs.com/robot/)" "www.ysfine.com"
51.222.253.8 - - [01/Feb/2023:04:43:47 -0800] "GET /kowar/tanks/tank03c.jpg HTTP/1.1" 200 48323 "-" "Mozilla/5.0 (compatible; AhrefsBot/7.0; +http://ahrefs.com/robot/)" "www.ysfine.com"
51.222.253.17 - - [01/Feb/2023:04:43:48 -0800] "GET /kobak/kostu05c.jpg HTTP/1.1" 200 29563 "-" "Mozilla/5.0 (compatible; AhrefsBot/7.0; +http://ahrefs.com/robot/)" "www.ysfine.com"
51.222.253.9 - - [01/Feb/2023:04:43:48 -0800] "GET /kobak/taylor11c.jpg HTTP/1.1" 200 37695 "-" "Mozilla/5.0 (compatible; AhrefsBot/7.0; +http://ahrefs.com/robot/)" "www.ysfine.com"
51.222.253.1 - - [01/Feb/2023:04:43:49 -0800] "GET /kobak/underw03c.jpg HTTP/1.1" 200 26805 "-" "Mozilla/5.0 (compatible; AhrefsBot/7.0; +http://ahrefs.com/robot/)" "www.ysfine.com"
81.78.137.179 - - [01/Feb/2023:04:43:50 -0800] "GET /einstein/einplanck3.jpg HTTP/1.1" 200 37784 "https://www.google.com/" "Mozilla/5.0 (Linux; Android 13; SM-A127F Build/TP1A.220624.014; wv) AppleWebKit/537.36 (KHTML, like Gecko) Version/4.0 Chrome/109.0.5414.117 Mobile Safari/537.36 GoogleApp/14.4.6.26.arm64" "ysfine.com"
51.222.253.4 - - [01/Feb/2023:04:43:50 -0800] "GET /kobak/sonja11c.jpg HTTP/1.1" 200 33899 "-" "Mozilla/5.0 (compatible; AhrefsBot/7.0; +http://ahrefs.com/robot/)" "www.ysfine.com"
51.222.253.14 - - [01/Feb/2023:04:43:51 -0800] "GET /kobak/sorae/kumipo01c.jpg HTTP/1.1" 200 28588 "-" "Mozilla/5.0 (compatible; AhrefsBot/7.0; +http://ahrefs.com/robot/)" "www.ysfine.com"
51.222.253.19 - - [01/Feb/2023:04:43:53 -0800] "GET /world/ital/aquinas02c.jpg HTTP/1.1" 200 48806 "-" "Mozilla/5.0 (compatible; AhrefsBot/7.0; +http://ahrefs.com/robot/)" "www.ysfine.com"
51.222.253.15 - - [01/Feb/2023:04:43:54 -0800] "GET /kobak/angelus11c.jpg HTTP/1.1" 200 33985 "-" "Mozilla/5.0 (compatible; AhrefsBot/7.0; +http://ahrefs.com/robot/)" "www.ysfine.com"
51.222.253.4 - - [01/Feb/2023:04:43:56 -0800] "GET /kobak/samsung11c.jpg HTTP/1.1" 200 34928 "-" "Mozilla/5.0 (compatible; AhrefsBot/7.0; +http://ahrefs.com/robot/)" "www.ysfine.com"
51.222.253.19 - - [01/Feb/2023:04:43:57 -0800] "GET /kobak/nicodem22c.jpg HTTP/1.1" 200 38853 "-" "Mozilla/5.0 (compatible; AhrefsBot/7.0; +http://ahrefs.com/robot/)" "www.ysfine.com"
52.167.144.86 - - [01/Feb/2023:04:45:07 -0800] "GET /bio/princeton/campus.html HTTP/1.1" 404 88 "-" "Mozilla/5.0 AppleWebKit/537.36 (KHTML, like Gecko; compatible; bingbot/2.0; +http://www.bing.com/bingbot.htm) Chrome/103.0.5060.134 Safari/537.36" "ysfine.com"
207.46.13.104 - - [01/Feb/2023:04:45:32 -0800] "GET /bio21.html HTTP/1.1" 200 5110 "-" "Mozilla/5.0 AppleWebKit/537.36 (KHTML, like Gecko; compatible; bingbot/2.0; +http://www.bing.com/bingbot.htm) Chrome/103.0.5060.134 Safari/537.36" "ysfine.com"
51.222.253.12 - - [01/Feb/2023:04:46:19 -0800] "GET /class54/class5470/total_data/sub_502.htm HTTP/1.1" 200 3207 "-" "Mozilla/5.0 (compatible; AhrefsBot/7.0; +http://ahrefs.com/robot/)" "ysfine.com"
52.167.144.86 - - [01/Feb/2023:04:46:56 -0800] "GET /kobak/105mm2.jpg HTTP/1.1" 200 54167 "-" "Mozilla/5.0 AppleWebKit/537.36 (KHTML, like Gecko; compatible; bingbot/2.0; +http://www.bing.com/bingbot.htm) Chrome/103.0.5060.134 Safari/537.36" "ysfine.com"
207.46.13.104 - - [01/Feb/2023:04:47:51 -0800] "GET /world/brit/harrow01.jpg HTTP/1.1" 200 116031 "-" "Mozilla/5.0 (Windows NT 6.1; WOW64) AppleWebKit/534+ (KHTML, like Gecko) BingPreview/1.0b" "ysfine.com"
52.167.144.86 - - [01/Feb/2023:04:47:58 -0800] "GET /friends/fdw.html HTTP/1.1" 404 88 "-" "Mozilla/5.0 AppleWebKit/537.36 (KHTML, like Gecko; compatible; bingbot/2.0; +http://www.bing.com/bingbot.htm) Chrome/103.0.5060.134 Safari/537.36" "www.ysfine.com"
51.222.253.7 - - [01/Feb/2023:04:49:29 -0800] "GET /remote/wigner111/index.html HTTP/1.1" 200 907 "-" "Mozilla/5.0 (compatible; AhrefsBot/7.0; +http://ahrefs.com/robot/)" "www.ysfine.com"
207.46.13.104 - - [01/Feb/2023:04:51:22 -0800] "GET /bio/sbk/1950.html HTTP/1.1" 404 88 "-" "Mozilla/5.0 AppleWebKit/537.36 (KHTML, like Gecko; compatible; bingbot/2.0; +http://www.bing.com/bingbot.htm) Chrome/103.0.5060.134 Safari/537.36" "ysfine.com"
191.102.151.61 - - [01/Feb/2023:04:51:47 -0800] "GET /wisdom/wk04.html HTTP/1.1" 200 71581 "https://ysfine.com/" "Mozilla/5.0 (X11; Linux x86_64) AppleWebKit/537.36 (KHTML, like Gecko) Chrome/103.0.0.0 Safari/537.36 OPR/89.0.4447.51" "ysfine.com"
191.102.151.61 - - [01/Feb/2023:04:51:55 -0800] "GET /einstein/index.html HTTP/1.1" 200 135 "https://ysfine.com/wisdom/wk04.html" "Mozilla/5.0 (X11; Linux x86_64) AppleWebKit/537.36 (KHTML, like Gecko) Chrome/103.0.0.0 Safari/537.36 OPR/89.0.4447.51" "ysfine.com"
185.191.171.19 - - [01/Feb/2023:04:52:30 -0800] "GET /robots.txt HTTP/1.1" 404 88 "-" "Mozilla/5.0 (compatible; SemrushBot/7~bl; +http://www.semrush.com/bot.html)" "www.ysfine.com"
185.191.171.19 - - [01/Feb/2023:04:52:31 -0800] "GET /einstein/maxein.html HTTP/1.1" 200 2651 "-" "Mozilla/5.0 (compatible; SemrushBot/7~bl; +http://www.semrush.com/bot.html)" "www.ysfine.com"
51.222.253.12 - - [01/Feb/2023:04:52:36 -0800] "GET /class54/class5470/total_data/sub_503.htm HTTP/1.1" 200 3207 "-" "Mozilla/5.0 (compatible; AhrefsBot/7.0; +http://ahrefs.com/robot/)" "ysfine.com"
144.202.25.134 - - [01/Feb/2023:04:53:18 -0800] "GET /yspapers/kim89.pdf HTTP/1.1" 200 304160 "-" "Mozilla" "ysfine.com"
144.202.25.134 - - [01/Feb/2023:04:53:21 -0800] "GET /yspapers/kim89.pdf HTTP/1.1" 200 304160 "-" "Mozilla" "ysfine.com"
207.46.13.104 - - [01/Feb/2023:04:54:43 -0800] "GET /bio/style/artlove.html HTTP/1.1" 404 88 "-" "Mozilla/5.0 AppleWebKit/537.36 (KHTML, like Gecko; compatible; bingbot/2.0; +http://www.bing.com/bingbot.htm) Chrome/103.0.5060.134 Safari/537.36" "ysfine.com"
207.46.13.104 - - [01/Feb/2023:04:55:21 -0800] "GET /maga/lorenuni.html HTTP/1.1" 200 2365 "-" "Mozilla/5.0 AppleWebKit/537.36 (KHTML, like Gecko; compatible; bingbot/2.0; +http://www.bing.com/bingbot.htm) Chrome/103.0.5060.134 Safari/537.36" "www.ysfine.com"
207.46.13.104 - - [01/Feb/2023:04:57:01 -0800] "GET /wigner/neupol.html HTTP/1.1" 200 1742 "-" "Mozilla/5.0 AppleWebKit/537.36 (KHTML, like Gecko; compatible; bingbot/2.0; +http://www.bing.com/bingbot.htm) Chrome/103.0.5060.134 Safari/537.36" "ysfine.com"
5.188.210.87 - - [01/Feb/2023:04:57:47 -0800] "GET /world/visas.html HTTP/1.1" 200 7643 "https://www.ysfine.com/world/visas.html" "Mozilla/5.0 (Windows NT 6.3; Win64; x64) AppleWebKit/537.36 (KHTML, like Gecko) Chrome/90.0.4430.93 Safari/537.36" "www.ysfine.com"
207.46.13.64 - - [01/Feb/2023:04:57:56 -0800] "GET /kobak/kimkoo01.jpg HTTP/1.1" 200 92628 "-" "Mozilla/5.0 AppleWebKit/537.36 (KHTML, like Gecko; compatible; bingbot/2.0; +http://www.bing.com/bingbot.htm) Chrome/103.0.5060.134 Safari/537.36" "ysfine.com"
51.222.253.5 - - [01/Feb/2023:04:58:40 -0800] "GET /class54/class5470/total_data/sub_505.htm HTTP/1.1" 200 3207 "-" "Mozilla/5.0 (compatible; AhrefsBot/7.0; +http://ahrefs.com/robot/)" "ysfine.com"
52.167.144.86 - - [01/Feb/2023:04:59:39 -0800] "GET /einstein/einfine.html HTTP/1.1" 200 554 "-" "Mozilla/5.0 AppleWebKit/537.36 (KHTML, like Gecko; compatible; bingbot/2.0; +http://www.bing.com/bingbot.htm) Chrome/103.0.5060.134 Safari/537.36" "ysfine.com"
52.167.144.86 - - [01/Feb/2023:05:00:18 -0800] "GET /class54/emailed05.html HTTP/1.1" 200 16866 "-" "Mozilla/5.0 AppleWebKit/537.36 (KHTML, like Gecko; compatible; bingbot/2.0; +http://www.bing.com/bingbot.htm) Chrome/103.0.5060.134 Safari/537.36" "www.ysfine.com"
211.140.23.130 - - [01/Feb/2023:05:01:07 -0800] "GET /people/sakharov01.jpg HTTP/1.1" 200 107028 "-" "Mozilla/5.0 (Windows NT 10.0; WOW64) AppleWebKit/537.36 (KHTML, like Gecko) Chrome/90.0.4430.212 Safari/537.36" "ysfine.com"
207.46.13.104 - - [01/Feb/2023:05:01:30 -0800] "GET /bio/kobak/yskor.html HTTP/1.1" 404 88 "-" "Mozilla/5.0 AppleWebKit/537.36 (KHTML, like Gecko; compatible; bingbot/2.0; +http://www.bing.com/bingbot.htm) Chrome/103.0.5060.134 Safari/537.36" "ysfine.com"
123.183.224.86 - - [01/Feb/2023:05:01:39 -0800] "GET / HTTP/1.1" 200 5295 "-" "Sogou web spider/4.0(+http://www.sogou.com/docs/help/webmasters.htm#07)" "www.ysfine.com"
51.222.253.9 - - [01/Feb/2023:05:01:53 -0800] "GET /class54/class5470/total_data/sub_141.htm HTTP/1.1" 200 3289 "-" "Mozilla/5.0 (compatible; AhrefsBot/7.0; +http://ahrefs.com/robot/)" "www.ysfine.com"
216.244.66.229 - - [01/Feb/2023:05:01:54 -0800] "GET /robots.txt HTTP/1.1" 404 73 "-" "Mozilla/5.0 (compatible; DotBot/1.2; +https://opensiteexplorer.org/dotbot; help@moz.com)" "www.ysfine.com"
51.222.253.15 - - [01/Feb/2023:05:01:56 -0800] "GET /class54/class5470/total_data/images/mb.css HTTP/1.1" 404 88 "-" "Mozilla/5.0 (compatible; AhrefsBot/7.0; +http://ahrefs.com/robot/)" "www.ysfine.com"
51.222.253.11 - - [01/Feb/2023:05:01:56 -0800] "GET /class54/class5470/total_data/img/menu06_on.gif HTTP/1.1" 200 624 "-" "Mozilla/5.0 (compatible; AhrefsBot/7.0; +http://ahrefs.com/robot/)" "www.ysfine.com"
51.222.253.16 - - [01/Feb/2023:05:01:56 -0800] "GET /class54/class5470/total_data/img/menu08_on.gif HTTP/1.1" 200 813 "-" "Mozilla/5.0 (compatible; AhrefsBot/7.0; +http://ahrefs.com/robot/)" "www.ysfine.com"
51.222.253.11 - - [01/Feb/2023:05:01:57 -0800] "GET /class54/class5470/total_data/img/menu02_on.gif HTTP/1.1" 200 782 "-" "Mozilla/5.0 (compatible; AhrefsBot/7.0; +http://ahrefs.com/robot/)" "www.ysfine.com"
51.222.253.16 - - [01/Feb/2023:05:01:57 -0800] "GET /class54/class5470/total_data/img/menu05_on.gif HTTP/1.1" 200 691 "-" "Mozilla/5.0 (compatible; AhrefsBot/7.0; +http://ahrefs.com/robot/)" "www.ysfine.com"
51.222.253.13 - - [01/Feb/2023:05:01:58 -0800] "GET /class54/class5470/total_data/img/home_logo.gif HTTP/1.1" 200 4562 "-" "Mozilla/5.0 (compatible; AhrefsBot/7.0; +http://ahrefs.com/robot/)" "www.ysfine.com"
51.222.253.9 - - [01/Feb/2023:05:01:58 -0800] "GET /class54/class5470/total_data/img/menu03_on.gif HTTP/1.1" 200 600 "-" "Mozilla/5.0 (compatible; AhrefsBot/7.0; +http://ahrefs.com/robot/)" "www.ysfine.com"
51.222.253.15 - - [01/Feb/2023:05:01:59 -0800] "GET /class54/class5470/total_data/img/sm02_on.gif HTTP/1.1" 200 399 "-" "Mozilla/5.0 (compatible; AhrefsBot/7.0; +http://ahrefs.com/robot/)" "www.ysfine.com"
51.222.253.18 - - [01/Feb/2023:05:01:59 -0800] "GET /class54/class5470/total_data/img/menu07_on.gif HTTP/1.1" 200 578 "-" "Mozilla/5.0 (compatible; AhrefsBot/7.0; +http://ahrefs.com/robot/)" "www.ysfine.com"
51.222.253.17 - - [01/Feb/2023:05:01:59 -0800] "GET /class54/class5470/total_data/img/menu04_on.gif HTTP/1.1" 200 813 "-" "Mozilla/5.0 (compatible; AhrefsBot/7.0; +http://ahrefs.com/robot/)" "www.ysfine.com"
51.222.253.10 - - [01/Feb/2023:05:02:00 -0800] "GET /class54/class5470/total_data/img/bottom_title.gif HTTP/1.1" 200 14467 "-" "Mozilla/5.0 (compatible; AhrefsBot/7.0; +http://ahrefs.com/robot/)" "www.ysfine.com"
51.222.253.5 - - [01/Feb/2023:05:02:01 -0800] "GET /class54/class5470/total_data/photo_img/1-41.jpg HTTP/1.1" 200 233455 "-" "Mozilla/5.0 (compatible; AhrefsBot/7.0; +http://ahrefs.com/robot/)" "www.ysfine.com"
51.222.253.3 - - [01/Feb/2023:05:02:02 -0800] "GET /class54/class5470/total_data/img/sm01_on.gif HTTP/1.1" 200 382 "-" "Mozilla/5.0 (compatible; AhrefsBot/7.0; +http://ahrefs.com/robot/)" "www.ysfine.com"
52.167.144.62 - - [01/Feb/2023:05:03:00 -0800] "GET /friends/italia.html HTTP/1.1" 404 88 "-" "Mozilla/5.0 AppleWebKit/537.36 (KHTML, like Gecko; compatible; bingbot/2.0; +http://www.bing.com/bingbot.htm) Chrome/103.0.5060.134 Safari/537.36" "ysfine.com"
185.191.171.12 - - [01/Feb/2023:05:03:47 -0800] "GET /princeton/campus.html HTTP/1.1" 200 15141 "-" "Mozilla/5.0 (compatible; SemrushBot/7~bl; +http://www.semrush.com/bot.html)" "www.ysfine.com"
52.167.144.86 - - [01/Feb/2023:05:03:48 -0800] "GET /bio/wigner/e(2).html HTTP/1.1" 404 88 "-" "Mozilla/5.0 AppleWebKit/537.36 (KHTML, like Gecko; compatible; bingbot/2.0; +http://www.bing.com/bingbot.htm) Chrome/103.0.5060.134 Safari/537.36" "ysfine.com"
79.158.225.251 - - [01/Feb/2023:05:04:34 -0800] "GET /wigner/neum/vnc01.jpg HTTP/1.1" 200 133641 "https://www.google.com/" "Mozilla/5.0 (X11; CrOS x86_64 14541.0.0) AppleWebKit/537.36 (KHTML, like Gecko) Chrome/109.0.0.0 Safari/537.36" "ysfine.com"
5.188.210.80 - - [01/Feb/2023:05:04:41 -0800] "GET /world/visas.html HTTP/1.1" 200 7643 "https://www.ysfine.com/world/visas.html" "Mozilla/5.0 (Windows NT 10.0) AppleWebKit/537.36 (KHTML, like Gecko) Chrome/90.0.4430.85 Safari/537.36" "www.ysfine.com"
51.222.253.1 - - [01/Feb/2023:05:04:54 -0800] "GET /class54/class5470/total_data/sub_145.htm HTTP/1.1" 200 3287 "-" "Mozilla/5.0 (compatible; AhrefsBot/7.0; +http://ahrefs.com/robot/)" "www.ysfine.com"
51.222.253.5 - - [01/Feb/2023:05:05:00 -0800] "GET /class54/class5470/total_data/photo_img/1-45.jpg HTTP/1.1" 200 188954 "-" "Mozilla/5.0 (compatible; AhrefsBot/7.0; +http://ahrefs.com/robot/)" "www.ysfine.com"
87.250.224.252 - - [01/Feb/2023:05:06:06 -0800] "GET /robots.txt HTTP/1.1" 404 73 "-" "Mozilla/5.0 (compatible; YandexBot/3.0; +http://yandex.com/bots)" "ysfine.com"
95.108.213.138 - - [01/Feb/2023:05:06:07 -0800] "GET /robots.txt HTTP/1.1" 404 73 "-" "Mozilla/5.0 (compatible; YandexBot/3.0; +http://yandex.com/bots)" "ysfine.com"
87.250.224.203 - - [01/Feb/2023:05:06:08 -0800] "GET /world/scandi/norw05.jpg HTTP/1.1" 200 52232 "-" "Mozilla/5.0 (compatible; YandexImages/3.0; +http://yandex.com/bots)" "ysfine.com"
216.244.66.229 - - [01/Feb/2023:05:06:14 -0800] "GET /world/spain/bcn02.jpg HTTP/1.1" 200 204943 "-" "Mozilla/5.0 (compatible; DotBot/1.2; +https://opensiteexplorer.org/dotbot; help@moz.com)" "www.ysfine.com"
198.235.24.32 - - [01/Feb/2023:05:06:44 -0800] "GET / HTTP/1.1" 200 15915 "-" "Expanse, a Palo Alto Networks company, searches across the global IPv4 space multiple times per day to identify customers&#39; presences on the Internet. If you would like to be excluded from our scans, please send IP addresses/domains to: scaninfo@paloaltonetworks.com" "www.ysfine.com"
216.244.66.229 - - [01/Feb/2023:05:06:52 -0800] "GET /world/spain/bcn05.jpg HTTP/1.1" 200 205499 "-" "Mozilla/5.0 (compatible; DotBot/1.2; +https://opensiteexplorer.org/dotbot; help@moz.com)" "www.ysfine.com"
195.189.27.71 - - [01/Feb/2023:05:07:03 -0800] "GET /world/baltic/rigaeisen01.jpg HTTP/1.1" 200 115668 "https://www.google.com/" "Mozilla/5.0 (Windows NT 10.0; Win64; x64) AppleWebKit/537.36 (KHTML, like Gecko) Chrome/109.0.0.0 Safari/537.36" "ysfine.com"
195.189.27.71 - - [01/Feb/2023:05:07:05 -0800] "GET /maga/eisenstein.html HTTP/1.1" 200 8460 "https://www.google.com/" "Mozilla/5.0 (Windows NT 10.0; Win64; x64) AppleWebKit/537.36 (KHTML, like Gecko) Chrome/109.0.0.0 Safari/537.36" "ysfine.com"
195.189.27.71 - - [01/Feb/2023:05:07:05 -0800] "GET /beau/admire11b.jpg HTTP/1.1" 404 88 "https://ysfine.com/maga/eisenstein.html" "Mozilla/5.0 (Windows NT 10.0; Win64; x64) AppleWebKit/537.36 (KHTML, like Gecko) Chrome/109.0.0.0 Safari/537.36" "ysfine.com"
195.189.27.71 - - [01/Feb/2023:05:07:05 -0800] "GET /maga/invent/eisenstein01b.jpg HTTP/1.1" 200 50445 "https://ysfine.com/maga/eisenstein.html" "Mozilla/5.0 (Windows NT 10.0; Win64; x64) AppleWebKit/537.36 (KHTML, like Gecko) Chrome/109.0.0.0 Safari/537.36" "ysfine.com"
195.189.27.71 - - [01/Feb/2023:05:07:05 -0800] "GET /beau/admire22b.jpg HTTP/1.1" 404 88 "https://ysfine.com/maga/eisenstein.html" "Mozilla/5.0 (Windows NT 10.0; Win64; x64) AppleWebKit/537.36 (KHTML, like Gecko) Chrome/109.0.0.0 Safari/537.36" "ysfine.com"
195.189.27.71 - - [01/Feb/2023:05:07:05 -0800] "GET /home/comet01b.jpg HTTP/1.1" 200 53465 "https://ysfine.com/maga/eisenstein.html" "Mozilla/5.0 (Windows NT 10.0; Win64; x64) AppleWebKit/537.36 (KHTML, like Gecko) Chrome/109.0.0.0 Safari/537.36" "ysfine.com"
195.189.27.71 - - [01/Feb/2023:05:07:05 -0800] "GET /maga/invent/eisenstein03.jpg HTTP/1.1" 200 73731 "https://ysfine.com/maga/eisenstein.html" "Mozilla/5.0 (Windows NT 10.0; Win64; x64) AppleWebKit/537.36 (KHTML, like Gecko) Chrome/109.0.0.0 Safari/537.36" "ysfine.com"
195.189.27.71 - - [01/Feb/2023:05:07:05 -0800] "GET /maga/invent/eisenstein06.jpg HTTP/1.1" 200 16100 "https://ysfine.com/maga/eisenstein.html" "Mozilla/5.0 (Windows NT 10.0; Win64; x64) AppleWebKit/537.36 (KHTML, like Gecko) Chrome/109.0.0.0 Safari/537.36" "ysfine.com"
195.189.27.71 - - [01/Feb/2023:05:07:05 -0800] "GET /maga/invent/eisenstein07.jpg HTTP/1.1" 200 15843 "https://ysfine.com/maga/eisenstein.html" "Mozilla/5.0 (Windows NT 10.0; Win64; x64) AppleWebKit/537.36 (KHTML, like Gecko) Chrome/109.0.0.0 Safari/537.36" "ysfine.com"
195.189.27.71 - - [01/Feb/2023:05:07:05 -0800] "GET /world/baltic/riga57b.jpg HTTP/1.1" 200 34801 "https://ysfine.com/maga/eisenstein.html" "Mozilla/5.0 (Windows NT 10.0; Win64; x64) AppleWebKit/537.36 (KHTML, like Gecko) Chrome/109.0.0.0 Safari/537.36" "ysfine.com"
195.189.27.71 - - [01/Feb/2023:05:07:05 -0800] "GET /eink/pwk19c.jpg HTTP/1.1" 200 57759 "https://ysfine.com/maga/eisenstein.html" "Mozilla/5.0 (Windows NT 10.0; Win64; x64) AppleWebKit/537.36 (KHTML, like Gecko) Chrome/109.0.0.0 Safari/537.36" "ysfine.com"
195.189.27.71 - - [01/Feb/2023:05:07:05 -0800] "GET /world/baltic/riga56b.jpg HTTP/1.1" 200 29485 "https://ysfine.com/maga/eisenstein.html" "Mozilla/5.0 (Windows NT 10.0; Win64; x64) AppleWebKit/537.36 (KHTML, like Gecko) Chrome/109.0.0.0 Safari/537.36" "ysfine.com"
195.189.27.71 - - [01/Feb/2023:05:07:05 -0800] "GET /world/baltic/riga13b.jpg HTTP/1.1" 200 41983 "https://ysfine.com/maga/eisenstein.html" "Mozilla/5.0 (Windows NT 10.0; Win64; x64) AppleWebKit/537.36 (KHTML, like Gecko) Chrome/109.0.0.0 Safari/537.36" "ysfine.com"
195.189.27.71 - - [01/Feb/2023:05:07:05 -0800] "GET /world/baltic/riga01b.jpg HTTP/1.1" 200 45466 "https://ysfine.com/maga/eisenstein.html" "Mozilla/5.0 (Windows NT 10.0; Win64; x64) AppleWebKit/537.36 (KHTML, like Gecko) Chrome/109.0.0.0 Safari/537.36" "ysfine.com"
195.189.27.71 - - [01/Feb/2023:05:07:05 -0800] "GET /maga/invent/bargmann11b.jpg HTTP/1.1" 200 36031 "https://ysfine.com/maga/eisenstein.html" "Mozilla/5.0 (Windows NT 10.0; Win64; x64) AppleWebKit/537.36 (KHTML, like Gecko) Chrome/109.0.0.0 Safari/537.36" "ysfine.com"
195.189.27.71 - - [01/Feb/2023:05:07:05 -0800] "GET /world/baltic/rigaeisen04b.jpg HTTP/1.1" 200 27149 "https://ysfine.com/maga/eisenstein.html" "Mozilla/5.0 (Windows NT 10.0; Win64; x64) AppleWebKit/537.36 (KHTML, like Gecko) Chrome/109.0.0.0 Safari/537.36" "ysfine.com"
195.189.27.71 - - [01/Feb/2023:05:07:05 -0800] "GET /kobak/taylor33c.jpg HTTP/1.1" 200 39951 "https://ysfine.com/maga/eisenstein.html" "Mozilla/5.0 (Windows NT 10.0; Win64; x64) AppleWebKit/537.36 (KHTML, like Gecko) Chrome/109.0.0.0 Safari/537.36" "ysfine.com"
195.189.27.71 - - [01/Feb/2023:05:07:05 -0800] "GET /dirac/diracqm22b.jpg HTTP/1.1" 200 39961 "https://ysfine.com/maga/eisenstein.html" "Mozilla/5.0 (Windows NT 10.0; Win64; x64) AppleWebKit/537.36 (KHTML, like Gecko) Chrome/109.0.0.0 Safari/537.36" "ysfine.com"
195.189.27.71 - - [01/Feb/2023:05:07:05 -0800] "GET /world/baltic/riga23b.jpg HTTP/1.1" 200 41389 "https://ysfine.com/maga/eisenstein.html" "Mozilla/5.0 (Windows NT 10.0; Win64; x64) AppleWebKit/537.36 (KHTML, like Gecko) Chrome/109.0.0.0 Safari/537.36" "ysfine.com"
195.189.27.71 - - [01/Feb/2023:05:07:05 -0800] "GET /world/baltic/riga20b.jpg HTTP/1.1" 200 28147 "https://ysfine.com/maga/eisenstein.html" "Mozilla/5.0 (Windows NT 10.0; Win64; x64) AppleWebKit/537.36 (KHTML, like Gecko) Chrome/109.0.0.0 Safari/537.36" "ysfine.com"
195.189.27.71 - - [01/Feb/2023:05:07:05 -0800] "GET /world/baltic/riga26b.jpg HTTP/1.1" 200 27065 "https://ysfine.com/maga/eisenstein.html" "Mozilla/5.0 (Windows NT 10.0; Win64; x64) AppleWebKit/537.36 (KHTML, like Gecko) Chrome/109.0.0.0 Safari/537.36" "ysfine.com"
195.189.27.71 - - [01/Feb/2023:05:07:05 -0800] "GET /world/baltic/riga02b.jpg HTTP/1.1" 200 38255 "https://ysfine.com/maga/eisenstein.html" "Mozilla/5.0 (Windows NT 10.0; Win64; x64) AppleWebKit/537.36 (KHTML, like Gecko) Chrome/109.0.0.0 Safari/537.36" "ysfine.com"
195.189.27.71 - - [01/Feb/2023:05:07:05 -0800] "GET /world/baltic/riga25b.jpg HTTP/1.1" 200 44647 "https://ysfine.com/maga/eisenstein.html" "Mozilla/5.0 (Windows NT 10.0; Win64; x64) AppleWebKit/537.36 (KHTML, like Gecko) Chrome/109.0.0.0 Safari/537.36" "ysfine.com"
195.189.27.71 - - [01/Feb/2023:05:07:10 -0800] "GET /favicon.ico HTTP/1.1" 404 88 "https://ysfine.com/maga/eisenstein.html" "Mozilla/5.0 (Windows NT 10.0; Win64; x64) AppleWebKit/537.36 (KHTML, like Gecko) Chrome/109.0.0.0 Safari/537.36" "ysfine.com"
216.244.66.229 - - [01/Feb/2023:05:07:30 -0800] "GET /world/spain/bcn07.jpg HTTP/1.1" 404 73 "-" "Mozilla/5.0 (compatible; DotBot/1.2; +https://opensiteexplorer.org/dotbot; help@moz.com)" "www.ysfine.com"
52.167.144.86 - - [01/Feb/2023:05:07:47 -0800] "GET /usca/pitt/carnlibra03d.jpg HTTP/1.1" 200 71885 "-" "Mozilla/5.0 AppleWebKit/537.36 (KHTML, like Gecko; compatible; bingbot/2.0; +http://www.bing.com/bingbot.htm) Chrome/103.0.5060.134 Safari/537.36" "ysfine.com"
216.244.66.229 - - [01/Feb/2023:05:07:59 -0800] "GET /world/spain/madrid08.jpg HTTP/1.1" 200 181877 "-" "Mozilla/5.0 (compatible; DotBot/1.2; +https://opensiteexplorer.org/dotbot; help@moz.com)" "www.ysfine.com"
207.46.13.104 - - [01/Feb/2023:05:08:09 -0800] "GET /dirac/licone500.jpg HTTP/1.1" 200 39556 "-" "Mozilla/5.0 AppleWebKit/537.36 (KHTML, like Gecko; compatible; bingbot/2.0; +http://www.bing.com/bingbot.htm) Chrome/103.0.5060.134 Safari/537.36" "ysfine.com"
51.222.253.18 - - [01/Feb/2023:05:08:10 -0800] "GET /class54/class5470/total_data/sub_146.htm HTTP/1.1" 200 3286 "-" "Mozilla/5.0 (compatible; AhrefsBot/7.0; +http://ahrefs.com/robot/)" "www.ysfine.com"
51.222.253.19 - - [01/Feb/2023:05:08:15 -0800] "GET /class54/class5470/total_data/img/01_smtitle46.gif HTTP/1.1" 200 478 "-" "Mozilla/5.0 (compatible; AhrefsBot/7.0; +http://ahrefs.com/robot/)" "www.ysfine.com"
185.191.171.10 - - [01/Feb/2023:05:09:56 -0800] "GET /dirac/dirfeyn22.html HTTP/1.1" 200 2329 "-" "Mozilla/5.0 (compatible; SemrushBot/7~bl; +http://www.semrush.com/bot.html)" "www.ysfine.com"
51.222.253.18 - - [01/Feb/2023:05:11:24 -0800] "GET /class54/class5470/total_data/sub_148.htm HTTP/1.1" 200 3287 "-" "Mozilla/5.0 (compatible; AhrefsBot/7.0; +http://ahrefs.com/robot/)" "www.ysfine.com"
52.167.144.56 - - [01/Feb/2023:05:11:57 -0800] "GET /robots.txt HTTP/1.1" 404 88 "-" "Mozilla/5.0 AppleWebKit/537.36 (KHTML, like Gecko; compatible; bingbot/2.0; +http://www.bing.com/bingbot.htm) Chrome/103.0.5060.134 Safari/537.36" "ysfine.com"
207.46.13.104 - - [01/Feb/2023:05:13:22 -0800] "GET /princeton/westmin33.jpg HTTP/1.1" 200 70860 "-" "Mozilla/5.0 AppleWebKit/537.36 (KHTML, like Gecko; compatible; bingbot/2.0; +http://www.bing.com/bingbot.htm) Chrome/103.0.5060.134 Safari/537.36" "ysfine.com"
186.200.55.122 - - [01/Feb/2023:05:13:50 -0800] "GET /wigner/neum/vnc01.jpg HTTP/1.1" 200 133641 "https://sites.google.com/" "Mozilla/5.0 (Windows NT 10.0; Win64; x64) AppleWebKit/537.36 (KHTML, like Gecko) Chrome/109.0.0.0 Safari/537.36" "ysfine.com"
52.167.144.56 - - [01/Feb/2023:05:14:08 -0800] "GET /robots.txt HTTP/1.1" 404 88 "-" "Mozilla/5.0 AppleWebKit/537.36 (KHTML, like Gecko; compatible; bingbot/2.0; +http://www.bing.com/bingbot.htm) Chrome/103.0.5060.134 Safari/537.36" "ysfine.com"
51.222.253.13 - - [01/Feb/2023:05:14:26 -0800] "GET /class54/class5470/total_data/sub_506.htm HTTP/1.1" 200 3196 "-" "Mozilla/5.0 (compatible; AhrefsBot/7.0; +http://ahrefs.com/robot/)" "ysfine.com"
40.77.167.192 - - [01/Feb/2023:05:15:07 -0800] "GET /style/nga22.jpg HTTP/1.1" 200 132866 "-" "Mozilla/5.0 AppleWebKit/537.36 (KHTML, like Gecko; compatible; bingbot/2.0; +http://www.bing.com/bingbot.htm) Chrome/103.0.5060.134 Safari/537.36" "ysfine.com"
40.77.167.192 - - [01/Feb/2023:05:15:08 -0800] "GET /world/germany/vienopera44.jpg HTTP/1.1" 200 101849 "-" "Mozilla/5.0 AppleWebKit/537.36 (KHTML, like Gecko; compatible; bingbot/2.0; +http://www.bing.com/bingbot.htm) Chrome/103.0.5060.134 Safari/537.36" "ysfine.com"
52.167.144.62 - - [01/Feb/2023:05:16:12 -0800] "GET /bio/style/proschanie.html HTTP/1.1" 404 88 "-" "Mozilla/5.0 AppleWebKit/537.36 (KHTML, like Gecko; compatible; bingbot/2.0; +http://www.bing.com/bingbot.htm) Chrome/103.0.5060.134 Safari/537.36" "ysfine.com"
51.222.253.2 - - [01/Feb/2023:05:17:26 -0800] "GET /dirac/bankers.html HTTP/1.1" 200 4453 "-" "Mozilla/5.0 (compatible; AhrefsBot/7.0; +http://ahrefs.com/robot/)" "www.ysfine.com"
51.222.253.11 - - [01/Feb/2023:05:17:30 -0800] "GET /wdc/fedreserv22b.jpg HTTP/1.1" 200 42221 "-" "Mozilla/5.0 (compatible; AhrefsBot/7.0; +http://ahrefs.com/robot/)" "www.ysfine.com"
51.222.253.4 - - [01/Feb/2023:05:17:30 -0800] "GET /world/ital/verona25b.jpg HTTP/1.1" 200 45414 "-" "Mozilla/5.0 (compatible; AhrefsBot/7.0; +http://ahrefs.com/robot/)" "www.ysfine.com"
51.222.253.17 - - [01/Feb/2023:05:17:31 -0800] "GET /world/ital/venicej02b.jpg HTTP/1.1" 200 42128 "-" "Mozilla/5.0 (compatible; AhrefsBot/7.0; +http://ahrefs.com/robot/)" "www.ysfine.com"
51.222.253.3 - - [01/Feb/2023:05:17:32 -0800] "GET /world/ital/museo01b.jpg HTTP/1.1" 200 41524 "-" "Mozilla/5.0 (compatible; AhrefsBot/7.0; +http://ahrefs.com/robot/)" "www.ysfine.com"
20.72.242.93 - - [01/Feb/2023:05:17:32 -0800] "GET /feynman/jf1.jpg HTTP/1.1" 200 13411 "-" "DuckDuckBot/1.1; (+http://duckduckgo.com/duckduckbot.html)" "ysfine.com"
51.222.253.10 - - [01/Feb/2023:05:17:33 -0800] "GET /dirac/bankers11b.jpg HTTP/1.1" 200 22341 "-" "Mozilla/5.0 (compatible; AhrefsBot/7.0; +http://ahrefs.com/robot/)" "www.ysfine.com"
185.210.19.107 - - [01/Feb/2023:05:17:33 -0800] "GET /feynman/jf1.jpg HTTP/1.1" 200 13411 "https://duckduckgo.com/" "Mozilla/5.0 (Macintosh; Intel Mac OS X 10.13; rv:109.0) Gecko/20100101 Firefox/109.0" "ysfine.com"
51.222.253.20 - - [01/Feb/2023:05:17:35 -0800] "GET /maga/phys/inclined11b.jpg HTTP/1.1" 200 35417 "-" "Mozilla/5.0 (compatible; AhrefsBot/7.0; +http://ahrefs.com/robot/)" "www.ysfine.com"
51.222.253.3 - - [01/Feb/2023:05:17:37 -0800] "GET /einstein/jsbell02b.jpg HTTP/1.1" 200 27021 "-" "Mozilla/5.0 (compatible; AhrefsBot/7.0; +http://ahrefs.com/robot/)" "www.ysfine.com"
51.222.253.13 - - [01/Feb/2023:05:17:38 -0800] "GET /wdc/eindc02b.jpg HTTP/1.1" 200 51154 "-" "Mozilla/5.0 (compatible; AhrefsBot/7.0; +http://ahrefs.com/robot/)" "www.ysfine.com"
176.59.170.90 - - [01/Feb/2023:05:17:41 -0800] "GET /wigner/wiglittle.pdf HTTP/1.1" 200 2659296 "-" "Dalvik/2.1.0 (Linux; U; Android 9; G8142 Build/47.2.A.10.107)" "ysfine.com"
52.58.146.230 - - [01/Feb/2023:05:18:37 -0800] "GET / HTTP/1.1" 200 5295 "-" "Mozilla/5.0 (compatible; MSIE 10.0; Windows NT 6.1; Trident/6.0) LinkCheck by Siteimprove.com" "ysfine.com"
207.46.13.104 - - [01/Feb/2023:05:18:45 -0800] "GET /friends/latinaf.html HTTP/1.1" 404 88 "-" "Mozilla/5.0 AppleWebKit/537.36 (KHTML, like Gecko; compatible; bingbot/2.0; +http://www.bing.com/bingbot.htm) Chrome/103.0.5060.134 Safari/537.36" "ysfine.com"
52.167.144.86 - - [01/Feb/2023:05:19:29 -0800] "GET /beau/amkor/amseville01.jpg HTTP/1.1" 404 88 "-" "Mozilla/5.0 AppleWebKit/537.36 (KHTML, like Gecko; compatible; bingbot/2.0; +http://www.bing.com/bingbot.htm) Chrome/103.0.5060.134 Safari/537.36" "ysfine.com"
51.222.253.14 - - [01/Feb/2023:05:20:45 -0800] "GET /ys11/index.html HTTP/1.1" 200 3494 "-" "Mozilla/5.0 (compatible; AhrefsBot/7.0; +http://ahrefs.com/robot/)" "www.ysfine.com"
52.167.144.86 - - [01/Feb/2023:05:21:01 -0800] "GET /home/hmbot.html HTTP/1.1" 200 132 "-" "Mozilla/5.0 AppleWebKit/537.36 (KHTML, like Gecko; compatible; bingbot/2.0; +http://www.bing.com/bingbot.htm) Chrome/103.0.5060.134 Safari/537.36" "ysfine.com"
52.167.144.86 - - [01/Feb/2023:05:22:02 -0800] "GET /bio/princeton/campus.html HTTP/1.1" 404 88 "-" "Mozilla/5.0 AppleWebKit/537.36 (KHTML, like Gecko; compatible; bingbot/2.0; +http://www.bing.com/bingbot.htm) Chrome/103.0.5060.134 Safari/537.36" "ysfine.com"
176.59.170.90 - - [01/Feb/2023:05:22:26 -0800] "GET /wigner/little.html HTTP/1.1" 200 3088 "https://www.google.com/" "Mozilla/5.0 (Linux; Android 9; G8142) AppleWebKit/537.36 (KHTML, like Gecko) Chrome/104.0.0.0 Mobile Safari/537.36" "ysfine.com"
176.59.170.90 - - [01/Feb/2023:05:22:26 -0800] "GET /einstein/newton55b.jpg HTTP/1.1" 200 20261 "https://ysfine.com/wigner/little.html" "Mozilla/5.0 (Linux; Android 9; G8142) AppleWebKit/537.36 (KHTML, like Gecko) Chrome/104.0.0.0 Mobile Safari/537.36" "ysfine.com"
176.59.170.90 - - [01/Feb/2023:05:22:26 -0800] "GET /wigner/isomor66b.jpg HTTP/1.1" 200 60963 "https://ysfine.com/wigner/little.html" "Mozilla/5.0 (Linux; Android 9; G8142) AppleWebKit/537.36 (KHTML, like Gecko) Chrome/104.0.0.0 Mobile Safari/537.36" "ysfine.com"
176.59.170.90 - - [01/Feb/2023:05:22:26 -0800] "GET /einstein/newtwig11a.jpg HTTP/1.1" 200 62939 "https://ysfine.com/wigner/little.html" "Mozilla/5.0 (Linux; Android 9; G8142) AppleWebKit/537.36 (KHTML, like Gecko) Chrome/104.0.0.0 Mobile Safari/537.36" "ysfine.com"
176.59.170.90 - - [01/Feb/2023:05:22:26 -0800] "GET /einstein/newtein11a.jpg HTTP/1.1" 200 58594 "https://ysfine.com/wigner/little.html" "Mozilla/5.0 (Linux; Android 9; G8142) AppleWebKit/537.36 (KHTML, like Gecko) Chrome/104.0.0.0 Mobile Safari/537.36" "ysfine.com"
176.59.170.90 - - [01/Feb/2023:05:22:26 -0800] "GET /wigner/isomor33b.jpg HTTP/1.1" 200 42438 "https://ysfine.com/wigner/little.html" "Mozilla/5.0 (Linux; Android 9; G8142) AppleWebKit/537.36 (KHTML, like Gecko) Chrome/104.0.0.0 Mobile Safari/537.36" "ysfine.com"
176.59.170.90 - - [01/Feb/2023:05:22:26 -0800] "GET /wigner/wigein11a.jpg HTTP/1.1" 200 58036 "https://ysfine.com/wigner/little.html" "Mozilla/5.0 (Linux; Android 9; G8142) AppleWebKit/537.36 (KHTML, like Gecko) Chrome/104.0.0.0 Mobile Safari/537.36" "ysfine.com"
176.59.170.90 - - [01/Feb/2023:05:22:26 -0800] "GET /wigner/gim/gimn63b.jpg HTTP/1.1" 200 31560 "https://ysfine.com/wigner/little.html" "Mozilla/5.0 (Linux; Android 9; G8142) AppleWebKit/537.36 (KHTML, like Gecko) Chrome/104.0.0.0 Mobile Safari/537.36" "ysfine.com"
40.77.167.192 - - [01/Feb/2023:05:22:30 -0800] "GET /style/hamako11b.jpg HTTP/1.1" 200 33344 "-" "Mozilla/5.0 AppleWebKit/537.36 (KHTML, like Gecko; compatible; bingbot/2.0; +http://www.bing.com/bingbot.htm) Chrome/103.0.5060.134 Safari/537.36" "ysfine.com"
176.59.170.90 - - [01/Feb/2023:05:22:30 -0800] "GET /favicon.ico HTTP/1.1" 404 88 "https://ysfine.com/wigner/little.html" "Mozilla/5.0 (Linux; Android 9; G8142) AppleWebKit/537.36 (KHTML, like Gecko) Chrome/104.0.0.0 Mobile Safari/537.36" "ysfine.com"
40.77.167.192 - - [01/Feb/2023:05:22:31 -0800] "GET /friends/roskei.html HTTP/1.1" 404 88 "-" "Mozilla/5.0 AppleWebKit/537.36 (KHTML, like Gecko; compatible; bingbot/2.0; +http://www.bing.com/bingbot.htm) Chrome/103.0.5060.134 Safari/537.36" "ysfine.com"
185.184.157.102 - - [01/Feb/2023:05:23:08 -0800] "GET /world/travel.html HTTP/1.1" 200 1633 "-" "Mozilla/5.0 (compatible; linkdexbot/2.0; +http://www.linkdex.com/bots/)" "ysfine.com"
185.184.157.102 - - [01/Feb/2023:05:23:08 -0800] "GET /robots.txt HTTP/1.1" 404 88 "-" "Mozilla/5.0 (compatible; linkdexbot/2.0; +http://www.linkdex.com/bots/)" "ysfine.com"
185.184.157.102 - - [01/Feb/2023:05:23:08 -0800] "GET /robots.txt HTTP/1.1" 404 88 "-" "Mozilla/5.0 (compatible; linkdexbot/2.0; +http://www.linkdex.com/bots/)" "www.ysfine.com"
51.222.253.18 - - [01/Feb/2023:05:23:40 -0800] "GET /wisdom/wk01.html HTTP/1.1" 200 88106 "-" "Mozilla/5.0 (compatible; AhrefsBot/7.0; +http://ahrefs.com/robot/)" "ysfine.com"
79.203.251.246 - - [01/Feb/2023:05:23:57 -0800] "GET /wigner/neum/ymath.jpg HTTP/1.1" 200 64930 "https://www.bing.com/" "Mozilla/5.0 (Windows NT 10.0; Win64; x64) AppleWebKit/537.36 (KHTML, like Gecko) Chrome/109.0.0.0 Safari/537.36 Edg/109.0.1518.70" "ysfine.com"
185.191.171.3 - - [01/Feb/2023:05:24:36 -0800] "GET /wdc/waskor.html HTTP/1.1" 200 7729 "-" "Mozilla/5.0 (compatible; SemrushBot/7~bl; +http://www.semrush.com/bot.html)" "www.ysfine.com"
207.46.13.104 - - [01/Feb/2023:05:24:44 -0800] "GET /friends/turkf.html HTTP/1.1" 404 88 "-" "Mozilla/5.0 AppleWebKit/537.36 (KHTML, like Gecko; compatible; bingbot/2.0; +http://www.bing.com/bingbot.htm) Chrome/103.0.5060.134 Safari/537.36" "ysfine.com"
216.25.187.35 - - [01/Feb/2023:05:25:21 -0800] "GET /maga/invent/edison33.jpg HTTP/1.1" 200 59531 "https://www.google.com/" "Mozilla/5.0 (Windows NT 10.0; Win64; x64) AppleWebKit/537.36 (KHTML, like Gecko) Chrome/107.0.0.0 Safari/537.36" "ysfine.com"
5.161.116.249 - - [01/Feb/2023:05:25:25 -0800] "GET /wdc/facu63b.jpg HTTP/1.1" 200 47674 "-" "Mozilla/5.0 (X11; Ubuntu; Linux x86_64; rv:107.0) Gecko/20100101 Firefox/107.0" "ysfine.com"
109.132.6.190 - - [01/Feb/2023:05:25:32 -0800] "GET /feynman/feydirac.jpg HTTP/1.1" 200 98378 "https://www.google.com/" "Mozilla/5.0 (Windows NT 10.0; Win64; x64) AppleWebKit/537.36 (KHTML, like Gecko) Chrome/109.0.0.0 Safari/537.36" "ysfine.com"
216.25.187.35 - - [01/Feb/2023:05:25:57 -0800] "GET /maga/invent/popov03.jpg HTTP/1.1" 200 85311 "https://www.google.com/" "Mozilla/5.0 (Windows NT 10.0; Win64; x64) AppleWebKit/537.36 (KHTML, like Gecko) Chrome/107.0.0.0 Safari/537.36" "ysfine.com"
73.0.219.197 - - [01/Feb/2023:05:26:00 -0800] "GET /princeton/alexan22.jpg HTTP/1.1" 200 175436 "https://www.google.com/" "Mozilla/5.0 (iPhone; CPU iPhone OS 16_0 like Mac OS X) AppleWebKit/605.1.15 (KHTML, like Gecko) Version/16.0 Mobile/15E148 Safari/604.1" "ysfine.com"
185.191.171.17 - - [01/Feb/2023:05:26:51 -0800] "GET /robots.txt HTTP/1.1" 404 88 "-" "Mozilla/5.0 (compatible; SemrushBot/7~bl; +http://www.semrush.com/bot.html)" "ysfine.com"
185.191.171.12 - - [01/Feb/2023:05:26:51 -0800] "GET /jobs/taiwanj.html HTTP/1.1" 200 1290 "-" "Mozilla/5.0 (compatible; SemrushBot/7~bl; +http://www.semrush.com/bot.html)" "ysfine.com"
109.132.6.190 - - [01/Feb/2023:05:26:51 -0800] "GET /dirac/dirfeyn.html HTTP/1.1" 200 6341 "https://www.google.com/" "Mozilla/5.0 (Windows NT 10.0; Win64; x64) AppleWebKit/537.36 (KHTML, like Gecko) Chrome/109.0.0.0 Safari/537.36" "ysfine.com"
109.132.6.190 - - [01/Feb/2023:05:26:51 -0800] "GET /eink/eink61c.jpg HTTP/1.1" 200 34119 "https://ysfine.com/dirac/dirfeyn.html" "Mozilla/5.0 (Windows NT 10.0; Win64; x64) AppleWebKit/537.36 (KHTML, like Gecko) Chrome/109.0.0.0 Safari/537.36" "ysfine.com"
109.132.6.190 - - [01/Feb/2023:05:26:51 -0800] "GET /dirac/dirackn33c.jpg HTTP/1.1" 200 50420 "https://ysfine.com/dirac/dirfeyn.html" "Mozilla/5.0 (Windows NT 10.0; Win64; x64) AppleWebKit/537.36 (KHTML, like Gecko) Chrome/109.0.0.0 Safari/537.36" "ysfine.com"
109.132.6.190 - - [01/Feb/2023:05:26:51 -0800] "GET /wigner/isomor66c.jpg HTTP/1.1" 200 47632 "https://ysfine.com/dirac/dirfeyn.html" "Mozilla/5.0 (Windows NT 10.0; Win64; x64) AppleWebKit/537.36 (KHTML, like Gecko) Chrome/109.0.0.0 Safari/537.36" "ysfine.com"
109.132.6.190 - - [01/Feb/2023:05:26:51 -0800] "GET /dirac/2osc22c.jpg HTTP/1.1" 200 28929 "https://ysfine.com/dirac/dirfeyn.html" "Mozilla/5.0 (Windows NT 10.0; Win64; x64) AppleWebKit/537.36 (KHTML, like Gecko) Chrome/109.0.0.0 Safari/537.36" "ysfine.com"
109.132.6.190 - - [01/Feb/2023:05:26:51 -0800] "GET /people/sbt11c.jpg HTTP/1.1" 200 31479 "https://ysfine.com/dirac/dirfeyn.html" "Mozilla/5.0 (Windows NT 10.0; Win64; x64) AppleWebKit/537.36 (KHTML, like Gecko) Chrome/109.0.0.0 Safari/537.36" "ysfine.com"
109.132.6.190 - - [01/Feb/2023:05:26:51 -0800] "GET /dirac/nicodem11c.jpg HTTP/1.1" 200 72684 "https://ysfine.com/dirac/dirfeyn.html" "Mozilla/5.0 (Windows NT 10.0; Win64; x64) AppleWebKit/537.36 (KHTML, like Gecko) Chrome/109.0.0.0 Safari/537.36" "ysfine.com"
109.132.6.190 - - [01/Feb/2023:05:26:51 -0800] "GET /dirac/sq73c.jpg HTTP/1.1" 200 35501 "https://ysfine.com/dirac/dirfeyn.html" "Mozilla/5.0 (Windows NT 10.0; Win64; x64) AppleWebKit/537.36 (KHTML, like Gecko) Chrome/109.0.0.0 Safari/537.36" "ysfine.com"
109.132.6.190 - - [01/Feb/2023:05:26:51 -0800] "GET /dirac/feydirac300.jpg HTTP/1.1" 200 38223 "https://ysfine.com/dirac/dirfeyn.html" "Mozilla/5.0 (Windows NT 10.0; Win64; x64) AppleWebKit/537.36 (KHTML, like Gecko) Chrome/109.0.0.0 Safari/537.36" "ysfine.com"
109.132.6.190 - - [01/Feb/2023:05:26:51 -0800] "GET /wigner/wigkim11c.jpg HTTP/1.1" 200 30443 "https://ysfine.com/dirac/dirfeyn.html" "Mozilla/5.0 (Windows NT 10.0; Win64; x64) AppleWebKit/537.36 (KHTML, like Gecko) Chrome/109.0.0.0 Safari/537.36" "ysfine.com"
109.132.6.190 - - [01/Feb/2023:05:26:51 -0800] "GET /dirac/dfkim11c.jpg HTTP/1.1" 200 34801 "https://ysfine.com/dirac/dirfeyn.html" "Mozilla/5.0 (Windows NT 10.0; Win64; x64) AppleWebKit/537.36 (KHTML, like Gecko) Chrome/109.0.0.0 Safari/537.36" "ysfine.com"
109.132.6.190 - - [01/Feb/2023:05:26:51 -0800] "GET /feynman/jacdrum11c.jpg HTTP/1.1" 200 39178 "https://ysfine.com/dirac/dirfeyn.html" "Mozilla/5.0 (Windows NT 10.0; Win64; x64) AppleWebKit/537.36 (KHTML, like Gecko) Chrome/109.0.0.0 Safari/537.36" "ysfine.com"
109.132.6.190 - - [01/Feb/2023:05:26:54 -0800] "GET /favicon.ico HTTP/1.1" 404 88 "https://ysfine.com/dirac/dirfeyn.html" "Mozilla/5.0 (Windows NT 10.0; Win64; x64) AppleWebKit/537.36 (KHTML, like Gecko) Chrome/109.0.0.0 Safari/537.36" "ysfine.com"
185.191.171.41 - - [01/Feb/2023:05:26:58 -0800] "GET /dirac/dirheisen.html HTTP/1.1" 200 4650 "-" "Mozilla/5.0 (compatible; SemrushBot/7~bl; +http://www.semrush.com/bot.html)" "ysfine.com"
95.163.255.69 - - [01/Feb/2023:05:27:15 -0800] "GET /robots.txt HTTP/1.1" 404 73 "-" "Mozilla/5.0 (compatible; Linux x86_64; Mail.RU_Bot/2.0; +https://help.mail.ru/webmaster/indexing/robots)" "ysfine.com"
207.46.13.64 - - [01/Feb/2023:05:27:20 -0800] "GET /einstein/eincurie.html HTTP/1.1" 200 895 "-" "Mozilla/5.0 AppleWebKit/537.36 (KHTML, like Gecko; compatible; bingbot/2.0; +http://www.bing.com/bingbot.htm) Chrome/103.0.5060.134 Safari/537.36" "ysfine.com"
207.46.13.104 - - [01/Feb/2023:05:27:28 -0800] "GET /bio/sbk/1950.html HTTP/1.1" 404 88 "-" "Mozilla/5.0 AppleWebKit/537.36 (KHTML, like Gecko; compatible; bingbot/2.0; +http://www.bing.com/bingbot.htm) Chrome/103.0.5060.134 Safari/537.36" "ysfine.com"
95.163.255.67 - - [01/Feb/2023:05:27:37 -0800] "GET /maga/invent/amellon11b.jpg HTTP/1.1" 200 38142 "-" "Mozilla/5.0 (compatible; Linux x86_64; Mail.RU_Bot/2.0; +https://help.mail.ru/webmaster/indexing/robots)" "ysfine.com"
46.114.160.254 - - [01/Feb/2023:05:28:17 -0800] "GET /maga/histo/oscar33.jpg HTTP/1.1" 200 140181 "https://www.google.com/" "Mozilla/5.0 (Linux; Android 11; SM-G970F Build/RP1A.200720.012; wv) AppleWebKit/537.36 (KHTML, like Gecko) Version/4.0 Chrome/109.0.5414.85 Mobile Safari/537.36 GoogleApp/14.4.6.26.arm64" "ysfine.com"
95.163.255.67 - - [01/Feb/2023:05:28:24 -0800] "GET /maga/invent/mcintosh.jpg HTTP/1.1" 200 107301 "-" "Mozilla/5.0 (compatible; Linux x86_64; Mail.RU_Bot/2.0; +https://help.mail.ru/webmaster/indexing/robots)" "ysfine.com"
43.130.118.66 - - [01/Feb/2023:05:28:28 -0800] "GET /wp-content/themes/seotheme/db.php?u HTTP/1.1" 404 88 "http://ysfine.com//wp-content/themes/seotheme/db.php?u" "Go-http-client/2.0" "ysfine.com"
5.161.125.210 - - [01/Feb/2023:05:28:43 -0800] "GET /wdc/facu63b.jpg HTTP/1.1" 200 47674 "-" "Mozilla/5.0 (X11; Ubuntu; Linux x86_64; rv:107.0) Gecko/20100101 Firefox/107.0" "ysfine.com"
185.191.171.8 - - [01/Feb/2023:05:29:25 -0800] "GET /sbk/2010.html HTTP/1.1" 200 14455 "-" "Mozilla/5.0 (compatible; SemrushBot/7~bl; +http://www.semrush.com/bot.html)" "www.ysfine.com"
93.22.148.240 - - [01/Feb/2023:05:29:26 -0800] "GET /world/brit/etonharrow.html HTTP/1.1" 200 4544 "https://www.google.com/" "Mozilla/5.0 (iPhone; CPU iPhone OS 13_0 like Mac OS X) AppleWebKit/605.1.15 (KHTML, like Gecko) Version/13.0 Mobile/15E148 Safari/604.1" "ysfine.com"
93.22.148.240 - - [01/Feb/2023:05:29:27 -0800] "GET /world/brit/winston01b.jpg HTTP/1.1" 200 38436 "https://ysfine.com/world/brit/etonharrow.html" "Mozilla/5.0 (iPhone; CPU iPhone OS 13_0 like Mac OS X) AppleWebKit/605.1.15 (KHTML, like Gecko) Version/13.0 Mobile/15E148 Safari/604.1" "ysfine.com"
93.22.148.240 - - [01/Feb/2023:05:29:27 -0800] "GET /kobak/kwk11b.jpg HTTP/1.1" 200 46888 "https://ysfine.com/world/brit/etonharrow.html" "Mozilla/5.0 (iPhone; CPU iPhone OS 13_0 like Mac OS X) AppleWebKit/605.1.15 (KHTML, like Gecko) Version/13.0 Mobile/15E148 Safari/604.1" "ysfine.com"
93.22.148.240 - - [01/Feb/2023:05:29:27 -0800] "GET /eink/pwk19c.jpg HTTP/1.1" 200 57759 "https://ysfine.com/world/brit/etonharrow.html" "Mozilla/5.0 (iPhone; CPU iPhone OS 13_0 like Mac OS X) AppleWebKit/605.1.15 (KHTML, like Gecko) Version/13.0 Mobile/15E148 Safari/604.1" "ysfine.com"
93.22.148.240 - - [01/Feb/2023:05:29:27 -0800] "GET /world/brit/harrow11b.jpg HTTP/1.1" 200 42533 "https://ysfine.com/world/brit/etonharrow.html" "Mozilla/5.0 (iPhone; CPU iPhone OS 13_0 like Mac OS X) AppleWebKit/605.1.15 (KHTML, like Gecko) Version/13.0 Mobile/15E148 Safari/604.1" "ysfine.com"
93.22.148.240 - - [01/Feb/2023:05:29:27 -0800] "GET /world/brit/harrow04b.jpg HTTP/1.1" 200 48004 "https://ysfine.com/world/brit/etonharrow.html" "Mozilla/5.0 (iPhone; CPU iPhone OS 13_0 like Mac OS X) AppleWebKit/605.1.15 (KHTML, like Gecko) Version/13.0 Mobile/15E148 Safari/604.1" "ysfine.com"
93.22.148.240 - - [01/Feb/2023:05:29:27 -0800] "GET /world/brit/harrow12b.jpg HTTP/1.1" 200 45104 "https://ysfine.com/world/brit/etonharrow.html" "Mozilla/5.0 (iPhone; CPU iPhone OS 13_0 like Mac OS X) AppleWebKit/605.1.15 (KHTML, like Gecko) Version/13.0 Mobile/15E148 Safari/604.1" "ysfine.com"
93.22.148.240 - - [01/Feb/2023:05:29:27 -0800] "GET /world/brit/eton01b.jpg HTTP/1.1" 200 47771 "https://ysfine.com/world/brit/etonharrow.html" "Mozilla/5.0 (iPhone; CPU iPhone OS 13_0 like Mac OS X) AppleWebKit/605.1.15 (KHTML, like Gecko) Version/13.0 Mobile/15E148 Safari/604.1" "ysfine.com"
93.22.148.240 - - [01/Feb/2023:05:29:27 -0800] "GET /world/brit/eton07b.jpg HTTP/1.1" 200 36566 "https://ysfine.com/world/brit/etonharrow.html" "Mozilla/5.0 (iPhone; CPU iPhone OS 13_0 like Mac OS X) AppleWebKit/605.1.15 (KHTML, like Gecko) Version/13.0 Mobile/15E148 Safari/604.1" "ysfine.com"
93.22.148.240 - - [01/Feb/2023:05:29:27 -0800] "GET /kobak/taylor33c.jpg HTTP/1.1" 200 39951 "https://ysfine.com/world/brit/etonharrow.html" "Mozilla/5.0 (iPhone; CPU iPhone OS 13_0 like Mac OS X) AppleWebKit/605.1.15 (KHTML, like Gecko) Version/13.0 Mobile/15E148 Safari/604.1" "ysfine.com"
93.22.148.240 - - [01/Feb/2023:05:29:27 -0800] "GET /world/brit/harrow09b.jpg HTTP/1.1" 200 48797 "https://ysfine.com/world/brit/etonharrow.html" "Mozilla/5.0 (iPhone; CPU iPhone OS 13_0 like Mac OS X) AppleWebKit/605.1.15 (KHTML, like Gecko) Version/13.0 Mobile/15E148 Safari/604.1" "ysfine.com"
93.22.148.240 - - [01/Feb/2023:05:29:27 -0800] "GET /world/brit/eton02b.jpg HTTP/1.1" 200 39432 "https://ysfine.com/world/brit/etonharrow.html" "Mozilla/5.0 (iPhone; CPU iPhone OS 13_0 like Mac OS X) AppleWebKit/605.1.15 (KHTML, like Gecko) Version/13.0 Mobile/15E148 Safari/604.1" "ysfine.com"
93.22.148.240 - - [01/Feb/2023:05:29:27 -0800] "GET /world/brit/nehru11b.jpg HTTP/1.1" 200 43052 "https://ysfine.com/world/brit/etonharrow.html" "Mozilla/5.0 (iPhone; CPU iPhone OS 13_0 like Mac OS X) AppleWebKit/605.1.15 (KHTML, like Gecko) Version/13.0 Mobile/15E148 Safari/604.1" "ysfine.com"
93.22.148.240 - - [01/Feb/2023:05:29:27 -0800] "GET /world/brit/eton03b.jpg HTTP/1.1" 200 45141 "https://ysfine.com/world/brit/etonharrow.html" "Mozilla/5.0 (iPhone; CPU iPhone OS 13_0 like Mac OS X) AppleWebKit/605.1.15 (KHTML, like Gecko) Version/13.0 Mobile/15E148 Safari/604.1" "ysfine.com"
93.22.148.240 - - [01/Feb/2023:05:29:27 -0800] "GET /world/brit/harrow01b.jpg HTTP/1.1" 200 54632 "https://ysfine.com/world/brit/etonharrow.html" "Mozilla/5.0 (iPhone; CPU iPhone OS 13_0 like Mac OS X) AppleWebKit/605.1.15 (KHTML, like Gecko) Version/13.0 Mobile/15E148 Safari/604.1" "ysfine.com"
93.22.148.240 - - [01/Feb/2023:05:29:27 -0800] "GET /world/brit/windsor02b.jpg HTTP/1.1" 200 40724 "https://ysfine.com/world/brit/etonharrow.html" "Mozilla/5.0 (iPhone; CPU iPhone OS 13_0 like Mac OS X) AppleWebKit/605.1.15 (KHTML, like Gecko) Version/13.0 Mobile/15E148 Safari/604.1" "ysfine.com"
95.163.255.67 - - [01/Feb/2023:05:29:27 -0800] "GET /robots.txt HTTP/1.1" 404 73 "-" "Mozilla/5.0 (compatible; Linux x86_64; Mail.RU_Bot/2.0; +https://help.mail.ru/webmaster/indexing/robots)" "www.ysfine.com"
50.243.127.13 - - [01/Feb/2023:05:29:38 -0800] "GET /friends/vilnius03.jpg HTTP/1.1" 404 88 "-" "Mozilla/5.0 (iPhone; CPU iPhone OS 16_1_1 like Mac OS X) AppleWebKit/605.1.15 (KHTML, like Gecko) Version/16.1 Mobile/15E148 Safari/604.1" "ysfine.com"
50.243.127.13 - - [01/Feb/2023:05:29:38 -0800] "GET /friends/vilnius03.jpg HTTP/1.1" 404 88 "-" "Mozilla/5.0 (iPhone; CPU iPhone OS 16_1_1 like Mac OS X) AppleWebKit/605.1.15 (KHTML, like Gecko) Version/16.1 Mobile/15E148 Safari/604.1" "ysfine.com"
95.163.255.69 - - [01/Feb/2023:05:30:19 -0800] "GET /maga/invent/joak55.jpg HTTP/1.1" 200 159760 "-" "Mozilla/5.0 (compatible; Linux x86_64; Mail.RU_Bot/2.0; +https://help.mail.ru/webmaster/indexing/robots)" "www.ysfine.com"
5.188.210.42 - - [01/Feb/2023:05:30:50 -0800] "GET /world/visas.html HTTP/1.1" 200 7643 "https://www.ysfine.com/world/visas.html" "Mozilla/5.0 (Windows NT 10.0) AppleWebKit/537.36 (KHTML, like Gecko) Chrome/90.0.4430.85 Safari/537.36" "www.ysfine.com"
