51.175.182.225 - - [01/Feb/2023:13:42:54 -0800] "GET /dirac/feydirac300.jpg HTTP/1.1" 200 38223 "https://ysfine.com/dirac/dirfeyn.html" "Mozilla/5.0 (Windows NT 10.0; Win64; x64) AppleWebKit/537.36 (KHTML, like Gecko) Chrome/108.0.0.0 Safari/537.36" "ysfine.com"
51.175.182.225 - - [01/Feb/2023:13:42:54 -0800] "GET /feynman/jacdrum11c.jpg HTTP/1.1" 200 39178 "https://ysfine.com/dirac/dirfeyn.html" "Mozilla/5.0 (Windows NT 10.0; Win64; x64) AppleWebKit/537.36 (KHTML, like Gecko) Chrome/108.0.0.0 Safari/537.36" "ysfine.com"
51.175.182.225 - - [01/Feb/2023:13:42:54 -0800] "GET /wigner/wigkim11c.jpg HTTP/1.1" 200 30443 "https://ysfine.com/dirac/dirfeyn.html" "Mozilla/5.0 (Windows NT 10.0; Win64; x64) AppleWebKit/537.36 (KHTML, like Gecko) Chrome/108.0.0.0 Safari/537.36" "ysfine.com"
51.175.182.225 - - [01/Feb/2023:13:42:54 -0800] "GET /dirac/nicodem11c.jpg HTTP/1.1" 200 72684 "https://ysfine.com/dirac/dirfeyn.html" "Mozilla/5.0 (Windows NT 10.0; Win64; x64) AppleWebKit/537.36 (KHTML, like Gecko) Chrome/108.0.0.0 Safari/537.36" "ysfine.com"
51.175.182.225 - - [01/Feb/2023:13:42:54 -0800] "GET /dirac/dirackn33c.jpg HTTP/1.1" 200 50420 "https://ysfine.com/dirac/dirfeyn.html" "Mozilla/5.0 (Windows NT 10.0; Win64; x64) AppleWebKit/537.36 (KHTML, like Gecko) Chrome/108.0.0.0 Safari/537.36" "ysfine.com"
51.175.182.225 - - [01/Feb/2023:13:42:54 -0800] "GET /dirac/sq73c.jpg HTTP/1.1" 200 35501 "https://ysfine.com/dirac/dirfeyn.html" "Mozilla/5.0 (Windows NT 10.0; Win64; x64) AppleWebKit/537.36 (KHTML, like Gecko) Chrome/108.0.0.0 Safari/537.36" "ysfine.com"
51.175.182.225 - - [01/Feb/2023:13:42:54 -0800] "GET /wigner/isomor66c.jpg HTTP/1.1" 200 47632 "https://ysfine.com/dirac/dirfeyn.html" "Mozilla/5.0 (Windows NT 10.0; Win64; x64) AppleWebKit/537.36 (KHTML, like Gecko) Chrome/108.0.0.0 Safari/537.36" "ysfine.com"
51.175.182.225 - - [01/Feb/2023:13:42:54 -0800] "GET /dirac/dfkim11c.jpg HTTP/1.1" 200 34801 "https://ysfine.com/dirac/dirfeyn.html" "Mozilla/5.0 (Windows NT 10.0; Win64; x64) AppleWebKit/537.36 (KHTML, like Gecko) Chrome/108.0.0.0 Safari/537.36" "ysfine.com"
51.175.182.225 - - [01/Feb/2023:13:42:54 -0800] "GET /eink/eink61c.jpg HTTP/1.1" 200 34119 "https://ysfine.com/dirac/dirfeyn.html" "Mozilla/5.0 (Windows NT 10.0; Win64; x64) AppleWebKit/537.36 (KHTML, like Gecko) Chrome/108.0.0.0 Safari/537.36" "ysfine.com"
51.175.182.225 - - [01/Feb/2023:13:42:54 -0800] "GET /dirac/2osc22c.jpg HTTP/1.1" 200 28929 "https://ysfine.com/dirac/dirfeyn.html" "Mozilla/5.0 (Windows NT 10.0; Win64; x64) AppleWebKit/537.36 (KHTML, like Gecko) Chrome/108.0.0.0 Safari/537.36" "ysfine.com"
51.175.182.225 - - [01/Feb/2023:13:42:54 -0800] "GET /people/sbt11c.jpg HTTP/1.1" 200 31479 "https://ysfine.com/dirac/dirfeyn.html" "Mozilla/5.0 (Windows NT 10.0; Win64; x64) AppleWebKit/537.36 (KHTML, like Gecko) Chrome/108.0.0.0 Safari/537.36" "ysfine.com"
207.46.13.64 - - [01/Feb/2023:13:42:55 -0800] "GET / HTTP/1.1" 200 5295 "-" "Mozilla/5.0 AppleWebKit/537.36 (KHTML, like Gecko; compatible; bingbot/2.0; +http://www.bing.com/bingbot.htm) Chrome/103.0.5060.134 Safari/537.36" "ysfine.com"
216.244.66.229 - - [01/Feb/2023:13:42:58 -0800] "GET /class54/class5470/total_data/sub_8102.htm HTTP/1.1" 200 15733 "-" "Mozilla/5.0 (compatible; DotBot/1.2; +https://opensiteexplorer.org/dotbot; help@moz.com)" "www.ysfine.com"
50.101.151.56 - - [01/Feb/2023:13:43:05 -0800] "GET /princeton/alexan22.jpg HTTP/1.1" 200 175436 "https://www.google.ca/" "Mozilla/5.0 (Macintosh; Intel Mac OS X 10_15_7) AppleWebKit/605.1.15 (KHTML, like Gecko) Version/16.2 Safari/605.1.15" "ysfine.com"
51.175.182.225 - - [01/Feb/2023:13:43:12 -0800] "GET /dirac/feydirac.jpg HTTP/1.1" 404 88 "https://ysfine.com/dirac/dirfeyn.html" "Mozilla/5.0 (Windows NT 10.0; Win64; x64) AppleWebKit/537.36 (KHTML, like Gecko) Chrome/108.0.0.0 Safari/537.36" "ysfine.com"
216.244.66.229 - - [01/Feb/2023:13:43:14 -0800] "GET /class54/class5470/total_data/sub_8134.htm HTTP/1.1" 200 15748 "-" "Mozilla/5.0 (compatible; DotBot/1.2; +https://opensiteexplorer.org/dotbot; help@moz.com)" "www.ysfine.com"
207.46.13.104 - - [01/Feb/2023:13:43:19 -0800] "GET /world/france/sorbonne08.jpg HTTP/1.1" 200 125695 "-" "Mozilla/5.0 AppleWebKit/537.36 (KHTML, like Gecko; compatible; bingbot/2.0; +http://www.bing.com/bingbot.htm) Chrome/103.0.5060.134 Safari/537.36" "ysfine.com"
51.222.253.15 - - [01/Feb/2023:13:43:19 -0800] "GET /class54/class5470/total_data/sub_120.htm HTTP/1.1" 200 3310 "-" "Mozilla/5.0 (compatible; AhrefsBot/7.0; +http://ahrefs.com/robot/)" "www.ysfine.com"
207.46.13.104 - - [01/Feb/2023:13:43:20 -0800] "GET /world/russ/kazan079.jpg HTTP/1.1" 200 81123 "-" "Mozilla/5.0 AppleWebKit/537.36 (KHTML, like Gecko; compatible; bingbot/2.0; +http://www.bing.com/bingbot.htm) Chrome/103.0.5060.134 Safari/537.36" "ysfine.com"
51.222.253.6 - - [01/Feb/2023:13:43:21 -0800] "GET /class54/class5470/total_data/photo_img/1-20.jpg HTTP/1.1" 200 196562 "-" "Mozilla/5.0 (compatible; AhrefsBot/7.0; +http://ahrefs.com/robot/)" "www.ysfine.com"
216.244.66.229 - - [01/Feb/2023:13:43:28 -0800] "GET /class54/class5470/total_data/sub_8157.htm HTTP/1.1" 200 15782 "-" "Mozilla/5.0 (compatible; DotBot/1.2; +https://opensiteexplorer.org/dotbot; help@moz.com)" "www.ysfine.com"
51.175.182.225 - - [01/Feb/2023:13:43:41 -0800] "GET /feynman/feydirac.jpg HTTP/1.1" 200 98378 "https://www.google.com/" "Mozilla/5.0 (Windows NT 10.0; Win64; x64) AppleWebKit/537.36 (KHTML, like Gecko) Chrome/108.0.0.0 Safari/537.36" "ysfine.com"
51.175.182.225 - - [01/Feb/2023:13:43:41 -0800] "GET /feynman/feygell22c.jpg HTTP/1.1" 200 28834 "https://www.google.com/" "Mozilla/5.0 (Windows NT 10.0; Win64; x64) AppleWebKit/537.36 (KHTML, like Gecko) Chrome/108.0.0.0 Safari/537.36" "ysfine.com"
216.244.66.229 - - [01/Feb/2023:13:43:42 -0800] "GET /newyork/nyharbor48.jpg HTTP/1.1" 200 124189 "-" "Mozilla/5.0 (compatible; DotBot/1.2; +https://opensiteexplorer.org/dotbot; help@moz.com)" "www.ysfine.com"
51.175.182.225 - - [01/Feb/2023:13:43:44 -0800] "GET /world/polandp.html HTTP/1.1" 200 5411 "https://www.google.com/" "Mozilla/5.0 (Windows NT 10.0; Win64; x64) AppleWebKit/537.36 (KHTML, like Gecko) Chrome/108.0.0.0 Safari/537.36" "ysfine.com"
51.175.182.225 - - [01/Feb/2023:13:43:44 -0800] "GET /feynman/feydirac270.jpg HTTP/1.1" 200 59000 "https://ysfine.com/world/polandp.html" "Mozilla/5.0 (Windows NT 10.0; Win64; x64) AppleWebKit/537.36 (KHTML, like Gecko) Chrome/108.0.0.0 Safari/537.36" "ysfine.com"
51.175.182.225 - - [01/Feb/2023:13:43:44 -0800] "GET /dirac/dirackn33b.jpg HTTP/1.1" 200 48200 "https://ysfine.com/world/polandp.html" "Mozilla/5.0 (Windows NT 10.0; Win64; x64) AppleWebKit/537.36 (KHTML, like Gecko) Chrome/108.0.0.0 Safari/537.36" "ysfine.com"
51.175.182.225 - - [01/Feb/2023:13:43:44 -0800] "GET /world/poland/jablo01b.jpg HTTP/1.1" 200 39801 "https://ysfine.com/world/polandp.html" "Mozilla/5.0 (Windows NT 10.0; Win64; x64) AppleWebKit/537.36 (KHTML, like Gecko) Chrome/108.0.0.0 Safari/537.36" "ysfine.com"
51.175.182.225 - - [01/Feb/2023:13:43:44 -0800] "GET /dirac/dirackim6202.jpg HTTP/1.1" 200 51465 "https://ysfine.com/world/polandp.html" "Mozilla/5.0 (Windows NT 10.0; Win64; x64) AppleWebKit/537.36 (KHTML, like Gecko) Chrome/108.0.0.0 Safari/537.36" "ysfine.com"
51.175.182.225 - - [01/Feb/2023:13:43:44 -0800] "GET /kobak/nicodem11b.jpg HTTP/1.1" 200 79065 "https://ysfine.com/world/polandp.html" "Mozilla/5.0 (Windows NT 10.0; Win64; x64) AppleWebKit/537.36 (KHTML, like Gecko) Chrome/108.0.0.0 Safari/537.36" "ysfine.com"
51.175.182.225 - - [01/Feb/2023:13:43:44 -0800] "GET /dirac/hyperell2.jpg HTTP/1.1" 200 29858 "https://ysfine.com/world/polandp.html" "Mozilla/5.0 (Windows NT 10.0; Win64; x64) AppleWebKit/537.36 (KHTML, like Gecko) Chrome/108.0.0.0 Safari/537.36" "ysfine.com"
51.175.182.225 - - [01/Feb/2023:13:43:44 -0800] "GET /world/poland/jablo20b.jpg HTTP/1.1" 200 41339 "https://ysfine.com/world/polandp.html" "Mozilla/5.0 (Windows NT 10.0; Win64; x64) AppleWebKit/537.36 (KHTML, like Gecko) Chrome/108.0.0.0 Safari/537.36" "ysfine.com"
51.175.182.225 - - [01/Feb/2023:13:43:44 -0800] "GET /world/poland/jablo19b.jpg HTTP/1.1" 200 49913 "https://ysfine.com/world/polandp.html" "Mozilla/5.0 (Windows NT 10.0; Win64; x64) AppleWebKit/537.36 (KHTML, like Gecko) Chrome/108.0.0.0 Safari/537.36" "ysfine.com"
51.175.182.225 - - [01/Feb/2023:13:43:44 -0800] "GET /dirac/dirackim6201.jpg HTTP/1.1" 200 51283 "https://ysfine.com/world/polandp.html" "Mozilla/5.0 (Windows NT 10.0; Win64; x64) AppleWebKit/537.36 (KHTML, like Gecko) Chrome/108.0.0.0 Safari/537.36" "ysfine.com"
51.175.182.225 - - [01/Feb/2023:13:43:44 -0800] "GET /world/poland/jablo08b.jpg HTTP/1.1" 200 42070 "https://ysfine.com/world/polandp.html" "Mozilla/5.0 (Windows NT 10.0; Win64; x64) AppleWebKit/537.36 (KHTML, like Gecko) Chrome/108.0.0.0 Safari/537.36" "ysfine.com"
51.175.182.225 - - [01/Feb/2023:13:43:44 -0800] "GET /world/poland/jablo62b.jpg HTTP/1.1" 200 33975 "https://ysfine.com/world/polandp.html" "Mozilla/5.0 (Windows NT 10.0; Win64; x64) AppleWebKit/537.36 (KHTML, like Gecko) Chrome/108.0.0.0 Safari/537.36" "ysfine.com"
51.175.182.225 - - [01/Feb/2023:13:43:46 -0800] "GET /feynman/feydirac.jpg HTTP/1.1" 200 98378 "https://ysfine.com/world/polandp.html" "Mozilla/5.0 (Windows NT 10.0; Win64; x64) AppleWebKit/537.36 (KHTML, like Gecko) Chrome/108.0.0.0 Safari/537.36" "ysfine.com"
146.190.121.38 - - [01/Feb/2023:13:44:19 -0800] "GET /wp-includes/ID3/license.txt HTTP/1.1" 404 73 "-" "Mozilla/5.0 (Windows NT 10.0; Win64; x64) AppleWebKit/537.36 (KHTML, like Gecko) Chrome/95.0.4638.69 Safari/537.36" "ysfine.com"
146.190.121.38 - - [01/Feb/2023:13:44:19 -0800] "GET /feed/ HTTP/1.1" 404 73 "-" "Mozilla/5.0 (Windows NT 10.0; Win64; x64) AppleWebKit/537.36 (KHTML, like Gecko) Chrome/95.0.4638.69 Safari/537.36" "ysfine.com"
146.190.121.38 - - [01/Feb/2023:13:44:19 -0800] "GET /xmlrpc.php?rsd HTTP/1.1" 404 73 "-" "Mozilla/5.0 (Windows NT 10.0; Win64; x64) AppleWebKit/537.36 (KHTML, like Gecko) Chrome/95.0.4638.69 Safari/537.36" "ysfine.com"
216.244.66.229 - - [01/Feb/2023:13:44:19 -0800] "GET /princeton/nassinf10.jpg HTTP/1.1" 200 76080 "-" "Mozilla/5.0 (compatible; DotBot/1.2; +https://opensiteexplorer.org/dotbot; help@moz.com)" "www.ysfine.com"
146.190.121.38 - - [01/Feb/2023:13:44:20 -0800] "GET /blog/wp-includes/wlwmanifest.xml HTTP/1.1" 404 73 "-" "Mozilla/5.0 (Windows NT 10.0; Win64; x64) AppleWebKit/537.36 (KHTML, like Gecko) Chrome/95.0.4638.69 Safari/537.36" "ysfine.com"
146.190.121.38 - - [01/Feb/2023:13:44:20 -0800] "GET /web/wp-includes/wlwmanifest.xml HTTP/1.1" 404 73 "-" "Mozilla/5.0 (Windows NT 10.0; Win64; x64) AppleWebKit/537.36 (KHTML, like Gecko) Chrome/95.0.4638.69 Safari/537.36" "ysfine.com"
146.190.121.38 - - [01/Feb/2023:13:44:20 -0800] "GET /wordpress/wp-includes/wlwmanifest.xml HTTP/1.1" 404 73 "-" "Mozilla/5.0 (Windows NT 10.0; Win64; x64) AppleWebKit/537.36 (KHTML, like Gecko) Chrome/95.0.4638.69 Safari/537.36" "ysfine.com"
146.190.121.38 - - [01/Feb/2023:13:44:20 -0800] "GET /wp/wp-includes/wlwmanifest.xml HTTP/1.1" 404 73 "-" "Mozilla/5.0 (Windows NT 10.0; Win64; x64) AppleWebKit/537.36 (KHTML, like Gecko) Chrome/95.0.4638.69 Safari/537.36" "ysfine.com"
146.190.121.38 - - [01/Feb/2023:13:44:21 -0800] "GET /2020/wp-includes/wlwmanifest.xml HTTP/1.1" 404 73 "-" "Mozilla/5.0 (Windows NT 10.0; Win64; x64) AppleWebKit/537.36 (KHTML, like Gecko) Chrome/95.0.4638.69 Safari/537.36" "ysfine.com"
146.190.121.38 - - [01/Feb/2023:13:44:21 -0800] "GET /2019/wp-includes/wlwmanifest.xml HTTP/1.1" 404 73 "-" "Mozilla/5.0 (Windows NT 10.0; Win64; x64) AppleWebKit/537.36 (KHTML, like Gecko) Chrome/95.0.4638.69 Safari/537.36" "ysfine.com"
146.190.121.38 - - [01/Feb/2023:13:44:21 -0800] "GET /2021/wp-includes/wlwmanifest.xml HTTP/1.1" 404 73 "-" "Mozilla/5.0 (Windows NT 10.0; Win64; x64) AppleWebKit/537.36 (KHTML, like Gecko) Chrome/95.0.4638.69 Safari/537.36" "ysfine.com"
146.190.121.38 - - [01/Feb/2023:13:44:22 -0800] "GET /shop/wp-includes/wlwmanifest.xml HTTP/1.1" 404 73 "-" "Mozilla/5.0 (Windows NT 10.0; Win64; x64) AppleWebKit/537.36 (KHTML, like Gecko) Chrome/95.0.4638.69 Safari/537.36" "ysfine.com"
146.190.121.38 - - [01/Feb/2023:13:44:22 -0800] "GET /wp1/wp-includes/wlwmanifest.xml HTTP/1.1" 404 73 "-" "Mozilla/5.0 (Windows NT 10.0; Win64; x64) AppleWebKit/537.36 (KHTML, like Gecko) Chrome/95.0.4638.69 Safari/537.36" "ysfine.com"
146.190.121.38 - - [01/Feb/2023:13:44:22 -0800] "GET /test/wp-includes/wlwmanifest.xml HTTP/1.1" 404 73 "-" "Mozilla/5.0 (Windows NT 10.0; Win64; x64) AppleWebKit/537.36 (KHTML, like Gecko) Chrome/95.0.4638.69 Safari/537.36" "ysfine.com"
146.190.121.38 - - [01/Feb/2023:13:44:22 -0800] "GET /site/wp-includes/wlwmanifest.xml HTTP/1.1" 404 73 "-" "Mozilla/5.0 (Windows NT 10.0; Win64; x64) AppleWebKit/537.36 (KHTML, like Gecko) Chrome/95.0.4638.69 Safari/537.36" "ysfine.com"
146.190.121.38 - - [01/Feb/2023:13:44:23 -0800] "GET /cms/wp-includes/wlwmanifest.xml HTTP/1.1" 404 73 "-" "Mozilla/5.0 (Windows NT 10.0; Win64; x64) AppleWebKit/537.36 (KHTML, like Gecko) Chrome/95.0.4638.69 Safari/537.36" "ysfine.com"
216.244.66.229 - - [01/Feb/2023:13:44:49 -0800] "GET /princeton/rutgers01.jpg HTTP/1.1" 200 147821 "-" "Mozilla/5.0 (compatible; DotBot/1.2; +https://opensiteexplorer.org/dotbot; help@moz.com)" "www.ysfine.com"
216.244.66.229 - - [01/Feb/2023:13:45:28 -0800] "GET /style/musee/ath026.jpg HTTP/1.1" 200 104313 "-" "Mozilla/5.0 (compatible; DotBot/1.2; +https://opensiteexplorer.org/dotbot; help@moz.com)" "www.ysfine.com"
52.167.144.62 - - [01/Feb/2023:13:45:29 -0800] "GET /bio/style/proschanie.html HTTP/1.1" 404 88 "-" "Mozilla/5.0 AppleWebKit/537.36 (KHTML, like Gecko; compatible; bingbot/2.0; +http://www.bing.com/bingbot.htm) Chrome/103.0.5060.134 Safari/537.36" "ysfine.com"
216.244.66.229 - - [01/Feb/2023:13:46:02 -0800] "GET /style/musee/perga01.jpg HTTP/1.1" 200 89709 "-" "Mozilla/5.0 (compatible; DotBot/1.2; +https://opensiteexplorer.org/dotbot; help@moz.com)" "www.ysfine.com"
17.241.75.163 - - [01/Feb/2023:13:46:27 -0800] "GET /yspapers/aipproc2007.pdf HTTP/1.1" 200 224501 "-" "Mozilla/5.0 (Macintosh; Intel Mac OS X 10_15_5) AppleWebKit/605.1.15 (KHTML, like Gecko) Version/13.1.1 Safari/605.1.15 (Applebot/0.1; +http://www.apple.com/go/applebot)" "ysfine.com"
216.244.66.229 - - [01/Feb/2023:13:46:33 -0800] "GET /world/brit/britmu31.jpg HTTP/1.1" 200 79045 "-" "Mozilla/5.0 (compatible; DotBot/1.2; +https://opensiteexplorer.org/dotbot; help@moz.com)" "www.ysfine.com"
52.167.144.86 - - [01/Feb/2023:13:46:41 -0800] "GET /world/france/pariso05.jpg HTTP/1.1" 200 133201 "-" "Mozilla/5.0 AppleWebKit/537.36 (KHTML, like Gecko; compatible; bingbot/2.0; +http://www.bing.com/bingbot.htm) Chrome/103.0.5060.134 Safari/537.36" "www.ysfine.com"
216.244.66.229 - - [01/Feb/2023:13:47:01 -0800] "GET /world/germany/trier14.jpg HTTP/1.1" 200 315898 "-" "Mozilla/5.0 (compatible; DotBot/1.2; +https://opensiteexplorer.org/dotbot; help@moz.com)" "www.ysfine.com"
198.8.72.8 - - [01/Feb/2023:13:47:29 -0800] "GET /world/russ/kazanmap22.jpg HTTP/1.1" 200 129761 "https://images.search.yahoo.com/yhs/search;_ylt=AwrWnjbj3dpjBHgAsAMPxQt.;_ylu=Y29sbwNncTEEcG9zAzEEdnRpZAMEc2VjA3BpdnM-?p=where+is+kazan&type=fc_AC934C13286_s58_g_e_d012223_n9998_c24&param1=7&param2=eJwti8sKgzAQRX9llgoSJ1Fjgtt%2BQbfiItVUQ6IRH1j69R2hzOace%2B%2BMbmib7vngiEKhbLNuIddaK8K7Qi6EKEh6ElESuJWIa8UUqwW7d6ONFJ074WmI5vh1IZi8YgjJ5ZYhXjssB3Bk2AAFsmzgI8sUzLoGe9mXd0deFTUrJCR%2BOuaQQXDewmh7H1Popy3ONueoGd4Hu3mbzf1fflO8OlM%3D&hsimp=yhs-2461&hspart=fc&ei=UTF-8&fr=yhs-fc-2461" "Mozilla/5.0 (Windows NT 10.0; Win64; x64) AppleWebKit/537.36 (KHTML, like Gecko) Chrome/109.0.0.0 Safari/537.36" "ysfine.com"
216.244.66.229 - - [01/Feb/2023:13:47:33 -0800] "GET /world/poland/gdn51.jpg HTTP/1.1" 200 81432 "-" "Mozilla/5.0 (compatible; DotBot/1.2; +https://opensiteexplorer.org/dotbot; help@moz.com)" "www.ysfine.com"
17.241.75.206 - - [01/Feb/2023:13:47:35 -0800] "GET /yspapers/phpr.pdf HTTP/1.1" 200 132409 "-" "Mozilla/5.0 (Macintosh; Intel Mac OS X 10_15_5) AppleWebKit/605.1.15 (KHTML, like Gecko) Version/13.1.1 Safari/605.1.15 (Applebot/0.1; +http://www.apple.com/go/applebot)" "www.ysfine.com"
165.242.97.182 - - [01/Feb/2023:13:47:36 -0800] "GET / HTTP/1.1" 200 5295 "-" "Mozilla/5.0 (Macintosh; Intel Mac OS X 10_15_7) AppleWebKit/605.1.15 (KHTML, like Gecko)" "ysfine.com"
165.242.97.182 - - [01/Feb/2023:13:47:36 -0800] "GET /apple-touch-icon-precomposed.png HTTP/1.1" 404 88 "-" "Safari/15610.1.28.1.9 CFNetwork/1128.0.1 Darwin/19.6.0 (x86_64)" "ysfine.com"
165.242.97.182 - - [01/Feb/2023:13:47:36 -0800] "GET /apple-touch-icon.png HTTP/1.1" 404 88 "-" "Safari/15610.1.28.1.9 CFNetwork/1128.0.1 Darwin/19.6.0 (x86_64)" "ysfine.com"
51.222.253.19 - - [01/Feb/2023:13:47:37 -0800] "GET /class54/class5470/total_data/sub_126.htm HTTP/1.1" 200 3314 "-" "Mozilla/5.0 (compatible; AhrefsBot/7.0; +http://ahrefs.com/robot/)" "www.ysfine.com"
165.242.97.182 - - [01/Feb/2023:13:47:37 -0800] "GET / HTTP/1.1" 200 5295 "-" "Mozilla/5.0 (iPhone; CPU iPhone OS 13_1_3 like Mac OS X) AppleWebKit/605.1.15 (KHTML, like Gecko) Version/13.0.1 Mobile/15E148 Safari/604.1" "ysfine.com"
165.242.97.182 - - [01/Feb/2023:13:47:37 -0800] "GET /apple-touch-icon-precomposed.png HTTP/1.1" 404 88 "-" "Safari/15610.1.28.1.9 CFNetwork/1128.0.1 Darwin/19.6.0 (x86_64)" "ysfine.com"
165.242.97.182 - - [01/Feb/2023:13:47:37 -0800] "GET /apple-touch-icon.png HTTP/1.1" 404 88 "-" "Safari/15610.1.28.1.9 CFNetwork/1128.0.1 Darwin/19.6.0 (x86_64)" "ysfine.com"
51.222.253.20 - - [01/Feb/2023:13:47:38 -0800] "GET /class54/class5470/total_data/img/01_smtitle25.gif HTTP/1.1" 200 619 "-" "Mozilla/5.0 (compatible; AhrefsBot/7.0; +http://ahrefs.com/robot/)" "www.ysfine.com"
72.14.201.207 - - [01/Feb/2023:13:48:01 -0800] "GET / HTTP/1.1" 200 5295 "-" "Mozilla/5.0 (Linux; Android 10; K) AppleWebKit/537.36 (KHTML, like Gecko) Chrome/104.0.0.0 Mobile Safari/537.36" "ysfine.com"
185.191.171.24 - - [01/Feb/2023:13:48:02 -0800] "GET /dirac/diracpol.html HTTP/1.1" 200 3380 "-" "Mozilla/5.0 (compatible; SemrushBot/7~bl; +http://www.semrush.com/bot.html)" "ysfine.com"
40.77.167.192 - - [01/Feb/2023:13:48:56 -0800] "GET /world/russ/roskei11.jpg HTTP/1.1" 200 131848 "-" "Mozilla/5.0 AppleWebKit/537.36 (KHTML, like Gecko; compatible; bingbot/2.0; +http://www.bing.com/bingbot.htm) Chrome/103.0.5060.134 Safari/537.36" "www.ysfine.com"
40.77.167.192 - - [01/Feb/2023:13:49:05 -0800] "GET /usca/pitt/steelm01.jpg HTTP/1.1" 200 74370 "-" "Mozilla/5.0 AppleWebKit/537.36 (KHTML, like Gecko; compatible; bingbot/2.0; +http://www.bing.com/bingbot.htm) Chrome/103.0.5060.134 Safari/537.36" "ysfine.com"
207.46.13.104 - - [01/Feb/2023:13:49:29 -0800] "GET /class54/tallm53f.jpg HTTP/1.1" 200 132309 "-" "Mozilla/5.0 AppleWebKit/537.36 (KHTML, like Gecko; compatible; bingbot/2.0; +http://www.bing.com/bingbot.htm) Chrome/103.0.5060.134 Safari/537.36" "www.ysfine.com"
185.191.171.1 - - [01/Feb/2023:13:49:55 -0800] "GET /einstein/einst06.html HTTP/1.1" 200 1773 "-" "Mozilla/5.0 (compatible; SemrushBot/7~bl; +http://www.semrush.com/bot.html)" "www.ysfine.com"
5.188.210.87 - - [01/Feb/2023:13:50:46 -0800] "GET /world/visas.html HTTP/1.1" 200 7643 "https://www.ysfine.com/world/visas.html" "Mozilla/5.0 (Windows NT 10.0) AppleWebKit/537.36 (KHTML, like Gecko) Chrome/90.0.4430.72 Safari/537.36" "www.ysfine.com"
52.167.144.39 - - [01/Feb/2023:13:50:55 -0800] "GET /bio/kobak/namdae.html HTTP/1.1" 404 88 "-" "Mozilla/5.0 AppleWebKit/537.36 (KHTML, like Gecko; compatible; bingbot/2.0; +http://www.bing.com/bingbot.htm) Chrome/103.0.5060.134 Safari/537.36" "ysfine.com"
77.137.13.202 - - [01/Feb/2023:13:51:12 -0800] "GET /confer/quantum.html HTTP/1.1" 200 2560 "http://ysfine.com/confer/quantum.html" "Mozilla/5.0 (Windows NT 10.0; Win64; x64) AppleWebKit/537.36 (KHTML, like Gecko) Chrome/103.0.0.0 Safari/537.36 OPR/89.0.4447.51" "ysfine.com"
77.137.13.202 - - [01/Feb/2023:13:51:13 -0800] "GET /confer/nyet.html HTTP/1.1" 200 290 "https://ysfine.com/confer/quantum.html" "Mozilla/5.0 (Windows NT 10.0; Win64; x64) AppleWebKit/537.36 (KHTML, like Gecko) Chrome/103.0.0.0 Safari/537.36 OPR/89.0.4447.51" "ysfine.com"
207.46.13.104 - - [01/Feb/2023:13:51:21 -0800] "GET /world/brit/picca44.jpg HTTP/1.1" 200 99186 "-" "Mozilla/5.0 AppleWebKit/537.36 (KHTML, like Gecko; compatible; bingbot/2.0; +http://www.bing.com/bingbot.htm) Chrome/103.0.5060.134 Safari/537.36" "ysfine.com"
40.77.167.192 - - [01/Feb/2023:13:51:36 -0800] "GET /world/germany/tub37.jpg HTTP/1.1" 200 94124 "-" "Mozilla/5.0 AppleWebKit/537.36 (KHTML, like Gecko; compatible; bingbot/2.0; +http://www.bing.com/bingbot.htm) Chrome/103.0.5060.134 Safari/537.36" "ysfine.com"
17.241.227.60 - - [01/Feb/2023:13:51:57 -0800] "GET /dirac/dirosc.pdf HTTP/1.1" 200 41985 "-" "Mozilla/5.0 (Macintosh; Intel Mac OS X 10_15_5) AppleWebKit/605.1.15 (KHTML, like Gecko) Version/13.1.1 Safari/605.1.15 (Applebot/0.1; +http://www.apple.com/go/applebot)" "ysfine.com"
47.132.82.139 - - [01/Feb/2023:13:52:11 -0800] "GET /kowar/tanks/sherman43.jpg HTTP/1.1" 200 78963 "https://www.google.com/" "Mozilla/5.0 (Macintosh; Intel Mac OS X 10_15_7) AppleWebKit/605.1.15 (KHTML, like Gecko) Version/16.2 Safari/605.1.15" "ysfine.com"
52.167.144.86 - - [01/Feb/2023:13:52:42 -0800] "GET /bio/princeton/campus.html HTTP/1.1" 404 88 "-" "Mozilla/5.0 AppleWebKit/537.36 (KHTML, like Gecko; compatible; bingbot/2.0; +http://www.bing.com/bingbot.htm) Chrome/103.0.5060.134 Safari/537.36" "ysfine.com"
51.222.253.4 - - [01/Feb/2023:13:52:47 -0800] "GET /class54/class5470/total_data/sub_121.htm HTTP/1.1" 200 3313 "-" "Mozilla/5.0 (compatible; AhrefsBot/7.0; +http://ahrefs.com/robot/)" "www.ysfine.com"
51.222.253.16 - - [01/Feb/2023:13:52:50 -0800] "GET /class54/class5470/total_data/img/01_smtitle21.gif HTTP/1.1" 200 202 "-" "Mozilla/5.0 (compatible; AhrefsBot/7.0; +http://ahrefs.com/robot/)" "www.ysfine.com"
216.244.66.229 - - [01/Feb/2023:13:53:03 -0800] "GET /class54/class5470/total_data/sub_2111.htm HTTP/1.1" 200 14686 "-" "Mozilla/5.0 (compatible; DotBot/1.2; +https://opensiteexplorer.org/dotbot; help@moz.com)" "www.ysfine.com"
216.244.66.229 - - [01/Feb/2023:13:53:07 -0800] "GET /fbook/chungilk03.jpg HTTP/1.1" 200 277064 "-" "Mozilla/5.0 (compatible; DotBot/1.2; +https://opensiteexplorer.org/dotbot; help@moz.com)" "www.ysfine.com"
216.244.66.229 - - [01/Feb/2023:13:53:35 -0800] "GET /houses/house34.jpg HTTP/1.1" 200 62289 "-" "Mozilla/5.0 (compatible; DotBot/1.2; +https://opensiteexplorer.org/dotbot; help@moz.com)" "www.ysfine.com"
216.244.66.229 - - [01/Feb/2023:13:53:42 -0800] "GET /kobak/underw81.jpg HTTP/1.1" 200 260820 "-" "Mozilla/5.0 (compatible; DotBot/1.2; +https://opensiteexplorer.org/dotbot; help@moz.com)" "www.ysfine.com"
216.244.66.229 - - [01/Feb/2023:13:54:16 -0800] "GET /newyork/greenw10.jpg HTTP/1.1" 200 162349 "-" "Mozilla/5.0 (compatible; DotBot/1.2; +https://opensiteexplorer.org/dotbot; help@moz.com)" "www.ysfine.com"
207.46.13.64 - - [01/Feb/2023:13:54:26 -0800] "GET /world/baltic/rigaeisen04b.jpg HTTP/1.1" 200 27149 "-" "Mozilla/5.0 AppleWebKit/537.36 (KHTML, like Gecko; compatible; bingbot/2.0; +http://www.bing.com/bingbot.htm) Chrome/103.0.5060.134 Safari/537.36" "www.ysfine.com"
216.244.66.229 - - [01/Feb/2023:13:55:00 -0800] "GET /newyork/madis04.jpg HTTP/1.1" 200 237977 "-" "Mozilla/5.0 (compatible; DotBot/1.2; +https://opensiteexplorer.org/dotbot; help@moz.com)" "www.ysfine.com"
87.250.224.47 - - [01/Feb/2023:13:55:01 -0800] "GET /robots.txt HTTP/1.1" 404 73 "-" "Mozilla/5.0 (compatible; YandexBot/3.0; +http://yandex.com/bots)" "www.ysfine.com"
52.167.144.56 - - [01/Feb/2023:13:55:16 -0800] "GET /robots.txt HTTP/1.1" 404 88 "-" "Mozilla/5.0 AppleWebKit/537.36 (KHTML, like Gecko; compatible; bingbot/2.0; +http://www.bing.com/bingbot.htm) Chrome/103.0.5060.134 Safari/537.36" "ysfine.com"
207.46.13.104 - - [01/Feb/2023:13:55:37 -0800] "GET /bio/sbk/1950.html HTTP/1.1" 404 88 "-" "Mozilla/5.0 AppleWebKit/537.36 (KHTML, like Gecko; compatible; bingbot/2.0; +http://www.bing.com/bingbot.htm) Chrome/103.0.5060.134 Safari/537.36" "ysfine.com"
216.244.66.229 - - [01/Feb/2023:13:55:50 -0800] "GET /newyork/wtc16.jpg HTTP/1.1" 200 211645 "-" "Mozilla/5.0 (compatible; DotBot/1.2; +https://opensiteexplorer.org/dotbot; help@moz.com)" "www.ysfine.com"
216.244.66.229 - - [01/Feb/2023:13:56:41 -0800] "GET /people/wheegris.jpg HTTP/1.1" 200 85620 "-" "Mozilla/5.0 (compatible; DotBot/1.2; +https://opensiteexplorer.org/dotbot; help@moz.com)" "www.ysfine.com"
52.167.144.39 - - [01/Feb/2023:13:57:13 -0800] "GET /world/poland/gdn86b.jpg HTTP/1.1" 200 45464 "-" "Mozilla/5.0 AppleWebKit/537.36 (KHTML, like Gecko; compatible; bingbot/2.0; +http://www.bing.com/bingbot.htm) Chrome/103.0.5060.134 Safari/537.36" "ysfine.com"
216.244.66.229 - - [01/Feb/2023:13:57:32 -0800] "GET /princeton/bdinner11.jpg HTTP/1.1" 200 97933 "-" "Mozilla/5.0 (compatible; DotBot/1.2; +https://opensiteexplorer.org/dotbot; help@moz.com)" "www.ysfine.com"
51.222.253.15 - - [01/Feb/2023:13:57:42 -0800] "GET /class54/class5470/total_data/sub_124.htm HTTP/1.1" 200 3309 "-" "Mozilla/5.0 (compatible; AhrefsBot/7.0; +http://ahrefs.com/robot/)" "www.ysfine.com"
51.222.253.17 - - [01/Feb/2023:13:57:43 -0800] "GET /class54/class5470/total_data/img/01_smtitle24.gif HTTP/1.1" 200 1063 "-" "Mozilla/5.0 (compatible; AhrefsBot/7.0; +http://ahrefs.com/robot/)" "www.ysfine.com"
77.137.13.202 - - [01/Feb/2023:13:57:47 -0800] "GET /world/florence.html HTTP/1.1" 200 9706 "-" "Mozilla/5.0 (Windows NT 10.0; Win64; x64) AppleWebKit/537.36 (KHTML, like Gecko) Chrome/103.0.0.0 Safari/537.36 OPR/89.0.4447.51" "www.ysfine.com"
77.137.13.202 - - [01/Feb/2023:13:57:52 -0800] "GET /world/venice.html HTTP/1.1" 200 8457 "https://www.ysfine.com/world/florence.html" "Mozilla/5.0 (Windows NT 10.0; Win64; x64) AppleWebKit/537.36 (KHTML, like Gecko) Chrome/103.0.0.0 Safari/537.36 OPR/89.0.4447.51" "www.ysfine.com"
77.137.13.202 - - [01/Feb/2023:13:57:57 -0800] "GET /maga/galileo.html HTTP/1.1" 200 4725 "https://www.ysfine.com/world/florence.html" "Mozilla/5.0 (Windows NT 10.0; Win64; x64) AppleWebKit/537.36 (KHTML, like Gecko) Chrome/103.0.0.0 Safari/537.36 OPR/89.0.4447.51" "www.ysfine.com"
77.137.13.202 - - [01/Feb/2023:13:57:58 -0800] "GET /world/veneto.html HTTP/1.1" 200 6676 "https://www.ysfine.com/world/florence.html" "Mozilla/5.0 (Windows NT 10.0; Win64; x64) AppleWebKit/537.36 (KHTML, like Gecko) Chrome/103.0.0.0 Safari/537.36 OPR/89.0.4447.51" "www.ysfine.com"
77.137.13.202 - - [01/Feb/2023:13:58:01 -0800] "GET /world/ital/uffizi02.html HTTP/1.1" 200 401 "https://www.ysfine.com/world/florence.html" "Mozilla/5.0 (Windows NT 10.0; Win64; x64) AppleWebKit/537.36 (KHTML, like Gecko) Chrome/103.0.0.0 Safari/537.36 OPR/89.0.4447.51" "www.ysfine.com"
77.137.13.202 - - [01/Feb/2023:13:58:02 -0800] "GET /world/bologna.html HTTP/1.1" 200 6357 "https://www.ysfine.com/world/florence.html" "Mozilla/5.0 (Windows NT 10.0; Win64; x64) AppleWebKit/537.36 (KHTML, like Gecko) Chrome/103.0.0.0 Safari/537.36 OPR/89.0.4447.51" "www.ysfine.com"
52.167.144.56 - - [01/Feb/2023:13:58:03 -0800] "GET /robots.txt HTTP/1.1" 404 88 "-" "Mozilla/5.0 AppleWebKit/537.36 (KHTML, like Gecko; compatible; bingbot/2.0; +http://www.bing.com/bingbot.htm) Chrome/103.0.5060.134 Safari/537.36" "ysfine.com"
44.212.53.114 - - [01/Feb/2023:13:58:04 -0800] "GET /sitemap.xml HTTP/1.1" 304 - "https://www.google.com/" "Mozilla/5.0 (Macintosh; Intel Mac OS X 10_15_3) AppleWebKit/537.36 (KHTML, like Gecko) Chrome/80.0.3987.122 Safari/537.36" "www.ysfine.com"
77.137.13.202 - - [01/Feb/2023:13:58:06 -0800] "GET /dirac/dirackim62.html HTTP/1.1" 200 2970 "https://www.ysfine.com/world/florence.html" "Mozilla/5.0 (Windows NT 10.0; Win64; x64) AppleWebKit/537.36 (KHTML, like Gecko) Chrome/103.0.0.0 Safari/537.36 OPR/89.0.4447.51" "www.ysfine.com"
77.137.13.202 - - [01/Feb/2023:13:58:07 -0800] "GET /world/florence.html HTTP/1.1" 200 9706 "https://www.ysfine.com/world/florence.html" "Mozilla/5.0 (Windows NT 10.0; Win64; x64) AppleWebKit/537.36 (KHTML, like Gecko) Chrome/103.0.0.0 Safari/537.36 OPR/89.0.4447.51" "www.ysfine.com"
77.137.13.202 - - [01/Feb/2023:13:58:11 -0800] "GET /style/physmusic.html HTTP/1.1" 404 88 "https://www.ysfine.com/world/florence.html" "Mozilla/5.0 (Windows NT 10.0; Win64; x64) AppleWebKit/537.36 (KHTML, like Gecko) Chrome/103.0.0.0 Safari/537.36 OPR/89.0.4447.51" "www.ysfine.com"
77.137.13.202 - - [01/Feb/2023:13:58:12 -0800] "GET /world/roma.html HTTP/1.1" 200 13994 "https://www.ysfine.com/world/florence.html" "Mozilla/5.0 (Windows NT 10.0; Win64; x64) AppleWebKit/537.36 (KHTML, like Gecko) Chrome/103.0.0.0 Safari/537.36 OPR/89.0.4447.51" "www.ysfine.com"
216.244.66.229 - - [01/Feb/2023:13:58:13 -0800] "GET /remote/wigner111/frame60.html HTTP/1.1" 200 1217 "-" "Mozilla/5.0 (compatible; DotBot/1.2; +https://opensiteexplorer.org/dotbot; help@moz.com)" "www.ysfine.com"
87.250.224.2 - - [01/Feb/2023:13:58:14 -0800] "GET /robots.txt HTTP/1.1" 404 73 "-" "Mozilla/5.0 (compatible; YandexBot/3.0; +http://yandex.com/bots)" "www.ysfine.com"
77.137.13.202 - - [01/Feb/2023:13:58:15 -0800] "GET /maga/sartre.html HTTP/1.1" 200 7719 "https://www.ysfine.com/world/florence.html" "Mozilla/5.0 (Windows NT 10.0; Win64; x64) AppleWebKit/537.36 (KHTML, like Gecko) Chrome/103.0.0.0 Safari/537.36 OPR/89.0.4447.51" "www.ysfine.com"
77.137.13.202 - - [01/Feb/2023:13:58:18 -0800] "GET /maga/marxphil.html HTTP/1.1" 404 88 "https://www.ysfine.com/world/florence.html" "Mozilla/5.0 (Windows NT 10.0; Win64; x64) AppleWebKit/537.36 (KHTML, like Gecko) Chrome/103.0.0.0 Safari/537.36 OPR/89.0.4447.51" "www.ysfine.com"
77.137.13.202 - - [01/Feb/2023:13:58:19 -0800] "GET /style/webart.html HTTP/1.1" 404 88 "https://www.ysfine.com/world/florence.html" "Mozilla/5.0 (Windows NT 10.0; Win64; x64) AppleWebKit/537.36 (KHTML, like Gecko) Chrome/103.0.0.0 Safari/537.36 OPR/89.0.4447.51" "www.ysfine.com"
77.137.13.202 - - [01/Feb/2023:13:58:20 -0800] "GET /princeton/sbt.html HTTP/1.1" 200 529 "https://www.ysfine.com/world/florence.html" "Mozilla/5.0 (Windows NT 10.0; Win64; x64) AppleWebKit/537.36 (KHTML, like Gecko) Chrome/103.0.0.0 Safari/537.36 OPR/89.0.4447.51" "www.ysfine.com"
77.137.13.202 - - [01/Feb/2023:13:58:20 -0800] "GET /maga/herod.html HTTP/1.1" 200 4341 "https://www.ysfine.com/world/florence.html" "Mozilla/5.0 (Windows NT 10.0; Win64; x64) AppleWebKit/537.36 (KHTML, like Gecko) Chrome/103.0.0.0 Safari/537.36 OPR/89.0.4447.51" "www.ysfine.com"
77.137.13.202 - - [01/Feb/2023:13:58:24 -0800] "GET /people/sbt.html HTTP/1.1" 200 529 "https://www.ysfine.com/world/florence.html" "Mozilla/5.0 (Windows NT 10.0; Win64; x64) AppleWebKit/537.36 (KHTML, like Gecko) Chrome/103.0.0.0 Safari/537.36 OPR/89.0.4447.51" "www.ysfine.com"
216.244.66.229 - - [01/Feb/2023:13:58:42 -0800] "GET /sbk/2007verein.jpg HTTP/1.1" 200 114552 "-" "Mozilla/5.0 (compatible; DotBot/1.2; +https://opensiteexplorer.org/dotbot; help@moz.com)" "www.ysfine.com"
207.46.13.104 - - [01/Feb/2023:13:59:14 -0800] "GET /bio/style/artlove.html HTTP/1.1" 404 88 "-" "Mozilla/5.0 AppleWebKit/537.36 (KHTML, like Gecko; compatible; bingbot/2.0; +http://www.bing.com/bingbot.htm) Chrome/103.0.5060.134 Safari/537.36" "ysfine.com"
52.167.144.86 - - [01/Feb/2023:13:59:22 -0800] "GET /ysbio/kobak/kostu01.jpg HTTP/1.1" 404 88 "-" "Mozilla/5.0 AppleWebKit/537.36 (KHTML, like Gecko; compatible; bingbot/2.0; +http://www.bing.com/bingbot.htm) Chrome/103.0.5060.134 Safari/537.36" "ysfine.com"
216.244.66.229 - - [01/Feb/2023:13:59:32 -0800] "GET /sbk/2008amster.jpg HTTP/1.1" 200 132404 "-" "Mozilla/5.0 (compatible; DotBot/1.2; +https://opensiteexplorer.org/dotbot; help@moz.com)" "www.ysfine.com"
52.167.144.39 - - [01/Feb/2023:13:59:59 -0800] "GET /einstein/jsbell01b.jpg HTTP/1.1" 200 33090 "-" "Mozilla/5.0 AppleWebKit/537.36 (KHTML, like Gecko; compatible; bingbot/2.0; +http://www.bing.com/bingbot.htm) Chrome/103.0.5060.134 Safari/537.36" "ysfine.com"
66.249.64.172 - - [01/Feb/2023:14:00:04 -0800] "GET /feynman/articles/aipproc2011.pdf HTTP/1.1" 404 88 "-" "Mozilla/5.0 (Windows NT 10.0; Win64; x64)AppleWebKit/537.36 (KHTML, like Gecko) Chrome/91.0.4472.101 Safari/537.36 (compatible; GoogleOther)" "www.ysfine.com"
216.244.66.229 - - [01/Feb/2023:14:00:23 -0800] "GET /wdc/obama15.jpg HTTP/1.1" 200 122358 "-" "Mozilla/5.0 (compatible; DotBot/1.2; +https://opensiteexplorer.org/dotbot; help@moz.com)" "www.ysfine.com"
52.167.144.62 - - [01/Feb/2023:14:00:49 -0800] "GET /wigner/neum/ymath.jpg HTTP/1.1" 200 64930 "-" "Mozilla/5.0 AppleWebKit/537.36 (KHTML, like Gecko; compatible; bingbot/2.0; +http://www.bing.com/bingbot.htm) Chrome/103.0.5060.134 Safari/537.36" "ysfine.com"
207.46.13.104 - - [01/Feb/2023:14:01:11 -0800] "GET /kobak/rhee48.jpg HTTP/1.1" 200 340529 "-" "Mozilla/5.0 AppleWebKit/537.36 (KHTML, like Gecko; compatible; bingbot/2.0; +http://www.bing.com/bingbot.htm) Chrome/103.0.5060.134 Safari/537.36" "ysfine.com"
185.191.171.22 - - [01/Feb/2023:14:01:38 -0800] "GET /robots.txt HTTP/1.1" 404 88 "-" "Mozilla/5.0 (compatible; SemrushBot/7~bl; +http://www.semrush.com/bot.html)" "ysfine.com"
185.191.171.7 - - [01/Feb/2023:14:01:39 -0800] "GET /confer/applied.html HTTP/1.1" 200 3735 "-" "Mozilla/5.0 (compatible; SemrushBot/7~bl; +http://www.semrush.com/bot.html)" "ysfine.com"
40.77.167.192 - - [01/Feb/2023:14:01:58 -0800] "GET /bio/kobak/soraech.html HTTP/1.1" 404 88 "-" "Mozilla/5.0 AppleWebKit/537.36 (KHTML, like Gecko; compatible; bingbot/2.0; +http://www.bing.com/bingbot.htm) Chrome/103.0.5060.134 Safari/537.36" "ysfine.com"
51.222.253.17 - - [01/Feb/2023:14:02:40 -0800] "GET /class54/class5470/total_data/sub_125.htm HTTP/1.1" 200 3314 "-" "Mozilla/5.0 (compatible; AhrefsBot/7.0; +http://ahrefs.com/robot/)" "www.ysfine.com"
72.14.201.201 - - [01/Feb/2023:14:03:08 -0800] "GET / HTTP/1.1" 200 5295 "-" "Mozilla/5.0 (Linux; Android 10; K) AppleWebKit/537.36 (KHTML, like Gecko) Chrome/104.0.0.0 Mobile Safari/537.36" "ysfine.com"
185.191.171.16 - - [01/Feb/2023:14:03:19 -0800] "GET /robots.txt HTTP/1.1" 404 88 "-" "Mozilla/5.0 (compatible; SemrushBot/7~bl; +http://www.semrush.com/bot.html)" "www.ysfine.com"
185.191.171.26 - - [01/Feb/2023:14:03:20 -0800] "GET /dirac/chaucer.html HTTP/1.1" 200 2700 "-" "Mozilla/5.0 (compatible; SemrushBot/7~bl; +http://www.semrush.com/bot.html)" "www.ysfine.com"
107.207.3.202 - - [01/Feb/2023:14:03:55 -0800] "GET /kowar/tanks/tank05.jpg HTTP/1.1" 200 222063 "https://www.google.com/" "Mozilla/5.0 (Windows NT 10.0; Win64; x64) AppleWebKit/537.36 (KHTML, like Gecko) Chrome/109.0.0.0 Safari/537.36 Edg/109.0.1518.70" "ysfine.com"
185.191.171.33 - - [01/Feb/2023:14:03:59 -0800] "GET /world/kazan.html HTTP/1.1" 200 13929 "-" "Mozilla/5.0 (compatible; SemrushBot/7~bl; +http://www.semrush.com/bot.html)" "ysfine.com"
107.207.3.202 - - [01/Feb/2023:14:04:07 -0800] "GET /kowar/tanks/tank03b.jpg HTTP/1.1" 200 42892 "https://www.google.com/" "Mozilla/5.0 (Windows NT 10.0; Win64; x64) AppleWebKit/537.36 (KHTML, like Gecko) Chrome/109.0.0.0 Safari/537.36 Edg/109.0.1518.70" "ysfine.com"
207.46.13.104 - - [01/Feb/2023:14:05:00 -0800] "GET /world/scandi/sto003.jpg HTTP/1.1" 200 68598 "-" "Mozilla/5.0 AppleWebKit/537.36 (KHTML, like Gecko; compatible; bingbot/2.0; +http://www.bing.com/bingbot.htm) Chrome/103.0.5060.134 Safari/537.36" "ysfine.com"
207.46.13.104 - - [01/Feb/2023:14:07:02 -0800] "GET /bio/kobak/yskor.html HTTP/1.1" 404 88 "-" "Mozilla/5.0 AppleWebKit/537.36 (KHTML, like Gecko; compatible; bingbot/2.0; +http://www.bing.com/bingbot.htm) Chrome/103.0.5060.134 Safari/537.36" "ysfine.com"
87.250.224.50 - - [01/Feb/2023:14:07:08 -0800] "GET /maga/chaucer.html HTTP/1.1" 404 88 "-" "Mozilla/5.0 (compatible; YandexBot/3.0; +http://yandex.com/bots) AppleWebKit/537.36 (KHTML, like Gecko) Chrome/81.0.4044.268" "www.ysfine.com"
72.14.201.54 - - [01/Feb/2023:14:07:12 -0800] "GET /dirac/wigsis.html HTTP/1.1" 200 10275 "-" "Mozilla/5.0 (Linux; Android 10; K) AppleWebKit/537.36 (KHTML, like Gecko) Chrome/109.0.0.0 Mobile Safari/537.36" "ysfine.com"
51.222.253.5 - - [01/Feb/2023:14:07:13 -0800] "GET /class54/class5470/total_data/sub_128.htm HTTP/1.1" 200 3312 "-" "Mozilla/5.0 (compatible; AhrefsBot/7.0; +http://ahrefs.com/robot/)" "www.ysfine.com"
185.191.171.4 - - [01/Feb/2023:14:07:41 -0800] "GET /home/yshome.html HTTP/1.1" 200 5634 "-" "Mozilla/5.0 (compatible; SemrushBot/7~bl; +http://www.semrush.com/bot.html)" "www.ysfine.com"
190.131.227.225 - - [01/Feb/2023:14:08:17 -0800] "GET /maga/invent/popov03.jpg HTTP/1.1" 200 85311 "https://www.google.com/" "Mozilla/5.0 (Windows NT 10.0; Win64; x64) AppleWebKit/537.36 (KHTML, like Gecko) Chrome/109.0.0.0 Safari/537.36" "ysfine.com"
216.244.66.229 - - [01/Feb/2023:14:09:04 -0800] "GET /class54/class5470/total_data/sub_336.htm HTTP/1.1" 200 13678 "-" "Mozilla/5.0 (compatible; DotBot/1.2; +https://opensiteexplorer.org/dotbot; help@moz.com)" "www.ysfine.com"
216.244.66.229 - - [01/Feb/2023:14:09:06 -0800] "GET /class54/class5470/total_data/sub_752.htm HTTP/1.1" 200 13448 "-" "Mozilla/5.0 (compatible; DotBot/1.2; +https://opensiteexplorer.org/dotbot; help@moz.com)" "www.ysfine.com"
216.244.66.229 - - [01/Feb/2023:14:09:09 -0800] "GET /ffriends/pollon02.jpg HTTP/1.1" 200 100441 "-" "Mozilla/5.0 (compatible; DotBot/1.2; +https://opensiteexplorer.org/dotbot; help@moz.com)" "www.ysfine.com"
216.244.66.229 - - [01/Feb/2023:14:09:43 -0800] "GET /newyork/colum07.jpg HTTP/1.1" 200 117356 "-" "Mozilla/5.0 (compatible; DotBot/1.2; +https://opensiteexplorer.org/dotbot; help@moz.com)" "www.ysfine.com"
207.46.13.104 - - [01/Feb/2023:14:09:51 -0800] "GET /home/foto22/comet40d.jpg HTTP/1.1" 200 54378 "-" "Mozilla/5.0 AppleWebKit/537.36 (KHTML, like Gecko; compatible; bingbot/2.0; +http://www.bing.com/bingbot.htm) Chrome/103.0.5060.134 Safari/537.36" "ysfine.com"
216.244.66.229 - - [01/Feb/2023:14:10:34 -0800] "GET /sbk/1985vassar33.jpg HTTP/1.1" 200 261304 "-" "Mozilla/5.0 (compatible; DotBot/1.2; +https://opensiteexplorer.org/dotbot; help@moz.com)" "www.ysfine.com"
52.167.144.86 - - [01/Feb/2023:14:10:56 -0800] "GET /bio/wigner/e(2).html HTTP/1.1" 404 88 "-" "Mozilla/5.0 AppleWebKit/537.36 (KHTML, like Gecko; compatible; bingbot/2.0; +http://www.bing.com/bingbot.htm) Chrome/103.0.5060.134 Safari/537.36" "ysfine.com"
40.77.167.192 - - [01/Feb/2023:14:11:02 -0800] "GET /bio.html HTTP/1.1" 200 18260 "-" "Mozilla/5.0 AppleWebKit/537.36 (KHTML, like Gecko; compatible; bingbot/2.0; +http://www.bing.com/bingbot.htm) Chrome/103.0.5060.134 Safari/537.36" "ysfine.com"
216.244.66.229 - - [01/Feb/2023:14:11:24 -0800] "GET /wigner/second2.jpg HTTP/1.1" 200 64603 "-" "Mozilla/5.0 (compatible; DotBot/1.2; +https://opensiteexplorer.org/dotbot; help@moz.com)" "www.ysfine.com"
216.244.66.229 - - [01/Feb/2023:14:11:57 -0800] "GET /world/baltic/kalin31b.jpg HTTP/1.1" 200 56139 "-" "Mozilla/5.0 (compatible; DotBot/1.2; +https://opensiteexplorer.org/dotbot; help@moz.com)" "www.ysfine.com"
216.244.66.229 - - [01/Feb/2023:14:12:30 -0800] "GET /world/baltic/kalin36b.jpg HTTP/1.1" 200 29962 "-" "Mozilla/5.0 (compatible; DotBot/1.2; +https://opensiteexplorer.org/dotbot; help@moz.com)" "www.ysfine.com"
52.167.144.62 - - [01/Feb/2023:14:12:32 -0800] "GET /princeton/wightman02.jpg HTTP/1.1" 200 101151 "-" "Mozilla/5.0 AppleWebKit/537.36 (KHTML, like Gecko; compatible; bingbot/2.0; +http://www.bing.com/bingbot.htm) Chrome/103.0.5060.134 Safari/537.36" "ysfine.com"
216.244.66.229 - - [01/Feb/2023:14:12:59 -0800] "GET /world/baltic/tallin01c.jpg HTTP/1.1" 200 27110 "-" "Mozilla/5.0 (compatible; DotBot/1.2; +https://opensiteexplorer.org/dotbot; help@moz.com)" "www.ysfine.com"
216.244.66.229 - - [01/Feb/2023:14:13:26 -0800] "GET /world/ital/bologu20.jpg HTTP/1.1" 200 112628 "-" "Mozilla/5.0 (compatible; DotBot/1.2; +https://opensiteexplorer.org/dotbot; help@moz.com)" "www.ysfine.com"
35.163.9.98 - - [01/Feb/2023:14:13:59 -0800] "GET /dirac/lorendir.html HTTP/1.1" 200 5645 "-" "Mozilla/5.0 (Windows NT 10.0; Win64; x64) AppleWebKit/537.36 (KHTML, like Gecko) Chrome/105.0.0.0 Safari/537.36" "ysfine.com"
216.244.66.229 - - [01/Feb/2023:14:14:04 -0800] "GET /world/ital/flor06.jpg HTTP/1.1" 200 128394 "-" "Mozilla/5.0 (compatible; DotBot/1.2; +https://opensiteexplorer.org/dotbot; help@moz.com)" "www.ysfine.com"
71.178.208.102 - - [01/Feb/2023:14:14:29 -0800] "GET /ys11/ HTTP/1.1" 304 - "-" "Mozilla/5.0 (Windows NT 10.0; Win64; x64) AppleWebKit/537.36 (KHTML, like Gecko) Chrome/109.0.5414.75 Safari/537.36" "ysfine.com"
52.167.144.86 - - [01/Feb/2023:14:14:34 -0800] "GET /world/latina/rio025b.jpg HTTP/1.1" 200 39082 "-" "Mozilla/5.0 AppleWebKit/537.36 (KHTML, like Gecko; compatible; bingbot/2.0; +http://www.bing.com/bingbot.htm) Chrome/103.0.5060.134 Safari/537.36" "ysfine.com"
216.244.66.229 - - [01/Feb/2023:14:14:41 -0800] "GET /world/ital/genoa12b.jpg HTTP/1.1" 200 31329 "-" "Mozilla/5.0 (compatible; DotBot/1.2; +https://opensiteexplorer.org/dotbot; help@moz.com)" "www.ysfine.com"
51.222.253.20 - - [01/Feb/2023:14:14:58 -0800] "GET /class54/class5470/total_data/sub_127.htm HTTP/1.1" 200 3312 "-" "Mozilla/5.0 (compatible; AhrefsBot/7.0; +http://ahrefs.com/robot/)" "www.ysfine.com"
51.222.253.20 - - [01/Feb/2023:14:14:59 -0800] "GET /class54/class5470/total_data/photo_img/1-27.jpg HTTP/1.1" 200 205825 "-" "Mozilla/5.0 (compatible; AhrefsBot/7.0; +http://ahrefs.com/robot/)" "www.ysfine.com"
52.167.144.39 - - [01/Feb/2023:14:15:13 -0800] "GET /world/china/nanjing07.jpg HTTP/1.1" 200 123416 "-" "Mozilla/5.0 AppleWebKit/537.36 (KHTML, like Gecko; compatible; bingbot/2.0; +http://www.bing.com/bingbot.htm) Chrome/103.0.5060.134 Safari/537.36" "www.ysfine.com"
207.46.13.104 - - [01/Feb/2023:14:16:54 -0800] "GET /world/baltic/kalin36b.jpg HTTP/1.1" 200 29962 "-" "Mozilla/5.0 AppleWebKit/537.36 (KHTML, like Gecko; compatible; bingbot/2.0; +http://www.bing.com/bingbot.htm) Chrome/103.0.5060.134 Safari/537.36" "www.ysfine.com"
185.191.171.14 - - [01/Feb/2023:14:16:58 -0800] "GET /maga/aquinas.html HTTP/1.1" 200 3433 "-" "Mozilla/5.0 (compatible; SemrushBot/7~bl; +http://www.semrush.com/bot.html)" "www.ysfine.com"
52.167.144.86 - - [01/Feb/2023:14:17:35 -0800] "GET /people/redgreen.jpg HTTP/1.1" 200 128354 "-" "Mozilla/5.0 AppleWebKit/537.36 (KHTML, like Gecko; compatible; bingbot/2.0; +http://www.bing.com/bingbot.htm) Chrome/103.0.5060.134 Safari/537.36" "www.ysfine.com"
66.249.70.3 - - [01/Feb/2023:14:18:31 -0800] "GET /robots.txt HTTP/1.1" 404 88 "-" "Mozilla/5.0 (compatible; Googlebot/2.1; +http://www.google.com/bot.html)" "ysfine.com"
51.222.253.14 - - [01/Feb/2023:14:19:15 -0800] "GET /class54/class5470/total_data/sub_129.htm HTTP/1.1" 200 3312 "-" "Mozilla/5.0 (compatible; AhrefsBot/7.0; +http://ahrefs.com/robot/)" "www.ysfine.com"
51.222.253.10 - - [01/Feb/2023:14:19:23 -0800] "GET /class54/class5470/total_data/img/01_smtitle29.gif HTTP/1.1" 200 797 "-" "Mozilla/5.0 (compatible; AhrefsBot/7.0; +http://ahrefs.com/robot/)" "www.ysfine.com"
66.249.70.30 - - [01/Feb/2023:14:19:40 -0800] "GET /ads.txt HTTP/1.1" 404 88 "-" "Google-adstxt" "ysfine.com"
40.77.167.192 - - [01/Feb/2023:14:20:09 -0800] "GET /style/musee/ath000b.jpg HTTP/1.1" 200 46554 "-" "Mozilla/5.0 AppleWebKit/537.36 (KHTML, like Gecko; compatible; bingbot/2.0; +http://www.bing.com/bingbot.htm) Chrome/103.0.5060.134 Safari/537.36" "ysfine.com"
185.191.171.4 - - [01/Feb/2023:14:20:11 -0800] "GET /ffriends/italian.html HTTP/1.1" 200 8442 "-" "Mozilla/5.0 (compatible; SemrushBot/7~bl; +http://www.semrush.com/bot.html)" "ysfine.com"
52.167.144.62 - - [01/Feb/2023:14:21:32 -0800] "GET /dirac/dirk62.html HTTP/1.1" 200 3949 "-" "Mozilla/5.0 AppleWebKit/537.36 (KHTML, like Gecko; compatible; bingbot/2.0; +http://www.bing.com/bingbot.htm) Chrome/103.0.5060.134 Safari/537.36" "www.ysfine.com"
144.202.25.134 - - [01/Feb/2023:14:21:36 -0800] "GET /world/tdrome.html HTTP/1.1" 200 5611 "-" "Mozilla" "ysfine.com"
144.202.25.134 - - [01/Feb/2023:14:21:38 -0800] "GET /world/tdrome.html HTTP/1.1" 200 5611 "-" "Mozilla" "ysfine.com"
52.167.144.86 - - [01/Feb/2023:14:22:15 -0800] "GET /world/russ/promotion.html HTTP/1.1" 200 438 "-" "Mozilla/5.0 AppleWebKit/537.36 (KHTML, like Gecko; compatible; bingbot/2.0; +http://www.bing.com/bingbot.htm) Chrome/103.0.5060.134 Safari/537.36" "ysfine.com"
52.167.144.62 - - [01/Feb/2023:14:22:42 -0800] "GET /eink/evol77a.jpg HTTP/1.1" 200 87188 "-" "Mozilla/5.0 AppleWebKit/537.36 (KHTML, like Gecko; compatible; bingbot/2.0; +http://www.bing.com/bingbot.htm) Chrome/103.0.5060.134 Safari/537.36" "ysfine.com"
40.77.167.192 - - [01/Feb/2023:14:22:46 -0800] "GET /bio/eink/buythisbook.html HTTP/1.1" 404 88 "-" "Mozilla/5.0 AppleWebKit/537.36 (KHTML, like Gecko; compatible; bingbot/2.0; +http://www.bing.com/bingbot.htm) Chrome/103.0.5060.134 Safari/537.36" "ysfine.com"
95.163.255.61 - - [01/Feb/2023:14:23:04 -0800] "GET /robots.txt HTTP/1.1" 404 73 "-" "Mozilla/5.0 (compatible; Linux x86_64; Mail.RU_Bot/Img/2.0; +https://help.mail.ru/webmaster/indexing/robots)" "www.ysfine.com"
51.222.253.20 - - [01/Feb/2023:14:23:16 -0800] "GET /class54/class5470/total_data/sub_132.htm HTTP/1.1" 200 3307 "-" "Mozilla/5.0 (compatible; AhrefsBot/7.0; +http://ahrefs.com/robot/)" "www.ysfine.com"
207.46.13.64 - - [01/Feb/2023:14:23:58 -0800] "GET /style/musee/beijing055.jpg HTTP/1.1" 200 77577 "-" "Mozilla/5.0 AppleWebKit/537.36 (KHTML, like Gecko; compatible; bingbot/2.0; +http://www.bing.com/bingbot.htm) Chrome/103.0.5060.134 Safari/537.36" "ysfine.com"
216.244.66.229 - - [01/Feb/2023:14:24:04 -0800] "GET /robots.txt HTTP/1.1" 404 73 "-" "Mozilla/5.0 (compatible; DotBot/1.2; +https://opensiteexplorer.org/dotbot; help@moz.com)" "www.ysfine.com"
95.163.255.71 - - [01/Feb/2023:14:25:04 -0800] "GET /class54/proko11.jpg HTTP/1.1" 200 199864 "http://go.mail.ru/search_images" "Mozilla/5.0 (compatible; Linux x86_64; Mail.RU_Bot/Img/2.0; +https://help.mail.ru/webmaster/indexing/robots)" "www.ysfine.com"
52.167.144.62 - - [01/Feb/2023:14:25:26 -0800] "GET /bio/style/proschanie.html HTTP/1.1" 404 88 "-" "Mozilla/5.0 AppleWebKit/537.36 (KHTML, like Gecko; compatible; bingbot/2.0; +http://www.bing.com/bingbot.htm) Chrome/103.0.5060.134 Safari/537.36" "ysfine.com"
71.205.5.9 - - [01/Feb/2023:14:26:10 -0800] "GET /einstein/eincurie11.jpg HTTP/1.1" 200 71229 "https://www.google.com/" "Mozilla/5.0 (Macintosh; Intel Mac OS X 10_15_7) AppleWebKit/537.36 (KHTML, like Gecko) Chrome/109.0.0.0 Safari/537.36" "ysfine.com"
216.244.66.229 - - [01/Feb/2023:14:26:31 -0800] "GET /world/spain/sala03.jpg HTTP/1.1" 200 244289 "-" "Mozilla/5.0 (compatible; DotBot/1.2; +https://opensiteexplorer.org/dotbot; help@moz.com)" "www.ysfine.com"
51.222.253.4 - - [01/Feb/2023:14:27:39 -0800] "GET /class54/class5470/total_data/sub_123.htm HTTP/1.1" 200 3317 "-" "Mozilla/5.0 (compatible; AhrefsBot/7.0; +http://ahrefs.com/robot/)" "www.ysfine.com"
51.222.253.18 - - [01/Feb/2023:14:27:41 -0800] "GET /class54/class5470/total_data/photo_img/1-23.jpg HTTP/1.1" 200 50513 "-" "Mozilla/5.0 (compatible; AhrefsBot/7.0; +http://ahrefs.com/robot/)" "www.ysfine.com"
54.236.1.13 - - [01/Feb/2023:14:27:47 -0800] "GET /robots.txt HTTP/1.1" 404 88 "-" "Mozilla/5.0 (compatible; Pinterestbot/1.0; +http://www.pinterest.com/bot.html)" "ysfine.com"
54.236.1.13 - - [01/Feb/2023:14:27:47 -0800] "GET /world/scandi/sto001.jpg HTTP/1.1" 200 111684 "-" "Mozilla/5.0 (compatible; Pinterestbot/1.0; +http://www.pinterest.com/bot.html)" "ysfine.com"
5.161.56.181 - - [01/Feb/2023:14:28:19 -0800] "GET /world/france/sorbonne02.jpg HTTP/1.1" 200 147583 "-" "Mozilla/5.0 (X11; Ubuntu; Linux x86_64; rv:107.0) Gecko/20100101 Firefox/107.0" "ysfine.com"
216.244.66.229 - - [01/Feb/2023:14:28:31 -0800] "GET /world/france/flore10.jpg HTTP/1.1" 200 81354 "-" "Mozilla/5.0 (compatible; DotBot/1.2; +https://opensiteexplorer.org/dotbot; help@moz.com)" "www.ysfine.com"
5.161.73.130 - - [01/Feb/2023:14:28:35 -0800] "GET /world/france/sorbonne02.jpg HTTP/1.1" 200 147583 "-" "Mozilla/5.0 (X11; Ubuntu; Linux x86_64; rv:107.0) Gecko/20100101 Firefox/107.0" "ysfine.com"
216.244.66.229 - - [01/Feb/2023:14:28:56 -0800] "GET /world/russ/spbpi11.jpg HTTP/1.1" 200 113843 "-" "Mozilla/5.0 (compatible; DotBot/1.2; +https://opensiteexplorer.org/dotbot; help@moz.com)" "www.ysfine.com"
162.55.40.30 - - [01/Feb/2023:14:29:02 -0800] "GET /world/france/sorbonne02.jpg HTTP/1.1" 200 147583 "-" "Mozilla/5.0 (X11; Ubuntu; Linux x86_64; rv:107.0) Gecko/20100101 Firefox/107.0" "ysfine.com"
68.36.196.114 - - [01/Feb/2023:14:30:06 -0800] "GET /newyork/monroe54.jpg HTTP/1.1" 200 126712 "https://yandex.com/" "Mozilla/5.0 (Windows NT 6.1; Win64; x64; rv:109.0) Gecko/20100101 Firefox/109.0" "www.ysfine.com"
71.178.208.102 - - [01/Feb/2023:14:30:32 -0800] "GET /ys11/ HTTP/1.1" 304 - "-" "Mozilla/5.0 (Windows NT 10.0; Win64; x64) AppleWebKit/537.36 (KHTML, like Gecko) Chrome/109.0.0.0 Safari/537.36 Edg/109.0.1518.70" "ysfine.com"
71.178.208.102 - - [01/Feb/2023:14:30:35 -0800] "GET /ys22/dondon.html HTTP/1.1" 401 90 "https://ysfine.com/ys11/" "Mozilla/5.0 (Windows NT 10.0; Win64; x64) AppleWebKit/537.36 (KHTML, like Gecko) Chrome/109.0.0.0 Safari/537.36 Edg/109.0.1518.70" "ysfine.com"
71.178.208.102 - jake [01/Feb/2023:14:30:37 -0800] "GET /ys22/dondon.html HTTP/1.1" 200 2041 "https://ysfine.com/ys11/" "Mozilla/5.0 (Windows NT 10.0; Win64; x64) AppleWebKit/537.36 (KHTML, like Gecko) Chrome/109.0.0.0 Safari/537.36 Edg/109.0.1518.70" "ysfine.com"
52.167.144.86 - - [01/Feb/2023:14:30:38 -0800] "GET /bio/princeton/campus.html HTTP/1.1" 404 88 "-" "Mozilla/5.0 AppleWebKit/537.36 (KHTML, like Gecko; compatible; bingbot/2.0; +http://www.bing.com/bingbot.htm) Chrome/103.0.5060.134 Safari/537.36" "ysfine.com"
20.150.220.213 - - [01/Feb/2023:14:31:21 -0800] "GET / HTTP/1.1" 200 5295 "http://www.ysfine.com" "Mozilla/5.0 (Windows NT 10.0; WOW64) AppleWebKit/537.36 (KHTML, like Gecko) Chrome/86.0.4240.198 Safari/537.36" "www.ysfine.com"
