51.222.253.12 - - [01/Feb/2023:14:31:35 -0800] "GET /class54/class5470/total_data/sub_131.htm HTTP/1.1" 200 3309 "-" "Mozilla/5.0 (compatible; AhrefsBot/7.0; +http://ahrefs.com/robot/)" "www.ysfine.com"
5.78.64.195 - - [01/Feb/2023:14:31:40 -0800] "GET /wp-login.php HTTP/1.1" 404 88 "http://ysfine.com/wp-login.php" "Mozilla/5.0 (Windows NT 10.0; Win64; x64) AppleWebKit/537.36 (KHTML, like Gecko) Chrome/64.0.3282.140 Safari/537.36 Edge/18.17763" "ysfine.com"
71.178.208.102 - - [01/Feb/2023:14:32:03 -0800] "GET /ys11/ HTTP/1.1" 304 - "-" "Mozilla/5.0 (Windows NT 10.0; Win64; x64) AppleWebKit/537.36 (KHTML, like Gecko) Chrome/109.0.0.0 Safari/537.36" "ysfine.com"
216.244.66.229 - - [01/Feb/2023:14:32:07 -0800] "GET /people/klauder2.jpg HTTP/1.1" 200 72593 "-" "Mozilla/5.0 (compatible; DotBot/1.2; +https://opensiteexplorer.org/dotbot; help@moz.com)" "www.ysfine.com"
71.178.208.102 - - [01/Feb/2023:14:32:23 -0800] "GET /ys22/dondon.html HTTP/1.1" 401 90 "https://ysfine.com/ys11/" "Mozilla/5.0 (Windows NT 10.0; Win64; x64) AppleWebKit/537.36 (KHTML, like Gecko) Chrome/109.0.0.0 Safari/537.36" "ysfine.com"
5.161.110.91 - - [01/Feb/2023:14:32:31 -0800] "GET /world/france/sorbonne02.jpg HTTP/1.1" 200 147583 "-" "Mozilla/5.0 (X11; Ubuntu; Linux x86_64; rv:107.0) Gecko/20100101 Firefox/107.0" "ysfine.com"
52.167.144.39 - - [01/Feb/2023:14:32:32 -0800] "GET /bio/kobak/namdae.html HTTP/1.1" 404 88 "-" "Mozilla/5.0 AppleWebKit/537.36 (KHTML, like Gecko; compatible; bingbot/2.0; +http://www.bing.com/bingbot.htm) Chrome/103.0.5060.134 Safari/537.36" "ysfine.com"
130.132.173.161 - - [01/Feb/2023:14:33:02 -0800] "GET /princeton/alexan22.jpg HTTP/1.1" 200 175436 "https://www.google.com/" "Mozilla/5.0 (iPhone; CPU iPhone OS 16_1 like Mac OS X) AppleWebKit/605.1.15 (KHTML, like Gecko) Version/16.1 Mobile/15E148 Safari/604.1" "ysfine.com"
216.244.66.229 - - [01/Feb/2023:14:33:08 -0800] "GET /awards/viaitora.pdf HTTP/1.1" 200 1249265 "-" "Mozilla/5.0 (compatible; DotBot/1.2; +https://opensiteexplorer.org/dotbot; help@moz.com)" "www.ysfine.com"
207.46.13.64 - - [01/Feb/2023:14:33:10 -0800] "GET /ysbio/style/angelus.jpg HTTP/1.1" 404 88 "-" "Mozilla/5.0 AppleWebKit/537.36 (KHTML, like Gecko; compatible; bingbot/2.0; +http://www.bing.com/bingbot.htm) Chrome/103.0.5060.134 Safari/537.36" "ysfine.com"
52.143.242.6 - - [01/Feb/2023:14:33:11 -0800] "GET /maga/invent/sarnoff1922.jpg HTTP/1.1" 200 48416 "http://ysfine.com/maga/invent/sarnoff1922.jpg" "DuckDuckBot/1.1; (+http://duckduckgo.com/duckduckbot.html)" "ysfine.com"
207.46.13.104 - - [01/Feb/2023:14:33:54 -0800] "GET /maga/histo/swedking01.jpg HTTP/1.1" 200 150012 "-" "Mozilla/5.0 AppleWebKit/537.36 (KHTML, like Gecko; compatible; bingbot/2.0; +http://www.bing.com/bingbot.htm) Chrome/103.0.5060.134 Safari/537.36" "ysfine.com"
216.244.66.229 - - [01/Feb/2023:14:33:58 -0800] "GET /ffriends/italparis05.jpg HTTP/1.1" 200 121559 "-" "Mozilla/5.0 (compatible; DotBot/1.2; +https://opensiteexplorer.org/dotbot; help@moz.com)" "www.ysfine.com"
71.178.208.102 - - [01/Feb/2023:14:34:27 -0800] "GET /ys22/dondon.html HTTP/1.1" 401 90 "https://ysfine.com/ys11/" "Mozilla/5.0 (Windows NT 10.0; Win64; x64) AppleWebKit/537.36 (KHTML, like Gecko) Chrome/109.0.0.0 Safari/537.36" "ysfine.com"
216.244.66.229 - - [01/Feb/2023:14:34:31 -0800] "GET /ffriends/wilsonpark.jpg HTTP/1.1" 200 98344 "-" "Mozilla/5.0 (compatible; DotBot/1.2; +https://opensiteexplorer.org/dotbot; help@moz.com)" "www.ysfine.com"
71.178.208.102 - - [01/Feb/2023:14:34:38 -0800] "GET /ys11/index.html HTTP/1.1" 304 - "-" "Mozilla/5.0 (Windows NT 10.0; Win64; x64) AppleWebKit/537.36 (KHTML, like Gecko) Chrome/109.0.0.0 Safari/537.36 Edg/109.0.1518.70" "www.ysfine.com"
71.178.208.102 - - [01/Feb/2023:14:34:42 -0800] "GET /ys22/dondon.html HTTP/1.1" 401 90 "https://www.ysfine.com/ys11/index.html" "Mozilla/5.0 (Windows NT 10.0; Win64; x64) AppleWebKit/537.36 (KHTML, like Gecko) Chrome/109.0.0.0 Safari/537.36 Edg/109.0.1518.70" "www.ysfine.com"
71.178.208.102 - jake [01/Feb/2023:14:34:44 -0800] "GET /ys22/dondon.html HTTP/1.1" 304 - "https://www.ysfine.com/ys11/index.html" "Mozilla/5.0 (Windows NT 10.0; Win64; x64) AppleWebKit/537.36 (KHTML, like Gecko) Chrome/109.0.0.0 Safari/537.36 Edg/109.0.1518.70" "www.ysfine.com"
52.167.144.39 - - [01/Feb/2023:14:34:55 -0800] "GET /maga/phys/bohr05.jpg HTTP/1.1" 200 70451 "-" "Mozilla/5.0 AppleWebKit/537.36 (KHTML, like Gecko; compatible; bingbot/2.0; +http://www.bing.com/bingbot.htm) Chrome/103.0.5060.134 Safari/537.36" "ysfine.com"
216.244.66.229 - - [01/Feb/2023:14:35:02 -0800] "GET /kobak/stephens22.jpg HTTP/1.1" 200 379866 "-" "Mozilla/5.0 (compatible; DotBot/1.2; +https://opensiteexplorer.org/dotbot; help@moz.com)" "www.ysfine.com"
52.167.144.86 - - [01/Feb/2023:14:35:36 -0800] "GET /world/russ/gatf17.jpg HTTP/1.1" 200 108585 "-" "Mozilla/5.0 AppleWebKit/537.36 (KHTML, like Gecko; compatible; bingbot/2.0; +http://www.bing.com/bingbot.htm) Chrome/103.0.5060.134 Safari/537.36" "www.ysfine.com"
216.244.66.229 - - [01/Feb/2023:14:35:53 -0800] "GET /people/solimeno11.jpg HTTP/1.1" 200 57740 "-" "Mozilla/5.0 (compatible; DotBot/1.2; +https://opensiteexplorer.org/dotbot; help@moz.com)" "www.ysfine.com"
52.167.144.39 - - [01/Feb/2023:14:36:05 -0800] "GET /world/france/frpolice01.jpg HTTP/1.1" 200 105430 "-" "Mozilla/5.0 AppleWebKit/537.36 (KHTML, like Gecko; compatible; bingbot/2.0; +http://www.bing.com/bingbot.htm) Chrome/103.0.5060.134 Safari/537.36" "www.ysfine.com"
51.222.253.3 - - [01/Feb/2023:14:36:22 -0800] "GET /kobak/taylor.html HTTP/1.1" 200 384 "-" "Mozilla/5.0 (compatible; AhrefsBot/7.0; +http://ahrefs.com/robot/)" "www.ysfine.com"
51.222.253.18 - - [01/Feb/2023:14:36:23 -0800] "GET /kobak/taylor11.jpg HTTP/1.1" 200 252685 "-" "Mozilla/5.0 (compatible; AhrefsBot/7.0; +http://ahrefs.com/robot/)" "www.ysfine.com"
216.244.66.229 - - [01/Feb/2023:14:36:26 -0800] "GET /world/france/sartsq09.jpg HTTP/1.1" 200 77369 "-" "Mozilla/5.0 (compatible; DotBot/1.2; +https://opensiteexplorer.org/dotbot; help@moz.com)" "www.ysfine.com"
95.216.217.16 - - [01/Feb/2023:14:36:47 -0800] "GET /world/france/sorbonne02.jpg HTTP/1.1" 200 147583 "-" "Mozilla/5.0 (X11; Fedora; Linux x86_64) AppleWebKit/537.36 (KHTML, like Gecko) Chrome/79.0.3945.117 Safari/537.36" "ysfine.com"
71.178.208.102 - - [01/Feb/2023:14:36:53 -0800] "GET /ys11/index.html HTTP/1.1" 200 3494 "https://www.bing.com/" "Mozilla/5.0 (Windows NT 10.0; Win64; x64; rv:109.0) Gecko/20100101 Firefox/109.0" "www.ysfine.com"
216.244.66.229 - - [01/Feb/2023:14:37:03 -0800] "GET /class54/class5470/total_data/sub_8187.htm HTTP/1.1" 200 15749 "-" "Mozilla/5.0 (compatible; DotBot/1.2; +https://opensiteexplorer.org/dotbot; help@moz.com)" "www.ysfine.com"
207.46.13.104 - - [01/Feb/2023:14:37:16 -0800] "GET /bio/sbk/1950.html HTTP/1.1" 404 88 "-" "Mozilla/5.0 AppleWebKit/537.36 (KHTML, like Gecko; compatible; bingbot/2.0; +http://www.bing.com/bingbot.htm) Chrome/103.0.5060.134 Safari/537.36" "ysfine.com"
216.244.66.229 - - [01/Feb/2023:14:37:34 -0800] "GET /class54/class5470/total_data/sub_839.htm HTTP/1.1" 200 15796 "-" "Mozilla/5.0 (compatible; DotBot/1.2; +https://opensiteexplorer.org/dotbot; help@moz.com)" "www.ysfine.com"
216.244.66.229 - - [01/Feb/2023:14:38:02 -0800] "GET /class54/class5470/total_data/sub_889.htm HTTP/1.1" 200 15635 "-" "Mozilla/5.0 (compatible; DotBot/1.2; +https://opensiteexplorer.org/dotbot; help@moz.com)" "www.ysfine.com"
216.244.66.229 - - [01/Feb/2023:14:38:30 -0800] "GET /ffriends/aline/airbaltic22.jpg HTTP/1.1" 200 92449 "-" "Mozilla/5.0 (compatible; DotBot/1.2; +https://opensiteexplorer.org/dotbot; help@moz.com)" "www.ysfine.com"
65.29.74.86 - - [01/Feb/2023:14:38:31 -0800] "GET /newyork/colum02.jpg HTTP/1.1" 200 104680 "https://www.google.com/" "Mozilla/5.0 (Linux; Android 13; SM-A515U Build/TP1A.220624.014; wv) AppleWebKit/537.36 (KHTML, like Gecko) Version/4.0 Chrome/109.0.5414.117 Mobile Safari/537.36 GoogleApp/14.4.6.26.arm64" "ysfine.com"
5.45.207.140 - - [01/Feb/2023:14:38:57 -0800] "GET /kowar/panmun04.jpg HTTP/1.1" 304 - "-" "Mozilla/5.0 (compatible; YandexImages/3.0; +http://yandex.com/bots)" "www.ysfine.com"
216.244.66.229 - - [01/Feb/2023:14:39:09 -0800] "GET /newyork/litaly01.jpg HTTP/1.1" 200 130433 "-" "Mozilla/5.0 (compatible; DotBot/1.2; +https://opensiteexplorer.org/dotbot; help@moz.com)" "www.ysfine.com"
71.178.208.102 - jake [01/Feb/2023:14:39:32 -0800] "GET /ys22/dondon.html HTTP/1.1" 304 - "https://www.ysfine.com/ys11/index.html" "Mozilla/5.0 (Windows NT 10.0; Win64; x64) AppleWebKit/537.36 (KHTML, like Gecko) Chrome/109.0.0.0 Safari/537.36 Edg/109.0.1518.70" "www.ysfine.com"
216.244.66.229 - - [01/Feb/2023:14:40:00 -0800] "GET /newyork/nyu11.jpg HTTP/1.1" 200 89527 "-" "Mozilla/5.0 (compatible; DotBot/1.2; +https://opensiteexplorer.org/dotbot; help@moz.com)" "www.ysfine.com"
207.46.13.104 - - [01/Feb/2023:14:40:13 -0800] "GET /beau/mil/kmc02b.jpg HTTP/1.1" 404 88 "-" "Mozilla/5.0 AppleWebKit/537.36 (KHTML, like Gecko; compatible; bingbot/2.0; +http://www.bing.com/bingbot.htm) Chrome/103.0.5060.134 Safari/537.36" "www.ysfine.com"
52.167.144.86 - - [01/Feb/2023:14:40:17 -0800] "GET /feynman/feyfirm270.jpg HTTP/1.1" 200 43931 "-" "Mozilla/5.0 AppleWebKit/537.36 (KHTML, like Gecko; compatible; bingbot/2.0; +http://www.bing.com/bingbot.htm) Chrome/103.0.5060.134 Safari/537.36" "ysfine.com"
216.244.66.229 - - [01/Feb/2023:14:40:39 -0800] "GET /newyork/wfc03.jpg HTTP/1.1" 200 229121 "-" "Mozilla/5.0 (compatible; DotBot/1.2; +https://opensiteexplorer.org/dotbot; help@moz.com)" "www.ysfine.com"
51.222.253.17 - - [01/Feb/2023:14:41:18 -0800] "GET /world/kalinin.html HTTP/1.1" 200 9595 "-" "Mozilla/5.0 (compatible; AhrefsBot/7.0; +http://ahrefs.com/robot/)" "www.ysfine.com"
216.244.66.229 - - [01/Feb/2023:14:41:30 -0800] "GET /philo/truck22/truck16.jpg HTTP/1.1" 200 414366 "-" "Mozilla/5.0 (compatible; DotBot/1.2; +https://opensiteexplorer.org/dotbot; help@moz.com)" "www.ysfine.com"
51.222.253.20 - - [01/Feb/2023:14:41:31 -0800] "GET /world/baltic/kalin03b.jpg HTTP/1.1" 200 47262 "-" "Mozilla/5.0 (compatible; AhrefsBot/7.0; +http://ahrefs.com/robot/)" "www.ysfine.com"
51.222.253.15 - - [01/Feb/2023:14:41:31 -0800] "GET /world/baltic/frombork2.jpg HTTP/1.1" 200 67166 "-" "Mozilla/5.0 (compatible; AhrefsBot/7.0; +http://ahrefs.com/robot/)" "www.ysfine.com"
51.222.253.8 - - [01/Feb/2023:14:41:32 -0800] "GET /world/baltic/kalin05b.jpg HTTP/1.1" 200 48785 "-" "Mozilla/5.0 (compatible; AhrefsBot/7.0; +http://ahrefs.com/robot/)" "www.ysfine.com"
51.222.253.3 - - [01/Feb/2023:14:41:32 -0800] "GET /world/baltic/kalin02b.jpg HTTP/1.1" 200 46051 "-" "Mozilla/5.0 (compatible; AhrefsBot/7.0; +http://ahrefs.com/robot/)" "www.ysfine.com"
51.222.253.14 - - [01/Feb/2023:14:41:33 -0800] "GET /world/baltic/kalinfamily2.jpg HTTP/1.1" 200 36963 "-" "Mozilla/5.0 (compatible; AhrefsBot/7.0; +http://ahrefs.com/robot/)" "www.ysfine.com"
51.222.253.15 - - [01/Feb/2023:14:41:33 -0800] "GET /world/baltic/kantm08b.jpg HTTP/1.1" 200 32412 "-" "Mozilla/5.0 (compatible; AhrefsBot/7.0; +http://ahrefs.com/robot/)" "www.ysfine.com"
51.222.253.6 - - [01/Feb/2023:14:41:34 -0800] "GET /world/baltic/kalinmap99b.jpg HTTP/1.1" 200 50124 "-" "Mozilla/5.0 (compatible; AhrefsBot/7.0; +http://ahrefs.com/robot/)" "www.ysfine.com"
51.222.253.6 - - [01/Feb/2023:14:41:34 -0800] "GET /world/baltic/kalinmap22b.jpg HTTP/1.1" 200 33385 "-" "Mozilla/5.0 (compatible; AhrefsBot/7.0; +http://ahrefs.com/robot/)" "www.ysfine.com"
51.222.253.17 - - [01/Feb/2023:14:41:35 -0800] "GET /world/baltic/kantbooks11b.jpg HTTP/1.1" 200 29847 "-" "Mozilla/5.0 (compatible; AhrefsBot/7.0; +http://ahrefs.com/robot/)" "www.ysfine.com"
51.222.253.4 - - [01/Feb/2023:14:41:36 -0800] "GET /maga/phil/marxlon01b.jpg HTTP/1.1" 200 55777 "-" "Mozilla/5.0 (compatible; AhrefsBot/7.0; +http://ahrefs.com/robot/)" "www.ysfine.com"
51.222.253.7 - - [01/Feb/2023:14:41:37 -0800] "GET /world/baltic/kalin01b.jpg HTTP/1.1" 200 49696 "-" "Mozilla/5.0 (compatible; AhrefsBot/7.0; +http://ahrefs.com/robot/)" "www.ysfine.com"
207.46.13.104 - - [01/Feb/2023:14:41:38 -0800] "GET /bio/style/artlove.html HTTP/1.1" 404 88 "-" "Mozilla/5.0 AppleWebKit/537.36 (KHTML, like Gecko; compatible; bingbot/2.0; +http://www.bing.com/bingbot.htm) Chrome/103.0.5060.134 Safari/537.36" "ysfine.com"
51.222.253.3 - - [01/Feb/2023:14:41:39 -0800] "GET /world/baltic/kalinhouse2.jpg HTTP/1.1" 200 45105 "-" "Mozilla/5.0 (compatible; AhrefsBot/7.0; +http://ahrefs.com/robot/)" "www.ysfine.com"
51.222.253.18 - - [01/Feb/2023:14:41:39 -0800] "GET /world/baltic/kalin31b.jpg HTTP/1.1" 200 56139 "-" "Mozilla/5.0 (compatible; AhrefsBot/7.0; +http://ahrefs.com/robot/)" "www.ysfine.com"
51.222.253.11 - - [01/Feb/2023:14:41:41 -0800] "GET /world/baltic/kalinamber01b.jpg HTTP/1.1" 200 37575 "-" "Mozilla/5.0 (compatible; AhrefsBot/7.0; +http://ahrefs.com/robot/)" "www.ysfine.com"
51.222.253.8 - - [01/Feb/2023:14:41:41 -0800] "GET /world/baltic/kantruss2.jpg HTTP/1.1" 200 49309 "-" "Mozilla/5.0 (compatible; AhrefsBot/7.0; +http://ahrefs.com/robot/)" "www.ysfine.com"
51.222.253.17 - - [01/Feb/2023:14:41:42 -0800] "GET /world/baltic/kalin11b.jpg HTTP/1.1" 200 32717 "-" "Mozilla/5.0 (compatible; AhrefsBot/7.0; +http://ahrefs.com/robot/)" "www.ysfine.com"
51.222.253.4 - - [01/Feb/2023:14:41:42 -0800] "GET /world/baltic/kalin30b.jpg HTTP/1.1" 200 39566 "-" "Mozilla/5.0 (compatible; AhrefsBot/7.0; +http://ahrefs.com/robot/)" "www.ysfine.com"
51.222.253.4 - - [01/Feb/2023:14:41:43 -0800] "GET /world/baltic/kalinstamp2.jpg HTTP/1.1" 200 43778 "-" "Mozilla/5.0 (compatible; AhrefsBot/7.0; +http://ahrefs.com/robot/)" "www.ysfine.com"
52.167.144.39 - - [01/Feb/2023:14:41:58 -0800] "GET /world/france/nice302b.jpg HTTP/1.1" 200 52446 "-" "Mozilla/5.0 AppleWebKit/537.36 (KHTML, like Gecko; compatible; bingbot/2.0; +http://www.bing.com/bingbot.htm) Chrome/103.0.5060.134 Safari/537.36" "ysfine.com"
216.244.66.229 - - [01/Feb/2023:14:42:20 -0800] "GET /princeton/compu11.jpg HTTP/1.1" 200 125119 "-" "Mozilla/5.0 (compatible; DotBot/1.2; +https://opensiteexplorer.org/dotbot; help@moz.com)" "www.ysfine.com"
207.46.13.104 - - [01/Feb/2023:14:43:26 -0800] "GET /einstein/texfiles/einheis03.jpg HTTP/1.1" 200 46000 "-" "Mozilla/5.0 AppleWebKit/537.36 (KHTML, like Gecko; compatible; bingbot/2.0; +http://www.bing.com/bingbot.htm) Chrome/103.0.5060.134 Safari/537.36" "ysfine.com"
207.46.13.104 - - [01/Feb/2023:14:43:55 -0800] "GET /feynman/ppic/quantum01c.jpg HTTP/1.1" 200 24878 "-" "Mozilla/5.0 AppleWebKit/537.36 (KHTML, like Gecko; compatible; bingbot/2.0; +http://www.bing.com/bingbot.htm) Chrome/103.0.5060.134 Safari/537.36" "www.ysfine.com"
40.77.167.192 - - [01/Feb/2023:14:44:03 -0800] "GET /bio/kobak/soraech.html HTTP/1.1" 404 88 "-" "Mozilla/5.0 AppleWebKit/537.36 (KHTML, like Gecko; compatible; bingbot/2.0; +http://www.bing.com/bingbot.htm) Chrome/103.0.5060.134 Safari/537.36" "ysfine.com"
144.202.25.134 - - [01/Feb/2023:14:44:54 -0800] "GET /world/tdrome.html HTTP/1.1" 200 5611 "-" "Mozilla" "ysfine.com"
144.202.25.134 - - [01/Feb/2023:14:44:56 -0800] "GET /world/tdrome.html HTTP/1.1" 200 5611 "-" "Mozilla" "ysfine.com"
52.167.144.39 - - [01/Feb/2023:14:45:24 -0800] "GET /feynman/feydirac270.jpg HTTP/1.1" 200 59000 "-" "Mozilla/5.0 AppleWebKit/537.36 (KHTML, like Gecko; compatible; bingbot/2.0; +http://www.bing.com/bingbot.htm) Chrome/103.0.5060.134 Safari/537.36" "ysfine.com"
51.222.253.12 - - [01/Feb/2023:14:46:05 -0800] "GET /class54/class5480/Pictures/1.%C3%AC%C2%A0%C2%91%C3%AC%C2%88%C2%98%C3%AB%C2%B0%C2%8F%C3%AD%C2%99%C2%98%C3%AB%C2%8B%C2%B4/?C=M;O=D HTTP/1.1" 200 858 "-" "Mozilla/5.0 (compatible; AhrefsBot/7.0; +http://ahrefs.com/robot/)" "ysfine.com"
185.191.171.10 - - [01/Feb/2023:14:47:07 -0800] "GET /maga/bohratom.html HTTP/1.1" 200 5125 "-" "Mozilla/5.0 (compatible; SemrushBot/7~bl; +http://www.semrush.com/bot.html)" "www.ysfine.com"
52.167.144.62 - - [01/Feb/2023:14:48:56 -0800] "GET /wisdom/ykskimis.pdf HTTP/1.1" 200 2952223 "-" "Mozilla/5.0 AppleWebKit/537.36 (KHTML, like Gecko; compatible; bingbot/2.0; +http://www.bing.com/bingbot.htm) Chrome/103.0.5060.134 Safari/537.36" "www.ysfine.com"
207.46.13.104 - - [01/Feb/2023:14:49:22 -0800] "GET /bio/kobak/yskor.html HTTP/1.1" 404 88 "-" "Mozilla/5.0 AppleWebKit/537.36 (KHTML, like Gecko; compatible; bingbot/2.0; +http://www.bing.com/bingbot.htm) Chrome/103.0.5060.134 Safari/537.36" "ysfine.com"
17.241.75.240 - - [01/Feb/2023:14:49:24 -0800] "GET /maga/yukawa.html HTTP/1.1" 200 5658 "-" "Mozilla/5.0 (Macintosh; Intel Mac OS X 10_15_5) AppleWebKit/605.1.15 (KHTML, like Gecko) Version/13.1.1 Safari/605.1.15 (Applebot/0.1; +http://www.apple.com/go/applebot)" "ysfine.com"
71.178.208.102 - - [01/Feb/2023:14:51:14 -0800] "GET /bio10.html HTTP/1.1" 304 - "https://ysfine.com/ys11/" "Mozilla/5.0 (Windows NT 10.0; Win64; x64) AppleWebKit/537.36 (KHTML, like Gecko) Chrome/109.0.0.0 Safari/537.36" "ysfine.com"
71.178.208.102 - - [01/Feb/2023:14:51:14 -0800] "GET /home/foto22/hunmin22c.jpg HTTP/1.1" 304 - "https://ysfine.com/bio10.html" "Mozilla/5.0 (Windows NT 10.0; Win64; x64) AppleWebKit/537.36 (KHTML, like Gecko) Chrome/109.0.0.0 Safari/537.36" "ysfine.com"
71.178.208.102 - - [01/Feb/2023:14:51:14 -0800] "GET /home/foto22/bek55c.jpg HTTP/1.1" 304 - "https://ysfine.com/bio10.html" "Mozilla/5.0 (Windows NT 10.0; Win64; x64) AppleWebKit/537.36 (KHTML, like Gecko) Chrome/109.0.0.0 Safari/537.36" "ysfine.com"
71.178.208.102 - - [01/Feb/2023:14:51:14 -0800] "GET /awards/matrix33c.jpg HTTP/1.1" 304 - "https://ysfine.com/bio10.html" "Mozilla/5.0 (Windows NT 10.0; Win64; x64) AppleWebKit/537.36 (KHTML, like Gecko) Chrome/109.0.0.0 Safari/537.36" "ysfine.com"
71.178.208.102 - - [01/Feb/2023:14:51:14 -0800] "GET /home/dirackn55a.jpg HTTP/1.1" 304 - "https://ysfine.com/bio10.html" "Mozilla/5.0 (Windows NT 10.0; Win64; x64) AppleWebKit/537.36 (KHTML, like Gecko) Chrome/109.0.0.0 Safari/537.36" "ysfine.com"
71.178.208.102 - - [01/Feb/2023:14:51:14 -0800] "GET /home/foto22/comet40d.jpg HTTP/1.1" 304 - "https://ysfine.com/bio10.html" "Mozilla/5.0 (Windows NT 10.0; Win64; x64) AppleWebKit/537.36 (KHTML, like Gecko) Chrome/109.0.0.0 Safari/537.36" "ysfine.com"
71.178.208.102 - - [01/Feb/2023:14:51:14 -0800] "GET /home/foto22/comet01d.jpg HTTP/1.1" 304 - "https://ysfine.com/bio10.html" "Mozilla/5.0 (Windows NT 10.0; Win64; x64) AppleWebKit/537.36 (KHTML, like Gecko) Chrome/109.0.0.0 Safari/537.36" "ysfine.com"
71.178.208.102 - - [01/Feb/2023:14:51:14 -0800] "GET /home/foto22/bek22a.jpg HTTP/1.1" 304 - "https://ysfine.com/bio10.html" "Mozilla/5.0 (Windows NT 10.0; Win64; x64) AppleWebKit/537.36 (KHTML, like Gecko) Chrome/109.0.0.0 Safari/537.36" "ysfine.com"
71.178.208.102 - - [01/Feb/2023:14:51:14 -0800] "GET /dirac/dirac39c.jpg HTTP/1.1" 304 - "https://ysfine.com/bio10.html" "Mozilla/5.0 (Windows NT 10.0; Win64; x64) AppleWebKit/537.36 (KHTML, like Gecko) Chrome/109.0.0.0 Safari/537.36" "ysfine.com"
71.178.208.102 - - [01/Feb/2023:14:51:14 -0800] "GET /home/foto22/bek66aa.jpg HTTP/1.1" 304 - "https://ysfine.com/bio10.html" "Mozilla/5.0 (Windows NT 10.0; Win64; x64) AppleWebKit/537.36 (KHTML, like Gecko) Chrome/109.0.0.0 Safari/537.36" "ysfine.com"
51.222.253.8 - - [01/Feb/2023:14:51:21 -0800] "GET /folks/korean.html HTTP/1.1" 200 15128 "-" "Mozilla/5.0 (compatible; AhrefsBot/7.0; +http://ahrefs.com/robot/)" "www.ysfine.com"
51.222.253.17 - - [01/Feb/2023:14:51:22 -0800] "GET /folks/amkor/ewha06c.jpg HTTP/1.1" 200 39575 "-" "Mozilla/5.0 (compatible; AhrefsBot/7.0; +http://ahrefs.com/robot/)" "www.ysfine.com"
51.222.253.20 - - [01/Feb/2023:14:51:23 -0800] "GET /folks/amkor/defectors01c.jpg HTTP/1.1" 200 34776 "-" "Mozilla/5.0 (compatible; AhrefsBot/7.0; +http://ahrefs.com/robot/)" "www.ysfine.com"
51.222.253.7 - - [01/Feb/2023:14:51:23 -0800] "GET /folks/amkor/ewha51c.jpg HTTP/1.1" 200 18605 "-" "Mozilla/5.0 (compatible; AhrefsBot/7.0; +http://ahrefs.com/robot/)" "www.ysfine.com"
51.222.253.12 - - [01/Feb/2023:14:51:24 -0800] "GET /folks/amkor/d012c.jpg HTTP/1.1" 200 25371 "-" "Mozilla/5.0 (compatible; AhrefsBot/7.0; +http://ahrefs.com/robot/)" "www.ysfine.com"
51.222.253.19 - - [01/Feb/2023:14:51:25 -0800] "GET /folks/romania05c.jpg HTTP/1.1" 200 39733 "-" "Mozilla/5.0 (compatible; AhrefsBot/7.0; +http://ahrefs.com/robot/)" "www.ysfine.com"
51.222.253.3 - - [01/Feb/2023:14:51:25 -0800] "GET /kobak/underw06c.jpg HTTP/1.1" 200 43183 "-" "Mozilla/5.0 (compatible; AhrefsBot/7.0; +http://ahrefs.com/robot/)" "www.ysfine.com"
51.222.253.2 - - [01/Feb/2023:14:51:26 -0800] "GET /folks/aline/kal04c.jpg HTTP/1.1" 200 27514 "-" "Mozilla/5.0 (compatible; AhrefsBot/7.0; +http://ahrefs.com/robot/)" "www.ysfine.com"
51.222.253.1 - - [01/Feb/2023:14:51:26 -0800] "GET /folks/amkor/ewha01c.jpg HTTP/1.1" 200 59322 "-" "Mozilla/5.0 (compatible; AhrefsBot/7.0; +http://ahrefs.com/robot/)" "www.ysfine.com"
51.222.253.15 - - [01/Feb/2023:14:51:27 -0800] "GET /folks/amkor/amstu22c.jpg HTTP/1.1" 200 32594 "-" "Mozilla/5.0 (compatible; AhrefsBot/7.0; +http://ahrefs.com/robot/)" "www.ysfine.com"
51.222.253.16 - - [01/Feb/2023:14:51:27 -0800] "GET /folks/amkor/komos01c.jpg HTTP/1.1" 200 31682 "-" "Mozilla/5.0 (compatible; AhrefsBot/7.0; +http://ahrefs.com/robot/)" "www.ysfine.com"
51.222.253.19 - - [01/Feb/2023:14:51:27 -0800] "GET /folks/amkor/koprof12c.jpg HTTP/1.1" 200 36464 "-" "Mozilla/5.0 (compatible; AhrefsBot/7.0; +http://ahrefs.com/robot/)" "www.ysfine.com"
51.222.253.13 - - [01/Feb/2023:14:51:28 -0800] "GET /folks/amkor/kostu33c.jpg HTTP/1.1" 200 40351 "-" "Mozilla/5.0 (compatible; AhrefsBot/7.0; +http://ahrefs.com/robot/)" "www.ysfine.com"
51.222.253.8 - - [01/Feb/2023:14:51:28 -0800] "GET /folks/amkor/ewha34c.jpg HTTP/1.1" 200 32337 "-" "Mozilla/5.0 (compatible; AhrefsBot/7.0; +http://ahrefs.com/robot/)" "www.ysfine.com"
51.222.253.9 - - [01/Feb/2023:14:51:29 -0800] "GET /world/poland/polstu26c.jpg HTTP/1.1" 200 39364 "-" "Mozilla/5.0 (compatible; AhrefsBot/7.0; +http://ahrefs.com/robot/)" "www.ysfine.com"
51.222.253.13 - - [01/Feb/2023:14:51:29 -0800] "GET /folks/amkor/kostu11c.jpg HTTP/1.1" 200 32654 "-" "Mozilla/5.0 (compatible; AhrefsBot/7.0; +http://ahrefs.com/robot/)" "www.ysfine.com"
51.222.253.4 - - [01/Feb/2023:14:51:29 -0800] "GET /folks/amkor/kwrhee19c.jpg HTTP/1.1" 200 45869 "-" "Mozilla/5.0 (compatible; AhrefsBot/7.0; +http://ahrefs.com/robot/)" "www.ysfine.com"
51.222.253.2 - - [01/Feb/2023:14:51:30 -0800] "GET /folks/aline/lufthan12c.jpg HTTP/1.1" 200 28950 "-" "Mozilla/5.0 (compatible; AhrefsBot/7.0; +http://ahrefs.com/robot/)" "www.ysfine.com"
51.222.253.17 - - [01/Feb/2023:14:51:30 -0800] "GET /folks/amkor/haeyong11c.jpg HTTP/1.1" 200 33992 "-" "Mozilla/5.0 (compatible; AhrefsBot/7.0; +http://ahrefs.com/robot/)" "www.ysfine.com"
51.222.253.10 - - [01/Feb/2023:14:51:31 -0800] "GET /folks/amkor/kony01c.jpg HTTP/1.1" 200 59600 "-" "Mozilla/5.0 (compatible; AhrefsBot/7.0; +http://ahrefs.com/robot/)" "www.ysfine.com"
51.222.253.9 - - [01/Feb/2023:14:51:31 -0800] "GET /folks/amkor/busanf02c.jpg HTTP/1.1" 200 42633 "-" "Mozilla/5.0 (compatible; AhrefsBot/7.0; +http://ahrefs.com/robot/)" "www.ysfine.com"
51.222.253.5 - - [01/Feb/2023:14:51:32 -0800] "GET /sbk/1963latinq3.jpg HTTP/1.1" 200 32282 "-" "Mozilla/5.0 (compatible; AhrefsBot/7.0; +http://ahrefs.com/robot/)" "www.ysfine.com"
51.222.253.20 - - [01/Feb/2023:14:51:36 -0800] "GET /wdc/waskor037c.jpg HTTP/1.1" 200 27152 "-" "Mozilla/5.0 (compatible; AhrefsBot/7.0; +http://ahrefs.com/robot/)" "www.ysfine.com"
51.222.253.6 - - [01/Feb/2023:14:51:36 -0800] "GET /folks/amkor/kostu29c.jpg HTTP/1.1" 200 49005 "-" "Mozilla/5.0 (compatible; AhrefsBot/7.0; +http://ahrefs.com/robot/)" "www.ysfine.com"
51.222.253.14 - - [01/Feb/2023:14:51:37 -0800] "GET /folks/amkor/kolondon01c.jpg HTTP/1.1" 200 39067 "-" "Mozilla/5.0 (compatible; AhrefsBot/7.0; +http://ahrefs.com/robot/)" "www.ysfine.com"
51.222.253.4 - - [01/Feb/2023:14:51:37 -0800] "GET /folks/amkor/kosingers01c.jpg HTTP/1.1" 200 36513 "-" "Mozilla/5.0 (compatible; AhrefsBot/7.0; +http://ahrefs.com/robot/)" "www.ysfine.com"
51.222.253.5 - - [01/Feb/2023:14:51:38 -0800] "GET /folks/amkor/tallm03c.jpg HTTP/1.1" 200 29450 "-" "Mozilla/5.0 (compatible; AhrefsBot/7.0; +http://ahrefs.com/robot/)" "www.ysfine.com"
51.222.253.9 - - [01/Feb/2023:14:51:38 -0800] "GET /folks/chinstu09c.jpg HTTP/1.1" 200 33572 "-" "Mozilla/5.0 (compatible; AhrefsBot/7.0; +http://ahrefs.com/robot/)" "www.ysfine.com"
51.222.253.4 - - [01/Feb/2023:14:51:39 -0800] "GET /folks/amkor/ewha35c.jpg HTTP/1.1" 200 30089 "-" "Mozilla/5.0 (compatible; AhrefsBot/7.0; +http://ahrefs.com/robot/)" "www.ysfine.com"
51.222.253.19 - - [01/Feb/2023:14:51:39 -0800] "GET /folks/amkor/amkor01c.jpg HTTP/1.1" 200 47803 "-" "Mozilla/5.0 (compatible; AhrefsBot/7.0; +http://ahrefs.com/robot/)" "www.ysfine.com"
51.222.253.13 - - [01/Feb/2023:14:51:39 -0800] "GET /folks/amkor/khchung01c.jpg HTTP/1.1" 200 27108 "-" "Mozilla/5.0 (compatible; AhrefsBot/7.0; +http://ahrefs.com/robot/)" "www.ysfine.com"
51.222.253.14 - - [01/Feb/2023:14:51:40 -0800] "GET /folks/amkor/ewha05c.jpg HTTP/1.1" 200 48538 "-" "Mozilla/5.0 (compatible; AhrefsBot/7.0; +http://ahrefs.com/robot/)" "www.ysfine.com"
51.222.253.18 - - [01/Feb/2023:14:51:40 -0800] "GET /wdc/waskor022c.jpg HTTP/1.1" 200 33460 "-" "Mozilla/5.0 (compatible; AhrefsBot/7.0; +http://ahrefs.com/robot/)" "www.ysfine.com"
51.222.253.3 - - [01/Feb/2023:14:51:41 -0800] "GET /folks/amkor/kostu18c.jpg HTTP/1.1" 200 33968 "-" "Mozilla/5.0 (compatible; AhrefsBot/7.0; +http://ahrefs.com/robot/)" "www.ysfine.com"
51.222.253.7 - - [01/Feb/2023:14:51:41 -0800] "GET /folks/amkor/samsung01c.jpg HTTP/1.1" 200 39358 "-" "Mozilla/5.0 (compatible; AhrefsBot/7.0; +http://ahrefs.com/robot/)" "www.ysfine.com"
51.222.253.15 - - [01/Feb/2023:14:51:42 -0800] "GET /folks/amkor/kosenior02c.jpg HTTP/1.1" 200 50940 "-" "Mozilla/5.0 (compatible; AhrefsBot/7.0; +http://ahrefs.com/robot/)" "www.ysfine.com"
52.167.144.86 - - [01/Feb/2023:14:51:42 -0800] "GET /bio/wigner/e(2).html HTTP/1.1" 404 88 "-" "Mozilla/5.0 AppleWebKit/537.36 (KHTML, like Gecko; compatible; bingbot/2.0; +http://www.bing.com/bingbot.htm) Chrome/103.0.5060.134 Safari/537.36" "ysfine.com"
51.222.253.20 - - [01/Feb/2023:14:51:43 -0800] "GET /wdc/waskor033c.jpg HTTP/1.1" 200 42497 "-" "Mozilla/5.0 (compatible; AhrefsBot/7.0; +http://ahrefs.com/robot/)" "www.ysfine.com"
51.222.253.16 - - [01/Feb/2023:14:51:43 -0800] "GET /folks/amkor/kostu24c.jpg HTTP/1.1" 200 35486 "-" "Mozilla/5.0 (compatible; AhrefsBot/7.0; +http://ahrefs.com/robot/)" "www.ysfine.com"
51.222.253.11 - - [01/Feb/2023:14:51:43 -0800] "GET /folks/amkor/kostu05c.jpg HTTP/1.1" 200 29557 "-" "Mozilla/5.0 (compatible; AhrefsBot/7.0; +http://ahrefs.com/robot/)" "www.ysfine.com"
51.222.253.15 - - [01/Feb/2023:14:51:44 -0800] "GET /folks/amkor/korhein01c.jpg HTTP/1.1" 200 31959 "-" "Mozilla/5.0 (compatible; AhrefsBot/7.0; +http://ahrefs.com/robot/)" "www.ysfine.com"
51.222.253.4 - - [01/Feb/2023:14:51:45 -0800] "GET /folks/amkor/koharp05c.jpg HTTP/1.1" 200 51378 "-" "Mozilla/5.0 (compatible; AhrefsBot/7.0; +http://ahrefs.com/robot/)" "www.ysfine.com"
51.222.253.7 - - [01/Feb/2023:14:51:46 -0800] "GET /folks/amkor/ewha36c.jpg HTTP/1.1" 200 45734 "-" "Mozilla/5.0 (compatible; AhrefsBot/7.0; +http://ahrefs.com/robot/)" "www.ysfine.com"
51.222.253.13 - - [01/Feb/2023:14:51:47 -0800] "GET /folks/amkor/koprof01c.jpg HTTP/1.1" 200 43908 "-" "Mozilla/5.0 (compatible; AhrefsBot/7.0; +http://ahrefs.com/robot/)" "www.ysfine.com"
51.222.253.16 - - [01/Feb/2023:14:51:47 -0800] "GET /folks/amkor/stephens11c.jpg HTTP/1.1" 200 36861 "-" "Mozilla/5.0 (compatible; AhrefsBot/7.0; +http://ahrefs.com/robot/)" "www.ysfine.com"
51.222.253.8 - - [01/Feb/2023:14:51:48 -0800] "GET /folks/amkor/dj11c.jpg HTTP/1.1" 200 21838 "-" "Mozilla/5.0 (compatible; AhrefsBot/7.0; +http://ahrefs.com/robot/)" "www.ysfine.com"
51.222.253.10 - - [01/Feb/2023:14:51:48 -0800] "GET /folks/amkor/jina11c.jpg HTTP/1.1" 200 32921 "-" "Mozilla/5.0 (compatible; AhrefsBot/7.0; +http://ahrefs.com/robot/)" "www.ysfine.com"
51.222.253.8 - - [01/Feb/2023:14:51:49 -0800] "GET /folks/amkor/koparis01c.jpg HTTP/1.1" 200 55973 "-" "Mozilla/5.0 (compatible; AhrefsBot/7.0; +http://ahrefs.com/robot/)" "www.ysfine.com"
51.222.253.18 - - [01/Feb/2023:14:51:49 -0800] "GET /folks/amkor/kodresden18c.jpg HTTP/1.1" 200 32520 "-" "Mozilla/5.0 (compatible; AhrefsBot/7.0; +http://ahrefs.com/robot/)" "www.ysfine.com"
51.222.253.8 - - [01/Feb/2023:14:51:50 -0800] "GET /folks/amkor/koshanghai01c.jpg HTTP/1.1" 200 41192 "-" "Mozilla/5.0 (compatible; AhrefsBot/7.0; +http://ahrefs.com/robot/)" "www.ysfine.com"
51.222.253.17 - - [01/Feb/2023:14:51:50 -0800] "GET /folks/amkor/koharp02c.jpg HTTP/1.1" 200 32596 "-" "Mozilla/5.0 (compatible; AhrefsBot/7.0; +http://ahrefs.com/robot/)" "www.ysfine.com"
51.222.253.14 - - [01/Feb/2023:14:51:50 -0800] "GET /folks/aline/kal05c.jpg HTTP/1.1" 200 44215 "-" "Mozilla/5.0 (compatible; AhrefsBot/7.0; +http://ahrefs.com/robot/)" "www.ysfine.com"
51.222.253.14 - - [01/Feb/2023:14:51:51 -0800] "GET /folks/amkor/parkgh01c.jpg HTTP/1.1" 200 34042 "-" "Mozilla/5.0 (compatible; AhrefsBot/7.0; +http://ahrefs.com/robot/)" "www.ysfine.com"
51.222.253.1 - - [01/Feb/2023:14:51:51 -0800] "GET /folks/amkor/kgirls06c.jpg HTTP/1.1" 200 38135 "-" "Mozilla/5.0 (compatible; AhrefsBot/7.0; +http://ahrefs.com/robot/)" "www.ysfine.com"
51.222.253.16 - - [01/Feb/2023:14:51:52 -0800] "GET /folks/amkor/koprof05c.jpg HTTP/1.1" 200 37298 "-" "Mozilla/5.0 (compatible; AhrefsBot/7.0; +http://ahrefs.com/robot/)" "www.ysfine.com"
51.222.253.5 - - [01/Feb/2023:14:51:52 -0800] "GET /wdc/waskor038c.jpg HTTP/1.1" 200 45082 "-" "Mozilla/5.0 (compatible; AhrefsBot/7.0; +http://ahrefs.com/robot/)" "www.ysfine.com"
51.222.253.10 - - [01/Feb/2023:14:51:53 -0800] "GET /folks/amkor/kostu17c.jpg HTTP/1.1" 200 36891 "-" "Mozilla/5.0 (compatible; AhrefsBot/7.0; +http://ahrefs.com/robot/)" "www.ysfine.com"
51.222.253.9 - - [01/Feb/2023:14:51:53 -0800] "GET /folks/amkor/kgirls07c.jpg HTTP/1.1" 200 38066 "-" "Mozilla/5.0 (compatible; AhrefsBot/7.0; +http://ahrefs.com/robot/)" "www.ysfine.com"
51.222.253.4 - - [01/Feb/2023:14:51:53 -0800] "GET /folks/amkor/ewha31c.jpg HTTP/1.1" 200 43180 "-" "Mozilla/5.0 (compatible; AhrefsBot/7.0; +http://ahrefs.com/robot/)" "www.ysfine.com"
51.222.253.11 - - [01/Feb/2023:14:51:54 -0800] "GET /folks/amkor/koseville01c.jpg HTTP/1.1" 200 37876 "-" "Mozilla/5.0 (compatible; AhrefsBot/7.0; +http://ahrefs.com/robot/)" "www.ysfine.com"
51.222.253.5 - - [01/Feb/2023:14:51:54 -0800] "GET /folks/amkor/kostu01c.jpg HTTP/1.1" 200 37741 "-" "Mozilla/5.0 (compatible; AhrefsBot/7.0; +http://ahrefs.com/robot/)" "www.ysfine.com"
51.222.253.5 - - [01/Feb/2023:14:51:55 -0800] "GET /folks/amkor/korsid01c.jpg HTTP/1.1" 200 27588 "-" "Mozilla/5.0 (compatible; AhrefsBot/7.0; +http://ahrefs.com/robot/)" "www.ysfine.com"
51.222.253.8 - - [01/Feb/2023:14:51:56 -0800] "GET /folks/amkor/kojp01c.jpg HTTP/1.1" 200 32167 "-" "Mozilla/5.0 (compatible; AhrefsBot/7.0; +http://ahrefs.com/robot/)" "www.ysfine.com"
51.222.253.19 - - [01/Feb/2023:14:51:57 -0800] "GET /folks/amkor/kgirls01c.jpg HTTP/1.1" 200 33527 "-" "Mozilla/5.0 (compatible; AhrefsBot/7.0; +http://ahrefs.com/robot/)" "www.ysfine.com"
208.104.68.102 - - [01/Feb/2023:14:52:06 -0800] "GET /maga/histo/desiree22.jpg HTTP/1.1" 200 113561 "https://www.google.com/" "Mozilla/5.0 (iPad; CPU OS 16_1_1 like Mac OS X) AppleWebKit/605.1.15 (KHTML, like Gecko) GSA/248.1.504392274 Mobile/20B101 Safari/604.1" "ysfine.com"
71.178.208.102 - - [01/Feb/2023:14:52:32 -0800] "GET /bio21.html HTTP/1.1" 200 5110 "https://ysfine.com/ys11/" "Mozilla/5.0 (Windows NT 10.0; Win64; x64) AppleWebKit/537.36 (KHTML, like Gecko) Chrome/109.0.0.0 Safari/537.36 Edg/109.0.1518.70" "ysfine.com"
71.178.208.102 - - [01/Feb/2023:14:52:32 -0800] "GET /photos/photo02a.jpg HTTP/1.1" 200 85153 "https://ysfine.com/bio21.html" "Mozilla/5.0 (Windows NT 10.0; Win64; x64) AppleWebKit/537.36 (KHTML, like Gecko) Chrome/109.0.0.0 Safari/537.36 Edg/109.0.1518.70" "ysfine.com"
71.178.208.102 - - [01/Feb/2023:14:52:32 -0800] "GET /photos/photo04a.jpg HTTP/1.1" 200 101869 "https://ysfine.com/bio21.html" "Mozilla/5.0 (Windows NT 10.0; Win64; x64) AppleWebKit/537.36 (KHTML, like Gecko) Chrome/109.0.0.0 Safari/537.36 Edg/109.0.1518.70" "ysfine.com"
71.178.208.102 - - [01/Feb/2023:14:52:32 -0800] "GET /photos/photo01a.jpg HTTP/1.1" 200 78798 "https://ysfine.com/bio21.html" "Mozilla/5.0 (Windows NT 10.0; Win64; x64) AppleWebKit/537.36 (KHTML, like Gecko) Chrome/109.0.0.0 Safari/537.36 Edg/109.0.1518.70" "ysfine.com"
71.178.208.102 - - [01/Feb/2023:14:52:32 -0800] "GET /photos/photo08a.jpg HTTP/1.1" 200 61579 "https://ysfine.com/bio21.html" "Mozilla/5.0 (Windows NT 10.0; Win64; x64) AppleWebKit/537.36 (KHTML, like Gecko) Chrome/109.0.0.0 Safari/537.36 Edg/109.0.1518.70" "ysfine.com"
71.178.208.102 - - [01/Feb/2023:14:52:32 -0800] "GET /photos/photo12a.jpg HTTP/1.1" 200 77596 "https://ysfine.com/bio21.html" "Mozilla/5.0 (Windows NT 10.0; Win64; x64) AppleWebKit/537.36 (KHTML, like Gecko) Chrome/109.0.0.0 Safari/537.36 Edg/109.0.1518.70" "ysfine.com"
71.178.208.102 - - [01/Feb/2023:14:52:32 -0800] "GET /photos/photo10a.jpg HTTP/1.1" 200 73988 "https://ysfine.com/bio21.html" "Mozilla/5.0 (Windows NT 10.0; Win64; x64) AppleWebKit/537.36 (KHTML, like Gecko) Chrome/109.0.0.0 Safari/537.36 Edg/109.0.1518.70" "ysfine.com"
71.178.208.102 - - [01/Feb/2023:14:52:32 -0800] "GET /photos/photo07a.jpg HTTP/1.1" 200 49266 "https://ysfine.com/bio21.html" "Mozilla/5.0 (Windows NT 10.0; Win64; x64) AppleWebKit/537.36 (KHTML, like Gecko) Chrome/109.0.0.0 Safari/537.36 Edg/109.0.1518.70" "ysfine.com"
71.178.208.102 - - [01/Feb/2023:14:52:32 -0800] "GET /photos/photo11a.jpg HTTP/1.1" 200 76545 "https://ysfine.com/bio21.html" "Mozilla/5.0 (Windows NT 10.0; Win64; x64) AppleWebKit/537.36 (KHTML, like Gecko) Chrome/109.0.0.0 Safari/537.36 Edg/109.0.1518.70" "ysfine.com"
71.178.208.102 - - [01/Feb/2023:14:52:32 -0800] "GET /photos/photo06a.jpg HTTP/1.1" 200 119347 "https://ysfine.com/bio21.html" "Mozilla/5.0 (Windows NT 10.0; Win64; x64) AppleWebKit/537.36 (KHTML, like Gecko) Chrome/109.0.0.0 Safari/537.36 Edg/109.0.1518.70" "ysfine.com"
71.178.208.102 - - [01/Feb/2023:14:52:32 -0800] "GET /photos/photo09a.jpg HTTP/1.1" 200 54651 "https://ysfine.com/bio21.html" "Mozilla/5.0 (Windows NT 10.0; Win64; x64) AppleWebKit/537.36 (KHTML, like Gecko) Chrome/109.0.0.0 Safari/537.36 Edg/109.0.1518.70" "ysfine.com"
71.178.208.102 - - [01/Feb/2023:14:52:32 -0800] "GET /photos/photo05a.jpg HTTP/1.1" 200 102807 "https://ysfine.com/bio21.html" "Mozilla/5.0 (Windows NT 10.0; Win64; x64) AppleWebKit/537.36 (KHTML, like Gecko) Chrome/109.0.0.0 Safari/537.36 Edg/109.0.1518.70" "ysfine.com"
71.178.208.102 - - [01/Feb/2023:14:52:32 -0800] "GET /photos/photo03a.jpg HTTP/1.1" 200 49471 "https://ysfine.com/bio21.html" "Mozilla/5.0 (Windows NT 10.0; Win64; x64) AppleWebKit/537.36 (KHTML, like Gecko) Chrome/109.0.0.0 Safari/537.36 Edg/109.0.1518.70" "ysfine.com"
208.104.68.102 - - [01/Feb/2023:14:52:39 -0800] "GET /maga/histo/oscar22.jpg HTTP/1.1" 200 101665 "https://www.google.com/" "Mozilla/5.0 (iPad; CPU OS 16_1_1 like Mac OS X) AppleWebKit/605.1.15 (KHTML, like Gecko) GSA/248.1.504392274 Mobile/20B101 Safari/604.1" "ysfine.com"
40.77.167.192 - - [01/Feb/2023:14:54:33 -0800] "GET /bio/eink/buythisbook.html HTTP/1.1" 404 88 "-" "Mozilla/5.0 AppleWebKit/537.36 (KHTML, like Gecko; compatible; bingbot/2.0; +http://www.bing.com/bingbot.htm) Chrome/103.0.5060.134 Safari/537.36" "ysfine.com"
40.77.167.192 - - [01/Feb/2023:14:54:34 -0800] "GET /bio.html HTTP/1.1" 200 18260 "-" "Mozilla/5.0 AppleWebKit/537.36 (KHTML, like Gecko; compatible; bingbot/2.0; +http://www.bing.com/bingbot.htm) Chrome/103.0.5060.134 Safari/537.36" "ysfine.com"
207.46.13.104 - - [01/Feb/2023:14:54:55 -0800] "GET /world/france/pariso10.jpg HTTP/1.1" 200 104494 "-" "Mozilla/5.0 AppleWebKit/537.36 (KHTML, like Gecko; compatible; bingbot/2.0; +http://www.bing.com/bingbot.htm) Chrome/103.0.5060.134 Safari/537.36" "www.ysfine.com"
52.167.144.62 - - [01/Feb/2023:14:56:16 -0800] "GET /world/hungary/kodaly01.jpg HTTP/1.1" 200 157349 "-" "Mozilla/5.0 AppleWebKit/537.36 (KHTML, like Gecko; compatible; bingbot/2.0; +http://www.bing.com/bingbot.htm) Chrome/103.0.5060.134 Safari/537.36" "ysfine.com"
207.46.13.104 - - [01/Feb/2023:14:56:37 -0800] "GET /eink/parton77a.jpg HTTP/1.1" 200 89323 "-" "Mozilla/5.0 AppleWebKit/537.36 (KHTML, like Gecko; compatible; bingbot/2.0; +http://www.bing.com/bingbot.htm) Chrome/103.0.5060.134 Safari/537.36" "ysfine.com"
51.222.253.4 - - [01/Feb/2023:14:56:41 -0800] "GET /folks/chinese.html HTTP/1.1" 200 12014 "-" "Mozilla/5.0 (compatible; AhrefsBot/7.0; +http://ahrefs.com/robot/)" "www.ysfine.com"
51.222.253.19 - - [01/Feb/2023:14:56:45 -0800] "GET /world/china/suz02b.jpg HTTP/1.1" 200 45332 "-" "Mozilla/5.0 (compatible; AhrefsBot/7.0; +http://ahrefs.com/robot/)" "www.ysfine.com"
51.222.253.13 - - [01/Feb/2023:14:56:47 -0800] "GET /world/china/qingdao11b.jpg HTTP/1.1" 200 49146 "-" "Mozilla/5.0 (compatible; AhrefsBot/7.0; +http://ahrefs.com/robot/)" "www.ysfine.com"
51.222.253.12 - - [01/Feb/2023:14:56:47 -0800] "GET /world/china/qingdao15b.jpg HTTP/1.1" 200 49499 "-" "Mozilla/5.0 (compatible; AhrefsBot/7.0; +http://ahrefs.com/robot/)" "www.ysfine.com"
51.222.253.16 - - [01/Feb/2023:14:56:48 -0800] "GET /folks/chinvien11b.jpg HTTP/1.1" 200 45727 "-" "Mozilla/5.0 (compatible; AhrefsBot/7.0; +http://ahrefs.com/robot/)" "www.ysfine.com"
51.222.253.19 - - [01/Feb/2023:14:56:49 -0800] "GET /folks/chinparis01b.jpg HTTP/1.1" 200 43049 "-" "Mozilla/5.0 (compatible; AhrefsBot/7.0; +http://ahrefs.com/robot/)" "www.ysfine.com"
51.222.253.18 - - [01/Feb/2023:14:56:49 -0800] "GET /world/china/hongkong04b.jpg HTTP/1.1" 200 37793 "-" "Mozilla/5.0 (compatible; AhrefsBot/7.0; +http://ahrefs.com/robot/)" "www.ysfine.com"
51.222.253.13 - - [01/Feb/2023:14:56:50 -0800] "GET /world/china/beijing005b.jpg HTTP/1.1" 200 51458 "-" "Mozilla/5.0 (compatible; AhrefsBot/7.0; +http://ahrefs.com/robot/)" "www.ysfine.com"
51.222.253.7 - - [01/Feb/2023:14:56:50 -0800] "GET /world/china/shanghai057b.jpg HTTP/1.1" 200 46869 "-" "Mozilla/5.0 (compatible; AhrefsBot/7.0; +http://ahrefs.com/robot/)" "www.ysfine.com"
51.222.253.17 - - [01/Feb/2023:14:56:51 -0800] "GET /folks/chinblem02b.jpg HTTP/1.1" 200 30347 "-" "Mozilla/5.0 (compatible; AhrefsBot/7.0; +http://ahrefs.com/robot/)" "www.ysfine.com"
51.222.253.1 - - [01/Feb/2023:14:56:51 -0800] "GET /world/china/beijing008b.jpg HTTP/1.1" 200 44987 "-" "Mozilla/5.0 (compatible; AhrefsBot/7.0; +http://ahrefs.com/robot/)" "www.ysfine.com"
51.222.253.2 - - [01/Feb/2023:14:56:51 -0800] "GET /world/china/guang81b.jpg HTTP/1.1" 200 56514 "-" "Mozilla/5.0 (compatible; AhrefsBot/7.0; +http://ahrefs.com/robot/)" "www.ysfine.com"
51.222.253.11 - - [01/Feb/2023:14:56:52 -0800] "GET /folks/gyang11b.jpg HTTP/1.1" 200 37959 "-" "Mozilla/5.0 (compatible; AhrefsBot/7.0; +http://ahrefs.com/robot/)" "www.ysfine.com"
51.222.253.8 - - [01/Feb/2023:14:56:54 -0800] "GET /folks/amkor/koshanghai01b.jpg HTTP/1.1" 200 43970 "-" "Mozilla/5.0 (compatible; AhrefsBot/7.0; +http://ahrefs.com/robot/)" "www.ysfine.com"
51.222.253.9 - - [01/Feb/2023:14:56:55 -0800] "GET /world/china/beijing007b.jpg HTTP/1.1" 200 39402 "-" "Mozilla/5.0 (compatible; AhrefsBot/7.0; +http://ahrefs.com/robot/)" "www.ysfine.com"
51.222.253.17 - - [01/Feb/2023:14:56:56 -0800] "GET /world/china/guang01b.jpg HTTP/1.1" 200 56649 "-" "Mozilla/5.0 (compatible; AhrefsBot/7.0; +http://ahrefs.com/robot/)" "www.ysfine.com"
51.222.253.2 - - [01/Feb/2023:14:56:57 -0800] "GET /folks/aline/chinaeast04b.jpg HTTP/1.1" 200 40329 "-" "Mozilla/5.0 (compatible; AhrefsBot/7.0; +http://ahrefs.com/robot/)" "www.ysfine.com"
51.222.253.19 - - [01/Feb/2023:14:56:58 -0800] "GET /world/china/shanghai006b.jpg HTTP/1.1" 200 39618 "-" "Mozilla/5.0 (compatible; AhrefsBot/7.0; +http://ahrefs.com/robot/)" "www.ysfine.com"
51.222.253.20 - - [01/Feb/2023:14:56:58 -0800] "GET /folks/aline/chinasouth02b.jpg HTTP/1.1" 200 38708 "-" "Mozilla/5.0 (compatible; AhrefsBot/7.0; +http://ahrefs.com/robot/)" "www.ysfine.com"
51.222.253.18 - - [01/Feb/2023:14:56:59 -0800] "GET /folks/chinfarm11b.jpg HTTP/1.1" 200 34640 "-" "Mozilla/5.0 (compatible; AhrefsBot/7.0; +http://ahrefs.com/robot/)" "www.ysfine.com"
51.222.253.17 - - [01/Feb/2023:14:57:01 -0800] "GET /folks/chinstu09b.jpg HTTP/1.1" 200 42873 "-" "Mozilla/5.0 (compatible; AhrefsBot/7.0; +http://ahrefs.com/robot/)" "www.ysfine.com"
51.222.253.17 - - [01/Feb/2023:14:57:01 -0800] "GET /world/china/nanjing08b.jpg HTTP/1.1" 200 43595 "-" "Mozilla/5.0 (compatible; AhrefsBot/7.0; +http://ahrefs.com/robot/)" "www.ysfine.com"
51.222.253.15 - - [01/Feb/2023:14:57:02 -0800] "GET /world/china/chongking17b.jpg HTTP/1.1" 200 54315 "-" "Mozilla/5.0 (compatible; AhrefsBot/7.0; +http://ahrefs.com/robot/)" "www.ysfine.com"
51.222.253.5 - - [01/Feb/2023:14:57:03 -0800] "GET /world/china/beijing001b.jpg HTTP/1.1" 200 48387 "-" "Mozilla/5.0 (compatible; AhrefsBot/7.0; +http://ahrefs.com/robot/)" "www.ysfine.com"
51.222.253.16 - - [01/Feb/2023:14:57:04 -0800] "GET /world/china/nanjing06b.jpg HTTP/1.1" 200 45376 "-" "Mozilla/5.0 (compatible; AhrefsBot/7.0; +http://ahrefs.com/robot/)" "www.ysfine.com"
51.222.253.8 - - [01/Feb/2023:14:57:04 -0800] "GET /world/china/nanjing03b.jpg HTTP/1.1" 200 50976 "-" "Mozilla/5.0 (compatible; AhrefsBot/7.0; +http://ahrefs.com/robot/)" "www.ysfine.com"
51.222.253.20 - - [01/Feb/2023:14:57:05 -0800] "GET /world/china/hongkong03b.jpg HTTP/1.1" 200 42095 "-" "Mozilla/5.0 (compatible; AhrefsBot/7.0; +http://ahrefs.com/robot/)" "www.ysfine.com"
51.222.253.11 - - [01/Feb/2023:14:57:05 -0800] "GET /world/china/qingdao08b.jpg HTTP/1.1" 200 41547 "-" "Mozilla/5.0 (compatible; AhrefsBot/7.0; +http://ahrefs.com/robot/)" "www.ysfine.com"
51.222.253.4 - - [01/Feb/2023:14:57:06 -0800] "GET /world/china/shanghai071b.jpg HTTP/1.1" 200 47273 "-" "Mozilla/5.0 (compatible; AhrefsBot/7.0; +http://ahrefs.com/robot/)" "www.ysfine.com"
51.222.253.11 - - [01/Feb/2023:14:57:07 -0800] "GET /world/china/chongking22b.jpg HTTP/1.1" 200 45077 "-" "Mozilla/5.0 (compatible; AhrefsBot/7.0; +http://ahrefs.com/robot/)" "www.ysfine.com"
51.222.253.10 - - [01/Feb/2023:14:57:07 -0800] "GET /world/china/qingdao01b.jpg HTTP/1.1" 200 51546 "-" "Mozilla/5.0 (compatible; AhrefsBot/7.0; +http://ahrefs.com/robot/)" "www.ysfine.com"
51.222.253.1 - - [01/Feb/2023:14:57:17 -0800] "GET /world/china/shanghai058b.jpg HTTP/1.1" 200 39131 "-" "Mozilla/5.0 (compatible; AhrefsBot/7.0; +http://ahrefs.com/robot/)" "www.ysfine.com"
51.222.253.12 - - [01/Feb/2023:14:57:21 -0800] "GET /folks/chinuk22b.jpg HTTP/1.1" 200 57661 "-" "Mozilla/5.0 (compatible; AhrefsBot/7.0; +http://ahrefs.com/robot/)" "www.ysfine.com"
200.150.115.106 - - [01/Feb/2023:14:57:23 -0800] "GET /wigner/neum/vnc01.jpg HTTP/1.1" 200 133641 "https://sites.google.com/" "Mozilla/5.0 (Linux; Android 10; moto g(7) plus) AppleWebKit/537.36 (KHTML, like Gecko) Chrome/109.0.0.0 Mobile Safari/537.36" "ysfine.com"
51.222.253.3 - - [01/Feb/2023:14:57:23 -0800] "GET /folks/aline/chinasouth05b.jpg HTTP/1.1" 200 36365 "-" "Mozilla/5.0 (compatible; AhrefsBot/7.0; +http://ahrefs.com/robot/)" "www.ysfine.com"
51.222.253.5 - - [01/Feb/2023:14:57:24 -0800] "GET /world/china/hangz03b.jpg HTTP/1.1" 200 49499 "-" "Mozilla/5.0 (compatible; AhrefsBot/7.0; +http://ahrefs.com/robot/)" "www.ysfine.com"
51.222.253.14 - - [01/Feb/2023:14:57:25 -0800] "GET /world/china/beijing009b.jpg HTTP/1.1" 200 44188 "-" "Mozilla/5.0 (compatible; AhrefsBot/7.0; +http://ahrefs.com/robot/)" "www.ysfine.com"
51.222.253.1 - - [01/Feb/2023:14:57:26 -0800] "GET /world/china/beijing016b.jpg HTTP/1.1" 200 44120 "-" "Mozilla/5.0 (compatible; AhrefsBot/7.0; +http://ahrefs.com/robot/)" "www.ysfine.com"
51.222.253.16 - - [01/Feb/2023:14:57:26 -0800] "GET /world/china/shanghai059b.jpg HTTP/1.1" 200 41798 "-" "Mozilla/5.0 (compatible; AhrefsBot/7.0; +http://ahrefs.com/robot/)" "www.ysfine.com"
51.222.253.5 - - [01/Feb/2023:14:57:27 -0800] "GET /folks/chinstu01b.jpg HTTP/1.1" 200 66558 "-" "Mozilla/5.0 (compatible; AhrefsBot/7.0; +http://ahrefs.com/robot/)" "www.ysfine.com"
51.222.253.18 - - [01/Feb/2023:14:57:27 -0800] "GET /folks/chinactress22b.jpg HTTP/1.1" 200 33996 "-" "Mozilla/5.0 (compatible; AhrefsBot/7.0; +http://ahrefs.com/robot/)" "www.ysfine.com"
51.222.253.20 - - [01/Feb/2023:14:57:28 -0800] "GET /world/china/shanghai054b.jpg HTTP/1.1" 200 38656 "-" "Mozilla/5.0 (compatible; AhrefsBot/7.0; +http://ahrefs.com/robot/)" "www.ysfine.com"
5.161.50.247 - - [01/Feb/2023:14:58:23 -0800] "GET /wp-login.php HTTP/1.1" 404 88 "http://ysfine.com/wp-login.php" "Mozilla/5.0 (Windows NT 10.0; Win64; x64) AppleWebKit/537.36 (KHTML, like Gecko) Chrome/64.0.3282.140 Safari/537.36 Edge/18.17763" "ysfine.com"
5.255.253.182 - - [01/Feb/2023:14:58:33 -0800] "GET /ysbio/articles/euler.pdf HTTP/1.1" 404 88 "-" "Mozilla/5.0 (compatible; YandexBot/3.0; +http://yandex.com/bots) AppleWebKit/537.36 (KHTML, like Gecko) Chrome/81.0.4044.268" "www.ysfine.com"
5.161.73.130 - - [01/Feb/2023:14:59:14 -0800] "GET /kowar/tanks/tank02b.jpg HTTP/1.1" 200 30002 "-" "Mozilla/5.0 (X11; Ubuntu; Linux x86_64; rv:107.0) Gecko/20100101 Firefox/107.0" "ysfine.com"
52.167.144.39 - - [01/Feb/2023:14:59:29 -0800] "GET /style/music/verein11.jpg HTTP/1.1" 200 83100 "-" "Mozilla/5.0 AppleWebKit/537.36 (KHTML, like Gecko; compatible; bingbot/2.0; +http://www.bing.com/bingbot.htm) Chrome/103.0.5060.134 Safari/537.36" "www.ysfine.com"
207.46.13.104 - - [01/Feb/2023:14:59:57 -0800] "GET /world/germany/salzmo14.jpg HTTP/1.1" 200 115748 "-" "Mozilla/5.0 AppleWebKit/537.36 (KHTML, like Gecko; compatible; bingbot/2.0; +http://www.bing.com/bingbot.htm) Chrome/103.0.5060.134 Safari/537.36" "www.ysfine.com"
52.167.144.39 - - [01/Feb/2023:15:00:29 -0800] "GET /bio/einstein/bern.html HTTP/1.1" 404 88 "-" "Mozilla/5.0 AppleWebKit/537.36 (KHTML, like Gecko; compatible; bingbot/2.0; +http://www.bing.com/bingbot.htm) Chrome/103.0.5060.134 Safari/537.36" "ysfine.com"
216.244.66.229 - - [01/Feb/2023:15:01:06 -0800] "GET /ffriends/aline/british02.jpg HTTP/1.1" 200 94866 "-" "Mozilla/5.0 (compatible; DotBot/1.2; +https://opensiteexplorer.org/dotbot; help@moz.com)" "www.ysfine.com"
5.161.109.154 - - [01/Feb/2023:15:01:29 -0800] "GET /world/scandi/nbi01.jpg HTTP/1.1" 200 108702 "-" "Mozilla/5.0 (X11; Ubuntu; Linux x86_64; rv:107.0) Gecko/20100101 Firefox/107.0" "ysfine.com"
52.167.144.62 - - [01/Feb/2023:15:01:49 -0800] "GET /maga/phys/huygens01.jpg HTTP/1.1" 200 1130486 "-" "Mozilla/5.0 AppleWebKit/537.36 (KHTML, like Gecko; compatible; bingbot/2.0; +http://www.bing.com/bingbot.htm) Chrome/103.0.5060.134 Safari/537.36" "www.ysfine.com"
52.167.144.62 - - [01/Feb/2023:15:01:50 -0800] "GET /maga/phys/schrod11.jpg HTTP/1.1" 200 107958 "-" "Mozilla/5.0 AppleWebKit/537.36 (KHTML, like Gecko; compatible; bingbot/2.0; +http://www.bing.com/bingbot.htm) Chrome/103.0.5060.134 Safari/537.36" "www.ysfine.com"
52.167.144.62 - - [01/Feb/2023:15:01:50 -0800] "GET /wigner/neum/ymath.jpg HTTP/1.1" 200 64930 "-" "Mozilla/5.0 AppleWebKit/537.36 (KHTML, like Gecko; compatible; bingbot/2.0; +http://www.bing.com/bingbot.htm) Chrome/103.0.5060.134 Safari/537.36" "www.ysfine.com"
207.46.13.64 - - [01/Feb/2023:15:01:54 -0800] "GET /kobak/kimjap11b.jpg HTTP/1.1" 200 63075 "-" "Mozilla/5.0 AppleWebKit/537.36 (KHTML, like Gecko; compatible; bingbot/2.0; +http://www.bing.com/bingbot.htm) Chrome/103.0.5060.134 Safari/537.36" "www.ysfine.com"
207.46.13.64 - - [01/Feb/2023:15:01:54 -0800] "GET /wigner/wigheis33.jpg HTTP/1.1" 200 120687 "-" "Mozilla/5.0 AppleWebKit/537.36 (KHTML, like Gecko; compatible; bingbot/2.0; +http://www.bing.com/bingbot.htm) Chrome/103.0.5060.134 Safari/537.36" "www.ysfine.com"
207.46.13.64 - - [01/Feb/2023:15:01:54 -0800] "GET /world/russ/kazanmap22.jpg HTTP/1.1" 200 129761 "-" "Mozilla/5.0 AppleWebKit/537.36 (KHTML, like Gecko; compatible; bingbot/2.0; +http://www.bing.com/bingbot.htm) Chrome/103.0.5060.134 Safari/537.36" "www.ysfine.com"
207.46.13.104 - - [01/Feb/2023:15:01:59 -0800] "GET /maga/histo/oscar33.jpg HTTP/1.1" 200 140181 "-" "Mozilla/5.0 AppleWebKit/537.36 (KHTML, like Gecko; compatible; bingbot/2.0; +http://www.bing.com/bingbot.htm) Chrome/103.0.5060.134 Safari/537.36" "www.ysfine.com"
52.167.144.86 - - [01/Feb/2023:15:02:04 -0800] "GET /einstein/places/einmu27.jpg HTTP/1.1" 200 126014 "-" "Mozilla/5.0 AppleWebKit/537.36 (KHTML, like Gecko; compatible; bingbot/2.0; +http://www.bing.com/bingbot.htm) Chrome/103.0.5060.134 Safari/537.36" "www.ysfine.com"
52.167.144.86 - - [01/Feb/2023:15:02:04 -0800] "GET /feynman/standardmo01.jpg HTTP/1.1" 200 94736 "-" "Mozilla/5.0 AppleWebKit/537.36 (KHTML, like Gecko; compatible; bingbot/2.0; +http://www.bing.com/bingbot.htm) Chrome/103.0.5060.134 Safari/537.36" "www.ysfine.com"
52.167.144.86 - - [01/Feb/2023:15:02:04 -0800] "GET /style/beetho66.jpg HTTP/1.1" 200 83283 "-" "Mozilla/5.0 AppleWebKit/537.36 (KHTML, like Gecko; compatible; bingbot/2.0; +http://www.bing.com/bingbot.htm) Chrome/103.0.5060.134 Safari/537.36" "www.ysfine.com"
52.167.144.39 - - [01/Feb/2023:15:02:08 -0800] "GET /eink/newtein33.jpg HTTP/1.1" 200 111810 "-" "Mozilla/5.0 AppleWebKit/537.36 (KHTML, like Gecko; compatible; bingbot/2.0; +http://www.bing.com/bingbot.htm) Chrome/103.0.5060.134 Safari/537.36" "www.ysfine.com"
52.167.144.39 - - [01/Feb/2023:15:02:10 -0800] "GET /dirac/diracbul270.jpg HTTP/1.1" 200 37621 "-" "Mozilla/5.0 AppleWebKit/537.36 (KHTML, like Gecko; compatible; bingbot/2.0; +http://www.bing.com/bingbot.htm) Chrome/103.0.5060.134 Safari/537.36" "www.ysfine.com"
52.167.144.39 - - [01/Feb/2023:15:02:10 -0800] "GET /world/brit/eton11.jpg HTTP/1.1" 200 107084 "-" "Mozilla/5.0 AppleWebKit/537.36 (KHTML, like Gecko; compatible; bingbot/2.0; +http://www.bing.com/bingbot.htm) Chrome/103.0.5060.134 Safari/537.36" "www.ysfine.com"
