51.222.253.3 - - [23/Jan/2023:09:37:46 -0800] "GET /yspapers/ortho66c.jpg HTTP/1.1" 200 27511 "-" "Mozilla/5.0 (compatible; AhrefsBot/7.0; +http://ahrefs.com/robot/)" "www.ysfine.com"
51.222.253.1 - - [23/Jan/2023:09:37:46 -0800] "GET /yspapers/iop19c.jpg HTTP/1.1" 200 40220 "-" "Mozilla/5.0 (compatible; AhrefsBot/7.0; +http://ahrefs.com/robot/)" "www.ysfine.com"
51.222.253.12 - - [23/Jan/2023:09:37:47 -0800] "GET /yspapers/goodbad11c.jpg HTTP/1.1" 200 18689 "-" "Mozilla/5.0 (compatible; AhrefsBot/7.0; +http://ahrefs.com/robot/)" "www.ysfine.com"
51.222.253.10 - - [23/Jan/2023:09:37:47 -0800] "GET /yspapers/feynrio55c.jpg HTTP/1.1" 200 55222 "-" "Mozilla/5.0 (compatible; AhrefsBot/7.0; +http://ahrefs.com/robot/)" "www.ysfine.com"
51.222.253.2 - - [23/Jan/2023:09:37:47 -0800] "GET /yspapers/parton66f.jpg HTTP/1.1" 200 85165 "-" "Mozilla/5.0 (compatible; AhrefsBot/7.0; +http://ahrefs.com/robot/)" "www.ysfine.com"
51.222.253.20 - - [23/Jan/2023:09:37:48 -0800] "GET /yspapers/isomor88f.jpg HTTP/1.1" 200 87213 "-" "Mozilla/5.0 (compatible; AhrefsBot/7.0; +http://ahrefs.com/robot/)" "www.ysfine.com"
51.222.253.16 - - [23/Jan/2023:09:37:48 -0800] "GET /awards/beward11f.jpg HTTP/1.1" 200 123557 "-" "Mozilla/5.0 (compatible; AhrefsBot/7.0; +http://ahrefs.com/robot/)" "www.ysfine.com"
51.222.253.7 - - [23/Jan/2023:09:37:49 -0800] "GET /home/canal11c.jpg HTTP/1.1" 200 31848 "-" "Mozilla/5.0 (compatible; AhrefsBot/7.0; +http://ahrefs.com/robot/)" "www.ysfine.com"
51.222.253.12 - - [23/Jan/2023:09:37:49 -0800] "GET /yspapers/iop21c.jpg HTTP/1.1" 200 30227 "-" "Mozilla/5.0 (compatible; AhrefsBot/7.0; +http://ahrefs.com/robot/)" "www.ysfine.com"
51.222.253.5 - - [23/Jan/2023:09:37:50 -0800] "GET /yspapers/sq73c.jpg HTTP/1.1" 200 38604 "-" "Mozilla/5.0 (compatible; AhrefsBot/7.0; +http://ahrefs.com/robot/)" "www.ysfine.com"
51.222.253.12 - - [23/Jan/2023:09:37:50 -0800] "GET /yspapers/neupol01c.jpg HTTP/1.1" 200 27087 "-" "Mozilla/5.0 (compatible; AhrefsBot/7.0; +http://ahrefs.com/robot/)" "www.ysfine.com"
51.222.253.9 - - [23/Jan/2023:09:37:50 -0800] "GET /home/truck/truck20c.jpg HTTP/1.1" 200 29999 "-" "Mozilla/5.0 (compatible; AhrefsBot/7.0; +http://ahrefs.com/robot/)" "www.ysfine.com"
51.222.253.5 - - [23/Jan/2023:09:37:51 -0800] "GET /yspapers/shear11c.jpg HTTP/1.1" 200 27291 "-" "Mozilla/5.0 (compatible; AhrefsBot/7.0; +http://ahrefs.com/robot/)" "www.ysfine.com"
51.222.253.9 - - [23/Jan/2023:09:37:51 -0800] "GET /yspapers/evol77c.jpg HTTP/1.1" 200 52015 "-" "Mozilla/5.0 (compatible; AhrefsBot/7.0; +http://ahrefs.com/robot/)" "www.ysfine.com"
51.222.253.20 - - [23/Jan/2023:09:37:52 -0800] "GET /yspapers/fortune21f.jpg HTTP/1.1" 200 131858 "-" "Mozilla/5.0 (compatible; AhrefsBot/7.0; +http://ahrefs.com/robot/)" "www.ysfine.com"
51.222.253.4 - - [23/Jan/2023:09:37:52 -0800] "GET /yspapers/comet30f.jpg HTTP/1.1" 200 93087 "-" "Mozilla/5.0 (compatible; AhrefsBot/7.0; +http://ahrefs.com/robot/)" "www.ysfine.com"
51.222.253.8 - - [23/Jan/2023:09:37:53 -0800] "GET /yspapers/qboil17f.jpg HTTP/1.1" 200 39480 "-" "Mozilla/5.0 (compatible; AhrefsBot/7.0; +http://ahrefs.com/robot/)" "www.ysfine.com"
51.222.253.10 - - [23/Jan/2023:09:37:53 -0800] "GET /yspapers/tollwig11c.jpg HTTP/1.1" 200 28195 "-" "Mozilla/5.0 (compatible; AhrefsBot/7.0; +http://ahrefs.com/robot/)" "www.ysfine.com"
51.222.253.7 - - [23/Jan/2023:09:37:53 -0800] "GET /yspapers/emcbirth77c.jpg HTTP/1.1" 200 27922 "-" "Mozilla/5.0 (compatible; AhrefsBot/7.0; +http://ahrefs.com/robot/)" "www.ysfine.com"
51.222.253.8 - - [23/Jan/2023:09:37:54 -0800] "GET /yspapers/sp2c.jpg HTTP/1.1" 200 29079 "-" "Mozilla/5.0 (compatible; AhrefsBot/7.0; +http://ahrefs.com/robot/)" "www.ysfine.com"
64.235.97.86 - - [23/Jan/2023:09:38:26 -0800] "GET /wigner/teller.jpg HTTP/1.1" 200 98739 "http://nucleargreen.blogspot.com/" "Mozilla/5.0 (Windows NT 10.0; Win64; x64) AppleWebKit/537.36 (KHTML, like Gecko) Chrome/109.0.0.0 Safari/537.36" "ysfine.com"
72.69.0.253 - - [23/Jan/2023:09:38:28 -0800] "GET /princeton/brooke88.jpg HTTP/1.1" 200 82208 "https://www.google.com/" "Mozilla/5.0 (iPhone; CPU iPhone OS 16_2 like Mac OS X) AppleWebKit/605.1.15 (KHTML, like Gecko) Version/16.2 Mobile/15E148 Safari/604.1" "ysfine.com"
40.77.167.11 - - [23/Jan/2023:09:38:38 -0800] "GET /maga/ HTTP/1.1" 200 6127 "-" "Mozilla/5.0 (compatible; bingbot/2.0; +http://www.bing.com/bingbot.htm)" "www.ysfine.com"
17.241.227.140 - - [23/Jan/2023:09:39:34 -0800] "GET /wigner/e(2).html HTTP/1.1" 200 4288 "-" "Mozilla/5.0 (Macintosh; Intel Mac OS X 10_15_5) AppleWebKit/605.1.15 (KHTML, like Gecko) Version/13.1.1 Safari/605.1.15 (Applebot/0.1; +http://www.apple.com/go/applebot)" "ysfine.com"
95.163.255.68 - - [23/Jan/2023:09:41:14 -0800] "GET /robots.txt HTTP/1.1" 404 73 "-" "Mozilla/5.0 (compatible; Linux x86_64; Mail.RU_Bot/2.0; +https://help.mail.ru/webmaster/indexing/robots)" "ysfine.com"
95.163.255.63 - - [23/Jan/2023:09:41:16 -0800] "GET /philo/michel.jpg HTTP/1.1" 404 88 "-" "Mozilla/5.0 (compatible; Linux x86_64; Mail.RU_Bot/2.0; +https://help.mail.ru/webmaster/indexing/robots)" "ysfine.com"
40.77.167.11 - - [23/Jan/2023:09:41:49 -0800] "GET /wigner/gcontrac.html HTTP/1.1" 200 2279 "-" "Mozilla/5.0 AppleWebKit/537.36 (KHTML, like Gecko; compatible; bingbot/2.0; +http://www.bing.com/bingbot.htm) Chrome/103.0.5060.134 Safari/537.36" "ysfine.com"
40.64.106.11 - - [23/Jan/2023:09:42:39 -0800] "GET /style/3graces/indilis01.jpg HTTP/1.1" 200 415747 "http://ysfine.com/style/3graces/indilis01.jpg" "DuckDuckBot/1.1; (+http://duckduckgo.com/duckduckbot.html)" "ysfine.com"
207.46.13.167 - - [23/Jan/2023:09:42:43 -0800] "GET /world/japan/kyoto005b.jpg HTTP/1.1" 200 59493 "-" "Mozilla/5.0 AppleWebKit/537.36 (KHTML, like Gecko; compatible; bingbot/2.0; +http://www.bing.com/bingbot.htm) Chrome/103.0.5060.134 Safari/537.36" "ysfine.com"
3.211.110.80 - - [23/Jan/2023:09:43:34 -0800] "GET /style/lincolnc.jpg HTTP/1.1" 200 85474 "-" "Mozilla/5.0 (X11; Ubuntu; Linux x86_64; rv:72.0) Gecko/20100101 Firefox/72.0" "ysfine.com"
207.46.13.176 - - [23/Jan/2023:09:43:55 -0800] "GET /bio/kobak/soraech.html HTTP/1.1" 404 88 "-" "Mozilla/5.0 AppleWebKit/537.36 (KHTML, like Gecko; compatible; bingbot/2.0; +http://www.bing.com/bingbot.htm) Chrome/103.0.5060.134 Safari/537.36" "ysfine.com"
207.46.13.176 - - [23/Jan/2023:09:44:47 -0800] "GET /bio.html HTTP/1.1" 200 18260 "-" "Mozilla/5.0 AppleWebKit/537.36 (KHTML, like Gecko; compatible; bingbot/2.0; +http://www.bing.com/bingbot.htm) Chrome/103.0.5060.134 Safari/537.36" "ysfine.com"
207.46.13.167 - - [23/Jan/2023:09:45:05 -0800] "GET /maga/bridges.html HTTP/1.1" 200 4741 "-" "Mozilla/5.0 AppleWebKit/537.36 (KHTML, like Gecko; compatible; bingbot/2.0; +http://www.bing.com/bingbot.htm) Chrome/103.0.5060.134 Safari/537.36" "www.ysfine.com"
207.46.13.27 - - [23/Jan/2023:09:45:33 -0800] "GET /home/onephys.html HTTP/1.1" 200 2527 "-" "Mozilla/5.0 AppleWebKit/537.36 (KHTML, like Gecko; compatible; bingbot/2.0; +http://www.bing.com/bingbot.htm) Chrome/103.0.5060.134 Safari/537.36" "ysfine.com"
207.46.13.15 - - [23/Jan/2023:09:46:16 -0800] "GET /bio/style/proschanie.html HTTP/1.1" 404 88 "-" "Mozilla/5.0 AppleWebKit/537.36 (KHTML, like Gecko; compatible; bingbot/2.0; +http://www.bing.com/bingbot.htm) Chrome/103.0.5060.134 Safari/537.36" "ysfine.com"
40.77.167.11 - - [23/Jan/2023:09:46:38 -0800] "GET /bio/einstein/bern.html HTTP/1.1" 404 88 "-" "Mozilla/5.0 (compatible; bingbot/2.0; +http://www.bing.com/bingbot.htm)" "ysfine.com"
207.46.13.167 - - [23/Jan/2023:09:48:48 -0800] "GET /bio/wigner/e(2).html HTTP/1.1" 404 88 "-" "Mozilla/5.0 AppleWebKit/537.36 (KHTML, like Gecko; compatible; bingbot/2.0; +http://www.bing.com/bingbot.htm) Chrome/103.0.5060.134 Safari/537.36" "ysfine.com"
185.184.157.102 - - [23/Jan/2023:09:49:57 -0800] "GET /robots.txt HTTP/1.1" 404 88 "-" "Mozilla/5.0 (compatible; linkdexbot/2.0; +http://www.linkdex.com/bots/)" "ysfine.com"
185.184.157.102 - - [23/Jan/2023:09:49:57 -0800] "GET /world/travel.html HTTP/1.1" 200 1633 "-" "Mozilla/5.0 (compatible; linkdexbot/2.0; +http://www.linkdex.com/bots/)" "www.ysfine.com"
185.184.157.102 - - [23/Jan/2023:09:49:57 -0800] "GET /robots.txt HTTP/1.1" 404 88 "-" "Mozilla/5.0 (compatible; linkdexbot/2.0; +http://www.linkdex.com/bots/)" "www.ysfine.com"
122.230.134.76 - - [23/Jan/2023:09:50:13 -0800] "HEAD / HTTP/1.1" 200 - "-" "curl/7.64.0" "www.ysfine.com"
51.222.253.17 - - [23/Jan/2023:09:50:17 -0800] "GET /wigner/gcontrac.html HTTP/1.1" 200 2279 "-" "Mozilla/5.0 (compatible; AhrefsBot/7.0; +http://ahrefs.com/robot/)" "www.ysfine.com"
51.222.253.13 - - [23/Jan/2023:09:50:19 -0800] "GET /wigner/wigkim2.jpg HTTP/1.1" 200 40700 "-" "Mozilla/5.0 (compatible; AhrefsBot/7.0; +http://ahrefs.com/robot/)" "www.ysfine.com"
51.222.253.15 - - [23/Jan/2023:09:50:20 -0800] "GET /wigner/isomor77c.jpg HTTP/1.1" 200 43414 "-" "Mozilla/5.0 (compatible; AhrefsBot/7.0; +http://ahrefs.com/robot/)" "www.ysfine.com"
174.100.162.147 - - [23/Jan/2023:09:50:44 -0800] "GET /maga/desiree.html HTTP/1.1" 200 2747 "https://www.google.com/" "Mozilla/5.0 (Macintosh; Intel Mac OS X 10_15_6) AppleWebKit/605.1.15 (KHTML, like Gecko) Version/15.6.1 Safari/605.1.15" "ysfine.com"
174.100.162.147 - - [23/Jan/2023:09:50:44 -0800] "GET /maga/histo/desiree23b.jpg HTTP/1.1" 200 40638 "https://ysfine.com/maga/desiree.html" "Mozilla/5.0 (Macintosh; Intel Mac OS X 10_15_6) AppleWebKit/605.1.15 (KHTML, like Gecko) Version/15.6.1 Safari/605.1.15" "ysfine.com"
174.100.162.147 - - [23/Jan/2023:09:50:44 -0800] "GET /maga/histo/swedking01b.jpg HTTP/1.1" 200 41020 "https://ysfine.com/maga/desiree.html" "Mozilla/5.0 (Macintosh; Intel Mac OS X 10_15_6) AppleWebKit/605.1.15 (KHTML, like Gecko) Version/15.6.1 Safari/605.1.15" "ysfine.com"
174.100.162.147 - - [23/Jan/2023:09:50:44 -0800] "GET /maga/histo/desiree22b.jpg HTTP/1.1" 200 44724 "https://ysfine.com/maga/desiree.html" "Mozilla/5.0 (Macintosh; Intel Mac OS X 10_15_6) AppleWebKit/605.1.15 (KHTML, like Gecko) Version/15.6.1 Safari/605.1.15" "ysfine.com"
174.100.162.147 - - [23/Jan/2023:09:50:44 -0800] "GET /maga/histo/desiree21b.jpg HTTP/1.1" 200 40810 "https://ysfine.com/maga/desiree.html" "Mozilla/5.0 (Macintosh; Intel Mac OS X 10_15_6) AppleWebKit/605.1.15 (KHTML, like Gecko) Version/15.6.1 Safari/605.1.15" "ysfine.com"
174.100.162.147 - - [23/Jan/2023:09:50:45 -0800] "GET /maga/histo/desiree24b.jpg HTTP/1.1" 200 44371 "https://ysfine.com/maga/desiree.html" "Mozilla/5.0 (Macintosh; Intel Mac OS X 10_15_6) AppleWebKit/605.1.15 (KHTML, like Gecko) Version/15.6.1 Safari/605.1.15" "ysfine.com"
174.100.162.147 - - [23/Jan/2023:09:50:45 -0800] "GET /maga/histo/oscar33a.jpg HTTP/1.1" 200 47506 "https://ysfine.com/maga/desiree.html" "Mozilla/5.0 (Macintosh; Intel Mac OS X 10_15_6) AppleWebKit/605.1.15 (KHTML, like Gecko) Version/15.6.1 Safari/605.1.15" "ysfine.com"
174.100.162.147 - - [23/Jan/2023:09:50:45 -0800] "GET /maga/histo/victoria01b.jpg HTTP/1.1" 200 36748 "https://ysfine.com/maga/desiree.html" "Mozilla/5.0 (Macintosh; Intel Mac OS X 10_15_6) AppleWebKit/605.1.15 (KHTML, like Gecko) Version/15.6.1 Safari/605.1.15" "ysfine.com"
174.100.162.147 - - [23/Jan/2023:09:50:45 -0800] "GET /eink/eink61c.jpg HTTP/1.1" 200 34119 "https://ysfine.com/maga/desiree.html" "Mozilla/5.0 (Macintosh; Intel Mac OS X 10_15_6) AppleWebKit/605.1.15 (KHTML, like Gecko) Version/15.6.1 Safari/605.1.15" "ysfine.com"
174.100.162.147 - - [23/Jan/2023:09:50:45 -0800] "GET /maga/histo/desiree25b.jpg HTTP/1.1" 200 38423 "https://ysfine.com/maga/desiree.html" "Mozilla/5.0 (Macintosh; Intel Mac OS X 10_15_6) AppleWebKit/605.1.15 (KHTML, like Gecko) Version/15.6.1 Safari/605.1.15" "ysfine.com"
174.100.162.147 - - [23/Jan/2023:09:50:45 -0800] "GET /maga/histo/oscar22b.jpg HTTP/1.1" 200 36819 "https://ysfine.com/maga/desiree.html" "Mozilla/5.0 (Macintosh; Intel Mac OS X 10_15_6) AppleWebKit/605.1.15 (KHTML, like Gecko) Version/15.6.1 Safari/605.1.15" "ysfine.com"
174.100.162.147 - - [23/Jan/2023:09:50:45 -0800] "GET /favicon.ico HTTP/1.1" 404 88 "https://ysfine.com/maga/desiree.html" "Mozilla/5.0 (Macintosh; Intel Mac OS X 10_15_6) AppleWebKit/605.1.15 (KHTML, like Gecko) Version/15.6.1 Safari/605.1.15" "ysfine.com"
40.77.167.11 - - [23/Jan/2023:09:50:58 -0800] "GET /houses/vernon.html HTTP/1.1" 200 1478 "-" "Mozilla/5.0 (compatible; bingbot/2.0; +http://www.bing.com/bingbot.htm)" "ysfine.com"
185.184.157.102 - - [23/Jan/2023:09:51:20 -0800] "GET /world/travel.html HTTP/1.1" 200 1633 "-" "Mozilla/5.0 (compatible; linkdexbot/2.0; +http://www.linkdex.com/bots/)" "www.ysfine.com"
185.184.157.102 - - [23/Jan/2023:09:51:20 -0800] "GET /robots.txt HTTP/1.1" 404 88 "-" "Mozilla/5.0 (compatible; linkdexbot/2.0; +http://www.linkdex.com/bots/)" "ysfine.com"
185.184.157.102 - - [23/Jan/2023:09:51:20 -0800] "GET /robots.txt HTTP/1.1" 404 88 "-" "Mozilla/5.0 (compatible; linkdexbot/2.0; +http://www.linkdex.com/bots/)" "www.ysfine.com"
120.244.100.192 - - [23/Jan/2023:09:51:36 -0800] "HEAD / HTTP/1.1" 200 - "-" "curl/7.64.0" "www.ysfine.com"
183.209.181.232 - - [23/Jan/2023:09:51:38 -0800] "HEAD / HTTP/1.1" 200 - "-" "curl/7.64.0" "www.ysfine.com"
206.202.88.34 - - [23/Jan/2023:09:51:44 -0800] "GET /world/brit/etonharrow.html HTTP/1.1" 200 4544 "https://www.google.com/" "Mozilla/5.0 (Windows NT 10.0; Win64; x64) AppleWebKit/537.36 (KHTML, like Gecko) Chrome/109.0.0.0 Safari/537.36" "ysfine.com"
206.202.88.34 - - [23/Jan/2023:09:51:44 -0800] "GET /world/brit/nehru11b.jpg HTTP/1.1" 200 43052 "https://ysfine.com/world/brit/etonharrow.html" "Mozilla/5.0 (Windows NT 10.0; Win64; x64) AppleWebKit/537.36 (KHTML, like Gecko) Chrome/109.0.0.0 Safari/537.36" "ysfine.com"
206.202.88.34 - - [23/Jan/2023:09:51:44 -0800] "GET /world/brit/winston01b.jpg HTTP/1.1" 200 38436 "https://ysfine.com/world/brit/etonharrow.html" "Mozilla/5.0 (Windows NT 10.0; Win64; x64) AppleWebKit/537.36 (KHTML, like Gecko) Chrome/109.0.0.0 Safari/537.36" "ysfine.com"
206.202.88.34 - - [23/Jan/2023:09:51:45 -0800] "GET /kobak/kwk11b.jpg HTTP/1.1" 200 46888 "https://ysfine.com/world/brit/etonharrow.html" "Mozilla/5.0 (Windows NT 10.0; Win64; x64) AppleWebKit/537.36 (KHTML, like Gecko) Chrome/109.0.0.0 Safari/537.36" "ysfine.com"
206.202.88.34 - - [23/Jan/2023:09:51:45 -0800] "GET /world/brit/eton02b.jpg HTTP/1.1" 200 39432 "https://ysfine.com/world/brit/etonharrow.html" "Mozilla/5.0 (Windows NT 10.0; Win64; x64) AppleWebKit/537.36 (KHTML, like Gecko) Chrome/109.0.0.0 Safari/537.36" "ysfine.com"
206.202.88.34 - - [23/Jan/2023:09:51:45 -0800] "GET /world/brit/eton01b.jpg HTTP/1.1" 200 47771 "https://ysfine.com/world/brit/etonharrow.html" "Mozilla/5.0 (Windows NT 10.0; Win64; x64) AppleWebKit/537.36 (KHTML, like Gecko) Chrome/109.0.0.0 Safari/537.36" "ysfine.com"
206.202.88.34 - - [23/Jan/2023:09:51:45 -0800] "GET /world/brit/eton03b.jpg HTTP/1.1" 200 45141 "https://ysfine.com/world/brit/etonharrow.html" "Mozilla/5.0 (Windows NT 10.0; Win64; x64) AppleWebKit/537.36 (KHTML, like Gecko) Chrome/109.0.0.0 Safari/537.36" "ysfine.com"
206.202.88.34 - - [23/Jan/2023:09:51:45 -0800] "GET /world/brit/windsor02b.jpg HTTP/1.1" 200 40724 "https://ysfine.com/world/brit/etonharrow.html" "Mozilla/5.0 (Windows NT 10.0; Win64; x64) AppleWebKit/537.36 (KHTML, like Gecko) Chrome/109.0.0.0 Safari/537.36" "ysfine.com"
206.202.88.34 - - [23/Jan/2023:09:51:45 -0800] "GET /world/brit/eton07b.jpg HTTP/1.1" 200 36566 "https://ysfine.com/world/brit/etonharrow.html" "Mozilla/5.0 (Windows NT 10.0; Win64; x64) AppleWebKit/537.36 (KHTML, like Gecko) Chrome/109.0.0.0 Safari/537.36" "ysfine.com"
206.202.88.34 - - [23/Jan/2023:09:51:45 -0800] "GET /world/brit/harrow12b.jpg HTTP/1.1" 200 45104 "https://ysfine.com/world/brit/etonharrow.html" "Mozilla/5.0 (Windows NT 10.0; Win64; x64) AppleWebKit/537.36 (KHTML, like Gecko) Chrome/109.0.0.0 Safari/537.36" "ysfine.com"
206.202.88.34 - - [23/Jan/2023:09:51:45 -0800] "GET /world/brit/harrow01b.jpg HTTP/1.1" 200 54632 "https://ysfine.com/world/brit/etonharrow.html" "Mozilla/5.0 (Windows NT 10.0; Win64; x64) AppleWebKit/537.36 (KHTML, like Gecko) Chrome/109.0.0.0 Safari/537.36" "ysfine.com"
206.202.88.34 - - [23/Jan/2023:09:51:45 -0800] "GET /world/brit/harrow09b.jpg HTTP/1.1" 200 48797 "https://ysfine.com/world/brit/etonharrow.html" "Mozilla/5.0 (Windows NT 10.0; Win64; x64) AppleWebKit/537.36 (KHTML, like Gecko) Chrome/109.0.0.0 Safari/537.36" "ysfine.com"
206.202.88.34 - - [23/Jan/2023:09:51:45 -0800] "GET /world/brit/harrow11b.jpg HTTP/1.1" 200 42533 "https://ysfine.com/world/brit/etonharrow.html" "Mozilla/5.0 (Windows NT 10.0; Win64; x64) AppleWebKit/537.36 (KHTML, like Gecko) Chrome/109.0.0.0 Safari/537.36" "ysfine.com"
206.202.88.34 - - [23/Jan/2023:09:51:45 -0800] "GET /eink/pwk19c.jpg HTTP/1.1" 200 57759 "https://ysfine.com/world/brit/etonharrow.html" "Mozilla/5.0 (Windows NT 10.0; Win64; x64) AppleWebKit/537.36 (KHTML, like Gecko) Chrome/109.0.0.0 Safari/537.36" "ysfine.com"
206.202.88.34 - - [23/Jan/2023:09:51:45 -0800] "GET /world/brit/harrow04b.jpg HTTP/1.1" 200 48004 "https://ysfine.com/world/brit/etonharrow.html" "Mozilla/5.0 (Windows NT 10.0; Win64; x64) AppleWebKit/537.36 (KHTML, like Gecko) Chrome/109.0.0.0 Safari/537.36" "ysfine.com"
206.202.88.34 - - [23/Jan/2023:09:51:45 -0800] "GET /kobak/taylor33c.jpg HTTP/1.1" 200 39951 "https://ysfine.com/world/brit/etonharrow.html" "Mozilla/5.0 (Windows NT 10.0; Win64; x64) AppleWebKit/537.36 (KHTML, like Gecko) Chrome/109.0.0.0 Safari/537.36" "ysfine.com"
206.202.88.34 - - [23/Jan/2023:09:51:46 -0800] "GET /favicon.ico HTTP/1.1" 404 88 "https://ysfine.com/world/brit/etonharrow.html" "Mozilla/5.0 (Windows NT 10.0; Win64; x64) AppleWebKit/537.36 (KHTML, like Gecko) Chrome/109.0.0.0 Safari/537.36" "ysfine.com"
100.15.190.227 - - [23/Jan/2023:09:52:50 -0800] "GET /maga/phys/landau35b.jpg HTTP/1.1" 200 26143 "https://www.google.com/" "Mozilla/5.0 (Windows NT 10.0; Win64; x64) AppleWebKit/537.36 (KHTML, like Gecko) Chrome/109.0.0.0 Safari/537.36" "ysfine.com"
207.46.13.27 - - [23/Jan/2023:09:53:14 -0800] "GET /bio/kobak/yskor.html HTTP/1.1" 404 88 "-" "Mozilla/5.0 AppleWebKit/537.36 (KHTML, like Gecko; compatible; bingbot/2.0; +http://www.bing.com/bingbot.htm) Chrome/103.0.5060.134 Safari/537.36" "ysfine.com"
95.163.255.65 - - [23/Jan/2023:09:54:23 -0800] "GET /princeton/car12.jpg HTTP/1.1" 404 88 "-" "Mozilla/5.0 (compatible; Linux x86_64; Mail.RU_Bot/2.0; +https://help.mail.ru/webmaster/indexing/robots)" "ysfine.com"
66.102.8.45 - - [23/Jan/2023:09:54:30 -0800] "GET /kobak/sl628.jpg HTTP/1.1" 200 225100 "-" "Mozilla/5.0 (Windows NT 5.1; rv:11.0) Gecko Firefox/11.0 (via ggpht.com GoogleImageProxy)" "ysfine.com"
207.46.13.176 - - [23/Jan/2023:09:55:36 -0800] "GET /bio/eink/buythisbook.html HTTP/1.1" 404 88 "-" "Mozilla/5.0 AppleWebKit/537.36 (KHTML, like Gecko; compatible; bingbot/2.0; +http://www.bing.com/bingbot.htm) Chrome/103.0.5060.134 Safari/537.36" "ysfine.com"
207.46.13.15 - - [23/Jan/2023:09:56:17 -0800] "GET /home/feysavior.html HTTP/1.1" 200 2737 "-" "Mozilla/5.0 AppleWebKit/537.36 (KHTML, like Gecko; compatible; bingbot/2.0; +http://www.bing.com/bingbot.htm) Chrome/103.0.5060.134 Safari/537.36" "ysfine.com"
17.241.227.66 - - [23/Jan/2023:09:56:21 -0800] "GET /dirac/dirosc.pdf HTTP/1.1" 200 41985 "-" "Mozilla/5.0 (Macintosh; Intel Mac OS X 10_15_5) AppleWebKit/605.1.15 (KHTML, like Gecko) Version/13.1.1 Safari/605.1.15 (Applebot/0.1; +http://www.apple.com/go/applebot)" "ysfine.com"
207.46.13.27 - - [23/Jan/2023:09:57:04 -0800] "GET /bio/style/artlove.html HTTP/1.1" 404 88 "-" "Mozilla/5.0 AppleWebKit/537.36 (KHTML, like Gecko; compatible; bingbot/2.0; +http://www.bing.com/bingbot.htm) Chrome/103.0.5060.134 Safari/537.36" "ysfine.com"
31.45.72.111 - - [23/Jan/2023:09:57:59 -0800] "GET /world/baltic/frombork.jpg HTTP/1.1" 200 147887 "https://www.google.com/" "Mozilla/5.0 (Macintosh; Intel Mac OS X 10_15_7) AppleWebKit/605.1.15 (KHTML, like Gecko) Version/16.2 Safari/605.1.15" "ysfine.com"
92.40.172.238 - - [23/Jan/2023:09:59:41 -0800] "GET /home/ HTTP/1.1" 200 142 "https://www.google.com/" "Mozilla/5.0 (iPhone; CPU iPhone OS 15_6_1 like Mac OS X) AppleWebKit/605.1.15 (KHTML, like Gecko) Version/15.6.1 Mobile/15E148 Safari/604.1" "ysfine.com"
92.40.172.238 - - [23/Jan/2023:09:59:41 -0800] "GET /home/hmtop.html HTTP/1.1" 200 447 "https://ysfine.com/home/" "Mozilla/5.0 (iPhone; CPU iPhone OS 15_6_1 like Mac OS X) AppleWebKit/605.1.15 (KHTML, like Gecko) Version/15.6.1 Mobile/15E148 Safari/604.1" "ysfine.com"
92.40.172.238 - - [23/Jan/2023:09:59:41 -0800] "GET /home/hmbot.html HTTP/1.1" 200 132 "https://ysfine.com/home/" "Mozilla/5.0 (iPhone; CPU iPhone OS 15_6_1 like Mac OS X) AppleWebKit/605.1.15 (KHTML, like Gecko) Version/15.6.1 Mobile/15E148 Safari/604.1" "ysfine.com"
92.40.172.238 - - [23/Jan/2023:09:59:41 -0800] "GET /home/hmleft.html HTTP/1.1" 200 853 "https://ysfine.com/home/hmbot.html" "Mozilla/5.0 (iPhone; CPU iPhone OS 15_6_1 like Mac OS X) AppleWebKit/605.1.15 (KHTML, like Gecko) Version/15.6.1 Mobile/15E148 Safari/604.1" "ysfine.com"
92.40.172.238 - - [23/Jan/2023:09:59:41 -0800] "GET /home/hmrigh.html HTTP/1.1" 200 4200 "https://ysfine.com/home/hmbot.html" "Mozilla/5.0 (iPhone; CPU iPhone OS 15_6_1 like Mac OS X) AppleWebKit/605.1.15 (KHTML, like Gecko) Version/15.6.1 Mobile/15E148 Safari/604.1" "ysfine.com"
92.40.172.238 - - [23/Jan/2023:09:59:41 -0800] "GET /home/top21c.jpg HTTP/1.1" 200 53120 "https://ysfine.com/home/hmrigh.html" "Mozilla/5.0 (iPhone; CPU iPhone OS 15_6_1 like Mac OS X) AppleWebKit/605.1.15 (KHTML, like Gecko) Version/15.6.1 Mobile/15E148 Safari/604.1" "ysfine.com"
92.40.172.238 - - [23/Jan/2023:09:59:41 -0800] "GET /awards/eward55a.jpg HTTP/1.1" 200 85213 "https://ysfine.com/home/hmrigh.html" "Mozilla/5.0 (iPhone; CPU iPhone OS 15_6_1 like Mac OS X) AppleWebKit/605.1.15 (KHTML, like Gecko) Version/15.6.1 Mobile/15E148 Safari/604.1" "ysfine.com"
92.40.172.238 - - [23/Jan/2023:09:59:42 -0800] "GET /home/eink77c.jpg HTTP/1.1" 200 47471 "https://ysfine.com/home/hmrigh.html" "Mozilla/5.0 (iPhone; CPU iPhone OS 15_6_1 like Mac OS X) AppleWebKit/605.1.15 (KHTML, like Gecko) Version/15.6.1 Mobile/15E148 Safari/604.1" "ysfine.com"
92.40.172.238 - - [23/Jan/2023:09:59:42 -0800] "GET /home/emc22a.jpg HTTP/1.1" 200 59239 "https://ysfine.com/home/hmrigh.html" "Mozilla/5.0 (iPhone; CPU iPhone OS 15_6_1 like Mac OS X) AppleWebKit/605.1.15 (KHTML, like Gecko) Version/15.6.1 Mobile/15E148 Safari/604.1" "ysfine.com"
92.40.172.238 - - [23/Jan/2023:09:59:43 -0800] "GET /home/figs/einbohr33c.jpg HTTP/1.1" 200 36413 "https://ysfine.com/home/hmrigh.html" "Mozilla/5.0 (iPhone; CPU iPhone OS 15_6_1 like Mac OS X) AppleWebKit/605.1.15 (KHTML, like Gecko) Version/15.6.1 Mobile/15E148 Safari/604.1" "ysfine.com"
92.40.172.238 - - [23/Jan/2023:09:59:43 -0800] "GET /home/further22a.jpg HTTP/1.1" 200 75776 "https://ysfine.com/home/hmrigh.html" "Mozilla/5.0 (iPhone; CPU iPhone OS 15_6_1 like Mac OS X) AppleWebKit/605.1.15 (KHTML, like Gecko) Version/15.6.1 Mobile/15E148 Safari/604.1" "ysfine.com"
92.40.172.238 - - [23/Jan/2023:09:59:43 -0800] "GET /home/comet50a.jpg HTTP/1.1" 200 52015 "https://ysfine.com/home/hmrigh.html" "Mozilla/5.0 (iPhone; CPU iPhone OS 15_6_1 like Mac OS X) AppleWebKit/605.1.15 (KHTML, like Gecko) Version/15.6.1 Mobile/15E148 Safari/604.1" "ysfine.com"
92.40.172.238 - - [23/Jan/2023:09:59:43 -0800] "GET /home/facu63c.jpg HTTP/1.1" 200 41710 "https://ysfine.com/home/hmrigh.html" "Mozilla/5.0 (iPhone; CPU iPhone OS 15_6_1 like Mac OS X) AppleWebKit/605.1.15 (KHTML, like Gecko) Version/15.6.1 Mobile/15E148 Safari/604.1" "ysfine.com"
92.40.172.238 - - [23/Jan/2023:09:59:44 -0800] "GET /home/tollwig11c.jpg HTTP/1.1" 200 28199 "https://ysfine.com/home/hmrigh.html" "Mozilla/5.0 (iPhone; CPU iPhone OS 15_6_1 like Mac OS X) AppleWebKit/605.1.15 (KHTML, like Gecko) Version/15.6.1 Mobile/15E148 Safari/604.1" "ysfine.com"
92.40.172.238 - - [23/Jan/2023:09:59:44 -0800] "GET /home/think55c.jpg HTTP/1.1" 200 37438 "https://ysfine.com/home/hmrigh.html" "Mozilla/5.0 (iPhone; CPU iPhone OS 15_6_1 like Mac OS X) AppleWebKit/605.1.15 (KHTML, like Gecko) Version/15.6.1 Mobile/15E148 Safari/604.1" "ysfine.com"
92.40.172.238 - - [23/Jan/2023:09:59:44 -0800] "GET /home/socrates55c.jpg HTTP/1.1" 200 36471 "https://ysfine.com/home/hmrigh.html" "Mozilla/5.0 (iPhone; CPU iPhone OS 15_6_1 like Mac OS X) AppleWebKit/605.1.15 (KHTML, like Gecko) Version/15.6.1 Mobile/15E148 Safari/604.1" "ysfine.com"
92.40.172.238 - - [23/Jan/2023:09:59:44 -0800] "GET /home/coke300.jpg HTTP/1.1" 200 50941 "https://ysfine.com/home/hmrigh.html" "Mozilla/5.0 (iPhone; CPU iPhone OS 15_6_1 like Mac OS X) AppleWebKit/605.1.15 (KHTML, like Gecko) Version/15.6.1 Mobile/15E148 Safari/604.1" "ysfine.com"
92.40.172.238 - - [23/Jan/2023:09:59:44 -0800] "GET /eink/einhaus11c.jpg HTTP/1.1" 200 42522 "https://ysfine.com/home/hmrigh.html" "Mozilla/5.0 (iPhone; CPU iPhone OS 15_6_1 like Mac OS X) AppleWebKit/605.1.15 (KHTML, like Gecko) Version/15.6.1 Mobile/15E148 Safari/604.1" "ysfine.com"
92.40.172.238 - - [23/Jan/2023:09:59:44 -0800] "GET /eink/einhaus33c.jpg HTTP/1.1" 200 23792 "https://ysfine.com/home/hmrigh.html" "Mozilla/5.0 (iPhone; CPU iPhone OS 15_6_1 like Mac OS X) AppleWebKit/605.1.15 (KHTML, like Gecko) Version/15.6.1 Mobile/15E148 Safari/604.1" "ysfine.com"
92.40.172.238 - - [23/Jan/2023:09:59:44 -0800] "GET /kobak/taylor33c.jpg HTTP/1.1" 200 39951 "https://ysfine.com/home/hmrigh.html" "Mozilla/5.0 (iPhone; CPU iPhone OS 15_6_1 like Mac OS X) AppleWebKit/605.1.15 (KHTML, like Gecko) Version/15.6.1 Mobile/15E148 Safari/604.1" "ysfine.com"
92.40.172.238 - - [23/Jan/2023:09:59:44 -0800] "GET /eink/eink54a.jpg HTTP/1.1" 200 79717 "https://ysfine.com/home/hmrigh.html" "Mozilla/5.0 (iPhone; CPU iPhone OS 15_6_1 like Mac OS X) AppleWebKit/605.1.15 (KHTML, like Gecko) Version/15.6.1 Mobile/15E148 Safari/604.1" "ysfine.com"
92.40.172.238 - - [23/Jan/2023:09:59:45 -0800] "GET /favicon.ico HTTP/1.1" 404 88 "https://ysfine.com/home/" "Mozilla/5.0 (iPhone; CPU iPhone OS 15_6_1 like Mac OS X) AppleWebKit/605.1.15 (KHTML, like Gecko) Version/15.6.1 Mobile/15E148 Safari/604.1" "ysfine.com"
92.40.172.238 - - [23/Jan/2023:10:00:00 -0800] "GET /home/cv/kimcv.pdf HTTP/1.1" 200 26932 "https://ysfine.com/home/hmleft.html" "Mozilla/5.0 (iPhone; CPU iPhone OS 15_6_1 like Mac OS X) AppleWebKit/605.1.15 (KHTML, like Gecko) Version/15.6.1 Mobile/15E148 Safari/604.1" "ysfine.com"
207.46.13.167 - - [23/Jan/2023:10:00:56 -0800] "GET /bio/princeton/campus.html HTTP/1.1" 404 88 "-" "Mozilla/5.0 AppleWebKit/537.36 (KHTML, like Gecko; compatible; bingbot/2.0; +http://www.bing.com/bingbot.htm) Chrome/103.0.5060.134 Safari/537.36" "ysfine.com"
36.150.60.24 - - [23/Jan/2023:10:00:59 -0800] "GET / HTTP/1.1" 200 5295 "-" "Dalvik/2.1.0 (Linux; U; Android 9.0; ZTE BA520 Build/MRA58K)" "www.ysfine.com"
36.150.60.24 - - [23/Jan/2023:10:01:01 -0800] "GET / HTTP/1.1" 200 5295 "-" "Mozilla/5.0 (Macintosh; Intel Mac OS X 10_11) AppleWebKit/601.1.27 (KHTML, like Gecko) Chrome/47.0.2526.106 Safari/601.1.27" "www.ysfine.com"
36.150.60.24 - - [23/Jan/2023:10:01:17 -0800] "GET / HTTP/1.1" 200 5295 "-" "Mozilla/5.0 (Windows; U; Windows NT 6.1; es-ES; rv:1.9.2.3) Gecko/20100401 Firefox/3.6.3 GTB7.1" "www.ysfine.com"
36.150.60.24 - - [23/Jan/2023:10:01:22 -0800] "GET /favicon.ico HTTP/1.1" 404 88 "-" "Dalvik/2.1.0 (Linux; U; Android 9.0; ZTE BA520 Build/MRA58K)" "www.ysfine.com"
36.150.60.24 - - [23/Jan/2023:10:01:32 -0800] "GET / HTTP/1.1" 200 5295 "-" "Dalvik/2.1.0 (Linux; U; Android 9.0; ZTE BA520 Build/MRA58K)" "www.ysfine.com"
36.150.60.24 - - [23/Jan/2023:10:01:40 -0800] "GET / HTTP/1.1" 200 5295 "-" "Mozilla/5.0 (Macintosh; Intel Mac OS X 10_11) AppleWebKit/601.1.27 (KHTML, like Gecko) Chrome/47.0.2526.106 Safari/601.1.27" "www.ysfine.com"
51.222.253.1 - - [23/Jan/2023:10:01:44 -0800] "GET /confer/conbot.html HTTP/1.1" 200 124 "-" "Mozilla/5.0 (compatible; AhrefsBot/7.0; +http://ahrefs.com/robot/)" "ysfine.com"
207.46.13.15 - - [23/Jan/2023:10:02:18 -0800] "GET /newyork/wtc.html HTTP/1.1" 200 538 "-" "Mozilla/5.0 AppleWebKit/537.36 (KHTML, like Gecko; compatible; bingbot/2.0; +http://www.bing.com/bingbot.htm) Chrome/103.0.5060.134 Safari/537.36" "ysfine.com"
104.223.97.2 - - [23/Jan/2023:10:04:22 -0800] "GET /kowar/panmun04.jpg HTTP/1.1" 200 126386 "https://www.google.com/" "Mozilla/5.0 (Windows NT 10.0; Win64; x64) AppleWebKit/537.36 (KHTML, like Gecko) Chrome/109.0.0.0 Safari/537.36" "ysfine.com"
185.184.157.102 - - [23/Jan/2023:10:07:09 -0800] "GET /world/travel.html HTTP/1.1" 200 1633 "-" "Mozilla/5.0 (compatible; linkdexbot/2.0; +http://www.linkdex.com/bots/)" "ysfine.com"
185.184.157.102 - - [23/Jan/2023:10:07:09 -0800] "GET /robots.txt HTTP/1.1" 404 88 "-" "Mozilla/5.0 (compatible; linkdexbot/2.0; +http://www.linkdex.com/bots/)" "ysfine.com"
185.184.157.102 - - [23/Jan/2023:10:07:09 -0800] "GET /robots.txt HTTP/1.1" 404 88 "-" "Mozilla/5.0 (compatible; linkdexbot/2.0; +http://www.linkdex.com/bots/)" "www.ysfine.com"
207.46.13.27 - - [23/Jan/2023:10:08:04 -0800] "GET /wdc/gtown04.jpg HTTP/1.1" 200 154553 "-" "Mozilla/5.0 AppleWebKit/537.36 (KHTML, like Gecko; compatible; bingbot/2.0; +http://www.bing.com/bingbot.htm) Chrome/103.0.5060.134 Safari/537.36" "www.ysfine.com"
128.179.254.200 - - [23/Jan/2023:10:08:20 -0800] "GET /wigner/neum/vnc03.jpg HTTP/1.1" 200 80421 "https://www.google.com/" "Mozilla/5.0 (Windows NT 10.0; Win64; x64) AppleWebKit/537.36 (KHTML, like Gecko) Chrome/109.0.0.0 Safari/537.36" "ysfine.com"
128.179.254.200 - - [23/Jan/2023:10:08:28 -0800] "GET /wigner/neum/ymath.jpg HTTP/1.1" 200 64930 "https://www.google.com/" "Mozilla/5.0 (Windows NT 10.0; Win64; x64) AppleWebKit/537.36 (KHTML, like Gecko) Chrome/109.0.0.0 Safari/537.36" "ysfine.com"
17.241.75.186 - - [23/Jan/2023:10:08:33 -0800] "GET /dirac/dart/kno79.pdf HTTP/1.1" 200 176844 "-" "Mozilla/5.0 (Macintosh; Intel Mac OS X 10_15_5) AppleWebKit/605.1.15 (KHTML, like Gecko) Version/13.1.1 Safari/605.1.15 (Applebot/0.1; +http://www.apple.com/go/applebot)" "ysfine.com"
128.179.254.200 - - [23/Jan/2023:10:08:42 -0800] "GET /wigner/neum/pvn03.jpg HTTP/1.1" 200 83757 "https://www.google.com/" "Mozilla/5.0 (Windows NT 10.0; Win64; x64) AppleWebKit/537.36 (KHTML, like Gecko) Chrome/109.0.0.0 Safari/537.36" "ysfine.com"
207.46.13.27 - - [23/Jan/2023:10:09:16 -0800] "GET /bio/sbk/1950.html HTTP/1.1" 404 88 "-" "Mozilla/5.0 AppleWebKit/537.36 (KHTML, like Gecko; compatible; bingbot/2.0; +http://www.bing.com/bingbot.htm) Chrome/103.0.5060.134 Safari/537.36" "ysfine.com"
51.222.253.7 - - [23/Jan/2023:10:13:09 -0800] "GET /wisdom/mongoinv.html HTTP/1.1" 200 1144 "-" "Mozilla/5.0 (compatible; AhrefsBot/7.0; +http://ahrefs.com/robot/)" "ysfine.com"
185.184.157.102 - - [23/Jan/2023:10:13:18 -0800] "GET /world/travel.html HTTP/1.1" 200 1633 "-" "Mozilla/5.0 (compatible; linkdexbot/2.0; +http://www.linkdex.com/bots/)" "ysfine.com"
185.184.157.102 - - [23/Jan/2023:10:13:18 -0800] "GET /robots.txt HTTP/1.1" 404 88 "-" "Mozilla/5.0 (compatible; linkdexbot/2.0; +http://www.linkdex.com/bots/)" "ysfine.com"
185.184.157.102 - - [23/Jan/2023:10:13:18 -0800] "GET /robots.txt HTTP/1.1" 404 88 "-" "Mozilla/5.0 (compatible; linkdexbot/2.0; +http://www.linkdex.com/bots/)" "www.ysfine.com"
77.75.79.119 - - [23/Jan/2023:10:13:35 -0800] "GET /world/florence.html HTTP/1.1" 200 9706 "-" "Mozilla/5.0 (compatible; SeznamBot/4.0-RC1; +http://napoveda.seznam.cz/seznambot-intro/)" "ysfine.com"
213.180.203.62 - - [23/Jan/2023:10:17:22 -0800] "GET /kobak/sorae01.jpg HTTP/1.1" 200 131846 "-" "Mozilla/5.0 (compatible; YandexImages/3.0; +http://yandex.com/bots)" "ysfine.com"
207.46.13.176 - - [23/Jan/2023:10:17:48 -0800] "GET /world/brit/britmu09.jpg HTTP/1.1" 200 125141 "-" "Mozilla/5.0 AppleWebKit/537.36 (KHTML, like Gecko; compatible; bingbot/2.0; +http://www.bing.com/bingbot.htm) Chrome/103.0.5060.134 Safari/537.36" "ysfine.com"
94.134.107.34 - - [23/Jan/2023:10:18:05 -0800] "GET /world/baltic/kalin30.jpg HTTP/1.1" 200 94863 "https://www.google.com/" "Mozilla/5.0 (Macintosh; Intel Mac OS X 10_15_7) AppleWebKit/537.36 (KHTML, like Gecko) Chrome/109.0.0.0 Safari/537.36" "ysfine.com"
207.46.13.176 - - [23/Jan/2023:10:18:08 -0800] "GET /sbk/2014paris33.jpg HTTP/1.1" 200 171597 "-" "Mozilla/5.0 AppleWebKit/537.36 (KHTML, like Gecko; compatible; bingbot/2.0; +http://www.bing.com/bingbot.htm) Chrome/103.0.5060.134 Safari/537.36" "www.ysfine.com"
185.184.157.102 - - [23/Jan/2023:10:18:27 -0800] "GET /world/travel.html HTTP/1.1" 200 1633 "-" "Mozilla/5.0 (compatible; linkdexbot/2.0; +http://www.linkdex.com/bots/)" "ysfine.com"
185.184.157.102 - - [23/Jan/2023:10:18:27 -0800] "GET /robots.txt HTTP/1.1" 404 88 "-" "Mozilla/5.0 (compatible; linkdexbot/2.0; +http://www.linkdex.com/bots/)" "ysfine.com"
185.184.157.102 - - [23/Jan/2023:10:18:27 -0800] "GET /robots.txt HTTP/1.1" 404 88 "-" "Mozilla/5.0 (compatible; linkdexbot/2.0; +http://www.linkdex.com/bots/)" "www.ysfine.com"
157.55.39.72 - - [23/Jan/2023:10:19:39 -0800] "GET /bio.html HTTP/1.1" 200 18260 "-" "Mozilla/5.0 AppleWebKit/537.36 (KHTML, like Gecko; compatible; bingbot/2.0; +http://www.bing.com/bingbot.htm) Chrome/103.0.5060.134 Safari/537.36" "ysfine.com"
96.61.101.134 - - [23/Jan/2023:10:19:43 -0800] "GET /maga/histo/desiree21b.jpg HTTP/1.1" 200 40810 "https://images.search.yahoo.com/search/images?p=images+of+napoleon+bonaparte%2C+desiree+and+josephine&fr=yfp-t&imgurl=https%3A%2F%2Fysfine.com%2Fmaga%2Fhisto%2Fdesiree22.jpg" "Mozilla/5.0 (Windows NT 10.0; Win64; x64) AppleWebKit/537.36 (KHTML, like Gecko) Chrome/109.0.0.0 Safari/537.36" "www.ysfine.com"
96.61.101.134 - - [23/Jan/2023:10:19:43 -0800] "GET /maga/histo/desiree24.jpg HTTP/1.1" 200 118503 "https://images.search.yahoo.com/search/images?p=images+of+napoleon+bonaparte%2C+desiree+and+josephine&fr=yfp-t&imgurl=https%3A%2F%2Fysfine.com%2Fmaga%2Fhisto%2Fdesiree22.jpg" "Mozilla/5.0 (Windows NT 10.0; Win64; x64) AppleWebKit/537.36 (KHTML, like Gecko) Chrome/109.0.0.0 Safari/537.36" "www.ysfine.com"
96.61.101.134 - - [23/Jan/2023:10:19:43 -0800] "GET /maga/histo/desiree22.jpg HTTP/1.1" 200 113561 "https://images.search.yahoo.com/search/images?p=images+of+napoleon+bonaparte%2C+desiree+and+josephine&fr=yfp-t&imgurl=https%3A%2F%2Fysfine.com%2Fmaga%2Fhisto%2Fdesiree22.jpg" "Mozilla/5.0 (Windows NT 10.0; Win64; x64) AppleWebKit/537.36 (KHTML, like Gecko) Chrome/109.0.0.0 Safari/537.36" "ysfine.com"
96.61.101.134 - - [23/Jan/2023:10:20:03 -0800] "GET /maga/histo/oscar22.jpg HTTP/1.1" 200 101665 "https://images.search.yahoo.com/search/images?p=images+of+napoleon+bonaparte%2C+desiree+and+josephine&fr=yfp-t&imgurl=https%3A%2F%2Fysfine.com%2Fmaga%2Fhisto%2Fdesiree22.jpg" "Mozilla/5.0 (Windows NT 10.0; Win64; x64) AppleWebKit/537.36 (KHTML, like Gecko) Chrome/109.0.0.0 Safari/537.36" "ysfine.com"
158.123.252.2 - - [23/Jan/2023:10:20:36 -0800] "GET /princeton/withers01.jpg HTTP/1.1" 200 113946 "https://www.google.com/" "Mozilla/5.0 (Macintosh; Intel Mac OS X 10_15_7) AppleWebKit/537.36 (KHTML, like Gecko) Chrome/104.0.0.0 Safari/537.36" "ysfine.com"
157.55.39.72 - - [23/Jan/2023:10:20:48 -0800] "GET /bio/kobak/soraech.html HTTP/1.1" 404 88 "-" "Mozilla/5.0 AppleWebKit/537.36 (KHTML, like Gecko; compatible; bingbot/2.0; +http://www.bing.com/bingbot.htm) Chrome/103.0.5060.134 Safari/537.36" "ysfine.com"
207.46.13.15 - - [23/Jan/2023:10:22:31 -0800] "GET /bio/style/proschanie.html HTTP/1.1" 404 88 "-" "Mozilla/5.0 AppleWebKit/537.36 (KHTML, like Gecko; compatible; bingbot/2.0; +http://www.bing.com/bingbot.htm) Chrome/103.0.5060.134 Safari/537.36" "ysfine.com"
51.222.253.6 - - [23/Jan/2023:10:23:50 -0800] "GET /wigner/neum/feyn31.html HTTP/1.1" 200 389 "-" "Mozilla/5.0 (compatible; AhrefsBot/7.0; +http://ahrefs.com/robot/)" "ysfine.com"
51.222.253.2 - - [23/Jan/2023:10:23:52 -0800] "GET /wigner/neum/feyn31.jpg HTTP/1.1" 200 96848 "-" "Mozilla/5.0 (compatible; AhrefsBot/7.0; +http://ahrefs.com/robot/)" "ysfine.com"
96.61.101.134 - - [23/Jan/2023:10:24:19 -0800] "GET /maga/histo/desiree25.jpg HTTP/1.1" 200 87347 "https://images.search.yahoo.com/search/images?p=images+of+napoleon+bonaparte%2C+desiree+and+josephine&fr=yfp-t&imgurl=https%3A%2F%2Fysfine.com%2Fmaga%2Fhisto%2Fdesiree22.jpg" "Mozilla/5.0 (Windows NT 10.0; Win64; x64) AppleWebKit/537.36 (KHTML, like Gecko) Chrome/109.0.0.0 Safari/537.36" "www.ysfine.com"
69.234.66.193 - - [23/Jan/2023:10:24:42 -0800] "GET /princeton/brooke22.jpg HTTP/1.1" 200 87673 "https://www.google.com/" "Mozilla/5.0 (iPhone; CPU iPhone OS 15_6_1 like Mac OS X) AppleWebKit/605.1.15 (KHTML, like Gecko) Version/15.6.1 Mobile/15E148 Safari/604.1" "ysfine.com"
203.160.80.194 - - [23/Jan/2023:10:24:43 -0800] "GET /world/brit/etonharrow.html HTTP/1.1" 200 4544 "https://www.google.com/" "Mozilla/5.0 (Linux; Android 12; SM-G7810) AppleWebKit/537.36 (KHTML, like Gecko) Chrome/109.0.0.0 Mobile Safari/537.36" "ysfine.com"
203.160.80.194 - - [23/Jan/2023:10:24:44 -0800] "GET /kobak/kwk11b.jpg HTTP/1.1" 200 46888 "https://ysfine.com/world/brit/etonharrow.html" "Mozilla/5.0 (Linux; Android 12; SM-G7810) AppleWebKit/537.36 (KHTML, like Gecko) Chrome/109.0.0.0 Mobile Safari/537.36" "ysfine.com"
203.160.80.194 - - [23/Jan/2023:10:24:44 -0800] "GET /world/brit/eton07b.jpg HTTP/1.1" 200 36566 "https://ysfine.com/world/brit/etonharrow.html" "Mozilla/5.0 (Linux; Android 12; SM-G7810) AppleWebKit/537.36 (KHTML, like Gecko) Chrome/109.0.0.0 Mobile Safari/537.36" "ysfine.com"
203.160.80.194 - - [23/Jan/2023:10:24:44 -0800] "GET /world/brit/eton03b.jpg HTTP/1.1" 200 45141 "https://ysfine.com/world/brit/etonharrow.html" "Mozilla/5.0 (Linux; Android 12; SM-G7810) AppleWebKit/537.36 (KHTML, like Gecko) Chrome/109.0.0.0 Mobile Safari/537.36" "ysfine.com"
203.160.80.194 - - [23/Jan/2023:10:24:44 -0800] "GET /world/brit/eton01b.jpg HTTP/1.1" 200 47771 "https://ysfine.com/world/brit/etonharrow.html" "Mozilla/5.0 (Linux; Android 12; SM-G7810) AppleWebKit/537.36 (KHTML, like Gecko) Chrome/109.0.0.0 Mobile Safari/537.36" "ysfine.com"
203.160.80.194 - - [23/Jan/2023:10:24:44 -0800] "GET /world/brit/winston01b.jpg HTTP/1.1" 200 38436 "https://ysfine.com/world/brit/etonharrow.html" "Mozilla/5.0 (Linux; Android 12; SM-G7810) AppleWebKit/537.36 (KHTML, like Gecko) Chrome/109.0.0.0 Mobile Safari/537.36" "ysfine.com"
203.160.80.194 - - [23/Jan/2023:10:24:44 -0800] "GET /world/brit/eton02b.jpg HTTP/1.1" 200 39432 "https://ysfine.com/world/brit/etonharrow.html" "Mozilla/5.0 (Linux; Android 12; SM-G7810) AppleWebKit/537.36 (KHTML, like Gecko) Chrome/109.0.0.0 Mobile Safari/537.36" "ysfine.com"
203.160.80.194 - - [23/Jan/2023:10:24:44 -0800] "GET /world/brit/nehru11b.jpg HTTP/1.1" 200 43052 "https://ysfine.com/world/brit/etonharrow.html" "Mozilla/5.0 (Linux; Android 12; SM-G7810) AppleWebKit/537.36 (KHTML, like Gecko) Chrome/109.0.0.0 Mobile Safari/537.36" "ysfine.com"
203.160.80.194 - - [23/Jan/2023:10:24:44 -0800] "GET /world/brit/windsor02b.jpg HTTP/1.1" 200 40724 "https://ysfine.com/world/brit/etonharrow.html" "Mozilla/5.0 (Linux; Android 12; SM-G7810) AppleWebKit/537.36 (KHTML, like Gecko) Chrome/109.0.0.0 Mobile Safari/537.36" "ysfine.com"
203.160.80.194 - - [23/Jan/2023:10:24:49 -0800] "GET /world/brit/harrow01b.jpg HTTP/1.1" 200 54632 "https://ysfine.com/world/brit/etonharrow.html" "Mozilla/5.0 (Linux; Android 12; SM-G7810) AppleWebKit/537.36 (KHTML, like Gecko) Chrome/109.0.0.0 Mobile Safari/537.36" "ysfine.com"
203.160.80.194 - - [23/Jan/2023:10:24:49 -0800] "GET /world/brit/harrow12b.jpg HTTP/1.1" 200 45104 "https://ysfine.com/world/brit/etonharrow.html" "Mozilla/5.0 (Linux; Android 12; SM-G7810) AppleWebKit/537.36 (KHTML, like Gecko) Chrome/109.0.0.0 Mobile Safari/537.36" "ysfine.com"
203.160.80.194 - - [23/Jan/2023:10:24:49 -0800] "GET /world/brit/harrow09b.jpg HTTP/1.1" 200 48797 "https://ysfine.com/world/brit/etonharrow.html" "Mozilla/5.0 (Linux; Android 12; SM-G7810) AppleWebKit/537.36 (KHTML, like Gecko) Chrome/109.0.0.0 Mobile Safari/537.36" "ysfine.com"
69.234.66.193 - - [23/Jan/2023:10:24:50 -0800] "GET /princeton/brooke88.jpg HTTP/1.1" 200 82208 "https://www.google.com/" "Mozilla/5.0 (iPhone; CPU iPhone OS 15_6_1 like Mac OS X) AppleWebKit/605.1.15 (KHTML, like Gecko) Version/15.6.1 Mobile/15E148 Safari/604.1" "ysfine.com"
203.160.80.194 - - [23/Jan/2023:10:24:50 -0800] "GET /world/brit/harrow04b.jpg HTTP/1.1" 200 48004 "https://ysfine.com/world/brit/etonharrow.html" "Mozilla/5.0 (Linux; Android 12; SM-G7810) AppleWebKit/537.36 (KHTML, like Gecko) Chrome/109.0.0.0 Mobile Safari/537.36" "ysfine.com"
203.160.80.194 - - [23/Jan/2023:10:24:50 -0800] "GET /kobak/taylor33c.jpg HTTP/1.1" 200 39951 "https://ysfine.com/world/brit/etonharrow.html" "Mozilla/5.0 (Linux; Android 12; SM-G7810) AppleWebKit/537.36 (KHTML, like Gecko) Chrome/109.0.0.0 Mobile Safari/537.36" "ysfine.com"
203.160.80.194 - - [23/Jan/2023:10:24:50 -0800] "GET /eink/pwk19c.jpg HTTP/1.1" 200 57759 "https://ysfine.com/world/brit/etonharrow.html" "Mozilla/5.0 (Linux; Android 12; SM-G7810) AppleWebKit/537.36 (KHTML, like Gecko) Chrome/109.0.0.0 Mobile Safari/537.36" "ysfine.com"
203.160.80.194 - - [23/Jan/2023:10:24:50 -0800] "GET /world/brit/harrow11b.jpg HTTP/1.1" 200 42533 "https://ysfine.com/world/brit/etonharrow.html" "Mozilla/5.0 (Linux; Android 12; SM-G7810) AppleWebKit/537.36 (KHTML, like Gecko) Chrome/109.0.0.0 Mobile Safari/537.36" "ysfine.com"
96.61.101.134 - - [23/Jan/2023:10:24:51 -0800] "GET /maga/histo/desiree23.jpg HTTP/1.1" 200 85900 "https://images.search.yahoo.com/search/images?p=images+of+napoleon+bonaparte%2C+desiree+and+josephine&fr=yfp-t&imgurl=https%3A%2F%2Fysfine.com%2Fmaga%2Fhisto%2Fdesiree22.jpg" "Mozilla/5.0 (Windows NT 10.0; Win64; x64) AppleWebKit/537.36 (KHTML, like Gecko) Chrome/109.0.0.0 Safari/537.36" "www.ysfine.com"
203.160.80.194 - - [23/Jan/2023:10:24:53 -0800] "GET /favicon.ico HTTP/1.1" 404 88 "https://ysfine.com/world/brit/etonharrow.html" "Mozilla/5.0 (Linux; Android 12; SM-G7810) AppleWebKit/537.36 (KHTML, like Gecko) Chrome/109.0.0.0 Mobile Safari/537.36" "ysfine.com"
75.188.61.76 - - [23/Jan/2023:10:25:40 -0800] "GET /maga/histo/desiree22.jpg HTTP/1.1" 200 113561 "https://www.google.com/" "Mozilla/5.0 (iPhone; CPU iPhone OS 16_2 like Mac OS X) AppleWebKit/605.1.15 (KHTML, like Gecko) Version/16.2 Mobile/15E148 Safari/604.1" "ysfine.com"
207.46.13.167 - - [23/Jan/2023:10:26:00 -0800] "GET /bio/wigner/e(2).html HTTP/1.1" 404 88 "-" "Mozilla/5.0 AppleWebKit/537.36 (KHTML, like Gecko; compatible; bingbot/2.0; +http://www.bing.com/bingbot.htm) Chrome/103.0.5060.134 Safari/537.36" "ysfine.com"
49.7.21.115 - - [23/Jan/2023:10:26:07 -0800] "GET / HTTP/1.1" 200 5295 "-" "Sogou web spider/4.0(+http://www.sogou.com/docs/help/webmasters.htm#07)" "ysfine.com"
130.113.109.195 - - [23/Jan/2023:10:26:10 -0800] "GET /favicon.ico HTTP/1.1" 404 88 "https://ysfine.com/wigner/wiglittle.pdf" "Mozilla/5.0 (Macintosh; Intel Mac OS X 10_15_6) AppleWebKit/605.1.15 (KHTML, like Gecko) Version/15.5 Safari/605.1.15" "ysfine.com"
207.46.13.167 - - [23/Jan/2023:10:26:38 -0800] "GET /wdc/reagan01.jpg HTTP/1.1" 200 153187 "-" "Mozilla/5.0 AppleWebKit/537.36 (KHTML, like Gecko; compatible; bingbot/2.0; +http://www.bing.com/bingbot.htm) Chrome/103.0.5060.134 Safari/537.36" "www.ysfine.com"
207.46.13.176 - - [23/Jan/2023:10:26:42 -0800] "GET /saram/g004.jpg HTTP/1.1" 200 106530 "-" "Mozilla/5.0 AppleWebKit/537.36 (KHTML, like Gecko; compatible; bingbot/2.0; +http://www.bing.com/bingbot.htm) Chrome/103.0.5060.134 Safari/537.36" "www.ysfine.com"
96.61.101.134 - - [23/Jan/2023:10:28:09 -0800] "GET /maga/histo/desiree21.jpg HTTP/1.1" 200 91829 "https://images.search.yahoo.com/search/images;_ylt=AwrFFjW.z85jjSQDcF.JzbkF;_ylu=c2VjA3NlYXJjaARzbGsDYnV0dG9u;_ylc=X1MDOTYwNjI4NTcEX3IDMgRmcgN5ZnAtdARmcjIDcDpzLHY6aSxtOnNiLXRvcARncHJpZAMzeTlaZDlycVJtaS5jQTZHNXoydUZBBG5fcnNsdAMwBG5fc3VnZwMwBG9yaWdpbgNpbWFnZXMuc2VhcmNoLnlhaG9vLmNvbQRwb3MDMARwcXN0cgMEcHFzdHJsAzAEcXN0cmwDMzUEcXVlcnkDaW1hZ2VzJTIwb2YlMjBqZWFuLWJhcHRpc3RlJTIwYW5kJTIwZGVzaXJlZQR0X3N0bXADMTY3NDQ5ODQ4MA--?p=images+of+jean-baptiste+and+desiree&fr=yfp-t&fr2=p%3As%2Cv%3Ai%2Cm%3Asb-top&ei=UTF-8&x=wrt" "Mozilla/5.0 (Windows NT 10.0; Win64; x64) AppleWebKit/537.36 (KHTML, like Gecko) Chrome/109.0.0.0 Safari/537.36" "www.ysfine.com"
109.252.215.98 - - [23/Jan/2023:10:28:54 -0800] "GET /wigner/neum/pvn03.jpg HTTP/1.1" 200 83757 "https://yandex.ru/images/search?text=%D0%BD%D0%B5%D0%B9%D0%BC%D0%B0%D0%BD&from=tabbar&p=2&pos=29&rpt=simage&img_url=http%3A%2F%2Fysfine.com%2Fwigner%2Fneum%2Fpvn03.jpg&lr=213" "Mozilla/5.0 (Windows NT 6.3; Win64; x64) AppleWebKit/537.36 (KHTML, like Gecko) Chrome/108.0.0.0 Safari/537.36 OPR/94.0.0.0" "www.ysfine.com"
109.252.215.98 - - [23/Jan/2023:10:29:03 -0800] "GET /wigner/neum/pvn03.jpg HTTP/1.1" 200 83757 "-" "Mozilla/4.0 (compatible; MSIE 7.0; Windows NT 6.2; WOW64; Trident/7.0; .NET4.0E; .NET4.0C; .NET CLR 3.5.30729; .NET CLR 2.0.50727; .NET CLR 3.0.30729; Tablet PC 2.0; MALNJS; Zoom 3.6.0; MSOffice 12)" "www.ysfine.com"
96.61.101.134 - - [23/Jan/2023:10:29:24 -0800] "GET /maga/histo/desiree23b.jpg HTTP/1.1" 200 40638 "https://images.search.yahoo.com/search/images;_ylt=AwrFFjW.z85jjSQDcF.JzbkF;_ylu=c2VjA3NlYXJjaARzbGsDYnV0dG9u;_ylc=X1MDOTYwNjI4NTcEX3IDMgRmcgN5ZnAtdARmcjIDcDpzLHY6aSxtOnNiLXRvcARncHJpZAMzeTlaZDlycVJtaS5jQTZHNXoydUZBBG5fcnNsdAMwBG5fc3VnZwMwBG9yaWdpbgNpbWFnZXMuc2VhcmNoLnlhaG9vLmNvbQRwb3MDMARwcXN0cgMEcHFzdHJsAzAEcXN0cmwDMzUEcXVlcnkDaW1hZ2VzJTIwb2YlMjBqZWFuLWJhcHRpc3RlJTIwYW5kJTIwZGVzaXJlZQR0X3N0bXADMTY3NDQ5ODQ4MA--?p=images+of+jean-baptiste+and+desiree&fr=yfp-t&fr2=p%3As%2Cv%3Ai%2Cm%3Asb-top&ei=UTF-8&x=wrt" "Mozilla/5.0 (Windows NT 10.0; Win64; x64) AppleWebKit/537.36 (KHTML, like Gecko) Chrome/109.0.0.0 Safari/537.36" "www.ysfine.com"
207.46.13.27 - - [23/Jan/2023:10:29:27 -0800] "GET /bio/kobak/yskor.html HTTP/1.1" 404 88 "-" "Mozilla/5.0 AppleWebKit/537.36 (KHTML, like Gecko; compatible; bingbot/2.0; +http://www.bing.com/bingbot.htm) Chrome/103.0.5060.134 Safari/537.36" "ysfine.com"
157.55.39.72 - - [23/Jan/2023:10:30:29 -0800] "GET /bio/eink/buythisbook.html HTTP/1.1" 404 88 "-" "Mozilla/5.0 AppleWebKit/537.36 (KHTML, like Gecko; compatible; bingbot/2.0; +http://www.bing.com/bingbot.htm) Chrome/103.0.5060.134 Safari/537.36" "ysfine.com"
17.241.227.192 - - [23/Jan/2023:10:30:22 -0800] "GET /princeton/apga13.pdf HTTP/1.1" 200 26368062 "-" "Mozilla/5.0 (Macintosh; Intel Mac OS X 10_15_5) AppleWebKit/605.1.15 (KHTML, like Gecko) Version/13.1.1 Safari/605.1.15 (Applebot/0.1; +http://www.apple.com/go/applebot)" "ysfine.com"
207.46.13.89 - - [23/Jan/2023:10:31:12 -0800] "GET /kowar/gi002b.jpg HTTP/1.1" 200 42820 "-" "Mozilla/5.0 AppleWebKit/537.36 (KHTML, like Gecko; compatible; bingbot/2.0; +http://www.bing.com/bingbot.htm) Chrome/103.0.5060.134 Safari/537.36" "www.ysfine.com"
31.165.115.43 - - [23/Jan/2023:10:32:09 -0800] "GET /einstein/einlorentz01.jpg HTTP/1.1" 200 117761 "https://www.google.ch/" "Mozilla/5.0 (iPhone; CPU iPhone OS 15_5 like Mac OS X) AppleWebKit/605.1.15 (KHTML, like Gecko) Version/15.5 Mobile/15E148 Safari/604.1" "ysfine.com"
65.108.125.120 - - [23/Jan/2023:10:33:02 -0800] "GET /robots.txt HTTP/1.1" 404 73 "-" "Mozilla/5.0 (compatible; MJ12bot/v1.4.8; http://mj12bot.com/)" "ysfine.com"
65.108.125.120 - - [23/Jan/2023:10:33:04 -0800] "GET /dirac/dfkim11.jpg HTTP/1.1" 200 102093 "-" "Mozilla/5.0 (compatible; MJ12bot/v1.4.8; http://mj12bot.com/)" "ysfine.com"
5.102.173.71 - - [23/Jan/2023:10:33:05 -0800] "GET /robots.txt HTTP/1.1" 404 88 "-" "Mozilla/5.0 (compatible; MojeekBot/0.11; +https://www.mojeek.com/bot.html)" "ysfine.com"
5.102.173.71 - - [23/Jan/2023:10:33:05 -0800] "GET /dirac/locovar.html HTTP/1.1" 200 3545 "-" "Mozilla/5.0 (compatible; MojeekBot/0.11; +https://www.mojeek.com/bot.html)" "ysfine.com"
65.108.125.120 - - [23/Jan/2023:10:33:06 -0800] "GET /dirac/feydirac.jpg HTTP/1.1" 404 88 "-" "Mozilla/5.0 (compatible; MJ12bot/v1.4.8; http://mj12bot.com/)" "ysfine.com"
207.46.13.27 - - [23/Jan/2023:10:33:07 -0800] "GET /bio/style/artlove.html HTTP/1.1" 404 88 "-" "Mozilla/5.0 AppleWebKit/537.36 (KHTML, like Gecko; compatible; bingbot/2.0; +http://www.bing.com/bingbot.htm) Chrome/103.0.5060.134 Safari/537.36" "ysfine.com"
65.108.125.120 - - [23/Jan/2023:10:33:11 -0800] "GET /einstein/einbohr33.jpg HTTP/1.1" 200 87797 "-" "Mozilla/5.0 (compatible; MJ12bot/v1.4.8; http://mj12bot.com/)" "ysfine.com"
65.108.125.120 - - [23/Jan/2023:10:33:13 -0800] "GET /einstein/minkowski.html HTTP/1.1" 404 88 "-" "Mozilla/5.0 (compatible; MJ12bot/v1.4.8; http://mj12bot.com/)" "ysfine.com"
65.108.125.120 - - [23/Jan/2023:10:33:15 -0800] "GET /feynman/fb18.jpg HTTP/1.1" 200 17192 "-" "Mozilla/5.0 (compatible; MJ12bot/v1.4.8; http://mj12bot.com/)" "ysfine.com"
65.108.125.120 - - [23/Jan/2023:10:33:17 -0800] "GET /feynman/yscoup.jpg HTTP/1.1" 200 68426 "-" "Mozilla/5.0 (compatible; MJ12bot/v1.4.8; http://mj12bot.com/)" "ysfine.com"
65.108.125.120 - - [23/Jan/2023:10:33:19 -0800] "GET /home/hyperell33.jpg HTTP/1.1" 200 105962 "-" "Mozilla/5.0 (compatible; MJ12bot/v1.4.8; http://mj12bot.com/)" "ysfine.com"
65.108.125.120 - - [23/Jan/2023:10:33:21 -0800] "GET /home/newton33.jpg HTTP/1.1" 200 141729 "-" "Mozilla/5.0 (compatible; MJ12bot/v1.4.8; http://mj12bot.com/)" "ysfine.com"
65.108.125.120 - - [23/Jan/2023:10:33:22 -0800] "GET /style/telefon11.jpg HTTP/1.1" 200 132614 "-" "Mozilla/5.0 (compatible; MJ12bot/v1.4.8; http://mj12bot.com/)" "ysfine.com"
65.108.125.120 - - [23/Jan/2023:10:33:24 -0800] "GET /style/venus09.jpg HTTP/1.1" 200 91910 "-" "Mozilla/5.0 (compatible; MJ12bot/v1.4.8; http://mj12bot.com/)" "ysfine.com"
65.108.125.120 - - [23/Jan/2023:10:33:26 -0800] "GET /usca/calif/sanfra101.jpg HTTP/1.1" 200 57549 "-" "Mozilla/5.0 (compatible; MJ12bot/v1.4.8; http://mj12bot.com/)" "ysfine.com"
65.108.125.120 - - [23/Jan/2023:10:33:28 -0800] "GET /usca/va/uva01.jpg HTTP/1.1" 200 280370 "-" "Mozilla/5.0 (compatible; MJ12bot/v1.4.8; http://mj12bot.com/)" "ysfine.com"
