114.119.130.199 - - [23/Jan/2023:00:18:04 -0800] "GET /world/russ/czar05.jpg HTTP/1.1" 200 123045 "https://mungfali.com/page/A5DDA707AFD030525A91AA49E7F7B74A383763FE/equestrian_portrait_of_napoleon_i_%281769-_-_joseph_chabord_" "Mozilla/5.0 (Linux; Android 7.0;) AppleWebKit/537.36 (KHTML, like Gecko) Mobile Safari/537.36 (compatible; PetalBot;+https://webmaster.petalsearch.com/site/petalbot)" "www.ysfine.com"
213.180.203.62 - - [23/Jan/2023:00:18:06 -0800] "GET /robots.txt HTTP/1.1" 404 73 "-" "Mozilla/5.0 (compatible; YandexBot/3.0; +http://yandex.com/bots)" "www.ysfine.com"
87.250.224.29 - - [23/Jan/2023:00:18:10 -0800] "GET /world/ital/flor084.jpg HTTP/1.1" 304 - "-" "Mozilla/5.0 (compatible; YandexImages/3.0; +http://yandex.com/bots)" "www.ysfine.com"
36.150.60.24 - - [23/Jan/2023:00:18:19 -0800] "GET / HTTP/1.1" 200 5295 "-" "Dalvik/2.1.0 (Linux; U; Android 9.0; ZTE BA520 Build/MRA58K)" "www.ysfine.com"
71.178.208.102 - - [23/Jan/2023:00:18:36 -0800] "GET / HTTP/1.1" 304 - "-" "Mozilla/5.0 (Windows NT 10.0; Win64; x64) AppleWebKit/537.36 (KHTML, like Gecko) Chrome/108.0.5359.125 Safari/537.36" "ysfine.com"
71.178.208.102 - - [23/Jan/2023:00:18:36 -0800] "GET /home/eink450.jpg HTTP/1.1" 304 - "https://ysfine.com/" "Mozilla/5.0 (Windows NT 10.0; Win64; x64) AppleWebKit/537.36 (KHTML, like Gecko) Chrome/108.0.5359.125 Safari/537.36" "ysfine.com"
36.150.60.24 - - [23/Jan/2023:00:19:00 -0800] "GET /favicon.ico HTTP/1.1" 404 88 "-" "Dalvik/2.1.0 (Linux; U; Android 9.0; ZTE BA520 Build/MRA58K)" "www.ysfine.com"
36.150.60.24 - - [23/Jan/2023:00:19:00 -0800] "GET / HTTP/1.1" 200 5295 "-" "Dalvik/2.1.0 (Linux; U; Android 9.0; ZTE BA520 Build/MRA58K)" "www.ysfine.com"
36.150.60.24 - - [23/Jan/2023:00:19:01 -0800] "GET / HTTP/1.1" 200 5295 "-" "Mozilla/5.0 (Macintosh; Intel Mac OS X 10_11) AppleWebKit/601.1.27 (KHTML, like Gecko) Chrome/47.0.2526.106 Safari/601.1.27" "www.ysfine.com"
207.46.13.167 - - [23/Jan/2023:00:19:03 -0800] "GET /bio/wigner/e(2).html HTTP/1.1" 404 88 "-" "Mozilla/5.0 AppleWebKit/537.36 (KHTML, like Gecko; compatible; bingbot/2.0; +http://www.bing.com/bingbot.htm) Chrome/103.0.5060.134 Safari/537.36" "ysfine.com"
36.150.60.24 - - [23/Jan/2023:00:19:07 -0800] "GET / HTTP/1.1" 200 5295 "-" "Mozilla/5.0 (iPhone; CPU iPhone OS 11_4_1 like Mac OS X) AppleWebKit/604.3.5 (KHTML, like Gecko) Version/11.0 MQQBrowser/8.6.3 Mobile/15B87 Safari/604.1 MttCustomUA/2 QBWebViewType/1 WKType/1" "www.ysfine.com"
213.180.203.62 - - [23/Jan/2023:00:19:16 -0800] "GET /world/baltic/riga20.jpg HTTP/1.1" 200 67860 "-" "Mozilla/5.0 (compatible; YandexImages/3.0; +http://yandex.com/bots)" "ysfine.com"
36.150.60.24 - - [23/Jan/2023:00:19:19 -0800] "GET / HTTP/1.1" 200 5295 "-" "Mozilla/5.0 (Macintosh; Intel Mac OS X 10_11) AppleWebKit/601.1.27 (KHTML, like Gecko) Chrome/47.0.2526.106 Safari/601.1.27" "www.ysfine.com"
114.119.131.182 - - [23/Jan/2023:00:19:28 -0800] "GET /dongio/japanf.html HTTP/1.1" 404 88 "-" "Mozilla/5.0 (Linux; Android 7.0;) AppleWebKit/537.36 (KHTML, like Gecko) Mobile Safari/537.36 (compatible; PetalBot;+https://webmaster.petalsearch.com/site/petalbot)" "ysfine.com"
36.150.60.24 - - [23/Jan/2023:00:19:36 -0800] "GET /favicon.ico HTTP/1.1" 404 88 "-" "Dalvik/2.1.0 (Linux; U; Android 9.0; ZTE BA520 Build/MRA58K)" "www.ysfine.com"
36.150.60.24 - - [23/Jan/2023:00:19:56 -0800] "GET /favicon.ico HTTP/1.1" 404 88 "-" "Dalvik/2.1.0 (Linux; U; Android 9.0; ZTE BA520 Build/MRA58K)" "www.ysfine.com"
71.178.208.102 - - [23/Jan/2023:00:20:52 -0800] "GET /ys11/ HTTP/1.1" 304 - "-" "Mozilla/5.0 (Windows NT 10.0; Win64; x64) AppleWebKit/537.36 (KHTML, like Gecko) Chrome/109.0.0.0 Safari/537.36" "ysfine.com"
114.119.158.0 - - [23/Jan/2023:00:20:59 -0800] "GET /maga/phys/poinsf/frame50.html HTTP/1.1" 200 325 "https://www.ysfine.com/maga/phys/poinsf/frame49.html" "Mozilla/5.0 (Linux; Android 7.0;) AppleWebKit/537.36 (KHTML, like Gecko) Mobile Safari/537.36 (compatible; PetalBot;+https://webmaster.petalsearch.com/site/petalbot)" "www.ysfine.com"
207.46.13.27 - - [23/Jan/2023:00:21:08 -0800] "GET /bio/kobak/yskor.html HTTP/1.1" 404 88 "-" "Mozilla/5.0 AppleWebKit/537.36 (KHTML, like Gecko; compatible; bingbot/2.0; +http://www.bing.com/bingbot.htm) Chrome/103.0.5060.134 Safari/537.36" "ysfine.com"
51.222.253.5 - - [23/Jan/2023:00:22:25 -0800] "GET /usca/neworl.html HTTP/1.1" 200 14308 "-" "Mozilla/5.0 (compatible; AhrefsBot/7.0; +http://ahrefs.com/robot/)" "ysfine.com"
51.222.253.13 - - [23/Jan/2023:00:22:28 -0800] "GET /usca/norl/stcars/stcar11b.jpg HTTP/1.1" 200 48382 "-" "Mozilla/5.0 (compatible; AhrefsBot/7.0; +http://ahrefs.com/robot/)" "ysfine.com"
51.222.253.7 - - [23/Jan/2023:00:22:28 -0800] "GET /usca/norl/stcars/brake31a.jpg HTTP/1.1" 200 91242 "-" "Mozilla/5.0 (compatible; AhrefsBot/7.0; +http://ahrefs.com/robot/)" "ysfine.com"
51.222.253.16 - - [23/Jan/2023:00:22:28 -0800] "GET /usca/norl/canal05b.jpg HTTP/1.1" 200 46028 "-" "Mozilla/5.0 (compatible; AhrefsBot/7.0; +http://ahrefs.com/robot/)" "ysfine.com"
51.222.253.14 - - [23/Jan/2023:00:22:29 -0800] "GET /usca/norl/missi26b.jpg HTTP/1.1" 200 38185 "-" "Mozilla/5.0 (compatible; AhrefsBot/7.0; +http://ahrefs.com/robot/)" "ysfine.com"
51.222.253.16 - - [23/Jan/2023:00:22:29 -0800] "GET /usca/norl/jazz01b.jpg HTTP/1.1" 200 31234 "-" "Mozilla/5.0 (compatible; AhrefsBot/7.0; +http://ahrefs.com/robot/)" "ysfine.com"
51.222.253.3 - - [23/Jan/2023:00:22:30 -0800] "GET /usca/norl/stcars/stcar21b.jpg HTTP/1.1" 200 33556 "-" "Mozilla/5.0 (compatible; AhrefsBot/7.0; +http://ahrefs.com/robot/)" "ysfine.com"
51.222.253.13 - - [23/Jan/2023:00:22:30 -0800] "GET /world/china/shanghai001b.jpg HTTP/1.1" 200 38685 "-" "Mozilla/5.0 (compatible; AhrefsBot/7.0; +http://ahrefs.com/robot/)" "ysfine.com"
51.222.253.15 - - [23/Jan/2023:00:22:30 -0800] "GET /world/china/chongking32b.jpg HTTP/1.1" 200 42255 "-" "Mozilla/5.0 (compatible; AhrefsBot/7.0; +http://ahrefs.com/robot/)" "ysfine.com"
51.222.253.7 - - [23/Jan/2023:00:22:31 -0800] "GET /usca/norl/canal17b.jpg HTTP/1.1" 200 42943 "-" "Mozilla/5.0 (compatible; AhrefsBot/7.0; +http://ahrefs.com/robot/)" "ysfine.com"
51.222.253.7 - - [23/Jan/2023:00:22:31 -0800] "GET /usca/norl/bour16b.jpg HTTP/1.1" 200 39806 "-" "Mozilla/5.0 (compatible; AhrefsBot/7.0; +http://ahrefs.com/robot/)" "ysfine.com"
51.222.253.14 - - [23/Jan/2023:00:22:32 -0800] "GET /usca/norl/jackson66b.jpg HTTP/1.1" 200 54940 "-" "Mozilla/5.0 (compatible; AhrefsBot/7.0; +http://ahrefs.com/robot/)" "ysfine.com"
51.222.253.13 - - [23/Jan/2023:00:22:32 -0800] "GET /usca/norl/napo10b.jpg HTTP/1.1" 200 29910 "-" "Mozilla/5.0 (compatible; AhrefsBot/7.0; +http://ahrefs.com/robot/)" "ysfine.com"
51.222.253.8 - - [23/Jan/2023:00:22:33 -0800] "GET /usca/norl/jazz08b.jpg HTTP/1.1" 200 46018 "-" "Mozilla/5.0 (compatible; AhrefsBot/7.0; +http://ahrefs.com/robot/)" "ysfine.com"
51.222.253.5 - - [23/Jan/2023:00:22:33 -0800] "GET /usca/norl/bour31b.jpg HTTP/1.1" 200 47837 "-" "Mozilla/5.0 (compatible; AhrefsBot/7.0; +http://ahrefs.com/robot/)" "ysfine.com"
51.222.253.4 - - [23/Jan/2023:00:22:33 -0800] "GET /usca/norl/fm12b.jpg HTTP/1.1" 200 44969 "-" "Mozilla/5.0 (compatible; AhrefsBot/7.0; +http://ahrefs.com/robot/)" "ysfine.com"
51.222.253.13 - - [23/Jan/2023:00:22:34 -0800] "GET /usca/norl/missi21b.jpg HTTP/1.1" 200 44833 "-" "Mozilla/5.0 (compatible; AhrefsBot/7.0; +http://ahrefs.com/robot/)" "ysfine.com"
51.222.253.9 - - [23/Jan/2023:00:22:34 -0800] "GET /usca/norl/fq11b.jpg HTTP/1.1" 200 40400 "-" "Mozilla/5.0 (compatible; AhrefsBot/7.0; +http://ahrefs.com/robot/)" "ysfine.com"
51.222.253.18 - - [23/Jan/2023:00:22:35 -0800] "GET /usca/norl/stcars/stcar05b.jpg HTTP/1.1" 200 38162 "-" "Mozilla/5.0 (compatible; AhrefsBot/7.0; +http://ahrefs.com/robot/)" "ysfine.com"
51.222.253.13 - - [23/Jan/2023:00:22:35 -0800] "GET /world/china/chongking91b.jpg HTTP/1.1" 200 41029 "-" "Mozilla/5.0 (compatible; AhrefsBot/7.0; +http://ahrefs.com/robot/)" "ysfine.com"
51.222.253.10 - - [23/Jan/2023:00:22:36 -0800] "GET /feynman/jacdrum11b.jpg HTTP/1.1" 200 49846 "-" "Mozilla/5.0 (compatible; AhrefsBot/7.0; +http://ahrefs.com/robot/)" "ysfine.com"
51.222.253.13 - - [23/Jan/2023:00:22:36 -0800] "GET /usca/norl/missi04b.jpg HTTP/1.1" 200 34891 "-" "Mozilla/5.0 (compatible; AhrefsBot/7.0; +http://ahrefs.com/robot/)" "ysfine.com"
51.222.253.14 - - [23/Jan/2023:00:22:36 -0800] "GET /usca/norl/missi15b.jpg HTTP/1.1" 200 40393 "-" "Mozilla/5.0 (compatible; AhrefsBot/7.0; +http://ahrefs.com/robot/)" "ysfine.com"
51.222.253.17 - - [23/Jan/2023:00:22:37 -0800] "GET /usca/norl/stcharles05b.jpg HTTP/1.1" 200 51195 "-" "Mozilla/5.0 (compatible; AhrefsBot/7.0; +http://ahrefs.com/robot/)" "ysfine.com"
51.222.253.13 - - [23/Jan/2023:00:22:37 -0800] "GET /usca/norl/napo12b.jpg HTTP/1.1" 200 38672 "-" "Mozilla/5.0 (compatible; AhrefsBot/7.0; +http://ahrefs.com/robot/)" "ysfine.com"
51.222.253.19 - - [23/Jan/2023:00:22:38 -0800] "GET /usca/norl/missi37b.jpg HTTP/1.1" 200 34002 "-" "Mozilla/5.0 (compatible; AhrefsBot/7.0; +http://ahrefs.com/robot/)" "ysfine.com"
51.222.253.18 - - [23/Jan/2023:00:22:38 -0800] "GET /usca/norl/stcars/stcar55b.jpg HTTP/1.1" 200 44777 "-" "Mozilla/5.0 (compatible; AhrefsBot/7.0; +http://ahrefs.com/robot/)" "ysfine.com"
51.222.253.12 - - [23/Jan/2023:00:22:38 -0800] "GET /usca/pitt/fortpitt01b.jpg HTTP/1.1" 200 31243 "-" "Mozilla/5.0 (compatible; AhrefsBot/7.0; +http://ahrefs.com/robot/)" "ysfine.com"
51.222.253.10 - - [23/Jan/2023:00:22:39 -0800] "GET /usca/norl/canal03b.jpg HTTP/1.1" 200 43614 "-" "Mozilla/5.0 (compatible; AhrefsBot/7.0; +http://ahrefs.com/robot/)" "ysfine.com"
51.222.253.14 - - [23/Jan/2023:00:22:39 -0800] "GET /usca/norl/jackson33b.jpg HTTP/1.1" 200 14490 "-" "Mozilla/5.0 (compatible; AhrefsBot/7.0; +http://ahrefs.com/robot/)" "ysfine.com"
51.222.253.16 - - [23/Jan/2023:00:22:39 -0800] "GET /usca/norl/jackson55.jpg HTTP/1.1" 200 76385 "-" "Mozilla/5.0 (compatible; AhrefsBot/7.0; +http://ahrefs.com/robot/)" "ysfine.com"
51.222.253.14 - - [23/Jan/2023:00:22:40 -0800] "GET /usca/norl/canal07b.jpg HTTP/1.1" 200 41350 "-" "Mozilla/5.0 (compatible; AhrefsBot/7.0; +http://ahrefs.com/robot/)" "ysfine.com"
51.222.253.14 - - [23/Jan/2023:00:22:40 -0800] "GET /maga/histo/desiree21b.jpg HTTP/1.1" 200 40810 "-" "Mozilla/5.0 (compatible; AhrefsBot/7.0; +http://ahrefs.com/robot/)" "ysfine.com"
51.222.253.16 - - [23/Jan/2023:00:22:41 -0800] "GET /usca/norl/stcars/stcar54b.jpg HTTP/1.1" 200 64203 "-" "Mozilla/5.0 (compatible; AhrefsBot/7.0; +http://ahrefs.com/robot/)" "ysfine.com"
51.222.253.16 - - [23/Jan/2023:00:22:41 -0800] "GET /usca/norl/fm01b.jpg HTTP/1.1" 200 36775 "-" "Mozilla/5.0 (compatible; AhrefsBot/7.0; +http://ahrefs.com/robot/)" "ysfine.com"
51.222.253.10 - - [23/Jan/2023:00:22:42 -0800] "GET /usca/norl/napo01b.jpg HTTP/1.1" 200 42328 "-" "Mozilla/5.0 (compatible; AhrefsBot/7.0; +http://ahrefs.com/robot/)" "ysfine.com"
51.222.253.1 - - [23/Jan/2023:00:22:42 -0800] "GET /usca/norl/missi32b.jpg HTTP/1.1" 200 44937 "-" "Mozilla/5.0 (compatible; AhrefsBot/7.0; +http://ahrefs.com/robot/)" "ysfine.com"
51.222.253.18 - - [23/Jan/2023:00:22:43 -0800] "GET /usca/norl/napo00b.jpg HTTP/1.1" 200 31598 "-" "Mozilla/5.0 (compatible; AhrefsBot/7.0; +http://ahrefs.com/robot/)" "ysfine.com"
51.222.253.15 - - [23/Jan/2023:00:22:43 -0800] "GET /maga/histo/desiree22b.jpg HTTP/1.1" 200 44724 "-" "Mozilla/5.0 (compatible; AhrefsBot/7.0; +http://ahrefs.com/robot/)" "ysfine.com"
51.222.253.20 - - [23/Jan/2023:00:22:44 -0800] "GET /usca/norl/bour04b.jpg HTTP/1.1" 200 43832 "-" "Mozilla/5.0 (compatible; AhrefsBot/7.0; +http://ahrefs.com/robot/)" "ysfine.com"
51.222.253.11 - - [23/Jan/2023:00:22:44 -0800] "GET /usca/norl/canal04b.jpg HTTP/1.1" 200 39061 "-" "Mozilla/5.0 (compatible; AhrefsBot/7.0; +http://ahrefs.com/robot/)" "ysfine.com"
51.222.253.7 - - [23/Jan/2023:00:22:44 -0800] "GET /usca/norl/napo15b.jpg HTTP/1.1" 200 30847 "-" "Mozilla/5.0 (compatible; AhrefsBot/7.0; +http://ahrefs.com/robot/)" "ysfine.com"
51.222.253.10 - - [23/Jan/2023:00:22:45 -0800] "GET /usca/norl/bour02b.jpg HTTP/1.1" 200 39485 "-" "Mozilla/5.0 (compatible; AhrefsBot/7.0; +http://ahrefs.com/robot/)" "ysfine.com"
207.46.13.176 - - [23/Jan/2023:00:25:23 -0800] "GET /bio/eink/buythisbook.html HTTP/1.1" 404 88 "-" "Mozilla/5.0 AppleWebKit/537.36 (KHTML, like Gecko; compatible; bingbot/2.0; +http://www.bing.com/bingbot.htm) Chrome/103.0.5060.134 Safari/537.36" "ysfine.com"
207.46.13.27 - - [23/Jan/2023:00:26:28 -0800] "GET /bio/style/artlove.html HTTP/1.1" 404 88 "-" "Mozilla/5.0 AppleWebKit/537.36 (KHTML, like Gecko; compatible; bingbot/2.0; +http://www.bing.com/bingbot.htm) Chrome/103.0.5060.134 Safari/537.36" "ysfine.com"
207.46.13.15 - - [23/Jan/2023:00:27:02 -0800] "GET /world/kazan.html HTTP/1.1" 200 13929 "-" "Mozilla/5.0 AppleWebKit/537.36 (KHTML, like Gecko; compatible; bingbot/2.0; +http://www.bing.com/bingbot.htm) Chrome/103.0.5060.134 Safari/537.36" "www.ysfine.com"
71.178.208.102 - - [23/Jan/2023:00:27:11 -0800] "GET /ys11/ HTTP/1.1" 304 - "-" "Mozilla/5.0 (Windows NT 10.0; Win64; x64) AppleWebKit/537.36 (KHTML, like Gecko) Chrome/109.0.0.0 Safari/537.36 Edg/109.0.1518.61" "ysfine.com"
5.188.210.97 - - [23/Jan/2023:00:27:29 -0800] "GET /ysbio/world/travel.html HTTP/1.1" 404 73 "https://www.ysfine.com/ysbio/world/travel.html" "Mozilla/5.0 (Windows NT 6.1; ) AppleWebKit/537.36 (KHTML, like Gecko) Chrome/90.0.4430.85 Safari/537.36" "www.ysfine.com"
207.46.13.27 - - [23/Jan/2023:00:27:29 -0800] "GET /maga/histo/desiree23.jpg HTTP/1.1" 200 85900 "-" "Mozilla/5.0 AppleWebKit/537.36 (KHTML, like Gecko; compatible; bingbot/2.0; +http://www.bing.com/bingbot.htm) Chrome/103.0.5060.134 Safari/537.36" "ysfine.com"
5.188.210.97 - - [23/Jan/2023:00:27:30 -0800] "GET / HTTP/1.1" 200 15915 "https://www.ysfine.com/" "Mozilla/5.0 (Windows NT 6.1; ) AppleWebKit/537.36 (KHTML, like Gecko) Chrome/90.0.4430.85 Safari/537.36" "www.ysfine.com"
144.202.25.134 - - [23/Jan/2023:00:27:43 -0800] "GET /world/visas.html HTTP/1.1" 200 2626 "-" "Mozilla" "ysfine.com"
144.202.25.134 - - [23/Jan/2023:00:27:50 -0800] "GET /world/visas.html HTTP/1.1" 200 2626 "-" "Mozilla" "ysfine.com"
207.46.13.167 - - [23/Jan/2023:00:29:12 -0800] "GET /wdc/whxmas/whxmas05.jpg HTTP/1.1" 200 40309 "-" "Mozilla/5.0 AppleWebKit/537.36 (KHTML, like Gecko; compatible; bingbot/2.0; +http://www.bing.com/bingbot.htm) Chrome/103.0.5060.134 Safari/537.36" "www.ysfine.com"
51.222.253.11 - - [23/Jan/2023:00:30:07 -0800] "GET /class54/class5470/total_data/sub_769.htm HTTP/1.1" 200 3289 "-" "Mozilla/5.0 (compatible; AhrefsBot/7.0; +http://ahrefs.com/robot/)" "ysfine.com"
101.67.29.117 - - [23/Jan/2023:00:30:29 -0800] "GET / HTTP/1.1" 200 5295 "-" "Mozilla/5.0 (iPhone; CPU iPhone OS 10_3 like Mac OS X) AppleWebKit/602.1.50 (KHTML, like Gecko) CriOS/56.0.2924.75 Mobile/14E5239e YisouSpider/5.0 Safari/602.1" "www.ysfine.com"
207.46.13.167 - - [23/Jan/2023:00:31:02 -0800] "GET /bio/princeton/campus.html HTTP/1.1" 404 88 "-" "Mozilla/5.0 AppleWebKit/537.36 (KHTML, like Gecko; compatible; bingbot/2.0; +http://www.bing.com/bingbot.htm) Chrome/103.0.5060.134 Safari/537.36" "ysfine.com"
207.46.13.176 - - [23/Jan/2023:00:31:23 -0800] "GET /kobak/rhee12.jpg HTTP/1.1" 200 235392 "-" "Mozilla/5.0 AppleWebKit/537.36 (KHTML, like Gecko; compatible; bingbot/2.0; +http://www.bing.com/bingbot.htm) Chrome/103.0.5060.134 Safari/537.36" "ysfine.com"
114.119.135.83 - - [23/Jan/2023:00:31:26 -0800] "GET /maga/wigner/lunch.html HTTP/1.1" 404 88 "-" "Mozilla/5.0 (Linux; Android 7.0;) AppleWebKit/537.36 (KHTML, like Gecko) Mobile Safari/537.36 (compatible; PetalBot;+https://webmaster.petalsearch.com/site/petalbot)" "ysfine.com"
69.63.184.1 - - [23/Jan/2023:00:31:43 -0800] "GET /bio09.html HTTP/1.1" 206 12726 "-" "facebookexternalhit/1.1 (+http://www.facebook.com/externalhit_uatext.php)" "ysfine.com"
71.178.208.102 - - [23/Jan/2023:00:31:53 -0800] "GET /bio09.html?fbclid=IwAR0Gwe9ggEcs2IGIMmGX7KZ8heDUV2HrEPwb4Hk9V_7R1hPGKT7fWTknnL8 HTTP/1.1" 200 12726 "https://l.facebook.com/" "Mozilla/5.0 (Windows NT 10.0; Win64; x64) AppleWebKit/537.36 (KHTML, like Gecko) Chrome/109.0.0.0 Safari/537.36" "ysfine.com"
71.178.208.102 - - [23/Jan/2023:00:31:53 -0800] "GET /home/sbt11d.jpg HTTP/1.1" 200 41029 "https://ysfine.com/bio09.html?fbclid=IwAR0Gwe9ggEcs2IGIMmGX7KZ8heDUV2HrEPwb4Hk9V_7R1hPGKT7fWTknnL8" "Mozilla/5.0 (Windows NT 10.0; Win64; x64) AppleWebKit/537.36 (KHTML, like Gecko) Chrome/109.0.0.0 Safari/537.36" "ysfine.com"
71.178.208.102 - - [23/Jan/2023:00:31:53 -0800] "GET /home/eink450.jpg HTTP/1.1" 200 66794 "https://ysfine.com/bio09.html?fbclid=IwAR0Gwe9ggEcs2IGIMmGX7KZ8heDUV2HrEPwb4Hk9V_7R1hPGKT7fWTknnL8" "Mozilla/5.0 (Windows NT 10.0; Win64; x64) AppleWebKit/537.36 (KHTML, like Gecko) Chrome/109.0.0.0 Safari/537.36" "ysfine.com"
71.178.208.102 - - [23/Jan/2023:00:31:53 -0800] "GET /home/wigkim450.jpg HTTP/1.1" 200 46980 "https://ysfine.com/bio09.html?fbclid=IwAR0Gwe9ggEcs2IGIMmGX7KZ8heDUV2HrEPwb4Hk9V_7R1hPGKT7fWTknnL8" "Mozilla/5.0 (Windows NT 10.0; Win64; x64) AppleWebKit/537.36 (KHTML, like Gecko) Chrome/109.0.0.0 Safari/537.36" "ysfine.com"
71.178.208.102 - - [23/Jan/2023:00:31:53 -0800] "GET /home/wigein11d.jpg HTTP/1.1" 200 38446 "https://ysfine.com/bio09.html?fbclid=IwAR0Gwe9ggEcs2IGIMmGX7KZ8heDUV2HrEPwb4Hk9V_7R1hPGKT7fWTknnL8" "Mozilla/5.0 (Windows NT 10.0; Win64; x64) AppleWebKit/537.36 (KHTML, like Gecko) Chrome/109.0.0.0 Safari/537.36" "ysfine.com"
71.178.208.102 - - [23/Jan/2023:00:31:53 -0800] "GET /fotos/einmu41d.jpg HTTP/1.1" 200 62005 "https://ysfine.com/bio09.html?fbclid=IwAR0Gwe9ggEcs2IGIMmGX7KZ8heDUV2HrEPwb4Hk9V_7R1hPGKT7fWTknnL8" "Mozilla/5.0 (Windows NT 10.0; Win64; x64) AppleWebKit/537.36 (KHTML, like Gecko) Chrome/109.0.0.0 Safari/537.36" "ysfine.com"
71.178.208.102 - - [23/Jan/2023:00:31:53 -0800] "GET /home/wigner22d.jpg HTTP/1.1" 200 70992 "https://ysfine.com/bio09.html?fbclid=IwAR0Gwe9ggEcs2IGIMmGX7KZ8heDUV2HrEPwb4Hk9V_7R1hPGKT7fWTknnL8" "Mozilla/5.0 (Windows NT 10.0; Win64; x64) AppleWebKit/537.36 (KHTML, like Gecko) Chrome/109.0.0.0 Safari/537.36" "ysfine.com"
71.178.208.102 - - [23/Jan/2023:00:31:53 -0800] "GET /dirac/truck/truck18a.jpg HTTP/1.1" 200 78184 "https://ysfine.com/bio09.html?fbclid=IwAR0Gwe9ggEcs2IGIMmGX7KZ8heDUV2HrEPwb4Hk9V_7R1hPGKT7fWTknnL8" "Mozilla/5.0 (Windows NT 10.0; Win64; x64) AppleWebKit/537.36 (KHTML, like Gecko) Chrome/109.0.0.0 Safari/537.36" "ysfine.com"
71.178.208.102 - - [23/Jan/2023:00:31:53 -0800] "GET /home/eink54f.jpg HTTP/1.1" 200 96332 "https://ysfine.com/bio09.html?fbclid=IwAR0Gwe9ggEcs2IGIMmGX7KZ8heDUV2HrEPwb4Hk9V_7R1hPGKT7fWTknnL8" "Mozilla/5.0 (Windows NT 10.0; Win64; x64) AppleWebKit/537.36 (KHTML, like Gecko) Chrome/109.0.0.0 Safari/537.36" "ysfine.com"
71.178.208.102 - - [23/Jan/2023:00:31:53 -0800] "GET /home/o32inho22g.jpg HTTP/1.1" 200 90429 "https://ysfine.com/bio09.html?fbclid=IwAR0Gwe9ggEcs2IGIMmGX7KZ8heDUV2HrEPwb4Hk9V_7R1hPGKT7fWTknnL8" "Mozilla/5.0 (Windows NT 10.0; Win64; x64) AppleWebKit/537.36 (KHTML, like Gecko) Chrome/109.0.0.0 Safari/537.36" "ysfine.com"
71.178.208.102 - - [23/Jan/2023:00:31:53 -0800] "GET /home/further22f.jpg HTTP/1.1" 200 99099 "https://ysfine.com/bio09.html?fbclid=IwAR0Gwe9ggEcs2IGIMmGX7KZ8heDUV2HrEPwb4Hk9V_7R1hPGKT7fWTknnL8" "Mozilla/5.0 (Windows NT 10.0; Win64; x64) AppleWebKit/537.36 (KHTML, like Gecko) Chrome/109.0.0.0 Safari/537.36" "ysfine.com"
71.178.208.102 - - [23/Jan/2023:00:31:53 -0800] "GET /wigner/michwight.jpg HTTP/1.1" 200 73424 "https://ysfine.com/bio09.html?fbclid=IwAR0Gwe9ggEcs2IGIMmGX7KZ8heDUV2HrEPwb4Hk9V_7R1hPGKT7fWTknnL8" "Mozilla/5.0 (Windows NT 10.0; Win64; x64) AppleWebKit/537.36 (KHTML, like Gecko) Chrome/109.0.0.0 Safari/537.36" "ysfine.com"
71.178.208.102 - - [23/Jan/2023:00:31:53 -0800] "GET /einstein/einbohr55f.jpg HTTP/1.1" 200 155618 "https://ysfine.com/bio09.html?fbclid=IwAR0Gwe9ggEcs2IGIMmGX7KZ8heDUV2HrEPwb4Hk9V_7R1hPGKT7fWTknnL8" "Mozilla/5.0 (Windows NT 10.0; Win64; x64) AppleWebKit/537.36 (KHTML, like Gecko) Chrome/109.0.0.0 Safari/537.36" "ysfine.com"
71.178.208.102 - - [23/Jan/2023:00:31:53 -0800] "GET /princeton/einpm22d.jpg HTTP/1.1" 200 65372 "https://ysfine.com/bio09.html?fbclid=IwAR0Gwe9ggEcs2IGIMmGX7KZ8heDUV2HrEPwb4Hk9V_7R1hPGKT7fWTknnL8" "Mozilla/5.0 (Windows NT 10.0; Win64; x64) AppleWebKit/537.36 (KHTML, like Gecko) Chrome/109.0.0.0 Safari/537.36" "ysfine.com"
71.178.208.102 - - [23/Jan/2023:00:31:53 -0800] "GET /home/fig33/parton77f.jpg HTTP/1.1" 200 120094 "https://ysfine.com/bio09.html?fbclid=IwAR0Gwe9ggEcs2IGIMmGX7KZ8heDUV2HrEPwb4Hk9V_7R1hPGKT7fWTknnL8" "Mozilla/5.0 (Windows NT 10.0; Win64; x64) AppleWebKit/537.36 (KHTML, like Gecko) Chrome/109.0.0.0 Safari/537.36" "ysfine.com"
71.178.208.102 - - [23/Jan/2023:00:31:53 -0800] "GET /home/tollwig11d.jpg HTTP/1.1" 200 39722 "https://ysfine.com/bio09.html?fbclid=IwAR0Gwe9ggEcs2IGIMmGX7KZ8heDUV2HrEPwb4Hk9V_7R1hPGKT7fWTknnL8" "Mozilla/5.0 (Windows NT 10.0; Win64; x64) AppleWebKit/537.36 (KHTML, like Gecko) Chrome/109.0.0.0 Safari/537.36" "ysfine.com"
71.178.208.102 - - [23/Jan/2023:00:31:53 -0800] "GET /home/bedk22f.jpg HTTP/1.1" 200 79706 "https://ysfine.com/bio09.html?fbclid=IwAR0Gwe9ggEcs2IGIMmGX7KZ8heDUV2HrEPwb4Hk9V_7R1hPGKT7fWTknnL8" "Mozilla/5.0 (Windows NT 10.0; Win64; x64) AppleWebKit/537.36 (KHTML, like Gecko) Chrome/109.0.0.0 Safari/537.36" "ysfine.com"
71.178.208.102 - - [23/Jan/2023:00:31:53 -0800] "GET /fotos/einhaus450.jpg HTTP/1.1" 200 65369 "https://ysfine.com/bio09.html?fbclid=IwAR0Gwe9ggEcs2IGIMmGX7KZ8heDUV2HrEPwb4Hk9V_7R1hPGKT7fWTknnL8" "Mozilla/5.0 (Windows NT 10.0; Win64; x64) AppleWebKit/537.36 (KHTML, like Gecko) Chrome/109.0.0.0 Safari/537.36" "ysfine.com"
71.178.208.102 - - [23/Jan/2023:00:31:53 -0800] "GET /home/comet40f.jpg HTTP/1.1" 200 101816 "https://ysfine.com/bio09.html?fbclid=IwAR0Gwe9ggEcs2IGIMmGX7KZ8heDUV2HrEPwb4Hk9V_7R1hPGKT7fWTknnL8" "Mozilla/5.0 (Windows NT 10.0; Win64; x64) AppleWebKit/537.36 (KHTML, like Gecko) Chrome/109.0.0.0 Safari/537.36" "ysfine.com"
71.178.208.102 - - [23/Jan/2023:00:31:53 -0800] "GET /home/fig33/sbtwein450.jpg HTTP/1.1" 200 73194 "https://ysfine.com/bio09.html?fbclid=IwAR0Gwe9ggEcs2IGIMmGX7KZ8heDUV2HrEPwb4Hk9V_7R1hPGKT7fWTknnL8" "Mozilla/5.0 (Windows NT 10.0; Win64; x64) AppleWebKit/537.36 (KHTML, like Gecko) Chrome/109.0.0.0 Safari/537.36" "ysfine.com"
71.178.208.102 - - [23/Jan/2023:00:32:27 -0800] "GET /home/sing.html HTTP/1.1" 200 2927 "-" "Mozilla/5.0 (Windows NT 10.0; Win64; x64) AppleWebKit/537.36 (KHTML, like Gecko) Chrome/109.0.0.0 Safari/537.36 Edg/109.0.1518.61" "ysfine.com"
71.178.208.102 - - [23/Jan/2023:00:32:27 -0800] "GET /home/wigner62c.jpg HTTP/1.1" 200 41727 "https://ysfine.com/home/sing.html" "Mozilla/5.0 (Windows NT 10.0; Win64; x64) AppleWebKit/537.36 (KHTML, like Gecko) Chrome/109.0.0.0 Safari/537.36 Edg/109.0.1518.61" "ysfine.com"
71.178.208.102 - - [23/Jan/2023:00:32:27 -0800] "GET /home/ewk86a.jpg HTTP/1.1" 200 86008 "https://ysfine.com/home/sing.html" "Mozilla/5.0 (Windows NT 10.0; Win64; x64) AppleWebKit/537.36 (KHTML, like Gecko) Chrome/109.0.0.0 Safari/537.36 Edg/109.0.1518.61" "ysfine.com"
71.178.208.102 - - [23/Jan/2023:00:32:27 -0800] "GET /home/eward11c.jpg HTTP/1.1" 200 48989 "https://ysfine.com/home/sing.html" "Mozilla/5.0 (Windows NT 10.0; Win64; x64) AppleWebKit/537.36 (KHTML, like Gecko) Chrome/109.0.0.0 Safari/537.36 Edg/109.0.1518.61" "ysfine.com"
185.59.147.24 - - [23/Jan/2023:00:32:44 -0800] "GET /world/baltic/kantname11.jpg HTTP/1.1" 200 140735 "https://www.google.com/" "Mozilla/5.0 (Windows NT 10.0; Win64; x64) AppleWebKit/537.36 (KHTML, like Gecko) Chrome/109.0.0.0 Safari/537.36" "ysfine.com"
213.180.203.3 - - [23/Jan/2023:00:32:45 -0800] "GET /sbk/popular.html HTTP/1.1" 200 1254 "-" "Mozilla/5.0 (compatible; YandexBot/3.0; +http://yandex.com/bots) AppleWebKit/537.36 (KHTML, like Gecko) Chrome/81.0.4044.268" "www.ysfine.com"
71.178.208.102 - - [23/Jan/2023:00:33:02 -0800] "GET /bio09.html HTTP/1.1" 200 12726 "https://ysfine.com/ys11/" "Mozilla/5.0 (Windows NT 10.0; Win64; x64) AppleWebKit/537.36 (KHTML, like Gecko) Chrome/109.0.0.0 Safari/537.36 Edg/109.0.1518.61" "ysfine.com"
40.77.167.11 - - [23/Jan/2023:00:34:14 -0800] "GET /bio/kobak/namdae.html HTTP/1.1" 404 88 "-" "Mozilla/5.0 AppleWebKit/537.36 (KHTML, like Gecko; compatible; bingbot/2.0; +http://www.bing.com/bingbot.htm) Chrome/103.0.5060.134 Safari/537.36" "ysfine.com"
72.213.9.231 - - [23/Jan/2023:00:37:04 -0800] "GET /heisen/bohrheisen11.jpg HTTP/1.1" 200 104546 "https://www.google.com/" "Mozilla/5.0 (Macintosh; Intel Mac OS X 10_11_6) AppleWebKit/605.1.15 (KHTML, like Gecko) Version/11.1.2 Safari/605.1.15" "ysfine.com"
205.185.209.57 - - [23/Jan/2023:00:37:45 -0800] "GET /confer/other.html HTTP/1.1" 404 88 "http://ysfine.com" "Mozilla/5.0 (Windows NT 10.0; Win64; x64) AppleWebKit/537.36 (KHTML, like Gecko) Chrome/62.0.3202.94 Safari/537.36" "ysfine.com"
205.185.209.57 - - [23/Jan/2023:00:37:46 -0800] "GET /confer/other.html HTTP/1.1" 404 88 "http://ysfine.com" "Mozilla/5.0 (Windows NT 10.0; Win64; x64) AppleWebKit/537.36 (KHTML, like Gecko) Chrome/62.0.3202.94 Safari/537.36" "ysfine.com"
205.185.209.57 - - [23/Jan/2023:00:37:47 -0800] "GET /confer/other.html HTTP/1.1" 404 88 "http://ysfine.com" "Mozilla/5.0 (Windows NT 10.0; Win64; x64) AppleWebKit/537.36 (KHTML, like Gecko) Chrome/62.0.3202.94 Safari/537.36" "ysfine.com"
205.185.209.57 - - [23/Jan/2023:00:37:48 -0800] "GET /confer/other.html HTTP/1.1" 404 88 "http://ysfine.com" "Mozilla/5.0 (Windows NT 10.0; Win64; x64) AppleWebKit/537.36 (KHTML, like Gecko) Chrome/62.0.3202.94 Safari/537.36" "ysfine.com"
51.222.253.8 - - [23/Jan/2023:00:38:00 -0800] "GET /philo/sartre.html HTTP/1.1" 200 7721 "-" "Mozilla/5.0 (compatible; AhrefsBot/7.0; +http://ahrefs.com/robot/)" "ysfine.com"
51.222.253.18 - - [23/Jan/2023:00:38:02 -0800] "GET /world/france/magots07b.jpg HTTP/1.1" 200 38319 "-" "Mozilla/5.0 (compatible; AhrefsBot/7.0; +http://ahrefs.com/robot/)" "ysfine.com"
51.222.253.14 - - [23/Jan/2023:00:38:03 -0800] "GET /world/france/montpar09b.jpg HTTP/1.1" 200 51581 "-" "Mozilla/5.0 (compatible; AhrefsBot/7.0; +http://ahrefs.com/robot/)" "ysfine.com"
51.222.253.11 - - [23/Jan/2023:00:38:03 -0800] "GET /world/france/sartsq01b.jpg HTTP/1.1" 200 50069 "-" "Mozilla/5.0 (compatible; AhrefsBot/7.0; +http://ahrefs.com/robot/)" "ysfine.com"
51.222.253.14 - - [23/Jan/2023:00:38:03 -0800] "GET /world/france/magots01b.jpg HTTP/1.1" 200 54026 "-" "Mozilla/5.0 (compatible; AhrefsBot/7.0; +http://ahrefs.com/robot/)" "ysfine.com"
51.222.253.5 - - [23/Jan/2023:00:38:04 -0800] "GET /world/france/sartsq10b.jpg HTTP/1.1" 200 53635 "-" "Mozilla/5.0 (compatible; AhrefsBot/7.0; +http://ahrefs.com/robot/)" "ysfine.com"
51.222.253.12 - - [23/Jan/2023:00:38:05 -0800] "GET /philo/childrenof11b.jpg HTTP/1.1" 200 73491 "-" "Mozilla/5.0 (compatible; AhrefsBot/7.0; +http://ahrefs.com/robot/)" "ysfine.com"
51.222.253.7 - - [23/Jan/2023:00:38:05 -0800] "GET /world/france/sartsq18b.jpg HTTP/1.1" 200 60144 "-" "Mozilla/5.0 (compatible; AhrefsBot/7.0; +http://ahrefs.com/robot/)" "ysfine.com"
51.222.253.8 - - [23/Jan/2023:00:38:06 -0800] "GET /world/france/flore01b.jpg HTTP/1.1" 200 40093 "-" "Mozilla/5.0 (compatible; AhrefsBot/7.0; +http://ahrefs.com/robot/)" "ysfine.com"
51.222.253.15 - - [23/Jan/2023:00:38:06 -0800] "GET /philo/sartre66b.jpg HTTP/1.1" 200 66175 "-" "Mozilla/5.0 (compatible; AhrefsBot/7.0; +http://ahrefs.com/robot/)" "ysfine.com"
51.222.253.7 - - [23/Jan/2023:00:38:06 -0800] "GET /world/france/sartsq09b.jpg HTTP/1.1" 200 35405 "-" "Mozilla/5.0 (compatible; AhrefsBot/7.0; +http://ahrefs.com/robot/)" "ysfine.com"
51.222.253.18 - - [23/Jan/2023:00:38:07 -0800] "GET /world/france/sartsq21b.jpg HTTP/1.1" 200 49758 "-" "Mozilla/5.0 (compatible; AhrefsBot/7.0; +http://ahrefs.com/robot/)" "ysfine.com"
51.222.253.5 - - [23/Jan/2023:00:38:07 -0800] "GET /world/france/sartsq06b.jpg HTTP/1.1" 200 40585 "-" "Mozilla/5.0 (compatible; AhrefsBot/7.0; +http://ahrefs.com/robot/)" "ysfine.com"
51.222.253.14 - - [23/Jan/2023:00:38:08 -0800] "GET /world/france/sartremap11b.jpg HTTP/1.1" 200 64726 "-" "Mozilla/5.0 (compatible; AhrefsBot/7.0; +http://ahrefs.com/robot/)" "ysfine.com"
51.222.253.4 - - [23/Jan/2023:00:38:08 -0800] "GET /world/france/flore10b.jpg HTTP/1.1" 200 37285 "-" "Mozilla/5.0 (compatible; AhrefsBot/7.0; +http://ahrefs.com/robot/)" "ysfine.com"
51.222.253.5 - - [23/Jan/2023:00:38:09 -0800] "GET /world/france/sartsq15b.jpg HTTP/1.1" 200 46621 "-" "Mozilla/5.0 (compatible; AhrefsBot/7.0; +http://ahrefs.com/robot/)" "ysfine.com"
51.222.253.18 - - [23/Jan/2023:00:38:09 -0800] "GET /world/france/montpar01b.jpg HTTP/1.1" 200 31891 "-" "Mozilla/5.0 (compatible; AhrefsBot/7.0; +http://ahrefs.com/robot/)" "ysfine.com"
71.178.208.102 - - [23/Jan/2023:00:38:09 -0800] "GET /bio09.html HTTP/1.1" 304 - "https://www.ysfine.com/ys11/index.html" "Mozilla/5.0 (Windows NT 10.0; Win64; x64) AppleWebKit/537.36 (KHTML, like Gecko) Chrome/109.0.0.0 Safari/537.36 Edg/109.0.1518.61" "www.ysfine.com"
51.222.253.1 - - [23/Jan/2023:00:38:09 -0800] "GET /world/france/flore07b.jpg HTTP/1.1" 200 52304 "-" "Mozilla/5.0 (compatible; AhrefsBot/7.0; +http://ahrefs.com/robot/)" "ysfine.com"
51.222.253.10 - - [23/Jan/2023:00:38:10 -0800] "GET /world/france/lipp03b.jpg HTTP/1.1" 200 40655 "-" "Mozilla/5.0 (compatible; AhrefsBot/7.0; +http://ahrefs.com/robot/)" "ysfine.com"
51.222.253.3 - - [23/Jan/2023:00:38:10 -0800] "GET /philo/sartre11b.jpg HTTP/1.1" 200 57563 "-" "Mozilla/5.0 (compatible; AhrefsBot/7.0; +http://ahrefs.com/robot/)" "ysfine.com"
71.178.208.102 - - [23/Jan/2023:00:39:51 -0800] "GET /bio09.html HTTP/1.1" 200 12725 "https://www.ysfine.com/ys11/index.html" "Mozilla/5.0 (Windows NT 10.0; Win64; x64) AppleWebKit/537.36 (KHTML, like Gecko) Chrome/109.0.0.0 Safari/537.36 Edg/109.0.1518.61" "www.ysfine.com"
123.125.109.45 - - [23/Jan/2023:00:40:45 -0800] "GET / HTTP/1.1" 200 5295 "-" "Sogou web spider/4.0(+http://www.sogou.com/docs/help/webmasters.htm#07)" "ysfine.com"
36.82.98.8 - - [23/Jan/2023:00:41:28 -0800] "GET /world/brit/eton09.jpg HTTP/1.1" 200 102035 "https://www.google.com/" "Mozilla/5.0 (Macintosh; Intel Mac OS X 10_15_7) AppleWebKit/537.36 (KHTML, like Gecko) Chrome/109.0.0.0 Safari/537.36" "ysfine.com"
36.82.98.8 - - [23/Jan/2023:00:41:43 -0800] "GET /world/brit/eton01.jpg HTTP/1.1" 200 126845 "https://www.google.com/" "Mozilla/5.0 (Macintosh; Intel Mac OS X 10_15_7) AppleWebKit/537.36 (KHTML, like Gecko) Chrome/109.0.0.0 Safari/537.36" "ysfine.com"
36.82.98.8 - - [23/Jan/2023:00:41:53 -0800] "GET /world/brit/eton01.jpg HTTP/1.1" 200 126845 "https://www.google.com/" "Mozilla/5.0 (Macintosh; Intel Mac OS X 10_15_7) AppleWebKit/537.36 (KHTML, like Gecko) Chrome/109.0.0.0 Safari/537.36" "ysfine.com"
207.46.13.27 - - [23/Jan/2023:00:43:02 -0800] "GET /bio/sbk/1950.html HTTP/1.1" 404 88 "-" "Mozilla/5.0 AppleWebKit/537.36 (KHTML, like Gecko; compatible; bingbot/2.0; +http://www.bing.com/bingbot.htm) Chrome/103.0.5060.134 Safari/537.36" "ysfine.com"
213.180.203.3 - - [23/Jan/2023:00:43:30 -0800] "GET /world/london.html HTTP/1.1" 200 16969 "-" "Mozilla/5.0 (compatible; YandexBot/3.0; +http://yandex.com/bots) AppleWebKit/537.36 (KHTML, like Gecko) Chrome/81.0.4044.268" "www.ysfine.com"
114.119.137.28 - - [23/Jan/2023:00:44:05 -0800] "GET /home/iaotp/yskim.pdf HTTP/1.1" 404 88 "-" "Mozilla/5.0 (Linux; Android 7.0;) AppleWebKit/537.36 (KHTML, like Gecko) Mobile Safari/537.36 (compatible; PetalBot;+https://webmaster.petalsearch.com/site/petalbot)" "ysfine.com"
207.46.13.176 - - [23/Jan/2023:00:45:04 -0800] "GET /kobak/sohnjd.pdf HTTP/1.1" 304 - "-" "Mozilla/5.0 AppleWebKit/537.36 (KHTML, like Gecko; compatible; bingbot/2.0; +http://www.bing.com/bingbot.htm) Chrome/103.0.5060.134 Safari/537.36" "www.ysfine.com"
71.178.208.102 - - [23/Jan/2023:00:45:16 -0800] "GET /ys22/dondon.html HTTP/1.1" 401 90 "https://ysfine.com/ys11/" "Mozilla/5.0 (Windows NT 10.0; Win64; x64) AppleWebKit/537.36 (KHTML, like Gecko) Chrome/109.0.0.0 Safari/537.36 Edg/109.0.1518.61" "ysfine.com"
71.178.208.102 - jake [23/Jan/2023:00:45:18 -0800] "GET /ys22/dondon.html HTTP/1.1" 200 2039 "https://ysfine.com/ys11/" "Mozilla/5.0 (Windows NT 10.0; Win64; x64) AppleWebKit/537.36 (KHTML, like Gecko) Chrome/109.0.0.0 Safari/537.36 Edg/109.0.1518.61" "ysfine.com"
71.178.208.102 - - [23/Jan/2023:00:45:18 -0800] "GET /favicon.ico HTTP/1.1" 404 88 "https://ysfine.com/ys22/dondon.html" "Mozilla/5.0 (Windows NT 10.0; Win64; x64) AppleWebKit/537.36 (KHTML, like Gecko) Chrome/109.0.0.0 Safari/537.36 Edg/109.0.1518.61" "ysfine.com"
77.75.77.101 - - [23/Jan/2023:00:45:55 -0800] "GET /robots.txt HTTP/1.1" 404 88 "-" "Mozilla/5.0 (compatible; SeznamBot/3.2; +http://napoveda.seznam.cz/en/seznambot-intro/)" "ysfine.com"
77.75.77.101 - - [23/Jan/2023:00:45:57 -0800] "GET /einstein/places/einmu50.jpg HTTP/1.1" 200 77925 "-" "Mozilla/5.0 (compatible; SeznamBot/3.2; +http://napoveda.seznam.cz/en/seznambot-intro/)" "ysfine.com"
77.75.77.101 - - [23/Jan/2023:00:46:00 -0800] "GET /world/germany/schonbr01.jpg HTTP/1.1" 304 - "-" "Mozilla/5.0 (compatible; SeznamBot/3.2; +http://napoveda.seznam.cz/en/seznambot-intro/)" "ysfine.com"
77.75.77.101 - - [23/Jan/2023:00:46:00 -0800] "GET /usca/norl/missi15.jpg HTTP/1.1" 304 - "-" "Mozilla/5.0 (compatible; SeznamBot/3.2; +http://napoveda.seznam.cz/en/seznambot-intro/)" "ysfine.com"
77.75.77.101 - - [23/Jan/2023:00:46:01 -0800] "GET /princeton/cleve55.jpg HTTP/1.1" 200 71520 "-" "Mozilla/5.0 (compatible; SeznamBot/3.2; +http://napoveda.seznam.cz/en/seznambot-intro/)" "ysfine.com"
77.75.77.101 - - [23/Jan/2023:00:46:03 -0800] "GET /newyork/timesq03.jpg HTTP/1.1" 304 - "-" "Mozilla/5.0 (compatible; SeznamBot/3.2; +http://napoveda.seznam.cz/en/seznambot-intro/)" "ysfine.com"
114.119.157.143 - - [23/Jan/2023:00:46:03 -0800] "GET /home/awards/video22.VOB HTTP/1.1" 404 88 "-" "Mozilla/5.0 (Linux; Android 7.0;) AppleWebKit/537.36 (KHTML, like Gecko) Mobile Safari/537.36 (compatible; PetalBot;+https://webmaster.petalsearch.com/site/petalbot)" "ysfine.com"
77.75.77.101 - - [23/Jan/2023:00:46:03 -0800] "GET /world/brit/cam21.jpg HTTP/1.1" 304 - "-" "Mozilla/5.0 (compatible; SeznamBot/3.2; +http://napoveda.seznam.cz/en/seznambot-intro/)" "ysfine.com"
77.75.77.101 - - [23/Jan/2023:00:46:03 -0800] "GET /wdc/washmo07.jpg HTTP/1.1" 304 - "-" "Mozilla/5.0 (compatible; SeznamBot/3.2; +http://napoveda.seznam.cz/en/seznambot-intro/)" "ysfine.com"
77.75.77.101 - - [23/Jan/2023:00:46:04 -0800] "GET /home/comet05.jpg HTTP/1.1" 200 59607 "-" "Mozilla/5.0 (compatible; SeznamBot/3.2; +http://napoveda.seznam.cz/en/seznambot-intro/)" "ysfine.com"
207.46.13.176 - - [23/Jan/2023:00:46:05 -0800] "GET /bio/kobak/soraech.html HTTP/1.1" 404 88 "-" "Mozilla/5.0 AppleWebKit/537.36 (KHTML, like Gecko; compatible; bingbot/2.0; +http://www.bing.com/bingbot.htm) Chrome/103.0.5060.134 Safari/537.36" "ysfine.com"
77.75.77.101 - - [23/Jan/2023:00:46:06 -0800] "GET /wdc/washmo08.jpg HTTP/1.1" 304 - "-" "Mozilla/5.0 (compatible; SeznamBot/3.2; +http://napoveda.seznam.cz/en/seznambot-intro/)" "ysfine.com"
212.86.105.53 - - [23/Jan/2023:00:46:06 -0800] "GET /xmlrpc.php HTTP/1.1" 404 88 "-" "Mozilla/5.0 (Macintosh; Intel Mac OS X 10.15; rv:77.0) Gecko/20100101 Firefox/77.0" "ysfine.com"
77.75.77.101 - - [23/Jan/2023:00:46:06 -0800] "GET /wdc/ncath11.jpg HTTP/1.1" 304 - "-" "Mozilla/5.0 (compatible; SeznamBot/3.2; +http://napoveda.seznam.cz/en/seznambot-intro/)" "ysfine.com"
77.75.77.101 - - [23/Jan/2023:00:46:06 -0800] "GET /wdc/usna25.jpg HTTP/1.1" 304 - "-" "Mozilla/5.0 (compatible; SeznamBot/3.2; +http://napoveda.seznam.cz/en/seznambot-intro/)" "ysfine.com"
51.222.253.8 - - [23/Jan/2023:00:46:15 -0800] "GET /class54/class5470/total_data/sub_772.htm HTTP/1.1" 200 3289 "-" "Mozilla/5.0 (compatible; AhrefsBot/7.0; +http://ahrefs.com/robot/)" "ysfine.com"
114.119.152.71 - - [23/Jan/2023:00:47:14 -0800] "GET /world/marx.html HTTP/1.1" 404 88 "-" "Mozilla/5.0 (Linux; Android 7.0;) AppleWebKit/537.36 (KHTML, like Gecko) Mobile Safari/537.36 (compatible; PetalBot;+https://webmaster.petalsearch.com/site/petalbot)" "ysfine.com"
40.77.167.11 - - [23/Jan/2023:00:48:05 -0800] "GET /philo/helena.html HTTP/1.1" 304 - "-" "Mozilla/5.0 (compatible; bingbot/2.0; +http://www.bing.com/bingbot.htm)" "www.ysfine.com"
71.178.208.102 - - [23/Jan/2023:00:48:30 -0800] "GET /bio09.html HTTP/1.1" 304 - "https://www.ysfine.com/ys11/index.html" "Mozilla/5.0 (Windows NT 10.0; Win64; x64) AppleWebKit/537.36 (KHTML, like Gecko) Chrome/109.0.0.0 Safari/537.36 Edg/109.0.1518.61" "www.ysfine.com"
71.178.208.102 - - [23/Jan/2023:00:49:04 -0800] "GET /bio11.html HTTP/1.1" 200 3303 "https://www.ysfine.com/ys11/index.html" "Mozilla/5.0 (Windows NT 10.0; Win64; x64) AppleWebKit/537.36 (KHTML, like Gecko) Chrome/109.0.0.0 Safari/537.36 Edg/109.0.1518.61" "www.ysfine.com"
71.178.208.102 - - [23/Jan/2023:00:49:04 -0800] "GET /world/coke800.jpg HTTP/1.1" 200 60600 "https://www.ysfine.com/bio11.html" "Mozilla/5.0 (Windows NT 10.0; Win64; x64) AppleWebKit/537.36 (KHTML, like Gecko) Chrome/109.0.0.0 Safari/537.36 Edg/109.0.1518.61" "www.ysfine.com"
71.178.208.102 - - [23/Jan/2023:00:49:04 -0800] "GET /style/cameras/canonp66c.jpg HTTP/1.1" 200 23047 "https://www.ysfine.com/bio11.html" "Mozilla/5.0 (Windows NT 10.0; Win64; x64) AppleWebKit/537.36 (KHTML, like Gecko) Chrome/109.0.0.0 Safari/537.36 Edg/109.0.1518.61" "www.ysfine.com"
71.178.208.102 - - [23/Jan/2023:00:49:04 -0800] "GET /world/france/eiffel15c.jpg HTTP/1.1" 200 36995 "https://www.ysfine.com/bio11.html" "Mozilla/5.0 (Windows NT 10.0; Win64; x64) AppleWebKit/537.36 (KHTML, like Gecko) Chrome/109.0.0.0 Safari/537.36 Edg/109.0.1518.61" "www.ysfine.com"
71.178.208.102 - - [23/Jan/2023:00:49:04 -0800] "GET /world/germany/berlin001c.jpg HTTP/1.1" 200 33153 "https://www.ysfine.com/bio11.html" "Mozilla/5.0 (Windows NT 10.0; Win64; x64) AppleWebKit/537.36 (KHTML, like Gecko) Chrome/109.0.0.0 Safari/537.36 Edg/109.0.1518.61" "www.ysfine.com"
71.178.208.102 - - [23/Jan/2023:00:49:04 -0800] "GET /eink/pawkim19c.jpg HTTP/1.1" 200 53195 "https://www.ysfine.com/bio11.html" "Mozilla/5.0 (Windows NT 10.0; Win64; x64) AppleWebKit/537.36 (KHTML, like Gecko) Chrome/109.0.0.0 Safari/537.36 Edg/109.0.1518.61" "www.ysfine.com"
71.178.208.102 - - [23/Jan/2023:00:49:04 -0800] "GET /home/taylor400.jpg HTTP/1.1" 200 56181 "https://www.ysfine.com/bio11.html" "Mozilla/5.0 (Windows NT 10.0; Win64; x64) AppleWebKit/537.36 (KHTML, like Gecko) Chrome/109.0.0.0 Safari/537.36 Edg/109.0.1518.61" "www.ysfine.com"
71.178.208.102 - - [23/Jan/2023:00:49:04 -0800] "GET /world/china/beijing101c.jpg HTTP/1.1" 200 41830 "https://www.ysfine.com/bio11.html" "Mozilla/5.0 (Windows NT 10.0; Win64; x64) AppleWebKit/537.36 (KHTML, like Gecko) Chrome/109.0.0.0 Safari/537.36 Edg/109.0.1518.61" "www.ysfine.com"
71.178.208.102 - - [23/Jan/2023:00:49:04 -0800] "GET /world/brit/towerbr11c.jpg HTTP/1.1" 200 31376 "https://www.ysfine.com/bio11.html" "Mozilla/5.0 (Windows NT 10.0; Win64; x64) AppleWebKit/537.36 (KHTML, like Gecko) Chrome/109.0.0.0 Safari/537.36 Edg/109.0.1518.61" "www.ysfine.com"
71.178.208.102 - - [23/Jan/2023:00:49:04 -0800] "GET /world/russ/basil08c.jpg HTTP/1.1" 200 40070 "https://www.ysfine.com/bio11.html" "Mozilla/5.0 (Windows NT 10.0; Win64; x64) AppleWebKit/537.36 (KHTML, like Gecko) Chrome/109.0.0.0 Safari/537.36 Edg/109.0.1518.61" "www.ysfine.com"
71.178.208.102 - - [23/Jan/2023:00:49:04 -0800] "GET /world/ital/coloss04c.jpg HTTP/1.1" 200 37017 "https://www.ysfine.com/bio11.html" "Mozilla/5.0 (Windows NT 10.0; Win64; x64) AppleWebKit/537.36 (KHTML, like Gecko) Chrome/109.0.0.0 Safari/537.36 Edg/109.0.1518.61" "www.ysfine.com"
71.178.208.102 - - [23/Jan/2023:00:49:04 -0800] "GET /world/balkan/istan001c.jpg HTTP/1.1" 200 34566 "https://www.ysfine.com/bio11.html" "Mozilla/5.0 (Windows NT 10.0; Win64; x64) AppleWebKit/537.36 (KHTML, like Gecko) Chrome/109.0.0.0 Safari/537.36 Edg/109.0.1518.61" "www.ysfine.com"
71.178.208.102 - - [23/Jan/2023:00:49:04 -0800] "GET /world/balkan/ath001c.jpg HTTP/1.1" 200 34419 "https://www.ysfine.com/bio11.html" "Mozilla/5.0 (Windows NT 10.0; Win64; x64) AppleWebKit/537.36 (KHTML, like Gecko) Chrome/109.0.0.0 Safari/537.36 Edg/109.0.1518.61" "www.ysfine.com"
102.165.48.51 - - [23/Jan/2023:00:50:23 -0800] "GET /wp-login.php HTTP/1.1" 404 88 "-" "Mozilla/5.0 (Windows NT 10.0; Win64; x64) AppleWebKit/537.36 (KHTML, like Gecko) Chrome/91.0.4472.124 Safari/537.36" "ysfine.com"
51.222.253.7 - - [23/Jan/2023:00:52:47 -0800] "GET /class54/weheard.html HTTP/1.1" 200 5818 "-" "Mozilla/5.0 (compatible; AhrefsBot/7.0; +http://ahrefs.com/robot/)" "www.ysfine.com"
51.222.253.6 - - [23/Jan/2023:00:52:50 -0800] "GET /world/germany/johannstra11b.jpg HTTP/1.1" 200 50468 "-" "Mozilla/5.0 (compatible; AhrefsBot/7.0; +http://ahrefs.com/robot/)" "www.ysfine.com"
51.222.253.16 - - [23/Jan/2023:00:52:50 -0800] "GET /world/hungary/hunband01b.jpg HTTP/1.1" 200 46280 "-" "Mozilla/5.0 (compatible; AhrefsBot/7.0; +http://ahrefs.com/robot/)" "www.ysfine.com"
51.222.253.11 - - [23/Jan/2023:00:52:51 -0800] "GET /world/russ/mosmusic18b.jpg HTTP/1.1" 200 51573 "-" "Mozilla/5.0 (compatible; AhrefsBot/7.0; +http://ahrefs.com/robot/)" "www.ysfine.com"
51.222.253.17 - - [23/Jan/2023:00:52:51 -0800] "GET /world/germany/johannstra77b.jpg HTTP/1.1" 200 39575 "-" "Mozilla/5.0 (compatible; AhrefsBot/7.0; +http://ahrefs.com/robot/)" "www.ysfine.com"
51.222.253.16 - - [23/Jan/2023:00:52:52 -0800] "GET /class54/pics/sousa01b.jpg HTTP/1.1" 200 42196 "-" "Mozilla/5.0 (compatible; AhrefsBot/7.0; +http://ahrefs.com/robot/)" "www.ysfine.com"
207.46.13.176 - - [23/Jan/2023:00:52:56 -0800] "GET /bio.html HTTP/1.1" 200 18260 "-" "Mozilla/5.0 AppleWebKit/537.36 (KHTML, like Gecko; compatible; bingbot/2.0; +http://www.bing.com/bingbot.htm) Chrome/103.0.5060.134 Safari/537.36" "ysfine.com"
65.108.2.171 - - [23/Jan/2023:00:54:00 -0800] "GET /robots.txt HTTP/1.1" 404 73 "-" "Mozilla/5.0 (compatible; MJ12bot/v1.4.8; http://mj12bot.com/)" "ysfine.com"
65.108.2.171 - - [23/Jan/2023:00:54:02 -0800] "GET /home/comet30.jpg HTTP/1.1" 200 134009 "-" "Mozilla/5.0 (compatible; MJ12bot/v1.4.8; http://mj12bot.com/)" "ysfine.com"
65.108.2.171 - - [23/Jan/2023:00:54:04 -0800] "GET /home/ellipse53.jpg HTTP/1.1" 200 124704 "-" "Mozilla/5.0 (compatible; MJ12bot/v1.4.8; http://mj12bot.com/)" "ysfine.com"
65.108.2.171 - - [23/Jan/2023:00:54:06 -0800] "GET /home/o32inho22.jpg HTTP/1.1" 200 136788 "-" "Mozilla/5.0 (compatible; MJ12bot/v1.4.8; http://mj12bot.com/)" "ysfine.com"
207.46.13.15 - - [23/Jan/2023:00:54:07 -0800] "GET /bio/style/proschanie.html HTTP/1.1" 404 88 "-" "Mozilla/5.0 AppleWebKit/537.36 (KHTML, like Gecko; compatible; bingbot/2.0; +http://www.bing.com/bingbot.htm) Chrome/103.0.5060.134 Safari/537.36" "ysfine.com"
65.108.2.171 - - [23/Jan/2023:00:54:08 -0800] "GET /yspapers/optacti.pdf HTTP/1.1" 200 98358 "-" "Mozilla/5.0 (compatible; MJ12bot/v1.4.8; http://mj12bot.com/)" "ysfine.com"
207.46.13.167 - - [23/Jan/2023:00:54:15 -0800] "GET /bio/wigner/e(2).html HTTP/1.1" 404 88 "-" "Mozilla/5.0 AppleWebKit/537.36 (KHTML, like Gecko; compatible; bingbot/2.0; +http://www.bing.com/bingbot.htm) Chrome/103.0.5060.134 Safari/537.36" "ysfine.com"
207.46.13.27 - - [23/Jan/2023:00:55:42 -0800] "GET /bio/kobak/yskor.html HTTP/1.1" 404 88 "-" "Mozilla/5.0 AppleWebKit/537.36 (KHTML, like Gecko; compatible; bingbot/2.0; +http://www.bing.com/bingbot.htm) Chrome/103.0.5060.134 Safari/537.36" "ysfine.com"
114.119.135.83 - - [23/Jan/2023:00:57:46 -0800] "GET /usca/pitt/giants55d.jpg HTTP/1.1" 200 63685 "https://ysfine.com/bio06.html" "Mozilla/5.0 (Linux; Android 7.0;) AppleWebKit/537.36 (KHTML, like Gecko) Mobile Safari/537.36 (compatible; PetalBot;+https://webmaster.petalsearch.com/site/petalbot)" "ysfine.com"
87.250.224.29 - - [23/Jan/2023:00:59:38 -0800] "GET /houses/myhouse.html HTTP/1.1" 200 1473 "-" "Mozilla/5.0 (compatible; YandexBot/3.0; +http://yandex.com/bots) AppleWebKit/537.36 (KHTML, like Gecko) Chrome/81.0.4044.268" "www.ysfine.com"
51.222.253.10 - - [23/Jan/2023:00:59:49 -0800] "GET /class54/class5470/total_data/sub_776.htm HTTP/1.1" 200 3289 "-" "Mozilla/5.0 (compatible; AhrefsBot/7.0; +http://ahrefs.com/robot/)" "ysfine.com"
173.252.111.1 - - [23/Jan/2023:01:00:44 -0800] "GET /friends/russian.html HTTP/1.1" 404 88 "-" "facebookexternalhit/1.1 (+http://www.facebook.com/externalhit_uatext.php)" "ysfine.com"
207.46.13.15 - - [23/Jan/2023:01:00:47 -0800] "GET /world/hungary/hunstu09.jpg HTTP/1.1" 200 74705 "-" "Mozilla/5.0 AppleWebKit/537.36 (KHTML, like Gecko; compatible; bingbot/2.0; +http://www.bing.com/bingbot.htm) Chrome/103.0.5060.134 Safari/537.36" "www.ysfine.com"
207.46.13.27 - - [23/Jan/2023:01:01:22 -0800] "GET /bio/style/artlove.html HTTP/1.1" 404 88 "-" "Mozilla/5.0 AppleWebKit/537.36 (KHTML, like Gecko; compatible; bingbot/2.0; +http://www.bing.com/bingbot.htm) Chrome/103.0.5060.134 Safari/537.36" "ysfine.com"
218.237.63.55 - - [23/Jan/2023:01:03:42 -0800] "GET /einstein/newton11b.jpg HTTP/1.1" 200 61151 "https://www.bing.com/" "Mozilla/5.0 (Windows NT 10.0; Win64; x64) AppleWebKit/537.36 (KHTML, like Gecko) Chrome/109.0.0.0 Safari/537.36 Edg/109.0.1518.55" "ysfine.com"
207.46.13.167 - - [23/Jan/2023:01:07:26 -0800] "GET /bio/princeton/campus.html HTTP/1.1" 404 88 "-" "Mozilla/5.0 AppleWebKit/537.36 (KHTML, like Gecko; compatible; bingbot/2.0; +http://www.bing.com/bingbot.htm) Chrome/103.0.5060.134 Safari/537.36" "ysfine.com"
51.222.253.16 - - [23/Jan/2023:01:07:39 -0800] "GET /einstein/fieldstr.html HTTP/1.1" 200 4257 "-" "Mozilla/5.0 (compatible; AhrefsBot/7.0; +http://ahrefs.com/robot/)" "www.ysfine.com"
51.222.253.10 - - [23/Jan/2023:01:07:41 -0800] "GET /home/goodbad2.jpg HTTP/1.1" 200 17488 "-" "Mozilla/5.0 (compatible; AhrefsBot/7.0; +http://ahrefs.com/robot/)" "www.ysfine.com"
122.11.212.133 - - [23/Jan/2023:01:08:17 -0800] "GET /kowar/panmun04.jpg HTTP/1.1" 200 126386 "https://www.google.com.sg/blank.html" "Mozilla/5.0 (Linux; Android 10; CPH1879) AppleWebKit/537.36 (KHTML, like Gecko) Chrome/85.0.4183.127 Mobile Safari/537.36 OPR/60.2.3004.55409" "ysfine.com"
157.46.185.47 - - [23/Jan/2023:01:08:51 -0800] "GET /yspapers/iopbook15.pdf HTTP/1.1" 200 2962673 "https://www.google.co.in/" "Mozilla/5.0 (Macintosh; Intel Mac OS X 10_15_7) AppleWebKit/605.1.15 (KHTML, like Gecko) Version/15.0 Safari/605.1.15" "ysfine.com"
157.46.185.47 - - [23/Jan/2023:01:08:54 -0800] "GET /yspapers/iopbook15.pdf HTTP/1.1" 206 16384 "https://www.google.co.in/" "Mozilla/5.0 (Macintosh; Intel Mac OS X 10_15_7) AppleWebKit/605.1.15 (KHTML, like Gecko) Version/15.0 Safari/605.1.15" "ysfine.com"
157.46.185.47 - - [23/Jan/2023:01:08:55 -0800] "GET /yspapers/iopbook15.pdf HTTP/1.1" 206 1023 "https://www.google.co.in/" "Mozilla/5.0 (Macintosh; Intel Mac OS X 10_15_7) AppleWebKit/605.1.15 (KHTML, like Gecko) Version/15.0 Safari/605.1.15" "ysfine.com"
207.46.13.167 - - [23/Jan/2023:01:09:45 -0800] "GET /philo/pontdg10.jpg HTTP/1.1" 200 321219 "-" "Mozilla/5.0 AppleWebKit/537.36 (KHTML, like Gecko; compatible; bingbot/2.0; +http://www.bing.com/bingbot.htm) Chrome/103.0.5060.134 Safari/537.36" "www.ysfine.com"
114.119.156.30 - - [23/Jan/2023:01:10:04 -0800] "GET /sitemap.xml HTTP/1.1" 200 166 "-" "Mozilla/5.0 (Linux; Android 7.0;) AppleWebKit/537.36 (KHTML, like Gecko) Mobile Safari/537.36 (compatible; PetalBot;+https://webmaster.petalsearch.com/site/petalbot)" "ysfine.com"
87.250.224.29 - - [23/Jan/2023:01:10:06 -0800] "GET /ys11/index.html HTTP/1.1" 200 3485 "-" "Mozilla/5.0 (compatible; YandexBot/3.0; +http://yandex.com/bots) AppleWebKit/537.36 (KHTML, like Gecko) Chrome/81.0.4044.268" "www.ysfine.com"
40.77.167.11 - - [23/Jan/2023:01:10:49 -0800] "GET /bio/kobak/namdae.html HTTP/1.1" 404 88 "-" "Mozilla/5.0 (compatible; bingbot/2.0; +http://www.bing.com/bingbot.htm)" "ysfine.com"
114.119.135.152 - - [23/Jan/2023:01:11:06 -0800] "GET /world/%20https:/de.wikipedia.org/wiki/Augustusplatz_(Leipzig) HTTP/1.1" 404 88 "-" "Mozilla/5.0 (Linux; Android 7.0;) AppleWebKit/537.36 (KHTML, like Gecko) Mobile Safari/537.36 (compatible; PetalBot;+https://webmaster.petalsearch.com/site/petalbot)" "ysfine.com"
213.180.203.62 - - [23/Jan/2023:01:11:09 -0800] "GET /bio09.html HTTP/1.1" 200 12725 "-" "Mozilla/5.0 (compatible; YandexBot/3.0; +http://yandex.com/bots) AppleWebKit/537.36 (KHTML, like Gecko) Chrome/81.0.4044.268" "www.ysfine.com"
87.250.224.29 - - [23/Jan/2023:01:11:12 -0800] "GET /bio/bio07.html HTTP/1.1" 404 88 "-" "Mozilla/5.0 (compatible; YandexBot/3.0; +http://yandex.com/bots) AppleWebKit/537.36 (KHTML, like Gecko) Chrome/81.0.4044.268" "www.ysfine.com"
213.180.203.62 - - [23/Jan/2023:01:11:14 -0800] "GET /bio01.html HTTP/1.1" 200 7736 "-" "Mozilla/5.0 (compatible; YandexBot/3.0; +http://yandex.com/bots) AppleWebKit/537.36 (KHTML, like Gecko) Chrome/81.0.4044.268" "www.ysfine.com"
213.180.203.62 - - [23/Jan/2023:01:11:17 -0800] "GET /bio/bio10.html HTTP/1.1" 404 88 "-" "Mozilla/5.0 (compatible; YandexBot/3.0; +http://yandex.com/bots) AppleWebKit/537.36 (KHTML, like Gecko) Chrome/81.0.4044.268" "www.ysfine.com"
213.180.203.3 - - [23/Jan/2023:01:11:20 -0800] "GET /bio15.html HTTP/1.1" 200 15983 "-" "Mozilla/5.0 (compatible; YandexBot/3.0; +http://yandex.com/bots) AppleWebKit/537.36 (KHTML, like Gecko) Chrome/81.0.4044.268" "www.ysfine.com"
213.180.203.62 - - [23/Jan/2023:01:11:22 -0800] "GET /bio/bio09.html HTTP/1.1" 404 88 "-" "Mozilla/5.0 (compatible; YandexBot/3.0; +http://yandex.com/bots) AppleWebKit/537.36 (KHTML, like Gecko) Chrome/81.0.4044.268" "www.ysfine.com"
87.250.224.29 - - [23/Jan/2023:01:11:24 -0800] "GET /bio54.html HTTP/1.1" 200 8764 "-" "Mozilla/5.0 (compatible; YandexBot/3.0; +http://yandex.com/bots) AppleWebKit/537.36 (KHTML, like Gecko) Chrome/81.0.4044.268" "www.ysfine.com"
213.180.203.62 - - [23/Jan/2023:01:11:26 -0800] "GET /ffriends/folks/fdw.html HTTP/1.1" 404 88 "-" "Mozilla/5.0 (compatible; YandexBot/3.0; +http://yandex.com/bots) AppleWebKit/537.36 (KHTML, like Gecko) Chrome/81.0.4044.268" "www.ysfine.com"
