207.241.231.37 - - [23/Jan/2023:03:30:37 -0800] "GET /world/poland/jablo19b.jpg HTTP/1.1" 200 49913 "https://ysfine.com/dirac/wigsis.html" "Mozilla/5.0 (compatible; archive.org_bot +http://archive.org/details/archive.org_bot)" "ysfine.com"
207.241.231.37 - - [23/Jan/2023:03:30:37 -0800] "GET /dirac/wigsis22.jpg HTTP/1.1" 200 39975 "https://ysfine.com/dirac/wigsis.html" "Mozilla/5.0 (compatible; archive.org_bot +http://archive.org/details/archive.org_bot)" "ysfine.com"
207.241.231.37 - - [23/Jan/2023:03:30:37 -0800] "GET /princeton/annex11b.jpg HTTP/1.1" 200 39639 "https://ysfine.com/dirac/wigsis.html" "Mozilla/5.0 (compatible; archive.org_bot +http://archive.org/details/archive.org_bot)" "ysfine.com"
207.46.13.167 - - [23/Jan/2023:03:30:38 -0800] "GET /bio/princeton/campus.html HTTP/1.1" 404 88 "-" "Mozilla/5.0 AppleWebKit/537.36 (KHTML, like Gecko; compatible; bingbot/2.0; +http://www.bing.com/bingbot.htm) Chrome/103.0.5060.134 Safari/537.36" "ysfine.com"
207.241.231.37 - - [23/Jan/2023:03:30:40 -0800] "GET /dirac/hazi22.jpg HTTP/1.1" 200 37344 "https://ysfine.com/dirac/wigsis.html" "Mozilla/5.0 (compatible; archive.org_bot +http://archive.org/details/archive.org_bot)" "ysfine.com"
207.46.13.167 - - [23/Jan/2023:03:30:58 -0800] "GET /kowar/war45.html HTTP/1.1" 200 12086 "-" "Mozilla/5.0 AppleWebKit/537.36 (KHTML, like Gecko; compatible; bingbot/2.0; +http://www.bing.com/bingbot.htm) Chrome/103.0.5060.134 Safari/537.36" "www.ysfine.com"
207.241.233.116 - - [23/Jan/2023:03:31:08 -0800] "GET /world/poland/jablo20b.jpg HTTP/1.1" 200 41339 "https://ysfine.com/dirac/wigsis.html" "Mozilla/5.0 (compatible; archive.org_bot +http://archive.org/details/archive.org_bot)" "ysfine.com"
207.241.233.116 - - [23/Jan/2023:03:31:08 -0800] "GET /dirac/dirwig33b.jpg HTTP/1.1" 200 11663 "https://ysfine.com/dirac/wigsis.html" "Mozilla/5.0 (compatible; archive.org_bot +http://archive.org/details/archive.org_bot)" "ysfine.com"
207.241.233.116 - - [23/Jan/2023:03:31:08 -0800] "GET /feynman/feydirac270.jpg HTTP/1.1" 200 59000 "https://ysfine.com/dirac/wigsis.html" "Mozilla/5.0 (compatible; archive.org_bot +http://archive.org/details/archive.org_bot)" "ysfine.com"
207.241.233.116 - - [23/Jan/2023:03:31:09 -0800] "GET /dirac/michaels22.jpg HTTP/1.1" 200 47473 "https://ysfine.com/dirac/wigsis.html" "Mozilla/5.0 (compatible; archive.org_bot +http://archive.org/details/archive.org_bot)" "ysfine.com"
207.241.233.116 - - [23/Jan/2023:03:31:10 -0800] "GET /dirac/dirackim6201.jpg HTTP/1.1" 200 51283 "https://ysfine.com/dirac/wigsis.html" "Mozilla/5.0 (compatible; archive.org_bot +http://archive.org/details/archive.org_bot)" "ysfine.com"
207.241.231.37 - - [23/Jan/2023:03:31:18 -0800] "GET /feynman/feydirac270.jpg HTTP/1.1" 200 59000 "https://ysfine.com/dirac/wigsis.html" "Mozilla/5.0 (compatible; archive.org_bot +http://archive.org/details/archive.org_bot)" "ysfine.com"
207.241.231.37 - - [23/Jan/2023:03:31:18 -0800] "GET /world/poland/jablo20b.jpg HTTP/1.1" 200 41339 "https://ysfine.com/dirac/wigsis.html" "Mozilla/5.0 (compatible; archive.org_bot +http://archive.org/details/archive.org_bot)" "ysfine.com"
207.241.231.37 - - [23/Jan/2023:03:31:18 -0800] "GET /dirac/dirwig33b.jpg HTTP/1.1" 200 11663 "https://ysfine.com/dirac/wigsis.html" "Mozilla/5.0 (compatible; archive.org_bot +http://archive.org/details/archive.org_bot)" "ysfine.com"
207.241.231.37 - - [23/Jan/2023:03:31:19 -0800] "GET /dirac/michaels22.jpg HTTP/1.1" 200 47473 "https://ysfine.com/dirac/wigsis.html" "Mozilla/5.0 (compatible; archive.org_bot +http://archive.org/details/archive.org_bot)" "ysfine.com"
207.241.231.37 - - [23/Jan/2023:03:31:20 -0800] "GET /dirac/dirackim6201.jpg HTTP/1.1" 200 51283 "https://ysfine.com/dirac/wigsis.html" "Mozilla/5.0 (compatible; archive.org_bot +http://archive.org/details/archive.org_bot)" "ysfine.com"
40.77.167.11 - - [23/Jan/2023:03:33:02 -0800] "GET /bio/kobak/namdae.html HTTP/1.1" 404 88 "-" "Mozilla/5.0 AppleWebKit/537.36 (KHTML, like Gecko; compatible; bingbot/2.0; +http://www.bing.com/bingbot.htm) Chrome/103.0.5060.134 Safari/537.36" "ysfine.com"
207.241.231.37 - - [23/Jan/2023:03:34:50 -0800] "GET /dirac/dirac84b.jpg HTTP/1.1" 200 42763 "https://ysfine.com/dirac/wigsis.html" "Mozilla/5.0 (compatible; archive.org_bot +http://archive.org/details/archive.org_bot)" "ysfine.com"
207.241.231.37 - - [23/Jan/2023:03:34:50 -0800] "GET /dirac/dirackim6202.jpg HTTP/1.1" 200 51465 "https://ysfine.com/dirac/wigsis.html" "Mozilla/5.0 (compatible; archive.org_bot +http://archive.org/details/archive.org_bot)" "ysfine.com"
207.241.229.225 - - [23/Jan/2023:03:37:22 -0800] "GET /eink/eink61c.jpg HTTP/1.1" 200 34119 "https://ysfine.com/dirac/wigsis.html" "Mozilla/5.0 (compatible; special_archiver/3.1.1 +http://www.archive.org/details/archive.org_bot)" "ysfine.com"
66.249.66.43 - - [23/Jan/2023:03:38:24 -0800] "GET /world/china/china015.jpg HTTP/1.1" 200 208572 "-" "Googlebot-Image/1.0" "ysfine.com"
207.46.13.27 - - [23/Jan/2023:03:40:19 -0800] "GET /bio/sbk/1950.html HTTP/1.1" 404 88 "-" "Mozilla/5.0 AppleWebKit/537.36 (KHTML, like Gecko; compatible; bingbot/2.0; +http://www.bing.com/bingbot.htm) Chrome/103.0.5060.134 Safari/537.36" "ysfine.com"
51.222.253.6 - - [23/Jan/2023:03:40:41 -0800] "GET /home/yshome.html HTTP/1.1" 200 5634 "-" "Mozilla/5.0 (compatible; AhrefsBot/7.0; +http://ahrefs.com/robot/)" "ysfine.com"
51.222.253.14 - - [23/Jan/2023:03:40:44 -0800] "GET /home/truck450.jpg HTTP/1.1" 200 42871 "-" "Mozilla/5.0 (compatible; AhrefsBot/7.0; +http://ahrefs.com/robot/)" "ysfine.com"
51.222.253.3 - - [23/Jan/2023:03:40:44 -0800] "GET /home/goodbad450.jpg HTTP/1.1" 200 32258 "-" "Mozilla/5.0 (compatible; AhrefsBot/7.0; +http://ahrefs.com/robot/)" "ysfine.com"
51.222.253.12 - - [23/Jan/2023:03:40:45 -0800] "GET /home/1987pr22d.jpg HTTP/1.1" 200 66428 "-" "Mozilla/5.0 (compatible; AhrefsBot/7.0; +http://ahrefs.com/robot/)" "ysfine.com"
51.222.253.16 - - [23/Jan/2023:03:40:45 -0800] "GET /home/washmo23d.jpg HTTP/1.1" 200 32142 "-" "Mozilla/5.0 (compatible; AhrefsBot/7.0; +http://ahrefs.com/robot/)" "ysfine.com"
51.222.253.7 - - [23/Jan/2023:03:40:46 -0800] "GET /home/top21d.jpg HTTP/1.1" 200 74409 "-" "Mozilla/5.0 (compatible; AhrefsBot/7.0; +http://ahrefs.com/robot/)" "ysfine.com"
51.222.253.10 - - [23/Jan/2023:03:40:46 -0800] "GET /home/eindc03d.jpg HTTP/1.1" 200 95860 "-" "Mozilla/5.0 (compatible; AhrefsBot/7.0; +http://ahrefs.com/robot/)" "ysfine.com"
69.124.103.22 - - [23/Jan/2023:03:41:36 -0800] "GET /princeton/brooke22.jpg HTTP/1.1" 200 87673 "https://www.google.com/" "Mozilla/5.0 (iPhone; CPU iPhone OS 12_1_4 like Mac OS X) AppleWebKit/605.1.15 (KHTML, like Gecko) Version/12.0 Mobile/15E148 Safari/604.1" "ysfine.com"
69.124.103.22 - - [23/Jan/2023:03:41:55 -0800] "GET /princeton/brooke88.jpg HTTP/1.1" 200 82208 "https://www.google.com/" "Mozilla/5.0 (iPhone; CPU iPhone OS 12_1_4 like Mac OS X) AppleWebKit/605.1.15 (KHTML, like Gecko) Version/12.0 Mobile/15E148 Safari/604.1" "ysfine.com"
105.168.35.138 - - [23/Jan/2023:03:42:45 -0800] "GET /wigner/neum/vnc01.jpg HTTP/1.1" 200 133641 "-" "Mozilla/5.0 (iPhone; CPU iPhone OS 14_3 like Mac OS X) AppleWebKit/605.1.15 (KHTML, like Gecko) Mobile/15E148 LightSpeed [FBAN/MessengerLiteForiOS;FBAV/390.0.0.20.104;FBBV/428146516;FBDV/iPhone8,2;FBMD/iPhone;FBSN/iOS;FBSV/14.3;FBSS/3;FBCR/;FBID/phone;FBLC/pt-PT;FBOP/0]" "ysfine.com"
123.183.224.86 - - [23/Jan/2023:03:45:04 -0800] "GET / HTTP/1.1" 200 5295 "-" "Sogou web spider/4.0(+http://www.sogou.com/docs/help/webmasters.htm#07)" "www.ysfine.com"
157.55.39.72 - - [23/Jan/2023:03:46:31 -0800] "GET /bio/kobak/soraech.html HTTP/1.1" 404 88 "-" "Mozilla/5.0 AppleWebKit/537.36 (KHTML, like Gecko; compatible; bingbot/2.0; +http://www.bing.com/bingbot.htm) Chrome/103.0.5060.134 Safari/537.36" "ysfine.com"
167.250.96.228 - - [23/Jan/2023:03:48:27 -0800] "GET /wigner/neum/vnc01.jpg HTTP/1.1" 200 133641 "https://www.google.com/" "Mozilla/5.0 (Windows NT 6.1) AppleWebKit/537.36 (KHTML, like Gecko) Chrome/109.0.0.0 Safari/537.36" "ysfine.com"
193.198.93.130 - - [23/Jan/2023:03:48:37 -0800] "GET /kowar/tanks/tank05.jpg HTTP/1.1" 200 222063 "https://www.google.com/" "Mozilla/5.0 (Windows NT 10.0; Win64; x64; rv:109.0) Gecko/20100101 Firefox/109.0" "ysfine.com"
193.198.93.130 - - [23/Jan/2023:03:48:56 -0800] "GET /kowar/tanks/sherman43.jpg HTTP/1.1" 200 78963 "https://www.google.com/" "Mozilla/5.0 (Windows NT 10.0; Win64; x64; rv:109.0) Gecko/20100101 Firefox/109.0" "ysfine.com"
207.46.13.167 - - [23/Jan/2023:03:51:22 -0800] "GET /bio/wigner/e(2).html HTTP/1.1" 404 88 "-" "Mozilla/5.0 AppleWebKit/537.36 (KHTML, like Gecko; compatible; bingbot/2.0; +http://www.bing.com/bingbot.htm) Chrome/103.0.5060.134 Safari/537.36" "ysfine.com"
157.55.39.72 - - [23/Jan/2023:03:51:33 -0800] "GET /bio.html HTTP/1.1" 200 18260 "-" "Mozilla/5.0 AppleWebKit/537.36 (KHTML, like Gecko; compatible; bingbot/2.0; +http://www.bing.com/bingbot.htm) Chrome/103.0.5060.134 Safari/537.36" "ysfine.com"
40.77.167.11 - - [23/Jan/2023:03:52:14 -0800] "GET /world/france/champ9611.jpg HTTP/1.1" 200 83996 "-" "Mozilla/5.0 AppleWebKit/537.36 (KHTML, like Gecko; compatible; bingbot/2.0; +http://www.bing.com/bingbot.htm) Chrome/103.0.5060.134 Safari/537.36" "www.ysfine.com"
40.77.167.11 - - [23/Jan/2023:03:52:24 -0800] "GET /bio/einstein/bern.html HTTP/1.1" 404 88 "-" "Mozilla/5.0 AppleWebKit/537.36 (KHTML, like Gecko; compatible; bingbot/2.0; +http://www.bing.com/bingbot.htm) Chrome/103.0.5060.134 Safari/537.36" "ysfine.com"
118.184.177.49 - - [23/Jan/2023:03:53:04 -0800] "GET / HTTP/1.1" 200 5295 "-" "Sogou web spider/4.0(+http://www.sogou.com/docs/help/webmasters.htm#07)" "ysfine.com"
207.46.13.15 - - [23/Jan/2023:03:53:42 -0800] "GET /bio/style/proschanie.html HTTP/1.1" 404 88 "-" "Mozilla/5.0 AppleWebKit/537.36 (KHTML, like Gecko; compatible; bingbot/2.0; +http://www.bing.com/bingbot.htm) Chrome/103.0.5060.134 Safari/537.36" "ysfine.com"
207.46.13.27 - - [23/Jan/2023:03:55:20 -0800] "GET /bio/kobak/yskor.html HTTP/1.1" 404 88 "-" "Mozilla/5.0 AppleWebKit/537.36 (KHTML, like Gecko; compatible; bingbot/2.0; +http://www.bing.com/bingbot.htm) Chrome/103.0.5060.134 Safari/537.36" "ysfine.com"
141.89.234.16 - - [23/Jan/2023:03:56:17 -0800] "GET /feynman/feybongo55.jpg HTTP/1.1" 200 95645 "https://www.google.com/" "Mozilla/5.0 (Linux; Android 13; SM-G780G) AppleWebKit/537.36 (KHTML, like Gecko) Chrome/109.0.0.0 Mobile Safari/537.36" "ysfine.com"
51.222.253.9 - - [23/Jan/2023:03:56:26 -0800] "GET /einstein/bern.html HTTP/1.1" 200 8314 "-" "Mozilla/5.0 (compatible; AhrefsBot/7.0; +http://ahrefs.com/robot/)" "www.ysfine.com"
51.222.253.20 - - [23/Jan/2023:03:56:29 -0800] "GET /einstein/places/einmu10b.jpg HTTP/1.1" 200 63699 "-" "Mozilla/5.0 (compatible; AhrefsBot/7.0; +http://ahrefs.com/robot/)" "www.ysfine.com"
51.222.253.1 - - [23/Jan/2023:03:56:29 -0800] "GET /einstein/places/einhaus450.jpg HTTP/1.1" 200 65369 "-" "Mozilla/5.0 (compatible; AhrefsBot/7.0; +http://ahrefs.com/robot/)" "www.ysfine.com"
51.222.253.5 - - [23/Jan/2023:03:56:30 -0800] "GET /einstein/places/einmu08b.jpg HTTP/1.1" 200 37748 "-" "Mozilla/5.0 (compatible; AhrefsBot/7.0; +http://ahrefs.com/robot/)" "www.ysfine.com"
51.222.253.12 - - [23/Jan/2023:03:56:31 -0800] "GET /einstein/places/einmu16b.jpg HTTP/1.1" 200 34497 "-" "Mozilla/5.0 (compatible; AhrefsBot/7.0; +http://ahrefs.com/robot/)" "www.ysfine.com"
51.222.253.17 - - [23/Jan/2023:03:56:31 -0800] "GET /einstein/places/einmu17b.jpg HTTP/1.1" 200 33255 "-" "Mozilla/5.0 (compatible; AhrefsBot/7.0; +http://ahrefs.com/robot/)" "www.ysfine.com"
51.222.253.1 - - [23/Jan/2023:03:56:31 -0800] "GET /maga/phys/heisen33b.jpg HTTP/1.1" 200 78035 "-" "Mozilla/5.0 (compatible; AhrefsBot/7.0; +http://ahrefs.com/robot/)" "www.ysfine.com"
51.222.253.4 - - [23/Jan/2023:03:56:32 -0800] "GET /maga/phil/kanthegel22b.jpg HTTP/1.1" 200 36974 "-" "Mozilla/5.0 (compatible; AhrefsBot/7.0; +http://ahrefs.com/robot/)" "www.ysfine.com"
51.222.253.9 - - [23/Jan/2023:03:56:32 -0800] "GET /einstein/places/einmu52b.jpg HTTP/1.1" 200 38352 "-" "Mozilla/5.0 (compatible; AhrefsBot/7.0; +http://ahrefs.com/robot/)" "www.ysfine.com"
51.222.253.8 - - [23/Jan/2023:03:56:33 -0800] "GET /einstein/places/einha23b.jpg HTTP/1.1" 200 30374 "-" "Mozilla/5.0 (compatible; AhrefsBot/7.0; +http://ahrefs.com/robot/)" "www.ysfine.com"
51.222.253.7 - - [23/Jan/2023:03:56:33 -0800] "GET /einstein/places/einmu64b.jpg HTTP/1.1" 200 42063 "-" "Mozilla/5.0 (compatible; AhrefsBot/7.0; +http://ahrefs.com/robot/)" "www.ysfine.com"
51.222.253.9 - - [23/Jan/2023:03:56:34 -0800] "GET /einstein/places/einmu62b.jpg HTTP/1.1" 200 31976 "-" "Mozilla/5.0 (compatible; AhrefsBot/7.0; +http://ahrefs.com/robot/)" "www.ysfine.com"
51.222.253.8 - - [23/Jan/2023:03:56:34 -0800] "GET /einstein/places/einmu22b.jpg HTTP/1.1" 200 41361 "-" "Mozilla/5.0 (compatible; AhrefsBot/7.0; +http://ahrefs.com/robot/)" "www.ysfine.com"
51.222.253.6 - - [23/Jan/2023:03:56:34 -0800] "GET /einstein/places/einha05b.jpg HTTP/1.1" 200 51007 "-" "Mozilla/5.0 (compatible; AhrefsBot/7.0; +http://ahrefs.com/robot/)" "www.ysfine.com"
51.222.253.6 - - [23/Jan/2023:03:56:35 -0800] "GET /einstein/einglaub01b.jpg HTTP/1.1" 200 48405 "-" "Mozilla/5.0 (compatible; AhrefsBot/7.0; +http://ahrefs.com/robot/)" "www.ysfine.com"
51.222.253.9 - - [23/Jan/2023:03:56:35 -0800] "GET /wigner/wigein270.jpg HTTP/1.1" 200 21005 "-" "Mozilla/5.0 (compatible; AhrefsBot/7.0; +http://ahrefs.com/robot/)" "www.ysfine.com"
51.222.253.2 - - [23/Jan/2023:03:56:36 -0800] "GET /einstein/places/einmu12b.jpg HTTP/1.1" 200 32736 "-" "Mozilla/5.0 (compatible; AhrefsBot/7.0; +http://ahrefs.com/robot/)" "www.ysfine.com"
51.222.253.19 - - [23/Jan/2023:03:56:36 -0800] "GET /einstein/places/einha39b.jpg HTTP/1.1" 200 50120 "-" "Mozilla/5.0 (compatible; AhrefsBot/7.0; +http://ahrefs.com/robot/)" "www.ysfine.com"
51.222.253.19 - - [23/Jan/2023:03:56:36 -0800] "GET /maga/phys/yukaein2.jpg HTTP/1.1" 200 42863 "-" "Mozilla/5.0 (compatible; AhrefsBot/7.0; +http://ahrefs.com/robot/)" "www.ysfine.com"
51.222.253.10 - - [23/Jan/2023:03:56:37 -0800] "GET /einstein/places/einha36b.jpg HTTP/1.1" 200 45524 "-" "Mozilla/5.0 (compatible; AhrefsBot/7.0; +http://ahrefs.com/robot/)" "www.ysfine.com"
51.222.253.8 - - [23/Jan/2023:03:56:37 -0800] "GET /einstein/places/einmu41b.jpg HTTP/1.1" 200 52501 "-" "Mozilla/5.0 (compatible; AhrefsBot/7.0; +http://ahrefs.com/robot/)" "www.ysfine.com"
77.75.78.161 - - [23/Jan/2023:03:56:46 -0800] "GET /robots.txt HTTP/1.1" 404 88 "-" "Mozilla/5.0 (compatible; SeznamBot/3.2; +http://napoveda.seznam.cz/en/seznambot-intro/)" "ysfine.com"
77.75.78.161 - - [23/Jan/2023:03:56:48 -0800] "GET /world/germany/vienstdpark04.jpg HTTP/1.1" 304 - "-" "Mozilla/5.0 (compatible; SeznamBot/3.2; +http://napoveda.seznam.cz/en/seznambot-intro/)" "ysfine.com"
77.75.78.161 - - [23/Jan/2023:03:56:49 -0800] "GET /world/germany/berlino03.jpg HTTP/1.1" 304 - "-" "Mozilla/5.0 (compatible; SeznamBot/3.2; +http://napoveda.seznam.cz/en/seznambot-intro/)" "ysfine.com"
77.75.78.161 - - [23/Jan/2023:03:56:49 -0800] "GET /world/germany/salzm04.jpg HTTP/1.1" 304 - "-" "Mozilla/5.0 (compatible; SeznamBot/3.2; +http://napoveda.seznam.cz/en/seznambot-intro/)" "ysfine.com"
77.75.78.161 - - [23/Jan/2023:03:56:50 -0800] "GET /world/balkan/istan014.jpg HTTP/1.1" 304 - "-" "Mozilla/5.0 (compatible; SeznamBot/3.2; +http://napoveda.seznam.cz/en/seznambot-intro/)" "ysfine.com"
77.75.78.161 - - [23/Jan/2023:03:56:50 -0800] "GET /world/germany/benz20.jpg HTTP/1.1" 304 - "-" "Mozilla/5.0 (compatible; SeznamBot/3.2; +http://napoveda.seznam.cz/en/seznambot-intro/)" "ysfine.com"
77.75.78.161 - - [23/Jan/2023:03:56:50 -0800] "GET /world/baltic/lithu23.jpg HTTP/1.1" 304 - "-" "Mozilla/5.0 (compatible; SeznamBot/3.2; +http://napoveda.seznam.cz/en/seznambot-intro/)" "ysfine.com"
77.75.78.161 - - [23/Jan/2023:03:56:51 -0800] "GET /world/ital/termini01.jpg HTTP/1.1" 304 - "-" "Mozilla/5.0 (compatible; SeznamBot/3.2; +http://napoveda.seznam.cz/en/seznambot-intro/)" "ysfine.com"
77.75.78.161 - - [23/Jan/2023:03:56:51 -0800] "GET /world/poland/gdnf08.jpg HTTP/1.1" 304 - "-" "Mozilla/5.0 (compatible; SeznamBot/3.2; +http://napoveda.seznam.cz/en/seznambot-intro/)" "ysfine.com"
77.75.78.161 - - [23/Jan/2023:03:56:52 -0800] "GET /world/scandi/fin06.jpg HTTP/1.1" 304 - "-" "Mozilla/5.0 (compatible; SeznamBot/3.2; +http://napoveda.seznam.cz/en/seznambot-intro/)" "ysfine.com"
77.75.78.161 - - [23/Jan/2023:03:56:52 -0800] "GET /yspapers/inokim97.jpg HTTP/1.1" 200 74692 "-" "Mozilla/5.0 (compatible; SeznamBot/3.2; +http://napoveda.seznam.cz/en/seznambot-intro/)" "ysfine.com"
77.75.78.161 - - [23/Jan/2023:03:56:55 -0800] "GET /style/egeor04.jpg HTTP/1.1" 200 352562 "-" "Mozilla/5.0 (compatible; SeznamBot/3.2; +http://napoveda.seznam.cz/en/seznambot-intro/)" "ysfine.com"
122.161.49.108 - - [23/Jan/2023:03:57:02 -0800] "GET /princeton/alexan22.jpg HTTP/1.1" 200 175436 "https://www.google.com/" "Mozilla/5.0 (Macintosh; Intel Mac OS X 10_15_7) AppleWebKit/605.1.15 (KHTML, like Gecko) Version/16.2 Safari/605.1.15" "ysfine.com"
122.161.49.108 - - [23/Jan/2023:03:57:20 -0800] "GET /princeton/withers01.jpg HTTP/1.1" 200 113946 "https://www.google.com/" "Mozilla/5.0 (Macintosh; Intel Mac OS X 10_15_7) AppleWebKit/605.1.15 (KHTML, like Gecko) Version/16.2 Safari/605.1.15" "ysfine.com"
207.46.13.27 - - [23/Jan/2023:03:58:39 -0800] "GET /bio/style/artlove.html HTTP/1.1" 404 88 "-" "Mozilla/5.0 AppleWebKit/537.36 (KHTML, like Gecko; compatible; bingbot/2.0; +http://www.bing.com/bingbot.htm) Chrome/103.0.5060.134 Safari/537.36" "ysfine.com"
213.160.184.15 - - [23/Jan/2023:03:58:48 -0800] "GET /2001/license.txt HTTP/1.1" 404 88 "-" "Mozilla/5.0 (X11; Ubuntu; Linux x86_64; rv:62.0) Gecko/20100101 Firefox/62.0" "ysfine.com"
73.107.201.97 - - [23/Jan/2023:04:00:40 -0800] "GET /world/france/stras71.jpg HTTP/1.1" 200 137051 "https://www.google.com/" "Mozilla/5.0 (iPad; CPU OS 14_8_1 like Mac OS X) AppleWebKit/605.1.15 (KHTML, like Gecko) GSA/242.1.493995244 Mobile/18H107 Safari/604.1" "ysfine.com"
73.107.201.97 - - [23/Jan/2023:04:00:43 -0800] "GET /world/france/stras10.jpg HTTP/1.1" 200 105338 "https://www.google.com/" "Mozilla/5.0 (iPad; CPU OS 14_8_1 like Mac OS X) AppleWebKit/605.1.15 (KHTML, like Gecko) GSA/242.1.493995244 Mobile/18H107 Safari/604.1" "ysfine.com"
73.107.201.97 - - [23/Jan/2023:04:00:47 -0800] "GET /world/france/stras24.jpg HTTP/1.1" 200 128149 "https://www.google.com/" "Mozilla/5.0 (iPad; CPU OS 14_8_1 like Mac OS X) AppleWebKit/605.1.15 (KHTML, like Gecko) GSA/242.1.493995244 Mobile/18H107 Safari/604.1" "ysfine.com"
73.107.201.97 - - [23/Jan/2023:04:00:50 -0800] "GET /world/germany/aachen02.jpg HTTP/1.1" 200 106116 "https://www.google.com/" "Mozilla/5.0 (iPad; CPU OS 14_8_1 like Mac OS X) AppleWebKit/605.1.15 (KHTML, like Gecko) GSA/242.1.493995244 Mobile/18H107 Safari/604.1" "ysfine.com"
180.188.250.114 - - [23/Jan/2023:04:01:14 -0800] "GET /feynman/feybongo.jpg HTTP/1.1" 200 47448 "https://www.google.com/" "Mozilla/5.0 (Windows NT 6.1) AppleWebKit/537.36 (KHTML, like Gecko) Chrome/109.0.0.0 Safari/537.36" "ysfine.com"
114.119.146.7 - - [23/Jan/2023:04:01:14 -0800] "GET /robots.txt HTTP/1.1" 404 88 "-" "Mozilla/5.0 (compatible;PetalBot;+https://webmaster.petalsearch.com/site/petalbot)" "ysfine.com"
40.117.96.230 - - [23/Jan/2023:04:01:27 -0800] "GET /yspapers/quapar55.jpg HTTP/1.1" 200 113966 "-" "Mozilla/5.0 (X11; Ubuntu; Linux x86_64; rv:72.0) Gecko/20100101 Firefox/72.0" "www.ysfine.com"
157.55.39.72 - - [23/Jan/2023:04:01:33 -0800] "GET /bio/eink/buythisbook.html HTTP/1.1" 404 88 "-" "Mozilla/5.0 AppleWebKit/537.36 (KHTML, like Gecko; compatible; bingbot/2.0; +http://www.bing.com/bingbot.htm) Chrome/103.0.5060.134 Safari/537.36" "ysfine.com"
207.46.13.15 - - [23/Jan/2023:04:03:03 -0800] "GET /dirac/dirac77b.jpg HTTP/1.1" 200 30588 "-" "Mozilla/5.0 AppleWebKit/537.36 (KHTML, like Gecko; compatible; bingbot/2.0; +http://www.bing.com/bingbot.htm) Chrome/103.0.5060.134 Safari/537.36" "www.ysfine.com"
207.46.13.27 - - [23/Jan/2023:04:03:10 -0800] "GET /world/russ/kazan049.jpg HTTP/1.1" 200 68150 "-" "Mozilla/5.0 AppleWebKit/537.36 (KHTML, like Gecko; compatible; bingbot/2.0; +http://www.bing.com/bingbot.htm) Chrome/103.0.5060.134 Safari/537.36" "ysfine.com"
194.230.145.30 - - [23/Jan/2023:04:05:23 -0800] "GET /maga/invent/pupin33.jpg HTTP/1.1" 200 52653 "https://www.bing.com/" "Mozilla/5.0 (Windows NT 10.0; Win64; x64) AppleWebKit/537.36 (KHTML, like Gecko) Chrome/109.0.0.0 Safari/537.36 Edg/109.0.1518.61" "www.ysfine.com"
207.46.13.167 - - [23/Jan/2023:04:07:03 -0800] "GET /bio/princeton/campus.html HTTP/1.1" 404 88 "-" "Mozilla/5.0 AppleWebKit/537.36 (KHTML, like Gecko; compatible; bingbot/2.0; +http://www.bing.com/bingbot.htm) Chrome/103.0.5060.134 Safari/537.36" "ysfine.com"
123.183.224.86 - - [23/Jan/2023:04:10:31 -0800] "GET / HTTP/1.1" 200 5295 "-" "Sogou web spider/4.0(+http://www.sogou.com/docs/help/webmasters.htm#07)" "www.ysfine.com"
54.236.1.11 - - [23/Jan/2023:04:10:34 -0800] "GET /robots.txt HTTP/1.1" 404 88 "-" "Mozilla/5.0 (compatible; Pinterestbot/1.0; +http://www.pinterest.com/bot.html)" "ysfine.com"
54.236.1.11 - - [23/Jan/2023:04:10:34 -0800] "GET /maga/invent/eisenstein01b.jpg HTTP/1.1" 200 50445 "-" "Mozilla/5.0 (compatible; Pinterestbot/1.0; +http://www.pinterest.com/bot.html)" "ysfine.com"
207.46.13.27 - - [23/Jan/2023:04:11:40 -0800] "GET /kobak/soraech.html HTTP/1.1" 200 16732 "-" "Mozilla/5.0 AppleWebKit/537.36 (KHTML, like Gecko; compatible; bingbot/2.0; +http://www.bing.com/bingbot.htm) Chrome/103.0.5060.134 Safari/537.36" "www.ysfine.com"
51.222.253.20 - - [23/Jan/2023:04:14:16 -0800] "GET /wisdom/koelectric.html HTTP/1.1" 200 5212 "-" "Mozilla/5.0 (compatible; AhrefsBot/7.0; +http://ahrefs.com/robot/)" "ysfine.com"
51.222.253.1 - - [23/Jan/2023:04:14:18 -0800] "GET /wisdom/lamp11c.jpg HTTP/1.1" 200 27876 "-" "Mozilla/5.0 (compatible; AhrefsBot/7.0; +http://ahrefs.com/robot/)" "ysfine.com"
51.222.253.11 - - [23/Jan/2023:04:14:19 -0800] "GET /wisdom/kori11b.jpg HTTP/1.1" 200 72785 "-" "Mozilla/5.0 (compatible; AhrefsBot/7.0; +http://ahrefs.com/robot/)" "ysfine.com"
51.222.253.15 - - [23/Jan/2023:04:14:19 -0800] "GET /wisdom/lindenpower2.jpg HTTP/1.1" 200 32397 "-" "Mozilla/5.0 (compatible; AhrefsBot/7.0; +http://ahrefs.com/robot/)" "ysfine.com"
51.222.253.18 - - [23/Jan/2023:04:14:20 -0800] "GET /wisdom/rhee48b.jpg HTTP/1.1" 200 53936 "-" "Mozilla/5.0 (compatible; AhrefsBot/7.0; +http://ahrefs.com/robot/)" "ysfine.com"
51.222.253.20 - - [23/Jan/2023:04:14:20 -0800] "GET /wisdom/yoonrae2.jpg HTTP/1.1" 200 38961 "-" "Mozilla/5.0 (compatible; AhrefsBot/7.0; +http://ahrefs.com/robot/)" "ysfine.com"
40.77.167.11 - - [23/Jan/2023:04:15:26 -0800] "GET /bio/kobak/namdae.html HTTP/1.1" 404 88 "-" "Mozilla/5.0 (compatible; bingbot/2.0; +http://www.bing.com/bingbot.htm)" "ysfine.com"
207.46.13.27 - - [23/Jan/2023:04:15:31 -0800] "GET /bio/sbk/1950.html HTTP/1.1" 404 88 "-" "Mozilla/5.0 AppleWebKit/537.36 (KHTML, like Gecko; compatible; bingbot/2.0; +http://www.bing.com/bingbot.htm) Chrome/103.0.5060.134 Safari/537.36" "ysfine.com"
213.180.203.62 - - [23/Jan/2023:04:16:30 -0800] "GET /dirac/locovar.html HTTP/1.1" 200 3545 "-" "Mozilla/5.0 (compatible; YandexBot/3.0; +http://yandex.com/bots) AppleWebKit/537.36 (KHTML, like Gecko) Chrome/81.0.4044.268" "www.ysfine.com"
87.250.224.29 - - [23/Jan/2023:04:16:33 -0800] "GET /yspapers/index.html HTTP/1.1" 200 21304 "-" "Mozilla/5.0 (compatible; YandexBot/3.0; +http://yandex.com/bots) AppleWebKit/537.36 (KHTML, like Gecko) Chrome/81.0.4044.268" "www.ysfine.com"
207.46.13.15 - - [23/Jan/2023:04:17:54 -0800] "GET /home/dashen.html HTTP/1.1" 304 - "-" "Mozilla/5.0 AppleWebKit/537.36 (KHTML, like Gecko; compatible; bingbot/2.0; +http://www.bing.com/bingbot.htm) Chrome/103.0.5060.134 Safari/537.36" "www.ysfine.com"
108.225.62.241 - - [23/Jan/2023:04:18:06 -0800] "GET /maga/phil/marxlon01.jpg HTTP/1.1" 200 263404 "https://www.google.com/" "Mozilla/5.0 (iPhone; CPU iPhone OS 16_2 like Mac OS X) AppleWebKit/605.1.15 (KHTML, like Gecko) GSA/247.0.501893814 Mobile/20C65 Safari/604.1" "ysfine.com"
51.222.253.2 - - [23/Jan/2023:04:20:30 -0800] "GET /robots.txt HTTP/1.1" 404 88 "-" "Mozilla/5.0 (compatible; AhrefsBot/7.0; +http://ahrefs.com/robot/)" "www.ysfine.com"
207.46.13.176 - - [23/Jan/2023:04:23:25 -0800] "GET /bio/kobak/soraech.html HTTP/1.1" 404 88 "-" "Mozilla/5.0 AppleWebKit/537.36 (KHTML, like Gecko; compatible; bingbot/2.0; +http://www.bing.com/bingbot.htm) Chrome/103.0.5060.134 Safari/537.36" "ysfine.com"
207.46.13.15 - - [23/Jan/2023:04:25:16 -0800] "GET /world/brit/covent07.jpg HTTP/1.1" 200 110579 "-" "Mozilla/5.0 AppleWebKit/537.36 (KHTML, like Gecko; compatible; bingbot/2.0; +http://www.bing.com/bingbot.htm) Chrome/103.0.5060.134 Safari/537.36" "ysfine.com"
207.46.13.176 - - [23/Jan/2023:04:26:17 -0800] "GET /bio.html HTTP/1.1" 200 18260 "-" "Mozilla/5.0 AppleWebKit/537.36 (KHTML, like Gecko; compatible; bingbot/2.0; +http://www.bing.com/bingbot.htm) Chrome/103.0.5060.134 Safari/537.36" "ysfine.com"
207.46.13.167 - - [23/Jan/2023:04:26:27 -0800] "GET /bio/wigner/e(2).html HTTP/1.1" 404 88 "-" "Mozilla/5.0 AppleWebKit/537.36 (KHTML, like Gecko; compatible; bingbot/2.0; +http://www.bing.com/bingbot.htm) Chrome/103.0.5060.134 Safari/537.36" "ysfine.com"
40.77.167.11 - - [23/Jan/2023:04:28:37 -0800] "GET /bio/einstein/bern.html HTTP/1.1" 404 88 "-" "Mozilla/5.0 (compatible; bingbot/2.0; +http://www.bing.com/bingbot.htm)" "ysfine.com"
207.46.13.15 - - [23/Jan/2023:04:29:16 -0800] "GET /bio/style/proschanie.html HTTP/1.1" 404 88 "-" "Mozilla/5.0 AppleWebKit/537.36 (KHTML, like Gecko; compatible; bingbot/2.0; +http://www.bing.com/bingbot.htm) Chrome/103.0.5060.134 Safari/537.36" "ysfine.com"
172.58.31.130 - - [23/Jan/2023:04:30:41 -0800] "GET /princeton/brooke22.jpg HTTP/1.1" 200 87673 "https://www.google.com/" "Mozilla/5.0 (Linux; Android 13; SM-G991U) AppleWebKit/537.36 (KHTML, like Gecko) Chrome/108.0.0.0 Mobile Safari/537.36" "ysfine.com"
44.228.22.216 - - [23/Jan/2023:04:31:02 -0800] "GET /dirac/2osc22.jpg HTTP/1.1" 200 86594 "-" "Mozilla/5.0 (X11; Ubuntu; Linux x86_64; rv:72.0) Gecko/20100101 Firefox/72.0" "ysfine.com"
94.187.11.123 - - [23/Jan/2023:04:31:32 -0800] "GET /style/cameras/fed39.jpg HTTP/1.1" 200 254777 "https://www.google.com/" "Mozilla/5.0 (Windows NT 10.0; Win64; x64) AppleWebKit/537.36 (KHTML, like Gecko) Chrome/109.0.0.0 Safari/537.36" "ysfine.com"
207.46.13.176 - - [23/Jan/2023:04:31:35 -0800] "GET /world/russ/basil08c.jpg HTTP/1.1" 200 40070 "-" "Mozilla/5.0 AppleWebKit/537.36 (KHTML, like Gecko; compatible; bingbot/2.0; +http://www.bing.com/bingbot.htm) Chrome/103.0.5060.134 Safari/537.36" "ysfine.com"
207.46.13.27 - - [23/Jan/2023:04:32:13 -0800] "GET /bio/kobak/yskor.html HTTP/1.1" 404 88 "-" "Mozilla/5.0 AppleWebKit/537.36 (KHTML, like Gecko; compatible; bingbot/2.0; +http://www.bing.com/bingbot.htm) Chrome/103.0.5060.134 Safari/537.36" "ysfine.com"
75.136.253.148 - - [23/Jan/2023:04:32:54 -0800] "GET /princeton/prospectg33.jpg HTTP/1.1" 200 103992 "https://www.google.com/" "Mozilla/5.0 (Macintosh; Intel Mac OS X 10_15_7) AppleWebKit/605.1.15 (KHTML, like Gecko) Version/16.2 Safari/605.1.15" "ysfine.com"
51.222.253.20 - - [23/Jan/2023:04:33:01 -0800] "GET /class54/class5470/total_data/sub_801.htm HTTP/1.1" 200 3577 "-" "Mozilla/5.0 (compatible; AhrefsBot/7.0; +http://ahrefs.com/robot/)" "ysfine.com"
51.222.253.2 - - [23/Jan/2023:04:33:03 -0800] "GET /class54/class5470/total_data/refer_img/8-11_f.jpg HTTP/1.1" 200 31329 "-" "Mozilla/5.0 (compatible; AhrefsBot/7.0; +http://ahrefs.com/robot/)" "ysfine.com"
51.222.253.14 - - [23/Jan/2023:04:33:03 -0800] "GET /class54/class5470/total_data/refer_img/8-23_f.jpg HTTP/1.1" 200 35555 "-" "Mozilla/5.0 (compatible; AhrefsBot/7.0; +http://ahrefs.com/robot/)" "ysfine.com"
51.222.253.14 - - [23/Jan/2023:04:33:04 -0800] "GET /class54/class5470/total_data/refer_img/8-14_f.jpg HTTP/1.1" 200 36048 "-" "Mozilla/5.0 (compatible; AhrefsBot/7.0; +http://ahrefs.com/robot/)" "ysfine.com"
51.222.253.20 - - [23/Jan/2023:04:33:04 -0800] "GET /class54/class5470/total_data/refer_img/8-4_f.jpg HTTP/1.1" 200 27058 "-" "Mozilla/5.0 (compatible; AhrefsBot/7.0; +http://ahrefs.com/robot/)" "ysfine.com"
51.222.253.13 - - [23/Jan/2023:04:33:04 -0800] "GET /class54/class5470/total_data/refer_img/8-7_f.jpg HTTP/1.1" 200 33376 "-" "Mozilla/5.0 (compatible; AhrefsBot/7.0; +http://ahrefs.com/robot/)" "ysfine.com"
51.222.253.8 - - [23/Jan/2023:04:33:05 -0800] "GET /class54/class5470/total_data/refer_img/8-13_f.jpg HTTP/1.1" 200 33134 "-" "Mozilla/5.0 (compatible; AhrefsBot/7.0; +http://ahrefs.com/robot/)" "ysfine.com"
51.222.253.2 - - [23/Jan/2023:04:33:05 -0800] "GET /class54/class5470/total_data/img/08_alumni.gif HTTP/1.1" 200 903 "-" "Mozilla/5.0 (compatible; AhrefsBot/7.0; +http://ahrefs.com/robot/)" "ysfine.com"
51.222.253.11 - - [23/Jan/2023:04:33:06 -0800] "GET /class54/class5470/total_data/refer_img/8-20_f.jpg HTTP/1.1" 200 35210 "-" "Mozilla/5.0 (compatible; AhrefsBot/7.0; +http://ahrefs.com/robot/)" "ysfine.com"
51.222.253.16 - - [23/Jan/2023:04:33:06 -0800] "GET /class54/class5470/total_data/refer_img/8-29_f.jpg HTTP/1.1" 200 39299 "-" "Mozilla/5.0 (compatible; AhrefsBot/7.0; +http://ahrefs.com/robot/)" "ysfine.com"
51.222.253.17 - - [23/Jan/2023:04:33:07 -0800] "GET /class54/class5470/total_data/refer_img/8-22_f.jpg HTTP/1.1" 200 32545 "-" "Mozilla/5.0 (compatible; AhrefsBot/7.0; +http://ahrefs.com/robot/)" "ysfine.com"
51.222.253.10 - - [23/Jan/2023:04:33:07 -0800] "GET /class54/class5470/total_data/refer_img/8-27_f.jpg HTTP/1.1" 200 35823 "-" "Mozilla/5.0 (compatible; AhrefsBot/7.0; +http://ahrefs.com/robot/)" "ysfine.com"
51.222.253.15 - - [23/Jan/2023:04:33:08 -0800] "GET /class54/class5470/total_data/refer_img/8-12_f.jpg HTTP/1.1" 200 28082 "-" "Mozilla/5.0 (compatible; AhrefsBot/7.0; +http://ahrefs.com/robot/)" "ysfine.com"
51.222.253.8 - - [23/Jan/2023:04:33:08 -0800] "GET /class54/class5470/total_data/refer_img/8-24_f.jpg HTTP/1.1" 200 32961 "-" "Mozilla/5.0 (compatible; AhrefsBot/7.0; +http://ahrefs.com/robot/)" "ysfine.com"
51.222.253.18 - - [23/Jan/2023:04:33:08 -0800] "GET /class54/class5470/total_data/refer_img/8-16_f.jpg HTTP/1.1" 200 30100 "-" "Mozilla/5.0 (compatible; AhrefsBot/7.0; +http://ahrefs.com/robot/)" "ysfine.com"
51.222.253.8 - - [23/Jan/2023:04:33:09 -0800] "GET /class54/class5470/total_data/img/sm06_on.gif HTTP/1.1" 200 414 "-" "Mozilla/5.0 (compatible; AhrefsBot/7.0; +http://ahrefs.com/robot/)" "ysfine.com"
51.222.253.2 - - [23/Jan/2023:04:33:09 -0800] "GET /class54/class5470/total_data/img/08_smline.gif HTTP/1.1" 200 1455 "-" "Mozilla/5.0 (compatible; AhrefsBot/7.0; +http://ahrefs.com/robot/)" "ysfine.com"
51.222.253.4 - - [23/Jan/2023:04:33:09 -0800] "GET /class54/class5470/total_data/refer_img/8-6_f.jpg HTTP/1.1" 200 36445 "-" "Mozilla/5.0 (compatible; AhrefsBot/7.0; +http://ahrefs.com/robot/)" "ysfine.com"
51.222.253.2 - - [23/Jan/2023:04:33:10 -0800] "GET /class54/class5470/total_data/refer_img/8-18_f.jpg HTTP/1.1" 200 34904 "-" "Mozilla/5.0 (compatible; AhrefsBot/7.0; +http://ahrefs.com/robot/)" "ysfine.com"
51.222.253.18 - - [23/Jan/2023:04:33:10 -0800] "GET /class54/class5470/total_data/refer_img/8-21_f.jpg HTTP/1.1" 200 31344 "-" "Mozilla/5.0 (compatible; AhrefsBot/7.0; +http://ahrefs.com/robot/)" "ysfine.com"
51.222.253.10 - - [23/Jan/2023:04:33:11 -0800] "GET /class54/class5470/total_data/img/08_title.gif HTTP/1.1" 200 3895 "-" "Mozilla/5.0 (compatible; AhrefsBot/7.0; +http://ahrefs.com/robot/)" "ysfine.com"
51.222.253.16 - - [23/Jan/2023:04:33:11 -0800] "GET /class54/class5470/total_data/refer_img/8-15_f.jpg HTTP/1.1" 200 31582 "-" "Mozilla/5.0 (compatible; AhrefsBot/7.0; +http://ahrefs.com/robot/)" "ysfine.com"
51.222.253.15 - - [23/Jan/2023:04:33:11 -0800] "GET /class54/class5470/total_data/img/sm01_off.gif HTTP/1.1" 200 412 "-" "Mozilla/5.0 (compatible; AhrefsBot/7.0; +http://ahrefs.com/robot/)" "ysfine.com"
51.222.253.20 - - [23/Jan/2023:04:33:11 -0800] "GET /class54/class5470/total_data/photo_img/8-1.jpg HTTP/1.1" 200 216070 "-" "Mozilla/5.0 (compatible; AhrefsBot/7.0; +http://ahrefs.com/robot/)" "ysfine.com"
51.222.253.2 - - [23/Jan/2023:04:33:12 -0800] "GET /class54/class5470/total_data/refer_img/8-3_f.jpg HTTP/1.1" 200 31752 "-" "Mozilla/5.0 (compatible; AhrefsBot/7.0; +http://ahrefs.com/robot/)" "ysfine.com"
51.222.253.20 - - [23/Jan/2023:04:33:13 -0800] "GET /class54/class5470/total_data/refer_img/8-19_f.jpg HTTP/1.1" 200 29335 "-" "Mozilla/5.0 (compatible; AhrefsBot/7.0; +http://ahrefs.com/robot/)" "ysfine.com"
51.222.253.3 - - [23/Jan/2023:04:33:13 -0800] "GET /class54/class5470/total_data/refer_img/8-25_f.jpg HTTP/1.1" 200 36743 "-" "Mozilla/5.0 (compatible; AhrefsBot/7.0; +http://ahrefs.com/robot/)" "ysfine.com"
51.222.253.19 - - [23/Jan/2023:04:33:14 -0800] "GET /class54/class5470/total_data/refer_img/8-10_f.jpg HTTP/1.1" 200 29534 "-" "Mozilla/5.0 (compatible; AhrefsBot/7.0; +http://ahrefs.com/robot/)" "ysfine.com"
51.222.253.4 - - [23/Jan/2023:04:33:14 -0800] "GET /class54/class5470/total_data/refer_img/8-17_f.jpg HTTP/1.1" 200 32924 "-" "Mozilla/5.0 (compatible; AhrefsBot/7.0; +http://ahrefs.com/robot/)" "ysfine.com"
51.222.253.19 - - [23/Jan/2023:04:33:14 -0800] "GET /class54/class5470/total_data/refer_img/8-2_f.jpg HTTP/1.1" 200 33223 "-" "Mozilla/5.0 (compatible; AhrefsBot/7.0; +http://ahrefs.com/robot/)" "ysfine.com"
51.222.253.5 - - [23/Jan/2023:04:33:15 -0800] "GET /class54/class5470/total_data/refer_img/8-28_f.jpg HTTP/1.1" 200 35985 "-" "Mozilla/5.0 (compatible; AhrefsBot/7.0; +http://ahrefs.com/robot/)" "ysfine.com"
51.222.253.6 - - [23/Jan/2023:04:33:18 -0800] "GET /class54/class5470/total_data/refer_img/8-32_f.jpg HTTP/1.1" 200 43409 "-" "Mozilla/5.0 (compatible; AhrefsBot/7.0; +http://ahrefs.com/robot/)" "ysfine.com"
51.222.253.1 - - [23/Jan/2023:04:33:19 -0800] "GET /class54/class5470/total_data/refer_img/8-5_f.jpg HTTP/1.1" 200 37750 "-" "Mozilla/5.0 (compatible; AhrefsBot/7.0; +http://ahrefs.com/robot/)" "ysfine.com"
51.222.253.6 - - [23/Jan/2023:04:33:22 -0800] "GET /class54/class5470/total_data/refer_img/8-1_f.jpg HTTP/1.1" 200 34857 "-" "Mozilla/5.0 (compatible; AhrefsBot/7.0; +http://ahrefs.com/robot/)" "ysfine.com"
51.222.253.14 - - [23/Jan/2023:04:33:23 -0800] "GET /class54/class5470/total_data/img/sm04_on.gif HTTP/1.1" 200 392 "-" "Mozilla/5.0 (compatible; AhrefsBot/7.0; +http://ahrefs.com/robot/)" "ysfine.com"
51.222.253.17 - - [23/Jan/2023:04:33:24 -0800] "GET /class54/class5470/total_data/img/sm05_on.gif HTTP/1.1" 200 408 "-" "Mozilla/5.0 (compatible; AhrefsBot/7.0; +http://ahrefs.com/robot/)" "ysfine.com"
51.222.253.15 - - [23/Jan/2023:04:33:24 -0800] "GET /class54/class5470/total_data/refer_img/8-9_f.jpg HTTP/1.1" 200 29562 "-" "Mozilla/5.0 (compatible; AhrefsBot/7.0; +http://ahrefs.com/robot/)" "ysfine.com"
51.222.253.8 - - [23/Jan/2023:04:33:24 -0800] "GET /class54/class5470/total_data/refer_img/8-30_f.jpg HTTP/1.1" 200 39571 "-" "Mozilla/5.0 (compatible; AhrefsBot/7.0; +http://ahrefs.com/robot/)" "ysfine.com"
51.222.253.10 - - [23/Jan/2023:04:33:25 -0800] "GET /class54/class5470/total_data/refer_img/8-31_f.jpg HTTP/1.1" 200 32303 "-" "Mozilla/5.0 (compatible; AhrefsBot/7.0; +http://ahrefs.com/robot/)" "ysfine.com"
51.222.253.3 - - [23/Jan/2023:04:33:25 -0800] "GET /class54/class5470/total_data/refer_img/8-8_f.jpg HTTP/1.1" 200 35645 "-" "Mozilla/5.0 (compatible; AhrefsBot/7.0; +http://ahrefs.com/robot/)" "ysfine.com"
51.222.253.2 - - [23/Jan/2023:04:33:26 -0800] "GET /class54/class5470/total_data/img/08_smtitle01.gif HTTP/1.1" 200 1122 "-" "Mozilla/5.0 (compatible; AhrefsBot/7.0; +http://ahrefs.com/robot/)" "ysfine.com"
207.46.13.27 - - [23/Jan/2023:04:33:43 -0800] "GET /bio/style/artlove.html HTTP/1.1" 404 88 "-" "Mozilla/5.0 AppleWebKit/537.36 (KHTML, like Gecko; compatible; bingbot/2.0; +http://www.bing.com/bingbot.htm) Chrome/103.0.5060.134 Safari/537.36" "ysfine.com"
95.70.54.227 - - [23/Jan/2023:04:35:08 -0800] "GET /maga/invent/marconi01.jpg HTTP/1.1" 200 79311 "https://yandex.ru/images/search?text=%D0%93%D1%83%D0%BB%D1%8C%D0%B5%D0%BB%D1%8C%D0%BC%D0%BE%20%D0%9C%D0%B0%D1%80%D0%BA%D0%BE%D0%BD%D0%B8.&from=tabbar&p=1&pos=4&rpt=simage&img_url=http%3A%2F%2Fs.hdnux.com%2Fphotos%2F10%2F60%2F27%2F2295270%2F7%2F920x920.jpg&lr=76&rlt_url=https%3A%2F%2Fi.ytimg.com%2Fvi%2FbiDIGOkK2nA%2Fmaxresdefault.jpg&ogl_url=http%3A%2F%2Fs.hdnux.com%2Fphotos%2F10%2F60%2F27%2F2295270%2F7%2F920x920.jpg" "Mozilla/5.0 (Windows NT 10.0; Win64; x64) AppleWebKit/537.36 (KHTML, like Gecko) Chrome/109.0.0.0 Safari/537.36 Edg/109.0.1518.61" "www.ysfine.com"
95.70.54.227 - - [23/Jan/2023:04:35:09 -0800] "GET /maga/invent/marconi01.jpg HTTP/1.1" 200 79311 "https://yandex.ru/images/search?text=%D0%93%D1%83%D0%BB%D1%8C%D0%B5%D0%BB%D1%8C%D0%BC%D0%BE%20%D0%9C%D0%B0%D1%80%D0%BA%D0%BE%D0%BD%D0%B8.&from=tabbar&p=1&pos=4&rpt=simage&img_url=http%3A%2F%2Fs.hdnux.com%2Fphotos%2F10%2F60%2F27%2F2295270%2F7%2F920x920.jpg&lr=76&rlt_url=https%3A%2F%2Fupload.wikimedia.org%2Fwikipedia%2Fcommons%2Fthumb%2Ff%2Ff8%2FMarconi_and_his_wireless_apparatus_1897.jpg%2F120px-Marconi_and_his_wireless_apparatus_1897.jpg&ogl_url=http%3A%2F%2Fs.hdnux.com%2Fphotos%2F10%2F60%2F27%2F2295270%2F7%2F920x920.jpg" "Mozilla/5.0 (Windows NT 10.0; Win64; x64) AppleWebKit/537.36 (KHTML, like Gecko) Chrome/109.0.0.0 Safari/537.36 Edg/109.0.1518.61" "www.ysfine.com"
95.70.54.227 - - [23/Jan/2023:04:35:10 -0800] "GET /maga/invent/marconi01.jpg HTTP/1.1" 200 79311 "https://yandex.ru/images/search?text=%D0%93%D1%83%D0%BB%D1%8C%D0%B5%D0%BB%D1%8C%D0%BC%D0%BE%20%D0%9C%D0%B0%D1%80%D0%BA%D0%BE%D0%BD%D0%B8.&from=tabbar&p=1&pos=4&rpt=simage&img_url=http%3A%2F%2Fs.hdnux.com%2Fphotos%2F10%2F60%2F27%2F2295270%2F7%2F920x920.jpg&lr=76&rlt_url=http%3A%2F%2Fwww.rusrim.com%2Fwp-content%2Fuploads%2F2021%2F01%2F%25D0%25B3%25D1%2583%25D0%25BB%25D0%25B8%25D0%25B5%25D0%25BB%25D0%25BC%25D0%25BE-%25D0%25BC%25D0%25B0%25D1%2580%25D0%25BA%25D0%25BE%25D0%25BD%25D0%25B8-%25D1%258D%25D0%25BA%25D1%2581%25D0%25BA%25D1%2583%25D1%2580%25D1%2581%25D0%25B8%25D0%25B8-%25D0%25B2-%25D0%2598%25D1%2582%25D0%25B0%25D0%25BB%25D0%25B8%25D0%25B8-1024x576.jpg&ogl_url=http%3A%2F%2Fs.hdnux.com%2Fphotos%2F10%2F60%2F27%2F2295270%2F7%2F920x920.jpg" "Mozilla/5.0 (Windows NT 10.0; Win64; x64) AppleWebKit/537.36 (KHTML, like Gecko) Chrome/109.0.0.0 Safari/537.36 Edg/109.0.1518.61" "www.ysfine.com"
207.46.13.176 - - [23/Jan/2023:04:37:16 -0800] "GET /bio/eink/buythisbook.html HTTP/1.1" 404 88 "-" "Mozilla/5.0 AppleWebKit/537.36 (KHTML, like Gecko; compatible; bingbot/2.0; +http://www.bing.com/bingbot.htm) Chrome/103.0.5060.134 Safari/537.36" "ysfine.com"
112.207.101.164 - - [23/Jan/2023:04:38:12 -0800] "GET /kowar/tanks/tank54.jpg HTTP/1.1" 200 76330 "https://images.search.yahoo.com/search/images;_ylt=AwrO_sd.f85jUAE0DsFXNyoA;_ylu=Y29sbwNncTEEcG9zAzEEdnRpZAMEc2VjA3BpdnM-?p=tank&fr2=piv-web&type=E210US91215G0&fr=mcafee" "Mozilla/5.0 (Windows NT 10.0; Win64; x64) AppleWebKit/537.36 (KHTML, like Gecko) Chrome/109.0.0.0 Safari/537.36" "ysfine.com"
68.36.176.9 - - [23/Jan/2023:04:39:47 -0800] "GET /style/telefon11.jpg HTTP/1.1" 200 132614 "https://www.google.com/" "Mozilla/5.0 (iPhone; CPU iPhone OS 16_2 like Mac OS X) AppleWebKit/605.1.15 (KHTML, like Gecko) Version/16.2 Mobile/15E148 Safari/604.1" "ysfine.com"
90.112.126.21 - - [23/Jan/2023:04:41:14 -0800] "GET /world/france/sartsq17.jpg HTTP/1.1" 200 105271 "https://www.bing.com/" "Mozilla/5.0 (Windows NT 10.0; Win64; x64) AppleWebKit/537.36 (KHTML, like Gecko) Chrome/109.0.0.0 Safari/537.36 Edg/109.0.1518.61" "ysfine.com"
207.46.13.167 - - [23/Jan/2023:04:42:35 -0800] "GET /bio/princeton/campus.html HTTP/1.1" 404 88 "-" "Mozilla/5.0 AppleWebKit/537.36 (KHTML, like Gecko; compatible; bingbot/2.0; +http://www.bing.com/bingbot.htm) Chrome/103.0.5060.134 Safari/537.36" "ysfine.com"
122.10.16.216 - - [23/Jan/2023:04:42:58 -0800] "GET / HTTP/1.1" 200 5295 "http://www.ysfine.com" "Mozilla/5.0 (Windows NT 10.0; WOW64) AppleWebKit/537.36 (KHTML, like Gecko) Chrome/86.0.4240.198 Safari/537.36" "www.ysfine.com"
40.77.167.11 - - [23/Jan/2023:04:42:58 -0800] "GET /bio/kobak/namdae.html HTTP/1.1" 404 88 "-" "Mozilla/5.0 (compatible; bingbot/2.0; +http://www.bing.com/bingbot.htm)" "ysfine.com"
123.183.224.86 - - [23/Jan/2023:04:43:40 -0800] "GET / HTTP/1.1" 200 5295 "-" "Sogou web spider/4.0(+http://www.sogou.com/docs/help/webmasters.htm#07)" "www.ysfine.com"
207.46.13.167 - - [23/Jan/2023:04:47:46 -0800] "GET /wdc/corco44.jpg HTTP/1.1" 200 63238 "-" "Mozilla/5.0 AppleWebKit/537.36 (KHTML, like Gecko; compatible; bingbot/2.0; +http://www.bing.com/bingbot.htm) Chrome/103.0.5060.134 Safari/537.36" "www.ysfine.com"
77.75.77.109 - - [23/Jan/2023:04:48:40 -0800] "GET /robots.txt HTTP/1.1" 404 88 "-" "Mozilla/5.0 (compatible; SeznamBot/3.2; +http://napoveda.seznam.cz/en/seznambot-intro/)" "ysfine.com"
77.75.77.109 - - [23/Jan/2023:04:48:41 -0800] "GET /world/latina/sambario11.jpg HTTP/1.1" 304 - "-" "Mozilla/5.0 (compatible; SeznamBot/3.2; +http://napoveda.seznam.cz/en/seznambot-intro/)" "ysfine.com"
77.75.77.109 - - [23/Jan/2023:04:48:42 -0800] "GET /einstein/places/ulm06.jpg HTTP/1.1" 200 42744 "-" "Mozilla/5.0 (compatible; SeznamBot/3.2; +http://napoveda.seznam.cz/en/seznambot-intro/)" "ysfine.com"
77.75.77.109 - - [23/Jan/2023:04:48:44 -0800] "GET /world/baltic/lithu12.jpg HTTP/1.1" 304 - "-" "Mozilla/5.0 (compatible; SeznamBot/3.2; +http://napoveda.seznam.cz/en/seznambot-intro/)" "ysfine.com"
77.75.77.109 - - [23/Jan/2023:04:48:44 -0800] "GET /world/ital/stcroce09.jpg HTTP/1.1" 304 - "-" "Mozilla/5.0 (compatible; SeznamBot/3.2; +http://napoveda.seznam.cz/en/seznambot-intro/)" "ysfine.com"
77.75.77.109 - - [23/Jan/2023:04:48:45 -0800] "GET /world/baltic/kantm09.jpg HTTP/1.1" 304 - "-" "Mozilla/5.0 (compatible; SeznamBot/3.2; +http://napoveda.seznam.cz/en/seznambot-intro/)" "ysfine.com"
77.75.77.109 - - [23/Jan/2023:04:48:45 -0800] "GET /world/latina/rio088.jpg HTTP/1.1" 304 - "-" "Mozilla/5.0 (compatible; SeznamBot/3.2; +http://napoveda.seznam.cz/en/seznambot-intro/)" "ysfine.com"
77.75.77.109 - - [23/Jan/2023:04:48:45 -0800] "GET /world/latina/rio103.jpg HTTP/1.1" 304 - "-" "Mozilla/5.0 (compatible; SeznamBot/3.2; +http://napoveda.seznam.cz/en/seznambot-intro/)" "ysfine.com"
77.75.77.109 - - [23/Jan/2023:04:48:46 -0800] "GET /world/poland/gdn11.jpg HTTP/1.1" 304 - "-" "Mozilla/5.0 (compatible; SeznamBot/3.2; +http://napoveda.seznam.cz/en/seznambot-intro/)" "ysfine.com"
77.75.77.109 - - [23/Jan/2023:04:48:46 -0800] "GET /wigner/wigwein3.jpg HTTP/1.1" 304 - "-" "Mozilla/5.0 (compatible; SeznamBot/3.2; +http://napoveda.seznam.cz/en/seznambot-intro/)" "ysfine.com"
77.75.77.109 - - [23/Jan/2023:04:48:47 -0800] "GET /newyork/panam02.jpg HTTP/1.1" 304 - "-" "Mozilla/5.0 (compatible; SeznamBot/3.2; +http://napoveda.seznam.cz/en/seznambot-intro/)" "ysfine.com"
77.75.77.109 - - [23/Jan/2023:04:48:47 -0800] "GET /newyork/macy15.jpg HTTP/1.1" 304 - "-" "Mozilla/5.0 (compatible; SeznamBot/3.2; +http://napoveda.seznam.cz/en/seznambot-intro/)" "ysfine.com"
102.65.85.157 - - [23/Jan/2023:04:49:17 -0800] "GET /einstein/einphoto.html HTTP/1.1" 200 1970 "-" "Mozilla/5.0 (Linux; Android 8.1.0; SM-A260F Build/OPR6) AppleWebKit/537.36 (KHTML, like Gecko) Chrome/109.0.5414.86 Mobile Safari/537.36" "ysfine.com"
102.65.85.157 - - [23/Jan/2023:04:49:17 -0800] "GET /einstein/places/einha02b.jpg HTTP/1.1" 200 35565 "https://ysfine.com/einstein/einphoto.html" "Mozilla/5.0 (Linux; Android 8.1.0; SM-A260F Build/OPR6) AppleWebKit/537.36 (KHTML, like Gecko) Chrome/109.0.5414.86 Mobile Safari/537.36" "ysfine.com"
102.65.85.157 - - [23/Jan/2023:04:49:17 -0800] "GET /einstein/eins05b.jpg HTTP/1.1" 200 47795 "https://ysfine.com/einstein/einphoto.html" "Mozilla/5.0 (Linux; Android 8.1.0; SM-A260F Build/OPR6) AppleWebKit/537.36 (KHTML, like Gecko) Chrome/109.0.5414.86 Mobile Safari/537.36" "ysfine.com"
102.65.85.157 - - [23/Jan/2023:04:49:17 -0800] "GET /einstein/eins47b.jpg HTTP/1.1" 200 48772 "https://ysfine.com/einstein/einphoto.html" "Mozilla/5.0 (Linux; Android 8.1.0; SM-A260F Build/OPR6) AppleWebKit/537.36 (KHTML, like Gecko) Chrome/109.0.5414.86 Mobile Safari/537.36" "ysfine.com"
102.65.85.157 - - [23/Jan/2023:04:49:17 -0800] "GET /eink/eink61c.jpg HTTP/1.1" 200 34119 "https://ysfine.com/einstein/einphoto.html" "Mozilla/5.0 (Linux; Android 8.1.0; SM-A260F Build/OPR6) AppleWebKit/537.36 (KHTML, like Gecko) Chrome/109.0.5414.86 Mobile Safari/537.36" "ysfine.com"
102.65.85.157 - - [23/Jan/2023:04:49:21 -0800] "GET /favicon.ico HTTP/1.1" 404 88 "https://ysfine.com/einstein/einphoto.html" "Mozilla/5.0 (Linux; Android 8.1.0; SM-A260F Build/OPR6) AppleWebKit/537.36 (KHTML, like Gecko) Chrome/109.0.5414.86 Mobile Safari/537.36" "ysfine.com"
186.22.56.194 - - [23/Jan/2023:04:49:24 -0800] "GET /maga/histo/oscar22.jpg HTTP/1.1" 200 101665 "-" "com.google.android.apps.searchlite/737757 (Linux; U; Android 9; es_US; ZTE Blade A3 Lite; Build/PPR1.180610.011; Cronet/108.0.5359.61)" "ysfine.com"
102.65.85.157 - - [23/Jan/2023:04:50:21 -0800] "GET /einstein/eins47.jpg HTTP/1.1" 200 108796 "https://ysfine.com/einstein/einphoto.html" "Mozilla/5.0 (Linux; Android 8.1.0; SM-A260F Build/OPR6) AppleWebKit/537.36 (KHTML, like Gecko) Chrome/109.0.5414.86 Mobile Safari/537.36" "ysfine.com"
66.249.93.107 - - [23/Jan/2023:04:50:22 -0800] "GET /einstein/eins47.jpg HTTP/1.1" 200 108796 "-" "Mozilla/5.0 (Linux; Android 7.0; SM-G930V Build/NRD90M) AppleWebKit/537.36 (KHTML, like Gecko) Chrome/59.0.3071.125 Mobile Safari/537.36 (compatible; Google-Read-Aloud; +https://support.google.com/webmasters/answer/1061943)" "ysfine.com"
66.249.93.107 - - [23/Jan/2023:04:50:23 -0800] "GET /einstein/eins47.jpg HTTP/1.1" 200 108796 "-" "Mozilla/5.0 (Linux; Android 7.0; SM-G930V Build/NRD90M) AppleWebKit/537.36 (KHTML, like Gecko) Chrome/59.0.3071.125 Mobile Safari/537.36 (compatible; Google-Read-Aloud; +https://support.google.com/webmasters/answer/1061943)" "ysfine.com"
66.249.93.103 - - [23/Jan/2023:04:50:24 -0800] "GET /einstein/eins47.jpg HTTP/1.1" 200 108796 "-" "Mozilla/5.0 (Linux; Android 7.0; SM-G930V Build/NRD90M) AppleWebKit/537.36 (KHTML, like Gecko) Chrome/59.0.3071.125 Mobile Safari/537.36 (compatible; Google-Read-Aloud; +https://support.google.com/webmasters/answer/1061943)" "ysfine.com"
102.65.85.157 - - [23/Jan/2023:04:50:36 -0800] "GET /eink/index.html HTTP/1.1" 200 17716 "https://ysfine.com/einstein/einphoto.html" "Mozilla/5.0 (Linux; Android 8.1.0; SM-A260F Build/OPR6) AppleWebKit/537.36 (KHTML, like Gecko) Chrome/109.0.5414.86 Mobile Safari/537.36" "ysfine.com"
102.65.85.157 - - [23/Jan/2023:04:50:37 -0800] "GET /style/ysnr11c.jpg HTTP/1.1" 200 34793 "https://ysfine.com/eink/index.html" "Mozilla/5.0 (Linux; Android 8.1.0; SM-A260F Build/OPR6) AppleWebKit/537.36 (KHTML, like Gecko) Chrome/109.0.5414.86 Mobile Safari/537.36" "ysfine.com"
102.65.85.157 - - [23/Jan/2023:04:50:37 -0800] "GET /einstein/einglaub01c.jpg HTTP/1.1" 200 36935 "https://ysfine.com/eink/index.html" "Mozilla/5.0 (Linux; Android 8.1.0; SM-A260F Build/OPR6) AppleWebKit/537.36 (KHTML, like Gecko) Chrome/109.0.5414.86 Mobile Safari/537.36" "ysfine.com"
102.65.85.157 - - [23/Jan/2023:04:50:37 -0800] "GET /eink/einhouse11c.jpg HTTP/1.1" 200 32610 "https://ysfine.com/eink/index.html" "Mozilla/5.0 (Linux; Android 8.1.0; SM-A260F Build/OPR6) AppleWebKit/537.36 (KHTML, like Gecko) Chrome/109.0.5414.86 Mobile Safari/537.36" "ysfine.com"
102.65.85.157 - - [23/Jan/2023:04:50:37 -0800] "GET /eink/weber88c.jpg HTTP/1.1" 200 24641 "https://ysfine.com/eink/index.html" "Mozilla/5.0 (Linux; Android 8.1.0; SM-A260F Build/OPR6) AppleWebKit/537.36 (KHTML, like Gecko) Chrome/109.0.5414.86 Mobile Safari/537.36" "ysfine.com"
102.65.85.157 - - [23/Jan/2023:04:50:37 -0800] "GET /einstein/eindc33c.jpg HTTP/1.1" 200 60609 "https://ysfine.com/eink/index.html" "Mozilla/5.0 (Linux; Android 8.1.0; SM-A260F Build/OPR6) AppleWebKit/537.36 (KHTML, like Gecko) Chrome/109.0.5414.86 Mobile Safari/537.36" "ysfine.com"
102.65.85.157 - - [23/Jan/2023:04:50:37 -0800] "GET /eink/lorentz21c.jpg HTTP/1.1" 200 36448 "https://ysfine.com/eink/index.html" "Mozilla/5.0 (Linux; Android 8.1.0; SM-A260F Build/OPR6) AppleWebKit/537.36 (KHTML, like Gecko) Chrome/109.0.5414.86 Mobile Safari/537.36" "ysfine.com"
102.65.85.157 - - [23/Jan/2023:04:50:37 -0800] "GET /eink/einsaru22f.jpg HTTP/1.1" 200 76202 "https://ysfine.com/eink/index.html" "Mozilla/5.0 (Linux; Android 8.1.0; SM-A260F Build/OPR6) AppleWebKit/537.36 (KHTML, like Gecko) Chrome/109.0.5414.86 Mobile Safari/537.36" "ysfine.com"
102.65.85.157 - - [23/Jan/2023:04:50:37 -0800] "GET /eink/iop21c.jpg HTTP/1.1" 200 31991 "https://ysfine.com/eink/index.html" "Mozilla/5.0 (Linux; Android 8.1.0; SM-A260F Build/OPR6) AppleWebKit/537.36 (KHTML, like Gecko) Chrome/109.0.5414.86 Mobile Safari/537.36" "ysfine.com"
102.65.85.157 - - [23/Jan/2023:04:50:37 -0800] "GET /eink/einhaus11c.jpg HTTP/1.1" 200 42522 "https://ysfine.com/eink/index.html" "Mozilla/5.0 (Linux; Android 8.1.0; SM-A260F Build/OPR6) AppleWebKit/537.36 (KHTML, like Gecko) Chrome/109.0.5414.86 Mobile Safari/537.36" "ysfine.com"
102.65.85.157 - - [23/Jan/2023:04:50:37 -0800] "GET /eink/ecitizen40c.jpg HTTP/1.1" 200 29979 "https://ysfine.com/eink/index.html" "Mozilla/5.0 (Linux; Android 8.1.0; SM-A260F Build/OPR6) AppleWebKit/537.36 (KHTML, like Gecko) Chrome/109.0.5414.86 Mobile Safari/537.36" "ysfine.com"
102.65.85.157 - - [23/Jan/2023:04:50:37 -0800] "GET /eink/berlinmus05c.jpg HTTP/1.1" 200 33956 "https://ysfine.com/eink/index.html" "Mozilla/5.0 (Linux; Android 8.1.0; SM-A260F Build/OPR6) AppleWebKit/537.36 (KHTML, like Gecko) Chrome/109.0.5414.86 Mobile Safari/537.36" "ysfine.com"
