46.193.0.235 - - [23/Jan/2023:07:50:01 -0800] "GET /yspapers/iopbook15.pdf HTTP/1.1" 206 65536 "https://www.google.fr/" "Mozilla/5.0 (Windows NT 10.0; Win64; x64; rv:109.0) Gecko/20100101 Firefox/109.0" "ysfine.com"
46.193.0.235 - - [23/Jan/2023:07:50:01 -0800] "GET /yspapers/iopbook15.pdf HTTP/1.1" 206 65536 "https://www.google.fr/" "Mozilla/5.0 (Windows NT 10.0; Win64; x64; rv:109.0) Gecko/20100101 Firefox/109.0" "ysfine.com"
46.193.0.235 - - [23/Jan/2023:07:50:01 -0800] "GET /yspapers/iopbook15.pdf HTTP/1.1" 206 65536 "https://www.google.fr/" "Mozilla/5.0 (Windows NT 10.0; Win64; x64; rv:109.0) Gecko/20100101 Firefox/109.0" "ysfine.com"
46.193.0.235 - - [23/Jan/2023:07:50:01 -0800] "GET /yspapers/iopbook15.pdf HTTP/1.1" 206 65536 "https://www.google.fr/" "Mozilla/5.0 (Windows NT 10.0; Win64; x64; rv:109.0) Gecko/20100101 Firefox/109.0" "ysfine.com"
46.193.0.235 - - [23/Jan/2023:07:50:01 -0800] "GET /yspapers/iopbook15.pdf HTTP/1.1" 206 65536 "https://www.google.fr/" "Mozilla/5.0 (Windows NT 10.0; Win64; x64; rv:109.0) Gecko/20100101 Firefox/109.0" "ysfine.com"
46.193.0.235 - - [23/Jan/2023:07:50:01 -0800] "GET /yspapers/iopbook15.pdf HTTP/1.1" 206 65536 "https://www.google.fr/" "Mozilla/5.0 (Windows NT 10.0; Win64; x64; rv:109.0) Gecko/20100101 Firefox/109.0" "ysfine.com"
46.193.0.235 - - [23/Jan/2023:07:50:01 -0800] "GET /yspapers/iopbook15.pdf HTTP/1.1" 206 65536 "https://www.google.fr/" "Mozilla/5.0 (Windows NT 10.0; Win64; x64; rv:109.0) Gecko/20100101 Firefox/109.0" "ysfine.com"
46.193.0.235 - - [23/Jan/2023:07:50:01 -0800] "GET /yspapers/iopbook15.pdf HTTP/1.1" 206 65536 "https://www.google.fr/" "Mozilla/5.0 (Windows NT 10.0; Win64; x64; rv:109.0) Gecko/20100101 Firefox/109.0" "ysfine.com"
46.193.0.235 - - [23/Jan/2023:07:50:01 -0800] "GET /yspapers/iopbook15.pdf HTTP/1.1" 206 65536 "https://www.google.fr/" "Mozilla/5.0 (Windows NT 10.0; Win64; x64; rv:109.0) Gecko/20100101 Firefox/109.0" "ysfine.com"
46.193.0.235 - - [23/Jan/2023:07:50:01 -0800] "GET /yspapers/iopbook15.pdf HTTP/1.1" 206 65536 "https://www.google.fr/" "Mozilla/5.0 (Windows NT 10.0; Win64; x64; rv:109.0) Gecko/20100101 Firefox/109.0" "ysfine.com"
46.193.0.235 - - [23/Jan/2023:07:50:06 -0800] "GET /yspapers/iopbook15.pdf HTTP/1.1" 206 65536 "https://www.google.fr/" "Mozilla/5.0 (Windows NT 10.0; Win64; x64; rv:109.0) Gecko/20100101 Firefox/109.0" "ysfine.com"
207.46.13.89 - - [23/Jan/2023:07:52:12 -0800] "GET /wigner/wigkim650.html HTTP/1.1" 200 411 "-" "Mozilla/5.0 AppleWebKit/537.36 (KHTML, like Gecko; compatible; bingbot/2.0; +http://www.bing.com/bingbot.htm) Chrome/103.0.5060.134 Safari/537.36" "ysfine.com"
207.46.13.167 - - [23/Jan/2023:07:52:56 -0800] "GET /friends/russif.html HTTP/1.1" 404 88 "-" "Mozilla/5.0 AppleWebKit/537.36 (KHTML, like Gecko; compatible; bingbot/2.0; +http://www.bing.com/bingbot.htm) Chrome/103.0.5060.134 Safari/537.36" "ysfine.com"
51.222.253.17 - - [23/Jan/2023:07:54:41 -0800] "GET /class54/class5470/total_data/sub_522.htm HTTP/1.1" 200 3212 "-" "Mozilla/5.0 (compatible; AhrefsBot/7.0; +http://ahrefs.com/robot/)" "ysfine.com"
213.180.203.62 - - [23/Jan/2023:07:55:50 -0800] "GET /bio14.html HTTP/1.1" 200 22082 "-" "Mozilla/5.0 (compatible; YandexBot/3.0; +http://yandex.com/bots) AppleWebKit/537.36 (KHTML, like Gecko) Chrome/81.0.4044.268" "www.ysfine.com"
78.47.90.32 - - [23/Jan/2023:07:55:50 -0800] "GET /einstein/einplanck2.jpg HTTP/1.1" 200 33638 "-" "Mozilla/5.0 (X11; Fedora; Linux x86_64) AppleWebKit/537.36 (KHTML, like Gecko) Chrome/79.0.3945.117 Safari/537.36" "ysfine.com"
17.241.75.44 - - [23/Jan/2023:07:55:51 -0800] "GET /friends/russif.html HTTP/1.1" 404 88 "-" "Mozilla/5.0 (Macintosh; Intel Mac OS X 10_15_5) AppleWebKit/605.1.15 (KHTML, like Gecko) Version/13.1.1 Safari/605.1.15 (Applebot/0.1; +http://www.apple.com/go/applebot)" "ysfine.com"
87.250.224.29 - - [23/Jan/2023:07:56:31 -0800] "GET /world/germany/dresden03.jpg HTTP/1.1" 200 239719 "-" "Mozilla/5.0 (compatible; YandexImages/3.0; +http://yandex.com/bots)" "www.ysfine.com"
87.250.224.29 - - [23/Jan/2023:07:56:33 -0800] "GET /world/germany/vienvolkart11.jpg HTTP/1.1" 200 103450 "-" "Mozilla/5.0 (compatible; YandexImages/3.0; +http://yandex.com/bots)" "www.ysfine.com"
87.250.224.29 - - [23/Jan/2023:07:56:35 -0800] "GET /style/previn11b.jpg HTTP/1.1" 200 35211 "-" "Mozilla/5.0 (compatible; YandexImages/3.0; +http://yandex.com/bots)" "www.ysfine.com"
213.180.203.62 - - [23/Jan/2023:07:56:38 -0800] "GET /world/germany/johannstra33.jpg HTTP/1.1" 200 137743 "-" "Mozilla/5.0 (compatible; YandexImages/3.0; +http://yandex.com/bots)" "www.ysfine.com"
87.250.224.29 - - [23/Jan/2023:07:56:39 -0800] "GET /world/germany/salzm04.jpg HTTP/1.1" 304 - "-" "Mozilla/5.0 (compatible; YandexImages/3.0; +http://yandex.com/bots)" "www.ysfine.com"
87.250.224.29 - - [23/Jan/2023:07:56:41 -0800] "GET /world/russ/kazan015.jpg HTTP/1.1" 200 91779 "-" "Mozilla/5.0 (compatible; YandexImages/3.0; +http://yandex.com/bots)" "www.ysfine.com"
213.180.203.62 - - [23/Jan/2023:07:56:43 -0800] "GET /world/germany/franko77.jpg HTTP/1.1" 200 219822 "-" "Mozilla/5.0 (compatible; YandexImages/3.0; +http://yandex.com/bots)" "www.ysfine.com"
87.250.224.29 - - [23/Jan/2023:07:56:45 -0800] "GET /style/lincolnc33.jpg HTTP/1.1" 304 - "-" "Mozilla/5.0 (compatible; YandexImages/3.0; +http://yandex.com/bots)" "www.ysfine.com"
213.180.203.62 - - [23/Jan/2023:07:56:47 -0800] "GET /world/brit/covent01.jpg HTTP/1.1" 200 166151 "-" "Mozilla/5.0 (compatible; YandexImages/3.0; +http://yandex.com/bots)" "www.ysfine.com"
207.46.13.176 - - [23/Jan/2023:07:56:56 -0800] "GET /bio/kobak/soraech.html HTTP/1.1" 404 88 "-" "Mozilla/5.0 AppleWebKit/537.36 (KHTML, like Gecko; compatible; bingbot/2.0; +http://www.bing.com/bingbot.htm) Chrome/103.0.5060.134 Safari/537.36" "ysfine.com"
191.56.48.88 - - [23/Jan/2023:07:58:09 -0800] "GET /princeton/brooke22.jpg HTTP/1.1" 200 87673 "https://www.google.com/" "Mozilla/5.0 (Linux; Android 12; SAMSUNG SM-S908E) AppleWebKit/537.36 (KHTML, like Gecko) SamsungBrowser/19.0 Chrome/102.0.5005.125 Mobile Safari/537.36" "ysfine.com"
207.46.13.89 - - [23/Jan/2023:07:58:42 -0800] "GET /wdc/kopol.html HTTP/1.1" 200 6514 "-" "Mozilla/5.0 AppleWebKit/537.36 (KHTML, like Gecko; compatible; bingbot/2.0; +http://www.bing.com/bingbot.htm) Chrome/103.0.5060.134 Safari/537.36" "ysfine.com"
40.77.167.11 - - [23/Jan/2023:07:58:57 -0800] "GET /bio/einstein/bern.html HTTP/1.1" 404 88 "-" "Mozilla/5.0 AppleWebKit/537.36 (KHTML, like Gecko; compatible; bingbot/2.0; +http://www.bing.com/bingbot.htm) Chrome/103.0.5060.134 Safari/537.36" "ysfine.com"
17.241.227.102 - - [23/Jan/2023:07:59:05 -0800] "GET / HTTP/1.1" 200 5295 "-" "Mozilla/5.0 (Macintosh; Intel Mac OS X 10_15_5) AppleWebKit/605.1.15 (KHTML, like Gecko) Version/13.1.1 Safari/605.1.15 (Applebot/0.1; +http://www.apple.com/go/applebot)" "ysfine.com"
209.169.203.49 - - [23/Jan/2023:07:59:17 -0800] "GET /princeton/brooke22.jpg HTTP/1.1" 200 87673 "https://www.google.com/" "Mozilla/5.0 (Windows NT 10.0; Win64; x64) AppleWebKit/537.36 (KHTML, like Gecko) Chrome/109.0.0.0 Safari/537.36" "ysfine.com"
207.46.13.176 - - [23/Jan/2023:07:59:17 -0800] "GET /bio.html HTTP/1.1" 200 18260 "-" "Mozilla/5.0 AppleWebKit/537.36 (KHTML, like Gecko; compatible; bingbot/2.0; +http://www.bing.com/bingbot.htm) Chrome/103.0.5060.134 Safari/537.36" "ysfine.com"
213.180.203.62 - - [23/Jan/2023:07:59:29 -0800] "GET /world/germany/salzm03.jpg HTTP/1.1" 200 117389 "-" "Mozilla/5.0 (compatible; YandexImages/3.0; +http://yandex.com/bots)" "www.ysfine.com"
213.180.203.62 - - [23/Jan/2023:07:59:31 -0800] "GET /world/russ/spbm05.jpg HTTP/1.1" 200 115998 "-" "Mozilla/5.0 (compatible; YandexImages/3.0; +http://yandex.com/bots)" "www.ysfine.com"
209.169.203.49 - - [23/Jan/2023:07:59:35 -0800] "GET /princeton/brooke88.jpg HTTP/1.1" 200 82208 "https://www.google.com/" "Mozilla/5.0 (Windows NT 10.0; Win64; x64) AppleWebKit/537.36 (KHTML, like Gecko) Chrome/109.0.0.0 Safari/537.36" "ysfine.com"
207.46.13.15 - - [23/Jan/2023:07:59:57 -0800] "GET /bio/style/proschanie.html HTTP/1.1" 404 88 "-" "Mozilla/5.0 AppleWebKit/537.36 (KHTML, like Gecko; compatible; bingbot/2.0; +http://www.bing.com/bingbot.htm) Chrome/103.0.5060.134 Safari/537.36" "ysfine.com"
140.180.240.17 - - [23/Jan/2023:07:59:57 -0800] "GET /einstein/places/einha01.jpg HTTP/1.1" 200 75624 "https://www.bing.com/" "Mozilla/5.0 (Windows NT 10.0; Win64; x64) AppleWebKit/537.36 (KHTML, like Gecko) Chrome/109.0.0.0 Safari/537.36 Edg/109.0.1518.61" "ysfine.com"
207.46.13.15 - - [23/Jan/2023:08:00:06 -0800] "GET /maga/okun.html HTTP/1.1" 200 883 "-" "Mozilla/5.0 AppleWebKit/537.36 (KHTML, like Gecko; compatible; bingbot/2.0; +http://www.bing.com/bingbot.htm) Chrome/103.0.5060.134 Safari/537.36" "ysfine.com"
209.169.203.49 - - [23/Jan/2023:08:00:35 -0800] "GET /princeton/sbk87.jpg HTTP/1.1" 200 174738 "https://www.google.com/" "Mozilla/5.0 (Windows NT 10.0; Win64; x64) AppleWebKit/537.36 (KHTML, like Gecko) Chrome/109.0.0.0 Safari/537.36" "ysfine.com"
17.241.75.89 - - [23/Jan/2023:08:00:36 -0800] "GET /yspapers/wignob.pdf HTTP/1.1" 200 12679732 "-" "Mozilla/5.0 (Macintosh; Intel Mac OS X 10_15_5) AppleWebKit/605.1.15 (KHTML, like Gecko) Version/13.1.1 Safari/605.1.15 (Applebot/0.1; +http://www.apple.com/go/applebot)" "www.ysfine.com"
51.222.253.15 - - [23/Jan/2023:08:00:46 -0800] "GET /class54/class5470/total_data/sub_825.htm HTTP/1.1" 200 3558 "-" "Mozilla/5.0 (compatible; AhrefsBot/7.0; +http://ahrefs.com/robot/)" "ysfine.com"
207.46.13.167 - - [23/Jan/2023:08:02:49 -0800] "GET /bio/wigner/e(2).html HTTP/1.1" 404 88 "-" "Mozilla/5.0 AppleWebKit/537.36 (KHTML, like Gecko; compatible; bingbot/2.0; +http://www.bing.com/bingbot.htm) Chrome/103.0.5060.134 Safari/537.36" "ysfine.com"
207.46.13.15 - - [23/Jan/2023:08:02:57 -0800] "GET /usca/pitt/pitcn02.jpg HTTP/1.1" 200 210652 "-" "Mozilla/5.0 AppleWebKit/537.36 (KHTML, like Gecko; compatible; bingbot/2.0; +http://www.bing.com/bingbot.htm) Chrome/103.0.5060.134 Safari/537.36" "www.ysfine.com"
66.249.70.3 - - [23/Jan/2023:08:03:19 -0800] "GET /maga/phys/yukaein2.jpg HTTP/1.1" 304 - "-" "Googlebot-Image/1.0" "ysfine.com"
207.46.13.27 - - [23/Jan/2023:08:03:41 -0800] "GET /class54/index HTTP/1.1" 200 2551 "-" "Mozilla/5.0 AppleWebKit/537.36 (KHTML, like Gecko; compatible; bingbot/2.0; +http://www.bing.com/bingbot.htm) Chrome/103.0.5060.134 Safari/537.36" "ysfine.com"
40.77.167.11 - - [23/Jan/2023:08:03:58 -0800] "GET /world/ital/venice19b.jpg HTTP/1.1" 200 23766 "-" "Mozilla/5.0 AppleWebKit/537.36 (KHTML, like Gecko; compatible; bingbot/2.0; +http://www.bing.com/bingbot.htm) Chrome/103.0.5060.134 Safari/537.36" "ysfine.com"
131.130.141.118 - - [23/Jan/2023:08:05:22 -0800] "GET /dirac/dirac84.jpg HTTP/1.1" 200 67390 "https://www.google.com/" "Mozilla/5.0 (Windows NT 10.0; Win64; x64) AppleWebKit/537.36 (KHTML, like Gecko) Chrome/109.0.0.0 Safari/537.36" "ysfine.com"
207.46.13.27 - - [23/Jan/2023:08:05:23 -0800] "GET /einstein/einstring.html HTTP/1.1" 200 653 "-" "Mozilla/5.0 AppleWebKit/537.36 (KHTML, like Gecko; compatible; bingbot/2.0; +http://www.bing.com/bingbot.htm) Chrome/103.0.5060.134 Safari/537.36" "ysfine.com"
207.46.13.27 - - [23/Jan/2023:08:05:35 -0800] "GET /bio/kobak/yskor.html HTTP/1.1" 404 88 "-" "Mozilla/5.0 AppleWebKit/537.36 (KHTML, like Gecko; compatible; bingbot/2.0; +http://www.bing.com/bingbot.htm) Chrome/103.0.5060.134 Safari/537.36" "ysfine.com"
40.77.167.11 - - [23/Jan/2023:08:05:39 -0800] "GET /class54/roskeim.html HTTP/1.1" 200 824 "-" "Mozilla/5.0 AppleWebKit/537.36 (KHTML, like Gecko; compatible; bingbot/2.0; +http://www.bing.com/bingbot.htm) Chrome/103.0.5060.134 Safari/537.36" "www.ysfine.com"
51.222.253.4 - - [23/Jan/2023:08:06:10 -0800] "GET /class54/class5470/total_data/sub_523.htm HTTP/1.1" 200 3212 "-" "Mozilla/5.0 (compatible; AhrefsBot/7.0; +http://ahrefs.com/robot/)" "ysfine.com"
160.83.30.201 - - [23/Jan/2023:08:06:30 -0800] "GET /princeton/brooke88.jpg HTTP/1.1" 200 82208 "https://www.google.de/" "Mozilla/5.0 (Windows NT 10.0; Win64; x64) AppleWebKit/537.36 (KHTML, like Gecko) Chrome/106.0.0.0 Safari/537.36 Edg/106.0.1370.47" "ysfine.com"
132.76.61.53 - - [23/Jan/2023:08:07:45 -0800] "GET /wigner/wiglittle.pdf HTTP/1.1" 200 2659296 "https://www.google.com/" "Mozilla/5.0 (Windows NT 10.0; Win64; x64) AppleWebKit/537.36 (KHTML, like Gecko) Chrome/109.0.0.0 Safari/537.36" "ysfine.com"
132.76.61.53 - - [23/Jan/2023:08:07:45 -0800] "GET /favicon.ico HTTP/1.1" 404 88 "https://ysfine.com/wigner/wiglittle.pdf" "Mozilla/5.0 (Windows NT 10.0; Win64; x64) AppleWebKit/537.36 (KHTML, like Gecko) Chrome/109.0.0.0 Safari/537.36" "ysfine.com"
207.46.13.176 - - [23/Jan/2023:08:07:47 -0800] "GET /bio/eink/buythisbook.html HTTP/1.1" 404 88 "-" "Mozilla/5.0 AppleWebKit/537.36 (KHTML, like Gecko; compatible; bingbot/2.0; +http://www.bing.com/bingbot.htm) Chrome/103.0.5060.134 Safari/537.36" "ysfine.com"
54.236.1.11 - - [23/Jan/2023:08:08:02 -0800] "GET /robots.txt HTTP/1.1" 404 88 "-" "Mozilla/5.0 (compatible; Pinterestbot/1.0; +http://www.pinterest.com/bot.html)" "ysfine.com"
54.236.1.11 - - [23/Jan/2023:08:08:02 -0800] "GET / HTTP/1.1" 200 5295 "-" "Mozilla/5.0 (compatible; Pinterestbot/1.0; +http://www.pinterest.com/bot.html)" "ysfine.com"
24.157.218.98 - - [23/Jan/2023:08:08:13 -0800] "GET /world/scandi/sto001.jpg HTTP/1.1" 200 111684 "https://www.google.com/" "Mozilla/5.0 (Linux; Android 10; VOG-L09) AppleWebKit/537.36 (KHTML, like Gecko) Chrome/109.0.0.0 Mobile Safari/537.36" "ysfine.com"
74.5.237.133 - - [23/Jan/2023:08:09:49 -0800] "GET /world/russ/czar04.jpg HTTP/1.1" 200 156832 "https://www.google.com/" "Mozilla/5.0 (X11; CrOS aarch64 14695.107.0) AppleWebKit/537.36 (KHTML, like Gecko) Chrome/102.0.0.0 Safari/537.36" "ysfine.com"
207.46.13.27 - - [23/Jan/2023:08:10:55 -0800] "GET /bio/style/artlove.html HTTP/1.1" 404 88 "-" "Mozilla/5.0 AppleWebKit/537.36 (KHTML, like Gecko; compatible; bingbot/2.0; +http://www.bing.com/bingbot.htm) Chrome/103.0.5060.134 Safari/537.36" "ysfine.com"
180.253.163.214 - - [23/Jan/2023:08:10:57 -0800] "GET /maga/phys/schrod11.jpg HTTP/1.1" 200 107958 "https://id.images.search.yahoo.com/search/images;_ylt=AwrKANMosc5jzZI4SgzNQwx.;_ylu=c2VjA3NlYXJjaARzbGsDYXNzaXN0;_ylc=X1MDMjExNDczMzAwNQRfcgMyBGZyA21jYWZlZQRmcjIDc2EtZ3Atc2VhcmNoBGdwcmlkA2tFMG1nMjdkU295U2dhY1cwQ2c4OEEEbl9yc2x0AzAEbl9zdWdnAzEwBG9yaWdpbgNpZC5pbWFnZXMuc2VhcmNoLnlhaG9vLmNvbQRwb3MDMgRwcXN0cgNlcndpbiBzBHBxc3RybAM3BHFzdHJsAzE3BHF1ZXJ5A2Vyd2luJTIwc2NociVDMyVCNmRpbmdlcgR0X3N0bXADMTY3NDQ5MDI0MAR1c2VfY2FzZQM-?p=erwin+schr%C3%B6dinger&fr=mcafee&fr2=sa-gp-search&ei=UTF-8&x=wrt&type=E211ID885G0" "Mozilla/5.0 (Windows NT 10.0; Win64; x64) AppleWebKit/537.36 (KHTML, like Gecko) Chrome/109.0.0.0 Safari/537.36" "ysfine.com"
51.222.253.20 - - [23/Jan/2023:08:12:03 -0800] "GET /class54/class5470/total_data/sub_525.htm HTTP/1.1" 200 3212 "-" "Mozilla/5.0 (compatible; AhrefsBot/7.0; +http://ahrefs.com/robot/)" "ysfine.com"
207.46.13.167 - - [23/Jan/2023:08:13:07 -0800] "GET /bio/princeton/campus.html HTTP/1.1" 404 88 "-" "Mozilla/5.0 AppleWebKit/537.36 (KHTML, like Gecko; compatible; bingbot/2.0; +http://www.bing.com/bingbot.htm) Chrome/103.0.5060.134 Safari/537.36" "ysfine.com"
5.161.62.190 - - [23/Jan/2023:08:13:15 -0800] "GET /maga/index.html HTTP/1.1" 200 6127 "-" "Mozilla/5.0 (Windows NT 10.0; Win64; x64) AppleWebKit/537.36 (KHTML, like Gecko) Chrome/84.0.4147.105 Safari/537.36" "ysfine.com"
207.46.13.89 - - [23/Jan/2023:08:15:00 -0800] "GET /sbk/2012paris55.jpg HTTP/1.1" 200 104879 "-" "Mozilla/5.0 AppleWebKit/537.36 (KHTML, like Gecko; compatible; bingbot/2.0; +http://www.bing.com/bingbot.htm) Chrome/103.0.5060.134 Safari/537.36" "www.ysfine.com"
213.180.203.3 - - [23/Jan/2023:08:15:26 -0800] "GET /robots.txt HTTP/1.1" 404 73 "-" "Mozilla/5.0 (compatible; YandexBot/3.0; +http://yandex.com/bots)" "ysfine.com"
5.255.253.145 - - [23/Jan/2023:08:15:30 -0800] "GET /home/fotos/photo03.jpg HTTP/1.1" 200 106997 "-" "Mozilla/5.0 (compatible; YandexImages/3.0; +http://yandex.com/bots)" "ysfine.com"
85.208.98.23 - - [23/Jan/2023:08:15:45 -0800] "GET /robots.txt HTTP/1.1" 404 88 "http://www.ysfine.com/robots.txt" "Mozilla/5.0 (compatible; SemrushBot-BA; +http://www.semrush.com/bot.html)" "www.ysfine.com"
85.208.98.23 - - [23/Jan/2023:08:15:45 -0800] "GET /robots.txt HTTP/1.1" 404 88 "http://ysfine.com/robots.txt" "Mozilla/5.0 (compatible; SemrushBot-BA; +http://www.semrush.com/bot.html)" "ysfine.com"
207.46.13.89 - - [23/Jan/2023:08:15:53 -0800] "GET /feynman/chewfrau.html HTTP/1.1" 200 3075 "-" "Mozilla/5.0 AppleWebKit/537.36 (KHTML, like Gecko; compatible; bingbot/2.0; +http://www.bing.com/bingbot.htm) Chrome/103.0.5060.134 Safari/537.36" "ysfine.com"
85.208.98.16 - - [23/Jan/2023:08:16:12 -0800] "GET /world/visas.html HTTP/1.1" 200 2626 "-" "Mozilla/5.0 (compatible; SemrushBot-BA; +http://www.semrush.com/bot.html)" "www.ysfine.com"
85.208.98.20 - - [23/Jan/2023:08:16:20 -0800] "GET /world/visas.html HTTP/1.1" 200 2626 "-" "Mozilla/5.0 (compatible; SemrushBot-BA; +http://www.semrush.com/bot.html)" "ysfine.com"
207.46.13.176 - - [23/Jan/2023:08:17:38 -0800] "GET /einstein/newton.html HTTP/1.1" 200 650 "-" "Mozilla/5.0 AppleWebKit/537.36 (KHTML, like Gecko; compatible; bingbot/2.0; +http://www.bing.com/bingbot.htm) Chrome/103.0.5060.134 Safari/537.36" "ysfine.com"
51.222.253.9 - - [23/Jan/2023:08:17:53 -0800] "GET /class54/class5470/total_data/sub_526.htm HTTP/1.1" 200 3212 "-" "Mozilla/5.0 (compatible; AhrefsBot/7.0; +http://ahrefs.com/robot/)" "ysfine.com"
66.249.70.30 - - [23/Jan/2023:08:19:07 -0800] "GET /world/ital/repub12.jpg HTTP/1.1" 200 108538 "-" "Googlebot-Image/1.0" "ysfine.com"
87.250.224.29 - - [23/Jan/2023:08:19:26 -0800] "GET /robots.txt HTTP/1.1" 404 73 "-" "Mozilla/5.0 (compatible; YandexBot/3.0; +http://yandex.com/bots)" "www.ysfine.com"
87.250.224.29 - - [23/Jan/2023:08:19:29 -0800] "GET /kowar/war50kk.html HTTP/1.1" 200 2263 "-" "Mozilla/5.0 (compatible; YandexBot/3.0; +http://yandex.com/bots) AppleWebKit/537.36 (KHTML, like Gecko) Chrome/81.0.4044.268" "www.ysfine.com"
203.101.190.109 - - [23/Jan/2023:08:19:35 -0800] "GET /einstein/eins05.jpg HTTP/1.1" 200 45707 "https://www.google.com/" "Mozilla/5.0 (Linux; Android 11; TECNO KG5k Build/RP1A.201005.001; wv) AppleWebKit/537.36 (KHTML, like Gecko) Version/4.0 Chrome/108.0.5359.128 Mobile Safari/537.36 GoogleApp/13.48.11.26.arm64" "ysfine.com"
207.46.13.167 - - [23/Jan/2023:08:19:37 -0800] "GET /people/sbt.html HTTP/1.1" 200 529 "-" "Mozilla/5.0 AppleWebKit/537.36 (KHTML, like Gecko; compatible; bingbot/2.0; +http://www.bing.com/bingbot.htm) Chrome/103.0.5060.134 Safari/537.36" "www.ysfine.com"
40.77.167.11 - - [23/Jan/2023:08:20:10 -0800] "GET /bio/kobak/namdae.html HTTP/1.1" 404 88 "-" "Mozilla/5.0 (compatible; bingbot/2.0; +http://www.bing.com/bingbot.htm)" "ysfine.com"
207.46.13.167 - - [23/Jan/2023:08:21:46 -0800] "GET /world/poland/gdn55.jpg HTTP/1.1" 200 77391 "-" "Mozilla/5.0 AppleWebKit/537.36 (KHTML, like Gecko; compatible; bingbot/2.0; +http://www.bing.com/bingbot.htm) Chrome/103.0.5060.134 Safari/537.36" "www.ysfine.com"
192.54.97.145 - - [23/Jan/2023:08:22:47 -0800] "GET /ys11/ HTTP/1.1" 200 3485 "-" "Mozilla/5.0 (Windows NT 10.0; Win64; x64; rv:109.0) Gecko/20100101 Firefox/109.0" "ysfine.com"
192.54.97.145 - - [23/Jan/2023:08:22:48 -0800] "GET /ys11/ HTTP/1.1" 200 3485 "-" "Mozilla/5.0 (Windows NT 10.0; Win64; x64; rv:109.0) Gecko/20100101 Firefox/109.0" "ysfine.com"
192.54.97.145 - - [23/Jan/2023:08:22:49 -0800] "GET /favicon.ico HTTP/1.1" 404 88 "https://ysfine.com/ys11/" "Mozilla/5.0 (Windows NT 10.0; Win64; x64; rv:109.0) Gecko/20100101 Firefox/109.0" "ysfine.com"
192.54.97.145 - - [23/Jan/2023:08:22:50 -0800] "GET /favicon.ico HTTP/1.1" 404 88 "https://ysfine.com/ys11/" "Mozilla/5.0 (Windows NT 10.0; Win64; x64; rv:109.0) Gecko/20100101 Firefox/109.0" "ysfine.com"
207.46.13.27 - - [23/Jan/2023:08:23:48 -0800] "GET /bio/sbk/1950.html HTTP/1.1" 404 88 "-" "Mozilla/5.0 AppleWebKit/537.36 (KHTML, like Gecko; compatible; bingbot/2.0; +http://www.bing.com/bingbot.htm) Chrome/103.0.5060.134 Safari/537.36" "ysfine.com"
51.222.253.19 - - [23/Jan/2023:08:24:10 -0800] "GET /class54/class5470/total_data/sub_527.htm HTTP/1.1" 200 3212 "-" "Mozilla/5.0 (compatible; AhrefsBot/7.0; +http://ahrefs.com/robot/)" "ysfine.com"
218.93.181.46 - - [23/Jan/2023:08:24:13 -0800] "GET /2002/license.txt HTTP/1.1" 404 88 "-" "Mozilla/5.0 (X11; Ubuntu; Linux x86_64; rv:62.0) Gecko/20100101 Firefox/62.0" "ysfine.com"
69.194.143.140 - - [23/Jan/2023:08:25:22 -0800] "GET /ads.txt HTTP/1.1" 404 88 "-" "Mozilla/5.0 (Macintosh; Intel Mac OS X 10_15_7) AppleWebKit/537.36 (KHTML, like Gecko) Chrome/107.0.0.0 Safari/537.36" "ysfine.com"
69.194.143.140 - - [23/Jan/2023:08:25:22 -0800] "GET /ads.txt HTTP/1.1" 404 88 "-" "Mozilla/5.0 (Macintosh; Intel Mac OS X 10_15_7) AppleWebKit/537.36 (KHTML, like Gecko) Chrome/107.0.0.0 Safari/537.36" "ysfine.com"
40.77.167.87 - - [23/Jan/2023:08:25:27 -0800] "GET /robots.txt HTTP/1.1" 404 88 "-" "Mozilla/5.0 AppleWebKit/537.36 (KHTML, like Gecko; compatible; bingbot/2.0; +http://www.bing.com/bingbot.htm) Chrome/103.0.5060.134 Safari/537.36" "ysfine.com"
207.46.13.176 - - [23/Jan/2023:08:25:28 -0800] "GET /wdc/washmobird.html HTTP/1.1" 200 367 "-" "Mozilla/5.0 AppleWebKit/537.36 (KHTML, like Gecko; compatible; bingbot/2.0; +http://www.bing.com/bingbot.htm) Chrome/103.0.5060.134 Safari/537.36" "ysfine.com"
207.46.13.176 - - [23/Jan/2023:08:25:38 -0800] "GET /world/russ/volga16.jpg HTTP/1.1" 200 107744 "-" "Mozilla/5.0 AppleWebKit/537.36 (KHTML, like Gecko; compatible; bingbot/2.0; +http://www.bing.com/bingbot.htm) Chrome/103.0.5060.134 Safari/537.36" "www.ysfine.com"
50.204.48.142 - - [23/Jan/2023:08:25:49 -0800] "GET /einstein/einfine21b.jpg HTTP/1.1" 200 53710 "https://www.google.com/" "Mozilla/5.0 (Macintosh; Intel Mac OS X 10_15_7) AppleWebKit/537.36 (KHTML, like Gecko) Chrome/109.0.0.0 Safari/537.36" "ysfine.com"
50.204.48.142 - - [23/Jan/2023:08:25:57 -0800] "GET /einstein/einusa.html HTTP/1.1" 200 8153 "-" "Mozilla/5.0 (Macintosh; Intel Mac OS X 10_15_7) AppleWebKit/537.36 (KHTML, like Gecko) Chrome/109.0.0.0 Safari/537.36" "ysfine.com"
50.204.48.142 - - [23/Jan/2023:08:25:58 -0800] "GET /einstein/einfine21b.jpg HTTP/1.1" 200 53710 "https://ysfine.com/einstein/einusa.html" "Mozilla/5.0 (Macintosh; Intel Mac OS X 10_15_7) AppleWebKit/537.36 (KHTML, like Gecko) Chrome/109.0.0.0 Safari/537.36" "ysfine.com"
50.204.48.142 - - [23/Jan/2023:08:25:58 -0800] "GET /einstein/einhouse11b.jpg HTTP/1.1" 200 42717 "https://ysfine.com/einstein/einusa.html" "Mozilla/5.0 (Macintosh; Intel Mac OS X 10_15_7) AppleWebKit/537.36 (KHTML, like Gecko) Chrome/109.0.0.0 Safari/537.36" "ysfine.com"
50.204.48.142 - - [23/Jan/2023:08:25:58 -0800] "GET /einstein/michelson11b.jpg HTTP/1.1" 200 35505 "https://ysfine.com/einstein/einusa.html" "Mozilla/5.0 (Macintosh; Intel Mac OS X 10_15_7) AppleWebKit/537.36 (KHTML, like Gecko) Chrome/109.0.0.0 Safari/537.36" "ysfine.com"
50.204.48.142 - - [23/Jan/2023:08:25:58 -0800] "GET /einstein/eindc11b.jpg HTTP/1.1" 200 51489 "https://ysfine.com/einstein/einusa.html" "Mozilla/5.0 (Macintosh; Intel Mac OS X 10_15_7) AppleWebKit/537.36 (KHTML, like Gecko) Chrome/109.0.0.0 Safari/537.36" "ysfine.com"
50.204.48.142 - - [23/Jan/2023:08:25:58 -0800] "GET /people/wheekim91b.jpg HTTP/1.1" 200 40842 "https://ysfine.com/einstein/einusa.html" "Mozilla/5.0 (Macintosh; Intel Mac OS X 10_15_7) AppleWebKit/537.36 (KHTML, like Gecko) Chrome/109.0.0.0 Safari/537.36" "ysfine.com"
50.204.48.142 - - [23/Jan/2023:08:25:58 -0800] "GET /people/jweber2.jpg HTTP/1.1" 200 36994 "https://ysfine.com/einstein/einusa.html" "Mozilla/5.0 (Macintosh; Intel Mac OS X 10_15_7) AppleWebKit/537.36 (KHTML, like Gecko) Chrome/109.0.0.0 Safari/537.36" "ysfine.com"
50.204.48.142 - - [23/Jan/2023:08:25:58 -0800] "GET /eink/eink61b.jpg HTTP/1.1" 200 28018 "https://ysfine.com/einstein/einusa.html" "Mozilla/5.0 (Macintosh; Intel Mac OS X 10_15_7) AppleWebKit/537.36 (KHTML, like Gecko) Chrome/109.0.0.0 Safari/537.36" "ysfine.com"
50.204.48.142 - - [23/Jan/2023:08:25:58 -0800] "GET /eink/pwk19c.jpg HTTP/1.1" 200 57759 "https://ysfine.com/einstein/einusa.html" "Mozilla/5.0 (Macintosh; Intel Mac OS X 10_15_7) AppleWebKit/537.36 (KHTML, like Gecko) Chrome/109.0.0.0 Safari/537.36" "ysfine.com"
50.204.48.142 - - [23/Jan/2023:08:25:58 -0800] "GET /einstein/lawrence22b.jpg HTTP/1.1" 200 44062 "https://ysfine.com/einstein/einusa.html" "Mozilla/5.0 (Macintosh; Intel Mac OS X 10_15_7) AppleWebKit/537.36 (KHTML, like Gecko) Chrome/109.0.0.0 Safari/537.36" "ysfine.com"
50.204.48.142 - - [23/Jan/2023:08:25:58 -0800] "GET /wdc/whouse02b.jpg HTTP/1.1" 200 30118 "https://ysfine.com/einstein/einusa.html" "Mozilla/5.0 (Macintosh; Intel Mac OS X 10_15_7) AppleWebKit/537.36 (KHTML, like Gecko) Chrome/109.0.0.0 Safari/537.36" "ysfine.com"
50.204.48.142 - - [23/Jan/2023:08:25:58 -0800] "GET /eink/ewk86a.jpg HTTP/1.1" 200 70895 "https://ysfine.com/einstein/einusa.html" "Mozilla/5.0 (Macintosh; Intel Mac OS X 10_15_7) AppleWebKit/537.36 (KHTML, like Gecko) Chrome/109.0.0.0 Safari/537.36" "ysfine.com"
50.204.48.142 - - [23/Jan/2023:08:25:58 -0800] "GET /usca/pitt/cyclo2.jpg HTTP/1.1" 200 37426 "https://ysfine.com/einstein/einusa.html" "Mozilla/5.0 (Macintosh; Intel Mac OS X 10_15_7) AppleWebKit/537.36 (KHTML, like Gecko) Chrome/109.0.0.0 Safari/537.36" "ysfine.com"
50.204.48.142 - - [23/Jan/2023:08:25:58 -0800] "GET /einstein/eincurie11b.jpg HTTP/1.1" 200 42944 "https://ysfine.com/einstein/einusa.html" "Mozilla/5.0 (Macintosh; Intel Mac OS X 10_15_7) AppleWebKit/537.36 (KHTML, like Gecko) Chrome/109.0.0.0 Safari/537.36" "ysfine.com"
50.204.48.142 - - [23/Jan/2023:08:25:58 -0800] "GET /einstein/lawrence11b.jpg HTTP/1.1" 200 35431 "https://ysfine.com/einstein/einusa.html" "Mozilla/5.0 (Macintosh; Intel Mac OS X 10_15_7) AppleWebKit/537.36 (KHTML, like Gecko) Chrome/109.0.0.0 Safari/537.36" "ysfine.com"
50.204.48.142 - - [23/Jan/2023:08:25:58 -0800] "GET /princeton/ias11b.jpg HTTP/1.1" 200 33974 "https://ysfine.com/einstein/einusa.html" "Mozilla/5.0 (Macintosh; Intel Mac OS X 10_15_7) AppleWebKit/537.36 (KHTML, like Gecko) Chrome/109.0.0.0 Safari/537.36" "ysfine.com"
50.204.48.142 - - [23/Jan/2023:08:25:58 -0800] "GET /kobak/taylor33c.jpg HTTP/1.1" 200 39951 "https://ysfine.com/einstein/einusa.html" "Mozilla/5.0 (Macintosh; Intel Mac OS X 10_15_7) AppleWebKit/537.36 (KHTML, like Gecko) Chrome/109.0.0.0 Safari/537.36" "ysfine.com"
50.204.48.142 - - [23/Jan/2023:08:25:58 -0800] "GET /wigner/wigkim2.jpg HTTP/1.1" 200 40700 "https://ysfine.com/einstein/einusa.html" "Mozilla/5.0 (Macintosh; Intel Mac OS X 10_15_7) AppleWebKit/537.36 (KHTML, like Gecko) Chrome/109.0.0.0 Safari/537.36" "ysfine.com"
50.204.48.142 - - [23/Jan/2023:08:25:58 -0800] "GET /world/baltic/kalinmap99b.jpg HTTP/1.1" 200 50124 "https://ysfine.com/einstein/einusa.html" "Mozilla/5.0 (Macintosh; Intel Mac OS X 10_15_7) AppleWebKit/537.36 (KHTML, like Gecko) Chrome/109.0.0.0 Safari/537.36" "ysfine.com"
50.204.48.142 - - [23/Jan/2023:08:25:58 -0800] "GET /favicon.ico HTTP/1.1" 404 88 "https://ysfine.com/einstein/einusa.html" "Mozilla/5.0 (Macintosh; Intel Mac OS X 10_15_7) AppleWebKit/537.36 (KHTML, like Gecko) Chrome/109.0.0.0 Safari/537.36" "ysfine.com"
192.54.97.145 - - [23/Jan/2023:08:26:23 -0800] "GET /ys11/ HTTP/1.1" 304 - "-" "Mozilla/5.0 (Windows NT 10.0; Win64; x64) AppleWebKit/537.36 (KHTML, like Gecko) Chrome/109.0.0.0 Safari/537.36" "ysfine.com"
17.241.75.164 - - [23/Jan/2023:08:28:09 -0800] "GET /einstein/lawrence22.pdf HTTP/1.1" 200 326602 "-" "Mozilla/5.0 (Macintosh; Intel Mac OS X 10_15_5) AppleWebKit/605.1.15 (KHTML, like Gecko) Version/13.1.1 Safari/605.1.15 (Applebot/0.1; +http://www.apple.com/go/applebot)" "ysfine.com"
204.29.68.183 - - [23/Jan/2023:08:28:34 -0800] "GET /heisen/schroheisen33.jpg HTTP/1.1" 200 86213 "https://www.google.com/" "Mozilla/5.0 (X11; CrOS x86_64 14526.57.0) AppleWebKit/537.36 (KHTML, like Gecko) Chrome/100.0.4896.64 Safari/537.36" "ysfine.com"
17.241.227.163 - - [23/Jan/2023:08:29:30 -0800] "GET /wigner/inonu.pdf HTTP/1.1" 200 87394 "-" "Mozilla/5.0 (Macintosh; Intel Mac OS X 10_15_5) AppleWebKit/605.1.15 (KHTML, like Gecko) Version/13.1.1 Safari/605.1.15 (Applebot/0.1; +http://www.apple.com/go/applebot)" "ysfine.com"
17.241.227.225 - - [23/Jan/2023:08:29:39 -0800] "GET /princeton/pdiner.jpg HTTP/1.1" 200 148352 "-" "Mozilla/5.0 (Macintosh; Intel Mac OS X 10_15_5) AppleWebKit/605.1.15 (KHTML, like Gecko) Version/13.1.1 Safari/605.1.15 (Applebot/0.1; +http://www.apple.com/go/applebot)" "www.ysfine.com"
207.46.13.15 - - [23/Jan/2023:08:30:49 -0800] "GET /archives/proceedings/ff3/george.html HTTP/1.1" 200 1556 "-" "Mozilla/5.0 AppleWebKit/537.36 (KHTML, like Gecko; compatible; bingbot/2.0; +http://www.bing.com/bingbot.htm) Chrome/103.0.5060.134 Safari/537.36" "ysfine.com"
51.222.253.19 - - [23/Jan/2023:08:30:50 -0800] "GET /bio06.html HTTP/1.1" 200 14678 "-" "Mozilla/5.0 (compatible; AhrefsBot/7.0; +http://ahrefs.com/robot/)" "ysfine.com"
213.180.203.62 - - [23/Jan/2023:08:30:52 -0800] "GET /feynman/feydirac.jpg HTTP/1.1" 200 98378 "-" "Mozilla/5.0 (compatible; YandexImages/3.0; +http://yandex.com/bots)" "www.ysfine.com"
51.222.253.10 - - [23/Jan/2023:08:30:54 -0800] "GET /usca/pitt/pitcn02d.jpg HTTP/1.1" 200 61760 "-" "Mozilla/5.0 (compatible; AhrefsBot/7.0; +http://ahrefs.com/robot/)" "ysfine.com"
51.222.253.1 - - [23/Jan/2023:08:30:54 -0800] "GET /usca/pitt/syriamos22d.jpg HTTP/1.1" 200 59190 "-" "Mozilla/5.0 (compatible; AhrefsBot/7.0; +http://ahrefs.com/robot/)" "ysfine.com"
51.222.253.1 - - [23/Jan/2023:08:30:55 -0800] "GET /usca/pitt/oldterm33b.jpg HTTP/1.1" 200 32151 "-" "Mozilla/5.0 (compatible; AhrefsBot/7.0; +http://ahrefs.com/robot/)" "ysfine.com"
51.222.253.10 - - [23/Jan/2023:08:30:55 -0800] "GET /usca/pitt/oldterm22b.jpg HTTP/1.1" 200 24276 "-" "Mozilla/5.0 (compatible; AhrefsBot/7.0; +http://ahrefs.com/robot/)" "ysfine.com"
51.222.253.17 - - [23/Jan/2023:08:30:56 -0800] "GET /usca/pitt/gonew450.jpg HTTP/1.1" 200 58216 "-" "Mozilla/5.0 (compatible; AhrefsBot/7.0; +http://ahrefs.com/robot/)" "ysfine.com"
51.222.253.15 - - [23/Jan/2023:08:30:56 -0800] "GET /usca/pitt/poli55d.jpg HTTP/1.1" 200 40614 "-" "Mozilla/5.0 (compatible; AhrefsBot/7.0; +http://ahrefs.com/robot/)" "ysfine.com"
51.222.253.19 - - [23/Jan/2023:08:30:56 -0800] "GET /home/foto22/ys5458g.jpg HTTP/1.1" 200 109717 "-" "Mozilla/5.0 (compatible; AhrefsBot/7.0; +http://ahrefs.com/robot/)" "ysfine.com"
51.222.253.7 - - [23/Jan/2023:08:30:57 -0800] "GET /usca/pitt/cmall57d.jpg HTTP/1.1" 200 45539 "-" "Mozilla/5.0 (compatible; AhrefsBot/7.0; +http://ahrefs.com/robot/)" "ysfine.com"
51.222.253.18 - - [23/Jan/2023:08:30:57 -0800] "GET /usca/pitt/strcar450.jpg HTTP/1.1" 200 53773 "-" "Mozilla/5.0 (compatible; AhrefsBot/7.0; +http://ahrefs.com/robot/)" "ysfine.com"
51.222.253.14 - - [23/Jan/2023:08:30:58 -0800] "GET /usca/pitt/yspgh58d.jpg HTTP/1.1" 200 57149 "-" "Mozilla/5.0 (compatible; AhrefsBot/7.0; +http://ahrefs.com/robot/)" "ysfine.com"
51.222.253.19 - - [23/Jan/2023:08:30:58 -0800] "GET /usca/pitt/pitbridge01d.jpg HTTP/1.1" 200 61787 "-" "Mozilla/5.0 (compatible; AhrefsBot/7.0; +http://ahrefs.com/robot/)" "ysfine.com"
51.222.253.3 - - [23/Jan/2023:08:30:59 -0800] "GET /usca/pitt/kwkpgh01d.jpg HTTP/1.1" 200 82297 "-" "Mozilla/5.0 (compatible; AhrefsBot/7.0; +http://ahrefs.com/robot/)" "ysfine.com"
51.222.253.3 - - [23/Jan/2023:08:31:00 -0800] "GET /usca/pitt/heinzfld03d.jpg HTTP/1.1" 200 48914 "-" "Mozilla/5.0 (compatible; AhrefsBot/7.0; +http://ahrefs.com/robot/)" "ysfine.com"
51.222.253.1 - - [23/Jan/2023:08:31:00 -0800] "GET /usca/pitt/cyclo450.jpg HTTP/1.1" 200 56827 "-" "Mozilla/5.0 (compatible; AhrefsBot/7.0; +http://ahrefs.com/robot/)" "ysfine.com"
51.222.253.13 - - [23/Jan/2023:08:31:00 -0800] "GET /usca/pitt/pitcn01d.jpg HTTP/1.1" 200 63302 "-" "Mozilla/5.0 (compatible; AhrefsBot/7.0; +http://ahrefs.com/robot/)" "ysfine.com"
217.140.208.100 - - [23/Jan/2023:08:31:01 -0800] "GET /feynman/jf0.jpg HTTP/1.1" 200 16765 "https://www.google.com/" "Mozilla/5.0 (Windows NT 10.0; Win64; x64) AppleWebKit/537.36 (KHTML, like Gecko) Chrome/108.0.0.0 Safari/537.36" "ysfine.com"
51.222.253.17 - - [23/Jan/2023:08:31:01 -0800] "GET /usca/pitt/syriamos11d.jpg HTTP/1.1" 200 58783 "-" "Mozilla/5.0 (compatible; AhrefsBot/7.0; +http://ahrefs.com/robot/)" "ysfine.com"
51.222.253.14 - - [23/Jan/2023:08:31:01 -0800] "GET /usca/pitt/pittcath01d.jpg HTTP/1.1" 200 46866 "-" "Mozilla/5.0 (compatible; AhrefsBot/7.0; +http://ahrefs.com/robot/)" "ysfine.com"
51.222.253.5 - - [23/Jan/2023:08:31:02 -0800] "GET /usca/pitt/samsung11d.jpg HTTP/1.1" 200 49550 "-" "Mozilla/5.0 (compatible; AhrefsBot/7.0; +http://ahrefs.com/robot/)" "ysfine.com"
51.222.253.5 - - [23/Jan/2023:08:31:02 -0800] "GET /kobak/taylor450.jpg HTTP/1.1" 200 70219 "-" "Mozilla/5.0 (compatible; AhrefsBot/7.0; +http://ahrefs.com/robot/)" "ysfine.com"
51.222.253.7 - - [23/Jan/2023:08:31:03 -0800] "GET /usca/pitt/fortpitt01d.jpg HTTP/1.1" 200 50191 "-" "Mozilla/5.0 (compatible; AhrefsBot/7.0; +http://ahrefs.com/robot/)" "ysfine.com"
51.222.253.1 - - [23/Jan/2023:08:31:03 -0800] "GET /usca/pitt/knee22d.jpg HTTP/1.1" 200 67107 "-" "Mozilla/5.0 (compatible; AhrefsBot/7.0; +http://ahrefs.com/robot/)" "ysfine.com"
51.222.253.7 - - [23/Jan/2023:08:31:04 -0800] "GET /usca/pitt/donner07d.jpg HTTP/1.1" 200 74437 "-" "Mozilla/5.0 (compatible; AhrefsBot/7.0; +http://ahrefs.com/robot/)" "ysfine.com"
51.222.253.14 - - [23/Jan/2023:08:31:04 -0800] "GET /usca/pitt/carnlab11b.jpg HTTP/1.1" 200 32622 "-" "Mozilla/5.0 (compatible; AhrefsBot/7.0; +http://ahrefs.com/robot/)" "ysfine.com"
51.222.253.2 - - [23/Jan/2023:08:31:05 -0800] "GET /usca/pitt/steelm02d.jpg HTTP/1.1" 200 32938 "-" "Mozilla/5.0 (compatible; AhrefsBot/7.0; +http://ahrefs.com/robot/)" "ysfine.com"
51.222.253.8 - - [23/Jan/2023:08:31:05 -0800] "GET /usca/pitt/yodh03d.jpg HTTP/1.1" 200 34647 "-" "Mozilla/5.0 (compatible; AhrefsBot/7.0; +http://ahrefs.com/robot/)" "ysfine.com"
51.222.253.18 - - [23/Jan/2023:08:31:05 -0800] "GET /usca/pitt/sbk57d.jpg HTTP/1.1" 200 53989 "-" "Mozilla/5.0 (compatible; AhrefsBot/7.0; +http://ahrefs.com/robot/)" "ysfine.com"
51.222.253.12 - - [23/Jan/2023:08:31:06 -0800] "GET /usca/pitt/knee11d.jpg HTTP/1.1" 200 57092 "-" "Mozilla/5.0 (compatible; AhrefsBot/7.0; +http://ahrefs.com/robot/)" "ysfine.com"
51.222.253.5 - - [23/Jan/2023:08:31:06 -0800] "GET /princeton/yspr58d.jpg HTTP/1.1" 200 62585 "-" "Mozilla/5.0 (compatible; AhrefsBot/7.0; +http://ahrefs.com/robot/)" "ysfine.com"
51.222.253.15 - - [23/Jan/2023:08:31:07 -0800] "GET /usca/pitt/donner03d.jpg HTTP/1.1" 200 38841 "-" "Mozilla/5.0 (compatible; AhrefsBot/7.0; +http://ahrefs.com/robot/)" "ysfine.com"
51.222.253.8 - - [23/Jan/2023:08:31:07 -0800] "GET /usca/pitt/mtwash02d.jpg HTTP/1.1" 200 41270 "-" "Mozilla/5.0 (compatible; AhrefsBot/7.0; +http://ahrefs.com/robot/)" "ysfine.com"
192.54.97.145 - - [23/Jan/2023:08:31:08 -0800] "GET /ys22/dondon.html HTTP/1.1" 401 90 "https://ysfine.com/ys11/" "Mozilla/5.0 (Windows NT 10.0; Win64; x64) AppleWebKit/537.36 (KHTML, like Gecko) Chrome/109.0.0.0 Safari/537.36" "ysfine.com"
51.222.253.6 - - [23/Jan/2023:08:31:08 -0800] "GET /usca/pitt/carnlibra02d.jpg HTTP/1.1" 200 62461 "-" "Mozilla/5.0 (compatible; AhrefsBot/7.0; +http://ahrefs.com/robot/)" "ysfine.com"
51.222.253.10 - - [23/Jan/2023:08:31:08 -0800] "GET /usca/pitt/poli33d.jpg HTTP/1.1" 200 46829 "-" "Mozilla/5.0 (compatible; AhrefsBot/7.0; +http://ahrefs.com/robot/)" "ysfine.com"
51.222.253.17 - - [23/Jan/2023:08:31:09 -0800] "GET /usca/pitt/fortpitt03d.jpg HTTP/1.1" 200 44027 "-" "Mozilla/5.0 (compatible; AhrefsBot/7.0; +http://ahrefs.com/robot/)" "ysfine.com"
51.222.253.18 - - [23/Jan/2023:08:31:09 -0800] "GET /usca/pitt/pghrail11d.jpg HTTP/1.1" 200 45999 "-" "Mozilla/5.0 (compatible; AhrefsBot/7.0; +http://ahrefs.com/robot/)" "ysfine.com"
51.222.253.20 - - [23/Jan/2023:08:31:09 -0800] "GET /usca/pitt/kerry11b.jpg HTTP/1.1" 200 29670 "-" "Mozilla/5.0 (compatible; AhrefsBot/7.0; +http://ahrefs.com/robot/)" "ysfine.com"
51.222.253.18 - - [23/Jan/2023:08:31:10 -0800] "GET /usca/pitt/machinery22d.jpg HTTP/1.1" 200 41869 "-" "Mozilla/5.0 (compatible; AhrefsBot/7.0; +http://ahrefs.com/robot/)" "ysfine.com"
51.222.253.4 - - [23/Jan/2023:08:31:10 -0800] "GET /home/eward55f.jpg HTTP/1.1" 200 122802 "-" "Mozilla/5.0 (compatible; AhrefsBot/7.0; +http://ahrefs.com/robot/)" "ysfine.com"
51.222.253.20 - - [23/Jan/2023:08:31:16 -0800] "GET /usca/pitt/hugh01b.jpg HTTP/1.1" 200 629471 "-" "Mozilla/5.0 (compatible; AhrefsBot/7.0; +http://ahrefs.com/robot/)" "ysfine.com"
51.222.253.6 - - [23/Jan/2023:08:31:17 -0800] "GET /usca/pitt/pittcath05d.jpg HTTP/1.1" 200 71771 "-" "Mozilla/5.0 (compatible; AhrefsBot/7.0; +http://ahrefs.com/robot/)" "ysfine.com"
51.222.253.5 - - [23/Jan/2023:08:31:18 -0800] "GET /usca/pitt/carnlibra03d.jpg HTTP/1.1" 200 71885 "-" "Mozilla/5.0 (compatible; AhrefsBot/7.0; +http://ahrefs.com/robot/)" "ysfine.com"
51.222.253.8 - - [23/Jan/2023:08:31:18 -0800] "GET /usca/pitt/highland03d.jpg HTTP/1.1" 200 47727 "-" "Mozilla/5.0 (compatible; AhrefsBot/7.0; +http://ahrefs.com/robot/)" "ysfine.com"
51.222.253.20 - - [23/Jan/2023:08:31:19 -0800] "GET /usca/pitt/tririver01d.jpg HTTP/1.1" 200 43527 "-" "Mozilla/5.0 (compatible; AhrefsBot/7.0; +http://ahrefs.com/robot/)" "ysfine.com"
51.222.253.5 - - [23/Jan/2023:08:31:19 -0800] "GET /usca/pitt/steelm01d.jpg HTTP/1.1" 200 30155 "-" "Mozilla/5.0 (compatible; AhrefsBot/7.0; +http://ahrefs.com/robot/)" "ysfine.com"
51.222.253.10 - - [23/Jan/2023:08:31:19 -0800] "GET /usca/pitt/sliderule2.jpg HTTP/1.1" 200 26399 "-" "Mozilla/5.0 (compatible; AhrefsBot/7.0; +http://ahrefs.com/robot/)" "ysfine.com"
51.222.253.10 - - [23/Jan/2023:08:31:20 -0800] "GET /usca/pitt/pitmap03d.jpg HTTP/1.1" 200 63254 "-" "Mozilla/5.0 (compatible; AhrefsBot/7.0; +http://ahrefs.com/robot/)" "ysfine.com"
51.222.253.11 - - [23/Jan/2023:08:31:20 -0800] "GET /usca/pitt/giants55d.jpg HTTP/1.1" 200 63685 "-" "Mozilla/5.0 (compatible; AhrefsBot/7.0; +http://ahrefs.com/robot/)" "ysfine.com"
51.222.253.13 - - [23/Jan/2023:08:31:21 -0800] "GET /usca/pitt/bhagat450.jpg HTTP/1.1" 200 50718 "-" "Mozilla/5.0 (compatible; AhrefsBot/7.0; +http://ahrefs.com/robot/)" "ysfine.com"
51.222.253.9 - - [23/Jan/2023:08:31:21 -0800] "GET /usca/pitt/scotam450.jpg HTTP/1.1" 200 54833 "-" "Mozilla/5.0 (compatible; AhrefsBot/7.0; +http://ahrefs.com/robot/)" "ysfine.com"
51.222.253.6 - - [23/Jan/2023:08:31:22 -0800] "GET /pgh04f.jpg HTTP/1.1" 404 88 "-" "Mozilla/5.0 (compatible; AhrefsBot/7.0; +http://ahrefs.com/robot/)" "ysfine.com"
144.202.25.134 - - [23/Jan/2023:08:31:47 -0800] "GET /world/tdrome.html HTTP/1.1" 200 5611 "-" "Mozilla" "ysfine.com"
144.202.25.134 - - [23/Jan/2023:08:31:50 -0800] "GET /world/tdrome.html HTTP/1.1" 200 5611 "-" "Mozilla" "ysfine.com"
58.250.125.104 - - [23/Jan/2023:08:32:11 -0800] "GET / HTTP/1.1" 200 5295 "-" "Sogou web spider/4.0(+http://www.sogou.com/docs/help/webmasters.htm#07)" "ysfine.com"
207.46.13.176 - - [23/Jan/2023:08:33:19 -0800] "GET /bio/kobak/soraech.html HTTP/1.1" 404 88 "-" "Mozilla/5.0 AppleWebKit/537.36 (KHTML, like Gecko; compatible; bingbot/2.0; +http://www.bing.com/bingbot.htm) Chrome/103.0.5060.134 Safari/537.36" "ysfine.com"
40.77.167.11 - - [23/Jan/2023:08:34:11 -0800] "GET /maga/hermite.html HTTP/1.1" 200 4102 "-" "Mozilla/5.0 (compatible; bingbot/2.0; +http://www.bing.com/bingbot.htm)" "ysfine.com"
207.46.13.176 - - [23/Jan/2023:08:34:30 -0800] "GET /bio.html HTTP/1.1" 200 18260 "-" "Mozilla/5.0 AppleWebKit/537.36 (KHTML, like Gecko; compatible; bingbot/2.0; +http://www.bing.com/bingbot.htm) Chrome/103.0.5060.134 Safari/537.36" "ysfine.com"
40.77.167.11 - - [23/Jan/2023:08:34:51 -0800] "GET /bio/einstein/bern.html HTTP/1.1" 404 88 "-" "Mozilla/5.0 (compatible; bingbot/2.0; +http://www.bing.com/bingbot.htm)" "ysfine.com"
207.46.13.15 - - [23/Jan/2023:08:35:20 -0800] "GET /bio/style/proschanie.html HTTP/1.1" 404 88 "-" "Mozilla/5.0 AppleWebKit/537.36 (KHTML, like Gecko; compatible; bingbot/2.0; +http://www.bing.com/bingbot.htm) Chrome/103.0.5060.134 Safari/537.36" "ysfine.com"
51.222.253.2 - - [23/Jan/2023:08:36:57 -0800] "GET /class54/class5470/total_data/sub_815.htm HTTP/1.1" 200 3573 "-" "Mozilla/5.0 (compatible; AhrefsBot/7.0; +http://ahrefs.com/robot/)" "ysfine.com"
51.222.253.8 - - [23/Jan/2023:08:36:59 -0800] "GET /class54/class5470/total_data/img/08_smtitle15.gif HTTP/1.1" 200 644 "-" "Mozilla/5.0 (compatible; AhrefsBot/7.0; +http://ahrefs.com/robot/)" "ysfine.com"
173.162.116.42 - - [23/Jan/2023:08:37:04 -0800] "GET /princeton/brooke22.jpg HTTP/1.1" 200 87673 "https://www.google.com/" "Mozilla/5.0 (Windows NT 10.0; Win64; x64) AppleWebKit/537.36 (KHTML, like Gecko) Chrome/109.0.0.0 Safari/537.36" "ysfine.com"
173.162.116.42 - - [23/Jan/2023:08:37:12 -0800] "GET /princeton/brooke88.jpg HTTP/1.1" 200 82208 "https://www.google.com/" "Mozilla/5.0 (Windows NT 10.0; Win64; x64) AppleWebKit/537.36 (KHTML, like Gecko) Chrome/109.0.0.0 Safari/537.36" "ysfine.com"
207.46.13.167 - - [23/Jan/2023:08:37:51 -0800] "GET /bio/wigner/e(2).html HTTP/1.1" 404 88 "-" "Mozilla/5.0 AppleWebKit/537.36 (KHTML, like Gecko; compatible; bingbot/2.0; +http://www.bing.com/bingbot.htm) Chrome/103.0.5060.134 Safari/537.36" "ysfine.com"
40.77.167.11 - - [23/Jan/2023:08:38:22 -0800] "GET /world/russ/mosriver.html HTTP/1.1" 200 446 "-" "Mozilla/5.0 (compatible; bingbot/2.0; +http://www.bing.com/bingbot.htm)" "ysfine.com"
207.46.13.167 - - [23/Jan/2023:08:39:39 -0800] "GET /people/wheeler.html HTTP/1.1" 200 3348 "-" "Mozilla/5.0 AppleWebKit/537.36 (KHTML, like Gecko; compatible; bingbot/2.0; +http://www.bing.com/bingbot.htm) Chrome/103.0.5060.134 Safari/537.36" "www.ysfine.com"
207.46.13.27 - - [23/Jan/2023:08:40:46 -0800] "GET /bio/yshome.html HTTP/1.1" 404 88 "-" "Mozilla/5.0 AppleWebKit/537.36 (KHTML, like Gecko; compatible; bingbot/2.0; +http://www.bing.com/bingbot.htm) Chrome/103.0.5060.134 Safari/537.36" "ysfine.com"
103.176.213.14 - - [23/Jan/2023:08:40:56 -0800] "GET /einstein/texfiles/einheis03.jpg HTTP/1.1" 200 46000 "https://www.google.com/" "Mozilla/5.0 (Macintosh; Intel Mac OS X 10_15_7) AppleWebKit/537.36 (KHTML, like Gecko) Chrome/109.0.0.0 Safari/537.36" "ysfine.com"
103.176.213.14 - - [23/Jan/2023:08:40:57 -0800] "GET /feynman/ppic/parton88a.jpg HTTP/1.1" 200 55506 "https://www.google.com/" "Mozilla/5.0 (Macintosh; Intel Mac OS X 10_15_7) AppleWebKit/537.36 (KHTML, like Gecko) Chrome/109.0.0.0 Safari/537.36" "ysfine.com"
207.46.13.167 - - [23/Jan/2023:08:41:40 -0800] "GET /feynman/feynbot.html HTTP/1.1" 200 138 "-" "Mozilla/5.0 AppleWebKit/537.36 (KHTML, like Gecko; compatible; bingbot/2.0; +http://www.bing.com/bingbot.htm) Chrome/103.0.5060.134 Safari/537.36" "ysfine.com"
207.46.13.27 - - [23/Jan/2023:08:42:08 -0800] "GET /bio/kobak/yskor.html HTTP/1.1" 404 88 "-" "Mozilla/5.0 AppleWebKit/537.36 (KHTML, like Gecko; compatible; bingbot/2.0; +http://www.bing.com/bingbot.htm) Chrome/103.0.5060.134 Safari/537.36" "ysfine.com"
207.46.13.89 - - [23/Jan/2023:08:43:03 -0800] "GET / HTTP/1.1" 200 5295 "-" "Mozilla/5.0 AppleWebKit/537.36 (KHTML, like Gecko; compatible; bingbot/2.0; +http://www.bing.com/bingbot.htm) Chrome/103.0.5060.134 Safari/537.36" "www.ysfine.com"
157.55.39.72 - - [23/Jan/2023:08:43:20 -0800] "GET /bio/eink/buythisbook.html HTTP/1.1" 404 88 "-" "Mozilla/5.0 AppleWebKit/537.36 (KHTML, like Gecko; compatible; bingbot/2.0; +http://www.bing.com/bingbot.htm) Chrome/103.0.5060.134 Safari/537.36" "ysfine.com"
51.222.253.20 - - [23/Jan/2023:08:44:10 -0800] "GET / HTTP/1.1" 200 5295 "-" "Mozilla/5.0 (compatible; AhrefsBot/7.0; +http://ahrefs.com/robot/)" "ysfine.com"
207.46.13.167 - - [23/Jan/2023:08:44:10 -0800] "GET /wdc/vernon.html HTTP/1.1" 200 1958 "-" "Mozilla/5.0 AppleWebKit/537.36 (KHTML, like Gecko; compatible; bingbot/2.0; +http://www.bing.com/bingbot.htm) Chrome/103.0.5060.134 Safari/537.36" "www.ysfine.com"
207.46.13.27 - - [23/Jan/2023:08:44:38 -0800] "GET /bio/style/artlove.html HTTP/1.1" 404 88 "-" "Mozilla/5.0 AppleWebKit/537.36 (KHTML, like Gecko; compatible; bingbot/2.0; +http://www.bing.com/bingbot.htm) Chrome/103.0.5060.134 Safari/537.36" "ysfine.com"
118.191.130.114 - - [23/Jan/2023:08:44:54 -0800] "GET /home/hepth.html HTTP/1.1" 200 2544 "-" "Mozilla/5.0 (Windows; U; MSIE 9.0; Windows NT 9.0; en-US)" "ysfine.com"
17.241.75.154 - - [23/Jan/2023:08:44:56 -0800] "GET /feynman/ppic/entang11.pdf HTTP/1.1" 200 27235 "-" "Mozilla/5.0 (Macintosh; Intel Mac OS X 10_15_5) AppleWebKit/605.1.15 (KHTML, like Gecko) Version/13.1.1 Safari/605.1.15 (Applebot/0.1; +http://www.apple.com/go/applebot)" "ysfine.com"
17.241.227.95 - - [23/Jan/2023:08:45:00 -0800] "GET /yspapers/symmetry11.pdf HTTP/1.1" 200 256489 "-" "Mozilla/5.0 (Macintosh; Intel Mac OS X 10_15_5) AppleWebKit/605.1.15 (KHTML, like Gecko) Version/13.1.1 Safari/605.1.15 (Applebot/0.1; +http://www.apple.com/go/applebot)" "ysfine.com"
85.208.98.23 - - [23/Jan/2023:08:46:16 -0800] "GET /robots.txt HTTP/1.1" 404 88 "http://ysfine.com/robots.txt" "Mozilla/5.0 (compatible; SemrushBot-BA; +http://www.semrush.com/bot.html)" "ysfine.com"
85.208.98.23 - - [23/Jan/2023:08:46:17 -0800] "GET /robots.txt HTTP/1.1" 404 88 "http://www.ysfine.com/robots.txt" "Mozilla/5.0 (compatible; SemrushBot-BA; +http://www.semrush.com/bot.html)" "www.ysfine.com"
85.208.98.16 - - [23/Jan/2023:08:46:35 -0800] "GET /ysbio/world/visas.html HTTP/1.1" 404 88 "-" "Mozilla/5.0 (compatible; SemrushBot-BA; +http://www.semrush.com/bot.html)" "ysfine.com"
85.208.98.24 - - [23/Jan/2023:08:46:38 -0800] "GET /ysbio/world/visas.html HTTP/1.1" 404 88 "-" "Mozilla/5.0 (compatible; SemrushBot-BA; +http://www.semrush.com/bot.html)" "www.ysfine.com"
66.249.70.3 - - [23/Jan/2023:08:46:57 -0800] "GET /princeton/denuzio.jpg HTTP/1.1" 304 - "-" "Googlebot-Image/1.0" "ysfine.com"
64.114.222.81 - - [23/Jan/2023:08:47:16 -0800] "GET /kowar/tanks/sherman51.jpg HTTP/1.1" 200 110942 "https://www.google.com/" "Mozilla/5.0 (Windows NT 10.0; Win64; x64) AppleWebKit/537.36 (KHTML, like Gecko) Chrome/109.0.0.0 Safari/537.36" "ysfine.com"
66.249.70.3 - - [23/Jan/2023:08:47:34 -0800] "GET /princeton/gcollege05b.jpg HTTP/1.1" 304 - "-" "Googlebot-Image/1.0" "ysfine.com"
66.249.70.3 - - [23/Jan/2023:08:48:02 -0800] "GET /world/scandi/nbi02b.jpg HTTP/1.1" 200 39350 "-" "Googlebot-Image/1.0" "ysfine.com"
207.46.13.27 - - [23/Jan/2023:08:48:05 -0800] "GET /beau/nordocs11b.jpg HTTP/1.1" 404 88 "-" "Mozilla/5.0 AppleWebKit/537.36 (KHTML, like Gecko; compatible; bingbot/2.0; +http://www.bing.com/bingbot.htm) Chrome/103.0.5060.134 Safari/537.36" "ysfine.com"
207.46.13.167 - - [23/Jan/2023:08:48:59 -0800] "GET /bio/princeton/campus.html HTTP/1.1" 404 88 "-" "Mozilla/5.0 AppleWebKit/537.36 (KHTML, like Gecko; compatible; bingbot/2.0; +http://www.bing.com/bingbot.htm) Chrome/103.0.5060.134 Safari/537.36" "ysfine.com"
20.191.45.212 - - [23/Jan/2023:08:49:27 -0800] "GET / HTTP/1.1" 200 5295 "https://www.ysfine.com/" "Mozilla/5.0 (compatible; DuckDuckGo-Favicons-Bot/1.0; +http://duckduckgo.com)" "www.ysfine.com"
20.191.45.212 - - [23/Jan/2023:08:49:27 -0800] "GET /favicon.ico HTTP/1.1" 404 88 "https://www.ysfine.com/favicon.ico" "Mozilla/5.0 (compatible; DuckDuckGo-Favicons-Bot/1.0; +http://duckduckgo.com)" "www.ysfine.com"
20.191.45.212 - - [23/Jan/2023:08:49:27 -0800] "GET /favicon.ico HTTP/1.1" 404 88 "https://www.ysfine.com/favicon.ico" "Mozilla/5.0 (compatible; DuckDuckGo-Favicons-Bot/1.0; +http://duckduckgo.com)" "www.ysfine.com"
66.249.70.3 - - [23/Jan/2023:08:49:30 -0800] "GET /home/tollwig11.jpg HTTP/1.1" 304 - "-" "Googlebot-Image/1.0" "ysfine.com"
40.77.167.11 - - [23/Jan/2023:08:50:03 -0800] "GET /maga/phys/yukafeyn2.jpg HTTP/1.1" 200 36709 "-" "Mozilla/5.0 AppleWebKit/537.36 (KHTML, like Gecko; compatible; bingbot/2.0; +http://www.bing.com/bingbot.htm) Chrome/103.0.5060.134 Safari/537.36" "ysfine.com"
216.207.227.162 - - [23/Jan/2023:08:51:01 -0800] "GET /kowar/panmun04.jpg HTTP/1.1" 200 126386 "https://www.google.com/" "Mozilla/5.0 (X11; CrOS x86_64 15183.78.0) AppleWebKit/537.36 (KHTML, like Gecko) Chrome/108.0.0.0 Safari/537.36" "ysfine.com"
207.46.13.89 - - [23/Jan/2023:08:51:48 -0800] "GET /jobs/spainj.html HTTP/1.1" 200 1603 "-" "Mozilla/5.0 AppleWebKit/537.36 (KHTML, like Gecko; compatible; bingbot/2.0; +http://www.bing.com/bingbot.htm) Chrome/103.0.5060.134 Safari/537.36" "ysfine.com"
54.161.41.102 - - [23/Jan/2023:08:52:21 -0800] "GET /robots.txt HTTP/1.1" 404 88 "-" "Mozilla/5.0 (compatible; Neevabot/1.0; +https://neeva.com/neevabot)" "ysfine.com"
54.161.41.102 - - [23/Jan/2023:08:52:21 -0800] "GET /robots.txt HTTP/1.1" 404 88 "-" "Mozilla/5.0 (compatible; Neevabot/1.0; +https://neeva.com/neevabot)" "ysfine.com"
54.161.41.102 - - [23/Jan/2023:08:52:21 -0800] "GET /robots.txt HTTP/1.1" 404 88 "-" "Mozilla/5.0 (compatible; Neevabot/1.0; +https://neeva.com/neevabot)" "ysfine.com"
54.161.41.102 - - [23/Jan/2023:08:52:21 -0800] "GET /robots.txt HTTP/1.1" 404 88 "-" "Mozilla/5.0 (compatible; Neevabot/1.0; +https://neeva.com/neevabot)" "ysfine.com"
54.161.41.102 - - [23/Jan/2023:08:52:21 -0800] "GET /robots.txt HTTP/1.1" 404 88 "-" "Mozilla/5.0 (compatible; Neevabot/1.0; +https://neeva.com/neevabot)" "ysfine.com"
54.161.41.102 - - [23/Jan/2023:08:52:36 -0800] "GET /home/mathrev.html HTTP/1.1" 200 1802 "-" "Mozilla/5.0 (compatible; Neevabot/1.0; +https://neeva.com/neevabot)" "ysfine.com"
54.161.41.102 - - [23/Jan/2023:08:52:39 -0800] "GET /kowar/war02.html HTTP/1.1" 200 9935 "-" "Mozilla/5.0 (compatible; Neevabot/1.0; +https://neeva.com/neevabot)" "ysfine.com"
54.161.41.102 - - [23/Jan/2023:08:52:39 -0800] "GET /kowar/war50.html HTTP/1.1" 200 11795 "-" "Mozilla/5.0 (compatible; Neevabot/1.0; +https://neeva.com/neevabot)" "ysfine.com"
54.161.41.102 - - [23/Jan/2023:08:52:39 -0800] "GET /wdc/annapolis.html HTTP/1.1" 200 3158 "-" "Mozilla/5.0 (compatible; Neevabot/1.0; +https://neeva.com/neevabot)" "ysfine.com"
