102.65.85.157 - - [23/Jan/2023:04:50:37 -0800] "GET /eink/abombs11c.jpg HTTP/1.1" 200 27039 "https://ysfine.com/eink/index.html" "Mozilla/5.0 (Linux; Android 8.1.0; SM-A260F Build/OPR6) AppleWebKit/537.36 (KHTML, like Gecko) Chrome/109.0.5414.86 Mobile Safari/537.36" "ysfine.com"
102.65.85.157 - - [23/Jan/2023:04:50:37 -0800] "GET /eink/abomb66c.jpg HTTP/1.1" 200 22350 "https://ysfine.com/eink/index.html" "Mozilla/5.0 (Linux; Android 8.1.0; SM-A260F Build/OPR6) AppleWebKit/537.36 (KHTML, like Gecko) Chrome/109.0.5414.86 Mobile Safari/537.36" "ysfine.com"
102.65.85.157 - - [23/Jan/2023:04:50:37 -0800] "GET /eink/comet900.jpg HTTP/1.1" 200 110150 "https://ysfine.com/eink/index.html" "Mozilla/5.0 (Linux; Android 8.1.0; SM-A260F Build/OPR6) AppleWebKit/537.36 (KHTML, like Gecko) Chrome/109.0.5414.86 Mobile Safari/537.36" "ysfine.com"
102.65.85.157 - - [23/Jan/2023:04:50:37 -0800] "GET /eink/capitol05c.jpg HTTP/1.1" 200 23405 "https://ysfine.com/eink/index.html" "Mozilla/5.0 (Linux; Android 8.1.0; SM-A260F Build/OPR6) AppleWebKit/537.36 (KHTML, like Gecko) Chrome/109.0.5414.86 Mobile Safari/537.36" "ysfine.com"
102.65.85.157 - - [23/Jan/2023:04:50:37 -0800] "GET /eink/further22f.jpg HTTP/1.1" 200 99099 "https://ysfine.com/eink/index.html" "Mozilla/5.0 (Linux; Android 8.1.0; SM-A260F Build/OPR6) AppleWebKit/537.36 (KHTML, like Gecko) Chrome/109.0.5414.86 Mobile Safari/537.36" "ysfine.com"
102.65.85.157 - - [23/Jan/2023:04:50:37 -0800] "GET /dirac/dirbust22c.jpg HTTP/1.1" 200 36029 "https://ysfine.com/eink/index.html" "Mozilla/5.0 (Linux; Android 8.1.0; SM-A260F Build/OPR6) AppleWebKit/537.36 (KHTML, like Gecko) Chrome/109.0.5414.86 Mobile Safari/537.36" "ysfine.com"
102.65.85.157 - - [23/Jan/2023:04:50:37 -0800] "GET /dirac/dirac39c.jpg HTTP/1.1" 200 54568 "https://ysfine.com/eink/index.html" "Mozilla/5.0 (Linux; Android 8.1.0; SM-A260F Build/OPR6) AppleWebKit/537.36 (KHTML, like Gecko) Chrome/109.0.5414.86 Mobile Safari/537.36" "ysfine.com"
102.65.85.157 - - [23/Jan/2023:04:50:37 -0800] "GET /eink/comet40f.jpg HTTP/1.1" 200 97314 "https://ysfine.com/eink/index.html" "Mozilla/5.0 (Linux; Android 8.1.0; SM-A260F Build/OPR6) AppleWebKit/537.36 (KHTML, like Gecko) Chrome/109.0.5414.86 Mobile Safari/537.36" "ysfine.com"
102.65.85.157 - - [23/Jan/2023:04:50:37 -0800] "GET /eink/church06c.jpg HTTP/1.1" 200 33897 "https://ysfine.com/eink/index.html" "Mozilla/5.0 (Linux; Android 8.1.0; SM-A260F Build/OPR6) AppleWebKit/537.36 (KHTML, like Gecko) Chrome/109.0.5414.86 Mobile Safari/537.36" "ysfine.com"
102.65.85.157 - - [23/Jan/2023:04:50:37 -0800] "GET /eink/ewk86f.jpg HTTP/1.1" 200 122173 "https://ysfine.com/eink/index.html" "Mozilla/5.0 (Linux; Android 8.1.0; SM-A260F Build/OPR6) AppleWebKit/537.36 (KHTML, like Gecko) Chrome/109.0.5414.86 Mobile Safari/537.36" "ysfine.com"
102.65.85.157 - - [23/Jan/2023:04:50:37 -0800] "GET /eink/eink54f.jpg HTTP/1.1" 200 98068 "https://ysfine.com/eink/index.html" "Mozilla/5.0 (Linux; Android 8.1.0; SM-A260F Build/OPR6) AppleWebKit/537.36 (KHTML, like Gecko) Chrome/109.0.5414.86 Mobile Safari/537.36" "ysfine.com"
102.65.85.157 - - [23/Jan/2023:04:50:37 -0800] "GET /eink/dirackn900.jpg HTTP/1.1" 200 121605 "https://ysfine.com/eink/index.html" "Mozilla/5.0 (Linux; Android 8.1.0; SM-A260F Build/OPR6) AppleWebKit/537.36 (KHTML, like Gecko) Chrome/109.0.5414.86 Mobile Safari/537.36" "ysfine.com"
102.65.85.157 - - [23/Jan/2023:04:50:37 -0800] "GET /eink/einbohr11c.jpg HTTP/1.1" 200 37811 "https://ysfine.com/eink/index.html" "Mozilla/5.0 (Linux; Android 8.1.0; SM-A260F Build/OPR6) AppleWebKit/537.36 (KHTML, like Gecko) Chrome/109.0.5414.86 Mobile Safari/537.36" "ysfine.com"
102.65.85.157 - - [23/Jan/2023:04:50:37 -0800] "GET /wigner/wigheis11c.jpg HTTP/1.1" 200 41279 "https://ysfine.com/eink/index.html" "Mozilla/5.0 (Linux; Android 8.1.0; SM-A260F Build/OPR6) AppleWebKit/537.36 (KHTML, like Gecko) Chrome/109.0.5414.86 Mobile Safari/537.36" "ysfine.com"
102.65.85.157 - - [23/Jan/2023:04:50:37 -0800] "GET /eink/parton900.jpg HTTP/1.1" 200 126652 "https://ysfine.com/eink/index.html" "Mozilla/5.0 (Linux; Android 8.1.0; SM-A260F Build/OPR6) AppleWebKit/537.36 (KHTML, like Gecko) Chrome/109.0.5414.86 Mobile Safari/537.36" "ysfine.com"
102.65.85.157 - - [23/Jan/2023:04:50:37 -0800] "GET /home/eink77c.jpg HTTP/1.1" 200 47471 "https://ysfine.com/eink/index.html" "Mozilla/5.0 (Linux; Android 8.1.0; SM-A260F Build/OPR6) AppleWebKit/537.36 (KHTML, like Gecko) Chrome/109.0.5414.86 Mobile Safari/537.36" "ysfine.com"
102.65.85.157 - - [23/Jan/2023:04:50:37 -0800] "GET /feynman/feynman300.jpg HTTP/1.1" 200 18273 "https://ysfine.com/eink/index.html" "Mozilla/5.0 (Linux; Android 8.1.0; SM-A260F Build/OPR6) AppleWebKit/537.36 (KHTML, like Gecko) Chrome/109.0.5414.86 Mobile Safari/537.36" "ysfine.com"
102.65.85.157 - - [23/Jan/2023:04:50:37 -0800] "GET /eink/einbern66c.jpg HTTP/1.1" 200 51134 "https://ysfine.com/eink/index.html" "Mozilla/5.0 (Linux; Android 8.1.0; SM-A260F Build/OPR6) AppleWebKit/537.36 (KHTML, like Gecko) Chrome/109.0.5414.86 Mobile Safari/537.36" "ysfine.com"
102.65.85.157 - - [23/Jan/2023:04:50:37 -0800] "GET /eink/emc22c.jpg HTTP/1.1" 200 32175 "https://ysfine.com/eink/index.html" "Mozilla/5.0 (Linux; Android 8.1.0; SM-A260F Build/OPR6) AppleWebKit/537.36 (KHTML, like Gecko) Chrome/109.0.5414.86 Mobile Safari/537.36" "ysfine.com"
102.65.85.157 - - [23/Jan/2023:04:50:37 -0800] "GET /kowar/tanks/tank05c.jpg HTTP/1.1" 200 33583 "https://ysfine.com/eink/index.html" "Mozilla/5.0 (Linux; Android 8.1.0; SM-A260F Build/OPR6) AppleWebKit/537.36 (KHTML, like Gecko) Chrome/109.0.5414.86 Mobile Safari/537.36" "ysfine.com"
102.65.85.157 - - [23/Jan/2023:04:50:37 -0800] "GET /eink/feyfirm66c.jpg HTTP/1.1" 200 30766 "https://ysfine.com/eink/index.html" "Mozilla/5.0 (Linux; Android 8.1.0; SM-A260F Build/OPR6) AppleWebKit/537.36 (KHTML, like Gecko) Chrome/109.0.5414.86 Mobile Safari/537.36" "ysfine.com"
102.65.85.157 - - [23/Jan/2023:04:50:37 -0800] "GET /eink/tollwig11c.jpg HTTP/1.1" 200 30318 "https://ysfine.com/eink/index.html" "Mozilla/5.0 (Linux; Android 8.1.0; SM-A260F Build/OPR6) AppleWebKit/537.36 (KHTML, like Gecko) Chrome/109.0.5414.86 Mobile Safari/537.36" "ysfine.com"
102.65.85.157 - - [23/Jan/2023:04:50:37 -0800] "GET /eink/newtein77f.jpg HTTP/1.1" 200 46322 "https://ysfine.com/eink/index.html" "Mozilla/5.0 (Linux; Android 8.1.0; SM-A260F Build/OPR6) AppleWebKit/537.36 (KHTML, like Gecko) Chrome/109.0.5414.86 Mobile Safari/537.36" "ysfine.com"
102.65.85.157 - - [23/Jan/2023:04:50:37 -0800] "GET /home/taylor500.jpg HTTP/1.1" 200 79197 "https://ysfine.com/eink/index.html" "Mozilla/5.0 (Linux; Android 8.1.0; SM-A260F Build/OPR6) AppleWebKit/537.36 (KHTML, like Gecko) Chrome/109.0.5414.86 Mobile Safari/537.36" "ysfine.com"
102.65.85.157 - - [23/Jan/2023:04:50:37 -0800] "GET /eink/enterprize61c.jpg HTTP/1.1" 200 40611 "https://ysfine.com/eink/index.html" "Mozilla/5.0 (Linux; Android 8.1.0; SM-A260F Build/OPR6) AppleWebKit/537.36 (KHTML, like Gecko) Chrome/109.0.5414.86 Mobile Safari/537.36" "ysfine.com"
102.65.85.157 - - [23/Jan/2023:04:50:37 -0800] "GET /dirac/o32inho22c.jpg HTTP/1.1" 200 33038 "https://ysfine.com/eink/index.html" "Mozilla/5.0 (Linux; Android 8.1.0; SM-A260F Build/OPR6) AppleWebKit/537.36 (KHTML, like Gecko) Chrome/109.0.5414.86 Mobile Safari/537.36" "ysfine.com"
102.65.85.157 - - [23/Jan/2023:04:50:37 -0800] "GET /eink/kbrain11f.jpg HTTP/1.1" 200 56023 "https://ysfine.com/eink/index.html" "Mozilla/5.0 (Linux; Android 8.1.0; SM-A260F Build/OPR6) AppleWebKit/537.36 (KHTML, like Gecko) Chrome/109.0.5414.86 Mobile Safari/537.36" "ysfine.com"
102.65.85.157 - - [23/Jan/2023:04:50:37 -0800] "GET /yspapers/iop19c.jpg HTTP/1.1" 200 40220 "https://ysfine.com/eink/index.html" "Mozilla/5.0 (Linux; Android 8.1.0; SM-A260F Build/OPR6) AppleWebKit/537.36 (KHTML, like Gecko) Chrome/109.0.5414.86 Mobile Safari/537.36" "ysfine.com"
102.65.85.157 - - [23/Jan/2023:04:50:37 -0800] "GET /eink/pwk33c.jpg HTTP/1.1" 200 30700 "https://ysfine.com/eink/index.html" "Mozilla/5.0 (Linux; Android 8.1.0; SM-A260F Build/OPR6) AppleWebKit/537.36 (KHTML, like Gecko) Chrome/109.0.5414.86 Mobile Safari/537.36" "ysfine.com"
102.65.85.157 - - [23/Jan/2023:04:50:37 -0800] "GET /eink/timemag46c.jpg HTTP/1.1" 200 49661 "https://ysfine.com/eink/index.html" "Mozilla/5.0 (Linux; Android 8.1.0; SM-A260F Build/OPR6) AppleWebKit/537.36 (KHTML, like Gecko) Chrome/109.0.5414.86 Mobile Safari/537.36" "ysfine.com"
102.65.85.157 - - [23/Jan/2023:04:50:37 -0800] "GET /feynman/feydirac300.jpg HTTP/1.1" 200 38223 "https://ysfine.com/eink/index.html" "Mozilla/5.0 (Linux; Android 8.1.0; SM-A260F Build/OPR6) AppleWebKit/537.36 (KHTML, like Gecko) Chrome/109.0.5414.86 Mobile Safari/537.36" "ysfine.com"
102.65.85.157 - - [23/Jan/2023:04:50:37 -0800] "GET /eink/feynman43c.jpg HTTP/1.1" 200 39256 "https://ysfine.com/eink/index.html" "Mozilla/5.0 (Linux; Android 8.1.0; SM-A260F Build/OPR6) AppleWebKit/537.36 (KHTML, like Gecko) Chrome/109.0.5414.86 Mobile Safari/537.36" "ysfine.com"
102.65.85.157 - - [23/Jan/2023:04:50:37 -0800] "GET /eink/einbohr900.jpg HTTP/1.1" 200 62710 "https://ysfine.com/eink/index.html" "Mozilla/5.0 (Linux; Android 8.1.0; SM-A260F Build/OPR6) AppleWebKit/537.36 (KHTML, like Gecko) Chrome/109.0.5414.86 Mobile Safari/537.36" "ysfine.com"
102.65.85.157 - - [23/Jan/2023:04:50:48 -0800] "GET /eink/ecitizen40.jpg HTTP/1.1" 200 224595 "https://ysfine.com/eink/index.html" "Mozilla/5.0 (Linux; Android 8.1.0; SM-A260F Build/OPR6) AppleWebKit/537.36 (KHTML, like Gecko) Chrome/109.0.5414.86 Mobile Safari/537.36" "ysfine.com"
66.249.93.107 - - [23/Jan/2023:04:50:49 -0800] "GET /eink/ecitizen40.jpg HTTP/1.1" 200 224595 "-" "Mozilla/5.0 (Linux; Android 7.0; SM-G930V Build/NRD90M) AppleWebKit/537.36 (KHTML, like Gecko) Chrome/59.0.3071.125 Mobile Safari/537.36 (compatible; Google-Read-Aloud; +https://support.google.com/webmasters/answer/1061943)" "ysfine.com"
66.249.93.107 - - [23/Jan/2023:04:50:51 -0800] "GET /eink/ecitizen40.jpg HTTP/1.1" 200 224595 "-" "Mozilla/5.0 (Linux; Android 7.0; SM-G930V Build/NRD90M) AppleWebKit/537.36 (KHTML, like Gecko) Chrome/59.0.3071.125 Mobile Safari/537.36 (compatible; Google-Read-Aloud; +https://support.google.com/webmasters/answer/1061943)" "ysfine.com"
66.249.93.99 - - [23/Jan/2023:04:50:51 -0800] "GET /eink/ecitizen40.jpg HTTP/1.1" 200 224595 "-" "Mozilla/5.0 (Linux; Android 7.0; SM-G930V Build/NRD90M) AppleWebKit/537.36 (KHTML, like Gecko) Chrome/59.0.3071.125 Mobile Safari/537.36 (compatible; Google-Read-Aloud; +https://support.google.com/webmasters/answer/1061943)" "ysfine.com"
51.222.253.10 - - [23/Jan/2023:04:50:52 -0800] "GET /class54/emailed06.html HTTP/1.1" 200 28630 "-" "Mozilla/5.0 (compatible; AhrefsBot/7.0; +http://ahrefs.com/robot/)" "ysfine.com"
207.46.13.27 - - [23/Jan/2023:04:50:54 -0800] "GET /bio/sbk/1950.html HTTP/1.1" 404 88 "-" "Mozilla/5.0 AppleWebKit/537.36 (KHTML, like Gecko; compatible; bingbot/2.0; +http://www.bing.com/bingbot.htm) Chrome/103.0.5060.134 Safari/537.36" "ysfine.com"
51.222.253.9 - - [23/Jan/2023:04:50:55 -0800] "GET /world/germany/leipzig57b.jpg HTTP/1.1" 200 35705 "-" "Mozilla/5.0 (compatible; AhrefsBot/7.0; +http://ahrefs.com/robot/)" "ysfine.com"
51.222.253.13 - - [23/Jan/2023:04:50:55 -0800] "GET /world/ital/genoa11b.jpg HTTP/1.1" 200 33669 "-" "Mozilla/5.0 (compatible; AhrefsBot/7.0; +http://ahrefs.com/robot/)" "ysfine.com"
51.222.253.16 - - [23/Jan/2023:04:50:55 -0800] "GET /home/wsj21a.jpg HTTP/1.1" 200 118092 "-" "Mozilla/5.0 (compatible; AhrefsBot/7.0; +http://ahrefs.com/robot/)" "ysfine.com"
51.222.253.7 - - [23/Jan/2023:04:50:56 -0800] "GET /class54/pics/g142b.jpg HTTP/1.1" 200 30196 "-" "Mozilla/5.0 (compatible; AhrefsBot/7.0; +http://ahrefs.com/robot/)" "ysfine.com"
51.222.253.4 - - [23/Jan/2023:04:50:56 -0800] "GET /kowar/mac05a.jpg HTTP/1.1" 200 68210 "-" "Mozilla/5.0 (compatible; AhrefsBot/7.0; +http://ahrefs.com/robot/)" "ysfine.com"
51.222.253.17 - - [23/Jan/2023:04:50:57 -0800] "GET /world/israel/jeru10c.jpg HTTP/1.1" 200 35427 "-" "Mozilla/5.0 (compatible; AhrefsBot/7.0; +http://ahrefs.com/robot/)" "ysfine.com"
51.222.253.4 - - [23/Jan/2023:04:50:57 -0800] "GET /ffriends/amkor/amwash01c.jpg HTTP/1.1" 200 37250 "-" "Mozilla/5.0 (compatible; AhrefsBot/7.0; +http://ahrefs.com/robot/)" "ysfine.com"
51.222.253.13 - - [23/Jan/2023:04:50:58 -0800] "GET /awards/marq/marq20c.jpg HTTP/1.1" 200 35471 "-" "Mozilla/5.0 (compatible; AhrefsBot/7.0; +http://ahrefs.com/robot/)" "ysfine.com"
51.222.253.19 - - [23/Jan/2023:04:50:58 -0800] "GET /class54/pics/g148b.jpg HTTP/1.1" 200 36787 "-" "Mozilla/5.0 (compatible; AhrefsBot/7.0; +http://ahrefs.com/robot/)" "ysfine.com"
51.222.253.6 - - [23/Jan/2023:04:50:59 -0800] "GET /kobak/sorae/sorae01b.jpg HTTP/1.1" 200 27588 "-" "Mozilla/5.0 (compatible; AhrefsBot/7.0; +http://ahrefs.com/robot/)" "ysfine.com"
51.222.253.17 - - [23/Jan/2023:04:50:59 -0800] "GET /ffriends/amkor/koseville01b.jpg HTTP/1.1" 200 35283 "-" "Mozilla/5.0 (compatible; AhrefsBot/7.0; +http://ahrefs.com/robot/)" "ysfine.com"
51.222.253.3 - - [23/Jan/2023:04:50:59 -0800] "GET /world/spain/sevi026c.jpg HTTP/1.1" 200 33190 "-" "Mozilla/5.0 (compatible; AhrefsBot/7.0; +http://ahrefs.com/robot/)" "ysfine.com"
51.222.253.12 - - [23/Jan/2023:04:51:00 -0800] "GET /world/germany/leipzig54b.jpg HTTP/1.1" 200 40706 "-" "Mozilla/5.0 (compatible; AhrefsBot/7.0; +http://ahrefs.com/robot/)" "ysfine.com"
51.222.253.16 - - [23/Jan/2023:04:51:00 -0800] "GET /class54/acs/cafe33f.jpg HTTP/1.1" 200 147078 "-" "Mozilla/5.0 (compatible; AhrefsBot/7.0; +http://ahrefs.com/robot/)" "ysfine.com"
51.222.253.15 - - [23/Jan/2023:04:51:01 -0800] "GET /world/israel/jeru05c.jpg HTTP/1.1" 200 38846 "-" "Mozilla/5.0 (compatible; AhrefsBot/7.0; +http://ahrefs.com/robot/)" "ysfine.com"
51.222.253.3 - - [23/Jan/2023:04:51:01 -0800] "GET /world/france/notre11b.jpg HTTP/1.1" 200 30639 "-" "Mozilla/5.0 (compatible; AhrefsBot/7.0; +http://ahrefs.com/robot/)" "ysfine.com"
51.222.253.8 - - [23/Jan/2023:04:51:02 -0800] "GET /kobak/sorae/church06b.jpg HTTP/1.1" 200 49022 "-" "Mozilla/5.0 (compatible; AhrefsBot/7.0; +http://ahrefs.com/robot/)" "ysfine.com"
51.222.253.17 - - [23/Jan/2023:04:51:02 -0800] "GET /class54/shinsm11c.jpg HTTP/1.1" 200 43567 "-" "Mozilla/5.0 (compatible; AhrefsBot/7.0; +http://ahrefs.com/robot/)" "ysfine.com"
51.222.253.3 - - [23/Jan/2023:04:51:03 -0800] "GET /class54/kgirls55a.jpg HTTP/1.1" 200 92389 "-" "Mozilla/5.0 (compatible; AhrefsBot/7.0; +http://ahrefs.com/robot/)" "ysfine.com"
51.222.253.16 - - [23/Jan/2023:04:51:03 -0800] "GET /dirac/nicodem11b.jpg HTTP/1.1" 200 79065 "-" "Mozilla/5.0 (compatible; AhrefsBot/7.0; +http://ahrefs.com/robot/)" "ysfine.com"
51.222.253.2 - - [23/Jan/2023:04:51:04 -0800] "GET /class54/campus07c.jpg HTTP/1.1" 200 51271 "-" "Mozilla/5.0 (compatible; AhrefsBot/7.0; +http://ahrefs.com/robot/)" "ysfine.com"
51.222.253.9 - - [23/Jan/2023:04:51:04 -0800] "GET /ffriends/argenseville11c.jpg HTTP/1.1" 200 43844 "-" "Mozilla/5.0 (compatible; AhrefsBot/7.0; +http://ahrefs.com/robot/)" "ysfine.com"
51.222.253.14 - - [23/Jan/2023:04:51:05 -0800] "GET /class54/kewha66a.jpg HTTP/1.1" 200 35882 "-" "Mozilla/5.0 (compatible; AhrefsBot/7.0; +http://ahrefs.com/robot/)" "ysfine.com"
51.222.253.4 - - [23/Jan/2023:04:51:05 -0800] "GET /world/ital/genoa12b.jpg HTTP/1.1" 200 31329 "-" "Mozilla/5.0 (compatible; AhrefsBot/7.0; +http://ahrefs.com/robot/)" "ysfine.com"
51.222.253.18 - - [23/Jan/2023:04:51:05 -0800] "GET /class54/socrates55a.jpg HTTP/1.1" 200 88674 "-" "Mozilla/5.0 (compatible; AhrefsBot/7.0; +http://ahrefs.com/robot/)" "ysfine.com"
51.222.253.12 - - [23/Jan/2023:04:51:06 -0800] "GET /kowar/changdoy02c.jpg HTTP/1.1" 200 29586 "-" "Mozilla/5.0 (compatible; AhrefsBot/7.0; +http://ahrefs.com/robot/)" "ysfine.com"
51.222.253.9 - - [23/Jan/2023:04:51:06 -0800] "GET /world/spain/sevi051c.jpg HTTP/1.1" 200 62623 "-" "Mozilla/5.0 (compatible; AhrefsBot/7.0; +http://ahrefs.com/robot/)" "ysfine.com"
51.222.253.3 - - [23/Jan/2023:04:51:07 -0800] "GET /class54/pics/suwa33a.jpg HTTP/1.1" 200 62670 "-" "Mozilla/5.0 (compatible; AhrefsBot/7.0; +http://ahrefs.com/robot/)" "ysfine.com"
51.222.253.5 - - [23/Jan/2023:04:51:07 -0800] "GET /world/france/montmar17b.jpg HTTP/1.1" 200 49774 "-" "Mozilla/5.0 (compatible; AhrefsBot/7.0; +http://ahrefs.com/robot/)" "ysfine.com"
51.222.253.12 - - [23/Jan/2023:04:51:08 -0800] "GET /class54/ewk86c.jpg HTTP/1.1" 200 33520 "-" "Mozilla/5.0 (compatible; AhrefsBot/7.0; +http://ahrefs.com/robot/)" "ysfine.com"
51.222.253.15 - - [23/Jan/2023:04:51:08 -0800] "GET /home/2014c.jpg HTTP/1.1" 200 67129 "-" "Mozilla/5.0 (compatible; AhrefsBot/7.0; +http://ahrefs.com/robot/)" "ysfine.com"
51.222.253.5 - - [23/Jan/2023:04:51:09 -0800] "GET /world/hungary/buda125b.jpg HTTP/1.1" 200 53000 "-" "Mozilla/5.0 (compatible; AhrefsBot/7.0; +http://ahrefs.com/robot/)" "ysfine.com"
51.222.253.14 - - [23/Jan/2023:04:51:09 -0800] "GET /class54/shinb33b.jpg HTTP/1.1" 200 29195 "-" "Mozilla/5.0 (compatible; AhrefsBot/7.0; +http://ahrefs.com/robot/)" "ysfine.com"
51.222.253.18 - - [23/Jan/2023:04:51:10 -0800] "GET /kobak/underw03b.jpg HTTP/1.1" 200 37749 "-" "Mozilla/5.0 (compatible; AhrefsBot/7.0; +http://ahrefs.com/robot/)" "ysfine.com"
51.222.253.17 - - [23/Jan/2023:04:51:10 -0800] "GET /fbook/chungilk03c.jpg HTTP/1.1" 200 39768 "-" "Mozilla/5.0 (compatible; AhrefsBot/7.0; +http://ahrefs.com/robot/)" "ysfine.com"
51.222.253.6 - - [23/Jan/2023:04:51:10 -0800] "GET /ffriends/kuwait01b.jpg HTTP/1.1" 200 47955 "-" "Mozilla/5.0 (compatible; AhrefsBot/7.0; +http://ahrefs.com/robot/)" "ysfine.com"
51.222.253.12 - - [23/Jan/2023:04:51:11 -0800] "GET /princeton/wilson06b.jpg HTTP/1.1" 200 36387 "-" "Mozilla/5.0 (compatible; AhrefsBot/7.0; +http://ahrefs.com/robot/)" "ysfine.com"
51.222.253.10 - - [23/Jan/2023:04:51:11 -0800] "GET /ffriends/argenwash01c.jpg HTTP/1.1" 200 36813 "-" "Mozilla/5.0 (compatible; AhrefsBot/7.0; +http://ahrefs.com/robot/)" "ysfine.com"
51.222.253.6 - - [23/Jan/2023:04:51:12 -0800] "GET /class54/taylor54c.jpg HTTP/1.1" 200 51362 "-" "Mozilla/5.0 (compatible; AhrefsBot/7.0; +http://ahrefs.com/robot/)" "ysfine.com"
102.65.85.157 - - [23/Jan/2023:04:51:12 -0800] "GET /eink/timemag46.jpg HTTP/1.1" 200 88741 "https://ysfine.com/eink/index.html" "Mozilla/5.0 (Linux; Android 8.1.0; SM-A260F Build/OPR6) AppleWebKit/537.36 (KHTML, like Gecko) Chrome/109.0.5414.86 Mobile Safari/537.36" "ysfine.com"
51.222.253.18 - - [23/Jan/2023:04:51:12 -0800] "GET /class54/choiyk11c.jpg HTTP/1.1" 200 32210 "-" "Mozilla/5.0 (compatible; AhrefsBot/7.0; +http://ahrefs.com/robot/)" "ysfine.com"
51.222.253.14 - - [23/Jan/2023:04:51:12 -0800] "GET /class54/admire55a.jpg HTTP/1.1" 200 73028 "-" "Mozilla/5.0 (compatible; AhrefsBot/7.0; +http://ahrefs.com/robot/)" "ysfine.com"
51.222.253.4 - - [23/Jan/2023:04:51:13 -0800] "GET /home/goodbad55c.jpg HTTP/1.1" 200 24415 "-" "Mozilla/5.0 (compatible; AhrefsBot/7.0; +http://ahrefs.com/robot/)" "ysfine.com"
66.249.93.99 - - [23/Jan/2023:04:51:13 -0800] "GET /eink/timemag46.jpg HTTP/1.1" 200 88741 "-" "Mozilla/5.0 (Linux; Android 7.0; SM-G930V Build/NRD90M) AppleWebKit/537.36 (KHTML, like Gecko) Chrome/59.0.3071.125 Mobile Safari/537.36 (compatible; Google-Read-Aloud; +https://support.google.com/webmasters/answer/1061943)" "ysfine.com"
51.222.253.5 - - [23/Jan/2023:04:51:13 -0800] "GET /ffriends/amkor/jpbuenos11b.jpg HTTP/1.1" 200 32985 "-" "Mozilla/5.0 (compatible; AhrefsBot/7.0; +http://ahrefs.com/robot/)" "ysfine.com"
51.222.253.7 - - [23/Jan/2023:04:51:14 -0800] "GET /kowar/mohican36b.jpg HTTP/1.1" 200 59659 "-" "Mozilla/5.0 (compatible; AhrefsBot/7.0; +http://ahrefs.com/robot/)" "ysfine.com"
66.249.93.99 - - [23/Jan/2023:04:51:14 -0800] "GET /eink/timemag46.jpg HTTP/1.1" 200 88741 "-" "Mozilla/5.0 (Linux; Android 7.0; SM-G930V Build/NRD90M) AppleWebKit/537.36 (KHTML, like Gecko) Chrome/59.0.3071.125 Mobile Safari/537.36 (compatible; Google-Read-Aloud; +https://support.google.com/webmasters/answer/1061943)" "ysfine.com"
66.249.93.103 - - [23/Jan/2023:04:51:14 -0800] "GET /eink/timemag46.jpg HTTP/1.1" 200 88741 "-" "Mozilla/5.0 (Linux; Android 7.0; SM-G930V Build/NRD90M) AppleWebKit/537.36 (KHTML, like Gecko) Chrome/59.0.3071.125 Mobile Safari/537.36 (compatible; Google-Read-Aloud; +https://support.google.com/webmasters/answer/1061943)" "ysfine.com"
51.222.253.16 - - [23/Jan/2023:04:51:14 -0800] "GET /class54/pics/g022b.jpg HTTP/1.1" 200 30432 "-" "Mozilla/5.0 (compatible; AhrefsBot/7.0; +http://ahrefs.com/robot/)" "ysfine.com"
51.222.253.6 - - [23/Jan/2023:04:51:14 -0800] "GET /ffriends/turklawyer02b.jpg HTTP/1.1" 200 41097 "-" "Mozilla/5.0 (compatible; AhrefsBot/7.0; +http://ahrefs.com/robot/)" "ysfine.com"
51.222.253.18 - - [23/Jan/2023:04:51:15 -0800] "GET /class54/pics/g150b.jpg HTTP/1.1" 200 45561 "-" "Mozilla/5.0 (compatible; AhrefsBot/7.0; +http://ahrefs.com/robot/)" "ysfine.com"
51.222.253.10 - - [23/Jan/2023:04:51:15 -0800] "GET /philo/marxphil55c.jpg HTTP/1.1" 200 35954 "-" "Mozilla/5.0 (compatible; AhrefsBot/7.0; +http://ahrefs.com/robot/)" "ysfine.com"
51.222.253.13 - - [23/Jan/2023:04:51:16 -0800] "GET /kobak/chungilk02b.jpg HTTP/1.1" 200 61073 "-" "Mozilla/5.0 (compatible; AhrefsBot/7.0; +http://ahrefs.com/robot/)" "ysfine.com"
51.222.253.14 - - [23/Jan/2023:04:51:16 -0800] "GET /sbk/1987brooke11c.jpg HTTP/1.1" 200 44914 "-" "Mozilla/5.0 (compatible; AhrefsBot/7.0; +http://ahrefs.com/robot/)" "ysfine.com"
51.222.253.4 - - [23/Jan/2023:04:51:17 -0800] "GET /princeton/westmin11c.jpg HTTP/1.1" 200 42407 "-" "Mozilla/5.0 (compatible; AhrefsBot/7.0; +http://ahrefs.com/robot/)" "ysfine.com"
31.13.127.12 - - [23/Jan/2023:04:52:09 -0800] "GET /friends/russian.html HTTP/1.1" 404 88 "-" "facebookexternalhit/1.1 (+http://www.facebook.com/externalhit_uatext.php)" "ysfine.com"
123.125.109.45 - - [23/Jan/2023:04:52:27 -0800] "GET / HTTP/1.1" 200 5295 "-" "Sogou web spider/4.0(+http://www.sogou.com/docs/help/webmasters.htm#07)" "www.ysfine.com"
102.65.85.157 - - [23/Jan/2023:04:52:31 -0800] "GET /home/easy.html HTTP/1.1" 200 7877 "https://ysfine.com/eink/index.html" "Mozilla/5.0 (Linux; Android 8.1.0; SM-A260F Build/OPR6) AppleWebKit/537.36 (KHTML, like Gecko) Chrome/109.0.5414.86 Mobile Safari/537.36" "ysfine.com"
102.65.85.157 - - [23/Jan/2023:04:52:31 -0800] "GET /home/eward33a.jpg HTTP/1.1" 200 63372 "https://ysfine.com/home/easy.html" "Mozilla/5.0 (Linux; Android 8.1.0; SM-A260F Build/OPR6) AppleWebKit/537.36 (KHTML, like Gecko) Chrome/109.0.5414.86 Mobile Safari/537.36" "ysfine.com"
102.65.85.157 - - [23/Jan/2023:04:52:31 -0800] "GET /home/2015c.jpg HTTP/1.1" 200 35971 "https://ysfine.com/home/easy.html" "Mozilla/5.0 (Linux; Android 8.1.0; SM-A260F Build/OPR6) AppleWebKit/537.36 (KHTML, like Gecko) Chrome/109.0.5414.86 Mobile Safari/537.36" "ysfine.com"
102.65.85.157 - - [23/Jan/2023:04:52:31 -0800] "GET /philo/toyo22a.jpg HTTP/1.1" 200 73179 "https://ysfine.com/home/easy.html" "Mozilla/5.0 (Linux; Android 8.1.0; SM-A260F Build/OPR6) AppleWebKit/537.36 (KHTML, like Gecko) Chrome/109.0.5414.86 Mobile Safari/537.36" "ysfine.com"
102.65.85.157 - - [23/Jan/2023:04:52:31 -0800] "GET /einstein/einbike11c.jpg HTTP/1.1" 200 35895 "https://ysfine.com/home/easy.html" "Mozilla/5.0 (Linux; Android 8.1.0; SM-A260F Build/OPR6) AppleWebKit/537.36 (KHTML, like Gecko) Chrome/109.0.5414.86 Mobile Safari/537.36" "ysfine.com"
102.65.85.157 - - [23/Jan/2023:04:52:32 -0800] "GET /eink/eink54a.jpg HTTP/1.1" 200 79717 "https://ysfine.com/home/easy.html" "Mozilla/5.0 (Linux; Android 8.1.0; SM-A260F Build/OPR6) AppleWebKit/537.36 (KHTML, like Gecko) Chrome/109.0.5414.86 Mobile Safari/537.36" "ysfine.com"
102.65.85.157 - - [23/Jan/2023:04:52:32 -0800] "GET /feynman/ppic/parton33a.jpg HTTP/1.1" 200 68290 "https://ysfine.com/home/easy.html" "Mozilla/5.0 (Linux; Android 8.1.0; SM-A260F Build/OPR6) AppleWebKit/537.36 (KHTML, like Gecko) Chrome/109.0.5414.86 Mobile Safari/537.36" "ysfine.com"
102.65.85.157 - - [23/Jan/2023:04:52:32 -0800] "GET /home/einbohr21a.jpg HTTP/1.1" 200 46155 "https://ysfine.com/home/easy.html" "Mozilla/5.0 (Linux; Android 8.1.0; SM-A260F Build/OPR6) AppleWebKit/537.36 (KHTML, like Gecko) Chrome/109.0.5414.86 Mobile Safari/537.36" "ysfine.com"
102.65.85.157 - - [23/Jan/2023:04:52:32 -0800] "GET /home/fotos/dirac1939c.jpg HTTP/1.1" 200 55599 "https://ysfine.com/home/easy.html" "Mozilla/5.0 (Linux; Android 8.1.0; SM-A260F Build/OPR6) AppleWebKit/537.36 (KHTML, like Gecko) Chrome/109.0.5414.86 Mobile Safari/537.36" "ysfine.com"
102.65.85.157 - - [23/Jan/2023:04:52:32 -0800] "GET /home/kbrain11c.jpg HTTP/1.1" 200 27732 "https://ysfine.com/home/easy.html" "Mozilla/5.0 (Linux; Android 8.1.0; SM-A260F Build/OPR6) AppleWebKit/537.36 (KHTML, like Gecko) Chrome/109.0.5414.86 Mobile Safari/537.36" "ysfine.com"
102.65.85.157 - - [23/Jan/2023:04:52:32 -0800] "GET /eink/pwk19c.jpg HTTP/1.1" 200 57759 "https://ysfine.com/home/easy.html" "Mozilla/5.0 (Linux; Android 8.1.0; SM-A260F Build/OPR6) AppleWebKit/537.36 (KHTML, like Gecko) Chrome/109.0.5414.86 Mobile Safari/537.36" "ysfine.com"
102.65.85.157 - - [23/Jan/2023:04:52:32 -0800] "GET /home/pdugard17a.jpg HTTP/1.1" 200 92844 "https://ysfine.com/home/easy.html" "Mozilla/5.0 (Linux; Android 8.1.0; SM-A260F Build/OPR6) AppleWebKit/537.36 (KHTML, like Gecko) Chrome/109.0.5414.86 Mobile Safari/537.36" "ysfine.com"
102.65.85.157 - - [23/Jan/2023:04:52:32 -0800] "GET /home/canal77a.jpg HTTP/1.1" 200 42959 "https://ysfine.com/home/easy.html" "Mozilla/5.0 (Linux; Android 8.1.0; SM-A260F Build/OPR6) AppleWebKit/537.36 (KHTML, like Gecko) Chrome/109.0.5414.86 Mobile Safari/537.36" "ysfine.com"
102.65.85.157 - - [23/Jan/2023:04:52:32 -0800] "GET /home/fotos/wheekim300.jpg HTTP/1.1" 200 42724 "https://ysfine.com/home/easy.html" "Mozilla/5.0 (Linux; Android 8.1.0; SM-A260F Build/OPR6) AppleWebKit/537.36 (KHTML, like Gecko) Chrome/109.0.5414.86 Mobile Safari/537.36" "ysfine.com"
102.65.85.157 - - [23/Jan/2023:04:52:32 -0800] "GET /kobak/taylor33c.jpg HTTP/1.1" 200 39951 "https://ysfine.com/home/easy.html" "Mozilla/5.0 (Linux; Android 8.1.0; SM-A260F Build/OPR6) AppleWebKit/537.36 (KHTML, like Gecko) Chrome/109.0.5414.86 Mobile Safari/537.36" "ysfine.com"
102.65.85.157 - - [23/Jan/2023:04:52:32 -0800] "GET /home/fotos/moso300.jpg HTTP/1.1" 200 15386 "https://ysfine.com/home/easy.html" "Mozilla/5.0 (Linux; Android 8.1.0; SM-A260F Build/OPR6) AppleWebKit/537.36 (KHTML, like Gecko) Chrome/109.0.5414.86 Mobile Safari/537.36" "ysfine.com"
102.65.85.157 - - [23/Jan/2023:04:52:32 -0800] "GET /home/ewk86a.jpg HTTP/1.1" 200 86008 "https://ysfine.com/home/easy.html" "Mozilla/5.0 (Linux; Android 8.1.0; SM-A260F Build/OPR6) AppleWebKit/537.36 (KHTML, like Gecko) Chrome/109.0.5414.86 Mobile Safari/537.36" "ysfine.com"
102.65.85.157 - - [23/Jan/2023:04:52:32 -0800] "GET /awards/marq/marq22a.jpg HTTP/1.1" 200 89693 "https://ysfine.com/home/easy.html" "Mozilla/5.0 (Linux; Android 8.1.0; SM-A260F Build/OPR6) AppleWebKit/537.36 (KHTML, like Gecko) Chrome/109.0.5414.86 Mobile Safari/537.36" "ysfine.com"
102.65.85.157 - - [23/Jan/2023:04:52:32 -0800] "GET /home/figs/evol77a.jpg HTTP/1.1" 200 87556 "https://ysfine.com/home/easy.html" "Mozilla/5.0 (Linux; Android 8.1.0; SM-A260F Build/OPR6) AppleWebKit/537.36 (KHTML, like Gecko) Chrome/109.0.5414.86 Mobile Safari/537.36" "ysfine.com"
102.65.85.157 - - [23/Jan/2023:04:52:32 -0800] "GET /home/figs/quapar55a.jpg HTTP/1.1" 200 76989 "https://ysfine.com/home/easy.html" "Mozilla/5.0 (Linux; Android 8.1.0; SM-A260F Build/OPR6) AppleWebKit/537.36 (KHTML, like Gecko) Chrome/109.0.5414.86 Mobile Safari/537.36" "ysfine.com"
102.65.85.157 - - [23/Jan/2023:04:52:32 -0800] "GET /einstein/einbohr55a.jpg HTTP/1.1" 200 107592 "https://ysfine.com/home/easy.html" "Mozilla/5.0 (Linux; Android 8.1.0; SM-A260F Build/OPR6) AppleWebKit/537.36 (KHTML, like Gecko) Chrome/109.0.5414.86 Mobile Safari/537.36" "ysfine.com"
102.65.85.157 - - [23/Jan/2023:04:52:32 -0800] "GET /maga/phil/hegel10c.jpg HTTP/1.1" 200 591384 "https://ysfine.com/home/easy.html" "Mozilla/5.0 (Linux; Android 8.1.0; SM-A260F Build/OPR6) AppleWebKit/537.36 (KHTML, like Gecko) Chrome/109.0.5414.86 Mobile Safari/537.36" "ysfine.com"
102.65.85.157 - - [23/Jan/2023:04:52:32 -0800] "GET /home/newtein33a.jpg HTTP/1.1" 200 78077 "https://ysfine.com/home/easy.html" "Mozilla/5.0 (Linux; Android 8.1.0; SM-A260F Build/OPR6) AppleWebKit/537.36 (KHTML, like Gecko) Chrome/109.0.5414.86 Mobile Safari/537.36" "ysfine.com"
102.65.85.157 - - [23/Jan/2023:04:52:32 -0800] "GET /wigner/isomor77a.jpg HTTP/1.1" 200 53058 "https://ysfine.com/home/easy.html" "Mozilla/5.0 (Linux; Android 8.1.0; SM-A260F Build/OPR6) AppleWebKit/537.36 (KHTML, like Gecko) Chrome/109.0.5414.86 Mobile Safari/537.36" "ysfine.com"
102.65.85.157 - - [23/Jan/2023:04:52:32 -0800] "GET /home/truck/truck21a.jpg HTTP/1.1" 200 44628 "https://ysfine.com/home/easy.html" "Mozilla/5.0 (Linux; Android 8.1.0; SM-A260F Build/OPR6) AppleWebKit/537.36 (KHTML, like Gecko) Chrome/109.0.5414.86 Mobile Safari/537.36" "ysfine.com"
102.65.85.157 - - [23/Jan/2023:04:52:32 -0800] "GET /home/fotos/moso01c.jpg HTTP/1.1" 200 44157 "https://ysfine.com/home/easy.html" "Mozilla/5.0 (Linux; Android 8.1.0; SM-A260F Build/OPR6) AppleWebKit/537.36 (KHTML, like Gecko) Chrome/109.0.5414.86 Mobile Safari/537.36" "ysfine.com"
102.65.85.157 - - [23/Jan/2023:04:52:32 -0800] "GET /world/japan/osaka124c.jpg HTTP/1.1" 200 34525 "https://ysfine.com/home/easy.html" "Mozilla/5.0 (Linux; Android 8.1.0; SM-A260F Build/OPR6) AppleWebKit/537.36 (KHTML, like Gecko) Chrome/109.0.5414.86 Mobile Safari/537.36" "ysfine.com"
102.65.85.157 - - [23/Jan/2023:04:52:32 -0800] "GET /home/truck/truck22a.jpg HTTP/1.1" 200 42431 "https://ysfine.com/home/easy.html" "Mozilla/5.0 (Linux; Android 8.1.0; SM-A260F Build/OPR6) AppleWebKit/537.36 (KHTML, like Gecko) Chrome/109.0.5414.86 Mobile Safari/537.36" "ysfine.com"
75.38.182.227 - - [23/Jan/2023:04:53:05 -0800] "GET /maga/histo/desiree22.jpg HTTP/1.1" 200 113561 "https://images.search.yahoo.com/yhs/search;_ylt=AwrEo1Yjg85jthcGNcA2nIlQ;_ylu=c2xrA3RleHQEaXQDQWxzb1RyeV9OBHNlYwNyZWwEcG9zAzE-?p=Napoleon%20and%20Desiree&fr2=p:s,v:i,m:rs-top,ct:bing,rgn:top,pos:1&fr=yhs-att-att_001&hsimp=yhs-att_001&hspart=att&type=att_pc_homerun_portal_bucket_anim_nogl" "Mozilla/5.0 (Windows NT 10.0; Win64; x64) AppleWebKit/537.36 (KHTML, like Gecko) Chrome/109.0.0.0 Safari/537.36 Edg/109.0.1518.52" "ysfine.com"
75.38.182.227 - - [23/Jan/2023:04:53:05 -0800] "GET /maga/histo/desiree21.jpg HTTP/1.1" 200 91829 "https://images.search.yahoo.com/yhs/search;_ylt=AwrEo1Yjg85jthcGNcA2nIlQ;_ylu=c2xrA3RleHQEaXQDQWxzb1RyeV9OBHNlYwNyZWwEcG9zAzE-?p=Napoleon%20and%20Desiree&fr2=p:s,v:i,m:rs-top,ct:bing,rgn:top,pos:1&fr=yhs-att-att_001&hsimp=yhs-att_001&hspart=att&type=att_pc_homerun_portal_bucket_anim_nogl" "Mozilla/5.0 (Windows NT 10.0; Win64; x64) AppleWebKit/537.36 (KHTML, like Gecko) Chrome/109.0.0.0 Safari/537.36 Edg/109.0.1518.52" "www.ysfine.com"
46.13.66.227 - - [23/Jan/2023:04:55:29 -0800] "GET /kowar/panmun04.jpg HTTP/1.1" 200 126386 "https://www.google.com/" "Mozilla/5.0 (Windows NT 10.0; Win64; x64) AppleWebKit/537.36 (KHTML, like Gecko) Chrome/109.0.0.0 Safari/537.36" "ysfine.com"
216.244.66.229 - - [23/Jan/2023:04:58:07 -0800] "GET /robots.txt HTTP/1.1" 404 73 "-" "Mozilla/5.0 (compatible; DotBot/1.2; +https://opensiteexplorer.org/dotbot; help@moz.com)" "ysfine.com"
66.102.6.77 - - [23/Jan/2023:04:58:39 -0800] "GET /kobak/somap38.jpg HTTP/1.1" 200 109622 "-" "Mozilla/5.0 (Windows NT 5.1; rv:11.0) Gecko Firefox/11.0 (via ggpht.com GoogleImageProxy)" "ysfine.com"
18.219.101.86 - - [23/Jan/2023:05:00:40 -0800] "GET /ads.txt HTTP/1.1" 404 88 "http://ysfine.com/ads.txt" "AdsTxtCrawler/1.0; +https://github.com/InteractiveAdvertisingBureau/adstxtcrawler" "ysfine.com"
207.46.13.167 - - [23/Jan/2023:05:01:29 -0800] "GET /bio/wigner/e(2).html HTTP/1.1" 404 88 "-" "Mozilla/5.0 AppleWebKit/537.36 (KHTML, like Gecko; compatible; bingbot/2.0; +http://www.bing.com/bingbot.htm) Chrome/103.0.5060.134 Safari/537.36" "ysfine.com"
157.55.39.72 - - [23/Jan/2023:05:02:20 -0800] "GET /bio.html HTTP/1.1" 200 18260 "-" "Mozilla/5.0 AppleWebKit/537.36 (KHTML, like Gecko; compatible; bingbot/2.0; +http://www.bing.com/bingbot.htm) Chrome/103.0.5060.134 Safari/537.36" "ysfine.com"
213.180.203.3 - - [23/Jan/2023:05:02:42 -0800] "GET /robots.txt HTTP/1.1" 404 73 "-" "Mozilla/5.0 (compatible; YandexBot/3.0; +http://yandex.com/bots)" "www.ysfine.com"
87.250.224.29 - - [23/Jan/2023:05:02:46 -0800] "GET /yspapers/index.html HTTP/1.1" 200 21304 "-" "Mozilla/5.0 (compatible; YandexBot/3.0; +http://yandex.com/bots) AppleWebKit/537.36 (KHTML, like Gecko) Chrome/81.0.4044.268" "www.ysfine.com"
95.108.213.70 - - [23/Jan/2023:05:02:59 -0800] "GET /kobak/tank21.jpg HTTP/1.1" 404 88 "-" "Mozilla/5.0 (compatible; YandexImages/3.0; +http://yandex.com/bots)" "www.ysfine.com"
157.55.39.72 - - [23/Jan/2023:05:03:29 -0800] "GET /bio/kobak/soraech.html HTTP/1.1" 404 88 "-" "Mozilla/5.0 AppleWebKit/537.36 (KHTML, like Gecko; compatible; bingbot/2.0; +http://www.bing.com/bingbot.htm) Chrome/103.0.5060.134 Safari/537.36" "ysfine.com"
40.77.167.11 - - [23/Jan/2023:05:04:10 -0800] "GET /bio/einstein/bern.html HTTP/1.1" 404 88 "-" "Mozilla/5.0 AppleWebKit/537.36 (KHTML, like Gecko; compatible; bingbot/2.0; +http://www.bing.com/bingbot.htm) Chrome/103.0.5060.134 Safari/537.36" "ysfine.com"
207.46.13.15 - - [23/Jan/2023:05:05:00 -0800] "GET /bio/style/proschanie.html HTTP/1.1" 404 88 "-" "Mozilla/5.0 AppleWebKit/537.36 (KHTML, like Gecko; compatible; bingbot/2.0; +http://www.bing.com/bingbot.htm) Chrome/103.0.5060.134 Safari/537.36" "ysfine.com"
87.250.224.130 - - [23/Jan/2023:05:06:24 -0800] "GET /dongio/omsk.html HTTP/1.1" 404 88 "-" "Mozilla/5.0 (compatible; YandexBot/3.0; +http://yandex.com/bots) AppleWebKit/537.36 (KHTML, like Gecko) Chrome/81.0.4044.268" "www.ysfine.com"
207.46.13.27 - - [23/Jan/2023:05:07:15 -0800] "GET /bio/kobak/yskor.html HTTP/1.1" 404 88 "-" "Mozilla/5.0 AppleWebKit/537.36 (KHTML, like Gecko; compatible; bingbot/2.0; +http://www.bing.com/bingbot.htm) Chrome/103.0.5060.134 Safari/537.36" "ysfine.com"
51.222.253.1 - - [23/Jan/2023:05:08:43 -0800] "GET /maga/tesla.html HTTP/1.1" 200 4852 "-" "Mozilla/5.0 (compatible; AhrefsBot/7.0; +http://ahrefs.com/robot/)" "www.ysfine.com"
51.222.253.7 - - [23/Jan/2023:05:08:46 -0800] "GET /maga/invent/mosin2.jpg HTTP/1.1" 200 51881 "-" "Mozilla/5.0 (compatible; AhrefsBot/7.0; +http://ahrefs.com/robot/)" "www.ysfine.com"
51.222.253.5 - - [23/Jan/2023:05:08:46 -0800] "GET /maga/invent/tesla11b.jpg HTTP/1.1" 200 47570 "-" "Mozilla/5.0 (compatible; AhrefsBot/7.0; +http://ahrefs.com/robot/)" "www.ysfine.com"
51.222.253.15 - - [23/Jan/2023:05:08:47 -0800] "GET /maga/invent/westing2.jpg HTTP/1.1" 200 40071 "-" "Mozilla/5.0 (compatible; AhrefsBot/7.0; +http://ahrefs.com/robot/)" "www.ysfine.com"
51.222.253.19 - - [23/Jan/2023:05:08:47 -0800] "GET /maga/invent/inductmo2.jpg HTTP/1.1" 200 40426 "-" "Mozilla/5.0 (compatible; AhrefsBot/7.0; +http://ahrefs.com/robot/)" "www.ysfine.com"
207.46.13.27 - - [23/Jan/2023:05:09:27 -0800] "GET /bio/style/artlove.html HTTP/1.1" 404 88 "-" "Mozilla/5.0 AppleWebKit/537.36 (KHTML, like Gecko; compatible; bingbot/2.0; +http://www.bing.com/bingbot.htm) Chrome/103.0.5060.134 Safari/537.36" "ysfine.com"
185.231.207.53 - - [23/Jan/2023:05:09:37 -0800] "GET /friends/airlines.html HTTP/1.1" 404 73 "https://ysfine.com/friends/airlines.html" "Mozilla/5.0 (Windows NT 10.0; Win64; x64) AppleWebKit/537.36 (KHTML, like Gecko) Chrome/90.0.4430.86 Safari/537.36" "ysfine.com"
185.231.207.53 - - [23/Jan/2023:05:09:38 -0800] "GET / HTTP/1.1" 200 15915 "https://ysfine.com/" "Mozilla/5.0 (Windows NT 10.0; Win64; x64) AppleWebKit/537.36 (KHTML, like Gecko) Chrome/90.0.4430.86 Safari/537.36" "ysfine.com"
147.235.208.240 - - [23/Jan/2023:05:09:45 -0800] "GET /maga/phys/landau35b.jpg HTTP/1.1" 200 26143 "https://www.google.com/" "Mozilla/5.0 (Windows NT 10.0; Win64; x64) AppleWebKit/537.36 (KHTML, like Gecko) Chrome/108.0.0.0 Safari/537.36" "ysfine.com"
112.97.87.67 - - [23/Jan/2023:05:10:08 -0800] "GET /heisen/einheisen11.html HTTP/1.1" 200 3870 "https://m.baidu.com/" "Mozilla/5.0 (iPhone; CPU iPhone OS 15_1 like Mac OS X) AppleWebKit/605.1.15 (KHTML, like Gecko) Mobile/15E148 SP-engine/2.64.0 main%2F1.0 baiduboxapp/13.26.1.12 (Baidu; P2 15.1) NABar/1.0 themeUA=Theme/default" "www.ysfine.com"
104.28.132.4 - - [23/Jan/2023:05:10:15 -0800] "GET /princeton/brooke22.jpg HTTP/1.1" 200 87673 "https://www.google.ca/" "Mozilla/5.0 (iPhone; CPU iPhone OS 16_2 like Mac OS X) AppleWebKit/605.1.15 (KHTML, like Gecko) Version/16.2 Mobile/15E148 Safari/604.1" "ysfine.com"
207.46.13.167 - - [23/Jan/2023:05:11:38 -0800] "GET /sbk/2013buda05.jpg HTTP/1.1" 200 90405 "-" "Mozilla/5.0 AppleWebKit/537.36 (KHTML, like Gecko; compatible; bingbot/2.0; +http://www.bing.com/bingbot.htm) Chrome/103.0.5060.134 Safari/537.36" "www.ysfine.com"
207.46.13.176 - - [23/Jan/2023:05:12:40 -0800] "GET /bio/eink/buythisbook.html HTTP/1.1" 404 88 "-" "Mozilla/5.0 AppleWebKit/537.36 (KHTML, like Gecko; compatible; bingbot/2.0; +http://www.bing.com/bingbot.htm) Chrome/103.0.5060.134 Safari/537.36" "ysfine.com"
207.46.13.27 - - [23/Jan/2023:05:16:27 -0800] "GET /world/russ/kremtheater11.jpg HTTP/1.1" 200 174356 "-" "Mozilla/5.0 AppleWebKit/537.36 (KHTML, like Gecko; compatible; bingbot/2.0; +http://www.bing.com/bingbot.htm) Chrome/103.0.5060.134 Safari/537.36" "www.ysfine.com"
189.40.80.229 - - [23/Jan/2023:05:16:59 -0800] "GET /wigner/neum/vnc01.jpg HTTP/1.1" 200 133641 "https://sites.google.com/" "Mozilla/5.0 (Linux; Android 10; SM-A920F) AppleWebKit/537.36 (KHTML, like Gecko) Chrome/109.0.0.0 Mobile Safari/537.36" "ysfine.com"
207.46.13.27 - - [23/Jan/2023:05:17:16 -0800] "GET /world/germany/oktf10b.jpg HTTP/1.1" 200 46446 "-" "Mozilla/5.0 AppleWebKit/537.36 (KHTML, like Gecko; compatible; bingbot/2.0; +http://www.bing.com/bingbot.htm) Chrome/103.0.5060.134 Safari/537.36" "ysfine.com"
46.60.254.42 - - [23/Jan/2023:05:17:17 -0800] "GET /wigner/neum/vnc02.jpg HTTP/1.1" 200 122957 "https://www.google.co.uk/" "Mozilla/5.0 (Windows NT 10.0; Win64; x64) AppleWebKit/537.36 (KHTML, like Gecko) Chrome/109.0.0.0 Safari/537.36" "ysfine.com"
207.46.13.167 - - [23/Jan/2023:05:17:30 -0800] "GET /bio/princeton/campus.html HTTP/1.1" 404 88 "-" "Mozilla/5.0 AppleWebKit/537.36 (KHTML, like Gecko; compatible; bingbot/2.0; +http://www.bing.com/bingbot.htm) Chrome/103.0.5060.134 Safari/537.36" "ysfine.com"
207.46.13.167 - - [23/Jan/2023:05:18:08 -0800] "GET /feynman/feyprince.html HTTP/1.1" 200 440 "-" "Mozilla/5.0 AppleWebKit/537.36 (KHTML, like Gecko; compatible; bingbot/2.0; +http://www.bing.com/bingbot.htm) Chrome/103.0.5060.134 Safari/537.36" "www.ysfine.com"
40.77.167.11 - - [23/Jan/2023:05:18:52 -0800] "GET /bio/kobak/namdae.html HTTP/1.1" 404 88 "-" "Mozilla/5.0 (compatible; bingbot/2.0; +http://www.bing.com/bingbot.htm)" "ysfine.com"
125.209.235.167 - - [23/Jan/2023:05:19:38 -0800] "GET /robots.txt HTTP/1.1" 404 88 "-" "Mozilla/5.0 (compatible; Yeti/1.1; +https://naver.me/spd)" "www.ysfine.com"
125.209.235.180 - - [23/Jan/2023:05:19:44 -0800] "GET /robots.txt HTTP/1.1" 404 88 "-" "Mozilla/5.0 (compatible; Yeti/1.1; +https://naver.me/spd)" "www.ysfine.com"
110.93.150.77 - - [23/Jan/2023:05:19:44 -0800] "GET / HTTP/1.1" 200 5295 "-" "Mozilla/5.0 (compatible; Yeti/1.1; +https://naver.me/spd)" "www.ysfine.com"
90.171.228.242 - - [23/Jan/2023:05:23:01 -0800] "GET /yspapers/phpr.pdf HTTP/1.1" 200 132409 "https://www.google.es/" "Mozilla/5.0 (Macintosh; Intel Mac OS X 10_15_7) AppleWebKit/605.1.15 (KHTML, like Gecko) Version/16.2 Safari/605.1.15" "ysfine.com"
90.171.228.242 - - [23/Jan/2023:05:23:02 -0800] "GET /favicon.ico HTTP/1.1" 404 88 "https://ysfine.com/yspapers/phpr.pdf" "Mozilla/5.0 (Macintosh; Intel Mac OS X 10_15_7) AppleWebKit/605.1.15 (KHTML, like Gecko) Version/16.2 Safari/605.1.15" "ysfine.com"
207.46.13.89 - - [23/Jan/2023:05:23:24 -0800] "GET /world/hungary/buda120.jpg HTTP/1.1" 200 118025 "-" "Mozilla/5.0 AppleWebKit/537.36 (KHTML, like Gecko; compatible; bingbot/2.0; +http://www.bing.com/bingbot.htm) Chrome/103.0.5060.134 Safari/537.36" "ysfine.com"
5.255.253.124 - - [23/Jan/2023:05:24:51 -0800] "GET /yspapers/index.html HTTP/1.1" 200 21304 "-" "Mozilla/5.0 (compatible; YandexBot/3.0; +http://yandex.com/bots) AppleWebKit/537.36 (KHTML, like Gecko) Chrome/81.0.4044.268" "www.ysfine.com"
51.222.253.17 - - [23/Jan/2023:05:26:16 -0800] "GET /wisdom/lastrain.html HTTP/1.1" 200 1843 "-" "Mozilla/5.0 (compatible; AhrefsBot/7.0; +http://ahrefs.com/robot/)" "ysfine.com"
51.222.253.1 - - [23/Jan/2023:05:26:18 -0800] "GET /wisdom/mskim11c.jpg HTTP/1.1" 200 57082 "-" "Mozilla/5.0 (compatible; AhrefsBot/7.0; +http://ahrefs.com/robot/)" "ysfine.com"
207.46.13.27 - - [23/Jan/2023:05:27:10 -0800] "GET /bio/sbk/1950.html HTTP/1.1" 404 88 "-" "Mozilla/5.0 AppleWebKit/537.36 (KHTML, like Gecko; compatible; bingbot/2.0; +http://www.bing.com/bingbot.htm) Chrome/103.0.5060.134 Safari/537.36" "ysfine.com"
173.252.107.8 - - [23/Jan/2023:05:27:55 -0800] "GET /people/bhagat.jpg HTTP/1.1" 200 90673 "-" "facebookexternalhit/1.1 (+http://www.facebook.com/externalhit_uatext.php)" "ysfine.com"
96.59.220.16 - - [23/Jan/2023:05:31:38 -0800] "GET /princeton/brooke22.jpg HTTP/1.1" 200 87673 "https://www.google.com/" "Mozilla/5.0 (iPhone; CPU iPhone OS 16_1_1 like Mac OS X) AppleWebKit/605.1.15 (KHTML, like Gecko) Version/16.1 Mobile/15E148 Safari/604.1" "ysfine.com"
87.250.224.29 - - [23/Jan/2023:05:32:33 -0800] "GET /einstein/bern.html HTTP/1.1" 200 8314 "-" "Mozilla/5.0 (compatible; YandexBot/3.0; +http://yandex.com/bots) AppleWebKit/537.36 (KHTML, like Gecko) Chrome/81.0.4044.268" "www.ysfine.com"
207.46.13.176 - - [23/Jan/2023:05:33:02 -0800] "GET /bio/kobak/soraech.html HTTP/1.1" 404 88 "-" "Mozilla/5.0 AppleWebKit/537.36 (KHTML, like Gecko; compatible; bingbot/2.0; +http://www.bing.com/bingbot.htm) Chrome/103.0.5060.134 Safari/537.36" "ysfine.com"
18.207.202.238 - - [23/Jan/2023:05:33:42 -0800] "GET /sitemap.xml HTTP/1.1" 304 - "https://www.google.com/" "Mozilla/5.0 (Windows NT 10.0; Win64; x64) AppleWebKit/537.36 (KHTML, like Gecko) Chrome/74.0.3729.169 Safari/537.36" "www.ysfine.com"
178.197.235.140 - - [23/Jan/2023:05:33:57 -0800] "GET /wigner/neum/vnc03.jpg HTTP/1.1" 200 80421 "https://www.google.com/" "Mozilla/5.0 (Windows NT 10.0; Win64; x64) AppleWebKit/537.36 (KHTML, like Gecko) Chrome/109.0.0.0 Safari/537.36" "ysfine.com"
94.23.207.193 - - [23/Jan/2023:05:35:49 -0800] "GET /robots.txt HTTP/1.1" 404 73 "-" "Mozilla/5.0 (compatible; MJ12bot/v1.4.8; http://mj12bot.com/)" "www.ysfine.com"
94.23.207.193 - - [23/Jan/2023:05:35:57 -0800] "GET /world/places/ulm07.jpg HTTP/1.1" 200 114786 "-" "Mozilla/5.0 (compatible; MJ12bot/v1.4.8; http://mj12bot.com/)" "www.ysfine.com"
94.23.207.193 - - [23/Jan/2023:05:36:05 -0800] "GET /world/places/ulm11.jpg HTTP/1.1" 200 153785 "-" "Mozilla/5.0 (compatible; MJ12bot/v1.4.8; http://mj12bot.com/)" "www.ysfine.com"
94.23.207.193 - - [23/Jan/2023:05:36:13 -0800] "GET /world/places/ulm21.jpg HTTP/1.1" 200 111448 "-" "Mozilla/5.0 (compatible; MJ12bot/v1.4.8; http://mj12bot.com/)" "www.ysfine.com"
94.23.207.193 - - [23/Jan/2023:05:36:21 -0800] "GET /world/places/ulm22.jpg HTTP/1.1" 200 95004 "-" "Mozilla/5.0 (compatible; MJ12bot/v1.4.8; http://mj12bot.com/)" "www.ysfine.com"
94.23.207.193 - - [23/Jan/2023:05:36:30 -0800] "GET /world/places/ulm26.jpg HTTP/1.1" 200 104983 "-" "Mozilla/5.0 (compatible; MJ12bot/v1.4.8; http://mj12bot.com/)" "www.ysfine.com"
94.23.207.193 - - [23/Jan/2023:05:36:40 -0800] "GET /world/places/ulm27.jpg HTTP/1.1" 200 81790 "-" "Mozilla/5.0 (compatible; MJ12bot/v1.4.8; http://mj12bot.com/)" "www.ysfine.com"
94.23.207.193 - - [23/Jan/2023:05:36:47 -0800] "GET /world/places/ulm28.jpg HTTP/1.1" 200 105515 "-" "Mozilla/5.0 (compatible; MJ12bot/v1.4.8; http://mj12bot.com/)" "www.ysfine.com"
94.23.207.193 - - [23/Jan/2023:05:36:59 -0800] "GET /world/places/ulm29.jpg HTTP/1.1" 200 112304 "-" "Mozilla/5.0 (compatible; MJ12bot/v1.4.8; http://mj12bot.com/)" "www.ysfine.com"
94.23.207.193 - - [23/Jan/2023:05:37:09 -0800] "GET /world/places/ulm30.jpg HTTP/1.1" 200 130120 "-" "Mozilla/5.0 (compatible; MJ12bot/v1.4.8; http://mj12bot.com/)" "www.ysfine.com"
207.46.13.167 - - [23/Jan/2023:05:37:13 -0800] "GET /bio/wigner/e(2).html HTTP/1.1" 404 88 "-" "Mozilla/5.0 AppleWebKit/537.36 (KHTML, like Gecko; compatible; bingbot/2.0; +http://www.bing.com/bingbot.htm) Chrome/103.0.5060.134 Safari/537.36" "ysfine.com"
94.23.207.193 - - [23/Jan/2023:05:37:15 -0800] "GET /world/places/ulm32.jpg HTTP/1.1" 200 91482 "-" "Mozilla/5.0 (compatible; MJ12bot/v1.4.8; http://mj12bot.com/)" "www.ysfine.com"
94.23.207.193 - - [23/Jan/2023:05:37:19 -0800] "GET /world/russ/mosmusic55.jpg HTTP/1.1" 200 170298 "-" "Mozilla/5.0 (compatible; MJ12bot/v1.4.8; http://mj12bot.com/)" "www.ysfine.com"
64.233.173.141 - - [23/Jan/2023:05:37:28 -0800] "GET /einstein/photoelr.gif HTTP/1.1" 200 4549 "-" "Mozilla/5.0 (Windows NT 5.1; rv:11.0) Gecko Firefox/11.0 (via ggpht.com GoogleImageProxy)" "www.ysfine.com"
207.46.13.176 - - [23/Jan/2023:05:38:13 -0800] "GET /bio.html HTTP/1.1" 200 18260 "-" "Mozilla/5.0 AppleWebKit/537.36 (KHTML, like Gecko; compatible; bingbot/2.0; +http://www.bing.com/bingbot.htm) Chrome/103.0.5060.134 Safari/537.36" "ysfine.com"
125.209.235.170 - - [23/Jan/2023:05:38:40 -0800] "GET /robots.txt HTTP/1.1" 404 88 "-" "Mozilla/5.0 (compatible; Yeti/1.1; +https://naver.me/spd)" "ysfine.com"
98.58.226.183 - - [23/Jan/2023:05:38:55 -0800] "GET /princeton/brooke22.jpg HTTP/1.1" 200 87673 "https://www.google.com/" "Mozilla/5.0 (iPad; CPU OS 12_5_6 like Mac OS X) AppleWebKit/605.1.15 (KHTML, like Gecko) Version/12.1.2 Mobile/15E148 Safari/604.1" "ysfine.com"
125.209.235.179 - - [23/Jan/2023:05:39:05 -0800] "GET /robots.txt HTTP/1.1" 404 88 "-" "Mozilla/5.0 (compatible; Yeti/1.1; +https://naver.me/spd)" "ysfine.com"
110.93.150.90 - - [23/Jan/2023:05:39:06 -0800] "GET / HTTP/1.1" 200 5295 "-" "Mozilla/5.0 (compatible; Yeti/1.1; +https://naver.me/spd)" "ysfine.com"
3.234.230.222 - - [23/Jan/2023:05:39:14 -0800] "GET /ads.txt HTTP/1.1" 404 88 "-" "AdsTxtCrawler/1.0.2" "ysfine.com"
90.37.114.46 - - [23/Jan/2023:05:39:30 -0800] "GET /style/tatiana11.jpg HTTP/1.1" 200 146910 "https://www.google.com/" "Mozilla/5.0 (Linux; Android 13; SM-A515F Build/TP1A.220624.014; wv) AppleWebKit/537.36 (KHTML, like Gecko) Version/4.0 Chrome/108.0.5359.128 Mobile Safari/537.36 GoogleApp/14.3.9.26.arm64" "ysfine.com"
40.77.167.11 - - [23/Jan/2023:05:39:35 -0800] "GET /bio/einstein/bern.html HTTP/1.1" 404 88 "-" "Mozilla/5.0 (compatible; bingbot/2.0; +http://www.bing.com/bingbot.htm)" "ysfine.com"
207.46.13.15 - - [23/Jan/2023:05:40:13 -0800] "GET /bio/style/proschanie.html HTTP/1.1" 404 88 "-" "Mozilla/5.0 AppleWebKit/537.36 (KHTML, like Gecko; compatible; bingbot/2.0; +http://www.bing.com/bingbot.htm) Chrome/103.0.5060.134 Safari/537.36" "ysfine.com"
44.211.255.36 - - [23/Jan/2023:05:40:58 -0800] "GET /sitemap.xml HTTP/1.1" 304 - "https://www.google.com/" "Mozilla/5.0 (Windows NT 10.0; Win64; x64; rv:74.0) Gecko/20100101 Firefox/74.0" "ysfine.com"
189.40.83.138 - - [23/Jan/2023:05:41:24 -0800] "GET /wigner/neum/vnc01.jpg HTTP/1.1" 200 133641 "https://sites.google.com/" "Mozilla/5.0 (Linux; Android 13; SM-N986B) AppleWebKit/537.36 (KHTML, like Gecko) Chrome/109.0.0.0 Mobile Safari/537.36" "ysfine.com"
207.46.13.27 - - [23/Jan/2023:05:41:51 -0800] "GET /bio/kobak/yskor.html HTTP/1.1" 404 88 "-" "Mozilla/5.0 AppleWebKit/537.36 (KHTML, like Gecko; compatible; bingbot/2.0; +http://www.bing.com/bingbot.htm) Chrome/103.0.5060.134 Safari/537.36" "ysfine.com"
222.186.43.114 - - [23/Jan/2023:05:41:53 -0800] "GET /data/admin/allowurl.txt HTTP/1.1" 404 88 "-" "Mozilla/5.0 (Windows NT 10.0; WOW64; rv:48.0) Gecko/20100101 Firefox/48.0" "www.ysfine.com"
213.180.203.62 - - [23/Jan/2023:05:42:27 -0800] "GET /ysbio/kobak/kimc.html HTTP/1.1" 404 88 "-" "Mozilla/5.0 (compatible; YandexBot/3.0; +http://yandex.com/bots) AppleWebKit/537.36 (KHTML, like Gecko) Chrome/81.0.4044.268" "www.ysfine.com"
34.28.46.179 - - [23/Jan/2023:05:43:13 -0800] "GET / HTTP/1.1" 200 5295 "-" "python-requests/2.28.2" "www.ysfine.com"
51.222.253.4 - - [23/Jan/2023:05:45:24 -0800] "GET /feynman/chewfrau.html HTTP/1.1" 200 3075 "-" "Mozilla/5.0 (compatible; AhrefsBot/7.0; +http://ahrefs.com/robot/)" "ysfine.com"
51.222.253.2 - - [23/Jan/2023:05:45:25 -0800] "GET /feynman/gfchew11c.jpg HTTP/1.1" 200 27337 "-" "Mozilla/5.0 (compatible; AhrefsBot/7.0; +http://ahrefs.com/robot/)" "ysfine.com"
51.222.253.9 - - [23/Jan/2023:05:45:26 -0800] "GET /feynman/feyn70cc.jpg HTTP/1.1" 200 19224 "-" "Mozilla/5.0 (compatible; AhrefsBot/7.0; +http://ahrefs.com/robot/)" "ysfine.com"
207.46.13.27 - - [23/Jan/2023:05:45:59 -0800] "GET /bio/style/artlove.html HTTP/1.1" 404 88 "-" "Mozilla/5.0 AppleWebKit/537.36 (KHTML, like Gecko; compatible; bingbot/2.0; +http://www.bing.com/bingbot.htm) Chrome/103.0.5060.134 Safari/537.36" "ysfine.com"
217.115.34.254 - - [23/Jan/2023:05:46:08 -0800] "GET /confer/matrices.html HTTP/1.1" 200 1815 "-" "Mozilla/5.0 (Windows NT 10.0; Win64; x64) AppleWebKit/537.36 (KHTML, like Gecko) Chrome/60.0.3112.113 Safari/537.36" "ysfine.com"
40.77.167.11 - - [23/Jan/2023:05:47:14 -0800] "GET /maga/feynman/fagenda.html HTTP/1.1" 404 88 "-" "Mozilla/5.0 (compatible; bingbot/2.0; +http://www.bing.com/bingbot.htm)" "ysfine.com"
157.55.39.72 - - [23/Jan/2023:05:48:14 -0800] "GET /bio/eink/buythisbook.html HTTP/1.1" 404 88 "-" "Mozilla/5.0 AppleWebKit/537.36 (KHTML, like Gecko; compatible; bingbot/2.0; +http://www.bing.com/bingbot.htm) Chrome/103.0.5060.134 Safari/537.36" "ysfine.com"
