51.222.253.14 - - [23/Jan/2023:16:15:10 -0800] "GET /maga/hugo.html HTTP/1.1" 200 4000 "-" "Mozilla/5.0 (compatible; AhrefsBot/7.0; +http://ahrefs.com/robot/)" "www.ysfine.com"
51.222.253.5 - - [23/Jan/2023:16:15:16 -0800] "GET /maga/phil/hugo2.jpg HTTP/1.1" 200 58892 "-" "Mozilla/5.0 (compatible; AhrefsBot/7.0; +http://ahrefs.com/robot/)" "www.ysfine.com"
51.222.253.16 - - [23/Jan/2023:16:15:17 -0800] "GET /world/france/hugobes01b.jpg HTTP/1.1" 200 64439 "-" "Mozilla/5.0 (compatible; AhrefsBot/7.0; +http://ahrefs.com/robot/)" "www.ysfine.com"
98.37.251.0 - - [23/Jan/2023:16:15:52 -0800] "GET /maga/herod.html HTTP/1.1" 200 4341 "https://ysfine.com/eink/mose.html" "Mozilla/5.0 (Windows NT 10.0; Win64; x64) AppleWebKit/537.36 (KHTML, like Gecko) Chrome/109.0.0.0 Safari/537.36" "ysfine.com"
98.37.251.0 - - [23/Jan/2023:16:15:53 -0800] "GET /maga/phil/herod33c.jpg HTTP/1.1" 200 45604 "https://ysfine.com/maga/herod.html" "Mozilla/5.0 (Windows NT 10.0; Win64; x64) AppleWebKit/537.36 (KHTML, like Gecko) Chrome/109.0.0.0 Safari/537.36" "ysfine.com"
98.37.251.0 - - [23/Jan/2023:16:15:53 -0800] "GET /wigner/michwight11c.jpg HTTP/1.1" 200 38388 "https://ysfine.com/maga/herod.html" "Mozilla/5.0 (Windows NT 10.0; Win64; x64) AppleWebKit/537.36 (KHTML, like Gecko) Chrome/109.0.0.0 Safari/537.36" "ysfine.com"
98.37.251.0 - - [23/Jan/2023:16:15:53 -0800] "GET /home/taylor400.jpg HTTP/1.1" 200 56181 "https://ysfine.com/maga/herod.html" "Mozilla/5.0 (Windows NT 10.0; Win64; x64) AppleWebKit/537.36 (KHTML, like Gecko) Chrome/109.0.0.0 Safari/537.36" "ysfine.com"
98.37.251.0 - - [23/Jan/2023:16:15:53 -0800] "GET /eink/pawkim19e.jpg HTTP/1.1" 200 85621 "https://ysfine.com/maga/herod.html" "Mozilla/5.0 (Windows NT 10.0; Win64; x64) AppleWebKit/537.36 (KHTML, like Gecko) Chrome/109.0.0.0 Safari/537.36" "ysfine.com"
98.37.251.0 - - [23/Jan/2023:16:15:53 -0800] "GET /maga/phil/herod11c.jpg HTTP/1.1" 200 76011 "https://ysfine.com/maga/herod.html" "Mozilla/5.0 (Windows NT 10.0; Win64; x64) AppleWebKit/537.36 (KHTML, like Gecko) Chrome/109.0.0.0 Safari/537.36" "ysfine.com"
98.37.251.0 - - [23/Jan/2023:16:15:53 -0800] "GET /wigner/tollwig11c.jpg HTTP/1.1" 200 30497 "https://ysfine.com/maga/herod.html" "Mozilla/5.0 (Windows NT 10.0; Win64; x64) AppleWebKit/537.36 (KHTML, like Gecko) Chrome/109.0.0.0 Safari/537.36" "ysfine.com"
98.37.251.0 - - [23/Jan/2023:16:15:53 -0800] "GET /wigner/michwight22c.jpg HTTP/1.1" 200 32821 "https://ysfine.com/maga/herod.html" "Mozilla/5.0 (Windows NT 10.0; Win64; x64) AppleWebKit/537.36 (KHTML, like Gecko) Chrome/109.0.0.0 Safari/537.36" "ysfine.com"
114.119.156.56 - - [23/Jan/2023:16:17:12 -0800] "GET /maga/%20http:/en.wikipedia.org/wiki/Ernst_Guillemin HTTP/1.1" 404 88 "-" "Mozilla/5.0 (Linux; Android 7.0;) AppleWebKit/537.36 (KHTML, like Gecko) Mobile Safari/537.36 (compatible; PetalBot;+https://webmaster.petalsearch.com/site/petalbot)" "ysfine.com"
114.119.154.211 - - [23/Jan/2023:16:18:02 -0800] "GET /home/covar.html HTTP/1.1" 404 88 "-" "Mozilla/5.0 (Linux; Android 7.0;) AppleWebKit/537.36 (KHTML, like Gecko) Mobile Safari/537.36 (compatible; PetalBot;+https://webmaster.petalsearch.com/site/petalbot)" "ysfine.com"
207.46.13.15 - - [23/Jan/2023:16:18:11 -0800] "GET /wdc/kobell07.jpg HTTP/1.1" 200 124326 "-" "Mozilla/5.0 AppleWebKit/537.36 (KHTML, like Gecko; compatible; bingbot/2.0; +http://www.bing.com/bingbot.htm) Chrome/103.0.5060.134 Safari/537.36" "www.ysfine.com"
114.119.135.107 - - [23/Jan/2023:16:19:25 -0800] "GET /einstein/goedel54.html HTTP/1.1" 404 88 "-" "Mozilla/5.0 (Linux; Android 7.0;) AppleWebKit/537.36 (KHTML, like Gecko) Mobile Safari/537.36 (compatible; PetalBot;+https://webmaster.petalsearch.com/site/petalbot)" "ysfine.com"
157.55.39.60 - - [23/Jan/2023:16:19:30 -0800] "GET /bio/einstein/bern.html HTTP/1.1" 404 88 "-" "Mozilla/5.0 AppleWebKit/537.36 (KHTML, like Gecko; compatible; bingbot/2.0; +http://www.bing.com/bingbot.htm) Chrome/103.0.5060.134 Safari/537.36" "ysfine.com"
157.55.39.60 - - [23/Jan/2023:16:19:54 -0800] "GET /world/germany/mucf28.jpg HTTP/1.1" 200 111505 "-" "Mozilla/5.0 AppleWebKit/537.36 (KHTML, like Gecko; compatible; bingbot/2.0; +http://www.bing.com/bingbot.htm) Chrome/103.0.5060.134 Safari/537.36" "www.ysfine.com"
207.46.13.15 - - [23/Jan/2023:16:20:04 -0800] "GET /bio/style/proschanie.html HTTP/1.1" 404 88 "-" "Mozilla/5.0 AppleWebKit/537.36 (KHTML, like Gecko; compatible; bingbot/2.0; +http://www.bing.com/bingbot.htm) Chrome/103.0.5060.134 Safari/537.36" "ysfine.com"
114.119.141.152 - - [23/Jan/2023:16:20:45 -0800] "GET /robots.txt HTTP/1.1" 404 88 "-" "Mozilla/5.0 (compatible;PetalBot;+https://webmaster.petalsearch.com/site/petalbot)" "www.ysfine.com"
114.119.141.84 - - [23/Jan/2023:16:21:04 -0800] "GET /jobs/koreaj08021.pdf HTTP/1.1" 404 88 "-" "Mozilla/5.0 (Linux; Android 7.0;) AppleWebKit/537.36 (KHTML, like Gecko) Mobile Safari/537.36 (compatible; PetalBot;+https://webmaster.petalsearch.com/site/petalbot)" "ysfine.com"
207.46.13.27 - - [23/Jan/2023:16:21:40 -0800] "GET /bio/kobak/yskor.html HTTP/1.1" 404 88 "-" "Mozilla/5.0 AppleWebKit/537.36 (KHTML, like Gecko; compatible; bingbot/2.0; +http://www.bing.com/bingbot.htm) Chrome/103.0.5060.134 Safari/537.36" "ysfine.com"
114.119.132.7 - - [23/Jan/2023:16:22:25 -0800] "GET /ffriends/korf.html HTTP/1.1" 404 88 "-" "Mozilla/5.0 (Linux; Android 7.0;) AppleWebKit/537.36 (KHTML, like Gecko) Mobile Safari/537.36 (compatible; PetalBot;+https://webmaster.petalsearch.com/site/petalbot)" "ysfine.com"
207.46.13.167 - - [23/Jan/2023:16:23:44 -0800] "GET /bio/wigner/e(2).html HTTP/1.1" 404 88 "-" "Mozilla/5.0 AppleWebKit/537.36 (KHTML, like Gecko; compatible; bingbot/2.0; +http://www.bing.com/bingbot.htm) Chrome/103.0.5060.134 Safari/537.36" "ysfine.com"
94.123.224.9 - - [23/Jan/2023:16:24:22 -0800] "GET /maga/phil/marxlon02.jpg HTTP/1.1" 200 167564 "https://www.google.com.tr/" "Mozilla/5.0 (Windows NT 10.0; Win64; x64) AppleWebKit/537.36 (KHTML, like Gecko) Chrome/109.0.0.0 Safari/537.36" "ysfine.com"
51.222.253.10 - - [23/Jan/2023:16:25:46 -0800] "GET / HTTP/1.1" 200 5295 "-" "Mozilla/5.0 (compatible; AhrefsBot/7.0; +http://ahrefs.com/robot/)" "ysfine.com"
213.180.203.62 - - [23/Jan/2023:16:26:24 -0800] "GET /kobak/moscowk.html HTTP/1.1" 200 3683 "-" "Mozilla/5.0 (compatible; YandexBot/3.0; +http://yandex.com/bots) AppleWebKit/537.36 (KHTML, like Gecko) Chrome/81.0.4044.268" "www.ysfine.com"
87.250.224.138 - - [23/Jan/2023:16:26:27 -0800] "GET /kobak/moscowk.html HTTP/1.1" 200 3683 "-" "Mozilla/5.0 (compatible; YandexBot/3.0; +http://yandex.com/bots) AppleWebKit/537.36 (KHTML, like Gecko) Chrome/81.0.4044.268" "www.ysfine.com"
207.46.13.167 - - [23/Jan/2023:16:26:33 -0800] "GET /world/brit/dunf08.jpg HTTP/1.1" 200 101008 "-" "Mozilla/5.0 AppleWebKit/537.36 (KHTML, like Gecko; compatible; bingbot/2.0; +http://www.bing.com/bingbot.htm) Chrome/103.0.5060.134 Safari/537.36" "www.ysfine.com"
207.46.13.27 - - [23/Jan/2023:16:27:10 -0800] "GET /bio06.html HTTP/1.1" 200 14678 "-" "Mozilla/5.0 AppleWebKit/537.36 (KHTML, like Gecko; compatible; bingbot/2.0; +http://www.bing.com/bingbot.htm) Chrome/103.0.5060.134 Safari/537.36" "ysfine.com"
114.119.130.87 - - [23/Jan/2023:16:29:10 -0800] "GET /einstein/eink22.html HTTP/1.1" 404 88 "-" "Mozilla/5.0 (Linux; Android 7.0;) AppleWebKit/537.36 (KHTML, like Gecko) Mobile Safari/537.36 (compatible; PetalBot;+https://webmaster.petalsearch.com/site/petalbot)" "ysfine.com"
71.178.208.102 - - [23/Jan/2023:16:30:49 -0800] "GET /ys22/dondon.html HTTP/1.1" 401 90 "https://ysfine.com/ys11/" "Mozilla/5.0 (Windows NT 10.0; Win64; x64) AppleWebKit/537.36 (KHTML, like Gecko) Chrome/108.0.5359.125 Safari/537.36" "ysfine.com"
71.178.208.102 - jake [23/Jan/2023:16:30:50 -0800] "GET /ys22/dondon.html HTTP/1.1" 200 2039 "https://ysfine.com/ys11/" "Mozilla/5.0 (Windows NT 10.0; Win64; x64) AppleWebKit/537.36 (KHTML, like Gecko) Chrome/108.0.5359.125 Safari/537.36" "ysfine.com"
207.46.13.27 - - [23/Jan/2023:16:31:12 -0800] "GET /bio/style/artlove.html HTTP/1.1" 404 88 "-" "Mozilla/5.0 AppleWebKit/537.36 (KHTML, like Gecko; compatible; bingbot/2.0; +http://www.bing.com/bingbot.htm) Chrome/103.0.5060.134 Safari/537.36" "ysfine.com"
207.46.13.167 - - [23/Jan/2023:16:32:33 -0800] "GET /world/israel/jeru17.jpg HTTP/1.1" 200 241335 "-" "Mozilla/5.0 AppleWebKit/537.36 (KHTML, like Gecko; compatible; bingbot/2.0; +http://www.bing.com/bingbot.htm) Chrome/103.0.5060.134 Safari/537.36" "ysfine.com"
207.46.13.167 - - [23/Jan/2023:16:33:34 -0800] "GET /bio/princeton/campus.html HTTP/1.1" 404 88 "-" "Mozilla/5.0 AppleWebKit/537.36 (KHTML, like Gecko; compatible; bingbot/2.0; +http://www.bing.com/bingbot.htm) Chrome/103.0.5060.134 Safari/537.36" "ysfine.com"
71.178.208.102 - - [23/Jan/2023:16:34:12 -0800] "GET /bio09.html HTTP/1.1" 200 12725 "https://ysfine.com/ys11/" "Mozilla/5.0 (Windows NT 10.0; Win64; x64) AppleWebKit/537.36 (KHTML, like Gecko) Chrome/108.0.5359.125 Safari/537.36" "ysfine.com"
207.46.13.15 - - [23/Jan/2023:16:34:33 -0800] "GET /world/russ/zul00.jpg HTTP/1.1" 200 242645 "-" "Mozilla/5.0 AppleWebKit/537.36 (KHTML, like Gecko; compatible; bingbot/2.0; +http://www.bing.com/bingbot.htm) Chrome/103.0.5060.134 Safari/537.36" "ysfine.com"
207.46.13.43 - - [23/Jan/2023:16:34:39 -0800] "GET /bio/eink/buythisbook.html HTTP/1.1" 404 88 "-" "Mozilla/5.0 AppleWebKit/537.36 (KHTML, like Gecko; compatible; bingbot/2.0; +http://www.bing.com/bingbot.htm) Chrome/103.0.5060.134 Safari/537.36" "ysfine.com"
68.112.68.195 - - [23/Jan/2023:16:35:10 -0800] "GET /world/russ/krem06b.jpg HTTP/1.1" 200 25649 "https://www.google.com/" "Mozilla/5.0 (iPhone; CPU iPhone OS 16_2 like Mac OS X) AppleWebKit/605.1.15 (KHTML, like Gecko) Version/16.2 Mobile/15E148 Safari/604.1" "ysfine.com"
51.222.253.16 - - [23/Jan/2023:16:37:16 -0800] "GET /home/harmoarchi.html HTTP/1.1" 200 3686 "-" "Mozilla/5.0 (compatible; AhrefsBot/7.0; +http://ahrefs.com/robot/)" "ysfine.com"
209.2.230.226 - - [23/Jan/2023:16:38:58 -0800] "GET /princeton/alexan22.jpg HTTP/1.1" 200 175436 "https://www.google.com/" "Mozilla/5.0 (Macintosh; Intel Mac OS X 10_15_7) AppleWebKit/605.1.15 (KHTML, like Gecko) Version/15.4 Safari/605.1.15" "ysfine.com"
207.46.13.15 - - [23/Jan/2023:16:39:15 -0800] "GET /wdc/waskor014.jpg HTTP/1.1" 200 67774 "-" "Mozilla/5.0 AppleWebKit/537.36 (KHTML, like Gecko; compatible; bingbot/2.0; +http://www.bing.com/bingbot.htm) Chrome/103.0.5060.134 Safari/537.36" "www.ysfine.com"
157.55.39.60 - - [23/Jan/2023:16:40:28 -0800] "GET /bio/kobak/namdae.html HTTP/1.1" 404 88 "-" "Mozilla/5.0 AppleWebKit/537.36 (KHTML, like Gecko; compatible; bingbot/2.0; +http://www.bing.com/bingbot.htm) Chrome/103.0.5060.134 Safari/537.36" "ysfine.com"
192.0.99.250 - - [23/Jan/2023:16:40:29 -0800] "GET /einstein/eins47.jpg HTTP/1.1" 200 108796 "-" "Photon/1.0" "ysfine.com"
207.46.13.27 - - [23/Jan/2023:16:42:23 -0800] "GET /bio/sbk/1950.html HTTP/1.1" 404 88 "-" "Mozilla/5.0 AppleWebKit/537.36 (KHTML, like Gecko; compatible; bingbot/2.0; +http://www.bing.com/bingbot.htm) Chrome/103.0.5060.134 Safari/537.36" "ysfine.com"
207.46.13.15 - - [23/Jan/2023:16:42:35 -0800] "GET /world/germany/humboldt01.jpg HTTP/1.1" 200 69699 "-" "Mozilla/5.0 AppleWebKit/537.36 (KHTML, like Gecko; compatible; bingbot/2.0; +http://www.bing.com/bingbot.htm) Chrome/103.0.5060.134 Safari/537.36" "www.ysfine.com"
85.208.98.23 - - [23/Jan/2023:16:44:03 -0800] "GET /robots.txt HTTP/1.1" 404 88 "http://ysfine.com/robots.txt" "Mozilla/5.0 (compatible; SemrushBot-BA; +http://www.semrush.com/bot.html)" "ysfine.com"
103.131.71.44 - - [23/Jan/2023:16:44:39 -0800] "GET /robots.txt HTTP/1.1" 404 88 "-" "Mozilla/5.0 (compatible; coccocbot-image/1.0; +http://help.coccoc.com/searchengine)" "ysfine.com"
103.131.71.30 - - [23/Jan/2023:16:44:44 -0800] "GET /maga/phil/marxlon600.jpg HTTP/1.1" 200 90900 "-" "Mozilla/5.0 (compatible; coccocbot-image/1.0; +http://help.coccoc.com/searchengine)" "ysfine.com"
85.208.98.31 - - [23/Jan/2023:16:44:50 -0800] "GET /style/shops.html HTTP/1.1" 200 2829 "http://ysfine.com/style/shops.html" "Mozilla/5.0 (compatible; SemrushBot-BA; +http://www.semrush.com/bot.html)" "ysfine.com"
103.131.71.26 - - [23/Jan/2023:16:45:59 -0800] "GET /maga/phil/marxlon600.jpg HTTP/1.1" 200 90900 "-" "Mozilla/5.0 (compatible; coccocbot-image/1.0; +http://help.coccoc.com/searchengine)" "ysfine.com"
103.131.71.49 - - [23/Jan/2023:16:46:46 -0800] "GET /maga/phil/marxlon600.jpg HTTP/1.1" 200 90900 "-" "Mozilla/5.0 (compatible; coccocbot-image/1.0; +http://help.coccoc.com/searchengine)" "ysfine.com"
103.131.71.43 - - [23/Jan/2023:16:47:31 -0800] "GET /maga/phil/marxlon600.jpg HTTP/1.1" 200 90900 "-" "Mozilla/5.0 (compatible; coccocbot-image/1.0; +http://help.coccoc.com/searchengine)" "ysfine.com"
188.220.178.26 - - [23/Jan/2023:16:47:46 -0800] "GET /world/russ/kiev032.jpg HTTP/1.1" 200 92553 "https://www.bing.com/" "Mozilla/5.0 (Windows NT 10.0; Win64; x64; rv:109.0) Gecko/20100101 Firefox/109.0" "www.ysfine.com"
207.46.13.43 - - [23/Jan/2023:16:47:51 -0800] "GET /bio/kobak/soraech.html HTTP/1.1" 404 88 "-" "Mozilla/5.0 AppleWebKit/537.36 (KHTML, like Gecko; compatible; bingbot/2.0; +http://www.bing.com/bingbot.htm) Chrome/103.0.5060.134 Safari/537.36" "ysfine.com"
207.46.13.89 - - [23/Jan/2023:16:48:06 -0800] "GET /wdc/washmo26.jpg HTTP/1.1" 200 71627 "-" "Mozilla/5.0 AppleWebKit/537.36 (KHTML, like Gecko; compatible; bingbot/2.0; +http://www.bing.com/bingbot.htm) Chrome/103.0.5060.134 Safari/537.36" "www.ysfine.com"
45.76.178.143 - - [23/Jan/2023:16:48:15 -0800] "GET /maga/phil/marxlon600.jpg HTTP/1.1" 200 90900 "-" "Mozilla/5.0 (X11; Linux i686) AppleWebKit/536.11 (KHTML, like Gecko) Chrome/20.0.1132.47 Safari/536.11" "ysfine.com"
51.222.253.2 - - [23/Jan/2023:16:49:39 -0800] "GET /kobak/yskor.html HTTP/1.1" 200 9943 "-" "Mozilla/5.0 (compatible; AhrefsBot/7.0; +http://ahrefs.com/robot/)" "ysfine.com"
51.222.253.4 - - [23/Jan/2023:16:49:54 -0800] "GET /world/ital/milanf01c.jpg HTTP/1.1" 200 37826 "-" "Mozilla/5.0 (compatible; AhrefsBot/7.0; +http://ahrefs.com/robot/)" "ysfine.com"
51.222.253.15 - - [23/Jan/2023:16:49:54 -0800] "GET /kowar/tanks/tank03c.jpg HTTP/1.1" 200 48323 "-" "Mozilla/5.0 (compatible; AhrefsBot/7.0; +http://ahrefs.com/robot/)" "ysfine.com"
51.222.253.16 - - [23/Jan/2023:16:49:55 -0800] "GET /kobak/sorae01c.jpg HTTP/1.1" 200 23295 "-" "Mozilla/5.0 (compatible; AhrefsBot/7.0; +http://ahrefs.com/robot/)" "ysfine.com"
51.222.253.2 - - [23/Jan/2023:16:49:55 -0800] "GET /kobak/samsung11c.jpg HTTP/1.1" 200 34928 "-" "Mozilla/5.0 (compatible; AhrefsBot/7.0; +http://ahrefs.com/robot/)" "ysfine.com"
51.222.253.17 - - [23/Jan/2023:16:49:55 -0800] "GET /world/russ/roskei90c.jpg HTTP/1.1" 200 40535 "-" "Mozilla/5.0 (compatible; AhrefsBot/7.0; +http://ahrefs.com/robot/)" "ysfine.com"
51.222.253.16 - - [23/Jan/2023:16:49:56 -0800] "GET /world/russ/roskei10c.jpg HTTP/1.1" 200 33216 "-" "Mozilla/5.0 (compatible; AhrefsBot/7.0; +http://ahrefs.com/robot/)" "ysfine.com"
51.222.253.19 - - [23/Jan/2023:16:49:56 -0800] "GET /kobak/swr51c.jpg HTTP/1.1" 200 35677 "-" "Mozilla/5.0 (compatible; AhrefsBot/7.0; +http://ahrefs.com/robot/)" "ysfine.com"
51.222.253.2 - - [23/Jan/2023:16:49:56 -0800] "GET /kobak/taylor11c.jpg HTTP/1.1" 200 37695 "-" "Mozilla/5.0 (compatible; AhrefsBot/7.0; +http://ahrefs.com/robot/)" "ysfine.com"
51.222.253.13 - - [23/Jan/2023:16:50:04 -0800] "GET /kobak/kcrown.jpg HTTP/1.1" 200 41579 "-" "Mozilla/5.0 (compatible; AhrefsBot/7.0; +http://ahrefs.com/robot/)" "ysfine.com"
207.46.13.27 - - [23/Jan/2023:16:50:32 -0800] "GET /feynman/page55.jpg HTTP/1.1" 200 98479 "-" "Mozilla/5.0 AppleWebKit/537.36 (KHTML, like Gecko; compatible; bingbot/2.0; +http://www.bing.com/bingbot.htm) Chrome/103.0.5060.134 Safari/537.36" "ysfine.com"
51.222.253.6 - - [23/Jan/2023:16:50:35 -0800] "GET /kobak/sonja11c.jpg HTTP/1.1" 200 33899 "-" "Mozilla/5.0 (compatible; AhrefsBot/7.0; +http://ahrefs.com/robot/)" "ysfine.com"
51.222.253.6 - - [23/Jan/2023:16:51:37 -0800] "GET /kobak/angelus11c.jpg HTTP/1.1" 200 33985 "-" "Mozilla/5.0 (compatible; AhrefsBot/7.0; +http://ahrefs.com/robot/)" "ysfine.com"
51.222.253.15 - - [23/Jan/2023:16:51:38 -0800] "GET /kobak/yoonhm11c.jpg HTTP/1.1" 200 34967 "-" "Mozilla/5.0 (compatible; AhrefsBot/7.0; +http://ahrefs.com/robot/)" "ysfine.com"
51.222.253.16 - - [23/Jan/2023:16:51:38 -0800] "GET /kobak/sl5017c.jpg HTTP/1.1" 200 74057 "-" "Mozilla/5.0 (compatible; AhrefsBot/7.0; +http://ahrefs.com/robot/)" "ysfine.com"
51.222.253.20 - - [23/Jan/2023:16:52:09 -0800] "GET /kobak/kostu16c.jpg HTTP/1.1" 200 40782 "-" "Mozilla/5.0 (compatible; AhrefsBot/7.0; +http://ahrefs.com/robot/)" "ysfine.com"
51.222.253.8 - - [23/Jan/2023:16:52:39 -0800] "GET /kobak/kostu05c.jpg HTTP/1.1" 200 29563 "-" "Mozilla/5.0 (compatible; AhrefsBot/7.0; +http://ahrefs.com/robot/)" "ysfine.com"
51.222.253.17 - - [23/Jan/2023:16:52:40 -0800] "GET /kobak/underw03c.jpg HTTP/1.1" 200 26805 "-" "Mozilla/5.0 (compatible; AhrefsBot/7.0; +http://ahrefs.com/robot/)" "ysfine.com"
51.222.253.19 - - [23/Jan/2023:16:52:40 -0800] "GET /kobak/abstrart11c.jpg HTTP/1.1" 200 47224 "-" "Mozilla/5.0 (compatible; AhrefsBot/7.0; +http://ahrefs.com/robot/)" "ysfine.com"
51.222.253.19 - - [23/Jan/2023:16:52:41 -0800] "GET /kobak/kwk11c.jpg HTTP/1.1" 200 46641 "-" "Mozilla/5.0 (compatible; AhrefsBot/7.0; +http://ahrefs.com/robot/)" "ysfine.com"
51.222.253.5 - - [23/Jan/2023:16:52:41 -0800] "GET /world/ital/aquinas02c.jpg HTTP/1.1" 200 48806 "-" "Mozilla/5.0 (compatible; AhrefsBot/7.0; +http://ahrefs.com/robot/)" "ysfine.com"
51.222.253.6 - - [23/Jan/2023:16:52:41 -0800] "GET /kobak/sorae/kumipo01c.jpg HTTP/1.1" 200 28588 "-" "Mozilla/5.0 (compatible; AhrefsBot/7.0; +http://ahrefs.com/robot/)" "ysfine.com"
51.222.253.19 - - [23/Jan/2023:16:52:42 -0800] "GET /kobak/nicodem22c.jpg HTTP/1.1" 200 38853 "-" "Mozilla/5.0 (compatible; AhrefsBot/7.0; +http://ahrefs.com/robot/)" "ysfine.com"
207.46.13.43 - - [23/Jan/2023:16:52:42 -0800] "GET /bio.html HTTP/1.1" 200 18260 "-" "Mozilla/5.0 AppleWebKit/537.36 (KHTML, like Gecko; compatible; bingbot/2.0; +http://www.bing.com/bingbot.htm) Chrome/103.0.5060.134 Safari/537.36" "ysfine.com"
98.124.11.64 - - [23/Jan/2023:16:53:22 -0800] "GET /princeton/brooke88.jpg HTTP/1.1" 200 82208 "https://www.google.ca/" "Mozilla/5.0 (Windows NT 10.0; Win64; x64) AppleWebKit/537.36 (KHTML, like Gecko) Chrome/109.0.0.0 Safari/537.36 Edg/109.0.1518.61" "ysfine.com"
157.55.39.60 - - [23/Jan/2023:16:55:41 -0800] "GET /bio/einstein/bern.html HTTP/1.1" 404 88 "-" "Mozilla/5.0 AppleWebKit/537.36 (KHTML, like Gecko; compatible; bingbot/2.0; +http://www.bing.com/bingbot.htm) Chrome/103.0.5060.134 Safari/537.36" "ysfine.com"
207.46.13.15 - - [23/Jan/2023:16:56:17 -0800] "GET /bio/style/proschanie.html HTTP/1.1" 404 88 "-" "Mozilla/5.0 AppleWebKit/537.36 (KHTML, like Gecko; compatible; bingbot/2.0; +http://www.bing.com/bingbot.htm) Chrome/103.0.5060.134 Safari/537.36" "ysfine.com"
207.46.13.27 - - [23/Jan/2023:16:56:34 -0800] "GET /bio/kobak/yskor.html HTTP/1.1" 404 88 "-" "Mozilla/5.0 AppleWebKit/537.36 (KHTML, like Gecko; compatible; bingbot/2.0; +http://www.bing.com/bingbot.htm) Chrome/103.0.5060.134 Safari/537.36" "ysfine.com"
189.114.184.211 - - [23/Jan/2023:16:57:09 -0800] "GET /kowar/kowar001.jpg HTTP/1.1" 200 240938 "https://www.google.com/" "Mozilla/5.0 (Windows NT 10.0; Win64; x64) AppleWebKit/537.36 (KHTML, like Gecko) Chrome/109.0.0.0 Safari/537.36" "ysfine.com"
98.37.251.0 - - [23/Jan/2023:16:57:12 -0800] "GET /home/bio.html HTTP/1.1" 404 88 "https://ysfine.com/maga/herod.html" "Mozilla/5.0 (Windows NT 10.0; Win64; x64) AppleWebKit/537.36 (KHTML, like Gecko) Chrome/109.0.0.0 Safari/537.36" "ysfine.com"
98.37.251.0 - - [23/Jan/2023:16:57:27 -0800] "GET /home/yshome.html HTTP/1.1" 200 5634 "https://ysfine.com/maga/herod.html" "Mozilla/5.0 (Windows NT 10.0; Win64; x64) AppleWebKit/537.36 (KHTML, like Gecko) Chrome/109.0.0.0 Safari/537.36" "ysfine.com"
98.37.251.0 - - [23/Jan/2023:16:57:27 -0800] "GET /home/top21d.jpg HTTP/1.1" 200 74409 "https://ysfine.com/home/yshome.html" "Mozilla/5.0 (Windows NT 10.0; Win64; x64) AppleWebKit/537.36 (KHTML, like Gecko) Chrome/109.0.0.0 Safari/537.36" "ysfine.com"
98.37.251.0 - - [23/Jan/2023:16:57:27 -0800] "GET /eink/einhaus11c.jpg HTTP/1.1" 200 42522 "https://ysfine.com/home/yshome.html" "Mozilla/5.0 (Windows NT 10.0; Win64; x64) AppleWebKit/537.36 (KHTML, like Gecko) Chrome/109.0.0.0 Safari/537.36" "ysfine.com"
98.37.251.0 - - [23/Jan/2023:16:57:27 -0800] "GET /eink/einhaus33c.jpg HTTP/1.1" 200 23792 "https://ysfine.com/home/yshome.html" "Mozilla/5.0 (Windows NT 10.0; Win64; x64) AppleWebKit/537.36 (KHTML, like Gecko) Chrome/109.0.0.0 Safari/537.36" "ysfine.com"
98.37.251.0 - - [23/Jan/2023:16:57:27 -0800] "GET /home/truck450.jpg HTTP/1.1" 200 42871 "https://ysfine.com/home/yshome.html" "Mozilla/5.0 (Windows NT 10.0; Win64; x64) AppleWebKit/537.36 (KHTML, like Gecko) Chrome/109.0.0.0 Safari/537.36" "ysfine.com"
98.37.251.0 - - [23/Jan/2023:16:57:27 -0800] "GET /home/eindc03d.jpg HTTP/1.1" 200 95860 "https://ysfine.com/home/yshome.html" "Mozilla/5.0 (Windows NT 10.0; Win64; x64) AppleWebKit/537.36 (KHTML, like Gecko) Chrome/109.0.0.0 Safari/537.36" "ysfine.com"
98.37.251.0 - - [23/Jan/2023:16:57:27 -0800] "GET /home/eward55f.jpg HTTP/1.1" 200 122802 "https://ysfine.com/home/yshome.html" "Mozilla/5.0 (Windows NT 10.0; Win64; x64) AppleWebKit/537.36 (KHTML, like Gecko) Chrome/109.0.0.0 Safari/537.36" "ysfine.com"
98.37.251.0 - - [23/Jan/2023:16:57:27 -0800] "GET /home/eink54f.jpg HTTP/1.1" 200 96332 "https://ysfine.com/home/yshome.html" "Mozilla/5.0 (Windows NT 10.0; Win64; x64) AppleWebKit/537.36 (KHTML, like Gecko) Chrome/109.0.0.0 Safari/537.36" "ysfine.com"
98.37.251.0 - - [23/Jan/2023:16:57:27 -0800] "GET /home/1987pr22d.jpg HTTP/1.1" 200 66428 "https://ysfine.com/home/yshome.html" "Mozilla/5.0 (Windows NT 10.0; Win64; x64) AppleWebKit/537.36 (KHTML, like Gecko) Chrome/109.0.0.0 Safari/537.36" "ysfine.com"
98.37.251.0 - - [23/Jan/2023:16:57:27 -0800] "GET /home/eink450.jpg HTTP/1.1" 200 66794 "https://ysfine.com/home/yshome.html" "Mozilla/5.0 (Windows NT 10.0; Win64; x64) AppleWebKit/537.36 (KHTML, like Gecko) Chrome/109.0.0.0 Safari/537.36" "ysfine.com"
98.37.251.0 - - [23/Jan/2023:16:57:27 -0800] "GET /home/goodbad450.jpg HTTP/1.1" 200 32258 "https://ysfine.com/home/yshome.html" "Mozilla/5.0 (Windows NT 10.0; Win64; x64) AppleWebKit/537.36 (KHTML, like Gecko) Chrome/109.0.0.0 Safari/537.36" "ysfine.com"
98.37.251.0 - - [23/Jan/2023:16:57:27 -0800] "GET /home/washmo23d.jpg HTTP/1.1" 200 32142 "https://ysfine.com/home/yshome.html" "Mozilla/5.0 (Windows NT 10.0; Win64; x64) AppleWebKit/537.36 (KHTML, like Gecko) Chrome/109.0.0.0 Safari/537.36" "ysfine.com"
98.37.251.0 - - [23/Jan/2023:16:57:27 -0800] "GET /home/taylor500.jpg HTTP/1.1" 200 79197 "https://ysfine.com/home/yshome.html" "Mozilla/5.0 (Windows NT 10.0; Win64; x64) AppleWebKit/537.36 (KHTML, like Gecko) Chrome/109.0.0.0 Safari/537.36" "ysfine.com"
98.37.251.0 - - [23/Jan/2023:16:58:29 -0800] "GET /kobak/yskor.html HTTP/1.1" 200 9943 "https://ysfine.com/home/yshome.html" "Mozilla/5.0 (Windows NT 10.0; Win64; x64) AppleWebKit/537.36 (KHTML, like Gecko) Chrome/109.0.0.0 Safari/537.36" "ysfine.com"
98.37.251.0 - - [23/Jan/2023:16:58:30 -0800] "GET /kobak/kcrown.jpg HTTP/1.1" 200 41579 "https://ysfine.com/kobak/yskor.html" "Mozilla/5.0 (Windows NT 10.0; Win64; x64) AppleWebKit/537.36 (KHTML, like Gecko) Chrome/109.0.0.0 Safari/537.36" "ysfine.com"
98.37.251.0 - - [23/Jan/2023:16:58:30 -0800] "GET /kobak/sl5017c.jpg HTTP/1.1" 200 74057 "https://ysfine.com/kobak/yskor.html" "Mozilla/5.0 (Windows NT 10.0; Win64; x64) AppleWebKit/537.36 (KHTML, like Gecko) Chrome/109.0.0.0 Safari/537.36" "ysfine.com"
98.37.251.0 - - [23/Jan/2023:16:58:30 -0800] "GET /kobak/nicodem22c.jpg HTTP/1.1" 200 38853 "https://ysfine.com/kobak/yskor.html" "Mozilla/5.0 (Windows NT 10.0; Win64; x64) AppleWebKit/537.36 (KHTML, like Gecko) Chrome/109.0.0.0 Safari/537.36" "ysfine.com"
98.37.251.0 - - [23/Jan/2023:16:58:30 -0800] "GET /kobak/sorae01c.jpg HTTP/1.1" 200 23295 "https://ysfine.com/kobak/yskor.html" "Mozilla/5.0 (Windows NT 10.0; Win64; x64) AppleWebKit/537.36 (KHTML, like Gecko) Chrome/109.0.0.0 Safari/537.36" "ysfine.com"
98.37.251.0 - - [23/Jan/2023:16:58:30 -0800] "GET /kobak/kostu05c.jpg HTTP/1.1" 200 29563 "https://ysfine.com/kobak/yskor.html" "Mozilla/5.0 (Windows NT 10.0; Win64; x64) AppleWebKit/537.36 (KHTML, like Gecko) Chrome/109.0.0.0 Safari/537.36" "ysfine.com"
98.37.251.0 - - [23/Jan/2023:16:58:30 -0800] "GET /kobak/kostu16c.jpg HTTP/1.1" 200 40782 "https://ysfine.com/kobak/yskor.html" "Mozilla/5.0 (Windows NT 10.0; Win64; x64) AppleWebKit/537.36 (KHTML, like Gecko) Chrome/109.0.0.0 Safari/537.36" "ysfine.com"
98.37.251.0 - - [23/Jan/2023:16:58:30 -0800] "GET /kobak/taylor11c.jpg HTTP/1.1" 200 37695 "https://ysfine.com/kobak/yskor.html" "Mozilla/5.0 (Windows NT 10.0; Win64; x64) AppleWebKit/537.36 (KHTML, like Gecko) Chrome/109.0.0.0 Safari/537.36" "ysfine.com"
98.37.251.0 - - [23/Jan/2023:16:58:30 -0800] "GET /kobak/angelus11c.jpg HTTP/1.1" 200 33985 "https://ysfine.com/kobak/yskor.html" "Mozilla/5.0 (Windows NT 10.0; Win64; x64) AppleWebKit/537.36 (KHTML, like Gecko) Chrome/109.0.0.0 Safari/537.36" "ysfine.com"
98.37.251.0 - - [23/Jan/2023:16:58:30 -0800] "GET /world/russ/roskei90c.jpg HTTP/1.1" 200 40535 "https://ysfine.com/kobak/yskor.html" "Mozilla/5.0 (Windows NT 10.0; Win64; x64) AppleWebKit/537.36 (KHTML, like Gecko) Chrome/109.0.0.0 Safari/537.36" "ysfine.com"
98.37.251.0 - - [23/Jan/2023:16:58:30 -0800] "GET /kobak/underw03c.jpg HTTP/1.1" 200 26805 "https://ysfine.com/kobak/yskor.html" "Mozilla/5.0 (Windows NT 10.0; Win64; x64) AppleWebKit/537.36 (KHTML, like Gecko) Chrome/109.0.0.0 Safari/537.36" "ysfine.com"
98.37.251.0 - - [23/Jan/2023:16:58:30 -0800] "GET /world/russ/roskei10c.jpg HTTP/1.1" 200 33216 "https://ysfine.com/kobak/yskor.html" "Mozilla/5.0 (Windows NT 10.0; Win64; x64) AppleWebKit/537.36 (KHTML, like Gecko) Chrome/109.0.0.0 Safari/537.36" "ysfine.com"
98.37.251.0 - - [23/Jan/2023:16:58:30 -0800] "GET /kobak/taylor450.jpg HTTP/1.1" 200 70219 "https://ysfine.com/kobak/yskor.html" "Mozilla/5.0 (Windows NT 10.0; Win64; x64) AppleWebKit/537.36 (KHTML, like Gecko) Chrome/109.0.0.0 Safari/537.36" "ysfine.com"
98.37.251.0 - - [23/Jan/2023:16:58:30 -0800] "GET /world/ital/milanf01c.jpg HTTP/1.1" 200 37826 "https://ysfine.com/kobak/yskor.html" "Mozilla/5.0 (Windows NT 10.0; Win64; x64) AppleWebKit/537.36 (KHTML, like Gecko) Chrome/109.0.0.0 Safari/537.36" "ysfine.com"
98.37.251.0 - - [23/Jan/2023:16:58:30 -0800] "GET /world/ital/aquinas02c.jpg HTTP/1.1" 200 48806 "https://ysfine.com/kobak/yskor.html" "Mozilla/5.0 (Windows NT 10.0; Win64; x64) AppleWebKit/537.36 (KHTML, like Gecko) Chrome/109.0.0.0 Safari/537.36" "ysfine.com"
98.37.251.0 - - [23/Jan/2023:16:58:30 -0800] "GET /kowar/tanks/tank05c.jpg HTTP/1.1" 200 33583 "https://ysfine.com/kobak/yskor.html" "Mozilla/5.0 (Windows NT 10.0; Win64; x64) AppleWebKit/537.36 (KHTML, like Gecko) Chrome/109.0.0.0 Safari/537.36" "ysfine.com"
98.37.251.0 - - [23/Jan/2023:16:58:30 -0800] "GET /kobak/yoonhm11c.jpg HTTP/1.1" 200 34967 "https://ysfine.com/kobak/yskor.html" "Mozilla/5.0 (Windows NT 10.0; Win64; x64) AppleWebKit/537.36 (KHTML, like Gecko) Chrome/109.0.0.0 Safari/537.36" "ysfine.com"
98.37.251.0 - - [23/Jan/2023:16:58:30 -0800] "GET /kobak/abstrart11c.jpg HTTP/1.1" 200 47224 "https://ysfine.com/kobak/yskor.html" "Mozilla/5.0 (Windows NT 10.0; Win64; x64) AppleWebKit/537.36 (KHTML, like Gecko) Chrome/109.0.0.0 Safari/537.36" "ysfine.com"
98.37.251.0 - - [23/Jan/2023:16:58:30 -0800] "GET /kobak/samsung11c.jpg HTTP/1.1" 200 34928 "https://ysfine.com/kobak/yskor.html" "Mozilla/5.0 (Windows NT 10.0; Win64; x64) AppleWebKit/537.36 (KHTML, like Gecko) Chrome/109.0.0.0 Safari/537.36" "ysfine.com"
98.37.251.0 - - [23/Jan/2023:16:58:30 -0800] "GET /eink/eink61c.jpg HTTP/1.1" 200 34119 "https://ysfine.com/kobak/yskor.html" "Mozilla/5.0 (Windows NT 10.0; Win64; x64) AppleWebKit/537.36 (KHTML, like Gecko) Chrome/109.0.0.0 Safari/537.36" "ysfine.com"
98.37.251.0 - - [23/Jan/2023:16:58:30 -0800] "GET /kobak/kwk11c.jpg HTTP/1.1" 200 46641 "https://ysfine.com/kobak/yskor.html" "Mozilla/5.0 (Windows NT 10.0; Win64; x64) AppleWebKit/537.36 (KHTML, like Gecko) Chrome/109.0.0.0 Safari/537.36" "ysfine.com"
98.37.251.0 - - [23/Jan/2023:16:58:30 -0800] "GET /kobak/sonja11c.jpg HTTP/1.1" 200 33899 "https://ysfine.com/kobak/yskor.html" "Mozilla/5.0 (Windows NT 10.0; Win64; x64) AppleWebKit/537.36 (KHTML, like Gecko) Chrome/109.0.0.0 Safari/537.36" "ysfine.com"
98.37.251.0 - - [23/Jan/2023:16:58:30 -0800] "GET /kobak/swr51c.jpg HTTP/1.1" 200 35677 "https://ysfine.com/kobak/yskor.html" "Mozilla/5.0 (Windows NT 10.0; Win64; x64) AppleWebKit/537.36 (KHTML, like Gecko) Chrome/109.0.0.0 Safari/537.36" "ysfine.com"
98.37.251.0 - - [23/Jan/2023:16:58:30 -0800] "GET /kowar/tanks/tank03c.jpg HTTP/1.1" 200 48323 "https://ysfine.com/kobak/yskor.html" "Mozilla/5.0 (Windows NT 10.0; Win64; x64) AppleWebKit/537.36 (KHTML, like Gecko) Chrome/109.0.0.0 Safari/537.36" "ysfine.com"
98.37.251.0 - - [23/Jan/2023:16:58:30 -0800] "GET /kobak/sorae/kumipo01c.jpg HTTP/1.1" 200 28588 "https://ysfine.com/kobak/yskor.html" "Mozilla/5.0 (Windows NT 10.0; Win64; x64) AppleWebKit/537.36 (KHTML, like Gecko) Chrome/109.0.0.0 Safari/537.36" "ysfine.com"
207.46.13.167 - - [23/Jan/2023:16:58:37 -0800] "GET /bio/wigner/e(2).html HTTP/1.1" 404 88 "-" "Mozilla/5.0 AppleWebKit/537.36 (KHTML, like Gecko; compatible; bingbot/2.0; +http://www.bing.com/bingbot.htm) Chrome/103.0.5060.134 Safari/537.36" "ysfine.com"
98.37.251.0 - - [23/Jan/2023:16:59:26 -0800] "GET /princeton/cleve.html HTTP/1.1" 200 570 "https://ysfine.com/kobak/yskor.html" "Mozilla/5.0 (Windows NT 10.0; Win64; x64) AppleWebKit/537.36 (KHTML, like Gecko) Chrome/109.0.0.0 Safari/537.36" "ysfine.com"
98.37.251.0 - - [23/Jan/2023:16:59:26 -0800] "GET /princeton/cleve11.jpg HTTP/1.1" 200 58959 "https://ysfine.com/princeton/cleve.html" "Mozilla/5.0 (Windows NT 10.0; Win64; x64) AppleWebKit/537.36 (KHTML, like Gecko) Chrome/109.0.0.0 Safari/537.36" "ysfine.com"
98.37.251.0 - - [23/Jan/2023:16:59:26 -0800] "GET /princeton/nphd.jpg HTTP/1.1" 200 92709 "https://ysfine.com/princeton/cleve.html" "Mozilla/5.0 (Windows NT 10.0; Win64; x64) AppleWebKit/537.36 (KHTML, like Gecko) Chrome/109.0.0.0 Safari/537.36" "ysfine.com"
104.6.87.148 - - [23/Jan/2023:16:59:58 -0800] "GET /princeton/alexan22.jpg HTTP/1.1" 200 175436 "https://www.google.com/" "Mozilla/5.0 (Windows NT 10.0; Win64; x64) AppleWebKit/537.36 (KHTML, like Gecko) Chrome/109.0.0.0 Safari/537.36" "ysfine.com"
98.37.251.0 - - [23/Jan/2023:17:01:22 -0800] "GET /kobak/underw03.jpg HTTP/1.1" 200 173917 "https://ysfine.com/kobak/yskor.html" "Mozilla/5.0 (Windows NT 10.0; Win64; x64) AppleWebKit/537.36 (KHTML, like Gecko) Chrome/109.0.0.0 Safari/537.36" "ysfine.com"
95.163.255.62 - - [23/Jan/2023:17:01:51 -0800] "GET /robots.txt HTTP/1.1" 404 73 "-" "Mozilla/5.0 (compatible; Linux x86_64; Mail.RU_Bot/2.0; +https://help.mail.ru/webmaster/indexing/robots)" "ysfine.com"
51.222.253.4 - - [23/Jan/2023:17:02:36 -0800] "GET /sbk/sbkrome.html HTTP/1.1" 200 306 "-" "Mozilla/5.0 (compatible; AhrefsBot/7.0; +http://ahrefs.com/robot/)" "www.ysfine.com"
5.188.210.30 - - [23/Jan/2023:17:02:37 -0800] "GET /ysbio/world/travel.html HTTP/1.1" 404 73 "https://www.ysfine.com/ysbio/world/travel.html" "Mozilla/5.0 (Windows NT 10.0) AppleWebKit/537.36 (KHTML, like Gecko) Chrome/90.0.4430.85 Safari/537.36" "www.ysfine.com"
5.188.210.30 - - [23/Jan/2023:17:02:38 -0800] "GET / HTTP/1.1" 200 15915 "https://www.ysfine.com/" "Mozilla/5.0 (Windows NT 10.0) AppleWebKit/537.36 (KHTML, like Gecko) Chrome/90.0.4430.85 Safari/537.36" "www.ysfine.com"
51.222.253.7 - - [23/Jan/2023:17:02:42 -0800] "GET /sbk/2000rome01.jpg HTTP/1.1" 200 201927 "-" "Mozilla/5.0 (compatible; AhrefsBot/7.0; +http://ahrefs.com/robot/)" "www.ysfine.com"
51.222.253.5 - - [23/Jan/2023:17:02:43 -0800] "GET /sbk/2000rome08.jpg HTTP/1.1" 200 218980 "-" "Mozilla/5.0 (compatible; AhrefsBot/7.0; +http://ahrefs.com/robot/)" "www.ysfine.com"
51.222.253.20 - - [23/Jan/2023:17:02:44 -0800] "GET /sbk/2000rome09.jpg HTTP/1.1" 200 203607 "-" "Mozilla/5.0 (compatible; AhrefsBot/7.0; +http://ahrefs.com/robot/)" "www.ysfine.com"
51.222.253.14 - - [23/Jan/2023:17:02:45 -0800] "GET /sbk/2000rome06.jpg HTTP/1.1" 200 225371 "-" "Mozilla/5.0 (compatible; AhrefsBot/7.0; +http://ahrefs.com/robot/)" "www.ysfine.com"
207.46.13.43 - - [23/Jan/2023:17:04:14 -0800] "GET /bio/eink/buythisbook.html HTTP/1.1" 404 88 "-" "Mozilla/5.0 AppleWebKit/537.36 (KHTML, like Gecko; compatible; bingbot/2.0; +http://www.bing.com/bingbot.htm) Chrome/103.0.5060.134 Safari/537.36" "ysfine.com"
51.222.253.1 - - [23/Jan/2023:17:04:15 -0800] "GET /sbk/2000rome06.jpg HTTP/1.1" 200 225371 "-" "Mozilla/5.0 (compatible; AhrefsBot/7.0; +http://ahrefs.com/robot/)" "www.ysfine.com"
51.222.253.20 - - [23/Jan/2023:17:04:15 -0800] "GET /sbk/2000rome03.jpg HTTP/1.1" 200 226953 "-" "Mozilla/5.0 (compatible; AhrefsBot/7.0; +http://ahrefs.com/robot/)" "www.ysfine.com"
51.222.253.17 - - [23/Jan/2023:17:04:16 -0800] "GET /sbk/2000rome07.jpg HTTP/1.1" 200 211686 "-" "Mozilla/5.0 (compatible; AhrefsBot/7.0; +http://ahrefs.com/robot/)" "www.ysfine.com"
51.222.253.16 - - [23/Jan/2023:17:04:47 -0800] "GET /sbk/2000rome12.jpg HTTP/1.1" 200 207359 "-" "Mozilla/5.0 (compatible; AhrefsBot/7.0; +http://ahrefs.com/robot/)" "www.ysfine.com"
24.147.141.10 - - [23/Jan/2023:17:05:42 -0800] "GET /einstein/einboy.jpg HTTP/1.1" 200 91141 "https://www.google.com/" "Mozilla/5.0 (iPhone; CPU iPhone OS 16_2 like Mac OS X) AppleWebKit/605.1.15 (KHTML, like Gecko) GSA/247.0.501893814 Mobile/20C65 Safari/604.1" "ysfine.com"
207.46.13.27 - - [23/Jan/2023:17:06:04 -0800] "GET /bio/style/artlove.html HTTP/1.1" 404 88 "-" "Mozilla/5.0 AppleWebKit/537.36 (KHTML, like Gecko; compatible; bingbot/2.0; +http://www.bing.com/bingbot.htm) Chrome/103.0.5060.134 Safari/537.36" "ysfine.com"
207.46.13.27 - - [23/Jan/2023:17:06:54 -0800] "GET /home/sing.html HTTP/1.1" 200 2927 "-" "Mozilla/5.0 AppleWebKit/537.36 (KHTML, like Gecko; compatible; bingbot/2.0; +http://www.bing.com/bingbot.htm) Chrome/103.0.5060.134 Safari/537.36" "ysfine.com"
184.187.249.122 - - [23/Jan/2023:17:07:40 -0800] "GET /wdc/usna05.jpg HTTP/1.1" 200 120420 "https://images.search.yahoo.com/search/images;_ylt=Awr49xknL89jlDs8FW1XNyoA;_ylu=Y29sbwNncTEEcG9zAzEEdnRpZAMEc2VjA3BpdnM-?p=Dress+Whites+Midshipmen+naval+academy&fr2=piv-web&type=E210US105G0&fr=mcafee" "Mozilla/5.0 (Windows NT 10.0; Win64; x64) AppleWebKit/537.36 (KHTML, like Gecko) Chrome/109.0.0.0 Safari/537.36" "ysfine.com"
97.81.118.147 - - [23/Jan/2023:17:09:44 -0800] "GET /maga/phys/solvayc27c.jpg HTTP/1.1" 200 53464 "https://www.google.com/" "Mozilla/5.0 (Windows NT 10.0; Win64; x64; rv:109.0) Gecko/20100101 Firefox/109.0" "ysfine.com"
207.46.13.167 - - [23/Jan/2023:17:09:46 -0800] "GET /bio/princeton/campus.html HTTP/1.1" 404 88 "-" "Mozilla/5.0 AppleWebKit/537.36 (KHTML, like Gecko; compatible; bingbot/2.0; +http://www.bing.com/bingbot.htm) Chrome/103.0.5060.134 Safari/537.36" "ysfine.com"
98.37.251.0 - - [23/Jan/2023:17:10:39 -0800] "GET /kobak/kwk.html HTTP/1.1" 200 5479 "https://ysfine.com/kobak/yskor.html" "Mozilla/5.0 (Windows NT 10.0; Win64; x64) AppleWebKit/537.36 (KHTML, like Gecko) Chrome/109.0.0.0 Safari/537.36" "ysfine.com"
98.37.251.0 - - [23/Jan/2023:17:10:39 -0800] "GET /kobak/kwk11b.jpg HTTP/1.1" 200 46888 "https://ysfine.com/kobak/kwk.html" "Mozilla/5.0 (Windows NT 10.0; Win64; x64) AppleWebKit/537.36 (KHTML, like Gecko) Chrome/109.0.0.0 Safari/537.36" "ysfine.com"
98.37.251.0 - - [23/Jan/2023:17:10:39 -0800] "GET /world/russ/novik33c.jpg HTTP/1.1" 200 25695 "https://ysfine.com/kobak/kwk.html" "Mozilla/5.0 (Windows NT 10.0; Win64; x64) AppleWebKit/537.36 (KHTML, like Gecko) Chrome/109.0.0.0 Safari/537.36" "ysfine.com"
95.163.255.66 - - [23/Jan/2023:17:14:13 -0800] "GET /world/polandw HTTP/1.1" 200 17896 "-" "Mozilla/5.0 (compatible; Linux x86_64; Mail.RU_Bot/2.0; +https://help.mail.ru/webmaster/indexing/robots)" "ysfine.com"
157.55.39.60 - - [23/Jan/2023:17:15:47 -0800] "GET /bio/kobak/namdae.html HTTP/1.1" 404 88 "-" "Mozilla/5.0 AppleWebKit/537.36 (KHTML, like Gecko; compatible; bingbot/2.0; +http://www.bing.com/bingbot.htm) Chrome/103.0.5060.134 Safari/537.36" "ysfine.com"
98.37.251.0 - - [23/Jan/2023:17:15:55 -0800] "GET /sbk/index.html HTTP/1.1" 200 198 "https://ysfine.com/home/yshome.html" "Mozilla/5.0 (Windows NT 10.0; Win64; x64) AppleWebKit/537.36 (KHTML, like Gecko) Chrome/109.0.0.0 Safari/537.36" "ysfine.com"
98.37.251.0 - - [23/Jan/2023:17:15:55 -0800] "GET /sbk/sbleft.html HTTP/1.1" 200 426 "https://ysfine.com/sbk/index.html" "Mozilla/5.0 (Windows NT 10.0; Win64; x64) AppleWebKit/537.36 (KHTML, like Gecko) Chrome/109.0.0.0 Safari/537.36" "ysfine.com"
98.37.251.0 - - [23/Jan/2023:17:15:55 -0800] "GET /sbk/1950.html HTTP/1.1" 200 5522 "https://ysfine.com/sbk/index.html" "Mozilla/5.0 (Windows NT 10.0; Win64; x64) AppleWebKit/537.36 (KHTML, like Gecko) Chrome/109.0.0.0 Safari/537.36" "ysfine.com"
98.37.251.0 - - [23/Jan/2023:17:15:55 -0800] "GET /sbk/1959aa11c.jpg HTTP/1.1" 200 27910 "https://ysfine.com/sbk/1950.html" "Mozilla/5.0 (Windows NT 10.0; Win64; x64) AppleWebKit/537.36 (KHTML, like Gecko) Chrome/109.0.0.0 Safari/537.36" "ysfine.com"
98.37.251.0 - - [23/Jan/2023:17:15:55 -0800] "GET /sbk/1963aa33c.jpg HTTP/1.1" 200 23379 "https://ysfine.com/sbk/1950.html" "Mozilla/5.0 (Windows NT 10.0; Win64; x64) AppleWebKit/537.36 (KHTML, like Gecko) Chrome/109.0.0.0 Safari/537.36" "ysfine.com"
98.37.251.0 - - [23/Jan/2023:17:15:55 -0800] "GET /sbk/1982balto22c.jpg HTTP/1.1" 200 27345 "https://ysfine.com/sbk/1950.html" "Mozilla/5.0 (Windows NT 10.0; Win64; x64) AppleWebKit/537.36 (KHTML, like Gecko) Chrome/109.0.0.0 Safari/537.36" "ysfine.com"
98.37.251.0 - - [23/Jan/2023:17:15:55 -0800] "GET /sbk/1978cc300.jpg HTTP/1.1" 200 49771 "https://ysfine.com/sbk/1950.html" "Mozilla/5.0 (Windows NT 10.0; Win64; x64) AppleWebKit/537.36 (KHTML, like Gecko) Chrome/109.0.0.0 Safari/537.36" "ysfine.com"
98.37.251.0 - - [23/Jan/2023:17:15:55 -0800] "GET /sbk/1989ogun11c.jpg HTTP/1.1" 200 47447 "https://ysfine.com/sbk/1950.html" "Mozilla/5.0 (Windows NT 10.0; Win64; x64) AppleWebKit/537.36 (KHTML, like Gecko) Chrome/109.0.0.0 Safari/537.36" "ysfine.com"
98.37.251.0 - - [23/Jan/2023:17:15:55 -0800] "GET /sbk/1967annapo11c.jpg HTTP/1.1" 200 31737 "https://ysfine.com/sbk/1950.html" "Mozilla/5.0 (Windows NT 10.0; Win64; x64) AppleWebKit/537.36 (KHTML, like Gecko) Chrome/109.0.0.0 Safari/537.36" "ysfine.com"
98.37.251.0 - - [23/Jan/2023:17:15:55 -0800] "GET /sbk/1971nia11c.jpg HTTP/1.1" 200 39954 "https://ysfine.com/sbk/1950.html" "Mozilla/5.0 (Windows NT 10.0; Win64; x64) AppleWebKit/537.36 (KHTML, like Gecko) Chrome/109.0.0.0 Safari/537.36" "ysfine.com"
98.37.251.0 - - [23/Jan/2023:17:15:55 -0800] "GET /sbk/1980ff300.jpg HTTP/1.1" 200 47109 "https://ysfine.com/sbk/1950.html" "Mozilla/5.0 (Windows NT 10.0; Win64; x64) AppleWebKit/537.36 (KHTML, like Gecko) Chrome/109.0.0.0 Safari/537.36" "ysfine.com"
98.37.251.0 - - [23/Jan/2023:17:15:55 -0800] "GET /sbk/1975nyc11c.jpg HTTP/1.1" 200 35038 "https://ysfine.com/sbk/1950.html" "Mozilla/5.0 (Windows NT 10.0; Win64; x64) AppleWebKit/537.36 (KHTML, like Gecko) Chrome/109.0.0.0 Safari/537.36" "ysfine.com"
98.37.251.0 - - [23/Jan/2023:17:15:55 -0800] "GET /sbk/1987brooke11c.jpg HTTP/1.1" 200 44914 "https://ysfine.com/sbk/1950.html" "Mozilla/5.0 (Windows NT 10.0; Win64; x64) AppleWebKit/537.36 (KHTML, like Gecko) Chrome/109.0.0.0 Safari/537.36" "ysfine.com"
98.37.251.0 - - [23/Jan/2023:17:15:55 -0800] "GET /sbk/1985burl01c.jpg HTTP/1.1" 200 41414 "https://ysfine.com/sbk/1950.html" "Mozilla/5.0 (Windows NT 10.0; Win64; x64) AppleWebKit/537.36 (KHTML, like Gecko) Chrome/109.0.0.0 Safari/537.36" "ysfine.com"
98.37.251.0 - - [23/Jan/2023:17:15:55 -0800] "GET /sbk/1968bb300.jpg HTTP/1.1" 200 28047 "https://ysfine.com/sbk/1950.html" "Mozilla/5.0 (Windows NT 10.0; Win64; x64) AppleWebKit/537.36 (KHTML, like Gecko) Chrome/109.0.0.0 Safari/537.36" "ysfine.com"
98.37.251.0 - - [23/Jan/2023:17:15:55 -0800] "GET /sbk/1984pr11c.jpg HTTP/1.1" 200 35625 "https://ysfine.com/sbk/1950.html" "Mozilla/5.0 (Windows NT 10.0; Win64; x64) AppleWebKit/537.36 (KHTML, like Gecko) Chrome/109.0.0.0 Safari/537.36" "ysfine.com"
98.37.251.0 - - [23/Jan/2023:17:15:55 -0800] "GET /sbk/1981montr11c.jpg HTTP/1.1" 200 49585 "https://ysfine.com/sbk/1950.html" "Mozilla/5.0 (Windows NT 10.0; Win64; x64) AppleWebKit/537.36 (KHTML, like Gecko) Chrome/109.0.0.0 Safari/537.36" "ysfine.com"
98.37.251.0 - - [23/Jan/2023:17:15:55 -0800] "GET /sbk/1965cc11c.jpg HTTP/1.1" 200 23254 "https://ysfine.com/sbk/1950.html" "Mozilla/5.0 (Windows NT 10.0; Win64; x64) AppleWebKit/537.36 (KHTML, like Gecko) Chrome/109.0.0.0 Safari/537.36" "ysfine.com"
98.37.251.0 - - [23/Jan/2023:17:15:55 -0800] "GET /sbk/1976wdc11c.jpg HTTP/1.1" 200 30085 "https://ysfine.com/sbk/1950.html" "Mozilla/5.0 (Windows NT 10.0; Win64; x64) AppleWebKit/537.36 (KHTML, like Gecko) Chrome/109.0.0.0 Safari/537.36" "ysfine.com"
98.37.251.0 - - [23/Jan/2023:17:15:55 -0800] "GET /sbk/1973kc300.jpg HTTP/1.1" 200 31285 "https://ysfine.com/sbk/1950.html" "Mozilla/5.0 (Windows NT 10.0; Win64; x64) AppleWebKit/537.36 (KHTML, like Gecko) Chrome/109.0.0.0 Safari/537.36" "ysfine.com"
98.37.251.0 - - [23/Jan/2023:17:15:55 -0800] "GET /sbk/1970nyc11c.jpg HTTP/1.1" 200 31503 "https://ysfine.com/sbk/1950.html" "Mozilla/5.0 (Windows NT 10.0; Win64; x64) AppleWebKit/537.36 (KHTML, like Gecko) Chrome/109.0.0.0 Safari/537.36" "ysfine.com"
98.37.251.0 - - [23/Jan/2023:17:15:55 -0800] "GET /sbk/1972house11c.jpg HTTP/1.1" 200 26749 "https://ysfine.com/sbk/1950.html" "Mozilla/5.0 (Windows NT 10.0; Win64; x64) AppleWebKit/537.36 (KHTML, like Gecko) Chrome/109.0.0.0 Safari/537.36" "ysfine.com"
98.37.251.0 - - [23/Jan/2023:17:15:55 -0800] "GET /sbk/1983pr88c.jpg HTTP/1.1" 200 39529 "https://ysfine.com/sbk/1950.html" "Mozilla/5.0 (Windows NT 10.0; Win64; x64) AppleWebKit/537.36 (KHTML, like Gecko) Chrome/109.0.0.0 Safari/537.36" "ysfine.com"
98.37.251.0 - - [23/Jan/2023:17:15:55 -0800] "GET /sbk/1969cornell300.jpg HTTP/1.1" 200 26073 "https://ysfine.com/sbk/1950.html" "Mozilla/5.0 (Windows NT 10.0; Win64; x64) AppleWebKit/537.36 (KHTML, like Gecko) Chrome/109.0.0.0 Safari/537.36" "ysfine.com"
51.222.253.12 - - [23/Jan/2023:17:16:07 -0800] "GET /world/moscow.html HTTP/1.1" 200 21385 "-" "Mozilla/5.0 (compatible; AhrefsBot/7.0; +http://ahrefs.com/robot/)" "ysfine.com"
51.222.253.9 - - [23/Jan/2023:17:16:45 -0800] "GET /world/russ/msu22b.jpg HTTP/1.1" 200 34123 "-" "Mozilla/5.0 (compatible; AhrefsBot/7.0; +http://ahrefs.com/robot/)" "ysfine.com"
51.222.253.19 - - [23/Jan/2023:17:17:15 -0800] "GET /world/russ/mosgov12b.jpg HTTP/1.1" 200 39962 "-" "Mozilla/5.0 (compatible; AhrefsBot/7.0; +http://ahrefs.com/robot/)" "ysfine.com"
51.222.253.19 - - [23/Jan/2023:17:17:16 -0800] "GET /world/russ/mos011b.jpg HTTP/1.1" 200 54565 "-" "Mozilla/5.0 (compatible; AhrefsBot/7.0; +http://ahrefs.com/robot/)" "ysfine.com"
5.173.232.91 - - [23/Jan/2023:17:17:20 -0800] "GET /world/baltic/kantname11.jpg HTTP/1.1" 200 140735 "https://www.google.com/" "Mozilla/5.0 (Linux; Android 11; CPH2069) AppleWebKit/537.36 (KHTML, like Gecko) Chrome/109.0.0.0 Mobile Safari/537.36" "ysfine.com"
61.246.2.81 - - [23/Jan/2023:17:17:36 -0800] "GET /2004/license.txt HTTP/1.1" 404 88 "-" "Mozilla/5.0 (X11; Ubuntu; Linux x86_64; rv:62.0) Gecko/20100101 Firefox/62.0" "ysfine.com"
51.222.253.6 - - [23/Jan/2023:17:17:47 -0800] "GET /world/russ/redsq38b.jpg HTTP/1.1" 200 39699 "-" "Mozilla/5.0 (compatible; AhrefsBot/7.0; +http://ahrefs.com/robot/)" "ysfine.com"
51.222.253.13 - - [23/Jan/2023:17:17:48 -0800] "GET /kowar/tanks/tank05b.jpg HTTP/1.1" 200 48742 "-" "Mozilla/5.0 (compatible; AhrefsBot/7.0; +http://ahrefs.com/robot/)" "ysfine.com"
98.37.251.0 - - [23/Jan/2023:17:18:17 -0800] "GET /bio05.html HTTP/1.1" 200 7676 "https://ysfine.com/home/yshome.html" "Mozilla/5.0 (Windows NT 10.0; Win64; x64) AppleWebKit/537.36 (KHTML, like Gecko) Chrome/109.0.0.0 Safari/537.36" "ysfine.com"
98.37.251.0 - - [23/Jan/2023:17:18:17 -0800] "GET /class54/taylor54d.jpg HTTP/1.1" 200 65653 "https://ysfine.com/bio05.html" "Mozilla/5.0 (Windows NT 10.0; Win64; x64) AppleWebKit/537.36 (KHTML, like Gecko) Chrome/109.0.0.0 Safari/537.36" "ysfine.com"
98.37.251.0 - - [23/Jan/2023:17:18:17 -0800] "GET /home/eward33f.jpg HTTP/1.1" 200 86617 "https://ysfine.com/bio05.html" "Mozilla/5.0 (Windows NT 10.0; Win64; x64) AppleWebKit/537.36 (KHTML, like Gecko) Chrome/109.0.0.0 Safari/537.36" "ysfine.com"
98.37.251.0 - - [23/Jan/2023:17:18:17 -0800] "GET /home/fig22/acs96f.jpg HTTP/1.1" 200 118636 "https://ysfine.com/bio05.html" "Mozilla/5.0 (Windows NT 10.0; Win64; x64) AppleWebKit/537.36 (KHTML, like Gecko) Chrome/109.0.0.0 Safari/537.36" "ysfine.com"
98.37.251.0 - - [23/Jan/2023:17:18:17 -0800] "GET /kobak/swr51d.jpg HTTP/1.1" 200 49461 "https://ysfine.com/bio05.html" "Mozilla/5.0 (Windows NT 10.0; Win64; x64) AppleWebKit/537.36 (KHTML, like Gecko) Chrome/109.0.0.0 Safari/537.36" "ysfine.com"
98.37.251.0 - - [23/Jan/2023:17:18:17 -0800] "GET /home/fig22/ys53d.jpg HTTP/1.1" 200 47161 "https://ysfine.com/bio05.html" "Mozilla/5.0 (Windows NT 10.0; Win64; x64) AppleWebKit/537.36 (KHTML, like Gecko) Chrome/109.0.0.0 Safari/537.36" "ysfine.com"
98.37.251.0 - - [23/Jan/2023:17:18:17 -0800] "GET /home/fig22/tallm11d.jpg HTTP/1.1" 200 32321 "https://ysfine.com/bio05.html" "Mozilla/5.0 (Windows NT 10.0; Win64; x64) AppleWebKit/537.36 (KHTML, like Gecko) Chrome/109.0.0.0 Safari/537.36" "ysfine.com"
98.37.251.0 - - [23/Jan/2023:17:18:17 -0800] "GET /home/fotos/tank03d.jpg HTTP/1.1" 200 73123 "https://ysfine.com/bio05.html" "Mozilla/5.0 (Windows NT 10.0; Win64; x64) AppleWebKit/537.36 (KHTML, like Gecko) Chrome/109.0.0.0 Safari/537.36" "ysfine.com"
98.37.251.0 - - [23/Jan/2023:17:18:17 -0800] "GET /home/fotos/kazan017d.jpg HTTP/1.1" 200 51055 "https://ysfine.com/bio05.html" "Mozilla/5.0 (Windows NT 10.0; Win64; x64) AppleWebKit/537.36 (KHTML, like Gecko) Chrome/109.0.0.0 Safari/537.36" "ysfine.com"
98.37.251.0 - - [23/Jan/2023:17:18:17 -0800] "GET /home/mac05f.jpg HTTP/1.1" 200 98400 "https://ysfine.com/bio05.html" "Mozilla/5.0 (Windows NT 10.0; Win64; x64) AppleWebKit/537.36 (KHTML, like Gecko) Chrome/109.0.0.0 Safari/537.36" "ysfine.com"
98.37.251.0 - - [23/Jan/2023:17:18:17 -0800] "GET /kobak/sorae/church06d.jpg HTTP/1.1" 200 74527 "https://ysfine.com/bio05.html" "Mozilla/5.0 (Windows NT 10.0; Win64; x64) AppleWebKit/537.36 (KHTML, like Gecko) Chrome/109.0.0.0 Safari/537.36" "ysfine.com"
98.37.251.0 - - [23/Jan/2023:17:18:17 -0800] "GET /home/tallm53f.jpg HTTP/1.1" 200 132310 "https://ysfine.com/bio05.html" "Mozilla/5.0 (Windows NT 10.0; Win64; x64) AppleWebKit/537.36 (KHTML, like Gecko) Chrome/109.0.0.0 Safari/537.36" "ysfine.com"
98.37.251.0 - - [23/Jan/2023:17:18:17 -0800] "GET /home/fotos/tank05d.jpg HTTP/1.1" 200 52601 "https://ysfine.com/bio05.html" "Mozilla/5.0 (Windows NT 10.0; Win64; x64) AppleWebKit/537.36 (KHTML, like Gecko) Chrome/109.0.0.0 Safari/537.36" "ysfine.com"
98.37.251.0 - - [23/Jan/2023:17:18:17 -0800] "GET /home/fig22/acs22f.jpg HTTP/1.1" 200 107067 "https://ysfine.com/bio05.html" "Mozilla/5.0 (Windows NT 10.0; Win64; x64) AppleWebKit/537.36 (KHTML, like Gecko) Chrome/109.0.0.0 Safari/537.36" "ysfine.com"
98.37.251.0 - - [23/Jan/2023:17:18:17 -0800] "GET /home/fig22/acs73f.jpg HTTP/1.1" 200 284573 "https://ysfine.com/bio05.html" "Mozilla/5.0 (Windows NT 10.0; Win64; x64) AppleWebKit/537.36 (KHTML, like Gecko) Chrome/109.0.0.0 Safari/537.36" "ysfine.com"
98.37.251.0 - - [23/Jan/2023:17:18:17 -0800] "GET /home/fig22/busan22d.jpg HTTP/1.1" 200 35419 "https://ysfine.com/bio05.html" "Mozilla/5.0 (Windows NT 10.0; Win64; x64) AppleWebKit/537.36 (KHTML, like Gecko) Chrome/109.0.0.0 Safari/537.36" "ysfine.com"
98.37.251.0 - - [23/Jan/2023:17:18:17 -0800] "GET /home/fig22/silvana49d.jpg HTTP/1.1" 200 49427 "https://ysfine.com/bio05.html" "Mozilla/5.0 (Windows NT 10.0; Win64; x64) AppleWebKit/537.36 (KHTML, like Gecko) Chrome/109.0.0.0 Safari/537.36" "ysfine.com"
98.37.251.0 - - [23/Jan/2023:17:18:17 -0800] "GET /home/fig22/cafe33f.jpg HTTP/1.1" 200 147078 "https://ysfine.com/bio05.html" "Mozilla/5.0 (Windows NT 10.0; Win64; x64) AppleWebKit/537.36 (KHTML, like Gecko) Chrome/109.0.0.0 Safari/537.36" "ysfine.com"
98.37.251.0 - - [23/Jan/2023:17:18:17 -0800] "GET /eink/pwk450 HTTP/1.1" 200 95796 "https://ysfine.com/bio05.html" "Mozilla/5.0 (Windows NT 10.0; Win64; x64) AppleWebKit/537.36 (KHTML, like Gecko) Chrome/109.0.0.0 Safari/537.36" "ysfine.com"
207.46.13.27 - - [23/Jan/2023:17:18:17 -0800] "GET /bio/sbk/1950.html HTTP/1.1" 404 88 "-" "Mozilla/5.0 AppleWebKit/537.36 (KHTML, like Gecko; compatible; bingbot/2.0; +http://www.bing.com/bingbot.htm) Chrome/103.0.5060.134 Safari/537.36" "ysfine.com"
51.222.253.10 - - [23/Jan/2023:17:18:19 -0800] "GET /world/russ/mosf16b.jpg HTTP/1.1" 200 42050 "-" "Mozilla/5.0 (compatible; AhrefsBot/7.0; +http://ahrefs.com/robot/)" "ysfine.com"
104.182.160.13 - - [23/Jan/2023:17:18:48 -0800] "GET /princeton/brooke22.jpg HTTP/1.1" 200 87673 "https://www.google.com/" "Mozilla/5.0 (Windows NT 10.0; Win64; x64) AppleWebKit/537.36 (KHTML, like Gecko) Chrome/109.0.0.0 Safari/537.36" "ysfine.com"
51.222.253.9 - - [23/Jan/2023:17:18:49 -0800] "GET /world/russ/basil01b.jpg HTTP/1.1" 200 42711 "-" "Mozilla/5.0 (compatible; AhrefsBot/7.0; +http://ahrefs.com/robot/)" "ysfine.com"
51.222.253.17 - - [23/Jan/2023:17:18:50 -0800] "GET /world/russ/msu01b.jpg HTTP/1.1" 200 30172 "-" "Mozilla/5.0 (compatible; AhrefsBot/7.0; +http://ahrefs.com/robot/)" "ysfine.com"
