71.178.208.102 - - [22/Jan/2023:22:31:21 -0800] "GET /home/further22f.jpg HTTP/1.1" 200 99099 "https://www.ysfine.com/bio09.html" "Mozilla/5.0 (Windows NT 10.0; Win64; x64; rv:109.0) Gecko/20100101 Firefox/109.0" "www.ysfine.com"
71.178.208.102 - - [22/Jan/2023:22:31:21 -0800] "GET /fotos/einhaus450.jpg HTTP/1.1" 200 65369 "https://www.ysfine.com/bio09.html" "Mozilla/5.0 (Windows NT 10.0; Win64; x64; rv:109.0) Gecko/20100101 Firefox/109.0" "www.ysfine.com"
71.178.208.102 - - [22/Jan/2023:22:31:21 -0800] "GET /home/ewk86f.jpg HTTP/1.1" 200 123121 "https://www.ysfine.com/bio09.html" "Mozilla/5.0 (Windows NT 10.0; Win64; x64; rv:109.0) Gecko/20100101 Firefox/109.0" "www.ysfine.com"
71.178.208.102 - - [22/Jan/2023:22:31:21 -0800] "GET /home/bedk22f.jpg HTTP/1.1" 200 79706 "https://www.ysfine.com/bio09.html" "Mozilla/5.0 (Windows NT 10.0; Win64; x64; rv:109.0) Gecko/20100101 Firefox/109.0" "www.ysfine.com"
71.178.208.102 - - [22/Jan/2023:22:31:21 -0800] "GET /home/o32inho22g.jpg HTTP/1.1" 200 90429 "https://www.ysfine.com/bio09.html" "Mozilla/5.0 (Windows NT 10.0; Win64; x64; rv:109.0) Gecko/20100101 Firefox/109.0" "www.ysfine.com"
71.178.208.102 - - [22/Jan/2023:22:31:21 -0800] "GET /home/fig33/sbtwein450.jpg HTTP/1.1" 200 73194 "https://www.ysfine.com/bio09.html" "Mozilla/5.0 (Windows NT 10.0; Win64; x64; rv:109.0) Gecko/20100101 Firefox/109.0" "www.ysfine.com"
71.178.208.102 - - [22/Jan/2023:22:31:21 -0800] "GET /home/comet40f.jpg HTTP/1.1" 200 101816 "https://www.ysfine.com/bio09.html" "Mozilla/5.0 (Windows NT 10.0; Win64; x64; rv:109.0) Gecko/20100101 Firefox/109.0" "www.ysfine.com"
71.178.208.102 - - [22/Jan/2023:22:31:21 -0800] "GET /home/fig33/parton77f.jpg HTTP/1.1" 200 120094 "https://www.ysfine.com/bio09.html" "Mozilla/5.0 (Windows NT 10.0; Win64; x64; rv:109.0) Gecko/20100101 Firefox/109.0" "www.ysfine.com"
71.178.208.102 - - [22/Jan/2023:22:31:21 -0800] "GET /dirac/truck/truck18a.jpg HTTP/1.1" 200 78184 "https://www.ysfine.com/bio09.html" "Mozilla/5.0 (Windows NT 10.0; Win64; x64; rv:109.0) Gecko/20100101 Firefox/109.0" "www.ysfine.com"
71.178.208.102 - - [22/Jan/2023:22:31:22 -0800] "GET /favicon.ico HTTP/1.1" 404 88 "https://www.ysfine.com/bio09.html" "Mozilla/5.0 (Windows NT 10.0; Win64; x64; rv:109.0) Gecko/20100101 Firefox/109.0" "www.ysfine.com"
207.46.13.15 - - [22/Jan/2023:22:31:32 -0800] "GET /bio/style/proschanie.html HTTP/1.1" 404 88 "-" "Mozilla/5.0 AppleWebKit/537.36 (KHTML, like Gecko; compatible; bingbot/2.0; +http://www.bing.com/bingbot.htm) Chrome/103.0.5060.134 Safari/537.36" "ysfine.com"
91.129.96.85 - - [22/Jan/2023:22:32:10 -0800] "GET /princeton/gcollege21.jpg HTTP/1.1" 200 107075 "https://www.google.ee/" "Mozilla/5.0 (Linux; Android 10; SM-G965F) AppleWebKit/537.36 (KHTML, like Gecko) Chrome/106.0.5249.126 Mobile Safari/537.36 OPR/72.5.3767.69342" "ysfine.com"
207.46.13.27 - - [22/Jan/2023:22:33:29 -0800] "GET /bio/kobak/yskor.html HTTP/1.1" 404 88 "-" "Mozilla/5.0 AppleWebKit/537.36 (KHTML, like Gecko; compatible; bingbot/2.0; +http://www.bing.com/bingbot.htm) Chrome/103.0.5060.134 Safari/537.36" "ysfine.com"
114.119.139.26 - - [22/Jan/2023:22:34:02 -0800] "GET /princeton/butler.html HTTP/1.1" 200 407 "https://ysfine.com/princeton/campus.html" "Mozilla/5.0 (Linux; Android 7.0;) AppleWebKit/537.36 (KHTML, like Gecko) Mobile Safari/537.36 (compatible; PetalBot;+https://webmaster.petalsearch.com/site/petalbot)" "ysfine.com"
88.241.192.238 - - [22/Jan/2023:22:34:30 -0800] "GET /dirac/wigsis11.jpg HTTP/1.1" 200 71741 "https://www.google.com/" "Mozilla/5.0 (Windows NT 10.0; Win64; x64) AppleWebKit/537.36 (KHTML, like Gecko) Chrome/109.0.0.0 Safari/537.36" "ysfine.com"
88.241.192.238 - - [22/Jan/2023:22:34:39 -0800] "GET /dirac/dirwig33.jpg HTTP/1.1" 200 49208 "https://www.google.com/" "Mozilla/5.0 (Windows NT 10.0; Win64; x64) AppleWebKit/537.36 (KHTML, like Gecko) Chrome/109.0.0.0 Safari/537.36" "ysfine.com"
71.178.208.102 - - [22/Jan/2023:22:35:37 -0800] "GET /bio09.html HTTP/1.1" 200 12694 "https://www.ysfine.com/ys11/index.html" "Mozilla/5.0 (Windows NT 10.0; Win64; x64; rv:109.0) Gecko/20100101 Firefox/109.0" "www.ysfine.com"
114.119.145.121 - - [22/Jan/2023:22:35:54 -0800] "GET /robots.txt HTTP/1.1" 404 88 "-" "Mozilla/5.0 (compatible;PetalBot;+https://webmaster.petalsearch.com/site/petalbot)" "ysfine.com"
71.178.208.102 - - [22/Jan/2023:22:37:08 -0800] "GET /bio09.html HTTP/1.1" 304 - "https://www.ysfine.com/ys11/index.html" "Mozilla/5.0 (Windows NT 10.0; Win64; x64; rv:109.0) Gecko/20100101 Firefox/109.0" "www.ysfine.com"
207.46.13.27 - - [22/Jan/2023:22:39:09 -0800] "GET /bio/style/artlove.html HTTP/1.1" 404 88 "-" "Mozilla/5.0 AppleWebKit/537.36 (KHTML, like Gecko; compatible; bingbot/2.0; +http://www.bing.com/bingbot.htm) Chrome/103.0.5060.134 Safari/537.36" "ysfine.com"
157.55.39.72 - - [22/Jan/2023:22:39:33 -0800] "GET /bio/eink/buythisbook.html HTTP/1.1" 404 88 "-" "Mozilla/5.0 AppleWebKit/537.36 (KHTML, like Gecko; compatible; bingbot/2.0; +http://www.bing.com/bingbot.htm) Chrome/103.0.5060.134 Safari/537.36" "ysfine.com"
207.46.13.15 - - [22/Jan/2023:22:39:43 -0800] "GET /style/admire.html HTTP/1.1" 200 408 "-" "Mozilla/5.0 AppleWebKit/537.36 (KHTML, like Gecko; compatible; bingbot/2.0; +http://www.bing.com/bingbot.htm) Chrome/103.0.5060.134 Safari/537.36" "ysfine.com"
51.222.253.8 - - [22/Jan/2023:22:40:20 -0800] "GET /home/100yrs.html HTTP/1.1" 200 7936 "-" "Mozilla/5.0 (compatible; AhrefsBot/7.0; +http://ahrefs.com/robot/)" "www.ysfine.com"
51.222.253.18 - - [22/Jan/2023:22:40:22 -0800] "GET /home/eward33a.jpg HTTP/1.1" 200 63372 "-" "Mozilla/5.0 (compatible; AhrefsBot/7.0; +http://ahrefs.com/robot/)" "www.ysfine.com"
51.222.253.2 - - [22/Jan/2023:22:40:22 -0800] "GET /home/figs/parton33a.jpg HTTP/1.1" 200 79369 "-" "Mozilla/5.0 (compatible; AhrefsBot/7.0; +http://ahrefs.com/robot/)" "www.ysfine.com"
51.222.253.14 - - [22/Jan/2023:22:40:23 -0800] "GET /wigner/lunch91c.jpg HTTP/1.1" 200 59935 "-" "Mozilla/5.0 (compatible; AhrefsBot/7.0; +http://ahrefs.com/robot/)" "www.ysfine.com"
51.222.253.18 - - [22/Jan/2023:22:40:23 -0800] "GET /home/figs/einbohr77a.jpg HTTP/1.1" 200 89596 "-" "Mozilla/5.0 (compatible; AhrefsBot/7.0; +http://ahrefs.com/robot/)" "www.ysfine.com"
51.222.253.11 - - [22/Jan/2023:22:40:24 -0800] "GET /home/figs/restof05c.jpg HTTP/1.1" 200 21825 "-" "Mozilla/5.0 (compatible; AhrefsBot/7.0; +http://ahrefs.com/robot/)" "www.ysfine.com"
51.222.253.18 - - [22/Jan/2023:22:40:24 -0800] "GET /home/figs/o32inho22c.jpg HTTP/1.1" 200 33038 "-" "Mozilla/5.0 (compatible; AhrefsBot/7.0; +http://ahrefs.com/robot/)" "www.ysfine.com"
51.222.253.8 - - [22/Jan/2023:22:40:25 -0800] "GET /home/figs/evol77c.jpg HTTP/1.1" 200 51561 "-" "Mozilla/5.0 (compatible; AhrefsBot/7.0; +http://ahrefs.com/robot/)" "www.ysfine.com"
51.222.253.7 - - [22/Jan/2023:22:40:25 -0800] "GET /home/fotos/dirac1939c.jpg HTTP/1.1" 200 55599 "-" "Mozilla/5.0 (compatible; AhrefsBot/7.0; +http://ahrefs.com/robot/)" "www.ysfine.com"
51.222.253.6 - - [22/Jan/2023:22:40:25 -0800] "GET /home/figs/o32c.jpg HTTP/1.1" 200 30707 "-" "Mozilla/5.0 (compatible; AhrefsBot/7.0; +http://ahrefs.com/robot/)" "www.ysfine.com"
51.222.253.17 - - [22/Jan/2023:22:40:26 -0800] "GET /home/figs/hegel33c.jpg HTTP/1.1" 200 32412 "-" "Mozilla/5.0 (compatible; AhrefsBot/7.0; +http://ahrefs.com/robot/)" "www.ysfine.com"
51.222.253.19 - - [22/Jan/2023:22:40:26 -0800] "GET /home/figs/sp2c.jpg HTTP/1.1" 200 29532 "-" "Mozilla/5.0 (compatible; AhrefsBot/7.0; +http://ahrefs.com/robot/)" "www.ysfine.com"
51.222.253.13 - - [22/Jan/2023:22:40:27 -0800] "GET /home/figs/feybongo77c.jpg HTTP/1.1" 200 31653 "-" "Mozilla/5.0 (compatible; AhrefsBot/7.0; +http://ahrefs.com/robot/)" "www.ysfine.com"
51.222.253.10 - - [22/Jan/2023:22:40:27 -0800] "GET /home/figs/dirackn55c.jpg HTTP/1.1" 200 40998 "-" "Mozilla/5.0 (compatible; AhrefsBot/7.0; +http://ahrefs.com/robot/)" "www.ysfine.com"
51.222.253.1 - - [22/Jan/2023:22:40:28 -0800] "GET /home/resonance33c.jpg HTTP/1.1" 200 36247 "-" "Mozilla/5.0 (compatible; AhrefsBot/7.0; +http://ahrefs.com/robot/)" "www.ysfine.com"
51.222.253.15 - - [22/Jan/2023:22:40:28 -0800] "GET /home/figs/restof33a.jpg HTTP/1.1" 200 48893 "-" "Mozilla/5.0 (compatible; AhrefsBot/7.0; +http://ahrefs.com/robot/)" "www.ysfine.com"
51.222.253.17 - - [22/Jan/2023:22:40:29 -0800] "GET /dirac/dirac63c.jpg HTTP/1.1" 200 29237 "-" "Mozilla/5.0 (compatible; AhrefsBot/7.0; +http://ahrefs.com/robot/)" "www.ysfine.com"
51.222.253.17 - - [22/Jan/2023:22:40:29 -0800] "GET /home/figs/sq33a.jpg HTTP/1.1" 200 61922 "-" "Mozilla/5.0 (compatible; AhrefsBot/7.0; +http://ahrefs.com/robot/)" "www.ysfine.com"
51.222.253.9 - - [22/Jan/2023:22:40:30 -0800] "GET /dirac/2osc22c.jpg HTTP/1.1" 200 28929 "-" "Mozilla/5.0 (compatible; AhrefsBot/7.0; +http://ahrefs.com/robot/)" "www.ysfine.com"
207.46.13.167 - - [22/Jan/2023:22:40:41 -0800] "GET /bio10.html HTTP/1.1" 200 4664 "-" "Mozilla/5.0 AppleWebKit/537.36 (KHTML, like Gecko; compatible; bingbot/2.0; +http://www.bing.com/bingbot.htm) Chrome/103.0.5060.134 Safari/537.36" "ysfine.com"
207.46.13.89 - - [22/Jan/2023:22:40:45 -0800] "GET /wisdom/yitol.html HTTP/1.1" 200 6261 "-" "Mozilla/5.0 AppleWebKit/537.36 (KHTML, like Gecko; compatible; bingbot/2.0; +http://www.bing.com/bingbot.htm) Chrome/103.0.5060.134 Safari/537.36" "ysfine.com"
207.46.13.89 - - [22/Jan/2023:22:40:46 -0800] "GET /bio05.html HTTP/1.1" 200 7676 "-" "Mozilla/5.0 AppleWebKit/537.36 (KHTML, like Gecko; compatible; bingbot/2.0; +http://www.bing.com/bingbot.htm) Chrome/103.0.5060.134 Safari/537.36" "ysfine.com"
118.184.177.49 - - [22/Jan/2023:22:41:37 -0800] "GET / HTTP/1.1" 200 5295 "-" "Sogou web spider/4.0(+http://www.sogou.com/docs/help/webmasters.htm#07)" "www.ysfine.com"
66.108.146.245 - - [22/Jan/2023:22:42:04 -0800] "GET /princeton/brooke.html HTTP/1.1" 200 952 "https://www.google.com/" "Mozilla/5.0 (Linux; Android 11; moto g power (2021)) AppleWebKit/537.36 (KHTML, like Gecko) Chrome/109.0.0.0 Mobile Safari/537.36" "ysfine.com"
66.108.146.245 - - [22/Jan/2023:22:42:04 -0800] "GET /princeton/brooke88.jpg HTTP/1.1" 200 82208 "https://ysfine.com/princeton/brooke.html" "Mozilla/5.0 (Linux; Android 11; moto g power (2021)) AppleWebKit/537.36 (KHTML, like Gecko) Chrome/109.0.0.0 Mobile Safari/537.36" "ysfine.com"
66.108.146.245 - - [22/Jan/2023:22:42:04 -0800] "GET /princeton/brooke22.jpg HTTP/1.1" 200 87673 "https://ysfine.com/princeton/brooke.html" "Mozilla/5.0 (Linux; Android 11; moto g power (2021)) AppleWebKit/537.36 (KHTML, like Gecko) Chrome/109.0.0.0 Mobile Safari/537.36" "ysfine.com"
66.108.146.245 - - [22/Jan/2023:22:42:04 -0800] "GET /princeton/brooke28.jpg HTTP/1.1" 200 60032 "https://ysfine.com/princeton/brooke.html" "Mozilla/5.0 (Linux; Android 11; moto g power (2021)) AppleWebKit/537.36 (KHTML, like Gecko) Chrome/109.0.0.0 Mobile Safari/537.36" "ysfine.com"
207.46.13.176 - - [22/Jan/2023:22:43:02 -0800] "GET /kobak/repose22.jpg HTTP/1.1" 200 126234 "-" "Mozilla/5.0 AppleWebKit/537.36 (KHTML, like Gecko; compatible; bingbot/2.0; +http://www.bing.com/bingbot.htm) Chrome/103.0.5060.134 Safari/537.36" "ysfine.com"
207.46.13.167 - - [22/Jan/2023:22:45:01 -0800] "GET /bio/princeton/campus.html HTTP/1.1" 404 88 "-" "Mozilla/5.0 AppleWebKit/537.36 (KHTML, like Gecko; compatible; bingbot/2.0; +http://www.bing.com/bingbot.htm) Chrome/103.0.5060.134 Safari/537.36" "ysfine.com"
213.174.148.161 - - [22/Jan/2023:22:45:45 -0800] "GET /robots.txt HTTP/1.1" 404 73 "-" "Mozilla/5.0 (X11; Ubuntu; Linux x86_64; rv:39.0) Gecko/20100101 Firefox/39.0" "ysfine.com"
213.174.148.161 - - [22/Jan/2023:22:45:46 -0800] "GET /robots.txt HTTP/1.1" 404 73 "-" "Mozilla/5.0 (X11; Ubuntu; Linux x86_64; rv:39.0) Gecko/20100101 Firefox/39.0" "ysfine.com"
213.174.148.161 - - [22/Jan/2023:22:45:46 -0800] "GET /wisdom/wk06.html HTTP/1.1" 200 49929 "-" "Mozilla/5.0 (X11; Ubuntu; Linux x86_64; rv:39.0) Gecko/20100101 Firefox/39.0" "ysfine.com"
213.174.148.161 - - [22/Jan/2023:22:45:46 -0800] "GET /wisdom/wk06.html HTTP/1.1" 200 49929 "-" "Mozilla/5.0 (X11; Ubuntu; Linux x86_64; rv:39.0) Gecko/20100101 Firefox/39.0" "ysfine.com"
210.113.232.101 - - [22/Jan/2023:22:46:38 -0800] "GET /jobs/koreaj22.jpg HTTP/1.1" 200 195155 "https://www.google.co.kr/" "Mozilla/5.0 (Windows NT 10.0; Win64; x64) AppleWebKit/537.36 (KHTML, like Gecko) Chrome/109.0.0.0 Safari/537.36" "ysfine.com"
207.46.13.27 - - [22/Jan/2023:22:48:10 -0800] "GET /wisdom/wkstorie.html HTTP/1.1" 200 954 "-" "Mozilla/5.0 AppleWebKit/537.36 (KHTML, like Gecko; compatible; bingbot/2.0; +http://www.bing.com/bingbot.htm) Chrome/103.0.5060.134 Safari/537.36" "www.ysfine.com"
5.188.210.80 - - [22/Jan/2023:22:48:20 -0800] "GET /ysbio/world/travel.html HTTP/1.1" 404 73 "https://www.ysfine.com/ysbio/world/travel.html" "Mozilla/5.0 (Windows NT 10.0; Win64; x64) AppleWebKit/537.36 (KHTML, like Gecko) Chrome/90.0.4430.72 Safari/537.36" "www.ysfine.com"
5.188.210.80 - - [22/Jan/2023:22:48:21 -0800] "GET / HTTP/1.1" 200 15915 "https://www.ysfine.com/" "Mozilla/5.0 (Windows NT 10.0; Win64; x64) AppleWebKit/537.36 (KHTML, like Gecko) Chrome/90.0.4430.72 Safari/537.36" "www.ysfine.com"
40.77.167.11 - - [22/Jan/2023:22:48:34 -0800] "GET /bio/kobak/namdae.html HTTP/1.1" 404 88 "-" "Mozilla/5.0 (compatible; bingbot/2.0; +http://www.bing.com/bingbot.htm)" "ysfine.com"
85.208.98.23 - - [22/Jan/2023:22:49:42 -0800] "GET /robots.txt HTTP/1.1" 404 88 "http://www.ysfine.com/robots.txt" "Mozilla/5.0 (compatible; SemrushBot-BA; +http://www.semrush.com/bot.html)" "www.ysfine.com"
85.208.98.23 - - [22/Jan/2023:22:49:42 -0800] "GET /robots.txt HTTP/1.1" 404 88 "http://ysfine.com/robots.txt" "Mozilla/5.0 (compatible; SemrushBot-BA; +http://www.semrush.com/bot.html)" "ysfine.com"
85.208.98.22 - - [22/Jan/2023:22:50:10 -0800] "GET /style/restau.html HTTP/1.1" 200 2149 "-" "Mozilla/5.0 (compatible; SemrushBot-BA; +http://www.semrush.com/bot.html)" "www.ysfine.com"
85.208.98.16 - - [22/Jan/2023:22:50:28 -0800] "GET /style/restau.html HTTP/1.1" 200 2149 "-" "Mozilla/5.0 (compatible; SemrushBot-BA; +http://www.semrush.com/bot.html)" "ysfine.com"
71.178.208.102 - - [22/Jan/2023:22:50:29 -0800] "GET /bio09.html HTTP/1.1" 200 12701 "https://ysfine.com/ys11/" "Mozilla/5.0 (Windows NT 10.0; Win64; x64) AppleWebKit/537.36 (KHTML, like Gecko) Chrome/108.0.5359.125 Safari/537.36" "ysfine.com"
71.178.208.102 - - [22/Jan/2023:22:50:30 -0800] "GET /favicon.ico HTTP/1.1" 404 88 "https://ysfine.com/bio09.html" "Mozilla/5.0 (Windows NT 10.0; Win64; x64) AppleWebKit/537.36 (KHTML, like Gecko) Chrome/108.0.5359.125 Safari/537.36" "ysfine.com"
71.178.208.102 - - [22/Jan/2023:22:52:36 -0800] "GET /bio09.html HTTP/1.1" 200 12695 "https://www.ysfine.com/ys11/index.html" "Mozilla/5.0 (Windows NT 10.0; Win64; x64; rv:109.0) Gecko/20100101 Firefox/109.0" "www.ysfine.com"
207.46.13.27 - - [22/Jan/2023:22:54:01 -0800] "GET /bio/sbk/1950.html HTTP/1.1" 404 88 "-" "Mozilla/5.0 AppleWebKit/537.36 (KHTML, like Gecko; compatible; bingbot/2.0; +http://www.bing.com/bingbot.htm) Chrome/103.0.5060.134 Safari/537.36" "ysfine.com"
71.178.208.102 - - [22/Jan/2023:22:54:34 -0800] "GET /bio09.html HTTP/1.1" 200 12693 "https://www.ysfine.com/ys11/index.html" "Mozilla/5.0 (Windows NT 10.0; Win64; x64; rv:109.0) Gecko/20100101 Firefox/109.0" "www.ysfine.com"
129.146.1.102 - - [22/Jan/2023:22:54:35 -0800] "GET /world/baltic/kalinho22.jpg HTTP/1.1" 200 145864 "-" "Mozilla/5.0 (X11; Ubuntu; Linux x86_64; rv:72.0) Gecko/20100101 Firefox/72.0" "ysfine.com"
51.222.253.20 - - [22/Jan/2023:22:54:52 -0800] "GET / HTTP/1.1" 200 5295 "-" "Mozilla/5.0 (compatible; AhrefsBot/7.0; +http://ahrefs.com/robot/)" "www.ysfine.com"
114.119.143.68 - - [22/Jan/2023:22:56:17 -0800] "GET /feynman/fthbot.html HTTP/1.1" 200 691 "-" "Mozilla/5.0 (Linux; Android 7.0;) AppleWebKit/537.36 (KHTML, like Gecko) Mobile Safari/537.36 (compatible; PetalBot;+https://webmaster.petalsearch.com/site/petalbot)" "www.ysfine.com"
71.178.208.102 - - [22/Jan/2023:22:57:01 -0800] "GET /bio09.html HTTP/1.1" 200 12691 "https://www.ysfine.com/ys11/index.html" "Mozilla/5.0 (Windows NT 10.0; Win64; x64; rv:109.0) Gecko/20100101 Firefox/109.0" "www.ysfine.com"
113.211.209.188 - - [22/Jan/2023:22:57:14 -0800] "GET /princeton/brooke22.jpg HTTP/1.1" 200 87673 "https://www.google.com/" "Mozilla/5.0 (Windows NT 10.0; Win64; x64) AppleWebKit/537.36 (KHTML, like Gecko) Chrome/109.0.0.0 Safari/537.36 Edg/109.0.1518.55" "ysfine.com"
95.163.255.63 - - [22/Jan/2023:22:57:39 -0800] "GET /robots.txt HTTP/1.1" 404 73 "-" "Mozilla/5.0 (compatible; Linux x86_64; Mail.RU_Bot/2.0; +https://help.mail.ru/webmaster/indexing/robots)" "ysfine.com"
95.163.255.67 - - [22/Jan/2023:22:57:41 -0800] "GET /kobak/tank21.jpg HTTP/1.1" 404 88 "-" "Mozilla/5.0 (compatible; Linux x86_64; Mail.RU_Bot/2.0; +https://help.mail.ru/webmaster/indexing/robots)" "ysfine.com"
207.46.13.89 - - [22/Jan/2023:22:57:47 -0800] "GET /world/brit/dunf09.jpg HTTP/1.1" 200 93748 "-" "Mozilla/5.0 AppleWebKit/537.36 (KHTML, like Gecko; compatible; bingbot/2.0; +http://www.bing.com/bingbot.htm) Chrome/103.0.5060.134 Safari/537.36" "www.ysfine.com"
63.155.73.16 - - [22/Jan/2023:22:58:11 -0800] "GET /world/kor/sel803.jpg HTTP/1.1" 200 195155 "https://www.google.com/" "Mozilla/5.0 (Windows NT 10.0; Win64; x64; rv:108.0) Gecko/20100101 Firefox/108.0" "ysfine.com"
71.178.208.102 - - [22/Jan/2023:22:58:14 -0800] "GET /bio09.html HTTP/1.1" 200 12686 "https://www.ysfine.com/ys11/index.html" "Mozilla/5.0 (Windows NT 10.0; Win64; x64; rv:109.0) Gecko/20100101 Firefox/109.0" "www.ysfine.com"
42.241.53.87 - - [22/Jan/2023:23:00:01 -0800] "GET /wigner/wiglittle.pdf HTTP/1.1" 200 2659296 "-" "Mozilla/5.0 (iPhone; CPU iPhone OS 15_7_2 like Mac OS X) AppleWebKit/605.1.15 (KHTML, like Gecko) Version/15.6.4 Mobile/15E148 Safari/604.1" "ysfine.com"
207.46.13.176 - - [22/Jan/2023:23:00:25 -0800] "GET /bio/kobak/soraech.html HTTP/1.1" 404 88 "-" "Mozilla/5.0 AppleWebKit/537.36 (KHTML, like Gecko; compatible; bingbot/2.0; +http://www.bing.com/bingbot.htm) Chrome/103.0.5060.134 Safari/537.36" "ysfine.com"
71.178.208.102 - - [22/Jan/2023:23:01:00 -0800] "GET /bio09.html HTTP/1.1" 200 12686 "https://www.ysfine.com/ys11/index.html" "Mozilla/5.0 (Windows NT 10.0; Win64; x64; rv:109.0) Gecko/20100101 Firefox/109.0" "www.ysfine.com"
51.222.253.13 - - [22/Jan/2023:23:01:08 -0800] "GET /class54/class5470/total_data/sub_770.htm HTTP/1.1" 200 3295 "-" "Mozilla/5.0 (compatible; AhrefsBot/7.0; +http://ahrefs.com/robot/)" "ysfine.com"
223.16.92.254 - - [22/Jan/2023:23:01:17 -0800] "GET /kowar/changdoy01b.jpg HTTP/1.1" 200 49576 "https://www.bing.com/" "Mozilla/5.0 (Windows NT 10.0; Win64; x64) AppleWebKit/537.36 (KHTML, like Gecko) Chrome/109.0.0.0 Safari/537.36 Edg/109.0.1518.61" "ysfine.com"
86.243.102.104 - - [22/Jan/2023:23:01:35 -0800] "GET /einstein/fantova/fantova.html HTTP/1.1" 200 17340 "-" "Mozilla/5.0 (Windows NT 6.3; Win64; x64) AppleWebKit/537.36 (KHTML, like Gecko) Chrome/102.0.0.0 Safari/537.36" "ysfine.com"
165.225.96.109 - - [22/Jan/2023:23:02:30 -0800] "GET /home/eward55f.jpg HTTP/1.1" 200 122802 "http://www2.physics.umd.edu/" "Mozilla/5.0 (Windows NT 10.0; Win64; x64) AppleWebKit/537.36 (KHTML, like Gecko) Chrome/109.0.0.0 Safari/537.36 Edg/109.0.1518.55" "ysfine.com"
165.225.96.109 - - [22/Jan/2023:23:02:30 -0800] "GET /home/eink77c.jpg HTTP/1.1" 200 47471 "http://www2.physics.umd.edu/" "Mozilla/5.0 (Windows NT 10.0; Win64; x64) AppleWebKit/537.36 (KHTML, like Gecko) Chrome/109.0.0.0 Safari/537.36 Edg/109.0.1518.55" "ysfine.com"
165.225.96.109 - - [22/Jan/2023:23:02:30 -0800] "GET /home/facu63c.jpg HTTP/1.1" 200 41710 "http://www2.physics.umd.edu/" "Mozilla/5.0 (Windows NT 10.0; Win64; x64) AppleWebKit/537.36 (KHTML, like Gecko) Chrome/109.0.0.0 Safari/537.36 Edg/109.0.1518.55" "ysfine.com"
165.225.96.109 - - [22/Jan/2023:23:02:30 -0800] "GET /home/top21c.jpg HTTP/1.1" 200 53120 "http://www2.physics.umd.edu/" "Mozilla/5.0 (Windows NT 10.0; Win64; x64) AppleWebKit/537.36 (KHTML, like Gecko) Chrome/109.0.0.0 Safari/537.36 Edg/109.0.1518.55" "ysfine.com"
165.225.96.109 - - [22/Jan/2023:23:02:30 -0800] "GET /home/truck/truck20c.jpg HTTP/1.1" 200 29999 "http://www2.physics.umd.edu/" "Mozilla/5.0 (Windows NT 10.0; Win64; x64) AppleWebKit/537.36 (KHTML, like Gecko) Chrome/109.0.0.0 Safari/537.36 Edg/109.0.1518.55" "ysfine.com"
165.225.96.109 - - [22/Jan/2023:23:02:30 -0800] "GET /home/goodbad55c.jpg HTTP/1.1" 200 24415 "http://www2.physics.umd.edu/" "Mozilla/5.0 (Windows NT 10.0; Win64; x64) AppleWebKit/537.36 (KHTML, like Gecko) Chrome/109.0.0.0 Safari/537.36 Edg/109.0.1518.55" "ysfine.com"
165.225.96.109 - - [22/Jan/2023:23:02:31 -0800] "GET /wdc/washmo23c.jpg HTTP/1.1" 200 21217 "http://www2.physics.umd.edu/" "Mozilla/5.0 (Windows NT 10.0; Win64; x64) AppleWebKit/537.36 (KHTML, like Gecko) Chrome/109.0.0.0 Safari/537.36 Edg/109.0.1518.55" "ysfine.com"
165.225.96.109 - - [22/Jan/2023:23:02:31 -0800] "GET /sbk/1987pr22c.jpg HTTP/1.1" 200 40964 "http://www2.physics.umd.edu/" "Mozilla/5.0 (Windows NT 10.0; Win64; x64) AppleWebKit/537.36 (KHTML, like Gecko) Chrome/109.0.0.0 Safari/537.36 Edg/109.0.1518.55" "ysfine.com"
165.225.96.109 - - [22/Jan/2023:23:02:31 -0800] "GET /wdc/eindc03c.jpg HTTP/1.1" 200 48446 "http://www2.physics.umd.edu/" "Mozilla/5.0 (Windows NT 10.0; Win64; x64) AppleWebKit/537.36 (KHTML, like Gecko) Chrome/109.0.0.0 Safari/537.36 Edg/109.0.1518.55" "ysfine.com"
165.225.96.109 - - [22/Jan/2023:23:02:31 -0800] "GET /eink/ewk86a.jpg HTTP/1.1" 200 70895 "http://www2.physics.umd.edu/" "Mozilla/5.0 (Windows NT 10.0; Win64; x64) AppleWebKit/537.36 (KHTML, like Gecko) Chrome/109.0.0.0 Safari/537.36 Edg/109.0.1518.55" "ysfine.com"
165.225.96.109 - - [22/Jan/2023:23:02:31 -0800] "GET /eink/einhaus11c.jpg HTTP/1.1" 200 42522 "http://www2.physics.umd.edu/" "Mozilla/5.0 (Windows NT 10.0; Win64; x64) AppleWebKit/537.36 (KHTML, like Gecko) Chrome/109.0.0.0 Safari/537.36 Edg/109.0.1518.55" "ysfine.com"
195.74.248.230 - - [22/Jan/2023:23:03:28 -0800] "GET /maga/phys/yukafeyn2.jpg HTTP/1.1" 200 36709 "https://www.google.com/" "Mozilla/5.0 (Windows NT 10.0; Win64; x64; rv:108.0) Gecko/20100101 Firefox/108.0" "ysfine.com"
63.155.73.16 - - [22/Jan/2023:23:03:45 -0800] "GET /kowar/war02.html HTTP/1.1" 200 9935 "https://www.google.com/" "Mozilla/5.0 (Windows NT 10.0; Win64; x64; rv:108.0) Gecko/20100101 Firefox/108.0" "ysfine.com"
63.155.73.16 - - [22/Jan/2023:23:03:46 -0800] "GET /kowar/mohican92b.jpg HTTP/1.1" 200 64043 "https://ysfine.com/kowar/war02.html" "Mozilla/5.0 (Windows NT 10.0; Win64; x64; rv:108.0) Gecko/20100101 Firefox/108.0" "ysfine.com"
63.155.73.16 - - [22/Jan/2023:23:03:46 -0800] "GET /kowar/changdoy01b.jpg HTTP/1.1" 200 49576 "https://ysfine.com/kowar/war02.html" "Mozilla/5.0 (Windows NT 10.0; Win64; x64; rv:108.0) Gecko/20100101 Firefox/108.0" "ysfine.com"
63.155.73.16 - - [22/Jan/2023:23:03:46 -0800] "GET /kowar/panmun01b.jpg HTTP/1.1" 200 35620 "https://ysfine.com/kowar/war02.html" "Mozilla/5.0 (Windows NT 10.0; Win64; x64; rv:108.0) Gecko/20100101 Firefox/108.0" "ysfine.com"
63.155.73.16 - - [22/Jan/2023:23:03:46 -0800] "GET /kowar/shintak01b.jpg HTTP/1.1" 200 42707 "https://ysfine.com/kowar/war02.html" "Mozilla/5.0 (Windows NT 10.0; Win64; x64; rv:108.0) Gecko/20100101 Firefox/108.0" "ysfine.com"
63.155.73.16 - - [22/Jan/2023:23:03:46 -0800] "GET /kowar/tanks/tank11b.jpg HTTP/1.1" 200 46648 "https://ysfine.com/kowar/war02.html" "Mozilla/5.0 (Windows NT 10.0; Win64; x64; rv:108.0) Gecko/20100101 Firefox/108.0" "ysfine.com"
63.155.73.16 - - [22/Jan/2023:23:03:46 -0800] "GET /kowar/tanks/garand02b.jpg HTTP/1.1" 200 29138 "https://ysfine.com/kowar/war02.html" "Mozilla/5.0 (Windows NT 10.0; Win64; x64; rv:108.0) Gecko/20100101 Firefox/108.0" "ysfine.com"
63.155.73.16 - - [22/Jan/2023:23:03:46 -0800] "GET /kowar/treaty53b.jpg HTTP/1.1" 200 27177 "https://ysfine.com/kowar/war02.html" "Mozilla/5.0 (Windows NT 10.0; Win64; x64; rv:108.0) Gecko/20100101 Firefox/108.0" "ysfine.com"
63.155.73.16 - - [22/Jan/2023:23:03:46 -0800] "GET /wisdom/bigpower01b.jpg HTTP/1.1" 200 57155 "https://ysfine.com/kowar/war02.html" "Mozilla/5.0 (Windows NT 10.0; Win64; x64; rv:108.0) Gecko/20100101 Firefox/108.0" "ysfine.com"
63.155.73.16 - - [22/Jan/2023:23:03:46 -0800] "GET /wisdom/hlasko01b.jpg HTTP/1.1" 200 51651 "https://ysfine.com/kowar/war02.html" "Mozilla/5.0 (Windows NT 10.0; Win64; x64; rv:108.0) Gecko/20100101 Firefox/108.0" "ysfine.com"
63.155.73.16 - - [22/Jan/2023:23:03:46 -0800] "GET /kobak/macrhee11b.jpg HTTP/1.1" 200 25682 "https://ysfine.com/kowar/war02.html" "Mozilla/5.0 (Windows NT 10.0; Win64; x64; rv:108.0) Gecko/20100101 Firefox/108.0" "ysfine.com"
63.155.73.16 - - [22/Jan/2023:23:03:46 -0800] "GET /maga/phil/curie01b.jpg HTTP/1.1" 200 40745 "https://ysfine.com/kowar/war02.html" "Mozilla/5.0 (Windows NT 10.0; Win64; x64; rv:108.0) Gecko/20100101 Firefox/108.0" "ysfine.com"
63.155.73.16 - - [22/Jan/2023:23:03:46 -0800] "GET /kobak/rok48b.jpg HTTP/1.1" 200 66570 "https://ysfine.com/kowar/war02.html" "Mozilla/5.0 (Windows NT 10.0; Win64; x64; rv:108.0) Gecko/20100101 Firefox/108.0" "ysfine.com"
63.155.73.16 - - [22/Jan/2023:23:03:46 -0800] "GET /kowar/provis01b.jpg HTTP/1.1" 200 41972 "https://ysfine.com/kowar/war02.html" "Mozilla/5.0 (Windows NT 10.0; Win64; x64; rv:108.0) Gecko/20100101 Firefox/108.0" "ysfine.com"
63.155.73.16 - - [22/Jan/2023:23:03:46 -0800] "GET /wisdom/quovadis11b.jpg HTTP/1.1" 200 81567 "https://ysfine.com/kowar/war02.html" "Mozilla/5.0 (Windows NT 10.0; Win64; x64; rv:108.0) Gecko/20100101 Firefox/108.0" "ysfine.com"
63.155.73.16 - - [22/Jan/2023:23:03:46 -0800] "GET /kowar/tanks/arisaka22b.jpg HTTP/1.1" 200 21885 "https://ysfine.com/kowar/war02.html" "Mozilla/5.0 (Windows NT 10.0; Win64; x64; rv:108.0) Gecko/20100101 Firefox/108.0" "ysfine.com"
63.155.73.16 - - [22/Jan/2023:23:03:46 -0800] "GET /kowar/mac10a.jpg HTTP/1.1" 200 63007 "https://ysfine.com/kowar/war02.html" "Mozilla/5.0 (Windows NT 10.0; Win64; x64; rv:108.0) Gecko/20100101 Firefox/108.0" "ysfine.com"
63.155.73.16 - - [22/Jan/2023:23:03:46 -0800] "GET /kowar/landreform01b.jpg HTTP/1.1" 200 63201 "https://ysfine.com/kowar/war02.html" "Mozilla/5.0 (Windows NT 10.0; Win64; x64; rv:108.0) Gecko/20100101 Firefox/108.0" "ysfine.com"
63.155.73.16 - - [22/Jan/2023:23:03:46 -0800] "GET /kobak/kimkoo01b.jpg HTTP/1.1" 200 35261 "https://ysfine.com/kowar/war02.html" "Mozilla/5.0 (Windows NT 10.0; Win64; x64; rv:108.0) Gecko/20100101 Firefox/108.0" "ysfine.com"
63.155.73.16 - - [22/Jan/2023:23:03:46 -0800] "GET /kowar/yicheols03b.jpg HTTP/1.1" 200 26405 "https://ysfine.com/kowar/war02.html" "Mozilla/5.0 (Windows NT 10.0; Win64; x64; rv:108.0) Gecko/20100101 Firefox/108.0" "ysfine.com"
63.155.73.16 - - [22/Jan/2023:23:03:46 -0800] "GET /eink/eink61c.jpg HTTP/1.1" 200 34119 "https://ysfine.com/kowar/war02.html" "Mozilla/5.0 (Windows NT 10.0; Win64; x64; rv:108.0) Gecko/20100101 Firefox/108.0" "ysfine.com"
63.155.73.16 - - [22/Jan/2023:23:03:46 -0800] "GET /kowar/tanks/mosin01b.jpg HTTP/1.1" 200 27701 "https://ysfine.com/kowar/war02.html" "Mozilla/5.0 (Windows NT 10.0; Win64; x64; rv:108.0) Gecko/20100101 Firefox/108.0" "ysfine.com"
63.155.73.16 - - [22/Jan/2023:23:03:46 -0800] "GET /world/kor/sel803a.jpg HTTP/1.1" 200 82487 "https://ysfine.com/kowar/war02.html" "Mozilla/5.0 (Windows NT 10.0; Win64; x64; rv:108.0) Gecko/20100101 Firefox/108.0" "ysfine.com"
63.155.73.16 - - [22/Jan/2023:23:03:46 -0800] "GET /world/poland/polnobel01b.jpg HTTP/1.1" 200 42634 "https://ysfine.com/kowar/war02.html" "Mozilla/5.0 (Windows NT 10.0; Win64; x64; rv:108.0) Gecko/20100101 Firefox/108.0" "ysfine.com"
63.155.73.16 - - [22/Jan/2023:23:03:50 -0800] "GET /favicon.ico HTTP/1.1" 404 88 "https://ysfine.com/kowar/war02.html" "Mozilla/5.0 (Windows NT 10.0; Win64; x64; rv:108.0) Gecko/20100101 Firefox/108.0" "ysfine.com"
63.155.73.16 - - [22/Jan/2023:23:04:33 -0800] "GET /world/kor/sel803a.jpg HTTP/1.1" 200 82487 "https://docs.google.com/" "Mozilla/5.0 (Windows NT 10.0; Win64; x64; rv:108.0) Gecko/20100101 Firefox/108.0" "ysfine.com"
150.108.240.115 - - [22/Jan/2023:23:04:51 -0800] "GET /world/brit/etonharrow.html HTTP/1.1" 200 4544 "-" "Mozilla/5.0 (Macintosh; Intel Mac OS X 10.15; rv:109.0) Gecko/20100101 Firefox/109.0" "ysfine.com"
150.108.240.115 - - [22/Jan/2023:23:04:51 -0800] "GET /world/brit/eton07b.jpg HTTP/1.1" 200 36566 "https://ysfine.com/world/brit/etonharrow.html" "Mozilla/5.0 (Macintosh; Intel Mac OS X 10.15; rv:109.0) Gecko/20100101 Firefox/109.0" "ysfine.com"
150.108.240.115 - - [22/Jan/2023:23:04:51 -0800] "GET /world/brit/nehru11b.jpg HTTP/1.1" 200 43052 "https://ysfine.com/world/brit/etonharrow.html" "Mozilla/5.0 (Macintosh; Intel Mac OS X 10.15; rv:109.0) Gecko/20100101 Firefox/109.0" "ysfine.com"
150.108.240.115 - - [22/Jan/2023:23:04:51 -0800] "GET /kobak/kwk11b.jpg HTTP/1.1" 200 46888 "https://ysfine.com/world/brit/etonharrow.html" "Mozilla/5.0 (Macintosh; Intel Mac OS X 10.15; rv:109.0) Gecko/20100101 Firefox/109.0" "ysfine.com"
150.108.240.115 - - [22/Jan/2023:23:04:51 -0800] "GET /world/brit/eton02b.jpg HTTP/1.1" 200 39432 "https://ysfine.com/world/brit/etonharrow.html" "Mozilla/5.0 (Macintosh; Intel Mac OS X 10.15; rv:109.0) Gecko/20100101 Firefox/109.0" "ysfine.com"
150.108.240.115 - - [22/Jan/2023:23:04:51 -0800] "GET /world/brit/eton01b.jpg HTTP/1.1" 200 47771 "https://ysfine.com/world/brit/etonharrow.html" "Mozilla/5.0 (Macintosh; Intel Mac OS X 10.15; rv:109.0) Gecko/20100101 Firefox/109.0" "ysfine.com"
150.108.240.115 - - [22/Jan/2023:23:04:51 -0800] "GET /world/brit/winston01b.jpg HTTP/1.1" 200 38436 "https://ysfine.com/world/brit/etonharrow.html" "Mozilla/5.0 (Macintosh; Intel Mac OS X 10.15; rv:109.0) Gecko/20100101 Firefox/109.0" "ysfine.com"
150.108.240.115 - - [22/Jan/2023:23:04:51 -0800] "GET /world/brit/eton03b.jpg HTTP/1.1" 200 45141 "https://ysfine.com/world/brit/etonharrow.html" "Mozilla/5.0 (Macintosh; Intel Mac OS X 10.15; rv:109.0) Gecko/20100101 Firefox/109.0" "ysfine.com"
150.108.240.115 - - [22/Jan/2023:23:04:51 -0800] "GET /kobak/taylor33c.jpg HTTP/1.1" 200 39951 "https://ysfine.com/world/brit/etonharrow.html" "Mozilla/5.0 (Macintosh; Intel Mac OS X 10.15; rv:109.0) Gecko/20100101 Firefox/109.0" "ysfine.com"
150.108.240.115 - - [22/Jan/2023:23:04:51 -0800] "GET /eink/pwk19c.jpg HTTP/1.1" 200 57759 "https://ysfine.com/world/brit/etonharrow.html" "Mozilla/5.0 (Macintosh; Intel Mac OS X 10.15; rv:109.0) Gecko/20100101 Firefox/109.0" "ysfine.com"
150.108.240.115 - - [22/Jan/2023:23:04:51 -0800] "GET /world/brit/harrow09b.jpg HTTP/1.1" 200 48797 "https://ysfine.com/world/brit/etonharrow.html" "Mozilla/5.0 (Macintosh; Intel Mac OS X 10.15; rv:109.0) Gecko/20100101 Firefox/109.0" "ysfine.com"
150.108.240.115 - - [22/Jan/2023:23:04:51 -0800] "GET /world/brit/harrow12b.jpg HTTP/1.1" 200 45104 "https://ysfine.com/world/brit/etonharrow.html" "Mozilla/5.0 (Macintosh; Intel Mac OS X 10.15; rv:109.0) Gecko/20100101 Firefox/109.0" "ysfine.com"
150.108.240.115 - - [22/Jan/2023:23:04:51 -0800] "GET /world/brit/harrow01b.jpg HTTP/1.1" 200 54632 "https://ysfine.com/world/brit/etonharrow.html" "Mozilla/5.0 (Macintosh; Intel Mac OS X 10.15; rv:109.0) Gecko/20100101 Firefox/109.0" "ysfine.com"
150.108.240.115 - - [22/Jan/2023:23:04:51 -0800] "GET /world/brit/windsor02b.jpg HTTP/1.1" 200 40724 "https://ysfine.com/world/brit/etonharrow.html" "Mozilla/5.0 (Macintosh; Intel Mac OS X 10.15; rv:109.0) Gecko/20100101 Firefox/109.0" "ysfine.com"
150.108.240.115 - - [22/Jan/2023:23:04:51 -0800] "GET /world/brit/harrow11b.jpg HTTP/1.1" 200 42533 "https://ysfine.com/world/brit/etonharrow.html" "Mozilla/5.0 (Macintosh; Intel Mac OS X 10.15; rv:109.0) Gecko/20100101 Firefox/109.0" "ysfine.com"
150.108.240.115 - - [22/Jan/2023:23:04:51 -0800] "GET /world/brit/harrow04b.jpg HTTP/1.1" 200 48004 "https://ysfine.com/world/brit/etonharrow.html" "Mozilla/5.0 (Macintosh; Intel Mac OS X 10.15; rv:109.0) Gecko/20100101 Firefox/109.0" "ysfine.com"
150.108.240.115 - - [22/Jan/2023:23:04:51 -0800] "GET /favicon.ico HTTP/1.1" 404 88 "https://ysfine.com/world/brit/etonharrow.html" "Mozilla/5.0 (Macintosh; Intel Mac OS X 10.15; rv:109.0) Gecko/20100101 Firefox/109.0" "ysfine.com"
172.58.139.197 - - [22/Jan/2023:23:05:24 -0800] "GET /world/brit/etonharrow.html HTTP/1.1" 200 4544 "-" "Mozilla/5.0 (Linux; Android 10; SAMSUNG SM-G965U) AppleWebKit/537.36 (KHTML, like Gecko) SamsungBrowser/19.0 Chrome/102.0.5005.125 Mobile Safari/537.36" "ysfine.com"
172.58.139.197 - - [22/Jan/2023:23:05:24 -0800] "GET /world/brit/winston01b.jpg HTTP/1.1" 200 38436 "https://ysfine.com/world/brit/etonharrow.html" "Mozilla/5.0 (Linux; Android 10; SAMSUNG SM-G965U) AppleWebKit/537.36 (KHTML, like Gecko) SamsungBrowser/19.0 Chrome/102.0.5005.125 Mobile Safari/537.36" "ysfine.com"
172.58.139.197 - - [22/Jan/2023:23:05:24 -0800] "GET /world/brit/nehru11b.jpg HTTP/1.1" 200 43052 "https://ysfine.com/world/brit/etonharrow.html" "Mozilla/5.0 (Linux; Android 10; SAMSUNG SM-G965U) AppleWebKit/537.36 (KHTML, like Gecko) SamsungBrowser/19.0 Chrome/102.0.5005.125 Mobile Safari/537.36" "ysfine.com"
172.58.139.197 - - [22/Jan/2023:23:05:24 -0800] "GET /kobak/kwk11b.jpg HTTP/1.1" 200 46888 "https://ysfine.com/world/brit/etonharrow.html" "Mozilla/5.0 (Linux; Android 10; SAMSUNG SM-G965U) AppleWebKit/537.36 (KHTML, like Gecko) SamsungBrowser/19.0 Chrome/102.0.5005.125 Mobile Safari/537.36" "ysfine.com"
172.58.139.197 - - [22/Jan/2023:23:05:24 -0800] "GET /world/brit/windsor02b.jpg HTTP/1.1" 200 40724 "https://ysfine.com/world/brit/etonharrow.html" "Mozilla/5.0 (Linux; Android 10; SAMSUNG SM-G965U) AppleWebKit/537.36 (KHTML, like Gecko) SamsungBrowser/19.0 Chrome/102.0.5005.125 Mobile Safari/537.36" "ysfine.com"
172.58.139.197 - - [22/Jan/2023:23:05:24 -0800] "GET /world/brit/eton07b.jpg HTTP/1.1" 200 36566 "https://ysfine.com/world/brit/etonharrow.html" "Mozilla/5.0 (Linux; Android 10; SAMSUNG SM-G965U) AppleWebKit/537.36 (KHTML, like Gecko) SamsungBrowser/19.0 Chrome/102.0.5005.125 Mobile Safari/537.36" "ysfine.com"
172.58.139.197 - - [22/Jan/2023:23:05:24 -0800] "GET /world/brit/eton02b.jpg HTTP/1.1" 200 39432 "https://ysfine.com/world/brit/etonharrow.html" "Mozilla/5.0 (Linux; Android 10; SAMSUNG SM-G965U) AppleWebKit/537.36 (KHTML, like Gecko) SamsungBrowser/19.0 Chrome/102.0.5005.125 Mobile Safari/537.36" "ysfine.com"
172.58.139.197 - - [22/Jan/2023:23:05:24 -0800] "GET /world/brit/eton03b.jpg HTTP/1.1" 200 45141 "https://ysfine.com/world/brit/etonharrow.html" "Mozilla/5.0 (Linux; Android 10; SAMSUNG SM-G965U) AppleWebKit/537.36 (KHTML, like Gecko) SamsungBrowser/19.0 Chrome/102.0.5005.125 Mobile Safari/537.36" "ysfine.com"
172.58.139.197 - - [22/Jan/2023:23:05:24 -0800] "GET /world/brit/eton01b.jpg HTTP/1.1" 200 47771 "https://ysfine.com/world/brit/etonharrow.html" "Mozilla/5.0 (Linux; Android 10; SAMSUNG SM-G965U) AppleWebKit/537.36 (KHTML, like Gecko) SamsungBrowser/19.0 Chrome/102.0.5005.125 Mobile Safari/537.36" "ysfine.com"
172.58.139.197 - - [22/Jan/2023:23:05:39 -0800] "GET /eink/pwk19c.jpg HTTP/1.1" 200 57759 "https://ysfine.com/world/brit/etonharrow.html" "Mozilla/5.0 (Linux; Android 10; SAMSUNG SM-G965U) AppleWebKit/537.36 (KHTML, like Gecko) SamsungBrowser/19.0 Chrome/102.0.5005.125 Mobile Safari/537.36" "ysfine.com"
172.58.139.197 - - [22/Jan/2023:23:05:39 -0800] "GET /world/brit/harrow12b.jpg HTTP/1.1" 200 45104 "https://ysfine.com/world/brit/etonharrow.html" "Mozilla/5.0 (Linux; Android 10; SAMSUNG SM-G965U) AppleWebKit/537.36 (KHTML, like Gecko) SamsungBrowser/19.0 Chrome/102.0.5005.125 Mobile Safari/537.36" "ysfine.com"
172.58.139.197 - - [22/Jan/2023:23:05:39 -0800] "GET /world/brit/harrow04b.jpg HTTP/1.1" 200 48004 "https://ysfine.com/world/brit/etonharrow.html" "Mozilla/5.0 (Linux; Android 10; SAMSUNG SM-G965U) AppleWebKit/537.36 (KHTML, like Gecko) SamsungBrowser/19.0 Chrome/102.0.5005.125 Mobile Safari/537.36" "ysfine.com"
172.58.139.197 - - [22/Jan/2023:23:05:39 -0800] "GET /kobak/taylor33c.jpg HTTP/1.1" 200 39951 "https://ysfine.com/world/brit/etonharrow.html" "Mozilla/5.0 (Linux; Android 10; SAMSUNG SM-G965U) AppleWebKit/537.36 (KHTML, like Gecko) SamsungBrowser/19.0 Chrome/102.0.5005.125 Mobile Safari/537.36" "ysfine.com"
172.58.139.197 - - [22/Jan/2023:23:05:39 -0800] "GET /world/brit/harrow09b.jpg HTTP/1.1" 200 48797 "https://ysfine.com/world/brit/etonharrow.html" "Mozilla/5.0 (Linux; Android 10; SAMSUNG SM-G965U) AppleWebKit/537.36 (KHTML, like Gecko) SamsungBrowser/19.0 Chrome/102.0.5005.125 Mobile Safari/537.36" "ysfine.com"
172.58.139.197 - - [22/Jan/2023:23:05:39 -0800] "GET /world/brit/harrow11b.jpg HTTP/1.1" 200 42533 "https://ysfine.com/world/brit/etonharrow.html" "Mozilla/5.0 (Linux; Android 10; SAMSUNG SM-G965U) AppleWebKit/537.36 (KHTML, like Gecko) SamsungBrowser/19.0 Chrome/102.0.5005.125 Mobile Safari/537.36" "ysfine.com"
172.58.139.197 - - [22/Jan/2023:23:05:39 -0800] "GET /world/brit/harrow01b.jpg HTTP/1.1" 200 54632 "https://ysfine.com/world/brit/etonharrow.html" "Mozilla/5.0 (Linux; Android 10; SAMSUNG SM-G965U) AppleWebKit/537.36 (KHTML, like Gecko) SamsungBrowser/19.0 Chrome/102.0.5005.125 Mobile Safari/537.36" "ysfine.com"
172.58.139.197 - - [22/Jan/2023:23:05:55 -0800] "GET /world/brit/eton01b.jpg HTTP/1.1" 200 47771 "https://ysfine.com/world/brit/etonharrow.html" "Mozilla/5.0 (Linux; Android 10; SAMSUNG SM-G965U) AppleWebKit/537.36 (KHTML, like Gecko) SamsungBrowser/19.0 Chrome/102.0.5005.125 Mobile Safari/537.36" "ysfine.com"
172.58.139.197 - - [22/Jan/2023:23:05:55 -0800] "GET /world/brit/windsor02b.jpg HTTP/1.1" 200 40724 "https://ysfine.com/world/brit/etonharrow.html" "Mozilla/5.0 (Linux; Android 10; SAMSUNG SM-G965U) AppleWebKit/537.36 (KHTML, like Gecko) SamsungBrowser/19.0 Chrome/102.0.5005.125 Mobile Safari/537.36" "ysfine.com"
172.58.139.197 - - [22/Jan/2023:23:05:55 -0800] "GET /world/brit/harrow09b.jpg HTTP/1.1" 200 48797 "https://ysfine.com/world/brit/etonharrow.html" "Mozilla/5.0 (Linux; Android 10; SAMSUNG SM-G965U) AppleWebKit/537.36 (KHTML, like Gecko) SamsungBrowser/19.0 Chrome/102.0.5005.125 Mobile Safari/537.36" "ysfine.com"
172.58.139.197 - - [22/Jan/2023:23:05:55 -0800] "GET /world/brit/harrow12b.jpg HTTP/1.1" 200 45104 "https://ysfine.com/world/brit/etonharrow.html" "Mozilla/5.0 (Linux; Android 10; SAMSUNG SM-G965U) AppleWebKit/537.36 (KHTML, like Gecko) SamsungBrowser/19.0 Chrome/102.0.5005.125 Mobile Safari/537.36" "ysfine.com"
172.58.139.197 - - [22/Jan/2023:23:05:55 -0800] "GET /world/brit/eton07b.jpg HTTP/1.1" 200 36566 "https://ysfine.com/world/brit/etonharrow.html" "Mozilla/5.0 (Linux; Android 10; SAMSUNG SM-G965U) AppleWebKit/537.36 (KHTML, like Gecko) SamsungBrowser/19.0 Chrome/102.0.5005.125 Mobile Safari/537.36" "ysfine.com"
172.58.139.197 - - [22/Jan/2023:23:05:55 -0800] "GET /world/brit/eton03b.jpg HTTP/1.1" 200 45141 "https://ysfine.com/world/brit/etonharrow.html" "Mozilla/5.0 (Linux; Android 10; SAMSUNG SM-G965U) AppleWebKit/537.36 (KHTML, like Gecko) SamsungBrowser/19.0 Chrome/102.0.5005.125 Mobile Safari/537.36" "ysfine.com"
172.58.139.197 - - [22/Jan/2023:23:05:55 -0800] "GET /kobak/taylor33c.jpg HTTP/1.1" 200 39951 "https://ysfine.com/world/brit/etonharrow.html" "Mozilla/5.0 (Linux; Android 10; SAMSUNG SM-G965U) AppleWebKit/537.36 (KHTML, like Gecko) SamsungBrowser/19.0 Chrome/102.0.5005.125 Mobile Safari/537.36" "ysfine.com"
172.58.139.197 - - [22/Jan/2023:23:05:55 -0800] "GET /world/brit/harrow01b.jpg HTTP/1.1" 200 54632 "https://ysfine.com/world/brit/etonharrow.html" "Mozilla/5.0 (Linux; Android 10; SAMSUNG SM-G965U) AppleWebKit/537.36 (KHTML, like Gecko) SamsungBrowser/19.0 Chrome/102.0.5005.125 Mobile Safari/537.36" "ysfine.com"
172.58.139.197 - - [22/Jan/2023:23:05:55 -0800] "GET /world/brit/harrow04b.jpg HTTP/1.1" 200 48004 "https://ysfine.com/world/brit/etonharrow.html" "Mozilla/5.0 (Linux; Android 10; SAMSUNG SM-G965U) AppleWebKit/537.36 (KHTML, like Gecko) SamsungBrowser/19.0 Chrome/102.0.5005.125 Mobile Safari/537.36" "ysfine.com"
172.58.139.197 - - [22/Jan/2023:23:05:55 -0800] "GET /eink/pwk19c.jpg HTTP/1.1" 200 57759 "https://ysfine.com/world/brit/etonharrow.html" "Mozilla/5.0 (Linux; Android 10; SAMSUNG SM-G965U) AppleWebKit/537.36 (KHTML, like Gecko) SamsungBrowser/19.0 Chrome/102.0.5005.125 Mobile Safari/537.36" "ysfine.com"
172.58.139.197 - - [22/Jan/2023:23:05:55 -0800] "GET /world/brit/eton02b.jpg HTTP/1.1" 200 39432 "https://ysfine.com/world/brit/etonharrow.html" "Mozilla/5.0 (Linux; Android 10; SAMSUNG SM-G965U) AppleWebKit/537.36 (KHTML, like Gecko) SamsungBrowser/19.0 Chrome/102.0.5005.125 Mobile Safari/537.36" "ysfine.com"
172.58.139.197 - - [22/Jan/2023:23:05:55 -0800] "GET /world/brit/harrow11b.jpg HTTP/1.1" 200 42533 "https://ysfine.com/world/brit/etonharrow.html" "Mozilla/5.0 (Linux; Android 10; SAMSUNG SM-G965U) AppleWebKit/537.36 (KHTML, like Gecko) SamsungBrowser/19.0 Chrome/102.0.5005.125 Mobile Safari/537.36" "ysfine.com"
207.46.13.176 - - [22/Jan/2023:23:06:07 -0800] "GET /bio.html HTTP/1.1" 200 18260 "-" "Mozilla/5.0 AppleWebKit/537.36 (KHTML, like Gecko; compatible; bingbot/2.0; +http://www.bing.com/bingbot.htm) Chrome/103.0.5060.134 Safari/537.36" "ysfine.com"
63.155.73.16 - - [22/Jan/2023:23:06:16 -0800] "GET /world/kor/sel803.jpg HTTP/1.1" 200 195155 "https://ysfine.com/kowar/war02.html" "Mozilla/5.0 (Windows NT 10.0; Win64; x64; rv:108.0) Gecko/20100101 Firefox/108.0" "ysfine.com"
40.77.167.11 - - [22/Jan/2023:23:06:26 -0800] "GET /bio/einstein/bern.html HTTP/1.1" 404 88 "-" "Mozilla/5.0 AppleWebKit/537.36 (KHTML, like Gecko; compatible; bingbot/2.0; +http://www.bing.com/bingbot.htm) Chrome/103.0.5060.134 Safari/537.36" "ysfine.com"
207.46.13.15 - - [22/Jan/2023:23:07:16 -0800] "GET /bio/style/proschanie.html HTTP/1.1" 404 88 "-" "Mozilla/5.0 AppleWebKit/537.36 (KHTML, like Gecko; compatible; bingbot/2.0; +http://www.bing.com/bingbot.htm) Chrome/103.0.5060.134 Safari/537.36" "ysfine.com"
207.46.13.167 - - [22/Jan/2023:23:07:20 -0800] "GET /bio/wigner/e(2).html HTTP/1.1" 404 88 "-" "Mozilla/5.0 AppleWebKit/537.36 (KHTML, like Gecko; compatible; bingbot/2.0; +http://www.bing.com/bingbot.htm) Chrome/103.0.5060.134 Safari/537.36" "ysfine.com"
51.222.253.18 - - [22/Jan/2023:23:07:40 -0800] "GET /class54/class5470/total_data/sub_780.htm HTTP/1.1" 200 3289 "-" "Mozilla/5.0 (compatible; AhrefsBot/7.0; +http://ahrefs.com/robot/)" "ysfine.com"
41.216.204.165 - - [22/Jan/2023:23:07:50 -0800] "GET /bio04.html HTTP/1.1" 200 8974 "-" "Mozilla/5.0 (Windows NT 10.0; Win64; x64; rv:102.0) Gecko/20100101 Firefox/102.0" "www.ysfine.com"
51.222.253.18 - - [22/Jan/2023:23:08:38 -0800] "GET /robots.txt HTTP/1.1" 404 88 "-" "Mozilla/5.0 (compatible; AhrefsBot/7.0; +http://ahrefs.com/robot/)" "ysfine.com"
207.46.13.27 - - [22/Jan/2023:23:09:02 -0800] "GET /bio/kobak/yskor.html HTTP/1.1" 404 88 "-" "Mozilla/5.0 AppleWebKit/537.36 (KHTML, like Gecko; compatible; bingbot/2.0; +http://www.bing.com/bingbot.htm) Chrome/103.0.5060.134 Safari/537.36" "ysfine.com"
146.20.132.182 - - [22/Jan/2023:23:11:46 -0800] "GET /ads.txt HTTP/1.1" 404 88 "-" "Mozilla/5.0 (X11; Linux x86_64) AppleWebKit/537.36 (KHTML, like Gecko) Chrome/62.0.3202.89 Safari/537.36" "ysfine.com"
146.20.132.182 - - [22/Jan/2023:23:11:46 -0800] "GET /ads.txt HTTP/1.1" 404 88 "http://ysfine.com/ads.txt" "Mozilla/5.0 (X11; Linux x86_64) AppleWebKit/537.36 (KHTML, like Gecko) Chrome/62.0.3202.89 Safari/537.36" "ysfine.com"
87.250.224.29 - - [22/Jan/2023:23:13:04 -0800] "GET /maga/phys/maxwell02.jpg HTTP/1.1" 200 109879 "-" "Mozilla/5.0 (compatible; YandexImages/3.0; +http://yandex.com/bots)" "ysfine.com"
87.250.224.130 - - [22/Jan/2023:23:13:08 -0800] "GET /feynman/feybial.jpg HTTP/1.1" 200 56284 "-" "Mozilla/5.0 (compatible; YandexImages/3.0; +http://yandex.com/bots)" "ysfine.com"
213.180.203.62 - - [22/Jan/2023:23:13:12 -0800] "GET /maga/phys/okun01b.jpg HTTP/1.1" 200 27592 "-" "Mozilla/5.0 (compatible; YandexImages/3.0; +http://yandex.com/bots)" "ysfine.com"
1.38.180.87 - - [22/Jan/2023:23:13:21 -0800] "GET /feynman/feybial.jpg HTTP/1.1" 200 56284 "https://www.google.com/" "Mozilla/5.0 (Linux; Android 9; CPH1923) AppleWebKit/537.36 (KHTML, like Gecko) Chrome/108.0.0.0 Mobile Safari/537.36" "ysfine.com"
51.222.253.3 - - [22/Jan/2023:23:15:22 -0800] "GET /class54/class5470/total_data/sub_778.htm HTTP/1.1" 200 3289 "-" "Mozilla/5.0 (compatible; AhrefsBot/7.0; +http://ahrefs.com/robot/)" "ysfine.com"
207.46.13.176 - - [22/Jan/2023:23:15:26 -0800] "GET /bio/eink/buythisbook.html HTTP/1.1" 404 88 "-" "Mozilla/5.0 AppleWebKit/537.36 (KHTML, like Gecko; compatible; bingbot/2.0; +http://www.bing.com/bingbot.htm) Chrome/103.0.5060.134 Safari/537.36" "ysfine.com"
71.178.208.102 - - [22/Jan/2023:23:15:50 -0800] "GET /bio09.html HTTP/1.1" 200 12712 "https://www.ysfine.com/ys11/index.html" "Mozilla/5.0 (Windows NT 10.0; Win64; x64; rv:109.0) Gecko/20100101 Firefox/109.0" "www.ysfine.com"
71.178.208.102 - - [22/Jan/2023:23:16:42 -0800] "GET /home/internal.html HTTP/1.1" 304 - "https://www.ysfine.com/bio09.html" "Mozilla/5.0 (Windows NT 10.0; Win64; x64; rv:109.0) Gecko/20100101 Firefox/109.0" "www.ysfine.com"
71.178.208.102 - - [22/Jan/2023:23:16:42 -0800] "GET /home/fotos/einhaus450.jpg HTTP/1.1" 304 - "https://www.ysfine.com/home/internal.html" "Mozilla/5.0 (Windows NT 10.0; Win64; x64; rv:109.0) Gecko/20100101 Firefox/109.0" "www.ysfine.com"
67.242.79.101 - - [22/Jan/2023:23:19:24 -0800] "GET /dirac/licone2.jpg HTTP/1.1" 200 31937 "https://www.google.com/" "Mozilla/5.0 (Windows NT 10.0; Win64; x64) AppleWebKit/537.36 (KHTML, like Gecko) Chrome/109.0.0.0 Safari/537.36" "ysfine.com"
5.188.210.87 - - [22/Jan/2023:23:19:55 -0800] "GET /ysbio/world/travel.html HTTP/1.1" 404 73 "https://www.ysfine.com/ysbio/world/travel.html" "Mozilla/5.0 (Windows NT 10.0; Win64; x64) AppleWebKit/537.36 (KHTML, like Gecko) Chrome/90.0.4430.85 Safari/537.36" "www.ysfine.com"
5.188.210.87 - - [22/Jan/2023:23:19:57 -0800] "GET / HTTP/1.1" 200 15915 "https://www.ysfine.com/" "Mozilla/5.0 (Windows NT 10.0; Win64; x64) AppleWebKit/537.36 (KHTML, like Gecko) Chrome/90.0.4430.85 Safari/537.36" "www.ysfine.com"
85.208.98.23 - - [22/Jan/2023:23:20:09 -0800] "GET /robots.txt HTTP/1.1" 404 88 "http://ysfine.com/robots.txt" "Mozilla/5.0 (compatible; SemrushBot-BA; +http://www.semrush.com/bot.html)" "ysfine.com"
85.208.98.23 - - [22/Jan/2023:23:20:11 -0800] "GET /robots.txt HTTP/1.1" 404 88 "http://www.ysfine.com/robots.txt" "Mozilla/5.0 (compatible; SemrushBot-BA; +http://www.semrush.com/bot.html)" "www.ysfine.com"
207.46.13.27 - - [22/Jan/2023:23:20:33 -0800] "GET /bio/style/artlove.html HTTP/1.1" 404 88 "-" "Mozilla/5.0 AppleWebKit/537.36 (KHTML, like Gecko; compatible; bingbot/2.0; +http://www.bing.com/bingbot.htm) Chrome/103.0.5060.134 Safari/537.36" "ysfine.com"
85.208.98.29 - - [22/Jan/2023:23:20:37 -0800] "GET /ysbio/style/restau.html HTTP/1.1" 404 88 "-" "Mozilla/5.0 (compatible; SemrushBot-BA; +http://www.semrush.com/bot.html)" "ysfine.com"
207.46.13.167 - - [22/Jan/2023:23:20:46 -0800] "GET /bio/princeton/campus.html HTTP/1.1" 404 88 "-" "Mozilla/5.0 AppleWebKit/537.36 (KHTML, like Gecko; compatible; bingbot/2.0; +http://www.bing.com/bingbot.htm) Chrome/103.0.5060.134 Safari/537.36" "ysfine.com"
85.208.98.31 - - [22/Jan/2023:23:20:47 -0800] "GET /ysbio/style/restau.html HTTP/1.1" 404 88 "-" "Mozilla/5.0 (compatible; SemrushBot-BA; +http://www.semrush.com/bot.html)" "www.ysfine.com"
51.222.253.15 - - [22/Jan/2023:23:22:07 -0800] "GET /class54/class5470/total_data/sub_779.htm HTTP/1.1" 200 3289 "-" "Mozilla/5.0 (compatible; AhrefsBot/7.0; +http://ahrefs.com/robot/)" "ysfine.com"
51.222.253.17 - - [22/Jan/2023:23:22:09 -0800] "GET /class54/class5470/total_data/photo_img/7-79.jpg HTTP/1.1" 200 274775 "-" "Mozilla/5.0 (compatible; AhrefsBot/7.0; +http://ahrefs.com/robot/)" "ysfine.com"
140.180.240.121 - - [22/Jan/2023:23:25:52 -0800] "GET /princeton/brownh11b.jpg HTTP/1.1" 200 52347 "https://www.google.com/" "Mozilla/5.0 (Windows NT 10.0; Win64; x64) AppleWebKit/537.36 (KHTML, like Gecko) Chrome/109.0.0.0 Safari/537.36" "ysfine.com"
71.178.208.102 - - [22/Jan/2023:23:26:37 -0800] "GET /bio09.html HTTP/1.1" 200 12712 "https://www.ysfine.com/ys11/index.html" "Mozilla/5.0 (Windows NT 10.0; Win64; x64; rv:109.0) Gecko/20100101 Firefox/109.0" "www.ysfine.com"
136.243.228.179 - - [22/Jan/2023:23:27:37 -0800] "GET /world/marx.html HTTP/1.1" 404 88 "-" "Mozilla/5.0 (compatible; DataForSeoBot/1.0; +https://dataforseo.com/dataforseo-bot)" "ysfine.com"
136.243.228.179 - - [22/Jan/2023:23:27:40 -0800] "GET /folks/chinese.html HTTP/1.1" 200 12014 "-" "Mozilla/5.0 (compatible; DataForSeoBot/1.0; +https://dataforseo.com/dataforseo-bot)" "ysfine.com"
136.243.228.179 - - [22/Jan/2023:23:27:57 -0800] "GET /philo/bohrdc.html HTTP/1.1" 404 88 "-" "Mozilla/5.0 (compatible; DataForSeoBot/1.0; +https://dataforseo.com/dataforseo-bot)" "ysfine.com"
125.89.225.201 - - [22/Jan/2023:23:28:19 -0800] "GET /usca/pitt/idcard55.jpg HTTP/1.1" 200 104404 "https://cn.bing.com/" "Mozilla/5.0 (Android 9; Mobile; rv:97.0) Gecko/97.0 Firefox/97.0" "ysfine.com"
136.243.228.179 - - [22/Jan/2023:23:28:43 -0800] "GET /home/chris.html HTTP/1.1" 200 1777 "-" "Mozilla/5.0 (compatible; DataForSeoBot/1.0; +https://dataforseo.com/dataforseo-bot)" "ysfine.com"
136.243.228.179 - - [22/Jan/2023:23:29:09 -0800] "GET /kowar/war45.html HTTP/1.1" 200 12086 "-" "Mozilla/5.0 (compatible; DataForSeoBot/1.0; +https://dataforseo.com/dataforseo-bot)" "ysfine.com"
136.243.228.179 - - [22/Jan/2023:23:29:10 -0800] "GET /kobak/kumipo.html HTTP/1.1" 200 1149 "-" "Mozilla/5.0 (compatible; DataForSeoBot/1.0; +https://dataforseo.com/dataforseo-bot)" "ysfine.com"
136.243.228.179 - - [22/Jan/2023:23:29:12 -0800] "GET /philo/yukawa.html HTTP/1.1" 404 88 "-" "Mozilla/5.0 (compatible; DataForSeoBot/1.0; +https://dataforseo.com/dataforseo-bot)" "ysfine.com"
51.222.253.4 - - [22/Jan/2023:23:29:41 -0800] "GET /class54/class5470/total_data/sub_774.htm HTTP/1.1" 200 3289 "-" "Mozilla/5.0 (compatible; AhrefsBot/7.0; +http://ahrefs.com/robot/)" "ysfine.com"
