61.135.159.213 - - [17/Jan/2023:21:10:59 -0800] "GET / HTTP/1.1" 200 5295 "-" "Sogou web spider/4.0(+http://www.sogou.com/docs/help/webmasters.htm#07)" "www.ysfine.com"
135.181.73.59 - - [17/Jan/2023:21:11:01 -0800] "GET /class54/class5470/total_data/sub_807.htm HTTP/1.1" 200 3558 "-" "Mozilla/5.0 (compatible; MJ12bot/v1.4.8; http://mj12bot.com/)" "www.ysfine.com"
135.181.73.59 - - [17/Jan/2023:21:11:02 -0800] "GET /class54/class5470/total_data/sub_808.htm HTTP/1.1" 200 3548 "-" "Mozilla/5.0 (compatible; MJ12bot/v1.4.8; http://mj12bot.com/)" "www.ysfine.com"
135.181.73.59 - - [17/Jan/2023:21:11:04 -0800] "GET /class54/class5470/total_data/sub_809.htm HTTP/1.1" 200 3558 "-" "Mozilla/5.0 (compatible; MJ12bot/v1.4.8; http://mj12bot.com/)" "www.ysfine.com"
135.181.73.59 - - [17/Jan/2023:21:11:07 -0800] "GET /class54/class5470/total_data/sub_810.htm HTTP/1.1" 200 3558 "-" "Mozilla/5.0 (compatible; MJ12bot/v1.4.8; http://mj12bot.com/)" "www.ysfine.com"
135.181.73.59 - - [17/Jan/2023:21:11:09 -0800] "GET /class54/class5470/total_data/sub_8100.htm HTTP/1.1" 200 3489 "-" "Mozilla/5.0 (compatible; MJ12bot/v1.4.8; http://mj12bot.com/)" "www.ysfine.com"
135.181.73.59 - - [17/Jan/2023:21:11:17 -0800] "GET /class54/class5470/total_data/sub_8101.htm HTTP/1.1" 200 3485 "-" "Mozilla/5.0 (compatible; MJ12bot/v1.4.8; http://mj12bot.com/)" "www.ysfine.com"
135.181.73.59 - - [17/Jan/2023:21:12:00 -0800] "GET /class54/class5470/total_data/sub_8102.htm HTTP/1.1" 200 3488 "-" "Mozilla/5.0 (compatible; MJ12bot/v1.4.8; http://mj12bot.com/)" "www.ysfine.com"
135.181.73.59 - - [17/Jan/2023:21:12:02 -0800] "GET /class54/class5470/total_data/sub_8103.htm HTTP/1.1" 200 3499 "-" "Mozilla/5.0 (compatible; MJ12bot/v1.4.8; http://mj12bot.com/)" "www.ysfine.com"
135.181.73.59 - - [17/Jan/2023:21:12:03 -0800] "GET /class54/class5470/total_data/sub_8104.htm HTTP/1.1" 200 3486 "-" "Mozilla/5.0 (compatible; MJ12bot/v1.4.8; http://mj12bot.com/)" "www.ysfine.com"
135.181.73.59 - - [17/Jan/2023:21:12:24 -0800] "GET /class54/class5470/total_data/sub_8105.htm HTTP/1.1" 200 3486 "-" "Mozilla/5.0 (compatible; MJ12bot/v1.4.8; http://mj12bot.com/)" "www.ysfine.com"
185.191.171.16 - - [17/Jan/2023:21:12:24 -0800] "GET /heisen/einheisen11.html HTTP/1.1" 200 3870 "-" "Mozilla/5.0 (compatible; SemrushBot/7~bl; +http://www.semrush.com/bot.html)" "ysfine.com"
135.181.73.59 - - [17/Jan/2023:21:12:25 -0800] "GET /class54/class5470/total_data/sub_8106.htm HTTP/1.1" 200 3489 "-" "Mozilla/5.0 (compatible; MJ12bot/v1.4.8; http://mj12bot.com/)" "www.ysfine.com"
135.181.73.59 - - [17/Jan/2023:21:12:27 -0800] "GET /class54/class5470/total_data/sub_8107.htm HTTP/1.1" 200 3486 "-" "Mozilla/5.0 (compatible; MJ12bot/v1.4.8; http://mj12bot.com/)" "www.ysfine.com"
135.181.73.59 - - [17/Jan/2023:21:12:29 -0800] "GET /class54/class5470/total_data/sub_8108.htm HTTP/1.1" 200 3487 "-" "Mozilla/5.0 (compatible; MJ12bot/v1.4.8; http://mj12bot.com/)" "www.ysfine.com"
135.181.73.59 - - [17/Jan/2023:21:12:30 -0800] "GET /class54/class5470/total_data/sub_8109.htm HTTP/1.1" 200 3499 "-" "Mozilla/5.0 (compatible; MJ12bot/v1.4.8; http://mj12bot.com/)" "www.ysfine.com"
135.181.73.59 - - [17/Jan/2023:21:12:32 -0800] "GET /class54/class5470/total_data/sub_811.htm HTTP/1.1" 200 3558 "-" "Mozilla/5.0 (compatible; MJ12bot/v1.4.8; http://mj12bot.com/)" "www.ysfine.com"
51.222.253.6 - - [17/Jan/2023:21:12:47 -0800] "GET /kobak/sobeach.html HTTP/1.1" 200 1149 "-" "Mozilla/5.0 (compatible; AhrefsBot/7.0; +http://ahrefs.com/robot/)" "ysfine.com"
51.222.253.11 - - [17/Jan/2023:21:12:49 -0800] "GET /kobak/sorae/kumipo01.jpg HTTP/1.1" 200 111414 "-" "Mozilla/5.0 (compatible; AhrefsBot/7.0; +http://ahrefs.com/robot/)" "ysfine.com"
51.222.253.10 - - [17/Jan/2023:21:12:49 -0800] "GET /kobak/sorae/kumipo02.jpg HTTP/1.1" 200 56585 "-" "Mozilla/5.0 (compatible; AhrefsBot/7.0; +http://ahrefs.com/robot/)" "ysfine.com"
135.181.73.59 - - [17/Jan/2023:21:13:07 -0800] "GET /class54/class5470/total_data/sub_8110.htm HTTP/1.1" 200 3499 "-" "Mozilla/5.0 (compatible; MJ12bot/v1.4.8; http://mj12bot.com/)" "www.ysfine.com"
135.181.73.59 - - [17/Jan/2023:21:13:09 -0800] "GET /class54/class5470/total_data/sub_8111.htm HTTP/1.1" 200 3499 "-" "Mozilla/5.0 (compatible; MJ12bot/v1.4.8; http://mj12bot.com/)" "www.ysfine.com"
135.181.73.59 - - [17/Jan/2023:21:13:13 -0800] "GET /class54/class5470/total_data/sub_8112.htm HTTP/1.1" 200 3499 "-" "Mozilla/5.0 (compatible; MJ12bot/v1.4.8; http://mj12bot.com/)" "www.ysfine.com"
66.249.66.43 - - [17/Jan/2023:21:13:16 -0800] "GET /world/ital/sapienza02.jpg HTTP/1.1" 200 119363 "-" "Googlebot-Image/1.0" "ysfine.com"
135.181.73.59 - - [17/Jan/2023:21:13:58 -0800] "GET /class54/class5470/total_data/sub_8113.htm HTTP/1.1" 200 3499 "-" "Mozilla/5.0 (compatible; MJ12bot/v1.4.8; http://mj12bot.com/)" "www.ysfine.com"
135.181.73.59 - - [17/Jan/2023:21:14:00 -0800] "GET /class54/class5470/total_data/sub_8114.htm HTTP/1.1" 200 3499 "-" "Mozilla/5.0 (compatible; MJ12bot/v1.4.8; http://mj12bot.com/)" "www.ysfine.com"
135.181.73.59 - - [17/Jan/2023:21:14:06 -0800] "GET /class54/class5470/total_data/sub_8115.htm HTTP/1.1" 200 3486 "-" "Mozilla/5.0 (compatible; MJ12bot/v1.4.8; http://mj12bot.com/)" "www.ysfine.com"
135.181.73.59 - - [17/Jan/2023:21:14:08 -0800] "GET /class54/class5470/total_data/sub_8116.htm HTTP/1.1" 200 3499 "-" "Mozilla/5.0 (compatible; MJ12bot/v1.4.8; http://mj12bot.com/)" "www.ysfine.com"
135.181.73.59 - - [17/Jan/2023:21:14:10 -0800] "GET /class54/class5470/total_data/sub_8117.htm HTTP/1.1" 200 3499 "-" "Mozilla/5.0 (compatible; MJ12bot/v1.4.8; http://mj12bot.com/)" "www.ysfine.com"
114.119.167.239 - - [17/Jan/2023:21:14:35 -0800] "GET /maga/phys/naimar/pewk15.pdf HTTP/1.1" 200 20340 "https://www.ysfine.com/maga/phys/naimar/" "Mozilla/5.0 (Linux; Android 7.0;) AppleWebKit/537.36 (KHTML, like Gecko) Mobile Safari/537.36 (compatible; PetalBot;+https://webmaster.petalsearch.com/site/petalbot)" "www.ysfine.com"
135.181.73.59 - - [17/Jan/2023:21:15:01 -0800] "GET /class54/class5470/total_data/sub_8118.htm HTTP/1.1" 200 3499 "-" "Mozilla/5.0 (compatible; MJ12bot/v1.4.8; http://mj12bot.com/)" "www.ysfine.com"
135.181.73.59 - - [17/Jan/2023:21:15:04 -0800] "GET /class54/class5470/total_data/sub_8119.htm HTTP/1.1" 200 3499 "-" "Mozilla/5.0 (compatible; MJ12bot/v1.4.8; http://mj12bot.com/)" "www.ysfine.com"
135.181.73.59 - - [17/Jan/2023:21:15:05 -0800] "GET /class54/class5470/total_data/sub_812.htm HTTP/1.1" 200 3558 "-" "Mozilla/5.0 (compatible; MJ12bot/v1.4.8; http://mj12bot.com/)" "www.ysfine.com"
135.181.73.59 - - [17/Jan/2023:21:15:11 -0800] "GET /class54/class5470/total_data/sub_8120.htm HTTP/1.1" 200 3499 "-" "Mozilla/5.0 (compatible; MJ12bot/v1.4.8; http://mj12bot.com/)" "www.ysfine.com"
213.180.203.62 - - [17/Jan/2023:21:15:18 -0800] "GET /bio/world/ysworld.html HTTP/1.1" 404 88 "-" "Mozilla/5.0 (compatible; YandexBot/3.0; +http://yandex.com/bots) AppleWebKit/537.36 (KHTML, like Gecko) Chrome/81.0.4044.268" "www.ysfine.com"
51.222.253.9 - - [17/Jan/2023:21:15:23 -0800] "GET /world/poland/copernijagel.html HTTP/1.1" 200 309 "-" "Mozilla/5.0 (compatible; AhrefsBot/7.0; +http://ahrefs.com/robot/)" "ysfine.com"
51.222.253.6 - - [17/Jan/2023:21:15:24 -0800] "GET /world/poland/coperni05.jpg HTTP/1.1" 200 80064 "-" "Mozilla/5.0 (compatible; AhrefsBot/7.0; +http://ahrefs.com/robot/)" "ysfine.com"
135.181.73.59 - - [17/Jan/2023:21:16:26 -0800] "GET /class54/class5470/total_data/sub_8121.htm HTTP/1.1" 200 3499 "-" "Mozilla/5.0 (compatible; MJ12bot/v1.4.8; http://mj12bot.com/)" "www.ysfine.com"
135.181.73.59 - - [17/Jan/2023:21:16:27 -0800] "GET /class54/class5470/total_data/sub_8122.htm HTTP/1.1" 200 3499 "-" "Mozilla/5.0 (compatible; MJ12bot/v1.4.8; http://mj12bot.com/)" "www.ysfine.com"
135.181.73.59 - - [17/Jan/2023:21:16:29 -0800] "GET /class54/class5470/total_data/sub_8123.htm HTTP/1.1" 200 3499 "-" "Mozilla/5.0 (compatible; MJ12bot/v1.4.8; http://mj12bot.com/)" "www.ysfine.com"
135.181.73.59 - - [17/Jan/2023:21:16:31 -0800] "GET /class54/class5470/total_data/sub_8125.htm HTTP/1.1" 200 3499 "-" "Mozilla/5.0 (compatible; MJ12bot/v1.4.8; http://mj12bot.com/)" "www.ysfine.com"
135.181.73.59 - - [17/Jan/2023:21:16:35 -0800] "GET /class54/class5470/total_data/sub_8126.htm HTTP/1.1" 200 3489 "-" "Mozilla/5.0 (compatible; MJ12bot/v1.4.8; http://mj12bot.com/)" "www.ysfine.com"
135.181.73.59 - - [17/Jan/2023:21:16:40 -0800] "GET /class54/class5470/total_data/sub_8127.htm HTTP/1.1" 200 3507 "-" "Mozilla/5.0 (compatible; MJ12bot/v1.4.8; http://mj12bot.com/)" "www.ysfine.com"
190.113.115.141 - - [17/Jan/2023:21:16:47 -0800] "GET /world/russ/roskei10.jpg HTTP/1.1" 200 75892 "https://www.google.com/" "Mozilla/5.0 (Windows NT 10.0; Win64; x64) AppleWebKit/537.36 (KHTML, like Gecko) Chrome/109.0.0.0 Safari/537.36" "ysfine.com"
40.77.167.10 - - [17/Jan/2023:21:16:52 -0800] "GET /world/baltic/frombork2.jpg HTTP/1.1" 200 67166 "-" "Mozilla/5.0 AppleWebKit/537.36 (KHTML, like Gecko; compatible; bingbot/2.0; +http://www.bing.com/bingbot.htm) Chrome/103.0.5060.134 Safari/537.36" "ysfine.com"
135.181.73.59 - - [17/Jan/2023:21:16:54 -0800] "GET /class54/class5470/total_data/sub_8128.htm HTTP/1.1" 200 3511 "-" "Mozilla/5.0 (compatible; MJ12bot/v1.4.8; http://mj12bot.com/)" "www.ysfine.com"
135.181.73.59 - - [17/Jan/2023:21:16:56 -0800] "GET /class54/class5470/total_data/sub_8129.htm HTTP/1.1" 200 3511 "-" "Mozilla/5.0 (compatible; MJ12bot/v1.4.8; http://mj12bot.com/)" "www.ysfine.com"
135.181.73.59 - - [17/Jan/2023:21:17:00 -0800] "GET /class54/class5470/total_data/sub_813.htm HTTP/1.1" 200 3566 "-" "Mozilla/5.0 (compatible; MJ12bot/v1.4.8; http://mj12bot.com/)" "www.ysfine.com"
135.181.73.59 - - [17/Jan/2023:21:17:48 -0800] "GET /class54/class5470/total_data/sub_8130.htm HTTP/1.1" 200 3511 "-" "Mozilla/5.0 (compatible; MJ12bot/v1.4.8; http://mj12bot.com/)" "www.ysfine.com"
135.181.73.59 - - [17/Jan/2023:21:17:50 -0800] "GET /class54/class5470/total_data/sub_8131.htm HTTP/1.1" 200 3511 "-" "Mozilla/5.0 (compatible; MJ12bot/v1.4.8; http://mj12bot.com/)" "www.ysfine.com"
135.181.73.59 - - [17/Jan/2023:21:17:52 -0800] "GET /class54/class5470/total_data/sub_8132.htm HTTP/1.1" 200 3511 "-" "Mozilla/5.0 (compatible; MJ12bot/v1.4.8; http://mj12bot.com/)" "www.ysfine.com"
51.222.253.5 - - [17/Jan/2023:21:17:58 -0800] "GET /class54/class5470/total_data/sub_759.htm HTTP/1.1" 200 3306 "-" "Mozilla/5.0 (compatible; AhrefsBot/7.0; +http://ahrefs.com/robot/)" "www.ysfine.com"
51.222.253.8 - - [17/Jan/2023:21:18:00 -0800] "GET /class54/class5470/total_data/refer_img/7-44_f.jpg HTTP/1.1" 200 35363 "-" "Mozilla/5.0 (compatible; AhrefsBot/7.0; +http://ahrefs.com/robot/)" "www.ysfine.com"
51.222.253.13 - - [17/Jan/2023:21:18:00 -0800] "GET /class54/class5470/total_data/refer_img/7-54_f.jpg HTTP/1.1" 200 30722 "-" "Mozilla/5.0 (compatible; AhrefsBot/7.0; +http://ahrefs.com/robot/)" "www.ysfine.com"
51.222.253.7 - - [17/Jan/2023:21:18:00 -0800] "GET /class54/class5470/total_data/refer_img/7-42_f.jpg HTTP/1.1" 200 35763 "-" "Mozilla/5.0 (compatible; AhrefsBot/7.0; +http://ahrefs.com/robot/)" "www.ysfine.com"
51.222.253.3 - - [17/Jan/2023:21:18:01 -0800] "GET /class54/class5470/total_data/refer_img/7-46_f.jpg HTTP/1.1" 200 31567 "-" "Mozilla/5.0 (compatible; AhrefsBot/7.0; +http://ahrefs.com/robot/)" "www.ysfine.com"
51.222.253.17 - - [17/Jan/2023:21:18:01 -0800] "GET /class54/class5470/total_data/refer_img/7-50_f.jpg HTTP/1.1" 200 35620 "-" "Mozilla/5.0 (compatible; AhrefsBot/7.0; +http://ahrefs.com/robot/)" "www.ysfine.com"
51.222.253.5 - - [17/Jan/2023:21:18:02 -0800] "GET /class54/class5470/total_data/refer_img/7-57_f.jpg HTTP/1.1" 200 38052 "-" "Mozilla/5.0 (compatible; AhrefsBot/7.0; +http://ahrefs.com/robot/)" "www.ysfine.com"
51.222.253.2 - - [17/Jan/2023:21:18:02 -0800] "GET /class54/class5470/total_data/img/07_smtitle59.gif HTTP/1.1" 200 452 "-" "Mozilla/5.0 (compatible; AhrefsBot/7.0; +http://ahrefs.com/robot/)" "www.ysfine.com"
51.222.253.3 - - [17/Jan/2023:21:18:02 -0800] "GET /class54/class5470/total_data/refer_img/7-51_f.jpg HTTP/1.1" 200 38723 "-" "Mozilla/5.0 (compatible; AhrefsBot/7.0; +http://ahrefs.com/robot/)" "www.ysfine.com"
51.222.253.11 - - [17/Jan/2023:21:18:03 -0800] "GET /class54/class5470/total_data/refer_img/7-53_f.jpg HTTP/1.1" 200 35539 "-" "Mozilla/5.0 (compatible; AhrefsBot/7.0; +http://ahrefs.com/robot/)" "www.ysfine.com"
51.222.253.15 - - [17/Jan/2023:21:18:03 -0800] "GET /class54/class5470/total_data/refer_img/7-56_f.jpg HTTP/1.1" 200 38989 "-" "Mozilla/5.0 (compatible; AhrefsBot/7.0; +http://ahrefs.com/robot/)" "www.ysfine.com"
51.222.253.14 - - [17/Jan/2023:21:18:03 -0800] "GET /class54/class5470/total_data/refer_img/7-58_f.jpg HTTP/1.1" 200 39362 "-" "Mozilla/5.0 (compatible; AhrefsBot/7.0; +http://ahrefs.com/robot/)" "www.ysfine.com"
51.222.253.19 - - [17/Jan/2023:21:18:04 -0800] "GET /class54/class5470/total_data/refer_img/7-59_f.jpg HTTP/1.1" 200 38671 "-" "Mozilla/5.0 (compatible; AhrefsBot/7.0; +http://ahrefs.com/robot/)" "www.ysfine.com"
51.222.253.9 - - [17/Jan/2023:21:18:04 -0800] "GET /class54/class5470/total_data/refer_img/7-45_f.jpg HTTP/1.1" 200 32793 "-" "Mozilla/5.0 (compatible; AhrefsBot/7.0; +http://ahrefs.com/robot/)" "www.ysfine.com"
51.222.253.3 - - [17/Jan/2023:21:18:05 -0800] "GET /class54/class5470/total_data/refer_img/7-43_f.jpg HTTP/1.1" 200 32167 "-" "Mozilla/5.0 (compatible; AhrefsBot/7.0; +http://ahrefs.com/robot/)" "www.ysfine.com"
51.222.253.10 - - [17/Jan/2023:21:18:05 -0800] "GET /class54/class5470/total_data/img/sm04_on.gif HTTP/1.1" 200 392 "-" "Mozilla/5.0 (compatible; AhrefsBot/7.0; +http://ahrefs.com/robot/)" "www.ysfine.com"
51.222.253.13 - - [17/Jan/2023:21:18:05 -0800] "GET /class54/class5470/total_data/refer_img/7-49_f.jpg HTTP/1.1" 200 37633 "-" "Mozilla/5.0 (compatible; AhrefsBot/7.0; +http://ahrefs.com/robot/)" "www.ysfine.com"
51.222.253.12 - - [17/Jan/2023:21:18:06 -0800] "GET /class54/class5470/total_data/refer_img/7-52_f.jpg HTTP/1.1" 200 37800 "-" "Mozilla/5.0 (compatible; AhrefsBot/7.0; +http://ahrefs.com/robot/)" "www.ysfine.com"
51.222.253.8 - - [17/Jan/2023:21:18:06 -0800] "GET /class54/class5470/total_data/refer_img/7-55_f.jpg HTTP/1.1" 200 31647 "-" "Mozilla/5.0 (compatible; AhrefsBot/7.0; +http://ahrefs.com/robot/)" "www.ysfine.com"
51.222.253.16 - - [17/Jan/2023:21:18:07 -0800] "GET /class54/class5470/total_data/refer_img/7-60_f.jpg HTTP/1.1" 200 54754 "-" "Mozilla/5.0 (compatible; AhrefsBot/7.0; +http://ahrefs.com/robot/)" "www.ysfine.com"
51.222.253.4 - - [17/Jan/2023:21:18:07 -0800] "GET /class54/class5470/total_data/photo_img/7-59.jpg HTTP/1.1" 200 250114 "-" "Mozilla/5.0 (compatible; AhrefsBot/7.0; +http://ahrefs.com/robot/)" "www.ysfine.com"
51.222.253.1 - - [17/Jan/2023:21:18:08 -0800] "GET /class54/class5470/total_data/refer_img/7-48_f.jpg HTTP/1.1" 200 29734 "-" "Mozilla/5.0 (compatible; AhrefsBot/7.0; +http://ahrefs.com/robot/)" "www.ysfine.com"
51.222.253.19 - - [17/Jan/2023:21:18:08 -0800] "GET /class54/class5470/total_data/refer_img/7-47_f.jpg HTTP/1.1" 200 36785 "-" "Mozilla/5.0 (compatible; AhrefsBot/7.0; +http://ahrefs.com/robot/)" "www.ysfine.com"
51.222.253.9 - - [17/Jan/2023:21:18:09 -0800] "GET /class54/class5470/total_data/img/sm03_off.gif HTTP/1.1" 200 429 "-" "Mozilla/5.0 (compatible; AhrefsBot/7.0; +http://ahrefs.com/robot/)" "www.ysfine.com"
99.46.78.117 - - [17/Jan/2023:21:18:48 -0800] "GET /world/balkan/istan001.jpg HTTP/1.1" 200 81913 "https://images.search.yahoo.com/search/images?p=constantinople+is+capital+of+what+country&fr=mcafee&type=E211US105G0&imgurl=https%3A%2F%2Fwww.guideoftheworld.com%2Fwp-content%2Fuploads%2F2019%2F02%2Fhagia_sophia_aya_sofya-1078x516.jpg" "Mozilla/5.0 (Windows NT 10.0; Win64; x64) AppleWebKit/537.36 (KHTML, like Gecko) Chrome/108.0.0.0 Safari/537.36" "ysfine.com"
5.255.253.124 - - [17/Jan/2023:21:19:24 -0800] "GET /feynman/quark50.html HTTP/1.1" 200 4079 "-" "Mozilla/5.0 (compatible; YandexBot/3.0; +http://yandex.com/bots) AppleWebKit/537.36 (KHTML, like Gecko) Chrome/81.0.4044.268" "www.ysfine.com"
157.55.39.72 - - [17/Jan/2023:21:19:55 -0800] "GET /bio/eink/buythisbook.html HTTP/1.1" 404 88 "-" "Mozilla/5.0 AppleWebKit/537.36 (KHTML, like Gecko; compatible; bingbot/2.0; +http://www.bing.com/bingbot.htm) Chrome/103.0.5060.134 Safari/537.36" "ysfine.com"
51.222.253.19 - - [17/Jan/2023:21:20:24 -0800] "GET /class54/class5470/total_data/sub_743.htm HTTP/1.1" 200 3297 "-" "Mozilla/5.0 (compatible; AhrefsBot/7.0; +http://ahrefs.com/robot/)" "www.ysfine.com"
185.191.171.21 - - [17/Jan/2023:21:20:58 -0800] "GET /robots.txt HTTP/1.1" 404 88 "-" "Mozilla/5.0 (compatible; SemrushBot/7~bl; +http://www.semrush.com/bot.html)" "www.ysfine.com"
185.191.171.5 - - [17/Jan/2023:21:20:59 -0800] "GET /kowar/tanks.html HTTP/1.1" 200 8699 "-" "Mozilla/5.0 (compatible; SemrushBot/7~bl; +http://www.semrush.com/bot.html)" "www.ysfine.com"
185.191.171.23 - - [17/Jan/2023:21:21:45 -0800] "GET /world/brit/britmu.html HTTP/1.1" 200 4897 "-" "Mozilla/5.0 (compatible; SemrushBot/7~bl; +http://www.semrush.com/bot.html)" "www.ysfine.com"
51.222.253.10 - - [17/Jan/2023:21:23:01 -0800] "GET /class54/class5470/total_data/sub_758.htm HTTP/1.1" 200 3297 "-" "Mozilla/5.0 (compatible; AhrefsBot/7.0; +http://ahrefs.com/robot/)" "www.ysfine.com"
185.191.171.4 - - [17/Jan/2023:21:25:24 -0800] "GET /princeton/wilson14.html HTTP/1.1" 200 774 "-" "Mozilla/5.0 (compatible; SemrushBot/7~bl; +http://www.semrush.com/bot.html)" "www.ysfine.com"
51.222.253.11 - - [17/Jan/2023:21:25:34 -0800] "GET /class54/class5470/total_data/sub_751.htm HTTP/1.1" 200 3297 "-" "Mozilla/5.0 (compatible; AhrefsBot/7.0; +http://ahrefs.com/robot/)" "www.ysfine.com"
40.77.167.13 - - [17/Jan/2023:21:25:41 -0800] "GET /bio/wigner/e(2).html HTTP/1.1" 404 88 "-" "Mozilla/5.0 (compatible; bingbot/2.0; +http://www.bing.com/bingbot.htm)" "ysfine.com"
185.191.171.24 - - [17/Jan/2023:21:25:52 -0800] "GET /robots.txt HTTP/1.1" 404 88 "-" "Mozilla/5.0 (compatible; SemrushBot/7~bl; +http://www.semrush.com/bot.html)" "ysfine.com"
185.191.171.13 - - [17/Jan/2023:21:25:53 -0800] "GET /style/bstring.html HTTP/1.1" 200 901 "-" "Mozilla/5.0 (compatible; SemrushBot/7~bl; +http://www.semrush.com/bot.html)" "ysfine.com"
114.119.155.228 - - [17/Jan/2023:21:26:48 -0800] "GET /robots.txt HTTP/1.1" 404 88 "-" "Mozilla/5.0 (compatible;PetalBot;+https://webmaster.petalsearch.com/site/petalbot)" "ysfine.com"
185.191.171.11 - - [17/Jan/2023:21:26:59 -0800] "GET /maga/galtime.html HTTP/1.1" 200 1944 "-" "Mozilla/5.0 (compatible; SemrushBot/7~bl; +http://www.semrush.com/bot.html)" "ysfine.com"
157.55.39.72 - - [17/Jan/2023:21:27:17 -0800] "GET /bio/kobak/soraech.html HTTP/1.1" 404 88 "-" "Mozilla/5.0 AppleWebKit/537.36 (KHTML, like Gecko; compatible; bingbot/2.0; +http://www.bing.com/bingbot.htm) Chrome/103.0.5060.134 Safari/537.36" "ysfine.com"
75.163.188.72 - - [17/Jan/2023:21:27:51 -0800] "GET /style/cameras/fed3.jpg HTTP/1.1" 200 106400 "https://www.bing.com/" "Mozilla/5.0 (Macintosh; Intel Mac OS X 10_15_7) AppleWebKit/605.1.15 (KHTML, like Gecko) Version/16.2 Safari/605.1.15" "www.ysfine.com"
51.222.253.3 - - [17/Jan/2023:21:28:01 -0800] "GET /class54/class5470/total_data/sub_749.htm HTTP/1.1" 200 3297 "-" "Mozilla/5.0 (compatible; AhrefsBot/7.0; +http://ahrefs.com/robot/)" "www.ysfine.com"
40.77.167.17 - - [17/Jan/2023:21:28:38 -0800] "GET /bio/einstein/bern.html HTTP/1.1" 404 88 "-" "Mozilla/5.0 AppleWebKit/537.36 (KHTML, like Gecko; compatible; bingbot/2.0; +http://www.bing.com/bingbot.htm) Chrome/103.0.5060.134 Safari/537.36" "ysfine.com"
157.55.39.72 - - [17/Jan/2023:21:28:48 -0800] "GET /bio.html HTTP/1.1" 200 18260 "-" "Mozilla/5.0 AppleWebKit/537.36 (KHTML, like Gecko; compatible; bingbot/2.0; +http://www.bing.com/bingbot.htm) Chrome/103.0.5060.134 Safari/537.36" "ysfine.com"
185.191.171.38 - - [17/Jan/2023:21:29:10 -0800] "GET /world/brit/britmu.html HTTP/1.1" 200 4897 "-" "Mozilla/5.0 (compatible; SemrushBot/7~bl; +http://www.semrush.com/bot.html)" "ysfine.com"
185.191.171.12 - - [17/Jan/2023:21:30:02 -0800] "GET /world/veneto.html HTTP/1.1" 200 6676 "-" "Mozilla/5.0 (compatible; SemrushBot/7~bl; +http://www.semrush.com/bot.html)" "ysfine.com"
207.46.13.31 - - [17/Jan/2023:21:30:18 -0800] "GET /bio/style/artlove.html HTTP/1.1" 404 88 "-" "Mozilla/5.0 (compatible; bingbot/2.0; +http://www.bing.com/bingbot.htm)" "ysfine.com"
51.222.253.5 - - [17/Jan/2023:21:30:33 -0800] "GET /class54/class5470/total_data/sub_752.htm HTTP/1.1" 200 3297 "-" "Mozilla/5.0 (compatible; AhrefsBot/7.0; +http://ahrefs.com/robot/)" "www.ysfine.com"
185.191.171.5 - - [17/Jan/2023:21:31:38 -0800] "GET /einstein/photoel.html HTTP/1.1" 200 6054 "-" "Mozilla/5.0 (compatible; SemrushBot/7~bl; +http://www.semrush.com/bot.html)" "www.ysfine.com"
40.77.167.13 - - [17/Jan/2023:21:32:21 -0800] "GET /bio/princeton/campus.html HTTP/1.1" 404 88 "-" "Mozilla/5.0 (compatible; bingbot/2.0; +http://www.bing.com/bingbot.htm)" "ysfine.com"
51.222.253.14 - - [17/Jan/2023:21:33:06 -0800] "GET /class54/class5470/total_data/sub_753.htm HTTP/1.1" 200 3297 "-" "Mozilla/5.0 (compatible; AhrefsBot/7.0; +http://ahrefs.com/robot/)" "www.ysfine.com"
207.46.13.31 - - [17/Jan/2023:21:33:09 -0800] "GET /bio/kobak/yskor.html HTTP/1.1" 404 88 "-" "Mozilla/5.0 AppleWebKit/537.36 (KHTML, like Gecko; compatible; bingbot/2.0; +http://www.bing.com/bingbot.htm) Chrome/103.0.5060.134 Safari/537.36" "ysfine.com"
207.46.13.31 - - [17/Jan/2023:21:33:40 -0800] "GET /bio/yshome.html HTTP/1.1" 404 88 "-" "Mozilla/5.0 AppleWebKit/537.36 (KHTML, like Gecko; compatible; bingbot/2.0; +http://www.bing.com/bingbot.htm) Chrome/103.0.5060.134 Safari/537.36" "ysfine.com"
40.77.167.17 - - [17/Jan/2023:21:34:11 -0800] "GET /bio17.html HTTP/1.1" 200 10919 "-" "Mozilla/5.0 (compatible; bingbot/2.0; +http://www.bing.com/bingbot.htm)" "ysfine.com"
80.233.53.20 - - [17/Jan/2023:21:35:25 -0800] "GET /maga/phys/bohr05.jpg HTTP/1.1" 200 70451 "https://www.google.com/" "Mozilla/5.0 (Windows NT 10.0; Win64; x64) AppleWebKit/537.36 (KHTML, like Gecko) Chrome/109.0.0.0 Safari/537.36" "ysfine.com"
65.21.186.21 - - [17/Jan/2023:21:35:34 -0800] "GET /world/russ/arbat39.jpg HTTP/1.1" 200 125301 "-" "Mozilla/5.0 (X11; Fedora; Linux x86_64) AppleWebKit/537.36 (KHTML, like Gecko) Chrome/79.0.3945.117 Safari/537.36" "ysfine.com"
178.157.64.211 - - [17/Jan/2023:21:36:03 -0800] "GET / HTTP/1.1" 200 5295 "-" "Mozilla/5.0 (X11; Linux x86_64) AppleWebKit/537.36 (KHTML, like Gecko) Chrome/103.0.0.0 Safari/537.36 OPR/89.0.4447.51" "www.ysfine.com"
5.255.253.145 - - [17/Jan/2023:21:36:04 -0800] "GET /robots.txt HTTP/1.1" 404 73 "-" "Mozilla/5.0 (compatible; YandexBot/3.0; +http://yandex.com/bots)" "ysfine.com"
178.157.65.23 - - [17/Jan/2023:21:36:04 -0800] "GET /jobs/index.html HTTP/1.1" 200 123 "http://ysfine.com/jobs/index.html" "Mozilla/5.0 (X11; Linux x86_64) AppleWebKit/537.36 (KHTML, like Gecko) Chrome/103.0.0.0 Safari/537.36 OPR/89.0.4447.51" "ysfine.com"
178.157.65.23 - - [17/Jan/2023:21:36:05 -0800] "GET /style/stbot.html HTTP/1.1" 200 122 "http://ysfine.com/style/stbot.html" "Mozilla/5.0 (X11; Linux x86_64) AppleWebKit/537.36 (KHTML, like Gecko) Chrome/103.0.0.0 Safari/537.36 OPR/89.0.4447.51" "ysfine.com"
178.157.65.23 - - [17/Jan/2023:21:36:06 -0800] "GET /eink/mose.html HTTP/1.1" 200 14315 "http://ysfine.com/eink/mose.html" "Mozilla/5.0 (X11; Linux x86_64) AppleWebKit/537.36 (KHTML, like Gecko) Chrome/103.0.0.0 Safari/537.36 OPR/89.0.4447.51" "ysfine.com"
178.157.65.23 - - [17/Jan/2023:21:36:07 -0800] "GET /world/ysworld.html HTTP/1.1" 200 3224 "http://ysfine.com/world/ysworld.html" "Mozilla/5.0 (X11; Linux x86_64) AppleWebKit/537.36 (KHTML, like Gecko) Chrome/103.0.0.0 Safari/537.36 OPR/89.0.4447.51" "ysfine.com"
178.157.65.23 - - [17/Jan/2023:21:36:07 -0800] "GET /bio.html HTTP/1.1" 200 18260 "http://ysfine.com/bio.html" "Mozilla/5.0 (X11; Linux x86_64) AppleWebKit/537.36 (KHTML, like Gecko) Chrome/103.0.0.0 Safari/537.36 OPR/89.0.4447.51" "ysfine.com"
213.180.203.3 - - [17/Jan/2023:21:36:07 -0800] "GET /world/scandi/sto008.jpg HTTP/1.1" 200 76827 "-" "Mozilla/5.0 (compatible; YandexImages/3.0; +http://yandex.com/bots)" "ysfine.com"
178.157.65.23 - - [17/Jan/2023:21:36:08 -0800] "GET /princeton/yspr.html HTTP/1.1" 200 5470 "http://ysfine.com/princeton/yspr.html" "Mozilla/5.0 (X11; Linux x86_64) AppleWebKit/537.36 (KHTML, like Gecko) Chrome/103.0.0.0 Safari/537.36 OPR/89.0.4447.51" "ysfine.com"
178.157.65.23 - - [17/Jan/2023:21:36:09 -0800] "GET /eink/index.html HTTP/1.1" 200 17716 "http://ysfine.com/eink/index.html" "Mozilla/5.0 (X11; Linux x86_64) AppleWebKit/537.36 (KHTML, like Gecko) Chrome/103.0.0.0 Safari/537.36 OPR/89.0.4447.51" "ysfine.com"
51.222.253.20 - - [17/Jan/2023:21:36:10 -0800] "GET /newyork/index.html HTTP/1.1" 200 132 "-" "Mozilla/5.0 (compatible; AhrefsBot/7.0; +http://ahrefs.com/robot/)" "ysfine.com"
178.157.65.23 - - [17/Jan/2023:21:36:11 -0800] "GET /einstein/index.html HTTP/1.1" 200 135 "http://ysfine.com/einstein/index.html" "Mozilla/5.0 (X11; Linux x86_64) AppleWebKit/537.36 (KHTML, like Gecko) Chrome/103.0.0.0 Safari/537.36 OPR/89.0.4447.51" "ysfine.com"
178.157.65.23 - - [17/Jan/2023:21:36:12 -0800] "GET /bio09.html HTTP/1.1" 200 12301 "http://ysfine.com/bio09.html" "Mozilla/5.0 (X11; Linux x86_64) AppleWebKit/537.36 (KHTML, like Gecko) Chrome/103.0.0.0 Safari/537.36 OPR/89.0.4447.51" "ysfine.com"
178.157.65.23 - - [17/Jan/2023:21:36:13 -0800] "GET /home/index.html HTTP/1.1" 200 142 "http://ysfine.com/home/index.html" "Mozilla/5.0 (X11; Linux x86_64) AppleWebKit/537.36 (KHTML, like Gecko) Chrome/103.0.0.0 Safari/537.36 OPR/89.0.4447.51" "ysfine.com"
178.157.65.23 - - [17/Jan/2023:21:36:14 -0800] "GET /yspapers/index.html HTTP/1.1" 200 21304 "http://ysfine.com/yspapers/index.html" "Mozilla/5.0 (X11; Linux x86_64) AppleWebKit/537.36 (KHTML, like Gecko) Chrome/103.0.0.0 Safari/537.36 OPR/89.0.4447.51" "ysfine.com"
178.157.65.23 - - [17/Jan/2023:21:36:15 -0800] "GET /home/bio22.html HTTP/1.1" 404 88 "http://ysfine.com/home/bio22.html" "Mozilla/5.0 (X11; Linux x86_64) AppleWebKit/537.36 (KHTML, like Gecko) Chrome/103.0.0.0 Safari/537.36 OPR/89.0.4447.51" "ysfine.com"
178.157.65.23 - - [17/Jan/2023:21:36:15 -0800] "GET /feynman/index.html HTTP/1.1" 200 124 "http://ysfine.com/feynman/index.html" "Mozilla/5.0 (X11; Linux x86_64) AppleWebKit/537.36 (KHTML, like Gecko) Chrome/103.0.0.0 Safari/537.36 OPR/89.0.4447.51" "ysfine.com"
178.157.65.23 - - [17/Jan/2023:21:36:16 -0800] "GET /sbk/index.html HTTP/1.1" 200 198 "http://ysfine.com/sbk/index.html" "Mozilla/5.0 (X11; Linux x86_64) AppleWebKit/537.36 (KHTML, like Gecko) Chrome/103.0.0.0 Safari/537.36 OPR/89.0.4447.51" "ysfine.com"
178.157.65.23 - - [17/Jan/2023:21:36:17 -0800] "GET /people/peo.html HTTP/1.1" 200 13502 "http://ysfine.com/people/peo.html" "Mozilla/5.0 (X11; Linux x86_64) AppleWebKit/537.36 (KHTML, like Gecko) Chrome/103.0.0.0 Safari/537.36 OPR/89.0.4447.51" "ysfine.com"
178.157.65.23 - - [17/Jan/2023:21:36:19 -0800] "GET /houses/myhouse.html HTTP/1.1" 200 1473 "http://ysfine.com/houses/myhouse.html" "Mozilla/5.0 (X11; Linux x86_64) AppleWebKit/537.36 (KHTML, like Gecko) Chrome/103.0.0.0 Safari/537.36 OPR/89.0.4447.51" "ysfine.com"
178.157.65.23 - - [17/Jan/2023:21:36:20 -0800] "GET /kobak/index.html HTTP/1.1" 200 130 "http://ysfine.com/kobak/index.html" "Mozilla/5.0 (X11; Linux x86_64) AppleWebKit/537.36 (KHTML, like Gecko) Chrome/103.0.0.0 Safari/537.36 OPR/89.0.4447.51" "ysfine.com"
178.157.65.23 - - [17/Jan/2023:21:36:21 -0800] "GET /wdc/index.html HTTP/1.1" 200 141 "http://ysfine.com/wdc/index.html" "Mozilla/5.0 (X11; Linux x86_64) AppleWebKit/537.36 (KHTML, like Gecko) Chrome/103.0.0.0 Safari/537.36 OPR/89.0.4447.51" "ysfine.com"
178.157.65.23 - - [17/Jan/2023:21:36:21 -0800] "GET /usca/pgh.html HTTP/1.1" 200 13572 "http://ysfine.com/usca/pgh.html" "Mozilla/5.0 (X11; Linux x86_64) AppleWebKit/537.36 (KHTML, like Gecko) Chrome/103.0.0.0 Safari/537.36 OPR/89.0.4447.51" "ysfine.com"
178.157.65.23 - - [17/Jan/2023:21:36:23 -0800] "GET /home/genea.html HTTP/1.1" 200 2872 "http://ysfine.com/home/genea.html" "Mozilla/5.0 (X11; Linux x86_64) AppleWebKit/537.36 (KHTML, like Gecko) Chrome/103.0.0.0 Safari/537.36 OPR/89.0.4447.51" "ysfine.com"
178.157.65.23 - - [17/Jan/2023:21:36:24 -0800] "GET /princeton/index.html HTTP/1.1" 200 140 "http://ysfine.com/princeton/index.html" "Mozilla/5.0 (X11; Linux x86_64) AppleWebKit/537.36 (KHTML, like Gecko) Chrome/103.0.0.0 Safari/537.36 OPR/89.0.4447.51" "ysfine.com"
178.157.65.23 - - [17/Jan/2023:21:36:25 -0800] "GET /home/dwf.html HTTP/1.1" 200 4126 "http://ysfine.com/home/dwf.html" "Mozilla/5.0 (X11; Linux x86_64) AppleWebKit/537.36 (KHTML, like Gecko) Chrome/103.0.0.0 Safari/537.36 OPR/89.0.4447.51" "ysfine.com"
178.157.65.23 - - [17/Jan/2023:21:36:26 -0800] "GET /awards/index.html HTTP/1.1" 200 10096 "http://ysfine.com/awards/index.html" "Mozilla/5.0 (X11; Linux x86_64) AppleWebKit/537.36 (KHTML, like Gecko) Chrome/103.0.0.0 Safari/537.36 OPR/89.0.4447.51" "ysfine.com"
178.157.65.23 - - [17/Jan/2023:21:36:27 -0800] "GET /dirac/index.html HTTP/1.1" 200 124 "http://ysfine.com/dirac/index.html" "Mozilla/5.0 (X11; Linux x86_64) AppleWebKit/537.36 (KHTML, like Gecko) Chrome/103.0.0.0 Safari/537.36 OPR/89.0.4447.51" "ysfine.com"
178.157.65.23 - - [17/Jan/2023:21:36:27 -0800] "GET /maga/herod.html HTTP/1.1" 200 4341 "http://ysfine.com/maga/herod.html" "Mozilla/5.0 (X11; Linux x86_64) AppleWebKit/537.36 (KHTML, like Gecko) Chrome/103.0.0.0 Safari/537.36 OPR/89.0.4447.51" "ysfine.com"
178.157.65.23 - - [17/Jan/2023:21:36:28 -0800] "GET /dirac/dirk62.html HTTP/1.1" 200 3949 "http://ysfine.com/dirac/dirk62.html" "Mozilla/5.0 (X11; Linux x86_64) AppleWebKit/537.36 (KHTML, like Gecko) Chrome/103.0.0.0 Safari/537.36 OPR/89.0.4447.51" "ysfine.com"
178.157.65.23 - - [17/Jan/2023:21:36:29 -0800] "GET /home/dashen.html HTTP/1.1" 200 4015 "http://ysfine.com/home/dashen.html" "Mozilla/5.0 (X11; Linux x86_64) AppleWebKit/537.36 (KHTML, like Gecko) Chrome/103.0.0.0 Safari/537.36 OPR/89.0.4447.51" "ysfine.com"
178.157.65.23 - - [17/Jan/2023:21:36:29 -0800] "GET /wigner/index.html HTTP/1.1" 200 124 "http://ysfine.com/wigner/index.html" "Mozilla/5.0 (X11; Linux x86_64) AppleWebKit/537.36 (KHTML, like Gecko) Chrome/103.0.0.0 Safari/537.36 OPR/89.0.4447.51" "ysfine.com"
178.157.65.23 - - [17/Jan/2023:21:36:31 -0800] "GET /home/easy.html HTTP/1.1" 200 7877 "http://ysfine.com/home/easy.html" "Mozilla/5.0 (X11; Linux x86_64) AppleWebKit/537.36 (KHTML, like Gecko) Chrome/103.0.0.0 Safari/537.36 OPR/89.0.4447.51" "ysfine.com"
178.157.65.23 - - [17/Jan/2023:21:36:32 -0800] "GET /wigner/wigner39.html HTTP/1.1" 200 330 "http://ysfine.com/wigner/wigner39.html" "Mozilla/5.0 (X11; Linux x86_64) AppleWebKit/537.36 (KHTML, like Gecko) Chrome/103.0.0.0 Safari/537.36 OPR/89.0.4447.51" "ysfine.com"
67.172.122.185 - - [17/Jan/2023:21:36:57 -0800] "GET /wigner/neum/ymath.jpg HTTP/1.1" 200 64930 "https://www.google.com/" "Mozilla/5.0 (iPhone; CPU iPhone OS 16_2 like Mac OS X) AppleWebKit/605.1.15 (KHTML, like Gecko) Version/16.2 Mobile/15E148 Safari/604.1" "ysfine.com"
40.77.167.17 - - [17/Jan/2023:21:36:59 -0800] "GET /usca/pitt/fortpitt03d.jpg HTTP/1.1" 200 44027 "-" "Mozilla/5.0 AppleWebKit/537.36 (KHTML, like Gecko; compatible; bingbot/2.0; +http://www.bing.com/bingbot.htm) Chrome/103.0.5060.134 Safari/537.36" "ysfine.com"
40.77.167.17 - - [17/Jan/2023:21:36:59 -0800] "GET /bio/kobak/namdae.html HTTP/1.1" 404 88 "-" "Mozilla/5.0 AppleWebKit/537.36 (KHTML, like Gecko; compatible; bingbot/2.0; +http://www.bing.com/bingbot.htm) Chrome/103.0.5060.134 Safari/537.36" "ysfine.com"
123.183.224.87 - - [17/Jan/2023:21:37:08 -0800] "GET / HTTP/1.1" 200 5295 "-" "Sogou web spider/4.0(+http://www.sogou.com/docs/help/webmasters.htm#07)" "www.ysfine.com"
219.76.26.105 - - [17/Jan/2023:21:37:16 -0800] "GET /dirac/wigsis11.jpg HTTP/1.1" 200 71741 "https://www.google.com/" "Mozilla/5.0 (iPhone; CPU iPhone OS 15_3 like Mac OS X) AppleWebKit/605.1.15 (KHTML, like Gecko) CriOS/109.0.5414.83 Mobile/15E148 Safari/604.1" "ysfine.com"
5.79.87.160 - - [17/Jan/2023:21:37:21 -0800] "GET /world/baltic/kantname11.jpg HTTP/1.1" 200 140735 "https://www.google.com.cu/" "Mozilla/5.0 (Linux; Android 11; SM-A715F) AppleWebKit/537.36 (KHTML, like Gecko) Chrome/100.0.4896.79 Mobile Safari/537.36" "ysfine.com"
185.191.171.34 - - [17/Jan/2023:21:37:42 -0800] "GET /newyork/nyc.html HTTP/1.1" 200 31389 "-" "Mozilla/5.0 (compatible; SemrushBot/7~bl; +http://www.semrush.com/bot.html)" "www.ysfine.com"
157.55.39.72 - - [17/Jan/2023:21:38:16 -0800] "GET /princeton/elephant11b.jpg HTTP/1.1" 200 65393 "-" "Mozilla/5.0 AppleWebKit/537.36 (KHTML, like Gecko; compatible; bingbot/2.0; +http://www.bing.com/bingbot.htm) Chrome/103.0.5060.134 Safari/537.36" "ysfine.com"
67.172.122.185 - - [17/Jan/2023:21:38:58 -0800] "GET /wigner/neum/vnc03.jpg HTTP/1.1" 200 80421 "https://www.google.com/" "Mozilla/5.0 (iPhone; CPU iPhone OS 16_2 like Mac OS X) AppleWebKit/605.1.15 (KHTML, like Gecko) Version/16.2 Mobile/15E148 Safari/604.1" "ysfine.com"
51.222.253.10 - - [17/Jan/2023:21:39:01 -0800] "GET /class54/class5470/total_data/sub_839.htm HTTP/1.1" 200 3527 "-" "Mozilla/5.0 (compatible; AhrefsBot/7.0; +http://ahrefs.com/robot/)" "ysfine.com"
67.172.122.185 - - [17/Jan/2023:21:39:17 -0800] "GET /wigner/neum/vnc18.jpg HTTP/1.1" 200 89614 "https://www.google.com/" "Mozilla/5.0 (iPhone; CPU iPhone OS 16_2 like Mac OS X) AppleWebKit/605.1.15 (KHTML, like Gecko) Version/16.2 Mobile/15E148 Safari/604.1" "ysfine.com"
46.8.192.172 - - [17/Jan/2023:21:39:33 -0800] "GET / HTTP/1.1" 200 5295 "-" "Mozilla/5.0 (Windows NT 6.1; Win64; x64; rv:83.0) Gecko/20100101 Firefox/83.0" "ysfine.com"
207.46.13.31 - - [17/Jan/2023:21:40:10 -0800] "GET /bio/sbk/1950.html HTTP/1.1" 404 88 "-" "Mozilla/5.0 AppleWebKit/537.36 (KHTML, like Gecko; compatible; bingbot/2.0; +http://www.bing.com/bingbot.htm) Chrome/103.0.5060.134 Safari/537.36" "ysfine.com"
185.191.171.14 - - [17/Jan/2023:21:40:16 -0800] "GET /princeton/prlinks.html HTTP/1.1" 200 819 "-" "Mozilla/5.0 (compatible; SemrushBot/7~bl; +http://www.semrush.com/bot.html)" "ysfine.com"
40.77.167.10 - - [17/Jan/2023:21:41:14 -0800] "GET /bio/style/proschanie.html HTTP/1.1" 404 88 "-" "Mozilla/5.0 AppleWebKit/537.36 (KHTML, like Gecko; compatible; bingbot/2.0; +http://www.bing.com/bingbot.htm) Chrome/103.0.5060.134 Safari/537.36" "ysfine.com"
185.191.171.22 - - [17/Jan/2023:21:41:35 -0800] "GET /style/proschanie.html HTTP/1.1" 200 4801 "-" "Mozilla/5.0 (compatible; SemrushBot/7~bl; +http://www.semrush.com/bot.html)" "www.ysfine.com"
51.222.253.15 - - [17/Jan/2023:21:41:37 -0800] "GET /class54/class5470/total_data/sub_220.htm HTTP/1.1" 200 3410 "-" "Mozilla/5.0 (compatible; AhrefsBot/7.0; +http://ahrefs.com/robot/)" "ysfine.com"
51.222.253.9 - - [17/Jan/2023:21:41:38 -0800] "GET /class54/class5470/total_data/img/sm01_off.gif HTTP/1.1" 200 412 "-" "Mozilla/5.0 (compatible; AhrefsBot/7.0; +http://ahrefs.com/robot/)" "ysfine.com"
185.191.171.1 - - [17/Jan/2023:21:42:04 -0800] "GET /ffriends/chinese.html HTTP/1.1" 200 12014 "-" "Mozilla/5.0 (compatible; SemrushBot/7~bl; +http://www.semrush.com/bot.html)" "www.ysfine.com"
66.249.66.58 - - [17/Jan/2023:21:42:27 -0800] "GET /wigner/neum/neuim.jpg HTTP/1.1" 200 75456 "-" "Googlebot-Image/1.0" "ysfine.com"
66.249.66.216 - - [17/Jan/2023:21:42:33 -0800] "GET /archives/class5470/total_data/img/02_smtitle112.gif HTTP/1.1" 404 88 "-" "Googlebot-Image/1.0" "www.ysfine.com"
67.172.122.185 - - [17/Jan/2023:21:44:19 -0800] "GET /wigner/neum/pvn03.jpg HTTP/1.1" 200 83757 "https://www.google.com/" "Mozilla/5.0 (iPhone; CPU iPhone OS 16_2 like Mac OS X) AppleWebKit/605.1.15 (KHTML, like Gecko) Version/16.2 Mobile/15E148 Safari/604.1" "ysfine.com"
51.222.253.14 - - [17/Jan/2023:21:44:21 -0800] "GET /class54/class5470/total_data/sub_342.htm HTTP/1.1" 200 3328 "-" "Mozilla/5.0 (compatible; AhrefsBot/7.0; +http://ahrefs.com/robot/)" "ysfine.com"
51.222.253.15 - - [17/Jan/2023:21:44:23 -0800] "GET /class54/class5470/total_data/refer_img/3-39_f.jpg HTTP/1.1" 200 37491 "-" "Mozilla/5.0 (compatible; AhrefsBot/7.0; +http://ahrefs.com/robot/)" "ysfine.com"
51.222.253.1 - - [17/Jan/2023:21:44:23 -0800] "GET /class54/class5470/total_data/refer_img/3-23_f.jpg HTTP/1.1" 200 36091 "-" "Mozilla/5.0 (compatible; AhrefsBot/7.0; +http://ahrefs.com/robot/)" "ysfine.com"
51.222.253.11 - - [17/Jan/2023:21:44:23 -0800] "GET /class54/class5470/total_data/refer_img/3-40_f.jpg HTTP/1.1" 200 23116 "-" "Mozilla/5.0 (compatible; AhrefsBot/7.0; +http://ahrefs.com/robot/)" "ysfine.com"
51.222.253.13 - - [17/Jan/2023:21:44:24 -0800] "GET /class54/class5470/total_data/refer_img/3-31_f.jpg HTTP/1.1" 200 22649 "-" "Mozilla/5.0 (compatible; AhrefsBot/7.0; +http://ahrefs.com/robot/)" "ysfine.com"
51.222.253.16 - - [17/Jan/2023:21:44:24 -0800] "GET /class54/class5470/total_data/refer_img/3-27_f.jpg HTTP/1.1" 200 33039 "-" "Mozilla/5.0 (compatible; AhrefsBot/7.0; +http://ahrefs.com/robot/)" "ysfine.com"
51.222.253.5 - - [17/Jan/2023:21:44:25 -0800] "GET /class54/class5470/total_data/refer_img/3-28_f.jpg HTTP/1.1" 200 33067 "-" "Mozilla/5.0 (compatible; AhrefsBot/7.0; +http://ahrefs.com/robot/)" "ysfine.com"
51.222.253.10 - - [17/Jan/2023:21:44:25 -0800] "GET /class54/class5470/total_data/refer_img/3-30_f.jpg HTTP/1.1" 200 33130 "-" "Mozilla/5.0 (compatible; AhrefsBot/7.0; +http://ahrefs.com/robot/)" "ysfine.com"
51.222.253.5 - - [17/Jan/2023:21:44:25 -0800] "GET /class54/class5470/total_data/img/03_title.gif HTTP/1.1" 200 5602 "-" "Mozilla/5.0 (compatible; AhrefsBot/7.0; +http://ahrefs.com/robot/)" "ysfine.com"
51.222.253.4 - - [17/Jan/2023:21:44:26 -0800] "GET /class54/class5470/total_data/refer_img/3-38_f.jpg HTTP/1.1" 200 21913 "-" "Mozilla/5.0 (compatible; AhrefsBot/7.0; +http://ahrefs.com/robot/)" "ysfine.com"
51.222.253.8 - - [17/Jan/2023:21:44:26 -0800] "GET /class54/class5470/total_data/refer_img/3-26_f.jpg HTTP/1.1" 200 22547 "-" "Mozilla/5.0 (compatible; AhrefsBot/7.0; +http://ahrefs.com/robot/)" "ysfine.com"
51.222.253.7 - - [17/Jan/2023:21:44:26 -0800] "GET /class54/class5470/total_data/refer_img/3-34_f.jpg HTTP/1.1" 200 35500 "-" "Mozilla/5.0 (compatible; AhrefsBot/7.0; +http://ahrefs.com/robot/)" "ysfine.com"
51.222.253.8 - - [17/Jan/2023:21:44:27 -0800] "GET /class54/class5470/total_data/refer_img/3-37_f.jpg HTTP/1.1" 200 23666 "-" "Mozilla/5.0 (compatible; AhrefsBot/7.0; +http://ahrefs.com/robot/)" "ysfine.com"
51.222.253.15 - - [17/Jan/2023:21:44:27 -0800] "GET /class54/class5470/total_data/refer_img/3-24_f.jpg HTTP/1.1" 200 35516 "-" "Mozilla/5.0 (compatible; AhrefsBot/7.0; +http://ahrefs.com/robot/)" "ysfine.com"
51.222.253.2 - - [17/Jan/2023:21:44:28 -0800] "GET /class54/class5470/total_data/refer_img/3-35_f.jpg HTTP/1.1" 200 23153 "-" "Mozilla/5.0 (compatible; AhrefsBot/7.0; +http://ahrefs.com/robot/)" "ysfine.com"
51.222.253.6 - - [17/Jan/2023:21:44:28 -0800] "GET /class54/class5470/total_data/refer_img/3-36_f.jpg HTTP/1.1" 200 25050 "-" "Mozilla/5.0 (compatible; AhrefsBot/7.0; +http://ahrefs.com/robot/)" "ysfine.com"
51.222.253.1 - - [17/Jan/2023:21:44:28 -0800] "GET /class54/class5470/total_data/refer_img/3-42_f.jpg HTTP/1.1" 200 30448 "-" "Mozilla/5.0 (compatible; AhrefsBot/7.0; +http://ahrefs.com/robot/)" "ysfine.com"
51.222.253.6 - - [17/Jan/2023:21:44:29 -0800] "GET /class54/class5470/total_data/refer_img/3-29_f.jpg HTTP/1.1" 200 22426 "-" "Mozilla/5.0 (compatible; AhrefsBot/7.0; +http://ahrefs.com/robot/)" "ysfine.com"
51.222.253.16 - - [17/Jan/2023:21:44:29 -0800] "GET /class54/class5470/total_data/refer_img/3-22_f.jpg HTTP/1.1" 200 31933 "-" "Mozilla/5.0 (compatible; AhrefsBot/7.0; +http://ahrefs.com/robot/)" "ysfine.com"
51.222.253.13 - - [17/Jan/2023:21:44:29 -0800] "GET /class54/class5470/total_data/refer_img/3-33_f.jpg HTTP/1.1" 200 40216 "-" "Mozilla/5.0 (compatible; AhrefsBot/7.0; +http://ahrefs.com/robot/)" "ysfine.com"
51.222.253.3 - - [17/Jan/2023:21:44:30 -0800] "GET /class54/class5470/total_data/refer_img/3-25_f.jpg HTTP/1.1" 200 22786 "-" "Mozilla/5.0 (compatible; AhrefsBot/7.0; +http://ahrefs.com/robot/)" "ysfine.com"
51.222.253.8 - - [17/Jan/2023:21:44:30 -0800] "GET /class54/class5470/total_data/photo_img/3-42.jpg HTTP/1.1" 200 175542 "-" "Mozilla/5.0 (compatible; AhrefsBot/7.0; +http://ahrefs.com/robot/)" "ysfine.com"
51.222.253.14 - - [17/Jan/2023:21:44:31 -0800] "GET /class54/class5470/total_data/refer_img/3-41_f.jpg HTTP/1.1" 200 23389 "-" "Mozilla/5.0 (compatible; AhrefsBot/7.0; +http://ahrefs.com/robot/)" "ysfine.com"
51.222.253.19 - - [17/Jan/2023:21:44:31 -0800] "GET /class54/class5470/total_data/img/03_smtitle42.gif HTTP/1.1" 200 491 "-" "Mozilla/5.0 (compatible; AhrefsBot/7.0; +http://ahrefs.com/robot/)" "ysfine.com"
67.172.122.185 - - [17/Jan/2023:21:46:09 -0800] "GET /wigner/quartet.jpg HTTP/1.1" 200 83670 "https://www.google.com/" "Mozilla/5.0 (iPhone; CPU iPhone OS 16_2 like Mac OS X) AppleWebKit/605.1.15 (KHTML, like Gecko) Version/16.2 Mobile/15E148 Safari/604.1" "ysfine.com"
51.222.253.5 - - [17/Jan/2023:21:46:59 -0800] "GET /class54/class5470/total_data/sub_834.htm HTTP/1.1" 200 3530 "-" "Mozilla/5.0 (compatible; AhrefsBot/7.0; +http://ahrefs.com/robot/)" "ysfine.com"
51.222.253.8 - - [17/Jan/2023:21:47:01 -0800] "GET /class54/class5470/total_data/img/08_smtitle31.gif HTTP/1.1" 200 1668 "-" "Mozilla/5.0 (compatible; AhrefsBot/7.0; +http://ahrefs.com/robot/)" "ysfine.com"
40.77.167.10 - - [17/Jan/2023:21:48:34 -0800] "GET /usca/pitt/machinery11.jpg HTTP/1.1" 200 99617 "-" "Mozilla/5.0 AppleWebKit/537.36 (KHTML, like Gecko; compatible; bingbot/2.0; +http://www.bing.com/bingbot.htm) Chrome/103.0.5060.134 Safari/537.36" "ysfine.com"
185.191.171.4 - - [17/Jan/2023:21:49:10 -0800] "GET /maga/lorenuni.html HTTP/1.1" 200 2365 "-" "Mozilla/5.0 (compatible; SemrushBot/7~bl; +http://www.semrush.com/bot.html)" "www.ysfine.com"
185.191.171.45 - - [17/Jan/2023:21:49:21 -0800] "GET /home/optics.html HTTP/1.1" 200 4947 "-" "Mozilla/5.0 (compatible; SemrushBot/7~bl; +http://www.semrush.com/bot.html)" "www.ysfine.com"
51.222.253.16 - - [17/Jan/2023:21:49:47 -0800] "GET /eink/buybook.html HTTP/1.1" 200 1781 "-" "Mozilla/5.0 (compatible; AhrefsBot/7.0; +http://ahrefs.com/robot/)" "www.ysfine.com"
51.222.253.16 - - [17/Jan/2023:21:49:49 -0800] "GET /eink/emc400.jpg HTTP/1.1" 200 70395 "-" "Mozilla/5.0 (compatible; AhrefsBot/7.0; +http://ahrefs.com/robot/)" "www.ysfine.com"
157.55.39.72 - - [17/Jan/2023:21:50:59 -0800] "GET /bio/kobak/soraech.html HTTP/1.1" 404 88 "-" "Mozilla/5.0 (compatible; bingbot/2.0; +http://www.bing.com/bingbot.htm)" "ysfine.com"
51.222.253.15 - - [17/Jan/2023:21:52:31 -0800] "GET /class54/class5470/total_data/sub_840.htm HTTP/1.1" 200 3527 "-" "Mozilla/5.0 (compatible; AhrefsBot/7.0; +http://ahrefs.com/robot/)" "ysfine.com"
185.191.171.24 - - [17/Jan/2023:21:52:38 -0800] "GET /style/songs.html HTTP/1.1" 200 31567 "-" "Mozilla/5.0 (compatible; SemrushBot/7~bl; +http://www.semrush.com/bot.html)" "ysfine.com"
40.77.167.10 - - [17/Jan/2023:21:52:45 -0800] "GET /bio/style/proschanie.html HTTP/1.1" 404 88 "-" "Mozilla/5.0 (compatible; bingbot/2.0; +http://www.bing.com/bingbot.htm)" "ysfine.com"
40.77.167.13 - - [17/Jan/2023:21:53:43 -0800] "GET /bio/princeton/campus.html HTTP/1.1" 404 88 "-" "Mozilla/5.0 (compatible; bingbot/2.0; +http://www.bing.com/bingbot.htm)" "ysfine.com"
51.222.253.2 - - [17/Jan/2023:21:55:10 -0800] "GET /class54/class5470/total_data/sub_835.htm HTTP/1.1" 200 3536 "-" "Mozilla/5.0 (compatible; AhrefsBot/7.0; +http://ahrefs.com/robot/)" "ysfine.com"
51.222.253.15 - - [17/Jan/2023:21:55:12 -0800] "GET /class54/class5470/total_data/photo_img/8-35.jpg HTTP/1.1" 200 230994 "-" "Mozilla/5.0 (compatible; AhrefsBot/7.0; +http://ahrefs.com/robot/)" "ysfine.com"
167.114.158.215 - - [17/Jan/2023:21:55:30 -0800] "GET /robots.txt HTTP/1.1" 404 73 "-" "Mozilla/5.0 (compatible; MJ12bot/v1.4.8; http://mj12bot.com/)" "ysfine.com"
167.114.158.215 - - [17/Jan/2023:21:55:32 -0800] "GET /style/socrates.html HTTP/1.1" 200 589 "-" "Mozilla/5.0 (compatible; MJ12bot/v1.4.8; http://mj12bot.com/)" "ysfine.com"
40.77.167.10 - - [17/Jan/2023:21:56:04 -0800] "GET /beau/lithuseville01b.jpg HTTP/1.1" 404 88 "-" "Mozilla/5.0 AppleWebKit/537.36 (KHTML, like Gecko; compatible; bingbot/2.0; +http://www.bing.com/bingbot.htm) Chrome/103.0.5060.134 Safari/537.36" "ysfine.com"
51.222.253.6 - - [17/Jan/2023:21:58:06 -0800] "GET /class54/class5470/total_data/sub_740.htm HTTP/1.1" 200 3294 "-" "Mozilla/5.0 (compatible; AhrefsBot/7.0; +http://ahrefs.com/robot/)" "ysfine.com"
51.222.253.12 - - [17/Jan/2023:21:58:07 -0800] "GET /class54/class5470/total_data/photo_img/7-40.jpg HTTP/1.1" 200 203181 "-" "Mozilla/5.0 (compatible; AhrefsBot/7.0; +http://ahrefs.com/robot/)" "ysfine.com"
185.191.171.39 - - [17/Jan/2023:22:00:18 -0800] "GET /wigner/kuper76.html HTTP/1.1" 200 309 "-" "Mozilla/5.0 (compatible; SemrushBot/7~bl; +http://www.semrush.com/bot.html)" "www.ysfine.com"
51.222.253.4 - - [17/Jan/2023:22:00:49 -0800] "GET /class54/class5470/total_data/sub_750.htm HTTP/1.1" 200 3297 "-" "Mozilla/5.0 (compatible; AhrefsBot/7.0; +http://ahrefs.com/robot/)" "www.ysfine.com"
40.77.167.17 - - [17/Jan/2023:22:02:31 -0800] "GET /bio/kobak/namdae.html HTTP/1.1" 404 88 "-" "Mozilla/5.0 (compatible; bingbot/2.0; +http://www.bing.com/bingbot.htm)" "ysfine.com"
118.184.177.52 - - [17/Jan/2023:22:03:01 -0800] "GET / HTTP/1.1" 200 5295 "-" "Sogou web spider/4.0(+http://www.sogou.com/docs/help/webmasters.htm#07)" "www.ysfine.com"
40.77.167.17 - - [17/Jan/2023:22:03:21 -0800] "GET /bio/einstein/bern.html HTTP/1.1" 404 88 "-" "Mozilla/5.0 (compatible; bingbot/2.0; +http://www.bing.com/bingbot.htm)" "ysfine.com"
185.191.171.11 - - [17/Jan/2023:22:03:34 -0800] "GET /feynman/feyheg.html HTTP/1.1" 200 6341 "-" "Mozilla/5.0 (compatible; SemrushBot/7~bl; +http://www.semrush.com/bot.html)" "ysfine.com"
114.119.140.84 - - [17/Jan/2023:22:04:27 -0800] "GET /world/france/metznyork.html HTTP/1.1" 200 305 "https://ysfine.com/maga/three.html" "Mozilla/5.0 (Linux; Android 7.0;) AppleWebKit/537.36 (KHTML, like Gecko) Mobile Safari/537.36 (compatible; PetalBot;+https://webmaster.petalsearch.com/site/petalbot)" "ysfine.com"
40.77.167.10 - - [17/Jan/2023:22:05:05 -0800] "GET /world/brit/picca33b.jpg HTTP/1.1" 200 45842 "-" "Mozilla/5.0 AppleWebKit/537.36 (KHTML, like Gecko; compatible; bingbot/2.0; +http://www.bing.com/bingbot.htm) Chrome/103.0.5060.134 Safari/537.36" "ysfine.com"
114.119.140.166 - - [17/Jan/2023:22:05:36 -0800] "GET /newyork/un11c.jpg HTTP/1.1" 200 34609 "https://ysfine.com/newyork/nyc.html" "Mozilla/5.0 (Linux; Android 7.0;) AppleWebKit/537.36 (KHTML, like Gecko) Mobile Safari/537.36 (compatible; PetalBot;+https://webmaster.petalsearch.com/site/petalbot)" "ysfine.com"
51.222.253.15 - - [17/Jan/2023:22:05:54 -0800] "GET /class54/class5470/total_data/sub_841.htm HTTP/1.1" 200 3527 "-" "Mozilla/5.0 (compatible; AhrefsBot/7.0; +http://ahrefs.com/robot/)" "ysfine.com"
51.222.253.4 - - [17/Jan/2023:22:05:56 -0800] "GET /class54/class5470/total_data/photo_img/8-41.jpg HTTP/1.1" 200 201180 "-" "Mozilla/5.0 (compatible; AhrefsBot/7.0; +http://ahrefs.com/robot/)" "ysfine.com"
76.95.172.73 - - [17/Jan/2023:22:06:02 -0800] "GET /kobak/liber45.jpg HTTP/1.1" 200 141542 "https://www.google.com/" "Mozilla/5.0 (Macintosh; Intel Mac OS X 10_15_6) AppleWebKit/605.1.15 (KHTML, like Gecko) Version/15.6,2 Safari/605.1.15" "ysfine.com"
114.119.156.251 - - [17/Jan/2023:22:07:10 -0800] "GET /maga/sarnoff.html HTTP/1.1" 200 7540 "https://ysfine.com/jobs/jorigh.html" "Mozilla/5.0 (Linux; Android 7.0;) AppleWebKit/537.36 (KHTML, like Gecko) Mobile Safari/537.36 (compatible; PetalBot;+https://webmaster.petalsearch.com/site/petalbot)" "ysfine.com"
99.105.57.97 - - [17/Jan/2023:22:07:38 -0800] "GET /blog/license.txt HTTP/1.1" 404 88 "-" "Mozilla/5.0 (X11; Ubuntu; Linux x86_64; rv:62.0) Gecko/20100101 Firefox/62.0" "ysfine.com"
51.222.253.9 - - [17/Jan/2023:22:08:14 -0800] "GET /class54/class5470/total_data/sub_857.htm HTTP/1.1" 200 3527 "-" "Mozilla/5.0 (compatible; AhrefsBot/7.0; +http://ahrefs.com/robot/)" "ysfine.com"
114.119.148.37 - - [17/Jan/2023:22:08:39 -0800] "GET /jobs/jrg.pdf HTTP/1.1" 200 109664 "http://ysfine.com/jobs/koreaj.html" "Mozilla/5.0 (Linux; Android 7.0;) AppleWebKit/537.36 (KHTML, like Gecko) Mobile Safari/537.36 (compatible; PetalBot;+https://webmaster.petalsearch.com/site/petalbot)" "ysfine.com"
77.75.76.160 - - [17/Jan/2023:22:08:39 -0800] "GET /robots.txt HTTP/1.1" 404 88 "-" "Mozilla/5.0 (compatible; SeznamBot/3.2; +http://napoveda.seznam.cz/en/seznambot-intro/)" "ysfine.com"
77.75.76.160 - - [17/Jan/2023:22:08:41 -0800] "GET /world/france/printemps07.jpg HTTP/1.1" 200 86665 "-" "Mozilla/5.0 (compatible; SeznamBot/3.2; +http://napoveda.seznam.cz/en/seznambot-intro/)" "ysfine.com"
207.46.13.31 - - [17/Jan/2023:22:08:43 -0800] "GET /bio/kobak/yskor.html HTTP/1.1" 404 88 "-" "Mozilla/5.0 AppleWebKit/537.36 (KHTML, like Gecko; compatible; bingbot/2.0; +http://www.bing.com/bingbot.htm) Chrome/103.0.5060.134 Safari/537.36" "ysfine.com"
77.75.76.160 - - [17/Jan/2023:22:08:44 -0800] "GET /world/ital/vatican65.jpg HTTP/1.1" 200 83145 "-" "Mozilla/5.0 (compatible; SeznamBot/3.2; +http://napoveda.seznam.cz/en/seznambot-intro/)" "ysfine.com"
121.169.83.70 - - [17/Jan/2023:22:08:45 -0800] "GET /jobs/koreaj.html HTTP/1.1" 200 5358 "https://www.google.co.kr/" "Mozilla/5.0 (iPhone; CPU iPhone OS 15_5 like Mac OS X) AppleWebKit/605.1.15 (KHTML, like Gecko) Version/15.5 Mobile/15E148 Safari/604.1" "ysfine.com"
121.169.83.70 - - [17/Jan/2023:22:08:45 -0800] "GET /jobs/koreaj11b.jpg HTTP/1.1" 200 67543 "https://ysfine.com/jobs/koreaj.html" "Mozilla/5.0 (iPhone; CPU iPhone OS 15_5 like Mac OS X) AppleWebKit/605.1.15 (KHTML, like Gecko) Version/15.5 Mobile/15E148 Safari/604.1" "ysfine.com"
