71.178.208.102 - - [17/Jan/2023:23:45:23 -0800] "GET /home/rhee22c.jpg HTTP/1.1" 200 62201 "https://ysfine.com/home/kowis33.html" "Mozilla/5.0 (Windows NT 10.0; Win64; x64) AppleWebKit/537.36 (KHTML, like Gecko) Chrome/109.0.0.0 Safari/537.36" "ysfine.com"
71.178.208.102 - - [17/Jan/2023:23:45:23 -0800] "GET /home/wigkim11d.jpg HTTP/1.1" 200 55171 "https://ysfine.com/home/kowis33.html" "Mozilla/5.0 (Windows NT 10.0; Win64; x64) AppleWebKit/537.36 (KHTML, like Gecko) Chrome/109.0.0.0 Safari/537.36" "ysfine.com"
51.222.253.20 - - [17/Jan/2023:23:46:58 -0800] "GET /class54/class5470/total_data/sub_8113.htm HTTP/1.1" 200 3499 "-" "Mozilla/5.0 (compatible; AhrefsBot/7.0; +http://ahrefs.com/robot/)" "ysfine.com"
5.255.231.111 - - [17/Jan/2023:23:47:01 -0800] "GET /wdc/bohrdc.html HTTP/1.1" 200 17456 "-" "Mozilla/5.0 (compatible; YandexBot/3.0; +http://yandex.com/bots) AppleWebKit/537.36 (KHTML, like Gecko) Chrome/81.0.4044.268" "www.ysfine.com"
51.222.253.5 - - [17/Jan/2023:23:49:02 -0800] "GET /class54/class5470/total_data/sub_8117.htm HTTP/1.1" 200 3499 "-" "Mozilla/5.0 (compatible; AhrefsBot/7.0; +http://ahrefs.com/robot/)" "ysfine.com"
40.77.167.13 - - [17/Jan/2023:23:49:26 -0800] "GET /bio/wigner/e(2).html HTTP/1.1" 404 88 "-" "Mozilla/5.0 (compatible; bingbot/2.0; +http://www.bing.com/bingbot.htm)" "ysfine.com"
207.46.13.31 - - [17/Jan/2023:23:49:32 -0800] "GET /bio/kobak/yskor.html HTTP/1.1" 404 88 "-" "Mozilla/5.0 AppleWebKit/537.36 (KHTML, like Gecko; compatible; bingbot/2.0; +http://www.bing.com/bingbot.htm) Chrome/103.0.5060.134 Safari/537.36" "ysfine.com"
51.222.253.10 - - [17/Jan/2023:23:51:06 -0800] "GET /class54/class5470/total_data/sub_534.htm HTTP/1.1" 200 3212 "-" "Mozilla/5.0 (compatible; AhrefsBot/7.0; +http://ahrefs.com/robot/)" "www.ysfine.com"
51.222.253.4 - - [17/Jan/2023:23:51:08 -0800] "GET /class54/class5470/total_data/refer_img/5-21_f.jpg HTTP/1.1" 200 36026 "-" "Mozilla/5.0 (compatible; AhrefsBot/7.0; +http://ahrefs.com/robot/)" "www.ysfine.com"
51.222.253.14 - - [17/Jan/2023:23:51:09 -0800] "GET /class54/class5470/total_data/refer_img/5-25_f.jpg HTTP/1.1" 200 35344 "-" "Mozilla/5.0 (compatible; AhrefsBot/7.0; +http://ahrefs.com/robot/)" "www.ysfine.com"
51.222.253.9 - - [17/Jan/2023:23:51:09 -0800] "GET /class54/class5470/total_data/refer_img/5-26_f.jpg HTTP/1.1" 200 45606 "-" "Mozilla/5.0 (compatible; AhrefsBot/7.0; +http://ahrefs.com/robot/)" "www.ysfine.com"
51.222.253.17 - - [17/Jan/2023:23:51:10 -0800] "GET /class54/class5470/total_data/refer_img/5-24_f.jpg HTTP/1.1" 200 33959 "-" "Mozilla/5.0 (compatible; AhrefsBot/7.0; +http://ahrefs.com/robot/)" "www.ysfine.com"
51.222.253.19 - - [17/Jan/2023:23:51:10 -0800] "GET /class54/class5470/total_data/img/08_alumni.gif HTTP/1.1" 200 903 "-" "Mozilla/5.0 (compatible; AhrefsBot/7.0; +http://ahrefs.com/robot/)" "www.ysfine.com"
51.222.253.7 - - [17/Jan/2023:23:51:10 -0800] "GET /class54/class5470/total_data/photo_img/5-34.jpg HTTP/1.1" 200 217107 "-" "Mozilla/5.0 (compatible; AhrefsBot/7.0; +http://ahrefs.com/robot/)" "www.ysfine.com"
51.222.253.13 - - [17/Jan/2023:23:51:11 -0800] "GET /class54/class5470/total_data/refer_img/5-34_f.jpg HTTP/1.1" 200 36355 "-" "Mozilla/5.0 (compatible; AhrefsBot/7.0; +http://ahrefs.com/robot/)" "www.ysfine.com"
51.222.253.4 - - [17/Jan/2023:23:51:11 -0800] "GET /class54/class5470/total_data/refer_img/5-18_f.jpg HTTP/1.1" 200 37915 "-" "Mozilla/5.0 (compatible; AhrefsBot/7.0; +http://ahrefs.com/robot/)" "www.ysfine.com"
51.222.253.5 - - [17/Jan/2023:23:51:12 -0800] "GET /class54/class5470/total_data/refer_img/5-28_f.jpg HTTP/1.1" 200 41193 "-" "Mozilla/5.0 (compatible; AhrefsBot/7.0; +http://ahrefs.com/robot/)" "www.ysfine.com"
51.222.253.4 - - [17/Jan/2023:23:51:12 -0800] "GET /class54/class5470/total_data/refer_img/5-27_f.jpg HTTP/1.1" 200 44660 "-" "Mozilla/5.0 (compatible; AhrefsBot/7.0; +http://ahrefs.com/robot/)" "www.ysfine.com"
51.222.253.14 - - [17/Jan/2023:23:51:13 -0800] "GET /class54/class5470/total_data/img/05_title.gif HTTP/1.1" 200 6871 "-" "Mozilla/5.0 (compatible; AhrefsBot/7.0; +http://ahrefs.com/robot/)" "www.ysfine.com"
51.222.253.1 - - [17/Jan/2023:23:51:13 -0800] "GET /class54/class5470/total_data/refer_img/5-20_f.jpg HTTP/1.1" 200 38353 "-" "Mozilla/5.0 (compatible; AhrefsBot/7.0; +http://ahrefs.com/robot/)" "www.ysfine.com"
51.222.253.6 - - [17/Jan/2023:23:51:14 -0800] "GET /class54/class5470/total_data/img/sm02_off.gif HTTP/1.1" 200 426 "-" "Mozilla/5.0 (compatible; AhrefsBot/7.0; +http://ahrefs.com/robot/)" "www.ysfine.com"
51.222.253.16 - - [17/Jan/2023:23:51:14 -0800] "GET /class54/class5470/total_data/refer_img/5-22_f.jpg HTTP/1.1" 200 40741 "-" "Mozilla/5.0 (compatible; AhrefsBot/7.0; +http://ahrefs.com/robot/)" "www.ysfine.com"
51.222.253.11 - - [17/Jan/2023:23:51:14 -0800] "GET /class54/class5470/total_data/refer_img/5-23_f.jpg HTTP/1.1" 200 37975 "-" "Mozilla/5.0 (compatible; AhrefsBot/7.0; +http://ahrefs.com/robot/)" "www.ysfine.com"
51.222.253.5 - - [17/Jan/2023:23:51:15 -0800] "GET /class54/class5470/total_data/refer_img/5-29_f.jpg HTTP/1.1" 200 35606 "-" "Mozilla/5.0 (compatible; AhrefsBot/7.0; +http://ahrefs.com/robot/)" "www.ysfine.com"
51.222.253.1 - - [17/Jan/2023:23:51:15 -0800] "GET /class54/class5470/total_data/img/04_smline.gif HTTP/1.1" 200 3843 "-" "Mozilla/5.0 (compatible; AhrefsBot/7.0; +http://ahrefs.com/robot/)" "www.ysfine.com"
51.222.253.2 - - [17/Jan/2023:23:51:15 -0800] "GET /class54/class5470/total_data/refer_img/5-32_f.jpg HTTP/1.1" 200 34271 "-" "Mozilla/5.0 (compatible; AhrefsBot/7.0; +http://ahrefs.com/robot/)" "www.ysfine.com"
51.222.253.8 - - [17/Jan/2023:23:51:16 -0800] "GET /class54/class5470/total_data/refer_img/5-19_f.jpg HTTP/1.1" 200 40759 "-" "Mozilla/5.0 (compatible; AhrefsBot/7.0; +http://ahrefs.com/robot/)" "www.ysfine.com"
51.222.253.12 - - [17/Jan/2023:23:51:16 -0800] "GET /class54/class5470/total_data/refer_img/5-33_f.jpg HTTP/1.1" 200 32506 "-" "Mozilla/5.0 (compatible; AhrefsBot/7.0; +http://ahrefs.com/robot/)" "www.ysfine.com"
51.222.253.18 - - [17/Jan/2023:23:51:16 -0800] "GET /class54/class5470/total_data/refer_img/5-31_f.jpg HTTP/1.1" 200 38119 "-" "Mozilla/5.0 (compatible; AhrefsBot/7.0; +http://ahrefs.com/robot/)" "www.ysfine.com"
207.46.13.176 - - [17/Jan/2023:23:52:10 -0800] "GET /bio/eink/buythisbook.html HTTP/1.1" 404 88 "-" "Mozilla/5.0 (compatible; bingbot/2.0; +http://www.bing.com/bingbot.htm)" "ysfine.com"
87.250.224.29 - - [17/Jan/2023:23:52:42 -0800] "GET /feynman/quark50.html HTTP/1.1" 200 4079 "-" "Mozilla/5.0 (compatible; YandexBot/3.0; +http://yandex.com/bots) AppleWebKit/537.36 (KHTML, like Gecko) Chrome/81.0.4044.268" "www.ysfine.com"
77.75.79.11 - - [17/Jan/2023:23:52:47 -0800] "GET /robots.txt HTTP/1.1" 404 88 "-" "Mozilla/5.0 (compatible; SeznamBot/3.2; +http://napoveda.seznam.cz/en/seznambot-intro/)" "ysfine.com"
77.75.79.11 - - [17/Jan/2023:23:52:48 -0800] "GET /maga/phys/schrod38.jpg HTTP/1.1" 200 85258 "-" "Mozilla/5.0 (compatible; SeznamBot/3.2; +http://napoveda.seznam.cz/en/seznambot-intro/)" "ysfine.com"
77.75.79.11 - - [17/Jan/2023:23:52:51 -0800] "GET /world/ital/rome023.jpg HTTP/1.1" 200 177299 "-" "Mozilla/5.0 (compatible; SeznamBot/3.2; +http://napoveda.seznam.cz/en/seznambot-intro/)" "ysfine.com"
77.75.79.11 - - [17/Jan/2023:23:52:55 -0800] "GET /world/russ/ruble22.jpg HTTP/1.1" 200 267376 "-" "Mozilla/5.0 (compatible; SeznamBot/3.2; +http://napoveda.seznam.cz/en/seznambot-intro/)" "ysfine.com"
77.75.79.11 - - [17/Jan/2023:23:52:59 -0800] "GET /maga/phys/schrod31.jpg HTTP/1.1" 200 117115 "-" "Mozilla/5.0 (compatible; SeznamBot/3.2; +http://napoveda.seznam.cz/en/seznambot-intro/)" "ysfine.com"
77.75.79.11 - - [17/Jan/2023:23:53:01 -0800] "GET /newyork/gwbr66.jpg HTTP/1.1" 200 190796 "-" "Mozilla/5.0 (compatible; SeznamBot/3.2; +http://napoveda.seznam.cz/en/seznambot-intro/)" "ysfine.com"
51.222.253.11 - - [17/Jan/2023:23:53:20 -0800] "GET /class54/class5470/total_data/sub_8118.htm HTTP/1.1" 200 3499 "-" "Mozilla/5.0 (compatible; AhrefsBot/7.0; +http://ahrefs.com/robot/)" "ysfine.com"
185.191.171.6 - - [17/Jan/2023:23:53:49 -0800] "GET /ffriends/ukrainian.html HTTP/1.1" 200 5606 "-" "Mozilla/5.0 (compatible; SemrushBot/7~bl; +http://www.semrush.com/bot.html)" "www.ysfine.com"
71.178.208.102 - - [17/Jan/2023:23:54:58 -0800] "GET /ys11/ HTTP/1.1" 304 - "-" "Mozilla/5.0 (Windows NT 10.0; Win64; x64) AppleWebKit/537.36 (KHTML, like Gecko) Chrome/108.0.5359.125 Safari/537.36" "www.ysfine.com"
51.222.253.17 - - [17/Jan/2023:23:55:34 -0800] "GET /class54/class5470/total_data/sub_8120.htm HTTP/1.1" 200 3499 "-" "Mozilla/5.0 (compatible; AhrefsBot/7.0; +http://ahrefs.com/robot/)" "ysfine.com"
185.191.171.21 - - [17/Jan/2023:23:57:23 -0800] "GET /usca/pgh22.html HTTP/1.1" 200 11391 "-" "Mozilla/5.0 (compatible; SemrushBot/7~bl; +http://www.semrush.com/bot.html)" "ysfine.com"
51.222.253.11 - - [17/Jan/2023:23:57:49 -0800] "GET /class54/class5470/total_data/sub_8119.htm HTTP/1.1" 200 3499 "-" "Mozilla/5.0 (compatible; AhrefsBot/7.0; +http://ahrefs.com/robot/)" "ysfine.com"
185.179.51.152 - - [17/Jan/2023:23:58:08 -0800] "GET /world/places/ulm11.jpg HTTP/1.1" 200 153785 "https://www.google.com/" "Mozilla/5.0 (Windows NT 10.0; Win64; x64) AppleWebKit/537.36 (KHTML, like Gecko) Chrome/108.0.0.0 Safari/537.36" "ysfine.com"
207.46.13.31 - - [17/Jan/2023:23:58:23 -0800] "GET /class54/index HTTP/1.1" 200 2551 "-" "Mozilla/5.0 AppleWebKit/537.36 (KHTML, like Gecko; compatible; bingbot/2.0; +http://www.bing.com/bingbot.htm) Chrome/103.0.5060.134 Safari/537.36" "ysfine.com"
207.46.13.31 - - [17/Jan/2023:23:58:24 -0800] "GET /bio/sbk/1950.html HTTP/1.1" 404 88 "-" "Mozilla/5.0 (compatible; bingbot/2.0; +http://www.bing.com/bingbot.htm)" "ysfine.com"
66.249.66.58 - - [17/Jan/2023:23:58:25 -0800] "GET /maga/invent/wright08.jpg HTTP/1.1" 200 117226 "-" "Googlebot-Image/1.0" "ysfine.com"
66.249.66.56 - - [17/Jan/2023:23:58:26 -0800] "GET /world/baltic/riga24.jpg HTTP/1.1" 200 80670 "-" "Googlebot-Image/1.0" "ysfine.com"
66.249.66.54 - - [17/Jan/2023:23:58:26 -0800] "GET /style/musee/pradom06.jpg HTTP/1.1" 200 252665 "-" "Googlebot-Image/1.0" "ysfine.com"
66.249.66.56 - - [17/Jan/2023:23:58:27 -0800] "GET /world/spain/cordoc18.jpg HTTP/1.1" 200 326187 "-" "Googlebot-Image/1.0" "ysfine.com"
66.249.66.56 - - [17/Jan/2023:23:58:27 -0800] "GET /einstein/regge.jpg HTTP/1.1" 200 102881 "-" "Googlebot-Image/1.0" "ysfine.com"
95.163.255.90 - - [17/Jan/2023:23:58:33 -0800] "GET /robots.txt HTTP/1.1" 404 73 "-" "Mozilla/5.0 (compatible; Linux x86_64; Mail.RU_Bot/Img/2.0; +https://help.mail.ru/webmaster/indexing/robots)" "ysfine.com"
95.163.255.100 - - [17/Jan/2023:23:59:27 -0800] "GET /maga/schroedinger.html HTTP/1.1" 200 6325 "http://go.mail.ru/search_images" "Mozilla/5.0 (compatible; Linux x86_64; Mail.RU_Bot/Img/2.0; +https://help.mail.ru/webmaster/indexing/robots)" "ysfine.com"
40.77.167.13 - - [17/Jan/2023:23:59:35 -0800] "GET /kowar/index.html HTTP/1.1" 200 135 "-" "Mozilla/5.0 (compatible; bingbot/2.0; +http://www.bing.com/bingbot.htm)" "ysfine.com"
157.55.39.72 - - [17/Jan/2023:23:59:42 -0800] "GET /bio.html HTTP/1.1" 200 18260 "-" "Mozilla/5.0 AppleWebKit/537.36 (KHTML, like Gecko; compatible; bingbot/2.0; +http://www.bing.com/bingbot.htm) Chrome/103.0.5060.134 Safari/537.36" "ysfine.com"
40.77.167.80 - - [17/Jan/2023:23:59:53 -0800] "GET /kowar/warbot.html HTTP/1.1" 200 127 "-" "Mozilla/5.0 AppleWebKit/537.36 (KHTML, like Gecko; compatible; bingbot/2.0; +http://www.bing.com/bingbot.htm) Chrome/103.0.5060.134 Safari/537.36" "ysfine.com"
40.77.167.80 - - [17/Jan/2023:23:59:53 -0800] "GET /kowar/wartop.html HTTP/1.1" 200 443 "-" "Mozilla/5.0 AppleWebKit/537.36 (KHTML, like Gecko; compatible; bingbot/2.0; +http://www.bing.com/bingbot.htm) Chrome/103.0.5060.134 Safari/537.36" "ysfine.com"
40.77.167.80 - - [17/Jan/2023:23:59:53 -0800] "GET /kowar/warbot.html HTTP/1.1" 200 127 "-" "Mozilla/5.0 AppleWebKit/537.36 (KHTML, like Gecko; compatible; bingbot/2.0; +http://www.bing.com/bingbot.htm) Chrome/103.0.5060.134 Safari/537.36" "ysfine.com"
40.77.167.80 - - [17/Jan/2023:23:59:53 -0800] "GET /kowar/wartop.html HTTP/1.1" 200 443 "-" "Mozilla/5.0 AppleWebKit/537.36 (KHTML, like Gecko; compatible; bingbot/2.0; +http://www.bing.com/bingbot.htm) Chrome/103.0.5060.134 Safari/537.36" "ysfine.com"
51.222.253.8 - - [17/Jan/2023:23:59:59 -0800] "GET /class54/class5470/total_data/sub_8100.htm HTTP/1.1" 200 3489 "-" "Mozilla/5.0 (compatible; AhrefsBot/7.0; +http://ahrefs.com/robot/)" "ysfine.com"
157.55.39.72 - - [18/Jan/2023:00:02:11 -0800] "GET /bio/kobak/soraech.html HTTP/1.1" 404 88 "-" "Mozilla/5.0 (compatible; bingbot/2.0; +http://www.bing.com/bingbot.htm)" "ysfine.com"
51.222.253.17 - - [18/Jan/2023:00:02:13 -0800] "GET /class54/class5470/total_data/sub_8101.htm HTTP/1.1" 200 3485 "-" "Mozilla/5.0 (compatible; AhrefsBot/7.0; +http://ahrefs.com/robot/)" "ysfine.com"
185.191.171.38 - - [18/Jan/2023:00:02:16 -0800] "GET /bio.html HTTP/1.1" 200 18260 "-" "Mozilla/5.0 (compatible; SemrushBot/7~bl; +http://www.semrush.com/bot.html)" "ysfine.com"
213.145.166.234 - - [18/Jan/2023:00:03:18 -0800] "GET /kowar/tanks/tank21.jpg HTTP/1.1" 200 52329 "https://www.google.com/" "Mozilla/5.0 (X11; CrOS x86_64 15183.59.0) AppleWebKit/537.36 (KHTML, like Gecko) Chrome/108.0.0.0 Safari/537.36" "ysfine.com"
66.249.66.56 - - [18/Jan/2023:00:03:32 -0800] "GET /kobak/kimjap11.jpg HTTP/1.1" 304 - "-" "Googlebot-Image/1.0" "ysfine.com"
51.222.253.7 - - [18/Jan/2023:00:04:16 -0800] "GET /class54/class5470/total_data/sub_8123.htm HTTP/1.1" 200 3499 "-" "Mozilla/5.0 (compatible; AhrefsBot/7.0; +http://ahrefs.com/robot/)" "ysfine.com"
40.77.167.13 - - [18/Jan/2023:00:04:16 -0800] "GET /bio/princeton/campus.html HTTP/1.1" 404 88 "-" "Mozilla/5.0 AppleWebKit/537.36 (KHTML, like Gecko; compatible; bingbot/2.0; +http://www.bing.com/bingbot.htm) Chrome/103.0.5060.134 Safari/537.36" "ysfine.com"
185.191.171.43 - - [18/Jan/2023:00:04:21 -0800] "GET /home/marq.html HTTP/1.1" 200 3268 "-" "Mozilla/5.0 (compatible; SemrushBot/7~bl; +http://www.semrush.com/bot.html)" "ysfine.com"
40.77.167.80 - - [18/Jan/2023:00:05:34 -0800] "GET /world/france/montpar31.jpg HTTP/1.1" 200 171959 "-" "Mozilla/5.0 AppleWebKit/537.36 (KHTML, like Gecko; compatible; bingbot/2.0; +http://www.bing.com/bingbot.htm) Chrome/103.0.5060.134 Safari/537.36" "www.ysfine.com"
207.46.13.31 - - [18/Jan/2023:00:05:43 -0800] "GET /bio/style/artlove.html HTTP/1.1" 404 88 "-" "Mozilla/5.0 (compatible; bingbot/2.0; +http://www.bing.com/bingbot.htm)" "ysfine.com"
185.191.171.41 - - [18/Jan/2023:00:06:01 -0800] "GET /newyork/nyp.html HTTP/1.1" 200 8310 "-" "Mozilla/5.0 (compatible; SemrushBot/7~bl; +http://www.semrush.com/bot.html)" "www.ysfine.com"
51.222.253.3 - - [18/Jan/2023:00:06:25 -0800] "GET /class54/class5470/total_data/sub_8114.htm HTTP/1.1" 200 3499 "-" "Mozilla/5.0 (compatible; AhrefsBot/7.0; +http://ahrefs.com/robot/)" "ysfine.com"
40.77.167.10 - - [18/Jan/2023:00:06:38 -0800] "GET /bio/style/proschanie.html HTTP/1.1" 404 88 "-" "Mozilla/5.0 AppleWebKit/537.36 (KHTML, like Gecko; compatible; bingbot/2.0; +http://www.bing.com/bingbot.htm) Chrome/103.0.5060.134 Safari/537.36" "ysfine.com"
118.184.177.51 - - [18/Jan/2023:00:07:35 -0800] "GET / HTTP/1.1" 200 5295 "-" "Sogou web spider/4.0(+http://www.sogou.com/docs/help/webmasters.htm#07)" "www.ysfine.com"
66.249.66.216 - - [18/Jan/2023:00:07:51 -0800] "GET /wigner/neum/vnc19.jpg HTTP/1.1" 200 105124 "-" "Googlebot-Image/1.0" "www.ysfine.com"
51.222.253.10 - - [18/Jan/2023:00:08:54 -0800] "GET /class54/class5470/total_data/sub_8104.htm HTTP/1.1" 200 3486 "-" "Mozilla/5.0 (compatible; AhrefsBot/7.0; +http://ahrefs.com/robot/)" "ysfine.com"
66.249.66.56 - - [18/Jan/2023:00:09:41 -0800] "GET /world/germany/stutt12.jpg HTTP/1.1" 200 134865 "-" "Googlebot-Image/1.0" "ysfine.com"
71.178.208.102 - - [18/Jan/2023:00:09:51 -0800] "GET /ys11/ HTTP/1.1" 304 - "-" "Mozilla/5.0 (Windows NT 10.0; Win64; x64) AppleWebKit/537.36 (KHTML, like Gecko) Chrome/109.0.0.0 Safari/537.36" "ysfine.com"
185.191.171.43 - - [18/Jan/2023:00:11:03 -0800] "GET /maga/marx.html HTTP/1.1" 200 5871 "-" "Mozilla/5.0 (compatible; SemrushBot/7~bl; +http://www.semrush.com/bot.html)" "www.ysfine.com"
51.222.253.16 - - [18/Jan/2023:00:11:12 -0800] "GET /class54/class5470/total_data/sub_8105.htm HTTP/1.1" 200 3486 "-" "Mozilla/5.0 (compatible; AhrefsBot/7.0; +http://ahrefs.com/robot/)" "ysfine.com"
185.191.171.6 - - [18/Jan/2023:00:12:23 -0800] "GET /home/feysavior.html HTTP/1.1" 200 2737 "-" "Mozilla/5.0 (compatible; SemrushBot/7~bl; +http://www.semrush.com/bot.html)" "www.ysfine.com"
40.77.167.17 - - [18/Jan/2023:00:13:03 -0800] "GET /bio/kobak/namdae.html HTTP/1.1" 404 88 "-" "Mozilla/5.0 (compatible; bingbot/2.0; +http://www.bing.com/bingbot.htm)" "ysfine.com"
71.178.208.102 - - [18/Jan/2023:00:13:36 -0800] "GET /wigner/gcontrac.html HTTP/1.1" 200 2279 "-" "Mozilla/5.0 (Windows NT 10.0; Win64; x64; rv:108.0) Gecko/20100101 Firefox/108.0" "ysfine.com"
71.178.208.102 - - [18/Jan/2023:00:13:36 -0800] "GET /wigner/inokim2.jpg HTTP/1.1" 200 29903 "https://ysfine.com/wigner/gcontrac.html" "Mozilla/5.0 (Windows NT 10.0; Win64; x64; rv:108.0) Gecko/20100101 Firefox/108.0" "ysfine.com"
71.178.208.102 - - [18/Jan/2023:00:13:36 -0800] "GET /wigner/isomor77c.jpg HTTP/1.1" 200 43414 "https://ysfine.com/wigner/gcontrac.html" "Mozilla/5.0 (Windows NT 10.0; Win64; x64; rv:108.0) Gecko/20100101 Firefox/108.0" "ysfine.com"
71.178.208.102 - - [18/Jan/2023:00:13:36 -0800] "GET /eink/eink61c.jpg HTTP/1.1" 200 34119 "https://ysfine.com/wigner/gcontrac.html" "Mozilla/5.0 (Windows NT 10.0; Win64; x64; rv:108.0) Gecko/20100101 Firefox/108.0" "ysfine.com"
71.178.208.102 - - [18/Jan/2023:00:13:36 -0800] "GET /wigner/wigkim2.jpg HTTP/1.1" 200 40700 "https://ysfine.com/wigner/gcontrac.html" "Mozilla/5.0 (Windows NT 10.0; Win64; x64; rv:108.0) Gecko/20100101 Firefox/108.0" "ysfine.com"
71.178.208.102 - - [18/Jan/2023:00:13:47 -0800] "GET /wigner/wigkim.jpg HTTP/1.1" 200 104963 "https://ysfine.com/wigner/gcontrac.html" "Mozilla/5.0 (Windows NT 10.0; Win64; x64; rv:108.0) Gecko/20100101 Firefox/108.0" "ysfine.com"
51.222.253.17 - - [18/Jan/2023:00:13:47 -0800] "GET /class54/class5470/total_data/sub_8106.htm HTTP/1.1" 200 3489 "-" "Mozilla/5.0 (compatible; AhrefsBot/7.0; +http://ahrefs.com/robot/)" "ysfine.com"
71.178.208.102 - - [18/Jan/2023:00:13:52 -0800] "GET /wigner/inokim.jpg HTTP/1.1" 200 68631 "https://ysfine.com/wigner/gcontrac.html" "Mozilla/5.0 (Windows NT 10.0; Win64; x64; rv:108.0) Gecko/20100101 Firefox/108.0" "ysfine.com"
66.249.66.56 - - [18/Jan/2023:00:14:12 -0800] "GET /kobak/rok48.jpg HTTP/1.1" 304 - "-" "Googlebot-Image/1.0" "ysfine.com"
95.163.255.101 - - [18/Jan/2023:00:14:28 -0800] "GET /world/baltic/frombork.jpg HTTP/1.1" 200 147887 "http://go.mail.ru/search_images" "Mozilla/5.0 (compatible; Linux x86_64; Mail.RU_Bot/Img/2.0; +https://help.mail.ru/webmaster/indexing/robots)" "ysfine.com"
154.20.121.245 - - [18/Jan/2023:00:14:36 -0800] "GET /world/ital/bologr11.jpg HTTP/1.1" 200 134243 "https://ca.images.search.yahoo.com/search/images;_ylt=Awr924bxqcdj_LIL.cHtFAx.;_ylu=c2VjA3NlYXJjaARzbGsDYXNzaXN0;_ylc=X1MDMjExNDcyMTAwNQRfcgMyBGZyA21jYWZlZQRmcjIDc2EtZ3Atc2VhcmNoBGdwcmlkAzlwcmx0UlJWUW55NS50bWxqMzZwLkEEbl9yc2x0AzAEbl9zdWdnAzEwBG9yaWdpbgNjYS5pbWFnZXMuc2VhcmNoLnlhaG9vLmNvbQRwb3MDMQRwcXN0cgN1bml2ZXJzaXR5IG9mIGJvBHBxc3RybAMxNgRxc3RybAMyMQRxdWVyeQN1bml2ZXJzaXR5JTIwb2YlMjBib2xvZ25hBHRfc3RtcAMxNjc0MDI5NjMzBHVzZV9jYXNlAw--?p=university+of+bologna&fr=mcafee&fr2=sa-gp-search&ei=UTF-8&x=wrt&type=E211CA1494G0" "Mozilla/5.0 (Windows NT 10.0; Win64; x64) AppleWebKit/537.36 (KHTML, like Gecko) Chrome/109.0.0.0 Safari/537.36" "ysfine.com"
40.77.190.73 - - [18/Jan/2023:00:15:44 -0800] "GET /kowar/war00.html HTTP/1.1" 200 4851 "https://ysfine.com/kowar/warbot.html" "Mozilla/5.0 (Windows NT 6.1; WOW64) AppleWebKit/534+ (KHTML, like Gecko) BingPreview/1.0b" "ysfine.com"
40.77.190.73 - - [18/Jan/2023:00:15:44 -0800] "GET /kowar/war00left.html HTTP/1.1" 200 397 "https://ysfine.com/kowar/warbot.html" "Mozilla/5.0 (Windows NT 6.1; WOW64) AppleWebKit/534+ (KHTML, like Gecko) BingPreview/1.0b" "ysfine.com"
66.249.66.214 - - [18/Jan/2023:00:15:52 -0800] "GET /robots.txt HTTP/1.1" 404 88 "-" "Mozilla/5.0 (compatible; Googlebot/2.1; +http://www.google.com/bot.html)" "www.ysfine.com"
51.222.253.20 - - [18/Jan/2023:00:16:30 -0800] "GET /class54/class5470/total_data/sub_8107.htm HTTP/1.1" 200 3486 "-" "Mozilla/5.0 (compatible; AhrefsBot/7.0; +http://ahrefs.com/robot/)" "ysfine.com"
66.249.66.56 - - [18/Jan/2023:00:16:34 -0800] "GET /world/scandi/norw03.jpg HTTP/1.1" 304 - "-" "Googlebot-Image/1.0" "ysfine.com"
40.77.167.17 - - [18/Jan/2023:00:17:09 -0800] "GET /bio/einstein/bern.html HTTP/1.1" 404 88 "-" "Mozilla/5.0 (compatible; bingbot/2.0; +http://www.bing.com/bingbot.htm)" "ysfine.com"
51.222.253.18 - - [18/Jan/2023:00:18:37 -0800] "GET /class54/class5470/total_data/sub_8108.htm HTTP/1.1" 200 3487 "-" "Mozilla/5.0 (compatible; AhrefsBot/7.0; +http://ahrefs.com/robot/)" "ysfine.com"
207.46.13.31 - - [18/Jan/2023:00:19:13 -0800] "GET /style/cameras/zenit22.jpg HTTP/1.1" 200 89105 "-" "Mozilla/5.0 AppleWebKit/537.36 (KHTML, like Gecko; compatible; bingbot/2.0; +http://www.bing.com/bingbot.htm) Chrome/103.0.5060.134 Safari/537.36" "www.ysfine.com"
157.55.39.72 - - [18/Jan/2023:00:20:52 -0800] "GET /maga/phys/schrod41.jpg HTTP/1.1" 200 77004 "-" "Mozilla/5.0 (compatible; bingbot/2.0; +http://www.bing.com/bingbot.htm)" "www.ysfine.com"
51.222.253.9 - - [18/Jan/2023:00:21:01 -0800] "GET /world/baltic/arana.html HTTP/1.1" 200 3961 "-" "Mozilla/5.0 (compatible; AhrefsBot/7.0; +http://ahrefs.com/robot/)" "www.ysfine.com"
40.77.167.13 - - [18/Jan/2023:00:21:10 -0800] "GET /bio/wigner/e(2).html HTTP/1.1" 404 88 "-" "Mozilla/5.0 AppleWebKit/537.36 (KHTML, like Gecko; compatible; bingbot/2.0; +http://www.bing.com/bingbot.htm) Chrome/103.0.5060.134 Safari/537.36" "ysfine.com"
207.46.13.31 - - [18/Jan/2023:00:22:05 -0800] "GET /people/froissart.jpg HTTP/1.1" 200 83055 "-" "Mozilla/5.0 AppleWebKit/537.36 (KHTML, like Gecko; compatible; bingbot/2.0; +http://www.bing.com/bingbot.htm) Chrome/103.0.5060.134 Safari/537.36" "ysfine.com"
207.46.13.31 - - [18/Jan/2023:00:22:05 -0800] "GET /bio/kobak/yskor.html HTTP/1.1" 404 88 "-" "Mozilla/5.0 AppleWebKit/537.36 (KHTML, like Gecko; compatible; bingbot/2.0; +http://www.bing.com/bingbot.htm) Chrome/103.0.5060.134 Safari/537.36" "ysfine.com"
213.180.203.3 - - [18/Jan/2023:00:23:08 -0800] "GET /kobak/namdae.html HTTP/1.1" 200 5295 "-" "Mozilla/5.0 (compatible; YandexBot/3.0; +http://yandex.com/bots) AppleWebKit/537.36 (KHTML, like Gecko) Chrome/81.0.4044.268" "www.ysfine.com"
66.249.66.54 - - [18/Jan/2023:00:23:35 -0800] "GET /robots.txt HTTP/1.1" 404 88 "-" "Mozilla/5.0 (compatible; Googlebot/2.1; +http://www.google.com/bot.html)" "ysfine.com"
51.222.253.5 - - [18/Jan/2023:00:23:38 -0800] "GET /bio08.html HTTP/1.1" 200 6133 "-" "Mozilla/5.0 (compatible; AhrefsBot/7.0; +http://ahrefs.com/robot/)" "www.ysfine.com"
51.222.253.4 - - [18/Jan/2023:00:23:39 -0800] "GET /wdc/umd02b.jpg HTTP/1.1" 200 40335 "-" "Mozilla/5.0 (compatible; AhrefsBot/7.0; +http://ahrefs.com/robot/)" "www.ysfine.com"
51.222.253.8 - - [18/Jan/2023:00:23:42 -0800] "GET /home/ewk86k.jpg HTTP/1.1" 200 103090 "-" "Mozilla/5.0 (compatible; AhrefsBot/7.0; +http://ahrefs.com/robot/)" "www.ysfine.com"
51.222.253.13 - - [18/Jan/2023:00:23:42 -0800] "GET /wdc/umd03b.jpg HTTP/1.1" 200 34740 "-" "Mozilla/5.0 (compatible; AhrefsBot/7.0; +http://ahrefs.com/robot/)" "www.ysfine.com"
51.222.253.7 - - [18/Jan/2023:00:23:43 -0800] "GET /fotos/cokes22b.jpg HTTP/1.1" 200 31764 "-" "Mozilla/5.0 (compatible; AhrefsBot/7.0; +http://ahrefs.com/robot/)" "www.ysfine.com"
51.222.253.14 - - [18/Jan/2023:00:23:43 -0800] "GET /wdc/capitol02c.jpg HTTP/1.1" 200 28733 "-" "Mozilla/5.0 (compatible; AhrefsBot/7.0; +http://ahrefs.com/robot/)" "www.ysfine.com"
51.222.253.13 - - [18/Jan/2023:00:23:44 -0800] "GET /home/ys90b.jpg HTTP/1.1" 200 29164 "-" "Mozilla/5.0 (compatible; AhrefsBot/7.0; +http://ahrefs.com/robot/)" "www.ysfine.com"
51.222.253.5 - - [18/Jan/2023:00:23:44 -0800] "GET /wdc/umdbarn01b.jpg HTTP/1.1" 200 42668 "-" "Mozilla/5.0 (compatible; AhrefsBot/7.0; +http://ahrefs.com/robot/)" "www.ysfine.com"
51.222.253.7 - - [18/Jan/2023:00:23:45 -0800] "GET /fotos/lincoln61b.jpg HTTP/1.1" 200 27455 "-" "Mozilla/5.0 (compatible; AhrefsBot/7.0; +http://ahrefs.com/robot/)" "www.ysfine.com"
51.222.253.10 - - [18/Jan/2023:00:23:45 -0800] "GET /awards/eward11c.jpg HTTP/1.1" 200 48989 "-" "Mozilla/5.0 (compatible; AhrefsBot/7.0; +http://ahrefs.com/robot/)" "www.ysfine.com"
51.222.253.2 - - [18/Jan/2023:00:23:45 -0800] "GET /home/foto22/facu63c.jpg HTTP/1.1" 200 41710 "-" "Mozilla/5.0 (compatible; AhrefsBot/7.0; +http://ahrefs.com/robot/)" "www.ysfine.com"
51.222.253.10 - - [18/Jan/2023:00:23:46 -0800] "GET /wdc/umd06b.jpg HTTP/1.1" 200 34590 "-" "Mozilla/5.0 (compatible; AhrefsBot/7.0; +http://ahrefs.com/robot/)" "www.ysfine.com"
66.249.66.54 - - [18/Jan/2023:00:23:46 -0800] "GET /maga/phys/tsepa11.jpg HTTP/1.1" 200 54046 "-" "Googlebot-Image/1.0" "ysfine.com"
51.222.253.18 - - [18/Jan/2023:00:23:46 -0800] "GET /fotos/umd38b.jpg HTTP/1.1" 200 36528 "-" "Mozilla/5.0 (compatible; AhrefsBot/7.0; +http://ahrefs.com/robot/)" "www.ysfine.com"
51.222.253.5 - - [18/Jan/2023:00:23:47 -0800] "GET /fotos/stud72b.jpg HTTP/1.1" 200 31123 "-" "Mozilla/5.0 (compatible; AhrefsBot/7.0; +http://ahrefs.com/robot/)" "www.ysfine.com"
51.222.253.18 - - [18/Jan/2023:00:23:47 -0800] "GET /people/towhee11b.jpg HTTP/1.1" 200 32584 "-" "Mozilla/5.0 (compatible; AhrefsBot/7.0; +http://ahrefs.com/robot/)" "www.ysfine.com"
51.222.253.14 - - [18/Jan/2023:00:23:47 -0800] "GET /fotos/comcast11b.jpg HTTP/1.1" 200 22571 "-" "Mozilla/5.0 (compatible; AhrefsBot/7.0; +http://ahrefs.com/robot/)" "www.ysfine.com"
188.27.130.199 - - [18/Jan/2023:00:23:59 -0800] "GET /kobak/1014c.jpg HTTP/1.1" 200 164928 "https://www.google.com/" "Mozilla/5.0 (Windows NT 6.3; Win64; x64) AppleWebKit/537.36 (KHTML, like Gecko) Chrome/108.0.0.0 Safari/537.36" "ysfine.com"
157.55.39.72 - - [18/Jan/2023:00:25:03 -0800] "GET /bio/eink/buythisbook.html HTTP/1.1" 404 88 "-" "Mozilla/5.0 (compatible; bingbot/2.0; +http://www.bing.com/bingbot.htm)" "ysfine.com"
51.222.253.13 - - [18/Jan/2023:00:25:30 -0800] "GET /einstein/einplanck.html HTTP/1.1" 200 3502 "-" "Mozilla/5.0 (compatible; AhrefsBot/7.0; +http://ahrefs.com/robot/)" "ysfine.com"
51.222.253.20 - - [18/Jan/2023:00:25:32 -0800] "GET /kobak/taylor33c.jpg HTTP/1.1" 200 39951 "-" "Mozilla/5.0 (compatible; AhrefsBot/7.0; +http://ahrefs.com/robot/)" "ysfine.com"
51.222.253.10 - - [18/Jan/2023:00:25:33 -0800] "GET /wdc/washmo08c.jpg HTTP/1.1" 200 39961 "-" "Mozilla/5.0 (compatible; AhrefsBot/7.0; +http://ahrefs.com/robot/)" "ysfine.com"
51.222.253.4 - - [18/Jan/2023:00:25:33 -0800] "GET /einstein/einplanck3.jpg HTTP/1.1" 200 37784 "-" "Mozilla/5.0 (compatible; AhrefsBot/7.0; +http://ahrefs.com/robot/)" "ysfine.com"
51.222.253.1 - - [18/Jan/2023:00:25:34 -0800] "GET /eink/pwk19c.jpg HTTP/1.1" 200 57759 "-" "Mozilla/5.0 (compatible; AhrefsBot/7.0; +http://ahrefs.com/robot/)" "ysfine.com"
51.222.253.11 - - [18/Jan/2023:00:25:34 -0800] "GET /ffriends/amkor/hillary10c.jpg HTTP/1.1" 200 31626 "-" "Mozilla/5.0 (compatible; AhrefsBot/7.0; +http://ahrefs.com/robot/)" "ysfine.com"
51.222.253.1 - - [18/Jan/2023:00:25:34 -0800] "GET /feynman/feygell77a.jpg HTTP/1.1" 200 54254 "-" "Mozilla/5.0 (compatible; AhrefsBot/7.0; +http://ahrefs.com/robot/)" "ysfine.com"
51.222.253.13 - - [18/Jan/2023:00:25:35 -0800] "GET /wdc/washmomap11c.jpg HTTP/1.1" 200 39350 "-" "Mozilla/5.0 (compatible; AhrefsBot/7.0; +http://ahrefs.com/robot/)" "ysfine.com"
66.249.66.56 - - [18/Jan/2023:00:26:29 -0800] "GET /einstein/eincurie11b.jpg HTTP/1.1" 304 - "-" "Googlebot-Image/1.0" "ysfine.com"
66.249.66.54 - - [18/Jan/2023:00:26:46 -0800] "GET /feynman/feybial.jpg HTTP/1.1" 200 56284 "-" "Googlebot-Image/1.0" "ysfine.com"
213.180.203.62 - - [18/Jan/2023:00:27:28 -0800] "GET /heisen/fantova/fantova2.html HTTP/1.1" 404 88 "-" "Mozilla/5.0 (compatible; YandexBot/3.0; +http://yandex.com/bots) AppleWebKit/537.36 (KHTML, like Gecko) Chrome/81.0.4044.268" "www.ysfine.com"
51.222.253.7 - - [18/Jan/2023:00:27:50 -0800] "GET /confer/conbot.html HTTP/1.1" 200 124 "-" "Mozilla/5.0 (compatible; AhrefsBot/7.0; +http://ahrefs.com/robot/)" "ysfine.com"
185.191.171.1 - - [18/Jan/2023:00:28:51 -0800] "GET /world/season.html HTTP/1.1" 200 23901 "-" "Mozilla/5.0 (compatible; SemrushBot/7~bl; +http://www.semrush.com/bot.html)" "www.ysfine.com"
105.161.148.60 - - [18/Jan/2023:00:29:17 -0800] "GET /world/arusas.html HTTP/1.1" 200 7834 "-" "Mozilla/5.0 (Windows NT 6.1; Win64; x64) AppleWebKit/537.36 (KHTML, like Gecko) Chrome/109.0.0.0 Safari/537.36" "ysfine.com"
207.46.13.31 - - [18/Jan/2023:00:30:47 -0800] "GET /bio/sbk/1950.html HTTP/1.1" 404 88 "-" "Mozilla/5.0 AppleWebKit/537.36 (KHTML, like Gecko; compatible; bingbot/2.0; +http://www.bing.com/bingbot.htm) Chrome/103.0.5060.134 Safari/537.36" "ysfine.com"
66.249.66.43 - - [18/Jan/2023:00:30:53 -0800] "GET /world/places/ulm11b.jpg HTTP/1.1" 304 - "-" "Googlebot-Image/1.0" "ysfine.com"
66.249.66.40 - - [18/Jan/2023:00:30:54 -0800] "GET /kowar/tanks/tank01.jpg HTTP/1.1" 304 - "-" "Googlebot-Image/1.0" "ysfine.com"
40.77.167.17 - - [18/Jan/2023:00:31:15 -0800] "GET /einstein/einxmas.html HTTP/1.1" 200 2693 "-" "Mozilla/5.0 (compatible; bingbot/2.0; +http://www.bing.com/bingbot.htm)" "www.ysfine.com"
185.191.171.2 - - [18/Jan/2023:00:31:22 -0800] "GET /feynman/partons.html HTTP/1.1" 200 5807 "-" "Mozilla/5.0 (compatible; SemrushBot/7~bl; +http://www.semrush.com/bot.html)" "ysfine.com"
157.55.39.72 - - [18/Jan/2023:00:31:25 -0800] "GET /bio.html HTTP/1.1" 200 18260 "-" "Mozilla/5.0 (compatible; bingbot/2.0; +http://www.bing.com/bingbot.htm)" "ysfine.com"
207.46.13.31 - - [18/Jan/2023:00:31:29 -0800] "GET /bio/style/artlove.html HTTP/1.1" 404 88 "-" "Mozilla/5.0 (compatible; bingbot/2.0; +http://www.bing.com/bingbot.htm)" "ysfine.com"
66.249.66.40 - - [18/Jan/2023:00:31:56 -0800] "GET /einstein/places/einha22.jpg HTTP/1.1" 304 - "-" "Googlebot-Image/1.0" "ysfine.com"
51.222.253.15 - - [18/Jan/2023:00:32:04 -0800] "GET /class54/class5470/total_data/sub_520.htm HTTP/1.1" 200 3212 "-" "Mozilla/5.0 (compatible; AhrefsBot/7.0; +http://ahrefs.com/robot/)" "www.ysfine.com"
66.249.66.44 - - [18/Jan/2023:00:33:09 -0800] "GET /wigner/neum/pvn03.jpg HTTP/1.1" 200 83757 "-" "Googlebot-Image/1.0" "ysfine.com"
66.249.66.218 - - [18/Jan/2023:00:33:15 -0800] "GET /wigner/wigkim22b.jpg HTTP/1.1" 304 - "-" "Googlebot-Image/1.0" "www.ysfine.com"
40.77.167.17 - - [18/Jan/2023:00:34:16 -0800] "GET /world/latina/rio055.jpg HTTP/1.1" 200 128369 "-" "Mozilla/5.0 AppleWebKit/537.36 (KHTML, like Gecko; compatible; bingbot/2.0; +http://www.bing.com/bingbot.htm) Chrome/103.0.5060.134 Safari/537.36" "ysfine.com"
51.222.253.7 - - [18/Jan/2023:00:34:53 -0800] "GET /class54/class5470/total_data/sub_525.htm HTTP/1.1" 200 3212 "-" "Mozilla/5.0 (compatible; AhrefsBot/7.0; +http://ahrefs.com/robot/)" "www.ysfine.com"
157.55.39.72 - - [18/Jan/2023:00:34:54 -0800] "GET /bio/kobak/soraech.html HTTP/1.1" 404 88 "-" "Mozilla/5.0 (compatible; bingbot/2.0; +http://www.bing.com/bingbot.htm)" "ysfine.com"
185.191.171.22 - - [18/Jan/2023:00:35:15 -0800] "GET /class54/tallman.html HTTP/1.1" 200 5912 "-" "Mozilla/5.0 (compatible; SemrushBot/7~bl; +http://www.semrush.com/bot.html)" "www.ysfine.com"
220.181.108.113 - - [18/Jan/2023:00:35:34 -0800] "GET /feynman/feykant.html HTTP/1.1" 200 3350 "-" "Mozilla/5.0 (compatible; Baiduspider/2.0; +http://www.baidu.com/search/spider.html)" "ysfine.com"
116.179.37.153 - - [18/Jan/2023:00:35:35 -0800] "GET /dirac/sq66.jpg HTTP/1.1" 200 33459 "https://ysfine.com/feynman/feykant.html" "Mozilla/5.0 (compatible; Baiduspider-render/2.0; +http://www.baidu.com/search/spider.html)" "ysfine.com"
116.179.37.213 - - [18/Jan/2023:00:35:35 -0800] "GET /feynman/fb18b.jpg HTTP/1.1" 200 42922 "https://ysfine.com/feynman/feykant.html" "Mozilla/5.0 (compatible; Baiduspider-render/2.0; +http://www.baidu.com/search/spider.html)" "ysfine.com"
220.181.108.158 - - [18/Jan/2023:00:35:36 -0800] "GET /feynman/feykant.html HTTP/1.1" 200 3350 "-" "Mozilla/5.0 (Linux;u;Android 4.2.2;zh-cn;) AppleWebKit/534.46 (KHTML,like Gecko) Version/5.1 Mobile Safari/10600.6.3 (compatible; Baiduspider/2.0; +http://www.baidu.com/search/spider.html)" "ysfine.com"
66.249.66.44 - - [18/Jan/2023:00:35:46 -0800] "GET /world/brit/harrow08.jpg HTTP/1.1" 304 - "-" "Googlebot-Image/1.0" "ysfine.com"
147.161.185.89 - - [18/Jan/2023:00:35:54 -0800] "GET /heisen/schroheisen33.jpg HTTP/1.1" 200 86213 "https://www.google.be/" "Mozilla/5.0 (Windows NT 10.0; Win64; x64) AppleWebKit/537.36 (KHTML, like Gecko) Chrome/109.0.0.0 Safari/537.36 Edg/109.0.1518.55" "ysfine.com"
66.249.66.43 - - [18/Jan/2023:00:36:15 -0800] "GET /einstein/places/bern02.jpg HTTP/1.1" 304 - "-" "Googlebot-Image/1.0" "ysfine.com"
51.222.253.10 - - [18/Jan/2023:00:37:18 -0800] "GET /class54/class5470/total_data/sub_532.htm HTTP/1.1" 200 3228 "-" "Mozilla/5.0 (compatible; AhrefsBot/7.0; +http://ahrefs.com/robot/)" "www.ysfine.com"
40.77.167.13 - - [18/Jan/2023:00:37:20 -0800] "GET /bio/princeton/campus.html HTTP/1.1" 404 88 "-" "Mozilla/5.0 (compatible; bingbot/2.0; +http://www.bing.com/bingbot.htm)" "ysfine.com"
51.222.253.1 - - [18/Jan/2023:00:37:20 -0800] "GET /class54/class5470/total_data/img/05_smtitle13.gif HTTP/1.1" 200 988 "-" "Mozilla/5.0 (compatible; AhrefsBot/7.0; +http://ahrefs.com/robot/)" "www.ysfine.com"
207.46.13.31 - - [18/Jan/2023:00:37:36 -0800] "GET /dirac/wigsis22.jpg HTTP/1.1" 200 39975 "-" "Mozilla/5.0 AppleWebKit/537.36 (KHTML, like Gecko; compatible; bingbot/2.0; +http://www.bing.com/bingbot.htm) Chrome/103.0.5060.134 Safari/537.36" "www.ysfine.com"
185.191.171.44 - - [18/Jan/2023:00:37:59 -0800] "GET /robots.txt HTTP/1.1" 404 88 "-" "Mozilla/5.0 (compatible; SemrushBot/7~bl; +http://www.semrush.com/bot.html)" "ysfine.com"
185.191.171.17 - - [18/Jan/2023:00:37:59 -0800] "GET /einstein/standingw.html HTTP/1.1" 200 2754 "-" "Mozilla/5.0 (compatible; SemrushBot/7~bl; +http://www.semrush.com/bot.html)" "ysfine.com"
66.249.66.40 - - [18/Jan/2023:00:38:11 -0800] "GET /kobak/1014.jpg HTTP/1.1" 304 - "-" "Googlebot-Image/1.0" "ysfine.com"
185.191.171.13 - - [18/Jan/2023:00:38:47 -0800] "GET /princeton/campus.html HTTP/1.1" 200 15142 "-" "Mozilla/5.0 (compatible; SemrushBot/7~bl; +http://www.semrush.com/bot.html)" "ysfine.com"
51.222.253.13 - - [18/Jan/2023:00:40:17 -0800] "GET /class54/class5470/total_data/sub_533.htm HTTP/1.1" 200 3212 "-" "Mozilla/5.0 (compatible; AhrefsBot/7.0; +http://ahrefs.com/robot/)" "www.ysfine.com"
66.249.66.44 - - [18/Jan/2023:00:40:33 -0800] "GET /wdc/whouse14.jpg HTTP/1.1" 200 133270 "-" "Googlebot-Image/1.0" "ysfine.com"
207.46.13.31 - - [18/Jan/2023:00:40:36 -0800] "GET /wdc/corco11.jpg HTTP/1.1" 200 106128 "-" "Mozilla/5.0 (compatible; bingbot/2.0; +http://www.bing.com/bingbot.htm)" "ysfine.com"
80.248.161.65 - - [18/Jan/2023:00:40:40 -0800] "GET /world/germany/berlin051.jpg HTTP/1.1" 200 104542 "https://www.bing.com/" "Mozilla/5.0 (Windows NT 10.0; Win64; x64) AppleWebKit/537.36 (KHTML, like Gecko) Chrome/108.0.0.0 Safari/537.36 Edg/108.0.1462.46" "www.ysfine.com"
40.77.167.17 - - [18/Jan/2023:00:40:40 -0800] "GET /world/china/dandongbr03.jpg HTTP/1.1" 200 103186 "-" "Mozilla/5.0 (compatible; bingbot/2.0; +http://www.bing.com/bingbot.htm)" "ysfine.com"
40.77.167.10 - - [18/Jan/2023:00:40:45 -0800] "GET /bio/style/proschanie.html HTTP/1.1" 404 88 "-" "Mozilla/5.0 (compatible; bingbot/2.0; +http://www.bing.com/bingbot.htm)" "ysfine.com"
185.234.69.198 - - [18/Jan/2023:00:41:01 -0800] "GET /robots.txt HTTP/1.1" 404 73 "-" "Mozilla/5.0 (compatible; MJ12bot/v1.4.8; http://mj12bot.com/)" "ysfine.com"
213.136.75.74 - - [18/Jan/2023:00:41:05 -0800] "GET /robots.txt HTTP/1.1" 404 73 "-" "Mozilla/5.0 (compatible; MJ12bot/v1.4.8; http://mj12bot.com/)" "ysfine.com"
185.234.69.198 - - [18/Jan/2023:00:41:07 -0800] "GET /einstein/weber00.jpg HTTP/1.1" 200 103263 "-" "Mozilla/5.0 (compatible; MJ12bot/v1.4.8; http://mj12bot.com/)" "ysfine.com"
185.234.69.198 - - [18/Jan/2023:00:41:16 -0800] "GET /einstein/weber10.jpg HTTP/1.1" 200 78359 "-" "Mozilla/5.0 (compatible; MJ12bot/v1.4.8; http://mj12bot.com/)" "ysfine.com"
213.136.75.74 - - [18/Jan/2023:00:41:20 -0800] "GET /fbook/einhouse22.jpg HTTP/1.1" 200 149804 "-" "Mozilla/5.0 (compatible; MJ12bot/v1.4.8; http://mj12bot.com/)" "ysfine.com"
185.234.69.198 - - [18/Jan/2023:00:41:25 -0800] "GET /einstein/weber99.jpg HTTP/1.1" 200 235438 "-" "Mozilla/5.0 (compatible; MJ12bot/v1.4.8; http://mj12bot.com/)" "ysfine.com"
213.136.75.74 - - [18/Jan/2023:00:41:30 -0800] "GET /fbook/einpr11.jpg HTTP/1.1" 200 156378 "-" "Mozilla/5.0 (compatible; MJ12bot/v1.4.8; http://mj12bot.com/)" "ysfine.com"
185.191.171.21 - - [18/Jan/2023:00:41:39 -0800] "GET /style/musee/uffizi02.html HTTP/1.1" 200 401 "-" "Mozilla/5.0 (compatible; SemrushBot/7~bl; +http://www.semrush.com/bot.html)" "ysfine.com"
185.234.69.198 - - [18/Jan/2023:00:41:41 -0800] "GET /fbook/comet50.jpg HTTP/1.1" 200 148957 "-" "Mozilla/5.0 (compatible; MJ12bot/v1.4.8; http://mj12bot.com/)" "ysfine.com"
185.234.69.198 - - [18/Jan/2023:00:41:46 -0800] "GET /fbook/einberlin06.jpg HTTP/1.1" 200 186043 "-" "Mozilla/5.0 (compatible; MJ12bot/v1.4.8; http://mj12bot.com/)" "ysfine.com"
213.136.75.74 - - [18/Jan/2023:00:41:47 -0800] "GET /fbook/einwalk77.jpg HTTP/1.1" 200 171613 "-" "Mozilla/5.0 (compatible; MJ12bot/v1.4.8; http://mj12bot.com/)" "ysfine.com"
213.136.75.74 - - [18/Jan/2023:00:42:01 -0800] "GET /fbook/einxmas22.jpg HTTP/1.1" 200 185803 "-" "Mozilla/5.0 (compatible; MJ12bot/v1.4.8; http://mj12bot.com/)" "ysfine.com"
185.234.69.198 - - [18/Jan/2023:00:42:03 -0800] "GET /fbook/einbohr77.jpg HTTP/1.1" 200 266255 "-" "Mozilla/5.0 (compatible; MJ12bot/v1.4.8; http://mj12bot.com/)" "ysfine.com"
213.136.75.74 - - [18/Jan/2023:00:42:17 -0800] "GET /fbook/ellipse53.jpg HTTP/1.1" 200 124704 "-" "Mozilla/5.0 (compatible; MJ12bot/v1.4.8; http://mj12bot.com/)" "ysfine.com"
185.234.69.198 - - [18/Jan/2023:00:42:24 -0800] "GET /fbook/einbohr88.jpg HTTP/1.1" 200 244732 "-" "Mozilla/5.0 (compatible; MJ12bot/v1.4.8; http://mj12bot.com/)" "ysfine.com"
213.136.75.74 - - [18/Jan/2023:00:42:28 -0800] "GET /fbook/elsa22.jpg HTTP/1.1" 200 117423 "-" "Mozilla/5.0 (compatible; MJ12bot/v1.4.8; http://mj12bot.com/)" "ysfine.com"
185.234.69.198 - - [18/Jan/2023:00:42:40 -0800] "GET /fbook/einfine33.jpg HTTP/1.1" 200 132015 "-" "Mozilla/5.0 (compatible; MJ12bot/v1.4.8; http://mj12bot.com/)" "ysfine.com"
213.136.75.74 - - [18/Jan/2023:00:42:41 -0800] "GET /fbook/ewk86.jpg HTTP/1.1" 200 188473 "-" "Mozilla/5.0 (compatible; MJ12bot/v1.4.8; http://mj12bot.com/)" "ysfine.com"
213.136.75.74 - - [18/Jan/2023:00:42:48 -0800] "GET /fbook/mileva33.jpg HTTP/1.1" 200 204454 "-" "Mozilla/5.0 (compatible; MJ12bot/v1.4.8; http://mj12bot.com/)" "ysfine.com"
185.234.69.198 - - [18/Jan/2023:00:42:54 -0800] "GET /fbook/einhaus33.jpg HTTP/1.1" 200 126104 "-" "Mozilla/5.0 (compatible; MJ12bot/v1.4.8; http://mj12bot.com/)" "ysfine.com"
213.136.75.74 - - [18/Jan/2023:00:43:00 -0800] "GET /fbook/moses11.jpg HTTP/1.1" 200 178007 "-" "Mozilla/5.0 (compatible; MJ12bot/v1.4.8; http://mj12bot.com/)" "ysfine.com"
51.222.253.12 - - [18/Jan/2023:00:43:00 -0800] "GET /class54/class5470/total_data/sub_519.htm HTTP/1.1" 200 3212 "-" "Mozilla/5.0 (compatible; AhrefsBot/7.0; +http://ahrefs.com/robot/)" "www.ysfine.com"
213.136.75.74 - - [18/Jan/2023:00:43:14 -0800] "GET /fbook/pdugard17.jpg HTTP/1.1" 200 203570 "-" "Mozilla/5.0 (compatible; MJ12bot/v1.4.8; http://mj12bot.com/)" "ysfine.com"
213.180.203.62 - - [18/Jan/2023:00:43:24 -0800] "GET /world/russ/stalinorg11.jpg HTTP/1.1" 200 131143 "-" "Mozilla/5.0 (compatible; YandexImages/3.0; +http://yandex.com/bots)" "ysfine.com"
213.136.75.74 - - [18/Jan/2023:00:43:25 -0800] "GET /home/ranking22.jpg HTTP/1.1" 200 440908 "-" "Mozilla/5.0 (compatible; MJ12bot/v1.4.8; http://mj12bot.com/)" "ysfine.com"
213.136.75.74 - - [18/Jan/2023:00:43:32 -0800] "GET /kowar/gi002.jpg HTTP/1.1" 200 69969 "-" "Mozilla/5.0 (compatible; MJ12bot/v1.4.8; http://mj12bot.com/)" "ysfine.com"
35.237.63.4 - - [18/Jan/2023:00:43:42 -0800] "GET /xmlrpc.php HTTP/1.1" 404 88 "-" "Mozilla/5.0 (iPhone; CPU iPhone OS 16_0_2 like Mac OS X) AppleWebKit/605.1.15 (KHTML, like Gecko) Version/16.0 Mobile/15E148 Safari/604.1" "ysfine.com"
213.136.75.74 - - [18/Jan/2023:00:43:43 -0800] "GET /kowar/mac01.jpg HTTP/1.1" 404 88 "-" "Mozilla/5.0 (compatible; MJ12bot/v1.4.8; http://mj12bot.com/)" "ysfine.com"
213.136.75.74 - - [18/Jan/2023:00:43:50 -0800] "GET /kowar/myname01.jpg HTTP/1.1" 200 56315 "-" "Mozilla/5.0 (compatible; MJ12bot/v1.4.8; http://mj12bot.com/)" "ysfine.com"
213.136.75.74 - - [18/Jan/2023:00:44:01 -0800] "GET /kowar/panmun03.jpg HTTP/1.1" 200 137789 "-" "Mozilla/5.0 (compatible; MJ12bot/v1.4.8; http://mj12bot.com/)" "ysfine.com"
213.136.75.74 - - [18/Jan/2023:00:44:09 -0800] "GET /kowar/panmun04.jpg HTTP/1.1" 200 126386 "-" "Mozilla/5.0 (compatible; MJ12bot/v1.4.8; http://mj12bot.com/)" "ysfine.com"
213.136.75.74 - - [18/Jan/2023:00:44:15 -0800] "GET /maga/phil/einphoto.html HTTP/1.1" 404 88 "-" "Mozilla/5.0 (compatible; MJ12bot/v1.4.8; http://mj12bot.com/)" "ysfine.com"
213.136.75.74 - - [18/Jan/2023:00:44:23 -0800] "GET /maga/wigner/lunch.html HTTP/1.1" 404 88 "-" "Mozilla/5.0 (compatible; MJ12bot/v1.4.8; http://mj12bot.com/)" "ysfine.com"
66.249.66.44 - - [18/Jan/2023:00:44:30 -0800] "GET /kobak/dabrow11b.jpg HTTP/1.1" 304 - "-" "Googlebot-Image/1.0" "ysfine.com"
92.40.205.86 - - [18/Jan/2023:00:44:33 -0800] "GET /world/brit/eton11.jpg HTTP/1.1" 200 107084 "https://www.google.com/" "Mozilla/5.0 (iPhone; CPU iPhone OS 16_0 like Mac OS X) AppleWebKit/605.1.15 (KHTML, like Gecko) GSA/243.0.495136164 Mobile/20A362 Safari/604.1" "ysfine.com"
213.136.75.74 - - [18/Jan/2023:00:44:33 -0800] "GET /maga/wigner/wigpoin.html HTTP/1.1" 404 88 "-" "Mozilla/5.0 (compatible; MJ12bot/v1.4.8; http://mj12bot.com/)" "ysfine.com"
213.136.75.74 - - [18/Jan/2023:00:44:43 -0800] "GET /people/adlerf.jpg HTTP/1.1" 200 77297 "-" "Mozilla/5.0 (compatible; MJ12bot/v1.4.8; http://mj12bot.com/)" "ysfine.com"
40.77.167.17 - - [18/Jan/2023:00:44:46 -0800] "GET /bio/kobak/namdae.html HTTP/1.1" 404 88 "-" "Mozilla/5.0 (compatible; bingbot/2.0; +http://www.bing.com/bingbot.htm)" "ysfine.com"
213.136.75.74 - - [18/Jan/2023:00:44:58 -0800] "GET /people/towhee HTTP/1.1" 406 93 "-" "Mozilla/5.0 (compatible; MJ12bot/v1.4.8; http://mj12bot.com/)" "ysfine.com"
213.136.75.74 - - [18/Jan/2023:00:45:05 -0800] "GET /people/wheeg.jpg HTTP/1.1" 200 102064 "-" "Mozilla/5.0 (compatible; MJ12bot/v1.4.8; http://mj12bot.com/)" "ysfine.com"
213.136.75.74 - - [18/Jan/2023:00:45:19 -0800] "GET /people/wheegris.jpg HTTP/1.1" 200 85620 "-" "Mozilla/5.0 (compatible; MJ12bot/v1.4.8; http://mj12bot.com/)" "ysfine.com"
213.136.75.74 - - [18/Jan/2023:00:45:26 -0800] "GET /people/wheejac.jpg HTTP/1.1" 200 113624 "-" "Mozilla/5.0 (compatible; MJ12bot/v1.4.8; http://mj12bot.com/)" "ysfine.com"
213.136.75.74 - - [18/Jan/2023:00:45:39 -0800] "GET /people/wheekim.jpg HTTP/1.1" 200 118068 "-" "Mozilla/5.0 (compatible; MJ12bot/v1.4.8; http://mj12bot.com/)" "ysfine.com"
213.136.75.74 - - [18/Jan/2023:00:45:49 -0800] "GET /people/wheemos.jpg HTTP/1.1" 200 98122 "-" "Mozilla/5.0 (compatible; MJ12bot/v1.4.8; http://mj12bot.com/)" "ysfine.com"
51.222.253.15 - - [18/Jan/2023:00:45:50 -0800] "GET /class54/class5470/total_data/sub_523.htm HTTP/1.1" 200 3212 "-" "Mozilla/5.0 (compatible; AhrefsBot/7.0; +http://ahrefs.com/robot/)" "www.ysfine.com"
213.136.75.74 - - [18/Jan/2023:00:46:01 -0800] "GET /people/wheemos5.jpg HTTP/1.1" 200 110876 "-" "Mozilla/5.0 (compatible; MJ12bot/v1.4.8; http://mj12bot.com/)" "ysfine.com"
66.249.66.44 - - [18/Jan/2023:00:46:02 -0800] "GET /world/russ/minsk025.jpg HTTP/1.1" 200 92361 "-" "Googlebot-Image/1.0" "ysfine.com"
213.136.75.74 - - [18/Jan/2023:00:46:16 -0800] "GET /people/wheestudy.jpg HTTP/1.1" 200 95131 "-" "Mozilla/5.0 (compatible; MJ12bot/v1.4.8; http://mj12bot.com/)" "ysfine.com"
66.249.66.40 - - [18/Jan/2023:00:46:21 -0800] "GET /maga/histo/oscar22.jpg HTTP/1.1" 304 - "-" "Googlebot-Image/1.0" "ysfine.com"
213.136.75.74 - - [18/Jan/2023:00:46:25 -0800] "GET /people/wheeunruh.jpg HTTP/1.1" 200 107644 "-" "Mozilla/5.0 (compatible; MJ12bot/v1.4.8; http://mj12bot.com/)" "ysfine.com"
66.249.66.40 - - [18/Jan/2023:00:46:32 -0800] "GET /usca/pitt/leigh01.jpg HTTP/1.1" 200 107961 "-" "Googlebot-Image/1.0" "ysfine.com"
213.136.75.74 - - [18/Jan/2023:00:46:33 -0800] "GET /people/wheezeil.jpg HTTP/1.1" 200 86472 "-" "Mozilla/5.0 (compatible; MJ12bot/v1.4.8; http://mj12bot.com/)" "ysfine.com"
213.136.75.74 - - [18/Jan/2023:00:46:50 -0800] "GET /philo/einbohr11.jpg HTTP/1.1" 200 130513 "-" "Mozilla/5.0 (compatible; MJ12bot/v1.4.8; http://mj12bot.com/)" "ysfine.com"
213.136.75.74 - - [18/Jan/2023:00:46:58 -0800] "GET /wdc/reagan03.jpg HTTP/1.1" 200 175090 "-" "Mozilla/5.0 (compatible; MJ12bot/v1.4.8; http://mj12bot.com/)" "ysfine.com"
66.249.66.40 - - [18/Jan/2023:00:47:05 -0800] "GET /people/whee88.jpg HTTP/1.1" 304 - "-" "Googlebot-Image/1.0" "ysfine.com"
213.136.75.74 - - [18/Jan/2023:00:47:14 -0800] "GET /wdc/whxmas/whxmas35.jpg HTTP/1.1" 200 160821 "-" "Mozilla/5.0 (compatible; MJ12bot/v1.4.8; http://mj12bot.com/)" "ysfine.com"
213.136.75.74 - - [18/Jan/2023:00:47:21 -0800] "GET /wisdom/matthew.jpg HTTP/1.1" 200 86285 "-" "Mozilla/5.0 (compatible; MJ12bot/v1.4.8; http://mj12bot.com/)" "ysfine.com"
213.136.75.74 - - [18/Jan/2023:00:47:29 -0800] "GET /world/hungary/hunstu01.jpg HTTP/1.1" 200 127748 "-" "Mozilla/5.0 (compatible; MJ12bot/v1.4.8; http://mj12bot.com/)" "ysfine.com"
66.249.66.40 - - [18/Jan/2023:00:47:34 -0800] "GET /einstein/places/einha17.jpg HTTP/1.1" 304 - "-" "Googlebot-Image/1.0" "ysfine.com"
213.136.75.74 - - [18/Jan/2023:00:47:41 -0800] "GET /world/hungary/hunstu05.jpg HTTP/1.1" 200 71597 "-" "Mozilla/5.0 (compatible; MJ12bot/v1.4.8; http://mj12bot.com/)" "ysfine.com"
213.136.75.74 - - [18/Jan/2023:00:47:49 -0800] "GET /world/hungary/hunstu06.jpg HTTP/1.1" 200 66831 "-" "Mozilla/5.0 (compatible; MJ12bot/v1.4.8; http://mj12bot.com/)" "ysfine.com"
213.136.75.74 - - [18/Jan/2023:00:48:00 -0800] "GET /world/hungary/hunstu08.jpg HTTP/1.1" 200 104293 "-" "Mozilla/5.0 (compatible; MJ12bot/v1.4.8; http://mj12bot.com/)" "ysfine.com"
83.142.11.91 - - [18/Jan/2023:00:48:00 -0800] "GET /newyork/monroe54.jpg HTTP/1.1" 200 126712 "https://yandex.ru/images/touch/search?text=%D0%BC%D0%B5%D1%80%D0%BB%D0%B8%D0%BD%20%D0%BC%D0%BE%D0%BD%D1%80%D0%BE%20%D0%BA%D0%B0%D1%80%D1%82%D0%B8%D0%BD%D0%BA%D0%B0%20%D1%81%20%D1%80%D0%B0%D0%B7%D0%B4%D1%83%D0%B2%D0%BE%D0%BC&img_url=http%3A%2F%2Fysfine.com%2Fnewyork%2Fmonroe54.jpg&pos=17&rpt=simage&source=serp&lr=37" "Mozilla/5.0 (Linux; Android 9; STK-LX1) AppleWebKit/537.36 (KHTML, like Gecko) Chrome/109.0.0.0 Mobile Safari/537.36" "www.ysfine.com"
66.249.66.43 - - [18/Jan/2023:00:48:09 -0800] "GET /princeton/jj03b.jpg HTTP/1.1" 304 - "-" "Googlebot-Image/1.0" "ysfine.com"
213.136.75.74 - - [18/Jan/2023:00:48:13 -0800] "GET /world/hungary/hunstu21.jpg HTTP/1.1" 200 114547 "-" "Mozilla/5.0 (compatible; MJ12bot/v1.4.8; http://mj12bot.com/)" "ysfine.com"
213.136.75.74 - - [18/Jan/2023:00:48:21 -0800] "GET /world/hungary/hunstu27.jpg HTTP/1.1" 200 105364 "-" "Mozilla/5.0 (compatible; MJ12bot/v1.4.8; http://mj12bot.com/)" "ysfine.com"
213.136.75.74 - - [18/Jan/2023:00:48:30 -0800] "GET /world/hungary/hunstu28.jpg HTTP/1.1" 200 128070 "-" "Mozilla/5.0 (compatible; MJ12bot/v1.4.8; http://mj12bot.com/)" "ysfine.com"
51.222.253.1 - - [18/Jan/2023:00:48:34 -0800] "GET /class54/class5470/total_data/sub_527.htm HTTP/1.1" 200 3212 "-" "Mozilla/5.0 (compatible; AhrefsBot/7.0; +http://ahrefs.com/robot/)" "www.ysfine.com"
213.136.75.74 - - [18/Jan/2023:00:48:35 -0800] "GET /robots.txt HTTP/1.1" 404 73 "-" "Mozilla/5.0 (compatible; MJ12bot/v1.4.8; http://mj12bot.com/)" "www.ysfine.com"
40.77.167.80 - - [18/Jan/2023:00:48:37 -0800] "GET /eink/learn22d.jpg HTTP/1.1" 200 34412 "-" "Mozilla/5.0 (compatible; bingbot/2.0; +http://www.bing.com/bingbot.htm)" "ysfine.com"
213.136.75.74 - - [18/Jan/2023:00:48:46 -0800] "GET /dirac/wigsis11.jpg HTTP/1.1" 200 71741 "-" "Mozilla/5.0 (compatible; MJ12bot/v1.4.8; http://mj12bot.com/)" "www.ysfine.com"
213.136.75.74 - - [18/Jan/2023:00:48:59 -0800] "GET /home/harmony.html HTTP/1.1" 404 88 "-" "Mozilla/5.0 (compatible; MJ12bot/v1.4.8; http://mj12bot.com/)" "www.ysfine.com"
213.136.75.74 - - [18/Jan/2023:00:49:06 -0800] "GET /sbk/1963aa55.jpg HTTP/1.1" 200 119476 "-" "Mozilla/5.0 (compatible; MJ12bot/v1.4.8; http://mj12bot.com/)" "www.ysfine.com"
213.136.75.74 - - [18/Jan/2023:00:49:24 -0800] "GET /sbk/1963bb.jpg HTTP/1.1" 200 59039 "-" "Mozilla/5.0 (compatible; MJ12bot/v1.4.8; http://mj12bot.com/)" "www.ysfine.com"
213.136.75.74 - - [18/Jan/2023:00:49:33 -0800] "GET /sbk/1964cc.jpg HTTP/1.1" 200 190732 "-" "Mozilla/5.0 (compatible; MJ12bot/v1.4.8; http://mj12bot.com/)" "www.ysfine.com"
213.136.75.74 - - [18/Jan/2023:00:49:39 -0800] "GET /sbk/1964dd.jpg HTTP/1.1" 200 162698 "-" "Mozilla/5.0 (compatible; MJ12bot/v1.4.8; http://mj12bot.com/)" "www.ysfine.com"
213.136.75.74 - - [18/Jan/2023:00:49:50 -0800] "GET /sbk/1964ee.jpg HTTP/1.1" 200 139153 "-" "Mozilla/5.0 (compatible; MJ12bot/v1.4.8; http://mj12bot.com/)" "www.ysfine.com"
213.136.75.74 - - [18/Jan/2023:00:50:00 -0800] "GET /sbk/1965cc11.jpg HTTP/1.1" 200 73608 "-" "Mozilla/5.0 (compatible; MJ12bot/v1.4.8; http://mj12bot.com/)" "www.ysfine.com"
40.77.167.17 - - [18/Jan/2023:00:50:07 -0800] "GET /bio/einstein/bern.html HTTP/1.1" 404 88 "-" "Mozilla/5.0 (compatible; bingbot/2.0; +http://www.bing.com/bingbot.htm)" "ysfine.com"
