51.222.253.6 - - [18/Jan/2023:01:07:44 -0800] "GET /world/china/beijing101c.jpg HTTP/1.1" 200 41830 "-" "Mozilla/5.0 (compatible; AhrefsBot/7.0; +http://ahrefs.com/robot/)" "ysfine.com"
51.222.253.1 - - [18/Jan/2023:01:07:44 -0800] "GET /world/balkan/ath001c.jpg HTTP/1.1" 200 34419 "-" "Mozilla/5.0 (compatible; AhrefsBot/7.0; +http://ahrefs.com/robot/)" "ysfine.com"
213.136.75.74 - - [18/Jan/2023:01:07:50 -0800] "GET /wigner/teller.jpg HTTP/1.1" 200 98739 "-" "Mozilla/5.0 (compatible; MJ12bot/v1.4.8; http://mj12bot.com/)" "www.ysfine.com"
213.136.75.74 - - [18/Jan/2023:01:07:56 -0800] "GET /wigner/tep.jpg HTTP/1.1" 200 58796 "-" "Mozilla/5.0 (compatible; MJ12bot/v1.4.8; http://mj12bot.com/)" "www.ysfine.com"
157.55.39.72 - - [18/Jan/2023:01:07:58 -0800] "GET /bio/kobak/soraech.html HTTP/1.1" 404 88 "-" "Mozilla/5.0 (compatible; bingbot/2.0; +http://www.bing.com/bingbot.htm)" "ysfine.com"
213.136.75.74 - - [18/Jan/2023:01:08:06 -0800] "GET /wigner/volmer.jpg HTTP/1.1" 200 88923 "-" "Mozilla/5.0 (compatible; MJ12bot/v1.4.8; http://mj12bot.com/)" "www.ysfine.com"
213.136.75.74 - - [18/Jan/2023:01:08:15 -0800] "GET /wigner/wigbardeen.jpg HTTP/1.1" 200 66998 "-" "Mozilla/5.0 (compatible; MJ12bot/v1.4.8; http://mj12bot.com/)" "www.ysfine.com"
213.136.75.74 - - [18/Jan/2023:01:08:22 -0800] "GET /wigner/wigfine.jpg HTTP/1.1" 200 59178 "-" "Mozilla/5.0 (compatible; MJ12bot/v1.4.8; http://mj12bot.com/)" "www.ysfine.com"
157.55.39.72 - - [18/Jan/2023:01:08:27 -0800] "GET /world/ital/milanf09.jpg HTTP/1.1" 200 391734 "-" "Mozilla/5.0 (compatible; bingbot/2.0; +http://www.bing.com/bingbot.htm)" "www.ysfine.com"
213.136.75.74 - - [18/Jan/2023:01:08:28 -0800] "GET /wigner/wiggursey.jpg HTTP/1.1" 200 97493 "-" "Mozilla/5.0 (compatible; MJ12bot/v1.4.8; http://mj12bot.com/)" "www.ysfine.com"
213.136.75.74 - - [18/Jan/2023:01:08:35 -0800] "GET /wigner/wighouse.jpg HTTP/1.1" 200 257507 "-" "Mozilla/5.0 (compatible; MJ12bot/v1.4.8; http://mj12bot.com/)" "www.ysfine.com"
213.136.75.74 - - [18/Jan/2023:01:08:38 -0800] "GET /wigner/wigjad22.jpg HTTP/1.1" 200 96463 "-" "Mozilla/5.0 (compatible; MJ12bot/v1.4.8; http://mj12bot.com/)" "www.ysfine.com"
66.249.66.40 - - [18/Jan/2023:01:09:09 -0800] "GET /princeton/wilson05b.jpg HTTP/1.1" 200 38911 "-" "Googlebot-Image/1.0" "ysfine.com"
176.171.143.44 - - [18/Jan/2023:01:09:37 -0800] "GET /einstein/einplanck3.jpg HTTP/1.1" 200 37784 "https://www.google.com/" "Mozilla/5.0 (Macintosh; Intel Mac OS X 10_15_7) AppleWebKit/537.36 (KHTML, like Gecko) Chrome/107.0.0.0 Safari/537.36" "ysfine.com"
213.180.203.62 - - [18/Jan/2023:01:09:38 -0800] "GET /robots.txt HTTP/1.1" 404 73 "-" "Mozilla/5.0 (compatible; YandexBot/3.0; +http://yandex.com/bots)" "ysfine.com"
176.171.143.44 - - [18/Jan/2023:01:09:38 -0800] "GET /einstein/einplanck3.jpg HTTP/1.1" 200 37784 "-" "Mozilla/5.0 (Macintosh; Intel Mac OS X 10_15_7) AppleWebKit/537.36 (KHTML, like Gecko) Chrome/107.0.0.0 Safari/537.36" "ysfine.com"
5.255.253.124 - - [18/Jan/2023:01:09:42 -0800] "GET /kobak/dprk.jpg HTTP/1.1" 200 88014 "-" "Mozilla/5.0 (compatible; YandexImages/3.0; +http://yandex.com/bots)" "ysfine.com"
51.222.253.16 - - [18/Jan/2023:01:09:59 -0800] "GET /class54/class5470/total_data/sub_366.htm HTTP/1.1" 200 3306 "-" "Mozilla/5.0 (compatible; AhrefsBot/7.0; +http://ahrefs.com/robot/)" "ysfine.com"
51.222.253.8 - - [18/Jan/2023:01:10:01 -0800] "GET /class54/class5470/total_data/refer_img/3-76_f.jpg HTTP/1.1" 200 21114 "-" "Mozilla/5.0 (compatible; AhrefsBot/7.0; +http://ahrefs.com/robot/)" "ysfine.com"
51.222.253.17 - - [18/Jan/2023:01:10:01 -0800] "GET /class54/class5470/total_data/refer_img/3-80_f.jpg HTTP/1.1" 200 31761 "-" "Mozilla/5.0 (compatible; AhrefsBot/7.0; +http://ahrefs.com/robot/)" "ysfine.com"
51.222.253.11 - - [18/Jan/2023:01:10:01 -0800] "GET /class54/class5470/total_data/refer_img/3-64_f.jpg HTTP/1.1" 200 30092 "-" "Mozilla/5.0 (compatible; AhrefsBot/7.0; +http://ahrefs.com/robot/)" "ysfine.com"
51.222.253.15 - - [18/Jan/2023:01:10:02 -0800] "GET /class54/class5470/total_data/refer_img/3-67_f.jpg HTTP/1.1" 200 33243 "-" "Mozilla/5.0 (compatible; AhrefsBot/7.0; +http://ahrefs.com/robot/)" "ysfine.com"
51.222.253.4 - - [18/Jan/2023:01:10:02 -0800] "GET /class54/class5470/total_data/refer_img/3-63_f.jpg HTTP/1.1" 200 28838 "-" "Mozilla/5.0 (compatible; AhrefsBot/7.0; +http://ahrefs.com/robot/)" "ysfine.com"
51.222.253.1 - - [18/Jan/2023:01:10:03 -0800] "GET /class54/class5470/total_data/refer_img/3-75_f.jpg HTTP/1.1" 200 28244 "-" "Mozilla/5.0 (compatible; AhrefsBot/7.0; +http://ahrefs.com/robot/)" "ysfine.com"
51.222.253.3 - - [18/Jan/2023:01:10:03 -0800] "GET /class54/class5470/total_data/refer_img/3-73_f.jpg HTTP/1.1" 200 24874 "-" "Mozilla/5.0 (compatible; AhrefsBot/7.0; +http://ahrefs.com/robot/)" "ysfine.com"
51.222.253.3 - - [18/Jan/2023:01:10:03 -0800] "GET /class54/class5470/total_data/refer_img/3-77_f.jpg HTTP/1.1" 200 31307 "-" "Mozilla/5.0 (compatible; AhrefsBot/7.0; +http://ahrefs.com/robot/)" "ysfine.com"
51.222.253.5 - - [18/Jan/2023:01:10:04 -0800] "GET /class54/class5470/total_data/refer_img/3-70_f.jpg HTTP/1.1" 200 30955 "-" "Mozilla/5.0 (compatible; AhrefsBot/7.0; +http://ahrefs.com/robot/)" "ysfine.com"
51.222.253.15 - - [18/Jan/2023:01:10:04 -0800] "GET /class54/class5470/total_data/photo_img/3-66.jpg HTTP/1.1" 200 181794 "-" "Mozilla/5.0 (compatible; AhrefsBot/7.0; +http://ahrefs.com/robot/)" "ysfine.com"
51.222.253.17 - - [18/Jan/2023:01:10:05 -0800] "GET /class54/class5470/total_data/refer_img/3-79_f.jpg HTTP/1.1" 200 26694 "-" "Mozilla/5.0 (compatible; AhrefsBot/7.0; +http://ahrefs.com/robot/)" "ysfine.com"
51.222.253.9 - - [18/Jan/2023:01:10:05 -0800] "GET /class54/class5470/total_data/refer_img/3-66_f.jpg HTTP/1.1" 200 30869 "-" "Mozilla/5.0 (compatible; AhrefsBot/7.0; +http://ahrefs.com/robot/)" "ysfine.com"
51.222.253.13 - - [18/Jan/2023:01:10:06 -0800] "GET /class54/class5470/total_data/refer_img/3-72_f.jpg HTTP/1.1" 200 25329 "-" "Mozilla/5.0 (compatible; AhrefsBot/7.0; +http://ahrefs.com/robot/)" "ysfine.com"
51.222.253.6 - - [18/Jan/2023:01:10:06 -0800] "GET /class54/class5470/total_data/refer_img/3-71_f.jpg HTTP/1.1" 200 38254 "-" "Mozilla/5.0 (compatible; AhrefsBot/7.0; +http://ahrefs.com/robot/)" "ysfine.com"
51.222.253.1 - - [18/Jan/2023:01:10:06 -0800] "GET /class54/class5470/total_data/refer_img/3-78_f.jpg HTTP/1.1" 200 27509 "-" "Mozilla/5.0 (compatible; AhrefsBot/7.0; +http://ahrefs.com/robot/)" "ysfine.com"
51.222.253.8 - - [18/Jan/2023:01:10:07 -0800] "GET /class54/class5470/total_data/refer_img/3-69_f.jpg HTTP/1.1" 200 24663 "-" "Mozilla/5.0 (compatible; AhrefsBot/7.0; +http://ahrefs.com/robot/)" "ysfine.com"
51.222.253.16 - - [18/Jan/2023:01:10:07 -0800] "GET /class54/class5470/total_data/refer_img/3-81_f.jpg HTTP/1.1" 200 34869 "-" "Mozilla/5.0 (compatible; AhrefsBot/7.0; +http://ahrefs.com/robot/)" "ysfine.com"
51.222.253.7 - - [18/Jan/2023:01:10:08 -0800] "GET /class54/class5470/total_data/refer_img/3-82_f.jpg HTTP/1.1" 200 20257 "-" "Mozilla/5.0 (compatible; AhrefsBot/7.0; +http://ahrefs.com/robot/)" "ysfine.com"
51.222.253.20 - - [18/Jan/2023:01:10:08 -0800] "GET /class54/class5470/total_data/refer_img/3-74_f.jpg HTTP/1.1" 200 39911 "-" "Mozilla/5.0 (compatible; AhrefsBot/7.0; +http://ahrefs.com/robot/)" "ysfine.com"
51.222.253.3 - - [18/Jan/2023:01:10:08 -0800] "GET /class54/class5470/total_data/refer_img/3-68_f.jpg HTTP/1.1" 200 25200 "-" "Mozilla/5.0 (compatible; AhrefsBot/7.0; +http://ahrefs.com/robot/)" "ysfine.com"
118.184.177.50 - - [18/Jan/2023:01:10:23 -0800] "GET / HTTP/1.1" 200 5295 "-" "Sogou web spider/4.0(+http://www.sogou.com/docs/help/webmasters.htm#07)" "ysfine.com"
40.77.167.13 - - [18/Jan/2023:01:10:54 -0800] "GET /bio/princeton/campus.html HTTP/1.1" 404 88 "-" "Mozilla/5.0 (compatible; bingbot/2.0; +http://www.bing.com/bingbot.htm)" "ysfine.com"
66.249.66.40 - - [18/Jan/2023:01:11:37 -0800] "GET /style/picasspr22b.jpg HTTP/1.1" 304 - "-" "Googlebot-Image/1.0" "ysfine.com"
66.249.66.43 - - [18/Jan/2023:01:11:57 -0800] "GET /world/france/louvre12.jpg HTTP/1.1" 304 - "-" "Googlebot-Image/1.0" "ysfine.com"
51.222.253.18 - - [18/Jan/2023:01:12:07 -0800] "GET /maga/schrodein.html HTTP/1.1" 200 5672 "-" "Mozilla/5.0 (compatible; AhrefsBot/7.0; +http://ahrefs.com/robot/)" "ysfine.com"
51.222.253.11 - - [18/Jan/2023:01:12:09 -0800] "GET /maga/phys/schrod08b.jpg HTTP/1.1" 200 34216 "-" "Mozilla/5.0 (compatible; AhrefsBot/7.0; +http://ahrefs.com/robot/)" "ysfine.com"
51.222.253.17 - - [18/Jan/2023:01:12:09 -0800] "GET /world/poland/jablo01b.jpg HTTP/1.1" 200 39801 "-" "Mozilla/5.0 (compatible; AhrefsBot/7.0; +http://ahrefs.com/robot/)" "ysfine.com"
51.222.253.9 - - [18/Jan/2023:01:12:10 -0800] "GET /home/comet10b.jpg HTTP/1.1" 200 63249 "-" "Mozilla/5.0 (compatible; AhrefsBot/7.0; +http://ahrefs.com/robot/)" "ysfine.com"
51.222.253.6 - - [18/Jan/2023:01:12:10 -0800] "GET /maga/phys/schrod07b.jpg HTTP/1.1" 200 39702 "-" "Mozilla/5.0 (compatible; AhrefsBot/7.0; +http://ahrefs.com/robot/)" "ysfine.com"
51.222.253.5 - - [18/Jan/2023:01:12:10 -0800] "GET /maga/phys/solvayc27c.jpg HTTP/1.1" 200 53464 "-" "Mozilla/5.0 (compatible; AhrefsBot/7.0; +http://ahrefs.com/robot/)" "ysfine.com"
51.222.253.16 - - [18/Jan/2023:01:12:11 -0800] "GET /einstein/newton55b.jpg HTTP/1.1" 200 20261 "-" "Mozilla/5.0 (compatible; AhrefsBot/7.0; +http://ahrefs.com/robot/)" "ysfine.com"
51.222.253.3 - - [18/Jan/2023:01:12:11 -0800] "GET /maga/phys/schrod37b.jpg HTTP/1.1" 200 60678 "-" "Mozilla/5.0 (compatible; AhrefsBot/7.0; +http://ahrefs.com/robot/)" "ysfine.com"
51.222.253.10 - - [18/Jan/2023:01:12:12 -0800] "GET /dirac/dirac63b.jpg HTTP/1.1" 200 41617 "-" "Mozilla/5.0 (compatible; AhrefsBot/7.0; +http://ahrefs.com/robot/)" "ysfine.com"
51.222.253.19 - - [18/Jan/2023:01:12:12 -0800] "GET /feynman/feydirac270.jpg HTTP/1.1" 200 59000 "-" "Mozilla/5.0 (compatible; AhrefsBot/7.0; +http://ahrefs.com/robot/)" "ysfine.com"
51.222.253.17 - - [18/Jan/2023:01:12:12 -0800] "GET /maga/phys/schrod03b.jpg HTTP/1.1" 200 59475 "-" "Mozilla/5.0 (compatible; AhrefsBot/7.0; +http://ahrefs.com/robot/)" "ysfine.com"
51.222.253.19 - - [18/Jan/2023:01:12:13 -0800] "GET /maga/phys/schrod33b.jpg HTTP/1.1" 200 48626 "-" "Mozilla/5.0 (compatible; AhrefsBot/7.0; +http://ahrefs.com/robot/)" "ysfine.com"
51.222.253.2 - - [18/Jan/2023:01:14:20 -0800] "GET /class54/class5470/total_data/sub_8151.htm HTTP/1.1" 200 3510 "-" "Mozilla/5.0 (compatible; AhrefsBot/7.0; +http://ahrefs.com/robot/)" "ysfine.com"
51.222.253.8 - - [18/Jan/2023:01:14:21 -0800] "GET /class54/class5470/total_data/img/sm05_off.gif HTTP/1.1" 200 542 "-" "Mozilla/5.0 (compatible; AhrefsBot/7.0; +http://ahrefs.com/robot/)" "ysfine.com"
66.249.66.44 - - [18/Jan/2023:01:14:41 -0800] "GET /princeton/class2007.jpg HTTP/1.1" 304 - "-" "Googlebot-Image/1.0" "ysfine.com"
66.249.66.43 - - [18/Jan/2023:01:14:49 -0800] "GET /world/ital/rome049.jpg HTTP/1.1" 304 - "-" "Googlebot-Image/1.0" "ysfine.com"
66.249.66.43 - - [18/Jan/2023:01:14:49 -0800] "GET /princeton/firewk.jpg HTTP/1.1" 304 - "-" "Googlebot-Image/1.0" "ysfine.com"
40.77.167.13 - - [18/Jan/2023:01:15:13 -0800] "GET /wdc/gtown26b.jpg HTTP/1.1" 200 28183 "-" "Mozilla/5.0 AppleWebKit/537.36 (KHTML, like Gecko; compatible; bingbot/2.0; +http://www.bing.com/bingbot.htm) Chrome/103.0.5060.134 Safari/537.36" "www.ysfine.com"
213.136.75.74 - - [18/Jan/2023:01:15:24 -0800] "GET /wigner/wigques.jpg HTTP/1.1" 200 14216 "-" "Mozilla/5.0 (compatible; MJ12bot/v1.4.8; http://mj12bot.com/)" "www.ysfine.com"
37.72.153.97 - - [18/Jan/2023:01:15:24 -0800] "GET /blogs/license.txt HTTP/1.1" 404 88 "-" "Mozilla/5.0 (X11; Ubuntu; Linux x86_64; rv:62.0) Gecko/20100101 Firefox/62.0" "ysfine.com"
66.249.66.40 - - [18/Jan/2023:01:15:25 -0800] "GET /feynman/fjadwin.jpg HTTP/1.1" 304 - "-" "Googlebot-Image/1.0" "ysfine.com"
42.83.147.34 - - [18/Jan/2023:01:15:25 -0800] "GET / HTTP/1.1" 200 5295 "-" "Mozilla/5.0 (Windows NT 6.1; Win64; x64) AppleWebKit/537.36 (KHTML, like Gecko)Chrome/74.0.3729.169 Safari/537.36" "ysfine.com"
213.136.75.74 - - [18/Jan/2023:01:15:26 -0800] "GET /wigner/wigsharp.jpg HTTP/1.1" 200 123961 "-" "Mozilla/5.0 (compatible; MJ12bot/v1.4.8; http://mj12bot.com/)" "www.ysfine.com"
213.136.75.74 - - [18/Jan/2023:01:15:29 -0800] "GET /wigner/wigtoll.jpg HTTP/1.1" 200 78629 "-" "Mozilla/5.0 (compatible; MJ12bot/v1.4.8; http://mj12bot.com/)" "www.ysfine.com"
213.136.75.74 - - [18/Jan/2023:01:15:34 -0800] "GET /wigner/ys88.jpg HTTP/1.1" 200 42656 "-" "Mozilla/5.0 (compatible; MJ12bot/v1.4.8; http://mj12bot.com/)" "www.ysfine.com"
213.136.75.74 - - [18/Jan/2023:01:15:37 -0800] "GET /wisdom/matthew.jpg HTTP/1.1" 200 86285 "-" "Mozilla/5.0 (compatible; MJ12bot/v1.4.8; http://mj12bot.com/)" "www.ysfine.com"
185.191.171.41 - - [18/Jan/2023:01:15:39 -0800] "GET /robots.txt HTTP/1.1" 404 88 "-" "Mozilla/5.0 (compatible; SemrushBot/7~bl; +http://www.semrush.com/bot.html)" "www.ysfine.com"
185.191.171.34 - - [18/Jan/2023:01:15:39 -0800] "GET /usca/pgh22.html HTTP/1.1" 200 11391 "-" "Mozilla/5.0 (compatible; SemrushBot/7~bl; +http://www.semrush.com/bot.html)" "www.ysfine.com"
213.136.75.74 - - [18/Jan/2023:01:15:40 -0800] "GET /world/florenw.html HTTP/1.1" 404 88 "-" "Mozilla/5.0 (compatible; MJ12bot/v1.4.8; http://mj12bot.com/)" "www.ysfine.com"
213.136.75.74 - - [18/Jan/2023:01:15:42 -0800] "GET /class54/class5470/total_data/sub_8124.htm HTTP/1.1" 200 3499 "-" "Mozilla/5.0 (compatible; MJ12bot/v1.4.8; http://mj12bot.com/)" "www.ysfine.com"
66.249.66.43 - - [18/Jan/2023:01:15:43 -0800] "GET /people/towhee HTTP/1.1" 200 64342 "-" "Googlebot-Image/1.0" "ysfine.com"
66.249.66.40 - - [18/Jan/2023:01:15:48 -0800] "GET /princeton/brooke87.jpg HTTP/1.1" 304 - "-" "Googlebot-Image/1.0" "ysfine.com"
66.249.66.40 - - [18/Jan/2023:01:15:55 -0800] "GET /world/germany/leipzig51.jpg HTTP/1.1" 304 - "-" "Googlebot-Image/1.0" "ysfine.com"
185.191.171.9 - - [18/Jan/2023:01:16:00 -0800] "GET /maga/herod.html HTTP/1.1" 200 4341 "-" "Mozilla/5.0 (compatible; SemrushBot/7~bl; +http://www.semrush.com/bot.html)" "www.ysfine.com"
51.222.253.10 - - [18/Jan/2023:01:16:54 -0800] "GET /class54/class5470/total_data/sub_744.htm HTTP/1.1" 200 3297 "-" "Mozilla/5.0 (compatible; AhrefsBot/7.0; +http://ahrefs.com/robot/)" "ysfine.com"
185.191.171.40 - - [18/Jan/2023:01:17:23 -0800] "GET /feynman/fagenda.html HTTP/1.1" 200 2089 "-" "Mozilla/5.0 (compatible; SemrushBot/7~bl; +http://www.semrush.com/bot.html)" "ysfine.com"
207.46.13.176 - - [18/Jan/2023:01:18:48 -0800] "GET /style/nijubasi22b.jpg HTTP/1.1" 200 44289 "-" "Mozilla/5.0 (compatible; bingbot/2.0; +http://www.bing.com/bingbot.htm)" "ysfine.com"
66.249.66.43 - - [18/Jan/2023:01:18:49 -0800] "GET /world/germany/leipzig27b.jpg HTTP/1.1" 200 54550 "-" "Googlebot-Image/1.0" "ysfine.com"
40.77.167.17 - - [18/Jan/2023:01:19:02 -0800] "GET /bio/kobak/namdae.html HTTP/1.1" 404 88 "-" "Mozilla/5.0 AppleWebKit/537.36 (KHTML, like Gecko; compatible; bingbot/2.0; +http://www.bing.com/bingbot.htm) Chrome/103.0.5060.134 Safari/537.36" "ysfine.com"
40.77.167.17 - - [18/Jan/2023:01:19:10 -0800] "GET /wigner/wigkim11b.jpg HTTP/1.1" 200 38616 "-" "Mozilla/5.0 (compatible; bingbot/2.0; +http://www.bing.com/bingbot.htm)" "ysfine.com"
51.222.253.18 - - [18/Jan/2023:01:19:13 -0800] "GET /class54/class5470/total_data/sub_8174.htm HTTP/1.1" 200 3496 "-" "Mozilla/5.0 (compatible; AhrefsBot/7.0; +http://ahrefs.com/robot/)" "ysfine.com"
51.222.253.15 - - [18/Jan/2023:01:19:14 -0800] "GET /class54/class5470/total_data/refer_img/8-185_f.jpg HTTP/1.1" 200 22568 "-" "Mozilla/5.0 (compatible; AhrefsBot/7.0; +http://ahrefs.com/robot/)" "ysfine.com"
51.222.253.15 - - [18/Jan/2023:01:19:15 -0800] "GET /class54/class5470/total_data/refer_img/8-187_f.jpg HTTP/1.1" 200 26190 "-" "Mozilla/5.0 (compatible; AhrefsBot/7.0; +http://ahrefs.com/robot/)" "ysfine.com"
51.222.253.14 - - [18/Jan/2023:01:19:15 -0800] "GET /class54/class5470/total_data/refer_img/8-183_f.jpg HTTP/1.1" 200 26791 "-" "Mozilla/5.0 (compatible; AhrefsBot/7.0; +http://ahrefs.com/robot/)" "ysfine.com"
51.222.253.12 - - [18/Jan/2023:01:19:15 -0800] "GET /class54/class5470/total_data/refer_img/8-177_f.jpg HTTP/1.1" 200 33631 "-" "Mozilla/5.0 (compatible; AhrefsBot/7.0; +http://ahrefs.com/robot/)" "ysfine.com"
51.222.253.4 - - [18/Jan/2023:01:19:16 -0800] "GET /class54/class5470/total_data/refer_img/8-170_f.jpg HTTP/1.1" 200 31518 "-" "Mozilla/5.0 (compatible; AhrefsBot/7.0; +http://ahrefs.com/robot/)" "ysfine.com"
51.222.253.11 - - [18/Jan/2023:01:19:16 -0800] "GET /class54/class5470/total_data/refer_img/8-174_f.jpg HTTP/1.1" 200 40805 "-" "Mozilla/5.0 (compatible; AhrefsBot/7.0; +http://ahrefs.com/robot/)" "ysfine.com"
51.222.253.7 - - [18/Jan/2023:01:19:16 -0800] "GET /class54/class5470/total_data/refer_img/8-167_f.jpg HTTP/1.1" 200 35197 "-" "Mozilla/5.0 (compatible; AhrefsBot/7.0; +http://ahrefs.com/robot/)" "ysfine.com"
51.222.253.12 - - [18/Jan/2023:01:19:17 -0800] "GET /class54/class5470/total_data/refer_img/8-165_f.jpg HTTP/1.1" 200 37923 "-" "Mozilla/5.0 (compatible; AhrefsBot/7.0; +http://ahrefs.com/robot/)" "ysfine.com"
51.222.253.8 - - [18/Jan/2023:01:19:18 -0800] "GET /class54/class5470/total_data/refer_img/8-171_f.jpg HTTP/1.1" 200 33984 "-" "Mozilla/5.0 (compatible; AhrefsBot/7.0; +http://ahrefs.com/robot/)" "ysfine.com"
51.222.253.3 - - [18/Jan/2023:01:19:18 -0800] "GET /class54/class5470/total_data/photo_img/8-174.jpg HTTP/1.1" 200 377390 "-" "Mozilla/5.0 (compatible; AhrefsBot/7.0; +http://ahrefs.com/robot/)" "ysfine.com"
51.222.253.6 - - [18/Jan/2023:01:19:19 -0800] "GET /class54/class5470/total_data/refer_img/8-186_f.jpg HTTP/1.1" 200 25331 "-" "Mozilla/5.0 (compatible; AhrefsBot/7.0; +http://ahrefs.com/robot/)" "ysfine.com"
51.222.253.14 - - [18/Jan/2023:01:19:19 -0800] "GET /class54/class5470/total_data/refer_img/8-166_f.jpg HTTP/1.1" 200 34902 "-" "Mozilla/5.0 (compatible; AhrefsBot/7.0; +http://ahrefs.com/robot/)" "ysfine.com"
51.222.253.4 - - [18/Jan/2023:01:19:20 -0800] "GET /class54/class5470/total_data/refer_img/8-179_f.jpg HTTP/1.1" 200 30191 "-" "Mozilla/5.0 (compatible; AhrefsBot/7.0; +http://ahrefs.com/robot/)" "ysfine.com"
51.222.253.10 - - [18/Jan/2023:01:19:20 -0800] "GET /class54/class5470/total_data/refer_img/8-159_f.jpg HTTP/1.1" 200 56284 "-" "Mozilla/5.0 (compatible; AhrefsBot/7.0; +http://ahrefs.com/robot/)" "ysfine.com"
51.222.253.3 - - [18/Jan/2023:01:19:21 -0800] "GET /class54/class5470/total_data/refer_img/8-169_f.jpg HTTP/1.1" 200 33978 "-" "Mozilla/5.0 (compatible; AhrefsBot/7.0; +http://ahrefs.com/robot/)" "ysfine.com"
51.222.253.7 - - [18/Jan/2023:01:19:21 -0800] "GET /class54/class5470/total_data/refer_img/8-184_f.jpg HTTP/1.1" 200 23559 "-" "Mozilla/5.0 (compatible; AhrefsBot/7.0; +http://ahrefs.com/robot/)" "ysfine.com"
51.222.253.12 - - [18/Jan/2023:01:19:21 -0800] "GET /class54/class5470/total_data/refer_img/8-172_f.jpg HTTP/1.1" 200 28678 "-" "Mozilla/5.0 (compatible; AhrefsBot/7.0; +http://ahrefs.com/robot/)" "ysfine.com"
51.222.253.15 - - [18/Jan/2023:01:19:22 -0800] "GET /class54/class5470/total_data/refer_img/8-188_f.jpg HTTP/1.1" 200 29918 "-" "Mozilla/5.0 (compatible; AhrefsBot/7.0; +http://ahrefs.com/robot/)" "ysfine.com"
51.222.253.7 - - [18/Jan/2023:01:19:22 -0800] "GET /class54/class5470/total_data/refer_img/8-180_f.jpg HTTP/1.1" 200 32360 "-" "Mozilla/5.0 (compatible; AhrefsBot/7.0; +http://ahrefs.com/robot/)" "ysfine.com"
51.222.253.1 - - [18/Jan/2023:01:19:23 -0800] "GET /class54/class5470/total_data/img/sm06_off.gif HTTP/1.1" 200 445 "-" "Mozilla/5.0 (compatible; AhrefsBot/7.0; +http://ahrefs.com/robot/)" "ysfine.com"
51.222.253.8 - - [18/Jan/2023:01:19:23 -0800] "GET /class54/class5470/total_data/refer_img/8-163_f.jpg HTTP/1.1" 200 36263 "-" "Mozilla/5.0 (compatible; AhrefsBot/7.0; +http://ahrefs.com/robot/)" "ysfine.com"
51.222.253.4 - - [18/Jan/2023:01:19:23 -0800] "GET /class54/class5470/total_data/refer_img/8-168_f.jpg HTTP/1.1" 200 35317 "-" "Mozilla/5.0 (compatible; AhrefsBot/7.0; +http://ahrefs.com/robot/)" "ysfine.com"
51.222.253.14 - - [18/Jan/2023:01:19:24 -0800] "GET /class54/class5470/total_data/refer_img/8-162_f.jpg HTTP/1.1" 200 30246 "-" "Mozilla/5.0 (compatible; AhrefsBot/7.0; +http://ahrefs.com/robot/)" "ysfine.com"
51.222.253.7 - - [18/Jan/2023:01:19:24 -0800] "GET /class54/class5470/total_data/refer_img/8-178_f.jpg HTTP/1.1" 200 33425 "-" "Mozilla/5.0 (compatible; AhrefsBot/7.0; +http://ahrefs.com/robot/)" "ysfine.com"
51.222.253.20 - - [18/Jan/2023:01:19:24 -0800] "GET /class54/class5470/total_data/refer_img/8-175_f.jpg HTTP/1.1" 200 39027 "-" "Mozilla/5.0 (compatible; AhrefsBot/7.0; +http://ahrefs.com/robot/)" "ysfine.com"
51.222.253.19 - - [18/Jan/2023:01:19:25 -0800] "GET /class54/class5470/total_data/refer_img/8-181_f.jpg HTTP/1.1" 200 41461 "-" "Mozilla/5.0 (compatible; AhrefsBot/7.0; +http://ahrefs.com/robot/)" "ysfine.com"
51.222.253.1 - - [18/Jan/2023:01:19:25 -0800] "GET /class54/class5470/total_data/refer_img/8-158_f.jpg HTTP/1.1" 200 35917 "-" "Mozilla/5.0 (compatible; AhrefsBot/7.0; +http://ahrefs.com/robot/)" "ysfine.com"
51.222.253.15 - - [18/Jan/2023:01:19:26 -0800] "GET /class54/class5470/total_data/refer_img/8-161_f.jpg HTTP/1.1" 200 38959 "-" "Mozilla/5.0 (compatible; AhrefsBot/7.0; +http://ahrefs.com/robot/)" "ysfine.com"
51.222.253.16 - - [18/Jan/2023:01:19:26 -0800] "GET /class54/class5470/total_data/refer_img/8-173_f.jpg HTTP/1.1" 200 37099 "-" "Mozilla/5.0 (compatible; AhrefsBot/7.0; +http://ahrefs.com/robot/)" "ysfine.com"
51.222.253.6 - - [18/Jan/2023:01:19:27 -0800] "GET /class54/class5470/total_data/refer_img/8-176_f.jpg HTTP/1.1" 200 38030 "-" "Mozilla/5.0 (compatible; AhrefsBot/7.0; +http://ahrefs.com/robot/)" "ysfine.com"
51.222.253.16 - - [18/Jan/2023:01:19:27 -0800] "GET /class54/class5470/total_data/refer_img/8-160_f.jpg HTTP/1.1" 200 27834 "-" "Mozilla/5.0 (compatible; AhrefsBot/7.0; +http://ahrefs.com/robot/)" "ysfine.com"
51.222.253.18 - - [18/Jan/2023:01:19:27 -0800] "GET /class54/class5470/total_data/refer_img/8-164_f.jpg HTTP/1.1" 200 37243 "-" "Mozilla/5.0 (compatible; AhrefsBot/7.0; +http://ahrefs.com/robot/)" "ysfine.com"
66.249.66.44 - - [18/Jan/2023:01:19:53 -0800] "GET /world/ital/rome048.jpg HTTP/1.1" 304 - "-" "Googlebot-Image/1.0" "ysfine.com"
185.191.171.1 - - [18/Jan/2023:01:20:29 -0800] "GET /princeton/prade.html HTTP/1.1" 200 9863 "-" "Mozilla/5.0 (compatible; SemrushBot/7~bl; +http://www.semrush.com/bot.html)" "ysfine.com"
80.115.0.40 - - [18/Jan/2023:01:20:41 -0800] "GET /einstein/newton55.jpg HTTP/1.1" 200 43959 "https://www.google.com/" "Mozilla/5.0 (Windows NT 10.0; WOW64) AppleWebKit/537.36 (KHTML, like Gecko) Chrome/109.0.0.0 Safari/537.36" "ysfine.com"
66.249.66.44 - - [18/Jan/2023:01:20:48 -0800] "GET /wdc/waterg33c.jpg HTTP/1.1" 304 - "-" "Googlebot-Image/1.0" "ysfine.com"
66.249.66.40 - - [18/Jan/2023:01:20:59 -0800] "GET /eink/ecitizen40c.jpg HTTP/1.1" 304 - "-" "Googlebot-Image/1.0" "ysfine.com"
51.222.253.14 - - [18/Jan/2023:01:21:19 -0800] "GET /class54/class5470/total_data/sub_8176.htm HTTP/1.1" 200 3496 "-" "Mozilla/5.0 (compatible; AhrefsBot/7.0; +http://ahrefs.com/robot/)" "ysfine.com"
66.249.66.40 - - [18/Jan/2023:01:21:44 -0800] "GET /maga/phil/sunyatsen11b.jpg HTTP/1.1" 304 - "-" "Googlebot-Image/1.0" "ysfine.com"
66.249.66.40 - - [18/Jan/2023:01:21:49 -0800] "GET /eink/comet50.jpg HTTP/1.1" 304 - "-" "Googlebot-Image/1.0" "ysfine.com"
66.249.66.44 - - [18/Jan/2023:01:22:09 -0800] "GET /world/poland/curiewa01.jpg HTTP/1.1" 304 - "-" "Googlebot-Image/1.0" "ysfine.com"
40.77.167.80 - - [18/Jan/2023:01:22:11 -0800] "GET /world/hungary/hunstu21.jpg HTTP/1.1" 200 114547 "-" "Mozilla/5.0 AppleWebKit/537.36 (KHTML, like Gecko; compatible; bingbot/2.0; +http://www.bing.com/bingbot.htm) Chrome/103.0.5060.134 Safari/537.36" "ysfine.com"
40.77.167.13 - - [18/Jan/2023:01:22:33 -0800] "GET /jobs/ HTTP/1.1" 200 123 "-" "Mozilla/5.0 (compatible; bingbot/2.0; +http://www.bing.com/bingbot.htm)" "ysfine.com"
84.22.20.110 - - [18/Jan/2023:01:22:36 -0800] "GET /world/germany/berlin051.jpg HTTP/1.1" 200 104542 "https://www.bing.com/" "Mozilla/5.0 (Windows NT 10.0; Win64; x64) AppleWebKit/537.36 (KHTML, like Gecko) Chrome/108.0.0.0 Safari/537.36 Edg/108.0.1462.76" "www.ysfine.com"
40.77.167.17 - - [18/Jan/2023:01:22:52 -0800] "GET /bio/einstein/bern.html HTTP/1.1" 404 88 "-" "Mozilla/5.0 AppleWebKit/537.36 (KHTML, like Gecko; compatible; bingbot/2.0; +http://www.bing.com/bingbot.htm) Chrome/103.0.5060.134 Safari/537.36" "ysfine.com"
40.77.167.17 - - [18/Jan/2023:01:22:53 -0800] "GET /jobs/joleft.html HTTP/1.1" 200 335 "-" "Mozilla/5.0 (compatible; bingbot/2.0; +http://www.bing.com/bingbot.htm)" "ysfine.com"
40.77.167.17 - - [18/Jan/2023:01:22:53 -0800] "GET /jobs/joleft.html HTTP/1.1" 200 335 "-" "Mozilla/5.0 (compatible; bingbot/2.0; +http://www.bing.com/bingbot.htm)" "ysfine.com"
40.77.167.10 - - [18/Jan/2023:01:22:55 -0800] "GET /jobs/jorigh.html HTTP/1.1" 200 1583 "-" "Mozilla/5.0 AppleWebKit/537.36 (KHTML, like Gecko; compatible; bingbot/2.0; +http://www.bing.com/bingbot.htm) Chrome/103.0.5060.134 Safari/537.36" "ysfine.com"
40.77.167.10 - - [18/Jan/2023:01:22:55 -0800] "GET /jobs/jorigh.html HTTP/1.1" 200 1583 "-" "Mozilla/5.0 AppleWebKit/537.36 (KHTML, like Gecko; compatible; bingbot/2.0; +http://www.bing.com/bingbot.htm) Chrome/103.0.5060.134 Safari/537.36" "ysfine.com"
69.127.25.60 - - [18/Jan/2023:01:23:23 -0800] "GET /einstein/einbohr33.jpg HTTP/1.1" 200 87797 "https://www.google.com/" "Mozilla/5.0 (Windows NT 10.0; Win64; x64) AppleWebKit/537.36 (KHTML, like Gecko) Chrome/109.0.0.0 Safari/537.36" "ysfine.com"
51.222.253.18 - - [18/Jan/2023:01:23:27 -0800] "GET /class54/class5470/total_data/sub_8152.htm HTTP/1.1" 200 3510 "-" "Mozilla/5.0 (compatible; AhrefsBot/7.0; +http://ahrefs.com/robot/)" "ysfine.com"
66.249.66.40 - - [18/Jan/2023:01:23:54 -0800] "GET /eink/feyfirm66c.jpg HTTP/1.1" 304 - "-" "Googlebot-Image/1.0" "ysfine.com"
66.249.66.44 - - [18/Jan/2023:01:24:38 -0800] "GET /world/ital/panth11.jpg HTTP/1.1" 304 - "-" "Googlebot-Image/1.0" "ysfine.com"
71.178.208.102 - - [18/Jan/2023:01:25:25 -0800] "GET /bio09.html?fbclid=IwAR34W7g7UmmSphv5MLaqn5pCo7J4N5hSQvj6lRuQPabNkyjW3YYUBb0Ik7k HTTP/1.1" 200 12301 "https://l.facebook.com/" "Mozilla/5.0 (Windows NT 10.0; Win64; x64) AppleWebKit/537.36 (KHTML, like Gecko) Chrome/109.0.0.0 Safari/537.36" "ysfine.com"
71.178.208.102 - - [18/Jan/2023:01:25:33 -0800] "GET /home/yshome.html HTTP/1.1" 200 5629 "https://ysfine.com/bio09.html?fbclid=IwAR34W7g7UmmSphv5MLaqn5pCo7J4N5hSQvj6lRuQPabNkyjW3YYUBb0Ik7k" "Mozilla/5.0 (Windows NT 10.0; Win64; x64) AppleWebKit/537.36 (KHTML, like Gecko) Chrome/109.0.0.0 Safari/537.36" "ysfine.com"
5.188.210.93 - - [18/Jan/2023:01:25:38 -0800] "GET /ysbio/world/travel.html HTTP/1.1" 404 73 "https://www.ysfine.com/ysbio/world/travel.html" "Mozilla/5.0 (Windows NT 6.3; Win64; x64) AppleWebKit/537.36 (KHTML, like Gecko) Chrome/90.0.4430.72 Safari/537.36" "www.ysfine.com"
5.188.210.93 - - [18/Jan/2023:01:25:39 -0800] "GET / HTTP/1.1" 200 15915 "https://www.ysfine.com/" "Mozilla/5.0 (Windows NT 6.3; Win64; x64) AppleWebKit/537.36 (KHTML, like Gecko) Chrome/90.0.4430.72 Safari/537.36" "www.ysfine.com"
185.191.171.23 - - [18/Jan/2023:01:25:44 -0800] "GET /kobak/kimjap.html HTTP/1.1" 200 2410 "-" "Mozilla/5.0 (compatible; SemrushBot/7~bl; +http://www.semrush.com/bot.html)" "www.ysfine.com"
51.222.253.20 - - [18/Jan/2023:01:25:56 -0800] "GET /class54/class5470/total_data/sub_8177.htm HTTP/1.1" 200 3510 "-" "Mozilla/5.0 (compatible; AhrefsBot/7.0; +http://ahrefs.com/robot/)" "ysfine.com"
66.249.66.40 - - [18/Jan/2023:01:26:45 -0800] "GET /world/poland/hcross04.jpg HTTP/1.1" 304 - "-" "Googlebot-Image/1.0" "ysfine.com"
185.191.171.22 - - [18/Jan/2023:01:27:05 -0800] "GET /home/100yrs.html HTTP/1.1" 200 7936 "-" "Mozilla/5.0 (compatible; SemrushBot/7~bl; +http://www.semrush.com/bot.html)" "www.ysfine.com"
213.180.203.3 - - [18/Jan/2023:01:27:13 -0800] "GET /world/france/montpar03.jpg HTTP/1.1" 200 108206 "-" "Mozilla/5.0 (compatible; YandexImages/3.0; +http://yandex.com/bots)" "ysfine.com"
40.77.167.13 - - [18/Jan/2023:01:27:44 -0800] "GET /bio/wigner/e(2).html HTTP/1.1" 404 88 "-" "Mozilla/5.0 AppleWebKit/537.36 (KHTML, like Gecko; compatible; bingbot/2.0; +http://www.bing.com/bingbot.htm) Chrome/103.0.5060.134 Safari/537.36" "ysfine.com"
5.255.253.124 - - [18/Jan/2023:01:27:55 -0800] "GET /world/france/montpar03.jpg HTTP/1.1" 200 108206 "-" "Mozilla/5.0 (compatible; YandexImages/3.0; +http://yandex.com/bots)" "ysfine.com"
66.249.66.44 - - [18/Jan/2023:01:28:06 -0800] "GET /world/scandi/nbi33b.jpg HTTP/1.1" 304 - "-" "Googlebot-Image/1.0" "ysfine.com"
71.178.208.102 - - [18/Jan/2023:01:28:15 -0800] "GET /home/index.html?fbclid=IwAR2GNcYuyOYgcDzb_ZoZYJKfRXlClp3UMqFIvZCqjYSMFRh4bLExhPZ1DWs HTTP/1.1" 200 142 "https://l.facebook.com/" "Mozilla/5.0 (Windows NT 10.0; Win64; x64) AppleWebKit/537.36 (KHTML, like Gecko) Chrome/109.0.0.0 Safari/537.36" "ysfine.com"
71.178.208.102 - - [18/Jan/2023:01:28:15 -0800] "GET /home/hmtop.html HTTP/1.1" 200 447 "https://ysfine.com/home/index.html?fbclid=IwAR2GNcYuyOYgcDzb_ZoZYJKfRXlClp3UMqFIvZCqjYSMFRh4bLExhPZ1DWs" "Mozilla/5.0 (Windows NT 10.0; Win64; x64) AppleWebKit/537.36 (KHTML, like Gecko) Chrome/109.0.0.0 Safari/537.36" "ysfine.com"
71.178.208.102 - - [18/Jan/2023:01:28:15 -0800] "GET /home/hmbot.html HTTP/1.1" 200 132 "https://ysfine.com/home/index.html?fbclid=IwAR2GNcYuyOYgcDzb_ZoZYJKfRXlClp3UMqFIvZCqjYSMFRh4bLExhPZ1DWs" "Mozilla/5.0 (Windows NT 10.0; Win64; x64) AppleWebKit/537.36 (KHTML, like Gecko) Chrome/109.0.0.0 Safari/537.36" "ysfine.com"
71.178.208.102 - - [18/Jan/2023:01:28:15 -0800] "GET /home/hmleft.html HTTP/1.1" 200 853 "https://ysfine.com/home/hmbot.html" "Mozilla/5.0 (Windows NT 10.0; Win64; x64) AppleWebKit/537.36 (KHTML, like Gecko) Chrome/109.0.0.0 Safari/537.36" "ysfine.com"
71.178.208.102 - - [18/Jan/2023:01:28:15 -0800] "GET /home/hmrigh.html HTTP/1.1" 200 4200 "https://ysfine.com/home/hmbot.html" "Mozilla/5.0 (Windows NT 10.0; Win64; x64) AppleWebKit/537.36 (KHTML, like Gecko) Chrome/109.0.0.0 Safari/537.36" "ysfine.com"
71.178.208.102 - - [18/Jan/2023:01:28:15 -0800] "GET /awards/eward55a.jpg HTTP/1.1" 200 85213 "https://ysfine.com/home/hmrigh.html" "Mozilla/5.0 (Windows NT 10.0; Win64; x64) AppleWebKit/537.36 (KHTML, like Gecko) Chrome/109.0.0.0 Safari/537.36" "ysfine.com"
71.178.208.102 - - [18/Jan/2023:01:28:15 -0800] "GET /home/emc22a.jpg HTTP/1.1" 200 59239 "https://ysfine.com/home/hmrigh.html" "Mozilla/5.0 (Windows NT 10.0; Win64; x64) AppleWebKit/537.36 (KHTML, like Gecko) Chrome/109.0.0.0 Safari/537.36" "ysfine.com"
71.178.208.102 - - [18/Jan/2023:01:28:15 -0800] "GET /home/tollwig11c.jpg HTTP/1.1" 200 28199 "https://ysfine.com/home/hmrigh.html" "Mozilla/5.0 (Windows NT 10.0; Win64; x64) AppleWebKit/537.36 (KHTML, like Gecko) Chrome/109.0.0.0 Safari/537.36" "ysfine.com"
71.178.208.102 - - [18/Jan/2023:01:28:15 -0800] "GET /home/comet50a.jpg HTTP/1.1" 200 52015 "https://ysfine.com/home/hmrigh.html" "Mozilla/5.0 (Windows NT 10.0; Win64; x64) AppleWebKit/537.36 (KHTML, like Gecko) Chrome/109.0.0.0 Safari/537.36" "ysfine.com"
71.178.208.102 - - [18/Jan/2023:01:28:15 -0800] "GET /eink/eink54a.jpg HTTP/1.1" 304 - "https://ysfine.com/home/hmrigh.html" "Mozilla/5.0 (Windows NT 10.0; Win64; x64) AppleWebKit/537.36 (KHTML, like Gecko) Chrome/109.0.0.0 Safari/537.36" "ysfine.com"
71.178.208.102 - - [18/Jan/2023:01:28:15 -0800] "GET /home/further22a.jpg HTTP/1.1" 200 75776 "https://ysfine.com/home/hmrigh.html" "Mozilla/5.0 (Windows NT 10.0; Win64; x64) AppleWebKit/537.36 (KHTML, like Gecko) Chrome/109.0.0.0 Safari/537.36" "ysfine.com"
71.178.208.102 - - [18/Jan/2023:01:28:15 -0800] "GET /home/socrates55c.jpg HTTP/1.1" 200 36471 "https://ysfine.com/home/hmrigh.html" "Mozilla/5.0 (Windows NT 10.0; Win64; x64) AppleWebKit/537.36 (KHTML, like Gecko) Chrome/109.0.0.0 Safari/537.36" "ysfine.com"
71.178.208.102 - - [18/Jan/2023:01:28:15 -0800] "GET /home/coke300.jpg HTTP/1.1" 200 50941 "https://ysfine.com/home/hmrigh.html" "Mozilla/5.0 (Windows NT 10.0; Win64; x64) AppleWebKit/537.36 (KHTML, like Gecko) Chrome/109.0.0.0 Safari/537.36" "ysfine.com"
71.178.208.102 - - [18/Jan/2023:01:28:15 -0800] "GET /home/figs/einbohr33c.jpg HTTP/1.1" 200 36413 "https://ysfine.com/home/hmrigh.html" "Mozilla/5.0 (Windows NT 10.0; Win64; x64) AppleWebKit/537.36 (KHTML, like Gecko) Chrome/109.0.0.0 Safari/537.36" "ysfine.com"
20.235.144.245 - - [18/Jan/2023:01:28:24 -0800] "GET /css/album.css HTTP/1.1" 404 88 "-" "Mozilla/5.0 (Windows NT 10.0; WOW64; rv:48.0) Gecko/20100101 Firefox/48.0" "www.ysfine.com"
71.178.208.102 - - [18/Jan/2023:01:28:24 -0800] "GET /bio.html?fbclid=IwAR3y0kpOrJ5qp2FbdsIfBDLRYQ0AX64m9WLFXBYXNmKEMc8n3ChOHJOeA6g HTTP/1.1" 200 18260 "https://l.facebook.com/" "Mozilla/5.0 (Windows NT 10.0; Win64; x64) AppleWebKit/537.36 (KHTML, like Gecko) Chrome/109.0.0.0 Safari/537.36" "ysfine.com"
51.222.253.4 - - [18/Jan/2023:01:28:29 -0800] "GET /class54/class5470/total_data/sub_8178.htm HTTP/1.1" 200 3510 "-" "Mozilla/5.0 (compatible; AhrefsBot/7.0; +http://ahrefs.com/robot/)" "ysfine.com"
71.178.208.102 - - [18/Jan/2023:01:28:32 -0800] "GET /home/sing.html HTTP/1.1" 200 2927 "https://ysfine.com/bio.html?fbclid=IwAR3y0kpOrJ5qp2FbdsIfBDLRYQ0AX64m9WLFXBYXNmKEMc8n3ChOHJOeA6g" "Mozilla/5.0 (Windows NT 10.0; Win64; x64) AppleWebKit/537.36 (KHTML, like Gecko) Chrome/109.0.0.0 Safari/537.36" "ysfine.com"
71.178.208.102 - - [18/Jan/2023:01:28:32 -0800] "GET /home/wigner62c.jpg HTTP/1.1" 200 41727 "https://ysfine.com/home/sing.html" "Mozilla/5.0 (Windows NT 10.0; Win64; x64) AppleWebKit/537.36 (KHTML, like Gecko) Chrome/109.0.0.0 Safari/537.36" "ysfine.com"
71.178.208.102 - - [18/Jan/2023:01:28:32 -0800] "GET /home/ewk86a.jpg HTTP/1.1" 200 86008 "https://ysfine.com/home/sing.html" "Mozilla/5.0 (Windows NT 10.0; Win64; x64) AppleWebKit/537.36 (KHTML, like Gecko) Chrome/109.0.0.0 Safari/537.36" "ysfine.com"
71.178.208.102 - - [18/Jan/2023:01:28:32 -0800] "GET /home/eward11c.jpg HTTP/1.1" 200 48989 "https://ysfine.com/home/sing.html" "Mozilla/5.0 (Windows NT 10.0; Win64; x64) AppleWebKit/537.36 (KHTML, like Gecko) Chrome/109.0.0.0 Safari/537.36" "ysfine.com"
71.178.208.102 - - [18/Jan/2023:01:28:57 -0800] "GET /awards/index.html HTTP/1.1" 200 10096 "https://ysfine.com/bio.html?fbclid=IwAR3y0kpOrJ5qp2FbdsIfBDLRYQ0AX64m9WLFXBYXNmKEMc8n3ChOHJOeA6g" "Mozilla/5.0 (Windows NT 10.0; Win64; x64) AppleWebKit/537.36 (KHTML, like Gecko) Chrome/109.0.0.0 Safari/537.36" "ysfine.com"
71.178.208.102 - - [18/Jan/2023:01:28:57 -0800] "GET /awards/timessq33d.jpg HTTP/1.1" 200 69824 "https://ysfine.com/awards/index.html" "Mozilla/5.0 (Windows NT 10.0; Win64; x64) AppleWebKit/537.36 (KHTML, like Gecko) Chrome/109.0.0.0 Safari/537.36" "ysfine.com"
71.178.208.102 - - [18/Jan/2023:01:28:57 -0800] "GET /home/bedk22f.jpg HTTP/1.1" 200 79706 "https://ysfine.com/awards/index.html" "Mozilla/5.0 (Windows NT 10.0; Win64; x64) AppleWebKit/537.36 (KHTML, like Gecko) Chrome/109.0.0.0 Safari/537.36" "ysfine.com"
71.178.208.102 - - [18/Jan/2023:01:28:57 -0800] "GET /awards/ysnr11d.jpg HTTP/1.1" 200 61140 "https://ysfine.com/awards/index.html" "Mozilla/5.0 (Windows NT 10.0; Win64; x64) AppleWebKit/537.36 (KHTML, like Gecko) Chrome/109.0.0.0 Safari/537.36" "ysfine.com"
71.178.208.102 - - [18/Jan/2023:01:28:57 -0800] "GET /awards/marq/marq16d.jpg HTTP/1.1" 200 107457 "https://ysfine.com/awards/index.html" "Mozilla/5.0 (Windows NT 10.0; Win64; x64) AppleWebKit/537.36 (KHTML, like Gecko) Chrome/109.0.0.0 Safari/537.36" "ysfine.com"
71.178.208.102 - - [18/Jan/2023:01:28:57 -0800] "GET /awards/marq/marq22f.jpg HTTP/1.1" 200 142401 "https://ysfine.com/awards/index.html" "Mozilla/5.0 (Windows NT 10.0; Win64; x64) AppleWebKit/537.36 (KHTML, like Gecko) Chrome/109.0.0.0 Safari/537.36" "ysfine.com"
71.178.208.102 - - [18/Jan/2023:01:28:57 -0800] "GET /awards/fortune23f.jpg HTTP/1.1" 304 - "https://ysfine.com/awards/index.html" "Mozilla/5.0 (Windows NT 10.0; Win64; x64) AppleWebKit/537.36 (KHTML, like Gecko) Chrome/109.0.0.0 Safari/537.36" "ysfine.com"
71.178.208.102 - - [18/Jan/2023:01:28:57 -0800] "GET /awards/lasvegas11f.jpg HTTP/1.1" 304 - "https://ysfine.com/awards/index.html" "Mozilla/5.0 (Windows NT 10.0; Win64; x64) AppleWebKit/537.36 (KHTML, like Gecko) Chrome/109.0.0.0 Safari/537.36" "ysfine.com"
71.178.208.102 - - [18/Jan/2023:01:28:57 -0800] "GET /awards/iaotp152d.jpg HTTP/1.1" 304 - "https://ysfine.com/awards/index.html" "Mozilla/5.0 (Windows NT 10.0; Win64; x64) AppleWebKit/537.36 (KHTML, like Gecko) Chrome/109.0.0.0 Safari/537.36" "ysfine.com"
71.178.208.102 - - [18/Jan/2023:01:28:57 -0800] "GET /awards/beward11f.jpg HTTP/1.1" 200 123557 "https://ysfine.com/awards/index.html" "Mozilla/5.0 (Windows NT 10.0; Win64; x64) AppleWebKit/537.36 (KHTML, like Gecko) Chrome/109.0.0.0 Safari/537.36" "ysfine.com"
71.178.208.102 - - [18/Jan/2023:01:28:57 -0800] "GET /awards/timeline11f.jpg HTTP/1.1" 200 169039 "https://ysfine.com/awards/index.html" "Mozilla/5.0 (Windows NT 10.0; Win64; x64) AppleWebKit/537.36 (KHTML, like Gecko) Chrome/109.0.0.0 Safari/537.36" "ysfine.com"
71.178.208.102 - - [18/Jan/2023:01:28:57 -0800] "GET /awards/feygell01d.jpg HTTP/1.1" 200 31895 "https://ysfine.com/awards/index.html" "Mozilla/5.0 (Windows NT 10.0; Win64; x64) AppleWebKit/537.36 (KHTML, like Gecko) Chrome/109.0.0.0 Safari/537.36" "ysfine.com"
71.178.208.102 - - [18/Jan/2023:01:28:57 -0800] "GET /awards/einbohr25d.jpg HTTP/1.1" 200 49476 "https://ysfine.com/awards/index.html" "Mozilla/5.0 (Windows NT 10.0; Win64; x64) AppleWebKit/537.36 (KHTML, like Gecko) Chrome/109.0.0.0 Safari/537.36" "ysfine.com"
71.178.208.102 - - [18/Jan/2023:01:28:57 -0800] "GET /awards/ewk88d.jpg HTTP/1.1" 200 96031 "https://ysfine.com/awards/index.html" "Mozilla/5.0 (Windows NT 10.0; Win64; x64) AppleWebKit/537.36 (KHTML, like Gecko) Chrome/109.0.0.0 Safari/537.36" "ysfine.com"
71.178.208.102 - - [18/Jan/2023:01:28:57 -0800] "GET /eink/pwk450.jpg HTTP/1.1" 200 95796 "https://ysfine.com/awards/index.html" "Mozilla/5.0 (Windows NT 10.0; Win64; x64) AppleWebKit/537.36 (KHTML, like Gecko) Chrome/109.0.0.0 Safari/537.36" "ysfine.com"
71.178.208.102 - - [18/Jan/2023:01:28:57 -0800] "GET /awards/top100d.jpg HTTP/1.1" 200 74998 "https://ysfine.com/awards/index.html" "Mozilla/5.0 (Windows NT 10.0; Win64; x64) AppleWebKit/537.36 (KHTML, like Gecko) Chrome/109.0.0.0 Safari/537.36" "ysfine.com"
71.178.208.102 - - [18/Jan/2023:01:28:57 -0800] "GET /awards/acs55f.jpg HTTP/1.1" 200 83340 "https://ysfine.com/awards/index.html" "Mozilla/5.0 (Windows NT 10.0; Win64; x64) AppleWebKit/537.36 (KHTML, like Gecko) Chrome/109.0.0.0 Safari/537.36" "ysfine.com"
71.178.208.102 - - [18/Jan/2023:01:28:57 -0800] "GET /awards/acs96f.jpg HTTP/1.1" 200 118636 "https://ysfine.com/awards/index.html" "Mozilla/5.0 (Windows NT 10.0; Win64; x64) AppleWebKit/537.36 (KHTML, like Gecko) Chrome/109.0.0.0 Safari/537.36" "ysfine.com"
71.178.208.102 - - [18/Jan/2023:01:28:57 -0800] "GET /awards/wsj21f.jpg HTTP/1.1" 200 172238 "https://ysfine.com/awards/index.html" "Mozilla/5.0 (Windows NT 10.0; Win64; x64) AppleWebKit/537.36 (KHTML, like Gecko) Chrome/109.0.0.0 Safari/537.36" "ysfine.com"
71.178.208.102 - - [18/Jan/2023:01:28:57 -0800] "GET /awards/fortune21f.jpg HTTP/1.1" 304 - "https://ysfine.com/awards/index.html" "Mozilla/5.0 (Windows NT 10.0; Win64; x64) AppleWebKit/537.36 (KHTML, like Gecko) Chrome/109.0.0.0 Safari/537.36" "ysfine.com"
71.178.208.102 - - [18/Jan/2023:01:28:57 -0800] "GET /awards/acs20f.jpg HTTP/1.1" 200 145842 "https://ysfine.com/awards/index.html" "Mozilla/5.0 (Windows NT 10.0; Win64; x64) AppleWebKit/537.36 (KHTML, like Gecko) Chrome/109.0.0.0 Safari/537.36" "ysfine.com"
71.178.208.102 - - [18/Jan/2023:01:28:57 -0800] "GET /awards/whoswho11f.jpg HTTP/1.1" 200 86318 "https://ysfine.com/awards/index.html" "Mozilla/5.0 (Windows NT 10.0; Win64; x64) AppleWebKit/537.36 (KHTML, like Gecko) Chrome/109.0.0.0 Safari/537.36" "ysfine.com"
71.178.208.102 - - [18/Jan/2023:01:28:57 -0800] "GET /awards/bridge22f.jpg HTTP/1.1" 200 98225 "https://ysfine.com/awards/index.html" "Mozilla/5.0 (Windows NT 10.0; Win64; x64) AppleWebKit/537.36 (KHTML, like Gecko) Chrome/109.0.0.0 Safari/537.36" "ysfine.com"
71.178.208.102 - - [18/Jan/2023:01:28:57 -0800] "GET /kobak/taylor400.jpg HTTP/1.1" 304 - "https://ysfine.com/awards/index.html" "Mozilla/5.0 (Windows NT 10.0; Win64; x64) AppleWebKit/537.36 (KHTML, like Gecko) Chrome/109.0.0.0 Safari/537.36" "ysfine.com"
71.178.208.102 - - [18/Jan/2023:01:28:57 -0800] "GET /home/yspr61d.jpg HTTP/1.1" 304 - "https://ysfine.com/awards/index.html" "Mozilla/5.0 (Windows NT 10.0; Win64; x64) AppleWebKit/537.36 (KHTML, like Gecko) Chrome/109.0.0.0 Safari/537.36" "ysfine.com"
71.178.208.102 - - [18/Jan/2023:01:28:57 -0800] "GET /awards/marq/hemis21f.jpg HTTP/1.1" 200 180095 "https://ysfine.com/awards/index.html" "Mozilla/5.0 (Windows NT 10.0; Win64; x64) AppleWebKit/537.36 (KHTML, like Gecko) Chrome/109.0.0.0 Safari/537.36" "ysfine.com"
207.46.13.31 - - [18/Jan/2023:01:29:21 -0800] "GET /bio/kobak/yskor.html HTTP/1.1" 404 88 "-" "Mozilla/5.0 AppleWebKit/537.36 (KHTML, like Gecko; compatible; bingbot/2.0; +http://www.bing.com/bingbot.htm) Chrome/103.0.5060.134 Safari/537.36" "ysfine.com"
40.77.167.13 - - [18/Jan/2023:01:29:33 -0800] "GET /world/china/chongking14.jpg HTTP/1.1" 200 126455 "-" "Mozilla/5.0 (compatible; bingbot/2.0; +http://www.bing.com/bingbot.htm)" "ysfine.com"
71.178.208.102 - - [18/Jan/2023:01:29:56 -0800] "GET /bio.html?fbclid=IwAR3y0kpOrJ5qp2FbdsIfBDLRYQ0AX64m9WLFXBYXNmKEMc8n3ChOHJOeA6g HTTP/1.1" 200 18260 "-" "Mozilla/5.0 (Windows NT 10.0; Win64; x64) AppleWebKit/537.36 (KHTML, like Gecko) Chrome/109.0.0.0 Safari/537.36 Edg/109.0.1518.55" "ysfine.com"
71.178.208.102 - - [18/Jan/2023:01:30:19 -0800] "GET /bio09.html HTTP/1.1" 200 12301 "https://ysfine.com/ys11/" "Mozilla/5.0 (Windows NT 10.0; Win64; x64) AppleWebKit/537.36 (KHTML, like Gecko) Chrome/109.0.0.0 Safari/537.36" "ysfine.com"
109.40.242.169 - - [18/Jan/2023:01:30:41 -0800] "GET /world/russ/mosf04.jpg HTTP/1.1" 200 77947 "https://mungfali.com/" "Mozilla/5.0 (Linux; Android 10; MAR-LX1B) AppleWebKit/537.36 (KHTML, like Gecko) Chrome/108.0.0.0 Mobile Safari/537.36" "ysfine.com"
54.36.149.33 - - [18/Jan/2023:01:30:46 -0800] "GET /robots.txt HTTP/1.1" 404 88 "-" "Mozilla/5.0 (compatible; AhrefsBot/7.0; +http://ahrefs.com/robot/)" "ysfine.com"
66.249.66.40 - - [18/Jan/2023:01:30:46 -0800] "GET /world/poland/curiep01.jpg HTTP/1.1" 304 - "-" "Googlebot-Image/1.0" "ysfine.com"
51.222.253.2 - - [18/Jan/2023:01:30:47 -0800] "GET /class54/class5470/total_data/sub_8179.htm HTTP/1.1" 200 3510 "-" "Mozilla/5.0 (compatible; AhrefsBot/7.0; +http://ahrefs.com/robot/)" "ysfine.com"
185.191.171.23 - - [18/Jan/2023:01:30:56 -0800] "GET /einstein/eincurie.html HTTP/1.1" 200 895 "-" "Mozilla/5.0 (compatible; SemrushBot/7~bl; +http://www.semrush.com/bot.html)" "www.ysfine.com"
185.191.171.9 - - [18/Jan/2023:01:31:12 -0800] "GET /style/bstring.html HTTP/1.1" 200 901 "-" "Mozilla/5.0 (compatible; SemrushBot/7~bl; +http://www.semrush.com/bot.html)" "www.ysfine.com"
207.46.13.176 - - [18/Jan/2023:01:32:09 -0800] "GET /bio/eink/buythisbook.html HTTP/1.1" 404 88 "-" "Mozilla/5.0 AppleWebKit/537.36 (KHTML, like Gecko; compatible; bingbot/2.0; +http://www.bing.com/bingbot.htm) Chrome/103.0.5060.134 Safari/537.36" "ysfine.com"
51.222.253.18 - - [18/Jan/2023:01:32:59 -0800] "GET /class54/class5470/total_data/sub_8153.htm HTTP/1.1" 200 3498 "-" "Mozilla/5.0 (compatible; AhrefsBot/7.0; +http://ahrefs.com/robot/)" "ysfine.com"
40.77.167.10 - - [18/Jan/2023:01:33:25 -0800] "GET /feynman/canlo11a.jpg HTTP/1.1" 200 35567 "-" "Mozilla/5.0 (compatible; bingbot/2.0; +http://www.bing.com/bingbot.htm)" "ysfine.com"
71.178.208.102 - - [18/Jan/2023:01:33:34 -0800] "GET /wigner/wigstu.html HTTP/1.1" 200 3210 "https://ysfine.com/bio09.html" "Mozilla/5.0 (Windows NT 10.0; Win64; x64) AppleWebKit/537.36 (KHTML, like Gecko) Chrome/109.0.0.0 Safari/537.36" "ysfine.com"
71.178.208.102 - - [18/Jan/2023:01:33:35 -0800] "GET /wigner/mzero03c.jpg HTTP/1.1" 200 22641 "https://ysfine.com/wigner/wigstu.html" "Mozilla/5.0 (Windows NT 10.0; Win64; x64) AppleWebKit/537.36 (KHTML, like Gecko) Chrome/109.0.0.0 Safari/537.36" "ysfine.com"
71.178.208.102 - - [18/Jan/2023:01:33:35 -0800] "GET /wigner/euclid05b.jpg HTTP/1.1" 200 33016 "https://ysfine.com/wigner/wigstu.html" "Mozilla/5.0 (Windows NT 10.0; Win64; x64) AppleWebKit/537.36 (KHTML, like Gecko) Chrome/109.0.0.0 Safari/537.36" "ysfine.com"
71.178.208.102 - - [18/Jan/2023:01:33:35 -0800] "GET /wigner/wigwein2.jpg HTTP/1.1" 200 42269 "https://ysfine.com/wigner/wigstu.html" "Mozilla/5.0 (Windows NT 10.0; Win64; x64) AppleWebKit/537.36 (KHTML, like Gecko) Chrome/109.0.0.0 Safari/537.36" "ysfine.com"
71.178.208.102 - - [18/Jan/2023:01:33:35 -0800] "GET /wigner/wighome11b.jpg HTTP/1.1" 200 48701 "https://ysfine.com/wigner/wigstu.html" "Mozilla/5.0 (Windows NT 10.0; Win64; x64) AppleWebKit/537.36 (KHTML, like Gecko) Chrome/109.0.0.0 Safari/537.36" "ysfine.com"
71.178.208.102 - - [18/Jan/2023:01:33:35 -0800] "GET /wigner/isomor77a.jpg HTTP/1.1" 200 53058 "https://ysfine.com/wigner/wigstu.html" "Mozilla/5.0 (Windows NT 10.0; Win64; x64) AppleWebKit/537.36 (KHTML, like Gecko) Chrome/109.0.0.0 Safari/537.36" "ysfine.com"
157.55.39.72 - - [18/Jan/2023:01:33:39 -0800] "GET /remote/wigner111/frame13.html HTTP/1.1" 200 987 "-" "Mozilla/5.0 (compatible; bingbot/2.0; +http://www.bing.com/bingbot.htm)" "ysfine.com"
66.249.66.43 - - [18/Jan/2023:01:34:14 -0800] "GET /world/poland/krk68b.jpg HTTP/1.1" 304 - "-" "Googlebot-Image/1.0" "ysfine.com"
80.84.211.34 - - [18/Jan/2023:01:34:45 -0800] "GET /wigner/neum/vnc07.jpg HTTP/1.1" 200 95908 "https://www.google.com/" "Mozilla/5.0 (iPhone; CPU iPhone OS 15_6 like Mac OS X) AppleWebKit/605.1.15 (KHTML, like Gecko) CriOS/109.0.5414.83 Mobile/15E148 Safari/604.1" "ysfine.com"
80.84.211.34 - - [18/Jan/2023:01:34:53 -0800] "GET /wigner/neum/vnc07.jpg HTTP/1.1" 200 95908 "https://www.google.com/search?q=robert+oppenheimer+piano&rlz=1CDGOYI_enDE776DE776&hl=de&prmd=ivsn&sxsrf=AJOqlzWuW4bQ1cyQVQJWN5p9YFrhzee4eA:1674034405043&source=lnms&tbm=isch&sa=X&ved=2ahUKEwiPnbeQ6ND8AhWGR_EDHSffAHAQ_AUoAXoECAIQAQ&biw=375&bih=553&dpr=2" "Mozilla/5.0 (iPhone; CPU iPhone OS 15_6 like Mac OS X) AppleWebKit/605.1.15 (KHTML, like Gecko) CriOS/109.0.5414.83 Mobile/15E148 Safari/604.1" "ysfine.com"
185.191.171.4 - - [18/Jan/2023:01:34:56 -0800] "GET /world/stuttgart.html HTTP/1.1" 200 4926 "-" "Mozilla/5.0 (compatible; SemrushBot/7~bl; +http://www.semrush.com/bot.html)" "www.ysfine.com"
51.222.253.9 - - [18/Jan/2023:01:35:07 -0800] "GET /class54/class5470/total_data/sub_8180.htm HTTP/1.1" 200 3509 "-" "Mozilla/5.0 (compatible; AhrefsBot/7.0; +http://ahrefs.com/robot/)" "ysfine.com"
66.249.66.43 - - [18/Jan/2023:01:35:12 -0800] "GET /eink/lorentz21c.jpg HTTP/1.1" 304 - "-" "Googlebot-Image/1.0" "ysfine.com"
40.77.167.80 - - [18/Jan/2023:01:35:12 -0800] "GET /world/florence.html HTTP/1.1" 200 9706 "-" "Mozilla/5.0 AppleWebKit/537.36 (KHTML, like Gecko; compatible; bingbot/2.0; +http://www.bing.com/bingbot.htm) Chrome/103.0.5060.134 Safari/537.36" "www.ysfine.com"
207.46.13.31 - - [18/Jan/2023:01:36:32 -0800] "GET /bio/style/artlove.html HTTP/1.1" 404 88 "-" "Mozilla/5.0 AppleWebKit/537.36 (KHTML, like Gecko; compatible; bingbot/2.0; +http://www.bing.com/bingbot.htm) Chrome/103.0.5060.134 Safari/537.36" "ysfine.com"
66.249.66.43 - - [18/Jan/2023:01:36:45 -0800] "GET /world/russ/minskf09.jpg HTTP/1.1" 200 114517 "-" "Googlebot-Image/1.0" "ysfine.com"
44.203.11.113 - - [18/Jan/2023:01:36:51 -0800] "GET / HTTP/1.1" 200 5295 "-" "Mozilla/5.0 (compatible; Newslitbot/0.1; +https://www.newslit.co)" "ysfine.com"
207.46.13.31 - - [18/Jan/2023:01:36:55 -0800] "GET /bio/sbk/1950.html HTTP/1.1" 404 88 "-" "Mozilla/5.0 (compatible; bingbot/2.0; +http://www.bing.com/bingbot.htm)" "ysfine.com"
44.204.250.114 - - [18/Jan/2023:01:36:56 -0800] "GET /robots.txt HTTP/1.1" 404 88 "-" "Apache-HttpClient/4.5.3 (Java/1.8.0_292)" "ysfine.com"
99.36.191.165 - - [18/Jan/2023:01:37:16 -0800] "GET /kowar/panmun04.jpg HTTP/1.1" 200 126386 "https://www.google.com/" "Mozilla/5.0 (iPhone; CPU iPhone OS 16_1 like Mac OS X) AppleWebKit/605.1.15 (KHTML, like Gecko) CriOS/104.0.5112.99 Mobile/15E148 Safari/604.1" "ysfine.com"
51.222.253.3 - - [18/Jan/2023:01:37:27 -0800] "GET /class54/class5470/total_data/sub_8181.htm HTTP/1.1" 200 3496 "-" "Mozilla/5.0 (compatible; AhrefsBot/7.0; +http://ahrefs.com/robot/)" "ysfine.com"
66.249.66.44 - - [18/Jan/2023:01:37:33 -0800] "GET /world/russ/bachkova11b.jpg HTTP/1.1" 200 45475 "-" "Googlebot-Image/1.0" "ysfine.com"
157.55.39.72 - - [18/Jan/2023:01:38:31 -0800] "GET /bio.html HTTP/1.1" 200 18260 "-" "Mozilla/5.0 (compatible; bingbot/2.0; +http://www.bing.com/bingbot.htm)" "ysfine.com"
66.249.66.40 - - [18/Jan/2023:01:38:38 -0800] "GET /world/baltic/lithu20.jpg HTTP/1.1" 304 - "-" "Googlebot-Image/1.0" "ysfine.com"
213.180.203.3 - - [18/Jan/2023:01:39:53 -0800] "GET /robots.txt HTTP/1.1" 404 73 "-" "Mozilla/5.0 (compatible; YandexBot/3.0; +http://yandex.com/bots)" "www.ysfine.com"
213.180.203.3 - - [18/Jan/2023:01:39:57 -0800] "GET /class54/tallman.html HTTP/1.1" 200 5912 "-" "Mozilla/5.0 (compatible; YandexBot/3.0; +http://yandex.com/bots) AppleWebKit/537.36 (KHTML, like Gecko) Chrome/81.0.4044.268" "www.ysfine.com"
51.222.253.1 - - [18/Jan/2023:01:40:02 -0800] "GET /fbook/einstein.html HTTP/1.1" 200 3545 "-" "Mozilla/5.0 (compatible; AhrefsBot/7.0; +http://ahrefs.com/robot/)" "ysfine.com"
51.222.253.13 - - [18/Jan/2023:01:40:03 -0800] "GET /eink/pwk19a.jpg HTTP/1.1" 200 219122 "-" "Mozilla/5.0 (compatible; AhrefsBot/7.0; +http://ahrefs.com/robot/)" "ysfine.com"
51.222.253.19 - - [18/Jan/2023:01:40:04 -0800] "GET /fbook/rheepr01c.jpg HTTP/1.1" 200 33538 "-" "Mozilla/5.0 (compatible; AhrefsBot/7.0; +http://ahrefs.com/robot/)" "ysfine.com"
