51.222.253.5 - - [18/Jan/2023:05:11:53 -0800] "GET /home/fotos/photo00c.jpg HTTP/1.1" 200 34216 "-" "Mozilla/5.0 (compatible; AhrefsBot/7.0; +http://ahrefs.com/robot/)" "ysfine.com"
51.222.253.17 - - [18/Jan/2023:05:11:53 -0800] "GET /wdc/jeffm02c.jpg HTTP/1.1" 200 27659 "-" "Mozilla/5.0 (compatible; AhrefsBot/7.0; +http://ahrefs.com/robot/)" "ysfine.com"
51.222.253.6 - - [18/Jan/2023:05:11:53 -0800] "GET /home/fotos/campus06c.jpg HTTP/1.1" 200 49136 "-" "Mozilla/5.0 (compatible; AhrefsBot/7.0; +http://ahrefs.com/robot/)" "ysfine.com"
51.222.253.3 - - [18/Jan/2023:05:11:54 -0800] "GET /fotos/wsj450.jpg HTTP/1.1" 200 68132 "-" "Mozilla/5.0 (compatible; AhrefsBot/7.0; +http://ahrefs.com/robot/)" "ysfine.com"
207.46.13.31 - - [18/Jan/2023:05:11:54 -0800] "GET /home/onephys.html HTTP/1.1" 200 2527 "-" "Mozilla/5.0 (compatible; bingbot/2.0; +http://www.bing.com/bingbot.htm)" "ysfine.com"
51.222.253.7 - - [18/Jan/2023:05:11:54 -0800] "GET /fotos/photo12c.jpg HTTP/1.1" 200 31719 "-" "Mozilla/5.0 (compatible; AhrefsBot/7.0; +http://ahrefs.com/robot/)" "ysfine.com"
51.222.253.1 - - [18/Jan/2023:05:11:55 -0800] "GET /fotos/103c.jpg HTTP/1.1" 200 32825 "-" "Mozilla/5.0 (compatible; AhrefsBot/7.0; +http://ahrefs.com/robot/)" "ysfine.com"
51.222.253.6 - - [18/Jan/2023:05:11:55 -0800] "GET /fotos/photo05c.jpg HTTP/1.1" 200 39109 "-" "Mozilla/5.0 (compatible; AhrefsBot/7.0; +http://ahrefs.com/robot/)" "ysfine.com"
51.222.253.15 - - [18/Jan/2023:05:11:55 -0800] "GET /home/family66f.jpg HTTP/1.1" 200 102254 "-" "Mozilla/5.0 (compatible; AhrefsBot/7.0; +http://ahrefs.com/robot/)" "ysfine.com"
51.222.253.11 - - [18/Jan/2023:05:11:56 -0800] "GET /kobak/taylor11c.jpg HTTP/1.1" 200 37695 "-" "Mozilla/5.0 (compatible; AhrefsBot/7.0; +http://ahrefs.com/robot/)" "ysfine.com"
51.222.253.17 - - [18/Jan/2023:05:11:56 -0800] "GET /fotos/photo06c.jpg HTTP/1.1" 200 40796 "-" "Mozilla/5.0 (compatible; AhrefsBot/7.0; +http://ahrefs.com/robot/)" "ysfine.com"
51.222.253.5 - - [18/Jan/2023:05:11:57 -0800] "GET /style/bstring33c.jpg HTTP/1.1" 200 28940 "-" "Mozilla/5.0 (compatible; AhrefsBot/7.0; +http://ahrefs.com/robot/)" "ysfine.com"
51.222.253.3 - - [18/Jan/2023:05:11:57 -0800] "GET /yspapers/iop20c.jpg HTTP/1.1" 200 29134 "-" "Mozilla/5.0 (compatible; AhrefsBot/7.0; +http://ahrefs.com/robot/)" "ysfine.com"
51.222.253.9 - - [18/Jan/2023:05:11:58 -0800] "GET /home/sq600c.jpg HTTP/1.1" 200 18492 "-" "Mozilla/5.0 (compatible; AhrefsBot/7.0; +http://ahrefs.com/robot/)" "ysfine.com"
51.222.253.20 - - [18/Jan/2023:05:11:58 -0800] "GET /home/bew22f.jpg HTTP/1.1" 200 124596 "-" "Mozilla/5.0 (compatible; AhrefsBot/7.0; +http://ahrefs.com/robot/)" "ysfine.com"
51.222.253.4 - - [18/Jan/2023:05:11:58 -0800] "GET /home/yskim10c.jpg HTTP/1.1" 200 88826 "-" "Mozilla/5.0 (compatible; AhrefsBot/7.0; +http://ahrefs.com/robot/)" "ysfine.com"
51.222.253.5 - - [18/Jan/2023:05:11:59 -0800] "GET /home/fotos/gongdae54f.jpg HTTP/1.1" 200 88096 "-" "Mozilla/5.0 (compatible; AhrefsBot/7.0; +http://ahrefs.com/robot/)" "ysfine.com"
51.222.253.18 - - [18/Jan/2023:05:11:59 -0800] "GET /fotos/105c.jpg HTTP/1.1" 200 41825 "-" "Mozilla/5.0 (compatible; AhrefsBot/7.0; +http://ahrefs.com/robot/)" "ysfine.com"
51.222.253.17 - - [18/Jan/2023:05:12:00 -0800] "GET /fotos/101c.jpg HTTP/1.1" 200 37079 "-" "Mozilla/5.0 (compatible; AhrefsBot/7.0; +http://ahrefs.com/robot/)" "ysfine.com"
51.222.253.6 - - [18/Jan/2023:05:12:00 -0800] "GET /fotos/photo04c.jpg HTTP/1.1" 200 39964 "-" "Mozilla/5.0 (compatible; AhrefsBot/7.0; +http://ahrefs.com/robot/)" "ysfine.com"
51.222.253.2 - - [18/Jan/2023:05:12:01 -0800] "GET /home/fotos/korjap03c.jpg HTTP/1.1" 200 24308 "-" "Mozilla/5.0 (compatible; AhrefsBot/7.0; +http://ahrefs.com/robot/)" "ysfine.com"
51.222.253.1 - - [18/Jan/2023:05:12:01 -0800] "GET /home/resonance33c.jpg HTTP/1.1" 200 36247 "-" "Mozilla/5.0 (compatible; AhrefsBot/7.0; +http://ahrefs.com/robot/)" "ysfine.com"
51.222.253.6 - - [18/Jan/2023:05:12:01 -0800] "GET /dirac/truck/truck18c.jpg HTTP/1.1" 200 32663 "-" "Mozilla/5.0 (compatible; AhrefsBot/7.0; +http://ahrefs.com/robot/)" "ysfine.com"
51.222.253.19 - - [18/Jan/2023:05:12:02 -0800] "GET /fotos/photo03c.jpg HTTP/1.1" 200 23013 "-" "Mozilla/5.0 (compatible; AhrefsBot/7.0; +http://ahrefs.com/robot/)" "ysfine.com"
51.222.253.14 - - [18/Jan/2023:05:12:02 -0800] "GET /sbk/1987pr22d.jpg HTTP/1.1" 200 69031 "-" "Mozilla/5.0 (compatible; AhrefsBot/7.0; +http://ahrefs.com/robot/)" "ysfine.com"
51.222.253.3 - - [18/Jan/2023:05:12:03 -0800] "GET /home/eward55f.jpg HTTP/1.1" 200 122802 "-" "Mozilla/5.0 (compatible; AhrefsBot/7.0; +http://ahrefs.com/robot/)" "ysfine.com"
51.222.253.3 - - [18/Jan/2023:05:12:03 -0800] "GET /princeton/ysrhee33c.jpg HTTP/1.1" 200 26817 "-" "Mozilla/5.0 (compatible; AhrefsBot/7.0; +http://ahrefs.com/robot/)" "ysfine.com"
51.222.253.12 - - [18/Jan/2023:05:12:04 -0800] "GET /home/comet40c.jpg HTTP/1.1" 200 41188 "-" "Mozilla/5.0 (compatible; AhrefsBot/7.0; +http://ahrefs.com/robot/)" "ysfine.com"
51.222.253.19 - - [18/Jan/2023:05:12:06 -0800] "GET /fotos/kids20f.jpg HTTP/1.1" 200 103189 "-" "Mozilla/5.0 (compatible; AhrefsBot/7.0; +http://ahrefs.com/robot/)" "ysfine.com"
51.222.253.11 - - [18/Jan/2023:05:12:06 -0800] "GET /kobak/underw03c.jpg HTTP/1.1" 200 26805 "-" "Mozilla/5.0 (compatible; AhrefsBot/7.0; +http://ahrefs.com/robot/)" "ysfine.com"
51.222.253.3 - - [18/Jan/2023:05:12:06 -0800] "GET /wdc/eindc03c.jpg HTTP/1.1" 200 48446 "-" "Mozilla/5.0 (compatible; AhrefsBot/7.0; +http://ahrefs.com/robot/)" "ysfine.com"
51.222.253.16 - - [18/Jan/2023:05:12:07 -0800] "GET /wigner/tollwig11c.jpg HTTP/1.1" 200 30497 "-" "Mozilla/5.0 (compatible; AhrefsBot/7.0; +http://ahrefs.com/robot/)" "ysfine.com"
51.222.253.13 - - [18/Jan/2023:05:12:07 -0800] "GET /princeton/yspr61c.jpg HTTP/1.1" 200 27257 "-" "Mozilla/5.0 (compatible; AhrefsBot/7.0; +http://ahrefs.com/robot/)" "ysfine.com"
51.222.253.17 - - [18/Jan/2023:05:12:08 -0800] "GET /fotos/dirfeyn62c.jpg HTTP/1.1" 200 52150 "-" "Mozilla/5.0 (compatible; AhrefsBot/7.0; +http://ahrefs.com/robot/)" "ysfine.com"
51.222.253.1 - - [18/Jan/2023:05:12:08 -0800] "GET /fotos/104c.jpg HTTP/1.1" 200 35089 "-" "Mozilla/5.0 (compatible; AhrefsBot/7.0; +http://ahrefs.com/robot/)" "ysfine.com"
51.222.253.3 - - [18/Jan/2023:05:12:08 -0800] "GET /dirac/dirbust22c.jpg HTTP/1.1" 200 36029 "-" "Mozilla/5.0 (compatible; AhrefsBot/7.0; +http://ahrefs.com/robot/)" "ysfine.com"
51.222.253.19 - - [18/Jan/2023:05:12:09 -0800] "GET /fotos/marxlon02c.jpg HTTP/1.1" 200 47919 "-" "Mozilla/5.0 (compatible; AhrefsBot/7.0; +http://ahrefs.com/robot/)" "ysfine.com"
51.222.253.7 - - [18/Jan/2023:05:12:09 -0800] "GET /home/canal55c.jpg HTTP/1.1" 200 41665 "-" "Mozilla/5.0 (compatible; AhrefsBot/7.0; +http://ahrefs.com/robot/)" "ysfine.com"
207.46.13.3 - - [18/Jan/2023:05:12:43 -0800] "GET /bio/einstein/bern.html HTTP/1.1" 404 88 "-" "Mozilla/5.0 AppleWebKit/537.36 (KHTML, like Gecko; compatible; bingbot/2.0; +http://www.bing.com/bingbot.htm) Chrome/103.0.5060.134 Safari/537.36" "ysfine.com"
95.163.255.90 - - [18/Jan/2023:05:12:43 -0800] "GET /world/germany/hofbrau33b.jpg HTTP/1.1" 200 51219 "http://go.mail.ru/search_images" "Mozilla/5.0 (compatible; Linux x86_64; Mail.RU_Bot/Img/2.0; +https://help.mail.ru/webmaster/indexing/robots)" "ysfine.com"
51.222.253.1 - - [18/Jan/2023:05:13:56 -0800] "GET /world/berlin.html HTTP/1.1" 200 16173 "-" "Mozilla/5.0 (compatible; AhrefsBot/7.0; +http://ahrefs.com/robot/)" "ysfine.com"
51.222.253.18 - - [18/Jan/2023:05:13:58 -0800] "GET /world/germany/oktf01b.jpg HTTP/1.1" 200 53744 "-" "Mozilla/5.0 (compatible; AhrefsBot/7.0; +http://ahrefs.com/robot/)" "ysfine.com"
51.222.253.2 - - [18/Jan/2023:05:13:58 -0800] "GET /world/germany/berlin017b.jpg HTTP/1.1" 200 39664 "-" "Mozilla/5.0 (compatible; AhrefsBot/7.0; +http://ahrefs.com/robot/)" "ysfine.com"
51.222.253.4 - - [18/Jan/2023:05:13:59 -0800] "GET /world/germany/berlin047b.jpg HTTP/1.1" 200 27592 "-" "Mozilla/5.0 (compatible; AhrefsBot/7.0; +http://ahrefs.com/robot/)" "ysfine.com"
51.222.253.5 - - [18/Jan/2023:05:13:59 -0800] "GET /world/germany/tubw10b.jpg HTTP/1.1" 200 34869 "-" "Mozilla/5.0 (compatible; AhrefsBot/7.0; +http://ahrefs.com/robot/)" "ysfine.com"
51.222.253.8 - - [18/Jan/2023:05:14:00 -0800] "GET /world/germany/tub35b.jpg HTTP/1.1" 200 37499 "-" "Mozilla/5.0 (compatible; AhrefsBot/7.0; +http://ahrefs.com/robot/)" "ysfine.com"
51.222.253.5 - - [18/Jan/2023:05:14:00 -0800] "GET /world/germany/berlin014b.jpg HTTP/1.1" 200 43531 "-" "Mozilla/5.0 (compatible; AhrefsBot/7.0; +http://ahrefs.com/robot/)" "ysfine.com"
51.222.253.1 - - [18/Jan/2023:05:14:00 -0800] "GET /world/germany/berlin111b.jpg HTTP/1.1" 200 46593 "-" "Mozilla/5.0 (compatible; AhrefsBot/7.0; +http://ahrefs.com/robot/)" "ysfine.com"
51.222.253.13 - - [18/Jan/2023:05:14:01 -0800] "GET /world/germany/berlin028b.jpg HTTP/1.1" 200 35976 "-" "Mozilla/5.0 (compatible; AhrefsBot/7.0; +http://ahrefs.com/robot/)" "ysfine.com"
51.222.253.1 - - [18/Jan/2023:05:14:01 -0800] "GET /world/germany/tumap11b.jpg HTTP/1.1" 200 609155 "-" "Mozilla/5.0 (compatible; AhrefsBot/7.0; +http://ahrefs.com/robot/)" "ysfine.com"
51.222.253.8 - - [18/Jan/2023:05:14:02 -0800] "GET /world/germany/bisma03b.jpg HTTP/1.1" 200 50499 "-" "Mozilla/5.0 (compatible; AhrefsBot/7.0; +http://ahrefs.com/robot/)" "ysfine.com"
51.222.253.16 - - [18/Jan/2023:05:14:02 -0800] "GET /world/germany/tubw31b.jpg HTTP/1.1" 200 48891 "-" "Mozilla/5.0 (compatible; AhrefsBot/7.0; +http://ahrefs.com/robot/)" "ysfine.com"
80.187.83.144 - - [18/Jan/2023:05:14:03 -0800] "GET /wigner/wiglittle.pdf HTTP/1.1" 200 2659296 "https://www.google.de/" "Mozilla/5.0 (iPhone; CPU iPhone OS 16_1_2 like Mac OS X) AppleWebKit/605.1.15 (KHTML, like Gecko) Version/16.1 Mobile/15E148 Safari/604.1" "ysfine.com"
51.222.253.7 - - [18/Jan/2023:05:14:03 -0800] "GET /world/germany/egypmu02b.jpg HTTP/1.1" 200 31047 "-" "Mozilla/5.0 (compatible; AhrefsBot/7.0; +http://ahrefs.com/robot/)" "ysfine.com"
51.222.253.17 - - [18/Jan/2023:05:14:03 -0800] "GET /world/germany/humboldt07b.jpg HTTP/1.1" 200 48410 "-" "Mozilla/5.0 (compatible; AhrefsBot/7.0; +http://ahrefs.com/robot/)" "ysfine.com"
51.222.253.2 - - [18/Jan/2023:05:14:04 -0800] "GET /world/germany/berlin151b.jpg HTTP/1.1" 200 47259 "-" "Mozilla/5.0 (compatible; AhrefsBot/7.0; +http://ahrefs.com/robot/)" "ysfine.com"
51.222.253.7 - - [18/Jan/2023:05:14:05 -0800] "GET /world/germany/berlin003b.jpg HTTP/1.1" 200 32184 "-" "Mozilla/5.0 (compatible; AhrefsBot/7.0; +http://ahrefs.com/robot/)" "ysfine.com"
51.222.253.8 - - [18/Jan/2023:05:14:05 -0800] "GET /world/germany/berlin035b.jpg HTTP/1.1" 200 40754 "-" "Mozilla/5.0 (compatible; AhrefsBot/7.0; +http://ahrefs.com/robot/)" "ysfine.com"
51.222.253.3 - - [18/Jan/2023:05:14:06 -0800] "GET /world/germany/humboldt27b.jpg HTTP/1.1" 200 45302 "-" "Mozilla/5.0 (compatible; AhrefsBot/7.0; +http://ahrefs.com/robot/)" "ysfine.com"
51.222.253.6 - - [18/Jan/2023:05:14:06 -0800] "GET /world/germany/berlin115b.jpg HTTP/1.1" 200 47916 "-" "Mozilla/5.0 (compatible; AhrefsBot/7.0; +http://ahrefs.com/robot/)" "ysfine.com"
51.222.253.7 - - [18/Jan/2023:05:14:06 -0800] "GET /world/germany/berlin107b.jpg HTTP/1.1" 200 51012 "-" "Mozilla/5.0 (compatible; AhrefsBot/7.0; +http://ahrefs.com/robot/)" "ysfine.com"
51.222.253.17 - - [18/Jan/2023:05:14:07 -0800] "GET /world/germany/tub12b.jpg HTTP/1.1" 200 43175 "-" "Mozilla/5.0 (compatible; AhrefsBot/7.0; +http://ahrefs.com/robot/)" "ysfine.com"
51.222.253.11 - - [18/Jan/2023:05:14:07 -0800] "GET /world/germany/perga15b.jpg HTTP/1.1" 200 35319 "-" "Mozilla/5.0 (compatible; AhrefsBot/7.0; +http://ahrefs.com/robot/)" "ysfine.com"
51.222.253.11 - - [18/Jan/2023:05:14:08 -0800] "GET /world/germany/perga06b.jpg HTTP/1.1" 200 40224 "-" "Mozilla/5.0 (compatible; AhrefsBot/7.0; +http://ahrefs.com/robot/)" "ysfine.com"
51.222.253.9 - - [18/Jan/2023:05:14:10 -0800] "GET /world/germany/perga26b.jpg HTTP/1.1" 200 35624 "-" "Mozilla/5.0 (compatible; AhrefsBot/7.0; +http://ahrefs.com/robot/)" "ysfine.com"
51.222.253.12 - - [18/Jan/2023:05:14:10 -0800] "GET /world/germany/tub16b.jpg HTTP/1.1" 200 36437 "-" "Mozilla/5.0 (compatible; AhrefsBot/7.0; +http://ahrefs.com/robot/)" "ysfine.com"
51.222.253.1 - - [18/Jan/2023:05:14:11 -0800] "GET /world/germany/berlin000b.jpg HTTP/1.1" 200 29025 "-" "Mozilla/5.0 (compatible; AhrefsBot/7.0; +http://ahrefs.com/robot/)" "ysfine.com"
51.222.253.15 - - [18/Jan/2023:05:14:11 -0800] "GET /world/germany/berlin161b.jpg HTTP/1.1" 200 47556 "-" "Mozilla/5.0 (compatible; AhrefsBot/7.0; +http://ahrefs.com/robot/)" "ysfine.com"
51.222.253.14 - - [18/Jan/2023:05:14:12 -0800] "GET /world/germany/bisma18b.jpg HTTP/1.1" 200 32436 "-" "Mozilla/5.0 (compatible; AhrefsBot/7.0; +http://ahrefs.com/robot/)" "ysfine.com"
51.222.253.13 - - [18/Jan/2023:05:14:12 -0800] "GET /world/russ/czar05b.jpg HTTP/1.1" 200 43498 "-" "Mozilla/5.0 (compatible; AhrefsBot/7.0; +http://ahrefs.com/robot/)" "ysfine.com"
51.222.253.10 - - [18/Jan/2023:05:14:12 -0800] "GET /world/germany/tub10b.jpg HTTP/1.1" 200 43201 "-" "Mozilla/5.0 (compatible; AhrefsBot/7.0; +http://ahrefs.com/robot/)" "ysfine.com"
51.222.253.20 - - [18/Jan/2023:05:14:13 -0800] "GET /world/germany/berlin034b.jpg HTTP/1.1" 200 28639 "-" "Mozilla/5.0 (compatible; AhrefsBot/7.0; +http://ahrefs.com/robot/)" "ysfine.com"
51.222.253.10 - - [18/Jan/2023:05:14:14 -0800] "GET /world/germany/berlin008b.jpg HTTP/1.1" 200 38076 "-" "Mozilla/5.0 (compatible; AhrefsBot/7.0; +http://ahrefs.com/robot/)" "ysfine.com"
40.77.167.80 - - [18/Jan/2023:05:14:14 -0800] "GET /wigner/wigkim650.html HTTP/1.1" 200 411 "-" "Mozilla/5.0 (compatible; bingbot/2.0; +http://www.bing.com/bingbot.htm)" "ysfine.com"
51.222.253.6 - - [18/Jan/2023:05:14:14 -0800] "GET /world/germany/berlino11b.jpg HTTP/1.1" 200 29700 "-" "Mozilla/5.0 (compatible; AhrefsBot/7.0; +http://ahrefs.com/robot/)" "ysfine.com"
51.222.253.3 - - [18/Jan/2023:05:14:14 -0800] "GET /world/germany/berlino04b.jpg HTTP/1.1" 200 41909 "-" "Mozilla/5.0 (compatible; AhrefsBot/7.0; +http://ahrefs.com/robot/)" "ysfine.com"
51.222.253.14 - - [18/Jan/2023:05:14:15 -0800] "GET /world/germany/berlin051b.jpg HTTP/1.1" 200 36415 "-" "Mozilla/5.0 (compatible; AhrefsBot/7.0; +http://ahrefs.com/robot/)" "ysfine.com"
51.222.253.16 - - [18/Jan/2023:05:14:15 -0800] "GET /world/germany/bisma33b.jpg HTTP/1.1" 200 43205 "-" "Mozilla/5.0 (compatible; AhrefsBot/7.0; +http://ahrefs.com/robot/)" "ysfine.com"
51.222.253.17 - - [18/Jan/2023:05:14:15 -0800] "GET /world/germany/berlino29b.jpg HTTP/1.1" 200 44022 "-" "Mozilla/5.0 (compatible; AhrefsBot/7.0; +http://ahrefs.com/robot/)" "ysfine.com"
51.222.253.13 - - [18/Jan/2023:05:14:16 -0800] "GET /world/germany/berlino25b.jpg HTTP/1.1" 200 33449 "-" "Mozilla/5.0 (compatible; AhrefsBot/7.0; +http://ahrefs.com/robot/)" "ysfine.com"
51.222.253.19 - - [18/Jan/2023:05:14:16 -0800] "GET /world/germany/berlin175b.jpg HTTP/1.1" 200 48558 "-" "Mozilla/5.0 (compatible; AhrefsBot/7.0; +http://ahrefs.com/robot/)" "ysfine.com"
51.222.253.3 - - [18/Jan/2023:05:14:17 -0800] "GET /world/germany/tumap22a.jpg HTTP/1.1" 200 601035 "-" "Mozilla/5.0 (compatible; AhrefsBot/7.0; +http://ahrefs.com/robot/)" "ysfine.com"
51.222.253.9 - - [18/Jan/2023:05:14:17 -0800] "GET /world/germany/humboldt00b.jpg HTTP/1.1" 200 32698 "-" "Mozilla/5.0 (compatible; AhrefsBot/7.0; +http://ahrefs.com/robot/)" "ysfine.com"
51.222.253.11 - - [18/Jan/2023:05:14:18 -0800] "GET /world/germany/hegelb05b.jpg HTTP/1.1" 200 58611 "-" "Mozilla/5.0 (compatible; AhrefsBot/7.0; +http://ahrefs.com/robot/)" "ysfine.com"
51.222.253.14 - - [18/Jan/2023:05:14:18 -0800] "GET /world/germany/bisma11b.jpg HTTP/1.1" 200 42191 "-" "Mozilla/5.0 (compatible; AhrefsBot/7.0; +http://ahrefs.com/robot/)" "ysfine.com"
51.222.253.7 - - [18/Jan/2023:05:14:19 -0800] "GET /world/germany/tubw12b.jpg HTTP/1.1" 200 35080 "-" "Mozilla/5.0 (compatible; AhrefsBot/7.0; +http://ahrefs.com/robot/)" "ysfine.com"
51.222.253.10 - - [18/Jan/2023:05:14:19 -0800] "GET /world/germany/berlin021b.jpg HTTP/1.1" 200 40672 "-" "Mozilla/5.0 (compatible; AhrefsBot/7.0; +http://ahrefs.com/robot/)" "ysfine.com"
51.222.253.3 - - [18/Jan/2023:05:14:19 -0800] "GET /world/germany/humboldt03b.jpg HTTP/1.1" 200 43162 "-" "Mozilla/5.0 (compatible; AhrefsBot/7.0; +http://ahrefs.com/robot/)" "ysfine.com"
51.222.253.14 - - [18/Jan/2023:05:14:20 -0800] "GET /world/germany/berlin031b.jpg HTTP/1.1" 200 27606 "-" "Mozilla/5.0 (compatible; AhrefsBot/7.0; +http://ahrefs.com/robot/)" "ysfine.com"
51.222.253.6 - - [18/Jan/2023:05:14:20 -0800] "GET /wigner/wigjad11b.jpg HTTP/1.1" 200 36061 "-" "Mozilla/5.0 (compatible; AhrefsBot/7.0; +http://ahrefs.com/robot/)" "ysfine.com"
51.222.253.19 - - [18/Jan/2023:05:14:21 -0800] "GET /world/germany/berlinmus36b.jpg HTTP/1.1" 200 36317 "-" "Mozilla/5.0 (compatible; AhrefsBot/7.0; +http://ahrefs.com/robot/)" "ysfine.com"
51.222.253.13 - - [18/Jan/2023:05:14:21 -0800] "GET /world/germany/berlin101b.jpg HTTP/1.1" 200 46899 "-" "Mozilla/5.0 (compatible; AhrefsBot/7.0; +http://ahrefs.com/robot/)" "ysfine.com"
51.222.253.20 - - [18/Jan/2023:05:14:22 -0800] "GET /world/germany/berlin181b.jpg HTTP/1.1" 200 50384 "-" "Mozilla/5.0 (compatible; AhrefsBot/7.0; +http://ahrefs.com/robot/)" "ysfine.com"
51.222.253.11 - - [18/Jan/2023:05:14:22 -0800] "GET /world/germany/berlinf01b.jpg HTTP/1.1" 200 36338 "-" "Mozilla/5.0 (compatible; AhrefsBot/7.0; +http://ahrefs.com/robot/)" "ysfine.com"
51.222.253.8 - - [18/Jan/2023:05:14:22 -0800] "GET /world/germany/humboldt25b.jpg HTTP/1.1" 200 43821 "-" "Mozilla/5.0 (compatible; AhrefsBot/7.0; +http://ahrefs.com/robot/)" "ysfine.com"
51.222.253.20 - - [18/Jan/2023:05:14:23 -0800] "GET /world/germany/berlino15b.jpg HTTP/1.1" 200 37409 "-" "Mozilla/5.0 (compatible; AhrefsBot/7.0; +http://ahrefs.com/robot/)" "ysfine.com"
51.222.253.17 - - [18/Jan/2023:05:14:23 -0800] "GET /world/germany/berlin029b.jpg HTTP/1.1" 200 34931 "-" "Mozilla/5.0 (compatible; AhrefsBot/7.0; +http://ahrefs.com/robot/)" "ysfine.com"
51.222.253.16 - - [18/Jan/2023:05:14:23 -0800] "GET /world/germany/berlinmus21b.jpg HTTP/1.1" 200 35257 "-" "Mozilla/5.0 (compatible; AhrefsBot/7.0; +http://ahrefs.com/robot/)" "ysfine.com"
51.222.253.20 - - [18/Jan/2023:05:14:24 -0800] "GET /world/germany/berlin122b.jpg HTTP/1.1" 200 54679 "-" "Mozilla/5.0 (compatible; AhrefsBot/7.0; +http://ahrefs.com/robot/)" "ysfine.com"
207.46.13.3 - - [18/Jan/2023:05:15:13 -0800] "GET /world/russ/mosriver.html HTTP/1.1" 200 446 "-" "Mozilla/5.0 AppleWebKit/537.36 (KHTML, like Gecko; compatible; bingbot/2.0; +http://www.bing.com/bingbot.htm) Chrome/103.0.5060.134 Safari/537.36" "ysfine.com"
120.158.139.83 - - [18/Jan/2023:05:15:32 -0800] "GET /heisen/bohrheisen11.jpg HTTP/1.1" 200 104546 "https://www.google.com.au/" "Mozilla/5.0 (Macintosh; Intel Mac OS X 10_15_7) AppleWebKit/537.36 (KHTML, like Gecko) Chrome/108.0.0.0 Safari/537.36 Edg/108.0.1462.76" "ysfine.com"
51.222.253.3 - - [18/Jan/2023:05:15:47 -0800] "GET / HTTP/1.1" 200 5295 "-" "Mozilla/5.0 (compatible; AhrefsBot/7.0; +http://ahrefs.com/robot/)" "ysfine.com"
14.163.105.82 - - [18/Jan/2023:05:16:11 -0800] "GET /feynman/feychin.jpg HTTP/1.1" 200 33472 "https://www.google.com/" "Mozilla/5.0 (Linux; Android 13; Pixel 5) AppleWebKit/537.36 (KHTML, like Gecko) Chrome/109.0.0.0 Mobile Safari/537.36" "ysfine.com"
66.249.66.3 - - [18/Jan/2023:05:16:17 -0800] "GET /world/places/ulm27.jpg HTTP/1.1" 200 81790 "-" "Googlebot-Image/1.0" "ysfine.com"
207.46.13.3 - - [18/Jan/2023:05:17:54 -0800] "GET /bio/kobak/namdae.html HTTP/1.1" 404 88 "-" "Mozilla/5.0 (compatible; bingbot/2.0; +http://www.bing.com/bingbot.htm)" "ysfine.com"
80.187.83.144 - - [18/Jan/2023:05:17:56 -0800] "GET /wigner/wiglittle.pdf HTTP/1.1" 200 2659296 "https://www.google.de/" "Mozilla/5.0 (iPhone; CPU iPhone OS 16_1_2 like Mac OS X) AppleWebKit/605.1.15 (KHTML, like Gecko) Version/16.1 Mobile/15E148 Safari/604.1" "ysfine.com"
95.163.255.100 - - [18/Jan/2023:05:18:11 -0800] "GET /wigner/neum/pvn05.jpg HTTP/1.1" 200 219501 "http://go.mail.ru/search_images" "Mozilla/5.0 (compatible; Linux x86_64; Mail.RU_Bot/Img/2.0; +https://help.mail.ru/webmaster/indexing/robots)" "ysfine.com"
51.222.253.20 - - [18/Jan/2023:05:18:46 -0800] "GET /class54/class5470/total_data/sub_884.htm HTTP/1.1" 200 3510 "-" "Mozilla/5.0 (compatible; AhrefsBot/7.0; +http://ahrefs.com/robot/)" "ysfine.com"
40.77.167.13 - - [18/Jan/2023:05:19:45 -0800] "GET /style/venuspics.html HTTP/1.1" 200 794 "-" "Mozilla/5.0 AppleWebKit/537.36 (KHTML, like Gecko; compatible; bingbot/2.0; +http://www.bing.com/bingbot.htm) Chrome/103.0.5060.134 Safari/537.36" "ysfine.com"
207.46.13.31 - - [18/Jan/2023:05:20:04 -0800] "GET /world/ital/romef010.jpg HTTP/1.1" 200 92951 "-" "Mozilla/5.0 (compatible; bingbot/2.0; +http://www.bing.com/bingbot.htm)" "www.ysfine.com"
40.77.167.13 - - [18/Jan/2023:05:20:28 -0800] "GET /bio/wigner/e(2).html HTTP/1.1" 404 88 "-" "Mozilla/5.0 AppleWebKit/537.36 (KHTML, like Gecko; compatible; bingbot/2.0; +http://www.bing.com/bingbot.htm) Chrome/103.0.5060.134 Safari/537.36" "ysfine.com"
40.77.167.80 - - [18/Jan/2023:05:20:56 -0800] "GET /friends/japanf.html HTTP/1.1" 404 88 "-" "Mozilla/5.0 AppleWebKit/537.36 (KHTML, like Gecko; compatible; bingbot/2.0; +http://www.bing.com/bingbot.htm) Chrome/103.0.5060.134 Safari/537.36" "ysfine.com"
114.119.128.126 - - [18/Jan/2023:05:21:18 -0800] "GET /kobak/underw81.pdf HTTP/1.1" 200 2013682 "https://ysfine.com/kobak/soraech.html" "Mozilla/5.0 (Linux; Android 7.0;) AppleWebKit/537.36 (KHTML, like Gecko) Mobile Safari/537.36 (compatible; PetalBot;+https://webmaster.petalsearch.com/site/petalbot)" "ysfine.com"
207.46.13.31 - - [18/Jan/2023:05:21:24 -0800] "GET /bio/kobak/yskor.html HTTP/1.1" 404 88 "-" "Mozilla/5.0 AppleWebKit/537.36 (KHTML, like Gecko; compatible; bingbot/2.0; +http://www.bing.com/bingbot.htm) Chrome/103.0.5060.134 Safari/537.36" "ysfine.com"
54.236.1.13 - - [18/Jan/2023:05:21:29 -0800] "GET /robots.txt HTTP/1.1" 404 88 "-" "Mozilla/5.0 (compatible; Pinterestbot/1.0; +http://www.pinterest.com/bot.html)" "ysfine.com"
54.236.1.13 - - [18/Jan/2023:05:21:29 -0800] "GET /feynman/feygell.html HTTP/1.1" 200 4714 "-" "Mozilla/5.0 (compatible; Pinterestbot/1.0; +http://www.pinterest.com/bot.html)" "ysfine.com"
51.222.253.16 - - [18/Jan/2023:05:21:39 -0800] "GET /class54/class5470/total_data/sub_887.htm HTTP/1.1" 200 3510 "-" "Mozilla/5.0 (compatible; AhrefsBot/7.0; +http://ahrefs.com/robot/)" "ysfine.com"
40.77.167.13 - - [18/Jan/2023:05:22:05 -0800] "GET /yspapers/kno79.pdf HTTP/1.1" 304 - "-" "Mozilla/5.0 AppleWebKit/537.36 (KHTML, like Gecko; compatible; bingbot/2.0; +http://www.bing.com/bingbot.htm) Chrome/103.0.5060.134 Safari/537.36" "www.ysfine.com"
114.119.146.16 - - [18/Jan/2023:05:22:32 -0800] "GET /home/passport11c.jpg HTTP/1.1" 200 81785 "https://www.ysfine.com/bio04.html" "Mozilla/5.0 (Linux; Android 7.0;) AppleWebKit/537.36 (KHTML, like Gecko) Mobile Safari/537.36 (compatible; PetalBot;+https://webmaster.petalsearch.com/site/petalbot)" "www.ysfine.com"
87.250.224.130 - - [18/Jan/2023:05:22:40 -0800] "GET /mose/ HTTP/1.1" 404 88 "-" "Mozilla/5.0 (compatible; YandexBot/3.0; +http://yandex.com/bots) AppleWebKit/537.36 (KHTML, like Gecko) Chrome/81.0.4044.268" "www.ysfine.com"
157.46.140.100 - - [18/Jan/2023:05:22:41 -0800] "GET /home/harmoarchi.html HTTP/1.1" 200 3686 "https://www.google.com/" "Mozilla/5.0 (Linux; Android 12; SM-E225F) AppleWebKit/537.36 (KHTML, like Gecko) Chrome/101.0.0.0 Mobile Safari/537.36" "ysfine.com"
157.46.140.100 - - [18/Jan/2023:05:22:42 -0800] "GET /wdc/jeffm02b.jpg HTTP/1.1" 200 32468 "https://ysfine.com/home/harmoarchi.html" "Mozilla/5.0 (Linux; Android 12; SM-E225F) AppleWebKit/537.36 (KHTML, like Gecko) Chrome/101.0.0.0 Mobile Safari/537.36" "ysfine.com"
157.46.140.100 - - [18/Jan/2023:05:22:42 -0800] "GET /style/venus11a.jpg HTTP/1.1" 200 76598 "https://ysfine.com/home/harmoarchi.html" "Mozilla/5.0 (Linux; Android 12; SM-E225F) AppleWebKit/537.36 (KHTML, like Gecko) Chrome/101.0.0.0 Mobile Safari/537.36" "ysfine.com"
157.46.140.100 - - [18/Jan/2023:05:22:42 -0800] "GET /wisdom/korart03b.jpg HTTP/1.1" 200 70101 "https://ysfine.com/home/harmoarchi.html" "Mozilla/5.0 (Linux; Android 12; SM-E225F) AppleWebKit/537.36 (KHTML, like Gecko) Chrome/101.0.0.0 Mobile Safari/537.36" "ysfine.com"
157.46.140.100 - - [18/Jan/2023:05:22:42 -0800] "GET /home/hyperell33b.jpg HTTP/1.1" 200 28132 "https://ysfine.com/home/harmoarchi.html" "Mozilla/5.0 (Linux; Android 12; SM-E225F) AppleWebKit/537.36 (KHTML, like Gecko) Chrome/101.0.0.0 Mobile Safari/537.36" "ysfine.com"
157.46.140.100 - - [18/Jan/2023:05:22:42 -0800] "GET /world/ital/vicenza04b.jpg HTTP/1.1" 200 45148 "https://ysfine.com/home/harmoarchi.html" "Mozilla/5.0 (Linux; Android 12; SM-E225F) AppleWebKit/537.36 (KHTML, like Gecko) Chrome/101.0.0.0 Mobile Safari/537.36" "ysfine.com"
157.46.140.100 - - [18/Jan/2023:05:22:45 -0800] "GET /home/harmoarchi.html HTTP/1.1" 304 - "https://www.google.com/" "Mozilla/5.0 (Linux; Android 12; SM-E225F) AppleWebKit/537.36 (KHTML, like Gecko) Chrome/101.0.0.0 Mobile Safari/537.36" "ysfine.com"
157.46.140.100 - - [18/Jan/2023:05:22:48 -0800] "GET /favicon.ico HTTP/1.1" 404 88 "https://ysfine.com/home/harmoarchi.html" "Mozilla/5.0 (Linux; Android 12; SM-E225F) AppleWebKit/537.36 (KHTML, like Gecko) Chrome/101.0.0.0 Mobile Safari/537.36" "ysfine.com"
185.191.171.10 - - [18/Jan/2023:05:22:50 -0800] "GET /feynman/restof.html HTTP/1.1" 200 4709 "-" "Mozilla/5.0 (compatible; SemrushBot/7~bl; +http://www.semrush.com/bot.html)" "www.ysfine.com"
207.46.13.176 - - [18/Jan/2023:05:24:01 -0800] "GET /bio/eink/buythisbook.html HTTP/1.1" 404 88 "-" "Mozilla/5.0 (compatible; bingbot/2.0; +http://www.bing.com/bingbot.htm)" "ysfine.com"
51.222.253.19 - - [18/Jan/2023:05:24:06 -0800] "GET /class54/class5470/total_data/sub_874.htm HTTP/1.1" 200 3510 "-" "Mozilla/5.0 (compatible; AhrefsBot/7.0; +http://ahrefs.com/robot/)" "ysfine.com"
40.77.167.13 - - [18/Jan/2023:05:24:08 -0800] "GET /friends/russif.html HTTP/1.1" 404 88 "-" "Mozilla/5.0 (compatible; bingbot/2.0; +http://www.bing.com/bingbot.htm)" "ysfine.com"
95.163.255.81 - - [18/Jan/2023:05:24:18 -0800] "GET /world/russ/spb13.jpg HTTP/1.1" 200 87256 "http://go.mail.ru/search_images" "Mozilla/5.0 (compatible; Linux x86_64; Mail.RU_Bot/Img/2.0; +https://help.mail.ru/webmaster/indexing/robots)" "ysfine.com"
207.46.13.31 - - [18/Jan/2023:05:25:05 -0800] "GET /einstein/einstring.html HTTP/1.1" 200 653 "-" "Mozilla/5.0 AppleWebKit/537.36 (KHTML, like Gecko; compatible; bingbot/2.0; +http://www.bing.com/bingbot.htm) Chrome/103.0.5060.134 Safari/537.36" "ysfine.com"
20.62.145.15 - - [18/Jan/2023:05:25:27 -0800] "GET /robots.txt HTTP/1.1" 404 88 "-" "python-requests/2.27.1" "ysfine.com"
207.46.13.3 - - [18/Jan/2023:05:25:34 -0800] "GET /friends/francef.html HTTP/1.1" 404 88 "-" "Mozilla/5.0 (compatible; bingbot/2.0; +http://www.bing.com/bingbot.htm)" "ysfine.com"
5.255.253.124 - - [18/Jan/2023:05:25:45 -0800] "GET /ffriends/airlines.html HTTP/1.1" 200 19033 "-" "Mozilla/5.0 (compatible; YandexBot/3.0; +http://yandex.com/bots) AppleWebKit/537.36 (KHTML, like Gecko) Chrome/81.0.4044.268" "www.ysfine.com"
38.142.176.2 - - [18/Jan/2023:05:25:53 -0800] "GET /kowar/tanks/tank54.jpg HTTP/1.1" 200 76330 "https://images.search.yahoo.com/yhs/search;_ylt=AwrCmmBH88dj13oAoSIPxQt.;_ylu=Y29sbwNiZjEEcG9zAzEEdnRpZAMEc2VjA3BpdnM-?p=tank&vm=r&type=dcf_1__alt__ddc_downloadconverterfree_com&hsimp=yhs-domaindev_ddc_extensions&hspart=domaindev&grd=1&ei=UTF-8&fr=yhs-domaindev-domaindev_ddc_extensions" "Mozilla/5.0 (X11; CrOS x86_64 15117.111.0) AppleWebKit/537.36 (KHTML, like Gecko) Chrome/107.0.0.0 Safari/537.36" "ysfine.com"
20.62.145.15 - - [18/Jan/2023:05:25:55 -0800] "GET /princeton/gcollege22.jpg HTTP/1.1" 200 75914 "-" "Mozilla/5.0 (Windows NT 10.0; Win64; x64) AppleWebKit/537.36 (KHTML, like Gecko) Chrome/76.0.3809.100 Safari/537.36" "ysfine.com"
40.77.167.13 - - [18/Jan/2023:05:26:15 -0800] "GET /world/russ/minskf14b.jpg HTTP/1.1" 200 34560 "-" "Mozilla/5.0 AppleWebKit/537.36 (KHTML, like Gecko; compatible; bingbot/2.0; +http://www.bing.com/bingbot.htm) Chrome/103.0.5060.134 Safari/537.36" "www.ysfine.com"
51.222.253.15 - - [18/Jan/2023:05:26:27 -0800] "GET /class54/class5470/total_data/sub_141.htm HTTP/1.1" 200 3289 "-" "Mozilla/5.0 (compatible; AhrefsBot/7.0; +http://ahrefs.com/robot/)" "www.ysfine.com"
207.46.13.31 - - [18/Jan/2023:05:26:56 -0800] "GET /bio/sbk/1950.html HTTP/1.1" 404 88 "-" "Mozilla/5.0 AppleWebKit/537.36 (KHTML, like Gecko; compatible; bingbot/2.0; +http://www.bing.com/bingbot.htm) Chrome/103.0.5060.134 Safari/537.36" "ysfine.com"
66.249.66.93 - - [18/Jan/2023:05:27:12 -0800] "GET /kowar/tanks/sherman43.jpg HTTP/1.1" 304 - "-" "Googlebot-Image/1.0" "ysfine.com"
207.46.13.31 - - [18/Jan/2023:05:27:33 -0800] "GET /world/russ/czar01b.jpg HTTP/1.1" 200 41980 "-" "Mozilla/5.0 AppleWebKit/537.36 (KHTML, like Gecko; compatible; bingbot/2.0; +http://www.bing.com/bingbot.htm) Chrome/103.0.5060.134 Safari/537.36" "www.ysfine.com"
17.241.219.190 - - [18/Jan/2023:05:27:43 -0800] "GET /einstein/einwheel53b.jpg HTTP/1.1" 200 47055 "-" "Mozilla/5.0 (Macintosh; Intel Mac OS X 10_15_5) AppleWebKit/605.1.15 (KHTML, like Gecko) Version/13.1.1 Safari/605.1.15 (Applebot/0.1; +http://www.apple.com/go/applebot)" "ysfine.com"
66.249.66.212 - - [18/Jan/2023:05:28:12 -0800] "GET /world/france/stras12.jpg HTTP/1.1" 304 - "-" "Googlebot-Image/1.0" "ysfine.com"
120.158.139.83 - - [18/Jan/2023:05:28:33 -0800] "GET /heisen/heisenberg.html HTTP/1.1" 200 10535 "https://www.google.com.au/" "Mozilla/5.0 (Macintosh; Intel Mac OS X 10_15_7) AppleWebKit/537.36 (KHTML, like Gecko) Chrome/108.0.0.0 Safari/537.36 Edg/108.0.1462.76" "ysfine.com"
120.158.139.83 - - [18/Jan/2023:05:28:33 -0800] "GET /heisen/heisen66c.jpg HTTP/1.1" 200 43543 "https://ysfine.com/heisen/heisenberg.html" "Mozilla/5.0 (Macintosh; Intel Mac OS X 10_15_7) AppleWebKit/537.36 (KHTML, like Gecko) Chrome/108.0.0.0 Safari/537.36 Edg/108.0.1462.76" "ysfine.com"
120.158.139.83 - - [18/Jan/2023:05:28:33 -0800] "GET /heisen/bohrheisen11c.jpg HTTP/1.1" 200 41289 "https://ysfine.com/heisen/heisenberg.html" "Mozilla/5.0 (Macintosh; Intel Mac OS X 10_15_7) AppleWebKit/537.36 (KHTML, like Gecko) Chrome/108.0.0.0 Safari/537.36 Edg/108.0.1462.76" "ysfine.com"
120.158.139.83 - - [18/Jan/2023:05:28:33 -0800] "GET /wigner/wigheis11c.jpg HTTP/1.1" 200 41279 "https://ysfine.com/heisen/heisenberg.html" "Mozilla/5.0 (Macintosh; Intel Mac OS X 10_15_7) AppleWebKit/537.36 (KHTML, like Gecko) Chrome/108.0.0.0 Safari/537.36 Edg/108.0.1462.76" "ysfine.com"
120.158.139.83 - - [18/Jan/2023:05:28:33 -0800] "GET /wigner/wighome11c.jpg HTTP/1.1" 200 45648 "https://ysfine.com/heisen/heisenberg.html" "Mozilla/5.0 (Macintosh; Intel Mac OS X 10_15_7) AppleWebKit/537.36 (KHTML, like Gecko) Chrome/108.0.0.0 Safari/537.36 Edg/108.0.1462.76" "ysfine.com"
120.158.139.83 - - [18/Jan/2023:05:28:33 -0800] "GET /heisen/heisen22c.jpg HTTP/1.1" 200 33300 "https://ysfine.com/heisen/heisenberg.html" "Mozilla/5.0 (Macintosh; Intel Mac OS X 10_15_7) AppleWebKit/537.36 (KHTML, like Gecko) Chrome/108.0.0.0 Safari/537.36 Edg/108.0.1462.76" "ysfine.com"
120.158.139.83 - - [18/Jan/2023:05:28:33 -0800] "GET /heisen/schroheisen33c.jpg HTTP/1.1" 200 47347 "https://ysfine.com/heisen/heisenberg.html" "Mozilla/5.0 (Macintosh; Intel Mac OS X 10_15_7) AppleWebKit/537.36 (KHTML, like Gecko) Chrome/108.0.0.0 Safari/537.36 Edg/108.0.1462.76" "ysfine.com"
120.158.139.83 - - [18/Jan/2023:05:28:33 -0800] "GET /einstein/einhouse11c.jpg HTTP/1.1" 200 32610 "https://ysfine.com/heisen/heisenberg.html" "Mozilla/5.0 (Macintosh; Intel Mac OS X 10_15_7) AppleWebKit/537.36 (KHTML, like Gecko) Chrome/108.0.0.0 Safari/537.36 Edg/108.0.1462.76" "ysfine.com"
120.158.139.83 - - [18/Jan/2023:05:28:33 -0800] "GET /wigner/wigkim11c.jpg HTTP/1.1" 200 30443 "https://ysfine.com/heisen/heisenberg.html" "Mozilla/5.0 (Macintosh; Intel Mac OS X 10_15_7) AppleWebKit/537.36 (KHTML, like Gecko) Chrome/108.0.0.0 Safari/537.36 Edg/108.0.1462.76" "ysfine.com"
120.158.139.83 - - [18/Jan/2023:05:28:33 -0800] "GET /einstein/tsepa11c.jpg HTTP/1.1" 200 28691 "https://ysfine.com/heisen/heisenberg.html" "Mozilla/5.0 (Macintosh; Intel Mac OS X 10_15_7) AppleWebKit/537.36 (KHTML, like Gecko) Chrome/108.0.0.0 Safari/537.36 Edg/108.0.1462.76" "ysfine.com"
120.158.139.83 - - [18/Jan/2023:05:28:33 -0800] "GET /dirac/2osc22c.jpg HTTP/1.1" 200 28929 "https://ysfine.com/heisen/heisenberg.html" "Mozilla/5.0 (Macintosh; Intel Mac OS X 10_15_7) AppleWebKit/537.36 (KHTML, like Gecko) Chrome/108.0.0.0 Safari/537.36 Edg/108.0.1462.76" "ysfine.com"
120.158.139.83 - - [18/Jan/2023:05:28:33 -0800] "GET /einstein/einbohr33c.jpg HTTP/1.1" 200 36410 "https://ysfine.com/heisen/heisenberg.html" "Mozilla/5.0 (Macintosh; Intel Mac OS X 10_15_7) AppleWebKit/537.36 (KHTML, like Gecko) Chrome/108.0.0.0 Safari/537.36 Edg/108.0.1462.76" "ysfine.com"
120.158.139.83 - - [18/Jan/2023:05:28:33 -0800] "GET /eink/pwk19c.jpg HTTP/1.1" 200 57759 "https://ysfine.com/heisen/heisenberg.html" "Mozilla/5.0 (Macintosh; Intel Mac OS X 10_15_7) AppleWebKit/537.36 (KHTML, like Gecko) Chrome/108.0.0.0 Safari/537.36 Edg/108.0.1462.76" "ysfine.com"
120.158.139.83 - - [18/Jan/2023:05:28:33 -0800] "GET /einstein/math/sp2c.jpg HTTP/1.1" 200 29719 "https://ysfine.com/heisen/heisenberg.html" "Mozilla/5.0 (Macintosh; Intel Mac OS X 10_15_7) AppleWebKit/537.36 (KHTML, like Gecko) Chrome/108.0.0.0 Safari/537.36 Edg/108.0.1462.76" "ysfine.com"
120.158.139.83 - - [18/Jan/2023:05:28:33 -0800] "GET /heisen/texfiles/einheis03.jpg HTTP/1.1" 200 46000 "https://ysfine.com/heisen/heisenberg.html" "Mozilla/5.0 (Macintosh; Intel Mac OS X 10_15_7) AppleWebKit/537.36 (KHTML, like Gecko) Chrome/108.0.0.0 Safari/537.36 Edg/108.0.1462.76" "ysfine.com"
120.158.139.83 - - [18/Jan/2023:05:28:33 -0800] "GET /heisen/texfiles/einheis02.jpg HTTP/1.1" 200 27711 "https://ysfine.com/heisen/heisenberg.html" "Mozilla/5.0 (Macintosh; Intel Mac OS X 10_15_7) AppleWebKit/537.36 (KHTML, like Gecko) Chrome/108.0.0.0 Safari/537.36 Edg/108.0.1462.76" "ysfine.com"
120.158.139.83 - - [18/Jan/2023:05:28:33 -0800] "GET /einstein/fantova/fanto11c.jpg HTTP/1.1" 200 48308 "https://ysfine.com/heisen/heisenberg.html" "Mozilla/5.0 (Macintosh; Intel Mac OS X 10_15_7) AppleWebKit/537.36 (KHTML, like Gecko) Chrome/108.0.0.0 Safari/537.36 Edg/108.0.1462.76" "ysfine.com"
120.158.139.83 - - [18/Jan/2023:05:28:33 -0800] "GET /feynman/ppic/parton88a.jpg HTTP/1.1" 200 55506 "https://ysfine.com/heisen/heisenberg.html" "Mozilla/5.0 (Macintosh; Intel Mac OS X 10_15_7) AppleWebKit/537.36 (KHTML, like Gecko) Chrome/108.0.0.0 Safari/537.36 Edg/108.0.1462.76" "ysfine.com"
120.158.139.83 - - [18/Jan/2023:05:28:33 -0800] "GET /heisen/texfiles/einheis01.jpg HTTP/1.1" 200 32462 "https://ysfine.com/heisen/heisenberg.html" "Mozilla/5.0 (Macintosh; Intel Mac OS X 10_15_7) AppleWebKit/537.36 (KHTML, like Gecko) Chrome/108.0.0.0 Safari/537.36 Edg/108.0.1462.76" "ysfine.com"
120.158.139.83 - - [18/Jan/2023:05:28:33 -0800] "GET /maga/phys/yukadirac53c.jpg HTTP/1.1" 200 40447 "https://ysfine.com/heisen/heisenberg.html" "Mozilla/5.0 (Macintosh; Intel Mac OS X 10_15_7) AppleWebKit/537.36 (KHTML, like Gecko) Chrome/108.0.0.0 Safari/537.36 Edg/108.0.1462.76" "ysfine.com"
120.158.139.83 - - [18/Jan/2023:05:28:33 -0800] "GET /dirac/o32inho22c.jpg HTTP/1.1" 200 33038 "https://ysfine.com/heisen/heisenberg.html" "Mozilla/5.0 (Macintosh; Intel Mac OS X 10_15_7) AppleWebKit/537.36 (KHTML, like Gecko) Chrome/108.0.0.0 Safari/537.36 Edg/108.0.1462.76" "ysfine.com"
120.158.139.83 - - [18/Jan/2023:05:28:33 -0800] "GET /dirac/dirheisen31c.jpg HTTP/1.1" 200 43569 "https://ysfine.com/heisen/heisenberg.html" "Mozilla/5.0 (Macintosh; Intel Mac OS X 10_15_7) AppleWebKit/537.36 (KHTML, like Gecko) Chrome/108.0.0.0 Safari/537.36 Edg/108.0.1462.76" "ysfine.com"
120.158.139.83 - - [18/Jan/2023:05:28:33 -0800] "GET /dirac/o32c.jpg HTTP/1.1" 200 30707 "https://ysfine.com/heisen/heisenberg.html" "Mozilla/5.0 (Macintosh; Intel Mac OS X 10_15_7) AppleWebKit/537.36 (KHTML, like Gecko) Chrome/108.0.0.0 Safari/537.36 Edg/108.0.1462.76" "ysfine.com"
120.158.139.83 - - [18/Jan/2023:05:28:33 -0800] "GET /heisen/texfiles/einheis05.jpg HTTP/1.1" 200 31787 "https://ysfine.com/heisen/heisenberg.html" "Mozilla/5.0 (Macintosh; Intel Mac OS X 10_15_7) AppleWebKit/537.36 (KHTML, like Gecko) Chrome/108.0.0.0 Safari/537.36 Edg/108.0.1462.76" "ysfine.com"
120.158.139.83 - - [18/Jan/2023:05:28:33 -0800] "GET /home/figs/sq55c.jpg HTTP/1.1" 200 29581 "https://ysfine.com/heisen/heisenberg.html" "Mozilla/5.0 (Macintosh; Intel Mac OS X 10_15_7) AppleWebKit/537.36 (KHTML, like Gecko) Chrome/108.0.0.0 Safari/537.36 Edg/108.0.1462.76" "ysfine.com"
207.46.13.31 - - [18/Jan/2023:05:28:36 -0800] "GET /bio/style/artlove.html HTTP/1.1" 404 88 "-" "Mozilla/5.0 AppleWebKit/537.36 (KHTML, like Gecko; compatible; bingbot/2.0; +http://www.bing.com/bingbot.htm) Chrome/103.0.5060.134 Safari/537.36" "ysfine.com"
120.158.139.83 - - [18/Jan/2023:05:28:44 -0800] "GET /favicon.ico HTTP/1.1" 404 88 "https://ysfine.com/heisen/heisenberg.html" "Mozilla/5.0 (Macintosh; Intel Mac OS X 10_15_7) AppleWebKit/537.36 (KHTML, like Gecko) Chrome/108.0.0.0 Safari/537.36 Edg/108.0.1462.76" "ysfine.com"
207.46.13.15 - - [18/Jan/2023:05:28:46 -0800] "GET /newyork/wtc.html HTTP/1.1" 200 538 "-" "Mozilla/5.0 (compatible; bingbot/2.0; +http://www.bing.com/bingbot.htm)" "ysfine.com"
51.222.253.5 - - [18/Jan/2023:05:29:03 -0800] "GET /class54/class5470/total_data/sub_145.htm HTTP/1.1" 200 3287 "-" "Mozilla/5.0 (compatible; AhrefsBot/7.0; +http://ahrefs.com/robot/)" "www.ysfine.com"
51.222.253.14 - - [18/Jan/2023:05:29:05 -0800] "GET /class54/class5470/total_data/photo_img/1-45.jpg HTTP/1.1" 200 188954 "-" "Mozilla/5.0 (compatible; AhrefsBot/7.0; +http://ahrefs.com/robot/)" "www.ysfine.com"
185.191.171.13 - - [18/Jan/2023:05:29:15 -0800] "GET /world/florence.html HTTP/1.1" 200 9706 "-" "Mozilla/5.0 (compatible; SemrushBot/7~bl; +http://www.semrush.com/bot.html)" "www.ysfine.com"
185.191.171.3 - - [18/Jan/2023:05:29:19 -0800] "GET /einstein/einphoto.html HTTP/1.1" 200 1970 "-" "Mozilla/5.0 (compatible; SemrushBot/7~bl; +http://www.semrush.com/bot.html)" "www.ysfine.com"
207.46.13.176 - - [18/Jan/2023:05:30:53 -0800] "GET /bio.html HTTP/1.1" 200 18260 "-" "Mozilla/5.0 (compatible; bingbot/2.0; +http://www.bing.com/bingbot.htm)" "ysfine.com"
95.163.255.71 - - [18/Jan/2023:05:30:55 -0800] "GET /world/hungary/buda133.jpg HTTP/1.1" 200 98934 "http://go.mail.ru/search_images" "Mozilla/5.0 (compatible; Linux x86_64; Mail.RU_Bot/Img/2.0; +https://help.mail.ru/webmaster/indexing/robots)" "ysfine.com"
216.12.49.74 - - [18/Jan/2023:05:30:56 -0800] "GET /princeton/alexan22.jpg HTTP/1.1" 200 175436 "https://www.google.com/" "Mozilla/5.0 (Windows NT 10.0; Win64; x64) AppleWebKit/537.36 (KHTML, like Gecko) Chrome/109.0.0.0 Safari/537.36" "ysfine.com"
51.222.253.13 - - [18/Jan/2023:05:31:36 -0800] "GET /class54/class5470/total_data/sub_146.htm HTTP/1.1" 200 3286 "-" "Mozilla/5.0 (compatible; AhrefsBot/7.0; +http://ahrefs.com/robot/)" "www.ysfine.com"
51.222.253.6 - - [18/Jan/2023:05:31:37 -0800] "GET /class54/class5470/total_data/img/01_smtitle46.gif HTTP/1.1" 200 478 "-" "Mozilla/5.0 (compatible; AhrefsBot/7.0; +http://ahrefs.com/robot/)" "www.ysfine.com"
185.191.171.43 - - [18/Jan/2023:05:31:41 -0800] "GET /einstein/einplanck.html HTTP/1.1" 200 3502 "-" "Mozilla/5.0 (compatible; SemrushBot/7~bl; +http://www.semrush.com/bot.html)" "www.ysfine.com"
120.158.139.83 - - [18/Jan/2023:05:31:56 -0800] "GET /einstein/fantova/fantova.html HTTP/1.1" 200 6506 "https://ysfine.com/heisen/heisenberg.html" "Mozilla/5.0 (Macintosh; Intel Mac OS X 10_15_7) AppleWebKit/537.36 (KHTML, like Gecko) Chrome/108.0.0.0 Safari/537.36 Edg/108.0.1462.76" "ysfine.com"
120.158.139.83 - - [18/Jan/2023:05:31:57 -0800] "GET /einstein/fantova/s06.gif HTTP/1.1" 200 940 "https://ysfine.com/einstein/fantova/fantova.html" "Mozilla/5.0 (Macintosh; Intel Mac OS X 10_15_7) AppleWebKit/537.36 (KHTML, like Gecko) Chrome/108.0.0.0 Safari/537.36 Edg/108.0.1462.76" "ysfine.com"
120.158.139.83 - - [18/Jan/2023:05:31:57 -0800] "GET /einstein/fantova/Princeton%20-%20Weekly%20Bulletin%2004-26-04%20-%20Newly%20discovered%20diary%20chronicles%20Einstein's%20last%20years_files/pwb.css HTTP/1.1" 404 88 "https://ysfine.com/einstein/fantova/fantova.html" "Mozilla/5.0 (Macintosh; Intel Mac OS X 10_15_7) AppleWebKit/537.36 (KHTML, like Gecko) Chrome/108.0.0.0 Safari/537.36 Edg/108.0.1462.76" "ysfine.com"
120.158.139.83 - - [18/Jan/2023:05:31:57 -0800] "GET /einstein/fantova/07.gif HTTP/1.1" 200 3320 "https://ysfine.com/einstein/fantova/fantova.html" "Mozilla/5.0 (Macintosh; Intel Mac OS X 10_15_7) AppleWebKit/537.36 (KHTML, like Gecko) Chrome/108.0.0.0 Safari/537.36 Edg/108.0.1462.76" "ysfine.com"
120.158.139.83 - - [18/Jan/2023:05:31:57 -0800] "GET /einstein/fantova/fanto22.jpg HTTP/1.1" 200 7585 "https://ysfine.com/einstein/fantova/fantova.html" "Mozilla/5.0 (Macintosh; Intel Mac OS X 10_15_7) AppleWebKit/537.36 (KHTML, like Gecko) Chrome/108.0.0.0 Safari/537.36 Edg/108.0.1462.76" "ysfine.com"
120.158.139.83 - - [18/Jan/2023:05:31:57 -0800] "GET /einstein/fantova/fanto11.jpg HTTP/1.1" 200 16170 "https://ysfine.com/einstein/fantova/fantova.html" "Mozilla/5.0 (Macintosh; Intel Mac OS X 10_15_7) AppleWebKit/537.36 (KHTML, like Gecko) Chrome/108.0.0.0 Safari/537.36 Edg/108.0.1462.76" "ysfine.com"
207.46.13.176 - - [18/Jan/2023:05:32:22 -0800] "GET /bio/kobak/soraech.html HTTP/1.1" 404 88 "-" "Mozilla/5.0 (compatible; bingbot/2.0; +http://www.bing.com/bingbot.htm)" "ysfine.com"
51.222.253.2 - - [18/Jan/2023:05:33:58 -0800] "GET /class54/class5470/total_data/sub_148.htm HTTP/1.1" 200 3287 "-" "Mozilla/5.0 (compatible; AhrefsBot/7.0; +http://ahrefs.com/robot/)" "www.ysfine.com"
51.222.253.12 - - [18/Jan/2023:05:33:59 -0800] "GET /class54/class5470/total_data/img/01_smtitle48.gif HTTP/1.1" 200 571 "-" "Mozilla/5.0 (compatible; AhrefsBot/7.0; +http://ahrefs.com/robot/)" "www.ysfine.com"
59.10.109.15 - - [18/Jan/2023:05:34:30 -0800] "GET /wisdom/koreisky.jpg HTTP/1.1" 200 119750 "https://www.google.com/" "Mozilla/5.0 (Windows NT 10.0; Win64; x64) AppleWebKit/537.36 (KHTML, like Gecko) Chrome/109.0.0.0 Safari/537.36" "ysfine.com"
34.244.253.49 - - [18/Jan/2023:05:35:00 -0800] "GET /feynman/illusf.pdf HTTP/1.1" 200 146979 "-" "Mozilla/5.0 (Windows NT 4.0; U) Opera 6.05  [en]" "www.ysfine.com"
120.158.139.83 - - [18/Jan/2023:05:35:03 -0800] "GET /home/100yrs.html HTTP/1.1" 200 7936 "https://ysfine.com/heisen/heisenberg.html" "Mozilla/5.0 (Macintosh; Intel Mac OS X 10_15_7) AppleWebKit/537.36 (KHTML, like Gecko) Chrome/108.0.0.0 Safari/537.36 Edg/108.0.1462.76" "ysfine.com"
120.158.139.83 - - [18/Jan/2023:05:35:04 -0800] "GET /home/eward33a.jpg HTTP/1.1" 200 63372 "https://ysfine.com/home/100yrs.html" "Mozilla/5.0 (Macintosh; Intel Mac OS X 10_15_7) AppleWebKit/537.36 (KHTML, like Gecko) Chrome/108.0.0.0 Safari/537.36 Edg/108.0.1462.76" "ysfine.com"
120.158.139.83 - - [18/Jan/2023:05:35:04 -0800] "GET /wigner/lunch91c.jpg HTTP/1.1" 200 59935 "https://ysfine.com/home/100yrs.html" "Mozilla/5.0 (Macintosh; Intel Mac OS X 10_15_7) AppleWebKit/537.36 (KHTML, like Gecko) Chrome/108.0.0.0 Safari/537.36 Edg/108.0.1462.76" "ysfine.com"
120.158.139.83 - - [18/Jan/2023:05:35:04 -0800] "GET /home/figs/evol77c.jpg HTTP/1.1" 200 51561 "https://ysfine.com/home/100yrs.html" "Mozilla/5.0 (Macintosh; Intel Mac OS X 10_15_7) AppleWebKit/537.36 (KHTML, like Gecko) Chrome/108.0.0.0 Safari/537.36 Edg/108.0.1462.76" "ysfine.com"
120.158.139.83 - - [18/Jan/2023:05:35:04 -0800] "GET /eink/eink24c.jpg HTTP/1.1" 200 45060 "https://ysfine.com/home/100yrs.html" "Mozilla/5.0 (Macintosh; Intel Mac OS X 10_15_7) AppleWebKit/537.36 (KHTML, like Gecko) Chrome/108.0.0.0 Safari/537.36 Edg/108.0.1462.76" "ysfine.com"
120.158.139.83 - - [18/Jan/2023:05:35:04 -0800] "GET /dirac/dirac63c.jpg HTTP/1.1" 200 29237 "https://ysfine.com/home/100yrs.html" "Mozilla/5.0 (Macintosh; Intel Mac OS X 10_15_7) AppleWebKit/537.36 (KHTML, like Gecko) Chrome/108.0.0.0 Safari/537.36 Edg/108.0.1462.76" "ysfine.com"
120.158.139.83 - - [18/Jan/2023:05:35:04 -0800] "GET /home/figs/feybongo77c.jpg HTTP/1.1" 200 31653 "https://ysfine.com/home/100yrs.html" "Mozilla/5.0 (Macintosh; Intel Mac OS X 10_15_7) AppleWebKit/537.36 (KHTML, like Gecko) Chrome/108.0.0.0 Safari/537.36 Edg/108.0.1462.76" "ysfine.com"
120.158.139.83 - - [18/Jan/2023:05:35:04 -0800] "GET /home/figs/einbohr77a.jpg HTTP/1.1" 200 89596 "https://ysfine.com/home/100yrs.html" "Mozilla/5.0 (Macintosh; Intel Mac OS X 10_15_7) AppleWebKit/537.36 (KHTML, like Gecko) Chrome/108.0.0.0 Safari/537.36 Edg/108.0.1462.76" "ysfine.com"
120.158.139.83 - - [18/Jan/2023:05:35:04 -0800] "GET /home/figs/sp2c.jpg HTTP/1.1" 200 29532 "https://ysfine.com/home/100yrs.html" "Mozilla/5.0 (Macintosh; Intel Mac OS X 10_15_7) AppleWebKit/537.36 (KHTML, like Gecko) Chrome/108.0.0.0 Safari/537.36 Edg/108.0.1462.76" "ysfine.com"
120.158.139.83 - - [18/Jan/2023:05:35:04 -0800] "GET /home/figs/restof05c.jpg HTTP/1.1" 200 21825 "https://ysfine.com/home/100yrs.html" "Mozilla/5.0 (Macintosh; Intel Mac OS X 10_15_7) AppleWebKit/537.36 (KHTML, like Gecko) Chrome/108.0.0.0 Safari/537.36 Edg/108.0.1462.76" "ysfine.com"
120.158.139.83 - - [18/Jan/2023:05:35:04 -0800] "GET /home/figs/o32c.jpg HTTP/1.1" 200 30707 "https://ysfine.com/home/100yrs.html" "Mozilla/5.0 (Macintosh; Intel Mac OS X 10_15_7) AppleWebKit/537.36 (KHTML, like Gecko) Chrome/108.0.0.0 Safari/537.36 Edg/108.0.1462.76" "ysfine.com"
120.158.139.83 - - [18/Jan/2023:05:35:04 -0800] "GET /home/figs/dirackn55c.jpg HTTP/1.1" 200 40998 "https://ysfine.com/home/100yrs.html" "Mozilla/5.0 (Macintosh; Intel Mac OS X 10_15_7) AppleWebKit/537.36 (KHTML, like Gecko) Chrome/108.0.0.0 Safari/537.36 Edg/108.0.1462.76" "ysfine.com"
120.158.139.83 - - [18/Jan/2023:05:35:04 -0800] "GET /home/figs/o32inho22c.jpg HTTP/1.1" 200 33038 "https://ysfine.com/home/100yrs.html" "Mozilla/5.0 (Macintosh; Intel Mac OS X 10_15_7) AppleWebKit/537.36 (KHTML, like Gecko) Chrome/108.0.0.0 Safari/537.36 Edg/108.0.1462.76" "ysfine.com"
120.158.139.83 - - [18/Jan/2023:05:35:04 -0800] "GET /home/figs/sq33a.jpg HTTP/1.1" 200 61922 "https://ysfine.com/home/100yrs.html" "Mozilla/5.0 (Macintosh; Intel Mac OS X 10_15_7) AppleWebKit/537.36 (KHTML, like Gecko) Chrome/108.0.0.0 Safari/537.36 Edg/108.0.1462.76" "ysfine.com"
120.158.139.83 - - [18/Jan/2023:05:35:04 -0800] "GET /home/fotos/dirac1939c.jpg HTTP/1.1" 200 55599 "https://ysfine.com/home/100yrs.html" "Mozilla/5.0 (Macintosh; Intel Mac OS X 10_15_7) AppleWebKit/537.36 (KHTML, like Gecko) Chrome/108.0.0.0 Safari/537.36 Edg/108.0.1462.76" "ysfine.com"
120.158.139.83 - - [18/Jan/2023:05:35:04 -0800] "GET /home/resonance33c.jpg HTTP/1.1" 200 36247 "https://ysfine.com/home/100yrs.html" "Mozilla/5.0 (Macintosh; Intel Mac OS X 10_15_7) AppleWebKit/537.36 (KHTML, like Gecko) Chrome/108.0.0.0 Safari/537.36 Edg/108.0.1462.76" "ysfine.com"
120.158.139.83 - - [18/Jan/2023:05:35:04 -0800] "GET /home/figs/hegel33c.jpg HTTP/1.1" 200 32412 "https://ysfine.com/home/100yrs.html" "Mozilla/5.0 (Macintosh; Intel Mac OS X 10_15_7) AppleWebKit/537.36 (KHTML, like Gecko) Chrome/108.0.0.0 Safari/537.36 Edg/108.0.1462.76" "ysfine.com"
120.158.139.83 - - [18/Jan/2023:05:35:04 -0800] "GET /home/figs/parton33a.jpg HTTP/1.1" 200 79369 "https://ysfine.com/home/100yrs.html" "Mozilla/5.0 (Macintosh; Intel Mac OS X 10_15_7) AppleWebKit/537.36 (KHTML, like Gecko) Chrome/108.0.0.0 Safari/537.36 Edg/108.0.1462.76" "ysfine.com"
120.158.139.83 - - [18/Jan/2023:05:35:04 -0800] "GET /wigner/bieden01c.jpg HTTP/1.1" 200 29466 "https://ysfine.com/home/100yrs.html" "Mozilla/5.0 (Macintosh; Intel Mac OS X 10_15_7) AppleWebKit/537.36 (KHTML, like Gecko) Chrome/108.0.0.0 Safari/537.36 Edg/108.0.1462.76" "ysfine.com"
120.158.139.83 - - [18/Jan/2023:05:35:04 -0800] "GET /home/figs/restof33a.jpg HTTP/1.1" 200 48893 "https://ysfine.com/home/100yrs.html" "Mozilla/5.0 (Macintosh; Intel Mac OS X 10_15_7) AppleWebKit/537.36 (KHTML, like Gecko) Chrome/108.0.0.0 Safari/537.36 Edg/108.0.1462.76" "ysfine.com"
185.191.171.7 - - [18/Jan/2023:05:35:16 -0800] "GET /kobak/sebiro.html HTTP/1.1" 200 8966 "-" "Mozilla/5.0 (compatible; SemrushBot/7~bl; +http://www.semrush.com/bot.html)" "ysfine.com"
40.77.167.13 - - [18/Jan/2023:05:35:38 -0800] "GET /bio/princeton/campus.html HTTP/1.1" 404 88 "-" "Mozilla/5.0 (compatible; bingbot/2.0; +http://www.bing.com/bingbot.htm)" "ysfine.com"
185.191.171.11 - - [18/Jan/2023:05:35:38 -0800] "GET /maga/boltzmann.html HTTP/1.1" 200 6052 "-" "Mozilla/5.0 (compatible; SemrushBot/7~bl; +http://www.semrush.com/bot.html)" "www.ysfine.com"
185.191.171.34 - - [18/Jan/2023:05:35:39 -0800] "GET /dirac/lorendir.html HTTP/1.1" 200 2426 "-" "Mozilla/5.0 (compatible; SemrushBot/7~bl; +http://www.semrush.com/bot.html)" "ysfine.com"
207.46.13.15 - - [18/Jan/2023:05:36:07 -0800] "GET /world/kazan22.html HTTP/1.1" 200 13786 "-" "Mozilla/5.0 (compatible; bingbot/2.0; +http://www.bing.com/bingbot.htm)" "ysfine.com"
51.222.253.14 - - [18/Jan/2023:05:36:31 -0800] "GET /class54/class5470/total_data/sub_147.htm HTTP/1.1" 200 3285 "-" "Mozilla/5.0 (compatible; AhrefsBot/7.0; +http://ahrefs.com/robot/)" "www.ysfine.com"
51.222.253.7 - - [18/Jan/2023:05:36:33 -0800] "GET /class54/class5470/total_data/img/01_smtitle47.gif HTTP/1.1" 200 480 "-" "Mozilla/5.0 (compatible; AhrefsBot/7.0; +http://ahrefs.com/robot/)" "www.ysfine.com"
134.93.214.207 - - [18/Jan/2023:05:36:43 -0800] "GET /wigner/inonu.pdf HTTP/1.1" 200 87394 "https://www.google.com/" "Mozilla/5.0 (Macintosh; Intel Mac OS X 10_15_7) AppleWebKit/605.1.15 (KHTML, like Gecko) Version/16.1 Safari/605.1.15" "ysfine.com"
