134.93.214.207 - - [18/Jan/2023:05:36:43 -0800] "GET /wigner/inonu.pdf HTTP/1.1" 206 16384 "https://www.google.com/" "Mozilla/5.0 (Macintosh; Intel Mac OS X 10_15_7) AppleWebKit/605.1.15 (KHTML, like Gecko) Version/16.1 Safari/605.1.15" "ysfine.com"
134.93.214.207 - - [18/Jan/2023:05:36:44 -0800] "GET /favicon.ico HTTP/1.1" 404 88 "https://ysfine.com/wigner/inonu.pdf" "Mozilla/5.0 (Macintosh; Intel Mac OS X 10_15_7) AppleWebKit/605.1.15 (KHTML, like Gecko) Version/16.1 Safari/605.1.15" "ysfine.com"
207.46.13.15 - - [18/Jan/2023:05:37:27 -0800] "GET /home/feysavior.html HTTP/1.1" 200 2737 "-" "Mozilla/5.0 (compatible; bingbot/2.0; +http://www.bing.com/bingbot.htm)" "ysfine.com"
185.191.171.25 - - [18/Jan/2023:05:37:42 -0800] "GET /maga/galileo.html HTTP/1.1" 200 4725 "-" "Mozilla/5.0 (compatible; SemrushBot/7~bl; +http://www.semrush.com/bot.html)" "ysfine.com"
192.0.112.50 - - [18/Jan/2023:05:38:05 -0800] "GET /wigner/neum/vnc01.jpg HTTP/1.1" 200 133641 "-" "Photon/1.0" "www.ysfine.com"
207.46.13.3 - - [18/Jan/2023:05:38:15 -0800] "GET /wdc/was69kor.html HTTP/1.1" 200 304 "-" "Mozilla/5.0 AppleWebKit/537.36 (KHTML, like Gecko; compatible; bingbot/2.0; +http://www.bing.com/bingbot.htm) Chrome/103.0.5060.134 Safari/537.36" "ysfine.com"
207.46.13.15 - - [18/Jan/2023:05:38:19 -0800] "GET /bio/style/proschanie.html HTTP/1.1" 404 88 "-" "Mozilla/5.0 (compatible; bingbot/2.0; +http://www.bing.com/bingbot.htm)" "ysfine.com"
113.210.53.193 - - [18/Jan/2023:05:38:22 -0800] "GET /wigner/supper650.jpg HTTP/1.1" 200 60839 "https://www.google.com/" "Mozilla/5.0 (Linux; Android 11; vivo 1933 Build/RP1A.200720.012; wv) AppleWebKit/537.36 (KHTML, like Gecko) Version/4.0 Chrome/108.0.5359.128 Mobile Safari/537.36 GoogleApp/13.48.11.26.arm64" "ysfine.com"
118.184.177.51 - - [18/Jan/2023:05:38:36 -0800] "GET / HTTP/1.1" 200 5295 "-" "Sogou web spider/4.0(+http://www.sogou.com/docs/help/webmasters.htm#07)" "www.ysfine.com"
103.136.220.229 - - [18/Jan/2023:05:38:44 -0800] "GET /feynman/ptoday89.jpg HTTP/1.1" 200 101842 "-" "Mozilla/5.0 (X11; Ubuntu; Linux x86_64; rv:72.0) Gecko/20100101 Firefox/72.0" "ysfine.com"
51.222.253.1 - - [18/Jan/2023:05:39:28 -0800] "GET /class54/class5480/Videos/?C=M;O=A HTTP/1.1" 200 561 "-" "Mozilla/5.0 (compatible; AhrefsBot/7.0; +http://ahrefs.com/robot/)" "ysfine.com"
114.119.129.9 - - [18/Jan/2023:05:39:49 -0800] "GET /maga/phys/poinsf/frame31.html HTTP/1.1" 200 323 "https://www.ysfine.com/maga/phys/poinsf/frame32.html" "Mozilla/5.0 (Linux; Android 7.0;) AppleWebKit/537.36 (KHTML, like Gecko) Mobile Safari/537.36 (compatible; PetalBot;+https://webmaster.petalsearch.com/site/petalbot)" "www.ysfine.com"
66.249.66.92 - - [18/Jan/2023:05:40:18 -0800] "GET /eink/paw450.jpg HTTP/1.1" 304 - "-" "Googlebot-Image/1.0" "ysfine.com"
51.222.253.9 - - [18/Jan/2023:05:42:04 -0800] "GET /class54/class5480/Videos/?C=S;O=A HTTP/1.1" 200 559 "-" "Mozilla/5.0 (compatible; AhrefsBot/7.0; +http://ahrefs.com/robot/)" "ysfine.com"
207.46.13.3 - - [18/Jan/2023:05:42:06 -0800] "GET /houses/vernon.html HTTP/1.1" 200 1478 "-" "Mozilla/5.0 (compatible; bingbot/2.0; +http://www.bing.com/bingbot.htm)" "ysfine.com"
185.191.171.11 - - [18/Jan/2023:05:43:04 -0800] "GET /princeton/yspr.html HTTP/1.1" 200 5470 "-" "Mozilla/5.0 (compatible; SemrushBot/7~bl; +http://www.semrush.com/bot.html)" "www.ysfine.com"
207.46.13.3 - - [18/Jan/2023:05:44:16 -0800] "GET /bio/kobak/namdae.html HTTP/1.1" 404 88 "-" "Mozilla/5.0 (compatible; bingbot/2.0; +http://www.bing.com/bingbot.htm)" "ysfine.com"
51.222.253.7 - - [18/Jan/2023:05:44:40 -0800] "GET /class54/class5470/total_data/sub_402.htm HTTP/1.1" 200 3205 "-" "Mozilla/5.0 (compatible; AhrefsBot/7.0; +http://ahrefs.com/robot/)" "ysfine.com"
51.222.253.5 - - [18/Jan/2023:05:44:41 -0800] "GET /class54/class5470/total_data/photo_img/4-2.jpg HTTP/1.1" 200 441368 "-" "Mozilla/5.0 (compatible; AhrefsBot/7.0; +http://ahrefs.com/robot/)" "ysfine.com"
157.55.39.72 - - [18/Jan/2023:05:44:42 -0800] "GET /kobak/kohist.html HTTP/1.1" 200 6039 "-" "Mozilla/5.0 AppleWebKit/537.36 (KHTML, like Gecko; compatible; bingbot/2.0; +http://www.bing.com/bingbot.htm) Chrome/103.0.5060.134 Safari/537.36" "ysfine.com"
207.46.13.3 - - [18/Jan/2023:05:45:56 -0800] "GET /bio/einstein/bern.html HTTP/1.1" 404 88 "-" "Mozilla/5.0 AppleWebKit/537.36 (KHTML, like Gecko; compatible; bingbot/2.0; +http://www.bing.com/bingbot.htm) Chrome/103.0.5060.134 Safari/537.36" "ysfine.com"
51.222.253.18 - - [18/Jan/2023:05:47:15 -0800] "GET /style/bstring.html HTTP/1.1" 200 901 "-" "Mozilla/5.0 (compatible; AhrefsBot/7.0; +http://ahrefs.com/robot/)" "ysfine.com"
207.46.13.31 - - [18/Jan/2023:05:47:35 -0800] "GET /world/brit/cam36.jpg HTTP/1.1" 200 78844 "-" "Mozilla/5.0 (compatible; bingbot/2.0; +http://www.bing.com/bingbot.htm)" "www.ysfine.com"
71.178.208.102 - - [18/Jan/2023:05:47:37 -0800] "GET /ys11/index.html HTTP/1.1" 200 3485 "https://www.bing.com/" "Mozilla/5.0 (Windows NT 10.0; Win64; x64) AppleWebKit/537.36 (KHTML, like Gecko) Chrome/109.0.0.0 Safari/537.36 Edg/109.0.1518.55" "www.ysfine.com"
71.178.208.102 - - [18/Jan/2023:05:47:37 -0800] "GET /favicon.ico HTTP/1.1" 404 88 "https://www.ysfine.com/ys11/index.html" "Mozilla/5.0 (Windows NT 10.0; Win64; x64) AppleWebKit/537.36 (KHTML, like Gecko) Chrome/109.0.0.0 Safari/537.36 Edg/109.0.1518.55" "www.ysfine.com"
71.178.208.102 - - [18/Jan/2023:05:48:21 -0800] "GET /ys11/ HTTP/1.1" 304 - "-" "Mozilla/5.0 (Windows NT 10.0; Win64; x64) AppleWebKit/537.36 (KHTML, like Gecko) Chrome/109.0.0.0 Safari/537.36 Edg/109.0.1518.55" "ysfine.com"
40.77.167.13 - - [18/Jan/2023:05:48:28 -0800] "GET /maga/aquinas.html HTTP/1.1" 200 3433 "-" "Mozilla/5.0 AppleWebKit/537.36 (KHTML, like Gecko; compatible; bingbot/2.0; +http://www.bing.com/bingbot.htm) Chrome/103.0.5060.134 Safari/537.36" "ysfine.com"
207.46.13.3 - - [18/Jan/2023:05:48:36 -0800] "GET /class54/roskeim.html HTTP/1.1" 200 824 "-" "Mozilla/5.0 AppleWebKit/537.36 (KHTML, like Gecko; compatible; bingbot/2.0; +http://www.bing.com/bingbot.htm) Chrome/103.0.5060.134 Safari/537.36" "www.ysfine.com"
213.180.203.3 - - [18/Jan/2023:05:49:14 -0800] "GET /robots.txt HTTP/1.1" 404 73 "-" "Mozilla/5.0 (compatible; YandexBot/3.0; +http://yandex.com/bots)" "www.ysfine.com"
5.255.253.124 - - [18/Jan/2023:05:49:18 -0800] "GET /wigner/wigheisen.html HTTP/1.1" 200 3346 "-" "Mozilla/5.0 (compatible; YandexBot/3.0; +http://yandex.com/bots) AppleWebKit/537.36 (KHTML, like Gecko) Chrome/81.0.4044.268" "www.ysfine.com"
71.178.208.102 - - [18/Jan/2023:05:49:27 -0800] "GET /eink/pwk19c.jpg HTTP/1.1" 304 - "https://ysfine.com/world/wdrigh.html" "Mozilla/5.0 (Windows NT 10.0; Win64; x64) AppleWebKit/537.36 (KHTML, like Gecko) Chrome/109.0.0.0 Safari/537.36" "ysfine.com"
51.222.253.11 - - [18/Jan/2023:05:49:42 -0800] "GET /class54/class5480/Videos/?C=D;O=A HTTP/1.1" 200 560 "-" "Mozilla/5.0 (compatible; AhrefsBot/7.0; +http://ahrefs.com/robot/)" "ysfine.com"
71.178.208.102 - - [18/Jan/2023:05:49:52 -0800] "GET /world/ysworld.html HTTP/1.1" 200 3224 "https://ysfine.com/world/wdleft.html" "Mozilla/5.0 (Windows NT 10.0; Win64; x64) AppleWebKit/537.36 (KHTML, like Gecko) Chrome/109.0.0.0 Safari/537.36" "ysfine.com"
71.178.208.102 - - [18/Jan/2023:05:49:59 -0800] "GET /world/index.html HTTP/1.1" 200 123 "-" "Mozilla/5.0 (Windows NT 10.0; Win64; x64) AppleWebKit/537.36 (KHTML, like Gecko) Chrome/109.0.0.0 Safari/537.36 Edg/109.0.1518.55" "ysfine.com"
71.178.208.102 - - [18/Jan/2023:05:49:59 -0800] "GET /world/wdtop.html HTTP/1.1" 200 388 "https://ysfine.com/world/index.html" "Mozilla/5.0 (Windows NT 10.0; Win64; x64) AppleWebKit/537.36 (KHTML, like Gecko) Chrome/109.0.0.0 Safari/537.36 Edg/109.0.1518.55" "ysfine.com"
71.178.208.102 - - [18/Jan/2023:05:49:59 -0800] "GET /world/wdbot.html HTTP/1.1" 200 131 "https://ysfine.com/world/index.html" "Mozilla/5.0 (Windows NT 10.0; Win64; x64) AppleWebKit/537.36 (KHTML, like Gecko) Chrome/109.0.0.0 Safari/537.36 Edg/109.0.1518.55" "ysfine.com"
71.178.208.102 - - [18/Jan/2023:05:49:59 -0800] "GET /world/wdleft.html HTTP/1.1" 200 610 "https://ysfine.com/world/wdbot.html" "Mozilla/5.0 (Windows NT 10.0; Win64; x64) AppleWebKit/537.36 (KHTML, like Gecko) Chrome/109.0.0.0 Safari/537.36 Edg/109.0.1518.55" "ysfine.com"
71.178.208.102 - - [18/Jan/2023:05:49:59 -0800] "GET /world/wdrigh.html HTTP/1.1" 200 2215 "https://ysfine.com/world/wdbot.html" "Mozilla/5.0 (Windows NT 10.0; Win64; x64) AppleWebKit/537.36 (KHTML, like Gecko) Chrome/109.0.0.0 Safari/537.36 Edg/109.0.1518.55" "ysfine.com"
71.178.208.102 - - [18/Jan/2023:05:49:59 -0800] "GET /newyork/love150.jpg HTTP/1.1" 200 24939 "https://ysfine.com/world/wdrigh.html" "Mozilla/5.0 (Windows NT 10.0; Win64; x64) AppleWebKit/537.36 (KHTML, like Gecko) Chrome/109.0.0.0 Safari/537.36 Edg/109.0.1518.55" "ysfine.com"
71.178.208.102 - - [18/Jan/2023:05:49:59 -0800] "GET /world/canonp66c.jpg HTTP/1.1" 200 21845 "https://ysfine.com/world/wdrigh.html" "Mozilla/5.0 (Windows NT 10.0; Win64; x64) AppleWebKit/537.36 (KHTML, like Gecko) Chrome/109.0.0.0 Safari/537.36 Edg/109.0.1518.55" "ysfine.com"
71.178.208.102 - - [18/Jan/2023:05:49:59 -0800] "GET /world/france/aix02c.jpg HTTP/1.1" 200 65402 "https://ysfine.com/world/wdrigh.html" "Mozilla/5.0 (Windows NT 10.0; Win64; x64) AppleWebKit/537.36 (KHTML, like Gecko) Chrome/109.0.0.0 Safari/537.36 Edg/109.0.1518.55" "ysfine.com"
71.178.208.102 - - [18/Jan/2023:05:49:59 -0800] "GET /world/spain/sevi051c.jpg HTTP/1.1" 200 62623 "https://ysfine.com/world/wdrigh.html" "Mozilla/5.0 (Windows NT 10.0; Win64; x64) AppleWebKit/537.36 (KHTML, like Gecko) Chrome/109.0.0.0 Safari/537.36 Edg/109.0.1518.55" "ysfine.com"
71.178.208.102 - - [18/Jan/2023:05:50:00 -0800] "GET /kobak/taylor33c.jpg HTTP/1.1" 200 39951 "https://ysfine.com/world/wdrigh.html" "Mozilla/5.0 (Windows NT 10.0; Win64; x64) AppleWebKit/537.36 (KHTML, like Gecko) Chrome/109.0.0.0 Safari/537.36 Edg/109.0.1518.55" "ysfine.com"
71.178.208.102 - - [18/Jan/2023:05:50:00 -0800] "GET /awards/marq/hemis21a.jpg HTTP/1.1" 200 116270 "https://ysfine.com/world/wdrigh.html" "Mozilla/5.0 (Windows NT 10.0; Win64; x64) AppleWebKit/537.36 (KHTML, like Gecko) Chrome/109.0.0.0 Safari/537.36 Edg/109.0.1518.55" "ysfine.com"
40.77.167.13 - - [18/Jan/2023:05:50:08 -0800] "GET /wdc/vernon.html HTTP/1.1" 200 1958 "-" "Mozilla/5.0 AppleWebKit/537.36 (KHTML, like Gecko; compatible; bingbot/2.0; +http://www.bing.com/bingbot.htm) Chrome/103.0.5060.134 Safari/537.36" "www.ysfine.com"
71.178.208.102 - - [18/Jan/2023:05:50:12 -0800] "GET /kobak/shortw.html HTTP/1.1" 200 3128 "https://ysfine.com/world/ysworld.html" "Mozilla/5.0 (Windows NT 10.0; Win64; x64) AppleWebKit/537.36 (KHTML, like Gecko) Chrome/109.0.0.0 Safari/537.36" "ysfine.com"
71.178.208.102 - - [18/Jan/2023:05:50:12 -0800] "GET /kobak/swr57c.jpg HTTP/1.1" 200 27674 "https://ysfine.com/kobak/shortw.html" "Mozilla/5.0 (Windows NT 10.0; Win64; x64) AppleWebKit/537.36 (KHTML, like Gecko) Chrome/109.0.0.0 Safari/537.36" "ysfine.com"
71.178.208.102 - - [18/Jan/2023:05:50:12 -0800] "GET /eink/eink61c.jpg HTTP/1.1" 304 - "https://ysfine.com/kobak/shortw.html" "Mozilla/5.0 (Windows NT 10.0; Win64; x64) AppleWebKit/537.36 (KHTML, like Gecko) Chrome/109.0.0.0 Safari/537.36" "ysfine.com"
71.178.208.102 - - [18/Jan/2023:05:50:12 -0800] "GET /kobak/swr07c.jpg HTTP/1.1" 200 45085 "https://ysfine.com/kobak/shortw.html" "Mozilla/5.0 (Windows NT 10.0; Win64; x64) AppleWebKit/537.36 (KHTML, like Gecko) Chrome/109.0.0.0 Safari/537.36" "ysfine.com"
71.178.208.102 - - [18/Jan/2023:05:50:12 -0800] "GET /kobak/repose11c.jpg HTTP/1.1" 200 32862 "https://ysfine.com/kobak/shortw.html" "Mozilla/5.0 (Windows NT 10.0; Win64; x64) AppleWebKit/537.36 (KHTML, like Gecko) Chrome/109.0.0.0 Safari/537.36" "ysfine.com"
71.178.208.102 - - [18/Jan/2023:05:50:12 -0800] "GET /kobak/swr64c.jpg HTTP/1.1" 200 28709 "https://ysfine.com/kobak/shortw.html" "Mozilla/5.0 (Windows NT 10.0; Win64; x64) AppleWebKit/537.36 (KHTML, like Gecko) Chrome/109.0.0.0 Safari/537.36" "ysfine.com"
71.178.208.102 - - [18/Jan/2023:05:50:12 -0800] "GET /kobak/swr95c.jpg HTTP/1.1" 200 24172 "https://ysfine.com/kobak/shortw.html" "Mozilla/5.0 (Windows NT 10.0; Win64; x64) AppleWebKit/537.36 (KHTML, like Gecko) Chrome/109.0.0.0 Safari/537.36" "ysfine.com"
71.178.208.102 - - [18/Jan/2023:05:50:58 -0800] "GET / HTTP/1.1" 200 5295 "-" "Mozilla/5.0 (Windows NT 10.0; Win64; x64) AppleWebKit/537.36 (KHTML, like Gecko) Chrome/108.0.5359.125 Safari/537.36" "ysfine.com"
71.178.208.102 - - [18/Jan/2023:05:50:58 -0800] "GET /home/top21d.jpg HTTP/1.1" 200 74409 "https://ysfine.com/" "Mozilla/5.0 (Windows NT 10.0; Win64; x64) AppleWebKit/537.36 (KHTML, like Gecko) Chrome/108.0.5359.125 Safari/537.36" "ysfine.com"
71.178.208.102 - - [18/Jan/2023:05:50:58 -0800] "GET /home/facu450.jpg HTTP/1.1" 200 74535 "https://ysfine.com/" "Mozilla/5.0 (Windows NT 10.0; Win64; x64) AppleWebKit/537.36 (KHTML, like Gecko) Chrome/108.0.5359.125 Safari/537.36" "ysfine.com"
71.178.208.102 - - [18/Jan/2023:05:50:58 -0800] "GET /home/eward55f.jpg HTTP/1.1" 304 - "https://ysfine.com/" "Mozilla/5.0 (Windows NT 10.0; Win64; x64) AppleWebKit/537.36 (KHTML, like Gecko) Chrome/108.0.5359.125 Safari/537.36" "ysfine.com"
71.178.208.102 - - [18/Jan/2023:05:50:58 -0800] "GET /eink/einhaus11c.jpg HTTP/1.1" 200 42522 "https://ysfine.com/" "Mozilla/5.0 (Windows NT 10.0; Win64; x64) AppleWebKit/537.36 (KHTML, like Gecko) Chrome/108.0.5359.125 Safari/537.36" "ysfine.com"
71.178.208.102 - - [18/Jan/2023:05:50:58 -0800] "GET /home/truck450.jpg HTTP/1.1" 200 42871 "https://ysfine.com/" "Mozilla/5.0 (Windows NT 10.0; Win64; x64) AppleWebKit/537.36 (KHTML, like Gecko) Chrome/108.0.5359.125 Safari/537.36" "ysfine.com"
71.178.208.102 - - [18/Jan/2023:05:50:58 -0800] "GET /home/goodbad450.jpg HTTP/1.1" 200 32258 "https://ysfine.com/" "Mozilla/5.0 (Windows NT 10.0; Win64; x64) AppleWebKit/537.36 (KHTML, like Gecko) Chrome/108.0.5359.125 Safari/537.36" "ysfine.com"
71.178.208.102 - - [18/Jan/2023:05:50:58 -0800] "GET /home/1987pr22d.jpg HTTP/1.1" 200 66428 "https://ysfine.com/" "Mozilla/5.0 (Windows NT 10.0; Win64; x64) AppleWebKit/537.36 (KHTML, like Gecko) Chrome/108.0.5359.125 Safari/537.36" "ysfine.com"
71.178.208.102 - - [18/Jan/2023:05:50:58 -0800] "GET /eink/einhaus33c.jpg HTTP/1.1" 200 23792 "https://ysfine.com/" "Mozilla/5.0 (Windows NT 10.0; Win64; x64) AppleWebKit/537.36 (KHTML, like Gecko) Chrome/108.0.5359.125 Safari/537.36" "ysfine.com"
71.178.208.102 - - [18/Jan/2023:05:50:58 -0800] "GET /home/washmo23d.jpg HTTP/1.1" 200 32142 "https://ysfine.com/" "Mozilla/5.0 (Windows NT 10.0; Win64; x64) AppleWebKit/537.36 (KHTML, like Gecko) Chrome/108.0.5359.125 Safari/537.36" "ysfine.com"
71.178.208.102 - - [18/Jan/2023:05:50:58 -0800] "GET /home/eindc03d.jpg HTTP/1.1" 200 95860 "https://ysfine.com/" "Mozilla/5.0 (Windows NT 10.0; Win64; x64) AppleWebKit/537.36 (KHTML, like Gecko) Chrome/108.0.5359.125 Safari/537.36" "ysfine.com"
71.178.208.102 - - [18/Jan/2023:05:50:58 -0800] "GET /home/taylor500.jpg HTTP/1.1" 200 79197 "https://ysfine.com/" "Mozilla/5.0 (Windows NT 10.0; Win64; x64) AppleWebKit/537.36 (KHTML, like Gecko) Chrome/108.0.5359.125 Safari/537.36" "ysfine.com"
213.246.151.241 - - [18/Jan/2023:05:51:14 -0800] "GET /wigner/neum/pvn03.jpg HTTP/1.1" 200 83757 "https://www.bing.com/" "Mozilla/5.0 (Windows NT 10.0; Win64; x64) AppleWebKit/537.36 (KHTML, like Gecko) Chrome/109.0.0.0 Safari/537.36 Edg/109.0.1518.55" "ysfine.com"
207.154.250.82 - - [18/Jan/2023:05:51:21 -0800] "GET /wp-content/themes/seotheme/db.php?u HTTP/1.1" 404 73 "www.google.com" "Mozlila/5.0 (Linux; Android 7.0; SM-G892A Bulid/NRD90M; wv) AppleWebKit/537.36 (KHTML, like Gecko) Version/4.0 Chrome/60.0.3112.107 Moblie Safari/537.36" "ysfine.com"
40.77.167.13 - - [18/Jan/2023:05:52:00 -0800] "GET /bio/wigner/e(2).html HTTP/1.1" 404 88 "-" "Mozilla/5.0 AppleWebKit/537.36 (KHTML, like Gecko; compatible; bingbot/2.0; +http://www.bing.com/bingbot.htm) Chrome/103.0.5060.134 Safari/537.36" "ysfine.com"
51.222.253.17 - - [18/Jan/2023:05:52:05 -0800] "GET /class54/class5470/total_data/sub_418.htm HTTP/1.1" 200 3204 "-" "Mozilla/5.0 (compatible; AhrefsBot/7.0; +http://ahrefs.com/robot/)" "ysfine.com"
51.222.253.4 - - [18/Jan/2023:05:52:07 -0800] "GET /class54/class5470/total_data/photo_img/4-18.jpg HTTP/1.1" 200 418360 "-" "Mozilla/5.0 (compatible; AhrefsBot/7.0; +http://ahrefs.com/robot/)" "ysfine.com"
157.55.39.72 - - [18/Jan/2023:05:52:33 -0800] "GET /bio.html HTTP/1.1" 304 - "-" "Mozilla/5.0 (compatible; bingbot/2.0; +http://www.bing.com/bingbot.htm)" "www.ysfine.com"
207.46.13.15 - - [18/Jan/2023:05:52:48 -0800] "GET /maga/okun.html HTTP/1.1" 200 883 "-" "Mozilla/5.0 (compatible; bingbot/2.0; +http://www.bing.com/bingbot.htm)" "ysfine.com"
185.191.171.5 - - [18/Jan/2023:05:53:36 -0800] "GET /class54/roskeim.html HTTP/1.1" 200 824 "-" "Mozilla/5.0 (compatible; SemrushBot/7~bl; +http://www.semrush.com/bot.html)" "ysfine.com"
207.46.13.31 - - [18/Jan/2023:05:54:16 -0800] "GET /bio/kobak/yskor.html HTTP/1.1" 404 88 "-" "Mozilla/5.0 AppleWebKit/537.36 (KHTML, like Gecko; compatible; bingbot/2.0; +http://www.bing.com/bingbot.htm) Chrome/103.0.5060.134 Safari/537.36" "ysfine.com"
51.222.253.17 - - [18/Jan/2023:05:54:24 -0800] "GET /class54/class5470/total_data/sub_403.htm HTTP/1.1" 200 3203 "-" "Mozilla/5.0 (compatible; AhrefsBot/7.0; +http://ahrefs.com/robot/)" "ysfine.com"
40.77.167.80 - - [18/Jan/2023:05:55:59 -0800] "GET /feynman/chewfrau.html HTTP/1.1" 200 3075 "-" "Mozilla/5.0 AppleWebKit/537.36 (KHTML, like Gecko; compatible; bingbot/2.0; +http://www.bing.com/bingbot.htm) Chrome/103.0.5060.134 Safari/537.36" "ysfine.com"
40.77.167.13 - - [18/Jan/2023:05:56:19 -0800] "GET /world/season.html HTTP/1.1" 200 23901 "-" "Mozilla/5.0 (compatible; bingbot/2.0; +http://www.bing.com/bingbot.htm)" "ysfine.com"
66.249.66.40 - - [18/Jan/2023:05:56:28 -0800] "GET /people/yodh03b.jpg HTTP/1.1" 200 30154 "-" "Googlebot-Image/1.0" "ysfine.com"
157.55.39.72 - - [18/Jan/2023:05:56:55 -0800] "GET /bio/eink/buythisbook.html HTTP/1.1" 404 88 "-" "Mozilla/5.0 (compatible; bingbot/2.0; +http://www.bing.com/bingbot.htm)" "ysfine.com"
51.222.253.5 - - [18/Jan/2023:05:56:55 -0800] "GET /class54/class5470/total_data/sub_404.htm HTTP/1.1" 200 3214 "-" "Mozilla/5.0 (compatible; AhrefsBot/7.0; +http://ahrefs.com/robot/)" "ysfine.com"
88.198.111.190 - - [18/Jan/2023:05:57:06 -0800] "GET /wigner/gim/szabo02.jpg HTTP/1.1" 200 96294 "-" "Mozilla/5.0 (X11; Fedora; Linux x86_64) AppleWebKit/537.36 (KHTML, like Gecko) Chrome/79.0.3945.117 Safari/537.36" "ysfine.com"
207.46.13.15 - - [18/Jan/2023:05:57:18 -0800] "GET /archives/proceedings/ff3/george.html HTTP/1.1" 200 1556 "-" "Mozilla/5.0 AppleWebKit/537.36 (KHTML, like Gecko; compatible; bingbot/2.0; +http://www.bing.com/bingbot.htm) Chrome/103.0.5060.134 Safari/537.36" "ysfine.com"
66.249.66.214 - - [18/Jan/2023:05:57:23 -0800] "GET /world/scandi/norw18.jpg HTTP/1.1" 304 - "-" "Googlebot-Image/1.0" "ysfine.com"
119.231.105.21 - - [18/Jan/2023:05:57:49 -0800] "GET /wigner/hargittai.htm HTTP/1.1" 200 21502 "https://www.google.co.jp/" "Mozilla/5.0 (Windows NT 10.0; Win64; x64) AppleWebKit/537.36 (KHTML, like Gecko) Chrome/109.0.0.0 Safari/537.36 Edg/109.0.1518.52" "ysfine.com"
61.73.159.97 - - [18/Jan/2023:05:59:15 -0800] "GET /jobs/koreaj.html HTTP/1.1" 200 5358 "https://www.google.com/" "Mozilla/5.0 (Linux; Android 12; SM-G970N) AppleWebKit/537.36 (KHTML, like Gecko) Chrome/108.0.0.0 Mobile Safari/537.36" "ysfine.com"
61.73.159.97 - - [18/Jan/2023:05:59:15 -0800] "GET /jobs/koreaj11b.jpg HTTP/1.1" 200 67543 "https://ysfine.com/jobs/koreaj.html" "Mozilla/5.0 (Linux; Android 12; SM-G970N) AppleWebKit/537.36 (KHTML, like Gecko) Chrome/108.0.0.0 Mobile Safari/537.36" "ysfine.com"
61.73.159.97 - - [18/Jan/2023:05:59:17 -0800] "GET /favicon.ico HTTP/1.1" 404 88 "https://ysfine.com/jobs/koreaj.html" "Mozilla/5.0 (Linux; Android 12; SM-G970N) AppleWebKit/537.36 (KHTML, like Gecko) Chrome/108.0.0.0 Mobile Safari/537.36" "ysfine.com"
51.222.253.17 - - [18/Jan/2023:05:59:25 -0800] "GET /class54/class5470/total_data/sub_405.htm HTTP/1.1" 200 3214 "-" "Mozilla/5.0 (compatible; AhrefsBot/7.0; +http://ahrefs.com/robot/)" "ysfine.com"
51.222.253.11 - - [18/Jan/2023:05:59:26 -0800] "GET /class54/class5470/total_data/photo_img/4-5.jpg HTTP/1.1" 200 219052 "-" "Mozilla/5.0 (compatible; AhrefsBot/7.0; +http://ahrefs.com/robot/)" "ysfine.com"
207.46.13.31 - - [18/Jan/2023:06:00:00 -0800] "GET /bio/sbk/1950.html HTTP/1.1" 404 88 "-" "Mozilla/5.0 (compatible; bingbot/2.0; +http://www.bing.com/bingbot.htm)" "ysfine.com"
66.249.66.214 - - [18/Jan/2023:06:00:09 -0800] "GET /style/cameras/leicafx11c.jpg HTTP/1.1" 304 - "-" "Googlebot-Image/1.0" "ysfine.com"
207.46.13.31 - - [18/Jan/2023:06:01:39 -0800] "GET /bio/style/artlove.html HTTP/1.1" 404 88 "-" "Mozilla/5.0 (compatible; bingbot/2.0; +http://www.bing.com/bingbot.htm)" "ysfine.com"
66.249.66.214 - - [18/Jan/2023:06:01:50 -0800] "GET /world/ital/flor026b.jpg HTTP/1.1" 200 29626 "-" "Googlebot-Image/1.0" "ysfine.com"
51.222.253.6 - - [18/Jan/2023:06:01:54 -0800] "GET /einstein/further.html HTTP/1.1" 200 4338 "-" "Mozilla/5.0 (compatible; AhrefsBot/7.0; +http://ahrefs.com/robot/)" "ysfine.com"
51.222.253.2 - - [18/Jan/2023:06:01:55 -0800] "GET /einstein/dirfeyn55f.jpg HTTP/1.1" 200 106448 "-" "Mozilla/5.0 (compatible; AhrefsBot/7.0; +http://ahrefs.com/robot/)" "ysfine.com"
51.222.253.13 - - [18/Jan/2023:06:01:55 -0800] "GET /einstein/eins05c.jpg HTTP/1.1" 200 52461 "-" "Mozilla/5.0 (compatible; AhrefsBot/7.0; +http://ahrefs.com/robot/)" "ysfine.com"
51.222.253.11 - - [18/Jan/2023:06:01:56 -0800] "GET /einstein/eward33f.jpg HTTP/1.1" 200 77764 "-" "Mozilla/5.0 (compatible; AhrefsBot/7.0; +http://ahrefs.com/robot/)" "ysfine.com"
51.222.253.12 - - [18/Jan/2023:06:01:56 -0800] "GET /einstein/newtein11f.jpg HTTP/1.1" 200 75467 "-" "Mozilla/5.0 (compatible; AhrefsBot/7.0; +http://ahrefs.com/robot/)" "ysfine.com"
51.222.253.10 - - [18/Jan/2023:06:01:57 -0800] "GET /einstein/places/einha02c.jpg HTTP/1.1" 200 23710 "-" "Mozilla/5.0 (compatible; AhrefsBot/7.0; +http://ahrefs.com/robot/)" "ysfine.com"
51.222.253.3 - - [18/Jan/2023:06:01:57 -0800] "GET /einstein/ewk86f.jpg HTTP/1.1" 200 127172 "-" "Mozilla/5.0 (compatible; AhrefsBot/7.0; +http://ahrefs.com/robot/)" "ysfine.com"
51.222.253.8 - - [18/Jan/2023:06:01:57 -0800] "GET /einstein/places/einha01c.jpg HTTP/1.1" 200 39982 "-" "Mozilla/5.0 (compatible; AhrefsBot/7.0; +http://ahrefs.com/robot/)" "ysfine.com"
207.204.229.49 - - [18/Jan/2023:06:02:22 -0800] "GET /confer/other.html HTTP/1.1" 404 88 "http://ysfine.com" "Mozilla/5.0 (Windows NT 10.0; Win64; x64) AppleWebKit/537.36 (KHTML, like Gecko) Chrome/62.0.3202.94 Safari/537.36" "ysfine.com"
207.204.229.49 - - [18/Jan/2023:06:02:23 -0800] "GET /confer/other.html HTTP/1.1" 404 88 "http://ysfine.com" "Mozilla/5.0 (Windows NT 10.0; Win64; x64) AppleWebKit/537.36 (KHTML, like Gecko) Chrome/62.0.3202.94 Safari/537.36" "ysfine.com"
207.204.229.49 - - [18/Jan/2023:06:02:24 -0800] "GET /confer/other.html HTTP/1.1" 404 88 "http://ysfine.com" "Mozilla/5.0 (Windows NT 10.0; Win64; x64) AppleWebKit/537.36 (KHTML, like Gecko) Chrome/62.0.3202.94 Safari/537.36" "ysfine.com"
207.204.229.49 - - [18/Jan/2023:06:02:25 -0800] "GET /confer/other.html HTTP/1.1" 404 88 "http://ysfine.com" "Mozilla/5.0 (Windows NT 10.0; Win64; x64) AppleWebKit/537.36 (KHTML, like Gecko) Chrome/62.0.3202.94 Safari/537.36" "ysfine.com"
54.162.11.116 - - [18/Jan/2023:06:02:26 -0800] "GET /sitemap.xml HTTP/1.1" 304 - "https://www.google.com/" "Mozilla/5.0 (Windows NT 10.0; Win64; x64) AppleWebKit/537.36 (KHTML, like Gecko) Chrome/79.0.3945.88 Safari/537.36" "ysfine.com"
207.46.13.3 - - [18/Jan/2023:06:02:26 -0800] "GET /world/germany/hegel03.jpg HTTP/1.1" 200 211480 "-" "Mozilla/5.0 (compatible; bingbot/2.0; +http://www.bing.com/bingbot.htm)" "ysfine.com"
213.173.180.98 - - [18/Jan/2023:06:03:19 -0800] "GET /feynman/millik.jpg HTTP/1.1" 200 79301 "-" "Mozilla/5.0 (Windows NT 10.0; Win64; x64) AppleWebKit/537.36 (KHTML, like Gecko) Chrome/108.0.0.0 Safari/537.36" "ysfine.com"
213.173.180.98 - - [18/Jan/2023:06:03:20 -0800] "GET /favicon.ico HTTP/1.1" 404 88 "https://ysfine.com/feynman/millik.jpg" "Mozilla/5.0 (Windows NT 10.0; Win64; x64) AppleWebKit/537.36 (KHTML, like Gecko) Chrome/108.0.0.0 Safari/537.36" "ysfine.com"
192.0.100.83 - - [18/Jan/2023:06:03:22 -0800] "GET /world/china/china028b.jpg HTTP/1.1" 200 32708 "-" "Photon/1.0" "ysfine.com"
40.77.167.13 - - [18/Jan/2023:06:03:30 -0800] "GET /feynman/feynbot.html HTTP/1.1" 200 138 "-" "Mozilla/5.0 AppleWebKit/537.36 (KHTML, like Gecko; compatible; bingbot/2.0; +http://www.bing.com/bingbot.htm) Chrome/103.0.5060.134 Safari/537.36" "ysfine.com"
157.55.39.72 - - [18/Jan/2023:06:03:56 -0800] "GET /bio.html HTTP/1.1" 200 18260 "-" "Mozilla/5.0 (compatible; bingbot/2.0; +http://www.bing.com/bingbot.htm)" "ysfine.com"
51.222.253.10 - - [18/Jan/2023:06:04:19 -0800] "GET /maga/huygens.html HTTP/1.1" 200 5039 "-" "Mozilla/5.0 (compatible; AhrefsBot/7.0; +http://ahrefs.com/robot/)" "ysfine.com"
51.222.253.11 - - [18/Jan/2023:06:04:20 -0800] "GET /maga/phys/huygens33.jpg HTTP/1.1" 200 15508 "-" "Mozilla/5.0 (compatible; AhrefsBot/7.0; +http://ahrefs.com/robot/)" "ysfine.com"
51.222.253.16 - - [18/Jan/2023:06:04:20 -0800] "GET /maga/phys/huygens01b.jpg HTTP/1.1" 200 36779 "-" "Mozilla/5.0 (compatible; AhrefsBot/7.0; +http://ahrefs.com/robot/)" "ysfine.com"
51.222.253.1 - - [18/Jan/2023:06:04:21 -0800] "GET /maga/phys/canal22f.jpg HTTP/1.1" 200 56043 "-" "Mozilla/5.0 (compatible; AhrefsBot/7.0; +http://ahrefs.com/robot/)" "ysfine.com"
51.222.253.11 - - [18/Jan/2023:06:04:21 -0800] "GET /dirac/dirbust22b.jpg HTTP/1.1" 200 46579 "-" "Mozilla/5.0 (compatible; AhrefsBot/7.0; +http://ahrefs.com/robot/)" "ysfine.com"
51.222.253.5 - - [18/Jan/2023:06:04:22 -0800] "GET /maga/phys/huy03b.jpg HTTP/1.1" 200 37961 "-" "Mozilla/5.0 (compatible; AhrefsBot/7.0; +http://ahrefs.com/robot/)" "ysfine.com"
51.222.253.18 - - [18/Jan/2023:06:04:22 -0800] "GET /maga/phys/bohr22b.jpg HTTP/1.1" 200 31482 "-" "Mozilla/5.0 (compatible; AhrefsBot/7.0; +http://ahrefs.com/robot/)" "ysfine.com"
51.222.253.10 - - [18/Jan/2023:06:04:23 -0800] "GET /dirac/coupo02b.jpg HTTP/1.1" 200 43233 "-" "Mozilla/5.0 (compatible; AhrefsBot/7.0; +http://ahrefs.com/robot/)" "ysfine.com"
51.222.253.15 - - [18/Jan/2023:06:04:23 -0800] "GET /maga/phys/huy34b.jpg HTTP/1.1" 200 36208 "-" "Mozilla/5.0 (compatible; AhrefsBot/7.0; +http://ahrefs.com/robot/)" "ysfine.com"
51.222.253.16 - - [18/Jan/2023:06:04:23 -0800] "GET /dirac/dirheisen11b.jpg HTTP/1.1" 200 44710 "-" "Mozilla/5.0 (compatible; AhrefsBot/7.0; +http://ahrefs.com/robot/)" "ysfine.com"
51.222.253.8 - - [18/Jan/2023:06:04:24 -0800] "GET /maga/phys/huy04b.jpg HTTP/1.1" 200 27012 "-" "Mozilla/5.0 (compatible; AhrefsBot/7.0; +http://ahrefs.com/robot/)" "ysfine.com"
51.222.253.13 - - [18/Jan/2023:06:04:24 -0800] "GET /maga/phys/huy12b.jpg HTTP/1.1" 200 27490 "-" "Mozilla/5.0 (compatible; AhrefsBot/7.0; +http://ahrefs.com/robot/)" "ysfine.com"
51.222.253.20 - - [18/Jan/2023:06:04:24 -0800] "GET /maga/phys/huy36b.jpg HTTP/1.1" 200 26495 "-" "Mozilla/5.0 (compatible; AhrefsBot/7.0; +http://ahrefs.com/robot/)" "ysfine.com"
51.222.253.18 - - [18/Jan/2023:06:04:25 -0800] "GET /maga/phys/newton12b.jpg HTTP/1.1" 200 42832 "-" "Mozilla/5.0 (compatible; AhrefsBot/7.0; +http://ahrefs.com/robot/)" "ysfine.com"
176.42.22.169 - - [18/Jan/2023:06:04:54 -0800] "GET /kowar/tanks.html HTTP/1.1" 200 8699 "-" "Mozilla/5.0 (Windows NT 10.0; Win64; x64) AppleWebKit/537.36 (KHTML, like Gecko) Chrome/108.0.0.0 Safari/537.36" "ysfine.com"
40.77.167.80 - - [18/Jan/2023:06:05:47 -0800] "GET /world/france/chagall02.jpg HTTP/1.1" 200 82461 "-" "Mozilla/5.0 (compatible; bingbot/2.0; +http://www.bing.com/bingbot.htm)" "ysfine.com"
51.222.253.5 - - [18/Jan/2023:06:06:37 -0800] "GET /remote/wigner111/frame35.html HTTP/1.1" 200 371 "-" "Mozilla/5.0 (compatible; AhrefsBot/7.0; +http://ahrefs.com/robot/)" "ysfine.com"
51.222.253.17 - - [18/Jan/2023:06:06:38 -0800] "GET /remote/wigner111/kim-35.jpg HTTP/1.1" 200 81247 "-" "Mozilla/5.0 (compatible; AhrefsBot/7.0; +http://ahrefs.com/robot/)" "ysfine.com"
157.55.39.72 - - [18/Jan/2023:06:07:05 -0800] "GET /bio/kobak/soraech.html HTTP/1.1" 404 88 "-" "Mozilla/5.0 AppleWebKit/537.36 (KHTML, like Gecko; compatible; bingbot/2.0; +http://www.bing.com/bingbot.htm) Chrome/103.0.5060.134 Safari/537.36" "ysfine.com"
34.105.244.67 - - [18/Jan/2023:06:07:10 -0800] "GET /xmlrpc.php HTTP/1.1" 404 88 "-" "Mozilla/5.0 (iPhone; CPU iPhone OS 16_0_2 like Mac OS X) AppleWebKit/605.1.15 (KHTML, like Gecko) Version/16.0 Mobile/15E148 Safari/604.1" "ysfine.com"
185.191.171.39 - - [18/Jan/2023:06:08:29 -0800] "GET /robots.txt HTTP/1.1" 404 88 "-" "Mozilla/5.0 (compatible; SemrushBot/7~bl; +http://www.semrush.com/bot.html)" "ysfine.com"
185.191.171.11 - - [18/Jan/2023:06:08:29 -0800] "GET /kobak/yskor.html HTTP/1.1" 200 9943 "-" "Mozilla/5.0 (compatible; SemrushBot/7~bl; +http://www.semrush.com/bot.html)" "ysfine.com"
51.222.253.18 - - [18/Jan/2023:06:09:02 -0800] "GET /class54/class5470/total_data/sub_413.htm HTTP/1.1" 200 3201 "-" "Mozilla/5.0 (compatible; AhrefsBot/7.0; +http://ahrefs.com/robot/)" "ysfine.com"
40.77.167.13 - - [18/Jan/2023:06:09:30 -0800] "GET /bio/princeton/campus.html HTTP/1.1" 404 88 "-" "Mozilla/5.0 (compatible; bingbot/2.0; +http://www.bing.com/bingbot.htm)" "ysfine.com"
61.73.159.97 - - [18/Jan/2023:06:10:06 -0800] "GET /jobs/koreaj.html HTTP/1.1" 304 - "https://www.google.com/" "Mozilla/5.0 (Linux; Android 12; SM-G970N) AppleWebKit/537.36 (KHTML, like Gecko) Chrome/108.0.0.0 Mobile Safari/537.36" "ysfine.com"
69.63.189.116 - - [18/Jan/2023:06:10:40 -0800] "GET /einstein/further.html HTTP/1.1" 206 4338 "-" "facebookexternalhit/1.1 (+http://www.facebook.com/externalhit_uatext.php)" "ysfine.com"
71.178.208.102 - - [18/Jan/2023:06:10:49 -0800] "GET /bio.html?fbclid=IwAR3U9_2PDIqiCPG0pOVbxxOEhzc0ktXRFipnmiYF4e4vh7Fvj0aDDVU6_50 HTTP/1.1" 200 18260 "https://l.facebook.com/" "Mozilla/5.0 (Windows NT 10.0; Win64; x64) AppleWebKit/537.36 (KHTML, like Gecko) Chrome/109.0.0.0 Safari/537.36" "ysfine.com"
66.249.66.92 - - [18/Jan/2023:06:10:51 -0800] "GET /world/germany/hegel10.jpg HTTP/1.1" 304 - "-" "Googlebot-Image/1.0" "ysfine.com"
66.249.66.93 - - [18/Jan/2023:06:11:20 -0800] "GET /maga/boltz/boltz22b.jpg HTTP/1.1" 304 - "-" "Googlebot-Image/1.0" "ysfine.com"
66.249.66.214 - - [18/Jan/2023:06:11:29 -0800] "GET /world/brit/paddington26.jpg HTTP/1.1" 304 - "-" "Googlebot-Image/1.0" "ysfine.com"
71.178.208.102 - - [18/Jan/2023:06:11:43 -0800] "GET /bio.html?fbclid=IwAR3U9_2PDIqiCPG0pOVbxxOEhzc0ktXRFipnmiYF4e4vh7Fvj0aDDVU6_50 HTTP/1.1" 200 18260 "-" "Mozilla/5.0 (Windows NT 10.0; Win64; x64) AppleWebKit/537.36 (KHTML, like Gecko) Chrome/109.0.0.0 Safari/537.36 Edg/109.0.1518.55" "ysfine.com"
51.222.253.16 - - [18/Jan/2023:06:11:45 -0800] "GET /class54/class5470/total_data/sub_414.htm HTTP/1.1" 200 3204 "-" "Mozilla/5.0 (compatible; AhrefsBot/7.0; +http://ahrefs.com/robot/)" "ysfine.com"
71.178.208.102 - - [18/Jan/2023:06:11:46 -0800] "GET /bio09.html HTTP/1.1" 200 12021 "-" "Mozilla/5.0 (Windows NT 10.0; Win64; x64) AppleWebKit/537.36 (KHTML, like Gecko) Chrome/109.0.0.0 Safari/537.36 Edg/109.0.1518.55" "ysfine.com"
51.222.253.15 - - [18/Jan/2023:06:11:46 -0800] "GET /class54/class5470/total_data/photo_img/4-14.jpg HTTP/1.1" 200 288430 "-" "Mozilla/5.0 (compatible; AhrefsBot/7.0; +http://ahrefs.com/robot/)" "ysfine.com"
195.171.129.126 - - [18/Jan/2023:06:12:05 -0800] "GET /einstein/heisen33.jpg HTTP/1.1" 200 501915 "https://www.bing.com/" "Mozilla/5.0 (Windows NT 10.0; Win64; x64) AppleWebKit/537.36 (KHTML, like Gecko) Chrome/108.0.0.0 Safari/537.36" "www.ysfine.com"
213.49.192.97 - - [18/Jan/2023:06:12:09 -0800] "GET /wigner/wiglittle.pdf HTTP/1.1" 200 2659296 "https://www.google.com/" "Mozilla/5.0 (X11; Linux x86_64) AppleWebKit/537.36 (KHTML, like Gecko) SamsungBrowser/19.0 Chrome/102.0.5005.125 Safari/537.36" "ysfine.com"
185.191.171.11 - - [18/Jan/2023:06:12:11 -0800] "GET /heisen/einheisen00.html HTTP/1.1" 200 5149 "-" "Mozilla/5.0 (compatible; SemrushBot/7~bl; +http://www.semrush.com/bot.html)" "ysfine.com"
213.49.192.97 - - [18/Jan/2023:06:12:12 -0800] "GET /wigner/wiglittle.pdf HTTP/1.1" 200 2659296 "-" "okhttp/4.9.3" "ysfine.com"
51.222.253.9 - - [18/Jan/2023:06:14:33 -0800] "GET /class54/class5470/total_data/sub_416.htm HTTP/1.1" 200 3204 "-" "Mozilla/5.0 (compatible; AhrefsBot/7.0; +http://ahrefs.com/robot/)" "ysfine.com"
51.222.253.5 - - [18/Jan/2023:06:14:35 -0800] "GET /class54/class5470/total_data/photo_img/4-16.jpg HTTP/1.1" 200 411152 "-" "Mozilla/5.0 (compatible; AhrefsBot/7.0; +http://ahrefs.com/robot/)" "ysfine.com"
213.49.192.97 - - [18/Jan/2023:06:14:45 -0800] "GET /wigner/wiglittle.pdf HTTP/1.1" 206 1 "https://www.google.com/" "Mozilla/5.0 (X11; Linux x86_64) AppleWebKit/537.36 (KHTML, like Gecko) SamsungBrowser/19.0 Chrome/102.0.5005.125 Safari/537.36" "ysfine.com"
213.49.192.97 - - [18/Jan/2023:06:14:45 -0800] "GET /wigner/wiglittle.pdf HTTP/1.1" 206 1971861 "https://www.google.com/" "Mozilla/5.0 (X11; Linux x86_64) AppleWebKit/537.36 (KHTML, like Gecko) SamsungBrowser/19.0 Chrome/102.0.5005.125 Safari/537.36" "ysfine.com"
35.90.145.74 - - [18/Jan/2023:06:15:02 -0800] "GET /wigner/hargittai.htm HTTP/1.1" 200 101371 "-" "Mozilla/5.0 (Windows NT 10.0; Win64; x64) AppleWebKit/537.36 (KHTML, like Gecko) Chrome/105.0.0.0 Safari/537.36" "ysfine.com"
185.191.171.22 - - [18/Jan/2023:06:15:45 -0800] "GET /dirac/diracsq22.html HTTP/1.1" 200 7395 "-" "Mozilla/5.0 (compatible; SemrushBot/7~bl; +http://www.semrush.com/bot.html)" "ysfine.com"
71.178.208.102 - - [18/Jan/2023:06:16:33 -0800] "GET /style/songs.html HTTP/1.1" 200 31567 "https://www.ysfine.com/ys11/" "Mozilla/5.0 (Windows NT 10.0; Win64; x64) AppleWebKit/537.36 (KHTML, like Gecko) Chrome/108.0.5359.125 Safari/537.36" "www.ysfine.com"
71.178.208.102 - - [18/Jan/2023:06:16:34 -0800] "GET /style/hifi01b.jpg HTTP/1.1" 200 24818 "https://www.ysfine.com/style/songs.html" "Mozilla/5.0 (Windows NT 10.0; Win64; x64) AppleWebKit/537.36 (KHTML, like Gecko) Chrome/108.0.5359.125 Safari/537.36" "www.ysfine.com"
71.178.208.102 - - [18/Jan/2023:06:16:34 -0800] "GET /style/cotton11b.jpg HTTP/1.1" 200 41615 "https://www.ysfine.com/style/songs.html" "Mozilla/5.0 (Windows NT 10.0; Win64; x64) AppleWebKit/537.36 (KHTML, like Gecko) Chrome/108.0.5359.125 Safari/537.36" "www.ysfine.com"
71.178.208.102 - - [18/Jan/2023:06:16:34 -0800] "GET /style/jpchildren2.jpg HTTP/1.1" 200 46718 "https://www.ysfine.com/style/songs.html" "Mozilla/5.0 (Windows NT 10.0; Win64; x64) AppleWebKit/537.36 (KHTML, like Gecko) Chrome/108.0.5359.125 Safari/537.36" "www.ysfine.com"
71.178.208.102 - - [18/Jan/2023:06:16:34 -0800] "GET /kobak/korjap03b.jpg HTTP/1.1" 200 28107 "https://www.ysfine.com/style/songs.html" "Mozilla/5.0 (Windows NT 10.0; Win64; x64) AppleWebKit/537.36 (KHTML, like Gecko) Chrome/108.0.5359.125 Safari/537.36" "www.ysfine.com"
71.178.208.102 - - [18/Jan/2023:06:16:34 -0800] "GET /style/yamato2.jpg HTTP/1.1" 200 33922 "https://www.ysfine.com/style/songs.html" "Mozilla/5.0 (Windows NT 10.0; Win64; x64) AppleWebKit/537.36 (KHTML, like Gecko) Chrome/108.0.5359.125 Safari/537.36" "www.ysfine.com"
71.178.208.102 - - [18/Jan/2023:06:16:34 -0800] "GET /style/hamako11b.jpg HTTP/1.1" 200 33344 "https://www.ysfine.com/style/songs.html" "Mozilla/5.0 (Windows NT 10.0; Win64; x64) AppleWebKit/537.36 (KHTML, like Gecko) Chrome/108.0.5359.125 Safari/537.36" "www.ysfine.com"
71.178.208.102 - - [18/Jan/2023:06:16:34 -0800] "GET /style/nijubasi22b.jpg HTTP/1.1" 200 44289 "https://www.ysfine.com/style/songs.html" "Mozilla/5.0 (Windows NT 10.0; Win64; x64) AppleWebKit/537.36 (KHTML, like Gecko) Chrome/108.0.5359.125 Safari/537.36" "www.ysfine.com"
71.178.208.102 - - [18/Jan/2023:06:16:34 -0800] "GET /style/mieko22b.jpg HTTP/1.1" 200 41674 "https://www.ysfine.com/style/songs.html" "Mozilla/5.0 (Windows NT 10.0; Win64; x64) AppleWebKit/537.36 (KHTML, like Gecko) Chrome/108.0.5359.125 Safari/537.36" "www.ysfine.com"
71.178.208.102 - - [18/Jan/2023:06:16:34 -0800] "GET /kobak/arisaka99b.jpg HTTP/1.1" 200 48028 "https://www.ysfine.com/style/songs.html" "Mozilla/5.0 (Windows NT 10.0; Win64; x64) AppleWebKit/537.36 (KHTML, like Gecko) Chrome/108.0.5359.125 Safari/537.36" "www.ysfine.com"
71.178.208.102 - - [18/Jan/2023:06:16:34 -0800] "GET /kobak/taylor11b.jpg HTTP/1.1" 200 42467 "https://www.ysfine.com/style/songs.html" "Mozilla/5.0 (Windows NT 10.0; Win64; x64) AppleWebKit/537.36 (KHTML, like Gecko) Chrome/108.0.5359.125 Safari/537.36" "www.ysfine.com"
71.178.208.102 - - [18/Jan/2023:06:16:34 -0800] "GET /style/sousa2.jpg HTTP/1.1" 200 42173 "https://www.ysfine.com/style/songs.html" "Mozilla/5.0 (Windows NT 10.0; Win64; x64) AppleWebKit/537.36 (KHTML, like Gecko) Chrome/108.0.5359.125 Safari/537.36" "www.ysfine.com"
71.178.208.102 - - [18/Jan/2023:06:16:34 -0800] "GET /world/germany/berlin005b.jpg HTTP/1.1" 200 31205 "https://www.ysfine.com/style/songs.html" "Mozilla/5.0 (Windows NT 10.0; Win64; x64) AppleWebKit/537.36 (KHTML, like Gecko) Chrome/108.0.5359.125 Safari/537.36" "www.ysfine.com"
71.178.208.102 - - [18/Jan/2023:06:16:34 -0800] "GET /style/shcampus11b.jpg HTTP/1.1" 200 53039 "https://www.ysfine.com/style/songs.html" "Mozilla/5.0 (Windows NT 10.0; Win64; x64) AppleWebKit/537.36 (KHTML, like Gecko) Chrome/108.0.5359.125 Safari/537.36" "www.ysfine.com"
71.178.208.102 - - [18/Jan/2023:06:16:34 -0800] "GET /style/xiangran66b.jpg HTTP/1.1" 200 30098 "https://www.ysfine.com/style/songs.html" "Mozilla/5.0 (Windows NT 10.0; Win64; x64) AppleWebKit/537.36 (KHTML, like Gecko) Chrome/108.0.5359.125 Safari/537.36" "www.ysfine.com"
71.178.208.102 - - [18/Jan/2023:06:16:34 -0800] "GET /style/owaves2.jpg HTTP/1.1" 200 55324 "https://www.ysfine.com/style/songs.html" "Mozilla/5.0 (Windows NT 10.0; Win64; x64) AppleWebKit/537.36 (KHTML, like Gecko) Chrome/108.0.5359.125 Safari/537.36" "www.ysfine.com"
71.178.208.102 - - [18/Jan/2023:06:16:34 -0800] "GET /style/xiangran55b.jpg HTTP/1.1" 200 39739 "https://www.ysfine.com/style/songs.html" "Mozilla/5.0 (Windows NT 10.0; Win64; x64) AppleWebKit/537.36 (KHTML, like Gecko) Chrome/108.0.5359.125 Safari/537.36" "www.ysfine.com"
71.178.208.102 - - [18/Jan/2023:06:16:34 -0800] "GET /kobak/swr51b.jpg HTTP/1.1" 200 31277 "https://www.ysfine.com/style/songs.html" "Mozilla/5.0 (Windows NT 10.0; Win64; x64) AppleWebKit/537.36 (KHTML, like Gecko) Chrome/108.0.5359.125 Safari/537.36" "www.ysfine.com"
71.178.208.102 - - [18/Jan/2023:06:16:34 -0800] "GET /style/hamako33b.jpg HTTP/1.1" 200 44854 "https://www.ysfine.com/style/songs.html" "Mozilla/5.0 (Windows NT 10.0; Win64; x64) AppleWebKit/537.36 (KHTML, like Gecko) Chrome/108.0.5359.125 Safari/537.36" "www.ysfine.com"
71.178.208.102 - - [18/Jan/2023:06:16:34 -0800] "GET /style/jpsingap01b.jpg HTTP/1.1" 200 52443 "https://www.ysfine.com/style/songs.html" "Mozilla/5.0 (Windows NT 10.0; Win64; x64) AppleWebKit/537.36 (KHTML, like Gecko) Chrome/108.0.5359.125 Safari/537.36" "www.ysfine.com"
71.178.208.102 - - [18/Jan/2023:06:16:34 -0800] "GET /world/hungary/hunband01b.jpg HTTP/1.1" 200 46280 "https://www.ysfine.com/style/songs.html" "Mozilla/5.0 (Windows NT 10.0; Win64; x64) AppleWebKit/537.36 (KHTML, like Gecko) Chrome/108.0.5359.125 Safari/537.36" "www.ysfine.com"
71.178.208.102 - - [18/Jan/2023:06:16:34 -0800] "GET /style/zero01b.jpg HTTP/1.1" 200 27421 "https://www.ysfine.com/style/songs.html" "Mozilla/5.0 (Windows NT 10.0; Win64; x64) AppleWebKit/537.36 (KHTML, like Gecko) Chrome/108.0.5359.125 Safari/537.36" "www.ysfine.com"
71.178.208.102 - - [18/Jan/2023:06:16:34 -0800] "GET /style/xiangran22b.jpg HTTP/1.1" 200 56332 "https://www.ysfine.com/style/songs.html" "Mozilla/5.0 (Windows NT 10.0; Win64; x64) AppleWebKit/537.36 (KHTML, like Gecko) Chrome/108.0.5359.125 Safari/537.36" "www.ysfine.com"
71.178.208.102 - - [18/Jan/2023:06:16:34 -0800] "GET /style/yasukuni22b.jpg HTTP/1.1" 200 35342 "https://www.ysfine.com/style/songs.html" "Mozilla/5.0 (Windows NT 10.0; Win64; x64) AppleWebKit/537.36 (KHTML, like Gecko) Chrome/108.0.5359.125 Safari/537.36" "www.ysfine.com"
71.178.208.102 - - [18/Jan/2023:06:16:34 -0800] "GET /style/yasukuni11b.jpg HTTP/1.1" 200 53460 "https://www.ysfine.com/style/songs.html" "Mozilla/5.0 (Windows NT 10.0; Win64; x64) AppleWebKit/537.36 (KHTML, like Gecko) Chrome/108.0.5359.125 Safari/537.36" "www.ysfine.com"
71.178.208.102 - - [18/Jan/2023:06:16:34 -0800] "GET /kobak/kimkoo01b.jpg HTTP/1.1" 200 35261 "https://www.ysfine.com/style/songs.html" "Mozilla/5.0 (Windows NT 10.0; Win64; x64) AppleWebKit/537.36 (KHTML, like Gecko) Chrome/108.0.5359.125 Safari/537.36" "www.ysfine.com"
71.178.208.102 - - [18/Jan/2023:06:16:34 -0800] "GET /style/xiangran11b.jpg HTTP/1.1" 200 47472 "https://www.ysfine.com/style/songs.html" "Mozilla/5.0 (Windows NT 10.0; Win64; x64) AppleWebKit/537.36 (KHTML, like Gecko) Chrome/108.0.5359.125 Safari/537.36" "www.ysfine.com"
71.178.208.102 - - [18/Jan/2023:06:16:34 -0800] "GET /style/xiangran33b.jpg HTTP/1.1" 200 26488 "https://www.ysfine.com/style/songs.html" "Mozilla/5.0 (Windows NT 10.0; Win64; x64) AppleWebKit/537.36 (KHTML, like Gecko) Chrome/108.0.5359.125 Safari/537.36" "www.ysfine.com"
71.178.208.102 - - [18/Jan/2023:06:16:34 -0800] "GET /style/mieko11b.jpg HTTP/1.1" 200 53779 "https://www.ysfine.com/style/songs.html" "Mozilla/5.0 (Windows NT 10.0; Win64; x64) AppleWebKit/537.36 (KHTML, like Gecko) Chrome/108.0.5359.125 Safari/537.36" "www.ysfine.com"
71.178.208.102 - - [18/Jan/2023:06:16:34 -0800] "GET /beau/aline/ana11b.jpg HTTP/1.1" 404 88 "https://www.ysfine.com/style/songs.html" "Mozilla/5.0 (Windows NT 10.0; Win64; x64) AppleWebKit/537.36 (KHTML, like Gecko) Chrome/108.0.5359.125 Safari/537.36" "www.ysfine.com"
71.178.208.102 - - [18/Jan/2023:06:16:34 -0800] "GET /style/akiko2.jpg HTTP/1.1" 200 50482 "https://www.ysfine.com/style/songs.html" "Mozilla/5.0 (Windows NT 10.0; Win64; x64) AppleWebKit/537.36 (KHTML, like Gecko) Chrome/108.0.5359.125 Safari/537.36" "www.ysfine.com"
71.178.208.102 - - [18/Jan/2023:06:16:34 -0800] "GET /style/fujiyama2.jpg HTTP/1.1" 200 47368 "https://www.ysfine.com/style/songs.html" "Mozilla/5.0 (Windows NT 10.0; Win64; x64) AppleWebKit/537.36 (KHTML, like Gecko) Chrome/108.0.5359.125 Safari/537.36" "www.ysfine.com"
71.178.208.102 - - [18/Jan/2023:06:16:34 -0800] "GET /style/hibari22b.jpg HTTP/1.1" 200 39644 "https://www.ysfine.com/style/songs.html" "Mozilla/5.0 (Windows NT 10.0; Win64; x64) AppleWebKit/537.36 (KHTML, like Gecko) Chrome/108.0.5359.125 Safari/537.36" "www.ysfine.com"
71.178.208.102 - - [18/Jan/2023:06:16:34 -0800] "GET /kobak/105mm2.jpg HTTP/1.1" 200 54167 "https://www.ysfine.com/style/songs.html" "Mozilla/5.0 (Windows NT 10.0; Win64; x64) AppleWebKit/537.36 (KHTML, like Gecko) Chrome/108.0.5359.125 Safari/537.36" "www.ysfine.com"
71.178.208.102 - - [18/Jan/2023:06:16:34 -0800] "GET /world/germany/hofbrau33b.jpg HTTP/1.1" 200 51219 "https://www.ysfine.com/style/songs.html" "Mozilla/5.0 (Windows NT 10.0; Win64; x64) AppleWebKit/537.36 (KHTML, like Gecko) Chrome/108.0.5359.125 Safari/537.36" "www.ysfine.com"
71.178.208.102 - - [18/Jan/2023:06:16:34 -0800] "GET /kobak/jutlandia2.jpg HTTP/1.1" 200 34252 "https://www.ysfine.com/style/songs.html" "Mozilla/5.0 (Windows NT 10.0; Win64; x64) AppleWebKit/537.36 (KHTML, like Gecko) Chrome/108.0.5359.125 Safari/537.36" "www.ysfine.com"
71.178.208.102 - - [18/Jan/2023:06:16:34 -0800] "GET /maga/invent/joak11b.jpg HTTP/1.1" 200 40558 "https://www.ysfine.com/style/songs.html" "Mozilla/5.0 (Windows NT 10.0; Win64; x64) AppleWebKit/537.36 (KHTML, like Gecko) Chrome/108.0.5359.125 Safari/537.36" "www.ysfine.com"
71.178.208.102 - - [18/Jan/2023:06:16:34 -0800] "GET /world/france/eiffel05b.jpg HTTP/1.1" 200 26314 "https://www.ysfine.com/style/songs.html" "Mozilla/5.0 (Windows NT 10.0; Win64; x64) AppleWebKit/537.36 (KHTML, like Gecko) Chrome/108.0.5359.125 Safari/537.36" "www.ysfine.com"
71.178.208.102 - - [18/Jan/2023:06:16:34 -0800] "GET /style/vienopera22b.jpg HTTP/1.1" 200 52023 "https://www.ysfine.com/style/songs.html" "Mozilla/5.0 (Windows NT 10.0; Win64; x64) AppleWebKit/537.36 (KHTML, like Gecko) Chrome/108.0.5359.125 Safari/537.36" "www.ysfine.com"
71.178.208.102 - - [18/Jan/2023:06:16:34 -0800] "GET /world/russ/spbm07b.jpg HTTP/1.1" 200 42946 "https://www.ysfine.com/style/songs.html" "Mozilla/5.0 (Windows NT 10.0; Win64; x64) AppleWebKit/537.36 (KHTML, like Gecko) Chrome/108.0.5359.125 Safari/537.36" "www.ysfine.com"
71.178.208.102 - - [18/Jan/2023:06:16:34 -0800] "GET /style/chopingr11b.jpg HTTP/1.1" 200 68030 "https://www.ysfine.com/style/songs.html" "Mozilla/5.0 (Windows NT 10.0; Win64; x64) AppleWebKit/537.36 (KHTML, like Gecko) Chrome/108.0.5359.125 Safari/537.36" "www.ysfine.com"
71.178.208.102 - - [18/Jan/2023:06:16:34 -0800] "GET /style/sarahchang01b.jpg HTTP/1.1" 200 50797 "https://www.ysfine.com/style/songs.html" "Mozilla/5.0 (Windows NT 10.0; Win64; x64) AppleWebKit/537.36 (KHTML, like Gecko) Chrome/108.0.5359.125 Safari/537.36" "www.ysfine.com"
71.178.208.102 - - [18/Jan/2023:06:16:34 -0800] "GET /style/akiko55.jpg HTTP/1.1" 200 48868 "https://www.ysfine.com/style/songs.html" "Mozilla/5.0 (Windows NT 10.0; Win64; x64) AppleWebKit/537.36 (KHTML, like Gecko) Chrome/108.0.5359.125 Safari/537.36" "www.ysfine.com"
71.178.208.102 - - [18/Jan/2023:06:16:34 -0800] "GET /style/hibari11b.jpg HTTP/1.1" 200 35625 "https://www.ysfine.com/style/songs.html" "Mozilla/5.0 (Windows NT 10.0; Win64; x64) AppleWebKit/537.36 (KHTML, like Gecko) Chrome/108.0.5359.125 Safari/537.36" "www.ysfine.com"
71.178.208.102 - - [18/Jan/2023:06:16:34 -0800] "GET /style/johannstra11b.jpg HTTP/1.1" 200 50080 "https://www.ysfine.com/style/songs.html" "Mozilla/5.0 (Windows NT 10.0; Win64; x64) AppleWebKit/537.36 (KHTML, like Gecko) Chrome/108.0.5359.125 Safari/537.36" "www.ysfine.com"
71.178.208.102 - - [18/Jan/2023:06:16:34 -0800] "GET /style/verdi11b.jpg HTTP/1.1" 200 40111 "https://www.ysfine.com/style/songs.html" "Mozilla/5.0 (Windows NT 10.0; Win64; x64) AppleWebKit/537.36 (KHTML, like Gecko) Chrome/108.0.5359.125 Safari/537.36" "www.ysfine.com"
71.178.208.102 - - [18/Jan/2023:06:16:34 -0800] "GET /style/flamen2.jpg HTTP/1.1" 200 46908 "https://www.ysfine.com/style/songs.html" "Mozilla/5.0 (Windows NT 10.0; Win64; x64) AppleWebKit/537.36 (KHTML, like Gecko) Chrome/108.0.5359.125 Safari/537.36" "www.ysfine.com"
71.178.208.102 - - [18/Jan/2023:06:16:34 -0800] "GET /usca/calif/sanfr021b.jpg HTTP/1.1" 200 47196 "https://www.ysfine.com/style/songs.html" "Mozilla/5.0 (Windows NT 10.0; Win64; x64) AppleWebKit/537.36 (KHTML, like Gecko) Chrome/108.0.5359.125 Safari/537.36" "www.ysfine.com"
71.178.208.102 - - [18/Jan/2023:06:16:34 -0800] "GET /style/chulmo2.jpg HTTP/1.1" 200 49387 "https://www.ysfine.com/style/songs.html" "Mozilla/5.0 (Windows NT 10.0; Win64; x64) AppleWebKit/537.36 (KHTML, like Gecko) Chrome/108.0.5359.125 Safari/537.36" "www.ysfine.com"
71.178.208.102 - - [18/Jan/2023:06:16:34 -0800] "GET /style/brahms2.jpg HTTP/1.1" 200 43601 "https://www.ysfine.com/style/songs.html" "Mozilla/5.0 (Windows NT 10.0; Win64; x64) AppleWebKit/537.36 (KHTML, like Gecko) Chrome/108.0.5359.125 Safari/537.36" "www.ysfine.com"
71.178.208.102 - - [18/Jan/2023:06:16:34 -0800] "GET /style/durbin2.jpg HTTP/1.1" 200 34965 "https://www.ysfine.com/style/songs.html" "Mozilla/5.0 (Windows NT 10.0; Win64; x64) AppleWebKit/537.36 (KHTML, like Gecko) Chrome/108.0.5359.125 Safari/537.36" "www.ysfine.com"
71.178.208.102 - - [18/Jan/2023:06:16:34 -0800] "GET /style/beetho11b.jpg HTTP/1.1" 200 51004 "https://www.ysfine.com/style/songs.html" "Mozilla/5.0 (Windows NT 10.0; Win64; x64) AppleWebKit/537.36 (KHTML, like Gecko) Chrome/108.0.5359.125 Safari/537.36" "www.ysfine.com"
71.178.208.102 - - [18/Jan/2023:06:16:34 -0800] "GET /world/germany/schonbr03b.jpg HTTP/1.1" 200 46623 "https://www.ysfine.com/style/songs.html" "Mozilla/5.0 (Windows NT 10.0; Win64; x64) AppleWebKit/537.36 (KHTML, like Gecko) Chrome/108.0.5359.125 Safari/537.36" "www.ysfine.com"
71.178.208.102 - - [18/Jan/2023:06:16:34 -0800] "GET /world/ital/lascala05b.jpg HTTP/1.1" 200 35719 "https://www.ysfine.com/style/songs.html" "Mozilla/5.0 (Windows NT 10.0; Win64; x64) AppleWebKit/537.36 (KHTML, like Gecko) Chrome/108.0.5359.125 Safari/537.36" "www.ysfine.com"
71.178.208.102 - - [18/Jan/2023:06:16:34 -0800] "GET /world/russ/ihousem22b.jpg HTTP/1.1" 404 88 "https://www.ysfine.com/style/songs.html" "Mozilla/5.0 (Windows NT 10.0; Win64; x64) AppleWebKit/537.36 (KHTML, like Gecko) Chrome/108.0.5359.125 Safari/537.36" "www.ysfine.com"
51.222.253.15 - - [18/Jan/2023:06:17:10 -0800] "GET /class54/class5470/total_data/sub_417.htm HTTP/1.1" 200 3214 "-" "Mozilla/5.0 (compatible; AhrefsBot/7.0; +http://ahrefs.com/robot/)" "ysfine.com"
71.178.208.102 - - [18/Jan/2023:06:17:16 -0800] "GET /favicon.ico HTTP/1.1" 404 88 "https://www.youtube.com/" "Mozilla/5.0 (Windows NT 10.0; Win64; x64) AppleWebKit/537.36 (KHTML, like Gecko) Chrome/108.0.5359.125 Safari/537.36" "www.ysfine.com"
185.191.171.40 - - [18/Jan/2023:06:18:05 -0800] "GET /world/ysworld.html HTTP/1.1" 200 3224 "-" "Mozilla/5.0 (compatible; SemrushBot/7~bl; +http://www.semrush.com/bot.html)" "ysfine.com"
66.249.66.3 - - [18/Jan/2023:06:18:19 -0800] "GET /world/germany/benz19.jpg HTTP/1.1" 304 - "-" "Googlebot-Image/1.0" "ysfine.com"
207.46.13.3 - - [18/Jan/2023:06:18:19 -0800] "GET /bio/kobak/namdae.html HTTP/1.1" 404 88 "-" "Mozilla/5.0 (compatible; bingbot/2.0; +http://www.bing.com/bingbot.htm)" "ysfine.com"
51.222.253.16 - - [18/Jan/2023:06:19:47 -0800] "GET /class54/class5470/total_data/sub_406.htm HTTP/1.1" 200 3214 "-" "Mozilla/5.0 (compatible; AhrefsBot/7.0; +http://ahrefs.com/robot/)" "ysfine.com"
