66.249.66.44 - - [18/Jan/2023:01:40:04 -0800] "GET /world/china/beijing106b.jpg HTTP/1.1" 304 - "-" "Googlebot-Image/1.0" "ysfine.com"
51.222.253.19 - - [18/Jan/2023:01:40:04 -0800] "GET /fbook/elsa22a.jpg HTTP/1.1" 200 58591 "-" "Mozilla/5.0 (compatible; AhrefsBot/7.0; +http://ahrefs.com/robot/)" "ysfine.com"
51.222.253.1 - - [18/Jan/2023:01:40:04 -0800] "GET /fbook/einhaus33a.jpg HTTP/1.1" 200 64128 "-" "Mozilla/5.0 (compatible; AhrefsBot/7.0; +http://ahrefs.com/robot/)" "ysfine.com"
51.222.253.2 - - [18/Jan/2023:01:40:05 -0800] "GET /fbook/pdugard17a.jpg HTTP/1.1" 200 92844 "-" "Mozilla/5.0 (compatible; AhrefsBot/7.0; +http://ahrefs.com/robot/)" "ysfine.com"
51.222.253.3 - - [18/Jan/2023:01:40:05 -0800] "GET /fbook/moses11a.jpg HTTP/1.1" 200 83945 "-" "Mozilla/5.0 (compatible; AhrefsBot/7.0; +http://ahrefs.com/robot/)" "ysfine.com"
51.222.253.11 - - [18/Jan/2023:01:40:06 -0800] "GET /home/marq20a.jpg HTTP/1.1" 200 108224 "-" "Mozilla/5.0 (compatible; AhrefsBot/7.0; +http://ahrefs.com/robot/)" "ysfine.com"
51.222.253.15 - - [18/Jan/2023:01:40:06 -0800] "GET /fbook/feygell66c.jpg HTTP/1.1" 200 34134 "-" "Mozilla/5.0 (compatible; AhrefsBot/7.0; +http://ahrefs.com/robot/)" "ysfine.com"
51.222.253.10 - - [18/Jan/2023:01:40:07 -0800] "GET /eink/parton33a.jpg HTTP/1.1" 200 66275 "-" "Mozilla/5.0 (compatible; AhrefsBot/7.0; +http://ahrefs.com/robot/)" "ysfine.com"
51.222.253.8 - - [18/Jan/2023:01:40:09 -0800] "GET /fbook/einwalk77a.jpg HTTP/1.1" 200 83258 "-" "Mozilla/5.0 (compatible; AhrefsBot/7.0; +http://ahrefs.com/robot/)" "ysfine.com"
51.222.253.8 - - [18/Jan/2023:01:40:09 -0800] "GET /fbook/ysrhee33c.jpg HTTP/1.1" 200 26817 "-" "Mozilla/5.0 (compatible; AhrefsBot/7.0; +http://ahrefs.com/robot/)" "ysfine.com"
51.222.253.8 - - [18/Jan/2023:01:40:10 -0800] "GET /fbook/einxmas22a.jpg HTTP/1.1" 200 89626 "-" "Mozilla/5.0 (compatible; AhrefsBot/7.0; +http://ahrefs.com/robot/)" "ysfine.com"
51.222.253.10 - - [18/Jan/2023:01:40:10 -0800] "GET /fbook/comet50a.jpg HTTP/1.1" 200 75456 "-" "Mozilla/5.0 (compatible; AhrefsBot/7.0; +http://ahrefs.com/robot/)" "ysfine.com"
51.222.253.4 - - [18/Jan/2023:01:40:11 -0800] "GET /fbook/einbohr56a.jpg HTTP/1.1" 200 53376 "-" "Mozilla/5.0 (compatible; AhrefsBot/7.0; +http://ahrefs.com/robot/)" "ysfine.com"
51.222.253.7 - - [18/Jan/2023:01:40:11 -0800] "GET /eink/evol77c.jpg HTTP/1.1" 200 51514 "-" "Mozilla/5.0 (compatible; AhrefsBot/7.0; +http://ahrefs.com/robot/)" "ysfine.com"
51.222.253.15 - - [18/Jan/2023:01:40:12 -0800] "GET /fbook/ewk86a.jpg HTTP/1.1" 200 86008 "-" "Mozilla/5.0 (compatible; AhrefsBot/7.0; +http://ahrefs.com/robot/)" "ysfine.com"
51.222.253.15 - - [18/Jan/2023:01:40:12 -0800] "GET /fbook/dirhegel11c.jpg HTTP/1.1" 200 35400 "-" "Mozilla/5.0 (compatible; AhrefsBot/7.0; +http://ahrefs.com/robot/)" "ysfine.com"
51.222.253.11 - - [18/Jan/2023:01:40:12 -0800] "GET /fbook/canal33a.jpg HTTP/1.1" 200 72942 "-" "Mozilla/5.0 (compatible; AhrefsBot/7.0; +http://ahrefs.com/robot/)" "ysfine.com"
51.222.253.13 - - [18/Jan/2023:01:40:13 -0800] "GET /fbook/further22a.jpg HTTP/1.1" 200 94030 "-" "Mozilla/5.0 (compatible; AhrefsBot/7.0; +http://ahrefs.com/robot/)" "ysfine.com"
51.222.253.15 - - [18/Jan/2023:01:40:14 -0800] "GET /fbook/osaka128c.jpg HTTP/1.1" 200 45106 "-" "Mozilla/5.0 (compatible; AhrefsBot/7.0; +http://ahrefs.com/robot/)" "ysfine.com"
51.222.253.9 - - [18/Jan/2023:01:40:14 -0800] "GET /fbook/einberlin06a.jpg HTTP/1.1" 200 85756 "-" "Mozilla/5.0 (compatible; AhrefsBot/7.0; +http://ahrefs.com/robot/)" "ysfine.com"
51.222.253.17 - - [18/Jan/2023:01:40:14 -0800] "GET /fbook/einhouse22a.jpg HTTP/1.1" 200 64840 "-" "Mozilla/5.0 (compatible; AhrefsBot/7.0; +http://ahrefs.com/robot/)" "ysfine.com"
51.222.253.6 - - [18/Jan/2023:01:40:15 -0800] "GET /fbook/ellipse53a.jpg HTTP/1.1" 200 80180 "-" "Mozilla/5.0 (compatible; AhrefsBot/7.0; +http://ahrefs.com/robot/)" "ysfine.com"
51.222.253.4 - - [18/Jan/2023:01:40:15 -0800] "GET /fbook/mileva33a.jpg HTTP/1.1" 200 93588 "-" "Mozilla/5.0 (compatible; AhrefsBot/7.0; +http://ahrefs.com/robot/)" "ysfine.com"
51.222.253.11 - - [18/Jan/2023:01:40:16 -0800] "GET /fbook/einbohr88a.jpg HTTP/1.1" 200 112304 "-" "Mozilla/5.0 (compatible; AhrefsBot/7.0; +http://ahrefs.com/robot/)" "ysfine.com"
51.222.253.6 - - [18/Jan/2023:01:40:16 -0800] "GET /fbook/einpr11a.jpg HTTP/1.1" 200 81297 "-" "Mozilla/5.0 (compatible; AhrefsBot/7.0; +http://ahrefs.com/robot/)" "ysfine.com"
51.222.253.7 - - [18/Jan/2023:01:40:17 -0800] "GET /fbook/einfine33a.jpg HTTP/1.1" 200 70535 "-" "Mozilla/5.0 (compatible; AhrefsBot/7.0; +http://ahrefs.com/robot/)" "ysfine.com"
130.242.82.90 - - [18/Jan/2023:01:40:20 -0800] "GET /world/france/sorbonne26.jpg HTTP/1.1" 200 100773 "https://www.google.com/" "Mozilla/5.0 (Windows NT 10.0; Win64; x64) AppleWebKit/537.36 (KHTML, like Gecko) Chrome/109.0.0.0 Safari/537.36" "ysfine.com"
157.55.39.72 - - [18/Jan/2023:01:41:31 -0800] "GET /bio/kobak/soraech.html HTTP/1.1" 404 88 "-" "Mozilla/5.0 (compatible; bingbot/2.0; +http://www.bing.com/bingbot.htm)" "ysfine.com"
185.191.171.2 - - [18/Jan/2023:01:42:24 -0800] "GET /maga/pupin.html HTTP/1.1" 200 5043 "-" "Mozilla/5.0 (compatible; SemrushBot/7~bl; +http://www.semrush.com/bot.html)" "www.ysfine.com"
51.222.253.10 - - [18/Jan/2023:01:42:30 -0800] "GET /class54/class5470/total_data/sub_8182.htm HTTP/1.1" 200 3499 "-" "Mozilla/5.0 (compatible; AhrefsBot/7.0; +http://ahrefs.com/robot/)" "ysfine.com"
40.77.167.13 - - [18/Jan/2023:01:42:34 -0800] "GET /style/kievopera44.jpg HTTP/1.1" 200 108286 "-" "Mozilla/5.0 AppleWebKit/537.36 (KHTML, like Gecko; compatible; bingbot/2.0; +http://www.bing.com/bingbot.htm) Chrome/103.0.5060.134 Safari/537.36" "ysfine.com"
71.178.208.102 - - [18/Jan/2023:01:42:56 -0800] "GET /bio09.html HTTP/1.1" 200 12301 "https://www.ysfine.com/ys11/index.html" "Mozilla/5.0 (Windows NT 10.0; Win64; x64) AppleWebKit/537.36 (KHTML, like Gecko) Chrome/109.0.0.0 Safari/537.36 Edg/109.0.1518.55" "www.ysfine.com"
40.77.167.10 - - [18/Jan/2023:01:43:16 -0800] "GET /style/kirovken44.jpg HTTP/1.1" 200 99499 "-" "Mozilla/5.0 AppleWebKit/537.36 (KHTML, like Gecko; compatible; bingbot/2.0; +http://www.bing.com/bingbot.htm) Chrome/103.0.5060.134 Safari/537.36" "www.ysfine.com"
66.249.66.44 - - [18/Jan/2023:01:43:34 -0800] "GET /heisen/schroheisen33c.jpg HTTP/1.1" 304 - "-" "Googlebot-Image/1.0" "ysfine.com"
87.250.224.29 - - [18/Jan/2023:01:44:04 -0800] "GET /princeton/prade.html HTTP/1.1" 200 9863 "-" "Mozilla/5.0 (compatible; YandexBot/3.0; +http://yandex.com/bots) AppleWebKit/537.36 (KHTML, like Gecko) Chrome/81.0.4044.268" "www.ysfine.com"
40.77.167.13 - - [18/Jan/2023:01:44:05 -0800] "GET /bio/princeton/campus.html HTTP/1.1" 404 88 "-" "Mozilla/5.0 AppleWebKit/537.36 (KHTML, like Gecko; compatible; bingbot/2.0; +http://www.bing.com/bingbot.htm) Chrome/103.0.5060.134 Safari/537.36" "ysfine.com"
37.120.221.91 - - [18/Jan/2023:01:44:19 -0800] "GET /confer/other.html HTTP/1.1" 404 88 "http://ysfine.com" "Mozilla/5.0 (Windows NT 10.0; Win64; x64) AppleWebKit/537.36 (KHTML, like Gecko) Chrome/62.0.3202.94 Safari/537.36" "ysfine.com"
37.120.221.91 - - [18/Jan/2023:01:44:20 -0800] "GET /confer/other.html HTTP/1.1" 404 88 "http://ysfine.com" "Mozilla/5.0 (Windows NT 10.0; Win64; x64) AppleWebKit/537.36 (KHTML, like Gecko) Chrome/62.0.3202.94 Safari/537.36" "ysfine.com"
37.120.221.91 - - [18/Jan/2023:01:44:21 -0800] "GET /confer/other.html HTTP/1.1" 404 88 "http://ysfine.com" "Mozilla/5.0 (Windows NT 10.0; Win64; x64) AppleWebKit/537.36 (KHTML, like Gecko) Chrome/62.0.3202.94 Safari/537.36" "ysfine.com"
37.120.221.91 - - [18/Jan/2023:01:44:22 -0800] "GET /confer/other.html HTTP/1.1" 404 88 "http://ysfine.com" "Mozilla/5.0 (Windows NT 10.0; Win64; x64) AppleWebKit/537.36 (KHTML, like Gecko) Chrome/62.0.3202.94 Safari/537.36" "ysfine.com"
51.222.253.17 - - [18/Jan/2023:01:44:50 -0800] "GET /class54/class5470/total_data/sub_8183.htm HTTP/1.1" 200 3509 "-" "Mozilla/5.0 (compatible; AhrefsBot/7.0; +http://ahrefs.com/robot/)" "ysfine.com"
18.204.166.15 - - [18/Jan/2023:01:45:08 -0800] "GET /feynman/ptoday89.jpg HTTP/1.1" 200 101842 "-" "Mozilla/5.0 (X11; Ubuntu; Linux x86_64; rv:72.0) Gecko/20100101 Firefox/72.0" "ysfine.com"
66.249.66.40 - - [18/Jan/2023:01:47:02 -0800] "GET /houses/romehouse.jpg HTTP/1.1" 304 - "-" "Googlebot-Image/1.0" "ysfine.com"
66.249.66.43 - - [18/Jan/2023:01:47:14 -0800] "GET /kobak/church02.jpg HTTP/1.1" 304 - "-" "Googlebot-Image/1.0" "ysfine.com"
51.222.253.15 - - [18/Jan/2023:01:47:16 -0800] "GET /class54/class5470/total_data/sub_8154.htm HTTP/1.1" 200 3510 "-" "Mozilla/5.0 (compatible; AhrefsBot/7.0; +http://ahrefs.com/robot/)" "ysfine.com"
40.77.167.13 - - [18/Jan/2023:01:48:34 -0800] "GET /feynman/page22.jpg HTTP/1.1" 200 111640 "-" "Mozilla/5.0 (compatible; bingbot/2.0; +http://www.bing.com/bingbot.htm)" "www.ysfine.com"
185.191.171.2 - - [18/Jan/2023:01:48:50 -0800] "GET /robots.txt HTTP/1.1" 404 88 "-" "Mozilla/5.0 (compatible; SemrushBot/7~bl; +http://www.semrush.com/bot.html)" "ysfine.com"
185.191.171.11 - - [18/Jan/2023:01:48:50 -0800] "GET /eink/ HTTP/1.1" 200 17716 "-" "Mozilla/5.0 (compatible; SemrushBot/7~bl; +http://www.semrush.com/bot.html)" "ysfine.com"
51.222.253.9 - - [18/Jan/2023:01:49:35 -0800] "GET /class54/class5470/total_data/sub_8184.htm HTTP/1.1" 200 3509 "-" "Mozilla/5.0 (compatible; AhrefsBot/7.0; +http://ahrefs.com/robot/)" "ysfine.com"
40.77.167.10 - - [18/Jan/2023:01:50:06 -0800] "GET /home/sq600c.jpg HTTP/1.1" 200 18492 "-" "Mozilla/5.0 AppleWebKit/537.36 (KHTML, like Gecko; compatible; bingbot/2.0; +http://www.bing.com/bingbot.htm) Chrome/103.0.5060.134 Safari/537.36" "www.ysfine.com"
66.249.66.43 - - [18/Jan/2023:01:51:02 -0800] "GET /wdc/lincoln02b.jpg HTTP/1.1" 200 27630 "-" "Googlebot-Image/1.0" "ysfine.com"
185.191.171.23 - - [18/Jan/2023:01:51:43 -0800] "GET /einstein/bern.html HTTP/1.1" 200 8314 "-" "Mozilla/5.0 (compatible; SemrushBot/7~bl; +http://www.semrush.com/bot.html)" "www.ysfine.com"
51.222.253.12 - - [18/Jan/2023:01:51:59 -0800] "GET /class54/class5470/total_data/sub_8185.htm HTTP/1.1" 200 3509 "-" "Mozilla/5.0 (compatible; AhrefsBot/7.0; +http://ahrefs.com/robot/)" "ysfine.com"
71.178.208.102 - - [18/Jan/2023:01:52:20 -0800] "GET /bio09.html HTTP/1.1" 200 12298 "https://www.ysfine.com/ys11/index.html" "Mozilla/5.0 (Windows NT 10.0; Win64; x64) AppleWebKit/537.36 (KHTML, like Gecko) Chrome/109.0.0.0 Safari/537.36 Edg/109.0.1518.55" "www.ysfine.com"
157.55.39.72 - - [18/Jan/2023:01:52:32 -0800] "GET /world/france/montmar04.jpg HTTP/1.1" 200 89046 "-" "Mozilla/5.0 AppleWebKit/537.36 (KHTML, like Gecko; compatible; bingbot/2.0; +http://www.bing.com/bingbot.htm) Chrome/103.0.5060.134 Safari/537.36" "ysfine.com"
40.77.167.17 - - [18/Jan/2023:01:52:36 -0800] "GET /bio/kobak/namdae.html HTTP/1.1" 404 88 "-" "Mozilla/5.0 (compatible; bingbot/2.0; +http://www.bing.com/bingbot.htm)" "ysfine.com"
104.200.151.108 - - [18/Jan/2023:01:53:13 -0800] "GET /wp-login.php HTTP/1.1" 404 88 "-" "Mozilla/5.0 (Windows NT 10.0; Win64; x64) AppleWebKit/537.36 (KHTML, like Gecko) Chrome/91.0.4472.124 Safari/537.36" "ysfine.com"
185.191.171.38 - - [18/Jan/2023:01:53:47 -0800] "GET /maga/sanchez.html HTTP/1.1" 200 1278 "-" "Mozilla/5.0 (compatible; SemrushBot/7~bl; +http://www.semrush.com/bot.html)" "ysfine.com"
123.125.109.45 - - [18/Jan/2023:01:53:52 -0800] "GET / HTTP/1.1" 200 5295 "-" "Sogou web spider/4.0(+http://www.sogou.com/docs/help/webmasters.htm#07)" "www.ysfine.com"
40.77.167.10 - - [18/Jan/2023:01:54:28 -0800] "GET /bio/style/proschanie.html HTTP/1.1" 404 88 "-" "Mozilla/5.0 AppleWebKit/537.36 (KHTML, like Gecko; compatible; bingbot/2.0; +http://www.bing.com/bingbot.htm) Chrome/103.0.5060.134 Safari/537.36" "ysfine.com"
51.222.253.18 - - [18/Jan/2023:01:54:34 -0800] "GET /class54/class5470/total_data/sub_8171.htm HTTP/1.1" 200 3513 "-" "Mozilla/5.0 (compatible; AhrefsBot/7.0; +http://ahrefs.com/robot/)" "ysfine.com"
51.222.253.11 - - [18/Jan/2023:01:54:38 -0800] "GET /class54/class5470/total_data/photo_img/8-171.jpg HTTP/1.1" 200 196466 "-" "Mozilla/5.0 (compatible; AhrefsBot/7.0; +http://ahrefs.com/robot/)" "ysfine.com"
51.222.253.18 - - [18/Jan/2023:01:54:39 -0800] "GET /class54/class5470/total_data/img/08_smtitle166.gif HTTP/1.1" 200 1053 "-" "Mozilla/5.0 (compatible; AhrefsBot/7.0; +http://ahrefs.com/robot/)" "ysfine.com"
40.77.167.17 - - [18/Jan/2023:01:55:03 -0800] "GET /bio/einstein/bern.html HTTP/1.1" 404 88 "-" "Mozilla/5.0 (compatible; bingbot/2.0; +http://www.bing.com/bingbot.htm)" "ysfine.com"
95.163.255.100 - - [18/Jan/2023:01:55:17 -0800] "GET /robots.txt HTTP/1.1" 404 73 "-" "Mozilla/5.0 (compatible; Linux x86_64; Mail.RU_Bot/Img/2.0; +https://help.mail.ru/webmaster/indexing/robots)" "ysfine.com"
51.222.253.4 - - [18/Jan/2023:01:57:11 -0800] "GET /class54/class5470/total_data/sub_8169.htm HTTP/1.1" 200 3514 "-" "Mozilla/5.0 (compatible; AhrefsBot/7.0; +http://ahrefs.com/robot/)" "ysfine.com"
157.55.39.72 - - [18/Jan/2023:01:57:52 -0800] "GET /world/scandi/vaxfree11.jpg HTTP/1.1" 200 66239 "-" "Mozilla/5.0 AppleWebKit/537.36 (KHTML, like Gecko; compatible; bingbot/2.0; +http://www.bing.com/bingbot.htm) Chrome/103.0.5060.134 Safari/537.36" "ysfine.com"
66.249.66.44 - - [18/Jan/2023:01:58:53 -0800] "GET /einstein/dff11b.jpg HTTP/1.1" 304 - "-" "Googlebot-Image/1.0" "ysfine.com"
51.222.253.7 - - [18/Jan/2023:01:59:42 -0800] "GET /class54/class5470/total_data/sub_8172.htm HTTP/1.1" 200 3510 "-" "Mozilla/5.0 (compatible; AhrefsBot/7.0; +http://ahrefs.com/robot/)" "ysfine.com"
95.163.255.70 - - [18/Jan/2023:02:00:36 -0800] "GET /kowar/mil/gmc01.jpg HTTP/1.1" 404 88 "http://go.mail.ru/search_images" "Mozilla/5.0 (compatible; Linux x86_64; Mail.RU_Bot/Img/2.0; +https://help.mail.ru/webmaster/indexing/robots)" "ysfine.com"
40.77.167.13 - - [18/Jan/2023:02:01:18 -0800] "GET /bio/wigner/e(2).html HTTP/1.1" 404 88 "-" "Mozilla/5.0 AppleWebKit/537.36 (KHTML, like Gecko; compatible; bingbot/2.0; +http://www.bing.com/bingbot.htm) Chrome/103.0.5060.134 Safari/537.36" "ysfine.com"
176.114.19.62 - - [18/Jan/2023:02:02:11 -0800] "GET /world/russ/basil08.jpg HTTP/1.1" 200 98679 "https://www.bing.com/" "Mozilla/5.0 (Windows NT 6.1; Win64; x64) AppleWebKit/537.36 (KHTML, like Gecko) Chrome/108.0.0.0 Safari/537.36" "ysfine.com"
66.249.66.40 - - [18/Jan/2023:02:02:22 -0800] "GET /world/brit/canary03b.jpg HTTP/1.1" 304 - "-" "Googlebot-Image/1.0" "ysfine.com"
51.222.253.20 - - [18/Jan/2023:02:02:28 -0800] "GET /class54/class5470/total_data/sub_8173.htm HTTP/1.1" 200 3498 "-" "Mozilla/5.0 (compatible; AhrefsBot/7.0; +http://ahrefs.com/robot/)" "ysfine.com"
66.249.66.44 - - [18/Jan/2023:02:03:26 -0800] "GET /world/brit/kensington07.jpg HTTP/1.1" 304 - "-" "Googlebot-Image/1.0" "ysfine.com"
207.46.13.31 - - [18/Jan/2023:02:03:35 -0800] "GET /bio/kobak/yskor.html HTTP/1.1" 404 88 "-" "Mozilla/5.0 (compatible; bingbot/2.0; +http://www.bing.com/bingbot.htm)" "ysfine.com"
71.178.208.102 - - [18/Jan/2023:02:04:36 -0800] "GET /bio09.html HTTP/1.1" 200 12021 "https://www.ysfine.com/ys11/index.html" "Mozilla/5.0 (Windows NT 10.0; Win64; x64) AppleWebKit/537.36 (KHTML, like Gecko) Chrome/109.0.0.0 Safari/537.36 Edg/109.0.1518.55" "www.ysfine.com"
51.222.253.12 - - [18/Jan/2023:02:05:03 -0800] "GET /class54/class5470/total_data/sub_8162.htm HTTP/1.1" 200 3509 "-" "Mozilla/5.0 (compatible; AhrefsBot/7.0; +http://ahrefs.com/robot/)" "ysfine.com"
193.85.23.146 - - [18/Jan/2023:02:05:30 -0800] "GET /wigner/neum/vnc07.jpg HTTP/1.1" 200 95908 "https://www.google.com/" "Mozilla/5.0 (Windows NT 10.0; Win64; x64) AppleWebKit/537.36 (KHTML, like Gecko) Chrome/109.0.0.0 Safari/537.36" "ysfine.com"
157.55.39.72 - - [18/Jan/2023:02:05:33 -0800] "GET /bio/eink/buythisbook.html HTTP/1.1" 404 88 "-" "Mozilla/5.0 AppleWebKit/537.36 (KHTML, like Gecko; compatible; bingbot/2.0; +http://www.bing.com/bingbot.htm) Chrome/103.0.5060.134 Safari/537.36" "ysfine.com"
193.85.23.146 - - [18/Jan/2023:02:05:54 -0800] "GET /wigner/neum/pvn07.jpg HTTP/1.1" 200 101823 "https://www.google.com/" "Mozilla/5.0 (Windows NT 10.0; Win64; x64) AppleWebKit/537.36 (KHTML, like Gecko) Chrome/109.0.0.0 Safari/537.36" "ysfine.com"
66.249.66.44 - - [18/Jan/2023:02:06:04 -0800] "GET /world/germany/stutt22.jpg HTTP/1.1" 200 83864 "-" "Googlebot-Image/1.0" "ysfine.com"
95.163.255.80 - - [18/Jan/2023:02:06:30 -0800] "GET /world/poland/gdn86b.jpg HTTP/1.1" 200 45464 "http://go.mail.ru/search_images" "Mozilla/5.0 (compatible; Linux x86_64; Mail.RU_Bot/Img/2.0; +https://help.mail.ru/webmaster/indexing/robots)" "ysfine.com"
35.222.0.148 - - [18/Jan/2023:02:06:33 -0800] "GET /archives/proceedings/boston/fabre.pdf HTTP/1.1" 200 250985 "-" "Python/3.9 aiohttp/3.8.1" "ysfine.com"
95.163.255.70 - - [18/Jan/2023:02:06:38 -0800] "GET /maga/phil/sartre11.jpg HTTP/1.1" 200 164394 "http://go.mail.ru/search_images" "Mozilla/5.0 (compatible; Linux x86_64; Mail.RU_Bot/Img/2.0; +https://help.mail.ru/webmaster/indexing/robots)" "ysfine.com"
77.75.79.31 - - [18/Jan/2023:02:06:53 -0800] "GET /home/eink/eink54.jpg HTTP/1.1" 404 88 "-" "Mozilla/5.0 (compatible; SeznamBot/4.0-RC1; +http://napoveda.seznam.cz/seznambot-intro/)" "ysfine.com"
51.222.253.10 - - [18/Jan/2023:02:07:33 -0800] "GET /class54/class5470/total_data/sub_8159.htm HTTP/1.1" 200 3499 "-" "Mozilla/5.0 (compatible; AhrefsBot/7.0; +http://ahrefs.com/robot/)" "ysfine.com"
185.191.171.36 - - [18/Jan/2023:02:08:15 -0800] "GET /heisen/einheisen.html HTTP/1.1" 200 5141 "-" "Mozilla/5.0 (compatible; SemrushBot/7~bl; +http://www.semrush.com/bot.html)" "ysfine.com"
35.225.41.5 - - [18/Jan/2023:02:08:40 -0800] "GET /yspapers/aipproc2006.pdf HTTP/1.1" 200 173023 "-" "Python/3.9 aiohttp/3.8.1" "ysfine.com"
114.5.214.100 - - [18/Jan/2023:02:08:44 -0800] "GET /world/brit/harrow04.jpg HTTP/1.1" 200 118660 "https://www.google.co.id/" "Mozilla/5.0 (iPhone; CPU iPhone OS 12_5_2 like Mac OS X) AppleWebKit/605.1.15 (KHTML, like Gecko) Version/12.1.2 Mobile/15E148 Safari/604.1" "ysfine.com"
207.46.13.31 - - [18/Jan/2023:02:09:16 -0800] "GET /bio/sbk/1950.html HTTP/1.1" 404 88 "-" "Mozilla/5.0 (compatible; bingbot/2.0; +http://www.bing.com/bingbot.htm)" "ysfine.com"
71.178.208.102 - - [18/Jan/2023:02:09:21 -0800] "GET /ys22/dondon.html HTTP/1.1" 401 90 "https://www.ysfine.com/ys11/index.html" "Mozilla/5.0 (Windows NT 10.0; Win64; x64) AppleWebKit/537.36 (KHTML, like Gecko) Chrome/109.0.0.0 Safari/537.36 Edg/109.0.1518.55" "www.ysfine.com"
71.178.208.102 - jake [18/Jan/2023:02:09:23 -0800] "GET /ys22/dondon.html HTTP/1.1" 304 - "https://www.ysfine.com/ys11/index.html" "Mozilla/5.0 (Windows NT 10.0; Win64; x64) AppleWebKit/537.36 (KHTML, like Gecko) Chrome/109.0.0.0 Safari/537.36 Edg/109.0.1518.55" "www.ysfine.com"
66.249.66.40 - - [18/Jan/2023:02:09:30 -0800] "GET /world/germany/stutt08.jpg HTTP/1.1" 200 117766 "-" "Googlebot-Image/1.0" "ysfine.com"
207.46.13.31 - - [18/Jan/2023:02:09:35 -0800] "GET /bio/style/artlove.html HTTP/1.1" 404 88 "-" "Mozilla/5.0 (compatible; bingbot/2.0; +http://www.bing.com/bingbot.htm)" "ysfine.com"
40.77.167.13 - - [18/Jan/2023:02:09:47 -0800] "GET /newyork/trump49b.jpg HTTP/1.1" 200 46962 "-" "Mozilla/5.0 AppleWebKit/537.36 (KHTML, like Gecko; compatible; bingbot/2.0; +http://www.bing.com/bingbot.htm) Chrome/103.0.5060.134 Safari/537.36" "ysfine.com"
66.249.66.40 - - [18/Jan/2023:02:09:48 -0800] "GET /kobak/yoonhm11c.jpg HTTP/1.1" 304 - "-" "Googlebot-Image/1.0" "ysfine.com"
66.249.66.44 - - [18/Jan/2023:02:09:49 -0800] "GET /maga/histo/desiree24b.jpg HTTP/1.1" 304 - "-" "Googlebot-Image/1.0" "ysfine.com"
66.249.66.40 - - [18/Jan/2023:02:09:53 -0800] "GET /world/brit/britmu09b.jpg HTTP/1.1" 200 45628 "-" "Googlebot-Image/1.0" "ysfine.com"
66.249.66.43 - - [18/Jan/2023:02:09:55 -0800] "GET /kobak/kostu16c.jpg HTTP/1.1" 304 - "-" "Googlebot-Image/1.0" "ysfine.com"
54.36.148.169 - - [18/Jan/2023:02:09:59 -0800] "GET /robots.txt HTTP/1.1" 404 88 "-" "Mozilla/5.0 (compatible; AhrefsBot/7.0; +http://ahrefs.com/robot/)" "www.ysfine.com"
51.222.253.13 - - [18/Jan/2023:02:10:01 -0800] "GET /dirac/dirpoems.html HTTP/1.1" 200 5773 "-" "Mozilla/5.0 (compatible; AhrefsBot/7.0; +http://ahrefs.com/robot/)" "www.ysfine.com"
51.222.253.2 - - [18/Jan/2023:02:10:03 -0800] "GET /dirac/coupo05b.jpg HTTP/1.1" 200 28928 "-" "Mozilla/5.0 (compatible; AhrefsBot/7.0; +http://ahrefs.com/robot/)" "www.ysfine.com"
51.222.253.12 - - [18/Jan/2023:02:10:03 -0800] "GET /dirac/dirmatrix22b.jpg HTTP/1.1" 200 49475 "-" "Mozilla/5.0 (compatible; AhrefsBot/7.0; +http://ahrefs.com/robot/)" "www.ysfine.com"
51.222.253.1 - - [18/Jan/2023:02:10:04 -0800] "GET /feynman/silvana11b.jpg HTTP/1.1" 200 52681 "-" "Mozilla/5.0 (compatible; AhrefsBot/7.0; +http://ahrefs.com/robot/)" "www.ysfine.com"
51.222.253.18 - - [18/Jan/2023:02:10:04 -0800] "GET /feynman/feybongo77b.jpg HTTP/1.1" 200 29724 "-" "Mozilla/5.0 (compatible; AhrefsBot/7.0; +http://ahrefs.com/robot/)" "www.ysfine.com"
51.222.253.18 - - [18/Jan/2023:02:10:05 -0800] "GET /dirac/michelan01b.jpg HTTP/1.1" 200 50306 "-" "Mozilla/5.0 (compatible; AhrefsBot/7.0; +http://ahrefs.com/robot/)" "www.ysfine.com"
51.222.253.15 - - [18/Jan/2023:02:10:05 -0800] "GET /style/rieu02b.jpg HTTP/1.1" 200 52217 "-" "Mozilla/5.0 (compatible; AhrefsBot/7.0; +http://ahrefs.com/robot/)" "www.ysfine.com"
51.222.253.17 - - [18/Jan/2023:02:10:06 -0800] "GET /dirac/coupo06b.jpg HTTP/1.1" 200 36282 "-" "Mozilla/5.0 (compatible; AhrefsBot/7.0; +http://ahrefs.com/robot/)" "www.ysfine.com"
51.222.253.17 - - [18/Jan/2023:02:10:06 -0800] "GET /feynman/jacdrum11b.jpg HTTP/1.1" 200 49846 "-" "Mozilla/5.0 (compatible; AhrefsBot/7.0; +http://ahrefs.com/robot/)" "www.ysfine.com"
40.77.167.13 - - [18/Jan/2023:02:10:27 -0800] "GET /einstein/eward33f.jpg HTTP/1.1" 200 77764 "-" "Mozilla/5.0 (compatible; bingbot/2.0; +http://www.bing.com/bingbot.htm)" "www.ysfine.com"
71.178.208.102 - - [18/Jan/2023:02:10:33 -0800] "GET /ys22/dondon.html HTTP/1.1" 401 90 "https://ysfine.com/ys11/" "Mozilla/5.0 (Windows NT 10.0; Win64; x64) AppleWebKit/537.36 (KHTML, like Gecko) Chrome/109.0.0.0 Safari/537.36" "ysfine.com"
66.249.66.44 - - [18/Jan/2023:02:10:33 -0800] "GET /dirac/sq66b.jpg HTTP/1.1" 200 22242 "-" "Googlebot-Image/1.0" "ysfine.com"
71.178.208.102 - - [18/Jan/2023:02:10:56 -0800] "GET /ys11/index.html HTTP/1.1" 304 - "https://www.bing.com/" "Mozilla/5.0 (Windows NT 10.0; Win64; x64; rv:108.0) Gecko/20100101 Firefox/108.0" "www.ysfine.com"
66.249.66.40 - - [18/Jan/2023:02:10:58 -0800] "GET /style/musee/orsaym01c.jpg HTTP/1.1" 200 43934 "-" "Googlebot-Image/1.0" "ysfine.com"
71.178.208.102 - - [18/Jan/2023:02:11:04 -0800] "GET /ys22/dondon.html HTTP/1.1" 401 90 "https://www.ysfine.com/ys11/index.html" "Mozilla/5.0 (Windows NT 10.0; Win64; x64; rv:108.0) Gecko/20100101 Firefox/108.0" "www.ysfine.com"
71.178.208.102 - jake [18/Jan/2023:02:11:05 -0800] "GET /ys22/dondon.html HTTP/1.1" 200 2036 "https://www.ysfine.com/ys11/index.html" "Mozilla/5.0 (Windows NT 10.0; Win64; x64; rv:108.0) Gecko/20100101 Firefox/108.0" "www.ysfine.com"
66.249.66.44 - - [18/Jan/2023:02:11:27 -0800] "GET /world/brit/oxlon65b.jpg HTTP/1.1" 304 - "-" "Googlebot-Image/1.0" "ysfine.com"
157.55.39.72 - - [18/Jan/2023:02:11:35 -0800] "GET /bio.html HTTP/1.1" 200 18260 "-" "Mozilla/5.0 (compatible; bingbot/2.0; +http://www.bing.com/bingbot.htm)" "ysfine.com"
147.92.153.3 - - [18/Jan/2023:02:11:46 -0800] "GET /robots.txt HTTP/1.1" 404 88 "-" "Mozilla/5.0 (compatible; Linespider/1.1; +https://lin.ee/4dwXkTH)" "ysfine.com"
147.92.153.11 - - [18/Jan/2023:02:11:50 -0800] "GET /wisdom/wk01.html HTTP/1.1" 200 88106 "-" "Mozilla/5.0 (compatible; Linespider/1.1; +https://lin.ee/4dwXkTH)" "ysfine.com"
66.249.66.40 - - [18/Jan/2023:02:12:12 -0800] "GET /world/brit/paddington26b.jpg HTTP/1.1" 304 - "-" "Googlebot-Image/1.0" "ysfine.com"
51.222.253.16 - - [18/Jan/2023:02:13:02 -0800] "GET /class54/class5470/total_data/sub_8160.htm HTTP/1.1" 200 3509 "-" "Mozilla/5.0 (compatible; AhrefsBot/7.0; +http://ahrefs.com/robot/)" "ysfine.com"
66.249.66.40 - - [18/Jan/2023:02:13:11 -0800] "GET /wigner/neum/vnc16.jpg HTTP/1.1" 200 107583 "-" "Googlebot-Image/1.0" "ysfine.com"
157.55.39.72 - - [18/Jan/2023:02:13:44 -0800] "GET /bio/kobak/soraech.html HTTP/1.1" 404 88 "-" "Mozilla/5.0 (compatible; bingbot/2.0; +http://www.bing.com/bingbot.htm)" "ysfine.com"
40.77.167.17 - - [18/Jan/2023:02:14:25 -0800] "GET /world/ital/milanf11.jpg HTTP/1.1" 200 134214 "-" "Mozilla/5.0 (compatible; bingbot/2.0; +http://www.bing.com/bingbot.htm)" "www.ysfine.com"
99.251.102.158 - - [18/Jan/2023:02:14:28 -0800] "GET /princeton/pcomm01.jpg HTTP/1.1" 200 131847 "https://www.google.com/" "Mozilla/5.0 (Macintosh; Intel Mac OS X 10_15_7) AppleWebKit/537.36 (KHTML, like Gecko) Chrome/108.0.0.0 Safari/537.36 OPR/94.0.0.0" "ysfine.com"
40.77.167.13 - - [18/Jan/2023:02:14:59 -0800] "GET /bio/princeton/campus.html HTTP/1.1" 404 88 "-" "Mozilla/5.0 (compatible; bingbot/2.0; +http://www.bing.com/bingbot.htm)" "ysfine.com"
133.6.212.173 - - [18/Jan/2023:02:15:12 -0800] "GET /feynman/page44.jpg HTTP/1.1" 200 106223 "https://www.google.com/" "Mozilla/5.0 (Windows NT 10.0; Win64; x64) AppleWebKit/537.36 (KHTML, like Gecko) Chrome/108.0.0.0 Safari/537.36" "ysfine.com"
54.161.41.102 - - [18/Jan/2023:02:15:44 -0800] "GET /wigner/gcontrac.html HTTP/1.1" 200 2279 "-" "Mozilla/5.0 (compatible; Neevabot/1.0; +https://neeva.com/neevabot)" "ysfine.com"
54.161.41.102 - - [18/Jan/2023:02:15:44 -0800] "GET /dirac/dirosc.pdf HTTP/1.1" 200 41985 "-" "Mozilla/5.0 (compatible; Neevabot/1.0; +https://neeva.com/neevabot)" "ysfine.com"
54.161.41.102 - - [18/Jan/2023:02:15:44 -0800] "GET /home/dashen.html HTTP/1.1" 200 4015 "-" "Mozilla/5.0 (compatible; Neevabot/1.0; +https://neeva.com/neevabot)" "ysfine.com"
51.222.253.4 - - [18/Jan/2023:02:15:46 -0800] "GET /class54/class5470/total_data/sub_8163.htm HTTP/1.1" 200 3509 "-" "Mozilla/5.0 (compatible; AhrefsBot/7.0; +http://ahrefs.com/robot/)" "ysfine.com"
54.161.41.102 - - [18/Jan/2023:02:15:47 -0800] "GET /yspapers/phpr.pdf HTTP/1.1" 200 132409 "-" "Mozilla/5.0 (compatible; Neevabot/1.0; +https://neeva.com/neevabot)" "ysfine.com"
167.235.244.60 - - [18/Jan/2023:02:16:17 -0800] "GET /usca/pitt/cyclo.jpg HTTP/1.1" 200 149308 "-" "Mozilla/5.0 (X11; Fedora; Linux x86_64) AppleWebKit/537.36 (KHTML, like Gecko) Chrome/79.0.3945.117 Safari/537.36" "ysfine.com"
66.249.66.40 - - [18/Jan/2023:02:16:27 -0800] "GET /kowar/landreform01.jpg HTTP/1.1" 304 - "-" "Googlebot-Image/1.0" "ysfine.com"
95.163.255.91 - - [18/Jan/2023:02:16:32 -0800] "GET /style/beetho00b.jpg HTTP/1.1" 200 43559 "http://go.mail.ru/search_images" "Mozilla/5.0 (compatible; Linux x86_64; Mail.RU_Bot/Img/2.0; +https://help.mail.ru/webmaster/indexing/robots)" "ysfine.com"
58.161.36.154 - - [18/Jan/2023:02:16:36 -0800] "GET /world/japan/nara005.jpg HTTP/1.1" 200 144132 "https://www.gay-fetish-xxx.com/" "Mozilla/5.0 (Macintosh; Intel Mac OS X 10_15_7) AppleWebKit/605.1.15 (KHTML, like Gecko) Version/16.2 Safari/605.1.15" "ysfine.com"
71.178.208.102 - - [18/Jan/2023:02:16:45 -0800] "GET /ys22/dondon.html HTTP/1.1" 401 90 "https://ysfine.com/ys11/" "Mozilla/5.0 (Windows NT 10.0; Win64; x64) AppleWebKit/537.36 (KHTML, like Gecko) Chrome/109.0.0.0 Safari/537.36" "ysfine.com"
66.249.66.44 - - [18/Jan/2023:02:17:37 -0800] "GET /world/ital/panth12b.jpg HTTP/1.1" 304 - "-" "Googlebot-Image/1.0" "ysfine.com"
66.249.66.40 - - [18/Jan/2023:02:18:08 -0800] "GET /world/china/hongkong06b.jpg HTTP/1.1" 304 - "-" "Googlebot-Image/1.0" "ysfine.com"
95.163.255.91 - - [18/Jan/2023:02:18:17 -0800] "GET /kobak/yalta22.jpg HTTP/1.1" 200 126794 "http://go.mail.ru/search_images" "Mozilla/5.0 (compatible; Linux x86_64; Mail.RU_Bot/Img/2.0; +https://help.mail.ru/webmaster/indexing/robots)" "ysfine.com"
40.77.167.17 - - [18/Jan/2023:02:18:35 -0800] "GET /style/musee/pradom12.jpg HTTP/1.1" 200 200640 "-" "Mozilla/5.0 (compatible; bingbot/2.0; +http://www.bing.com/bingbot.htm)" "www.ysfine.com"
51.222.253.3 - - [18/Jan/2023:02:18:36 -0800] "GET /class54/class5470/total_data/sub_8175.htm HTTP/1.1" 200 3498 "-" "Mozilla/5.0 (compatible; AhrefsBot/7.0; +http://ahrefs.com/robot/)" "ysfine.com"
40.77.167.13 - - [18/Jan/2023:02:18:39 -0800] "GET /world/russ/kremtheater11.jpg HTTP/1.1" 200 174356 "-" "Mozilla/5.0 AppleWebKit/537.36 (KHTML, like Gecko; compatible; bingbot/2.0; +http://www.bing.com/bingbot.htm) Chrome/103.0.5060.134 Safari/537.36" "www.ysfine.com"
40.77.167.10 - - [18/Jan/2023:02:18:51 -0800] "GET /bio/style/proschanie.html HTTP/1.1" 404 88 "-" "Mozilla/5.0 AppleWebKit/537.36 (KHTML, like Gecko; compatible; bingbot/2.0; +http://www.bing.com/bingbot.htm) Chrome/103.0.5060.134 Safari/537.36" "ysfine.com"
54.161.41.102 - - [18/Jan/2023:02:20:48 -0800] "GET /home HTTP/1.1" 301 1405 "-" "Mozilla/5.0 (compatible; Neevabot/1.0; +https://neeva.com/neevabot)" "ysfine.com"
54.161.41.102 - - [18/Jan/2023:02:20:48 -0800] "GET /feynman/fthesis.html HTTP/1.1" 200 144 "-" "Mozilla/5.0 (compatible; Neevabot/1.0; +https://neeva.com/neevabot)" "ysfine.com"
54.161.41.102 - - [18/Jan/2023:02:20:48 -0800] "GET /world/brit/cam27.pdf HTTP/1.1" 200 149978 "-" "Mozilla/5.0 (compatible; Neevabot/1.0; +https://neeva.com/neevabot)" "ysfine.com"
54.161.41.102 - - [18/Jan/2023:02:20:48 -0800] "GET /kobak/kimc.html HTTP/1.1" 200 4345 "-" "Mozilla/5.0 (compatible; Neevabot/1.0; +https://neeva.com/neevabot)" "ysfine.com"
54.161.41.102 - - [18/Jan/2023:02:20:48 -0800] "GET /wdc/wasdc.html HTTP/1.1" 200 13715 "-" "Mozilla/5.0 (compatible; Neevabot/1.0; +https://neeva.com/neevabot)" "ysfine.com"
54.161.41.102 - - [18/Jan/2023:02:20:48 -0800] "GET /wisdom/wk10.html HTTP/1.1" 200 24659 "-" "Mozilla/5.0 (compatible; Neevabot/1.0; +https://neeva.com/neevabot)" "ysfine.com"
54.161.41.102 - - [18/Jan/2023:02:20:49 -0800] "GET /confer/quantum.html HTTP/1.1" 200 2560 "-" "Mozilla/5.0 (compatible; Neevabot/1.0; +https://neeva.com/neevabot)" "ysfine.com"
51.222.253.9 - - [18/Jan/2023:02:21:24 -0800] "GET /world/france/champ12.html HTTP/1.1" 200 339 "-" "Mozilla/5.0 (compatible; AhrefsBot/7.0; +http://ahrefs.com/robot/)" "www.ysfine.com"
51.222.253.4 - - [18/Jan/2023:02:21:26 -0800] "GET /world/france/champ1212.jpg HTTP/1.1" 200 119686 "-" "Mozilla/5.0 (compatible; AhrefsBot/7.0; +http://ahrefs.com/robot/)" "www.ysfine.com"
51.222.253.11 - - [18/Jan/2023:02:21:26 -0800] "GET /world/france/champ1208.jpg HTTP/1.1" 200 98499 "-" "Mozilla/5.0 (compatible; AhrefsBot/7.0; +http://ahrefs.com/robot/)" "www.ysfine.com"
51.222.253.3 - - [18/Jan/2023:02:21:29 -0800] "GET /world/france/champ1203.jpg HTTP/1.1" 200 126645 "-" "Mozilla/5.0 (compatible; AhrefsBot/7.0; +http://ahrefs.com/robot/)" "www.ysfine.com"
51.222.253.4 - - [18/Jan/2023:02:21:29 -0800] "GET /world/france/champ1211.jpg HTTP/1.1" 200 83513 "-" "Mozilla/5.0 (compatible; AhrefsBot/7.0; +http://ahrefs.com/robot/)" "www.ysfine.com"
51.222.253.13 - - [18/Jan/2023:02:21:30 -0800] "GET /world/france/champ1205.jpg HTTP/1.1" 200 110167 "-" "Mozilla/5.0 (compatible; AhrefsBot/7.0; +http://ahrefs.com/robot/)" "www.ysfine.com"
51.222.253.18 - - [18/Jan/2023:02:21:30 -0800] "GET /world/france/champ1204.jpg HTTP/1.1" 200 107479 "-" "Mozilla/5.0 (compatible; AhrefsBot/7.0; +http://ahrefs.com/robot/)" "www.ysfine.com"
51.222.253.19 - - [18/Jan/2023:02:21:31 -0800] "GET /world/france/champ1210.jpg HTTP/1.1" 200 92075 "-" "Mozilla/5.0 (compatible; AhrefsBot/7.0; +http://ahrefs.com/robot/)" "www.ysfine.com"
51.222.253.18 - - [18/Jan/2023:02:21:31 -0800] "GET /world/france/champ1207.jpg HTTP/1.1" 200 92227 "-" "Mozilla/5.0 (compatible; AhrefsBot/7.0; +http://ahrefs.com/robot/)" "www.ysfine.com"
51.222.253.15 - - [18/Jan/2023:02:21:32 -0800] "GET /world/france/champ1209.jpg HTTP/1.1" 200 87239 "-" "Mozilla/5.0 (compatible; AhrefsBot/7.0; +http://ahrefs.com/robot/)" "www.ysfine.com"
51.222.253.9 - - [18/Jan/2023:02:21:32 -0800] "GET /world/france/champ1206.jpg HTTP/1.1" 200 64379 "-" "Mozilla/5.0 (compatible; AhrefsBot/7.0; +http://ahrefs.com/robot/)" "www.ysfine.com"
20.150.220.213 - - [18/Jan/2023:02:21:33 -0800] "GET / HTTP/1.1" 200 5295 "http://www.ysfine.com" "Mozilla/5.0 (Windows NT 10.0; WOW64) AppleWebKit/537.36 (KHTML, like Gecko) Chrome/86.0.4240.198 Safari/537.36" "www.ysfine.com"
51.222.253.7 - - [18/Jan/2023:02:21:33 -0800] "GET /world/france/champ1201.jpg HTTP/1.1" 200 102484 "-" "Mozilla/5.0 (compatible; AhrefsBot/7.0; +http://ahrefs.com/robot/)" "www.ysfine.com"
51.222.253.3 - - [18/Jan/2023:02:21:33 -0800] "GET /world/france/champ1202.jpg HTTP/1.1" 200 78526 "-" "Mozilla/5.0 (compatible; AhrefsBot/7.0; +http://ahrefs.com/robot/)" "www.ysfine.com"
185.191.171.9 - - [18/Jan/2023:02:21:47 -0800] "GET /einstein/einabel.html HTTP/1.1" 200 5982 "-" "Mozilla/5.0 (compatible; SemrushBot/7~bl; +http://www.semrush.com/bot.html)" "ysfine.com"
171.8.172.43 - - [18/Jan/2023:02:22:17 -0800] "GET /robots.txt HTTP/1.1" 404 88 "-" "Mozilla/5.0 (Windows NT 10.0; Win64; x64) AppleWebKit/537.36 (KHTML, like Gecko) Chrome/92.0.4515.159 Safari/537.36" "www.ysfine.com"
162.55.184.139 - - [18/Jan/2023:02:22:34 -0800] "GET /world/japan/kyoto021.jpg HTTP/1.1" 200 157734 "-" "Mozilla/5.0 (X11; Fedora; Linux x86_64) AppleWebKit/537.36 (KHTML, like Gecko) Chrome/79.0.3945.117 Safari/537.36" "ysfine.com"
40.77.167.17 - - [18/Jan/2023:02:22:36 -0800] "GET /maga/phys/yukasumi22.jpg HTTP/1.1" 200 58419 "-" "Mozilla/5.0 (compatible; bingbot/2.0; +http://www.bing.com/bingbot.htm)" "www.ysfine.com"
51.222.253.19 - - [18/Jan/2023:02:24:18 -0800] "GET /maga/hugo.html HTTP/1.1" 200 4000 "-" "Mozilla/5.0 (compatible; AhrefsBot/7.0; +http://ahrefs.com/robot/)" "ysfine.com"
51.222.253.5 - - [18/Jan/2023:02:24:19 -0800] "GET /maga/phil/hugom11b.jpg HTTP/1.1" 200 47204 "-" "Mozilla/5.0 (compatible; AhrefsBot/7.0; +http://ahrefs.com/robot/)" "ysfine.com"
40.77.167.17 - - [18/Jan/2023:02:24:25 -0800] "GET /bio/kobak/namdae.html HTTP/1.1" 404 88 "-" "Mozilla/5.0 (compatible; bingbot/2.0; +http://www.bing.com/bingbot.htm)" "ysfine.com"
66.249.66.44 - - [18/Jan/2023:02:24:40 -0800] "GET /world/places/ulm03b.jpg HTTP/1.1" 304 - "-" "Googlebot-Image/1.0" "ysfine.com"
185.191.171.40 - - [18/Jan/2023:02:25:16 -0800] "GET /robots.txt HTTP/1.1" 404 88 "-" "Mozilla/5.0 (compatible; SemrushBot/7~bl; +http://www.semrush.com/bot.html)" "www.ysfine.com"
185.191.171.36 - - [18/Jan/2023:02:25:16 -0800] "GET /world/ital/galmil.html HTTP/1.1" 200 1084 "-" "Mozilla/5.0 (compatible; SemrushBot/7~bl; +http://www.semrush.com/bot.html)" "www.ysfine.com"
71.178.208.102 - - [18/Jan/2023:02:25:27 -0800] "GET /ys22/dondon.html HTTP/1.1" 401 90 "https://ysfine.com/ys11/" "Mozilla/5.0 (Windows NT 10.0; Win64; x64) AppleWebKit/537.36 (KHTML, like Gecko) Chrome/109.0.0.0 Safari/537.36" "ysfine.com"
66.249.66.43 - - [18/Jan/2023:02:25:44 -0800] "GET /wigner/neum/vnc06.jpg HTTP/1.1" 200 112606 "-" "Googlebot-Image/1.0" "ysfine.com"
71.178.208.102 - - [18/Jan/2023:02:25:45 -0800] "GET /ys22/dondon.html HTTP/1.1" 401 90 "https://ysfine.com/ys11/" "Mozilla/5.0 (Windows NT 10.0; Win64; x64) AppleWebKit/537.36 (KHTML, like Gecko) Chrome/109.0.0.0 Safari/537.36" "ysfine.com"
54.161.41.102 - - [18/Jan/2023:02:25:48 -0800] "GET /einstein/further.html HTTP/1.1" 200 4338 "-" "Mozilla/5.0 (compatible; Neevabot/1.0; +https://neeva.com/neevabot)" "ysfine.com"
116.179.32.223 - - [18/Jan/2023:02:25:57 -0800] "GET /maga/edison.html HTTP/1.1" 200 4787 "-" "Mozilla/5.0 (compatible; Baiduspider/2.0; +http://www.baidu.com/search/spider.html)" "www.ysfine.com"
116.179.37.216 - - [18/Jan/2023:02:26:01 -0800] "GET /kobak/underw3b.jpg HTTP/1.1" 200 37749 "https://www.ysfine.com/maga/edison.html" "Mozilla/5.0 (compatible; Baiduspider-render/2.0; +http://www.baidu.com/search/spider.html)" "www.ysfine.com"
116.179.37.6 - - [18/Jan/2023:02:26:01 -0800] "GET /princeton/cosmic11b.jpg HTTP/1.1" 200 47082 "https://www.ysfine.com/maga/edison.html" "Mozilla/5.0 (compatible; Baiduspider-render/2.0; +http://www.baidu.com/search/spider.html)" "www.ysfine.com"
116.179.37.160 - - [18/Jan/2023:02:26:01 -0800] "GET /maga/invent/gelogo2.jpg HTTP/1.1" 200 54020 "https://www.ysfine.com/maga/edison.html" "Mozilla/5.0 (compatible; Baiduspider-render/2.0; +http://www.baidu.com/search/spider.html)" "www.ysfine.com"
116.179.37.234 - - [18/Jan/2023:02:26:01 -0800] "GET /maga/phil/marxlon01b.jpg HTTP/1.1" 200 55777 "https://www.ysfine.com/maga/edison.html" "Mozilla/5.0 (compatible; Baiduspider-render/2.0; +http://www.baidu.com/search/spider.html)" "www.ysfine.com"
116.179.37.176 - - [18/Jan/2023:02:26:01 -0800] "GET /maga/invent/edison11b.jpg HTTP/1.1" 200 63993 "https://www.ysfine.com/maga/edison.html" "Mozilla/5.0 (compatible; Baiduspider-render/2.0; +http://www.baidu.com/search/spider.html)" "www.ysfine.com"
116.179.37.85 - - [18/Jan/2023:02:26:01 -0800] "GET /maga/invent/fordlogo2.jpg HTTP/1.1" 200 33827 "https://www.ysfine.com/maga/edison.html" "Mozilla/5.0 (compatible; Baiduspider-render/2.0; +http://www.baidu.com/search/spider.html)" "www.ysfine.com"
51.222.253.19 - - [18/Jan/2023:02:27:02 -0800] "GET /class54/class5470/total_data/sub_143.htm HTTP/1.1" 200 3285 "-" "Mozilla/5.0 (compatible; AhrefsBot/7.0; +http://ahrefs.com/robot/)" "www.ysfine.com"
51.222.253.3 - - [18/Jan/2023:02:27:03 -0800] "GET /class54/class5470/total_data/refer_img/1-39_f.jpg HTTP/1.1" 200 29653 "-" "Mozilla/5.0 (compatible; AhrefsBot/7.0; +http://ahrefs.com/robot/)" "www.ysfine.com"
51.222.253.12 - - [18/Jan/2023:02:27:03 -0800] "GET /class54/class5470/total_data/refer_img/1-43_f.jpg HTTP/1.1" 200 29012 "-" "Mozilla/5.0 (compatible; AhrefsBot/7.0; +http://ahrefs.com/robot/)" "www.ysfine.com"
51.222.253.5 - - [18/Jan/2023:02:27:04 -0800] "GET /class54/class5470/total_data/refer_img/1-40_f.jpg HTTP/1.1" 200 25639 "-" "Mozilla/5.0 (compatible; AhrefsBot/7.0; +http://ahrefs.com/robot/)" "www.ysfine.com"
51.222.253.12 - - [18/Jan/2023:02:27:04 -0800] "GET /class54/class5470/total_data/refer_img/1-46_f.jpg HTTP/1.1" 200 25181 "-" "Mozilla/5.0 (compatible; AhrefsBot/7.0; +http://ahrefs.com/robot/)" "www.ysfine.com"
51.222.253.14 - - [18/Jan/2023:02:27:05 -0800] "GET /class54/class5470/total_data/refer_img/1-47_f.jpg HTTP/1.1" 200 25249 "-" "Mozilla/5.0 (compatible; AhrefsBot/7.0; +http://ahrefs.com/robot/)" "www.ysfine.com"
51.222.253.14 - - [18/Jan/2023:02:27:05 -0800] "GET /class54/class5470/total_data/refer_img/1-34_f.jpg HTTP/1.1" 200 27464 "-" "Mozilla/5.0 (compatible; AhrefsBot/7.0; +http://ahrefs.com/robot/)" "www.ysfine.com"
51.222.253.15 - - [18/Jan/2023:02:27:05 -0800] "GET /class54/class5470/total_data/img/01_title.gif HTTP/1.1" 200 6925 "-" "Mozilla/5.0 (compatible; AhrefsBot/7.0; +http://ahrefs.com/robot/)" "www.ysfine.com"
51.222.253.6 - - [18/Jan/2023:02:27:06 -0800] "GET /class54/class5470/total_data/img/01_smline.gif HTTP/1.1" 200 3988 "-" "Mozilla/5.0 (compatible; AhrefsBot/7.0; +http://ahrefs.com/robot/)" "www.ysfine.com"
51.222.253.20 - - [18/Jan/2023:02:27:06 -0800] "GET /class54/class5470/total_data/refer_img/1-45_f.jpg HTTP/1.1" 200 29328 "-" "Mozilla/5.0 (compatible; AhrefsBot/7.0; +http://ahrefs.com/robot/)" "www.ysfine.com"
51.222.253.8 - - [18/Jan/2023:02:27:06 -0800] "GET /class54/class5470/total_data/refer_img/1-41_f.jpg HTTP/1.1" 200 31175 "-" "Mozilla/5.0 (compatible; AhrefsBot/7.0; +http://ahrefs.com/robot/)" "www.ysfine.com"
51.222.253.8 - - [18/Jan/2023:02:27:07 -0800] "GET /class54/class5470/total_data/refer_img/1-35_f.jpg HTTP/1.1" 200 25680 "-" "Mozilla/5.0 (compatible; AhrefsBot/7.0; +http://ahrefs.com/robot/)" "www.ysfine.com"
51.222.253.19 - - [18/Jan/2023:02:27:07 -0800] "GET /class54/class5470/total_data/refer_img/1-44_f.jpg HTTP/1.1" 200 25352 "-" "Mozilla/5.0 (compatible; AhrefsBot/7.0; +http://ahrefs.com/robot/)" "www.ysfine.com"
51.222.253.18 - - [18/Jan/2023:02:27:07 -0800] "GET /class54/class5470/total_data/img/sm02_on.gif HTTP/1.1" 200 399 "-" "Mozilla/5.0 (compatible; AhrefsBot/7.0; +http://ahrefs.com/robot/)" "www.ysfine.com"
51.222.253.17 - - [18/Jan/2023:02:27:08 -0800] "GET /class54/class5470/total_data/refer_img/1-42_f.jpg HTTP/1.1" 200 29746 "-" "Mozilla/5.0 (compatible; AhrefsBot/7.0; +http://ahrefs.com/robot/)" "www.ysfine.com"
51.222.253.4 - - [18/Jan/2023:02:27:08 -0800] "GET /class54/class5470/total_data/refer_img/1-48_f.jpg HTTP/1.1" 200 27169 "-" "Mozilla/5.0 (compatible; AhrefsBot/7.0; +http://ahrefs.com/robot/)" "www.ysfine.com"
51.222.253.15 - - [18/Jan/2023:02:27:08 -0800] "GET /class54/class5470/total_data/refer_img/1-33_f.jpg HTTP/1.1" 200 30492 "-" "Mozilla/5.0 (compatible; AhrefsBot/7.0; +http://ahrefs.com/robot/)" "www.ysfine.com"
51.222.253.15 - - [18/Jan/2023:02:27:09 -0800] "GET /class54/class5470/total_data/refer_img/1-36_f.jpg HTTP/1.1" 200 33023 "-" "Mozilla/5.0 (compatible; AhrefsBot/7.0; +http://ahrefs.com/robot/)" "www.ysfine.com"
51.222.253.7 - - [18/Jan/2023:02:27:09 -0800] "GET /class54/class5470/total_data/img/01_st_groupicture.gif HTTP/1.1" 200 1025 "-" "Mozilla/5.0 (compatible; AhrefsBot/7.0; +http://ahrefs.com/robot/)" "www.ysfine.com"
51.222.253.14 - - [18/Jan/2023:02:27:09 -0800] "GET /class54/class5470/total_data/img/01_smtitle43.gif HTTP/1.1" 200 471 "-" "Mozilla/5.0 (compatible; AhrefsBot/7.0; +http://ahrefs.com/robot/)" "www.ysfine.com"
51.222.253.5 - - [18/Jan/2023:02:27:10 -0800] "GET /class54/class5470/total_data/photo_img/1-43.jpg HTTP/1.1" 200 178715 "-" "Mozilla/5.0 (compatible; AhrefsBot/7.0; +http://ahrefs.com/robot/)" "www.ysfine.com"
51.222.253.8 - - [18/Jan/2023:02:27:10 -0800] "GET /class54/class5470/total_data/refer_img/1-38_f.jpg HTTP/1.1" 200 30462 "-" "Mozilla/5.0 (compatible; AhrefsBot/7.0; +http://ahrefs.com/robot/)" "www.ysfine.com"
66.249.66.44 - - [18/Jan/2023:02:28:29 -0800] "GET /people/glauber01b.jpg HTTP/1.1" 304 - "-" "Googlebot-Image/1.0" "ysfine.com"
40.77.167.17 - - [18/Jan/2023:02:28:47 -0800] "GET /bio/einstein/bern.html HTTP/1.1" 404 88 "-" "Mozilla/5.0 (compatible; bingbot/2.0; +http://www.bing.com/bingbot.htm)" "ysfine.com"
66.249.66.44 - - [18/Jan/2023:02:29:47 -0800] "GET /world/ital/rome044b.jpg HTTP/1.1" 304 - "-" "Googlebot-Image/1.0" "ysfine.com"
51.222.253.15 - - [18/Jan/2023:02:29:48 -0800] "GET /houses/myhouse.html HTTP/1.1" 200 1473 "-" "Mozilla/5.0 (compatible; AhrefsBot/7.0; +http://ahrefs.com/robot/)" "ysfine.com"
51.222.253.10 - - [18/Jan/2023:02:29:49 -0800] "GET /houses/house12c.jpg HTTP/1.1" 200 29087 "-" "Mozilla/5.0 (compatible; AhrefsBot/7.0; +http://ahrefs.com/robot/)" "ysfine.com"
51.222.253.8 - - [18/Jan/2023:02:29:50 -0800] "GET /houses/capitol33c.jpg HTTP/1.1" 200 32326 "-" "Mozilla/5.0 (compatible; AhrefsBot/7.0; +http://ahrefs.com/robot/)" "ysfine.com"
51.222.253.19 - - [18/Jan/2023:02:29:50 -0800] "GET /houses/house44c.jpg HTTP/1.1" 200 36128 "-" "Mozilla/5.0 (compatible; AhrefsBot/7.0; +http://ahrefs.com/robot/)" "ysfine.com"
51.222.253.5 - - [18/Jan/2023:02:29:51 -0800] "GET /houses/house11c.jpg HTTP/1.1" 200 30925 "-" "Mozilla/5.0 (compatible; AhrefsBot/7.0; +http://ahrefs.com/robot/)" "ysfine.com"
46.138.47.40 - - [18/Jan/2023:02:30:24 -0800] "GET /princeton/alexan11.jpg HTTP/1.1" 200 118946 "https://www.google.com/" "Mozilla/5.0 (Windows NT 10.0; Win64; x64) AppleWebKit/537.36 (KHTML, like Gecko) Chrome/108.0.0.0 Safari/537.36 OPR/94.0.0.0 (Edition Yx 05)" "ysfine.com"
113.217.254.60 - - [18/Jan/2023:02:30:26 -0800] "GET /maga/invent/wright01.jpg HTTP/1.1" 200 176029 "-" "Mozilla/5.0 (X11; Ubuntu; Linux x86_64; rv:72.0) Gecko/20100101 Firefox/72.0" "ysfine.com"
51.222.253.5 - - [18/Jan/2023:02:32:35 -0800] "GET /class54/class5470/total_data/sub_401.htm HTTP/1.1" 200 3223 "-" "Mozilla/5.0 (compatible; AhrefsBot/7.0; +http://ahrefs.com/robot/)" "ysfine.com"
51.222.253.1 - - [18/Jan/2023:02:32:36 -0800] "GET /class54/class5470/total_data/refer_img/4-12_f.jpg HTTP/1.1" 200 36604 "-" "Mozilla/5.0 (compatible; AhrefsBot/7.0; +http://ahrefs.com/robot/)" "ysfine.com"
51.222.253.14 - - [18/Jan/2023:02:32:36 -0800] "GET /class54/class5470/total_data/refer_img/4-14_f.jpg HTTP/1.1" 200 44175 "-" "Mozilla/5.0 (compatible; AhrefsBot/7.0; +http://ahrefs.com/robot/)" "ysfine.com"
51.222.253.8 - - [18/Jan/2023:02:32:36 -0800] "GET /class54/class5470/total_data/refer_img/4-4_f.jpg HTTP/1.1" 200 35405 "-" "Mozilla/5.0 (compatible; AhrefsBot/7.0; +http://ahrefs.com/robot/)" "ysfine.com"
51.222.253.14 - - [18/Jan/2023:02:32:37 -0800] "GET /class54/class5470/total_data/refer_img/4-6_f.jpg HTTP/1.1" 200 37835 "-" "Mozilla/5.0 (compatible; AhrefsBot/7.0; +http://ahrefs.com/robot/)" "ysfine.com"
51.222.253.4 - - [18/Jan/2023:02:32:37 -0800] "GET /class54/class5470/total_data/refer_img/4-17_f.jpg HTTP/1.1" 200 32658 "-" "Mozilla/5.0 (compatible; AhrefsBot/7.0; +http://ahrefs.com/robot/)" "ysfine.com"
51.222.253.7 - - [18/Jan/2023:02:32:38 -0800] "GET /class54/class5470/total_data/refer_img/4-16_f.jpg HTTP/1.1" 200 47358 "-" "Mozilla/5.0 (compatible; AhrefsBot/7.0; +http://ahrefs.com/robot/)" "ysfine.com"
51.222.253.9 - - [18/Jan/2023:02:32:38 -0800] "GET /class54/class5470/total_data/refer_img/4-2_f.jpg HTTP/1.1" 200 53142 "-" "Mozilla/5.0 (compatible; AhrefsBot/7.0; +http://ahrefs.com/robot/)" "ysfine.com"
51.222.253.17 - - [18/Jan/2023:02:32:39 -0800] "GET /class54/class5470/total_data/refer_img/4-10_f.jpg HTTP/1.1" 200 36419 "-" "Mozilla/5.0 (compatible; AhrefsBot/7.0; +http://ahrefs.com/robot/)" "ysfine.com"
51.222.253.17 - - [18/Jan/2023:02:32:39 -0800] "GET /class54/class5470/total_data/refer_img/4-8_f.jpg HTTP/1.1" 200 31593 "-" "Mozilla/5.0 (compatible; AhrefsBot/7.0; +http://ahrefs.com/robot/)" "ysfine.com"
51.222.253.10 - - [18/Jan/2023:02:32:39 -0800] "GET /class54/class5470/total_data/refer_img/4-7_f.jpg HTTP/1.1" 200 32961 "-" "Mozilla/5.0 (compatible; AhrefsBot/7.0; +http://ahrefs.com/robot/)" "ysfine.com"
51.222.253.15 - - [18/Jan/2023:02:32:40 -0800] "GET /class54/class5470/total_data/img/04_smline.gif HTTP/1.1" 200 3843 "-" "Mozilla/5.0 (compatible; AhrefsBot/7.0; +http://ahrefs.com/robot/)" "ysfine.com"
51.222.253.1 - - [18/Jan/2023:02:32:40 -0800] "GET /class54/class5470/total_data/refer_img/4-15_f.jpg HTTP/1.1" 200 52769 "-" "Mozilla/5.0 (compatible; AhrefsBot/7.0; +http://ahrefs.com/robot/)" "ysfine.com"
51.222.253.19 - - [18/Jan/2023:02:32:41 -0800] "GET /class54/class5470/total_data/refer_img/4-13_f.jpg HTTP/1.1" 200 50807 "-" "Mozilla/5.0 (compatible; AhrefsBot/7.0; +http://ahrefs.com/robot/)" "ysfine.com"
51.222.253.10 - - [18/Jan/2023:02:32:41 -0800] "GET /class54/class5470/total_data/refer_img/4-18_f.jpg HTTP/1.1" 200 48937 "-" "Mozilla/5.0 (compatible; AhrefsBot/7.0; +http://ahrefs.com/robot/)" "ysfine.com"
51.222.253.15 - - [18/Jan/2023:02:32:41 -0800] "GET /class54/class5470/total_data/img/04_unveilingceremony.gif HTTP/1.1" 200 1071 "-" "Mozilla/5.0 (compatible; AhrefsBot/7.0; +http://ahrefs.com/robot/)" "ysfine.com"
51.222.253.5 - - [18/Jan/2023:02:32:42 -0800] "GET /class54/class5470/total_data/refer_img/4-5_f.jpg HTTP/1.1" 200 32780 "-" "Mozilla/5.0 (compatible; AhrefsBot/7.0; +http://ahrefs.com/robot/)" "ysfine.com"
51.222.253.11 - - [18/Jan/2023:02:32:42 -0800] "GET /class54/class5470/total_data/refer_img/4-11_f.jpg HTTP/1.1" 200 33823 "-" "Mozilla/5.0 (compatible; AhrefsBot/7.0; +http://ahrefs.com/robot/)" "ysfine.com"
51.222.253.11 - - [18/Jan/2023:02:32:43 -0800] "GET /class54/class5470/total_data/refer_img/4-1_f.jpg HTTP/1.1" 200 33160 "-" "Mozilla/5.0 (compatible; AhrefsBot/7.0; +http://ahrefs.com/robot/)" "ysfine.com"
51.222.253.4 - - [18/Jan/2023:02:32:43 -0800] "GET /class54/class5470/total_data/refer_img/4-3_f.jpg HTTP/1.1" 200 55483 "-" "Mozilla/5.0 (compatible; AhrefsBot/7.0; +http://ahrefs.com/robot/)" "ysfine.com"
51.222.253.20 - - [18/Jan/2023:02:32:43 -0800] "GET /class54/class5470/total_data/photo_img/4-1.jpg HTTP/1.1" 200 205287 "-" "Mozilla/5.0 (compatible; AhrefsBot/7.0; +http://ahrefs.com/robot/)" "ysfine.com"
51.222.253.19 - - [18/Jan/2023:02:32:44 -0800] "GET /class54/class5470/total_data/img/04_title.gif HTTP/1.1" 200 7489 "-" "Mozilla/5.0 (compatible; AhrefsBot/7.0; +http://ahrefs.com/robot/)" "ysfine.com"
40.77.167.13 - - [18/Jan/2023:02:33:21 -0800] "GET /bio/wigner/e(2).html HTTP/1.1" 404 88 "-" "Mozilla/5.0 (compatible; bingbot/2.0; +http://www.bing.com/bingbot.htm)" "ysfine.com"
195.201.227.169 - - [18/Jan/2023:02:33:31 -0800] "GET /newyork/nyu11.jpg HTTP/1.1" 200 89527 "-" "Mozilla/5.0 (X11; Fedora; Linux x86_64) AppleWebKit/537.36 (KHTML, like Gecko) Chrome/79.0.3945.117 Safari/537.36" "www.ysfine.com"
51.222.253.18 - - [18/Jan/2023:02:35:08 -0800] "GET /wigner/e(2).html HTTP/1.1" 200 4288 "-" "Mozilla/5.0 (compatible; AhrefsBot/7.0; +http://ahrefs.com/robot/)" "ysfine.com"
51.222.253.13 - - [18/Jan/2023:02:35:09 -0800] "GET /wigner/hk88b.jpg HTTP/1.1" 200 41438 "-" "Mozilla/5.0 (compatible; AhrefsBot/7.0; +http://ahrefs.com/robot/)" "ysfine.com"
51.222.253.5 - - [18/Jan/2023:02:35:10 -0800] "GET /wigner/isomor77c.jpg HTTP/1.1" 200 43414 "-" "Mozilla/5.0 (compatible; AhrefsBot/7.0; +http://ahrefs.com/robot/)" "ysfine.com"
51.222.253.3 - - [18/Jan/2023:02:35:10 -0800] "GET /wigner/euclid05b.jpg HTTP/1.1" 200 33016 "-" "Mozilla/5.0 (compatible; AhrefsBot/7.0; +http://ahrefs.com/robot/)" "ysfine.com"
51.222.253.16 - - [18/Jan/2023:02:35:11 -0800] "GET /wigner/wigwein33b.jpg HTTP/1.1" 200 42269 "-" "Mozilla/5.0 (compatible; AhrefsBot/7.0; +http://ahrefs.com/robot/)" "ysfine.com"
51.222.253.10 - - [18/Jan/2023:02:35:11 -0800] "GET /wigner/mzero03c.jpg HTTP/1.1" 200 22641 "-" "Mozilla/5.0 (compatible; AhrefsBot/7.0; +http://ahrefs.com/robot/)" "ysfine.com"
185.191.171.21 - - [18/Jan/2023:02:36:17 -0800] "GET /maga/three.html HTTP/1.1" 200 7358 "-" "Mozilla/5.0 (compatible; SemrushBot/7~bl; +http://www.semrush.com/bot.html)" "ysfine.com"
207.46.13.31 - - [18/Jan/2023:02:36:37 -0800] "GET /bio/kobak/yskor.html HTTP/1.1" 404 88 "-" "Mozilla/5.0 (compatible; bingbot/2.0; +http://www.bing.com/bingbot.htm)" "ysfine.com"
