135.181.212.177 - - [17/Jan/2023:22:32:55 -0800] "GET /friends/latinaf.html HTTP/1.1" 404 88 "-" "Mozilla/5.0 (compatible; MJ12bot/v1.4.8; http://mj12bot.com/)" "www.ysfine.com"
135.181.212.177 - - [17/Jan/2023:22:32:59 -0800] "GET /friends/moslemf.html HTTP/1.1" 404 88 "-" "Mozilla/5.0 (compatible; MJ12bot/v1.4.8; http://mj12bot.com/)" "www.ysfine.com"
135.181.212.177 - - [17/Jan/2023:22:33:03 -0800] "GET /friends/turkf.html HTTP/1.1" 404 88 "-" "Mozilla/5.0 (compatible; MJ12bot/v1.4.8; http://mj12bot.com/)" "www.ysfine.com"
135.181.212.177 - - [17/Jan/2023:22:33:06 -0800] "GET /jobs/jobmenu.html HTTP/1.1" 404 88 "-" "Mozilla/5.0 (compatible; MJ12bot/v1.4.8; http://mj12bot.com/)" "www.ysfine.com"
135.181.212.177 - - [17/Jan/2023:22:33:10 -0800] "GET /jobs/koreaj.html HTTP/1.1" 200 5358 "-" "Mozilla/5.0 (compatible; MJ12bot/v1.4.8; http://mj12bot.com/)" "www.ysfine.com"
135.181.212.177 - - [17/Jan/2023:22:33:12 -0800] "GET /jobs/koreaj.html HTTP/1.1" 200 5358 "-" "Mozilla/5.0 (compatible; MJ12bot/v1.4.8; http://mj12bot.com/)" "www.ysfine.com"
135.181.212.177 - - [17/Jan/2023:22:33:15 -0800] "GET /jobs/spainj.html HTTP/1.1" 200 1603 "-" "Mozilla/5.0 (compatible; MJ12bot/v1.4.8; http://mj12bot.com/)" "www.ysfine.com"
135.181.212.177 - - [17/Jan/2023:22:33:17 -0800] "GET /jobs/spainj.html HTTP/1.1" 200 1603 "-" "Mozilla/5.0 (compatible; MJ12bot/v1.4.8; http://mj12bot.com/)" "www.ysfine.com"
135.181.212.177 - - [17/Jan/2023:22:33:21 -0800] "GET /jobs/usaj.html HTTP/1.1" 200 649 "-" "Mozilla/5.0 (compatible; MJ12bot/v1.4.8; http://mj12bot.com/)" "www.ysfine.com"
135.181.212.177 - - [17/Jan/2023:22:33:23 -0800] "GET /jobs/usaj.html HTTP/1.1" 200 649 "-" "Mozilla/5.0 (compatible; MJ12bot/v1.4.8; http://mj12bot.com/)" "www.ysfine.com"
135.181.212.177 - - [17/Jan/2023:22:33:25 -0800] "GET /kobak/kobbot.html HTTP/1.1" 200 137 "-" "Mozilla/5.0 (compatible; MJ12bot/v1.4.8; http://mj12bot.com/)" "www.ysfine.com"
135.181.212.177 - - [17/Jan/2023:22:33:27 -0800] "GET /kobak/kobleft.html HTTP/1.1" 200 641 "-" "Mozilla/5.0 (compatible; MJ12bot/v1.4.8; http://mj12bot.com/)" "www.ysfine.com"
135.181.212.177 - - [17/Jan/2023:22:33:31 -0800] "GET /kobak/kohist.html HTTP/1.1" 200 6039 "-" "Mozilla/5.0 (compatible; MJ12bot/v1.4.8; http://mj12bot.com/)" "www.ysfine.com"
135.181.212.177 - - [17/Jan/2023:22:33:35 -0800] "GET /kobak/tanks.html HTTP/1.1" 404 88 "-" "Mozilla/5.0 (compatible; MJ12bot/v1.4.8; http://mj12bot.com/)" "www.ysfine.com"
135.181.212.177 - - [17/Jan/2023:22:33:37 -0800] "GET /maga/phys/inclined.html HTTP/1.1" 200 349 "-" "Mozilla/5.0 (compatible; MJ12bot/v1.4.8; http://mj12bot.com/)" "www.ysfine.com"
135.181.212.177 - - [17/Jan/2023:22:33:39 -0800] "GET /maga/phys/yukasumi.html HTTP/1.1" 200 256 "-" "Mozilla/5.0 (compatible; MJ12bot/v1.4.8; http://mj12bot.com/)" "www.ysfine.com"
135.181.212.177 - - [17/Jan/2023:22:33:41 -0800] "GET /people/index.html HTTP/1.1" 200 125 "-" "Mozilla/5.0 (compatible; MJ12bot/v1.4.8; http://mj12bot.com/)" "www.ysfine.com"
135.181.212.177 - - [17/Jan/2023:22:33:43 -0800] "GET /philo/hegel.html HTTP/1.1" 200 5090 "-" "Mozilla/5.0 (compatible; MJ12bot/v1.4.8; http://mj12bot.com/)" "www.ysfine.com"
135.181.212.177 - - [17/Jan/2023:22:33:45 -0800] "GET /philo/kant.html HTTP/1.1" 200 8179 "-" "Mozilla/5.0 (compatible; MJ12bot/v1.4.8; http://mj12bot.com/)" "www.ysfine.com"
135.181.212.177 - - [17/Jan/2023:22:33:47 -0800] "GET /philo/sisfa12/index.html HTTP/1.1" 200 148 "-" "Mozilla/5.0 (compatible; MJ12bot/v1.4.8; http://mj12bot.com/)" "www.ysfine.com"
135.181.212.177 - - [17/Jan/2023:22:33:49 -0800] "GET /philo/sisfa12/keirigh.html HTTP/1.1" 200 2033 "-" "Mozilla/5.0 (compatible; MJ12bot/v1.4.8; http://mj12bot.com/)" "www.ysfine.com"
135.181.212.177 - - [17/Jan/2023:22:33:51 -0800] "GET /philo/sisfa12/r12left.html HTTP/1.1" 200 662 "-" "Mozilla/5.0 (compatible; MJ12bot/v1.4.8; http://mj12bot.com/)" "www.ysfine.com"
135.181.212.177 - - [17/Jan/2023:22:33:53 -0800] "GET /philo/sisfa12/r12righ.html HTTP/1.1" 200 709 "-" "Mozilla/5.0 (compatible; MJ12bot/v1.4.8; http://mj12bot.com/)" "www.ysfine.com"
135.181.212.177 - - [17/Jan/2023:22:33:57 -0800] "GET /princeton/prade.html HTTP/1.1" 200 9863 "-" "Mozilla/5.0 (compatible; MJ12bot/v1.4.8; http://mj12bot.com/)" "www.ysfine.com"
135.181.212.177 - - [17/Jan/2023:22:34:01 -0800] "GET /princeton/prince.html HTTP/1.1" 200 2567 "-" "Mozilla/5.0 (compatible; MJ12bot/v1.4.8; http://mj12bot.com/)" "www.ysfine.com"
51.222.253.1 - - [17/Jan/2023:22:34:01 -0800] "GET /class54/class5470/total_data/sub_757.htm HTTP/1.1" 200 3297 "-" "Mozilla/5.0 (compatible; AhrefsBot/7.0; +http://ahrefs.com/robot/)" "www.ysfine.com"
135.181.212.177 - - [17/Jan/2023:22:34:03 -0800] "GET /princeton/prince.html HTTP/1.1" 200 2567 "-" "Mozilla/5.0 (compatible; MJ12bot/v1.4.8; http://mj12bot.com/)" "www.ysfine.com"
135.181.212.177 - - [17/Jan/2023:22:34:05 -0800] "GET /remote/sisfa12aa/index.html HTTP/1.1" 200 148 "-" "Mozilla/5.0 (compatible; MJ12bot/v1.4.8; http://mj12bot.com/)" "www.ysfine.com"
135.181.212.177 - - [17/Jan/2023:22:34:07 -0800] "GET /saram/saleft.html HTTP/1.1" 200 1634 "-" "Mozilla/5.0 (compatible; MJ12bot/v1.4.8; http://mj12bot.com/)" "www.ysfine.com"
135.181.212.177 - - [17/Jan/2023:22:34:11 -0800] "GET /style/digilit.html HTTP/1.1" 200 8470 "-" "Mozilla/5.0 (compatible; MJ12bot/v1.4.8; http://mj12bot.com/)" "www.ysfine.com"
135.181.212.177 - - [17/Jan/2023:22:34:14 -0800] "GET /style/songs.html HTTP/1.1" 200 31567 "-" "Mozilla/5.0 (compatible; MJ12bot/v1.4.8; http://mj12bot.com/)" "www.ysfine.com"
135.181.212.177 - - [17/Jan/2023:22:34:18 -0800] "GET /world/balkan/?D=D HTTP/1.1" 200 3038 "-" "Mozilla/5.0 (compatible; MJ12bot/v1.4.8; http://mj12bot.com/)" "www.ysfine.com"
135.181.212.177 - - [17/Jan/2023:22:34:22 -0800] "GET /world/balkan/?D=D HTTP/1.1" 200 3038 "-" "Mozilla/5.0 (compatible; MJ12bot/v1.4.8; http://mj12bot.com/)" "www.ysfine.com"
135.181.212.177 - - [17/Jan/2023:22:34:26 -0800] "GET /world/balkan/?M=D HTTP/1.1" 200 3038 "-" "Mozilla/5.0 (compatible; MJ12bot/v1.4.8; http://mj12bot.com/)" "www.ysfine.com"
135.181.212.177 - - [17/Jan/2023:22:34:29 -0800] "GET /world/balkan/?M=D HTTP/1.1" 200 3038 "-" "Mozilla/5.0 (compatible; MJ12bot/v1.4.8; http://mj12bot.com/)" "www.ysfine.com"
135.181.212.177 - - [17/Jan/2023:22:34:33 -0800] "GET /world/balkan/?N=A HTTP/1.1" 200 3038 "-" "Mozilla/5.0 (compatible; MJ12bot/v1.4.8; http://mj12bot.com/)" "www.ysfine.com"
135.181.212.177 - - [17/Jan/2023:22:34:36 -0800] "GET /world/balkan/?N=A HTTP/1.1" 200 3038 "-" "Mozilla/5.0 (compatible; MJ12bot/v1.4.8; http://mj12bot.com/)" "www.ysfine.com"
135.181.212.177 - - [17/Jan/2023:22:34:41 -0800] "GET /world/balkan/?S=D HTTP/1.1" 200 3038 "-" "Mozilla/5.0 (compatible; MJ12bot/v1.4.8; http://mj12bot.com/)" "www.ysfine.com"
135.181.212.177 - - [17/Jan/2023:22:34:43 -0800] "GET /world/balkan/?S=D HTTP/1.1" 200 3038 "-" "Mozilla/5.0 (compatible; MJ12bot/v1.4.8; http://mj12bot.com/)" "www.ysfine.com"
40.77.167.17 - - [17/Jan/2023:22:34:44 -0800] "GET /bio/kobak/namdae.html HTTP/1.1" 404 88 "-" "Mozilla/5.0 AppleWebKit/537.36 (KHTML, like Gecko; compatible; bingbot/2.0; +http://www.bing.com/bingbot.htm) Chrome/103.0.5060.134 Safari/537.36" "ysfine.com"
135.181.212.177 - - [17/Jan/2023:22:34:48 -0800] "GET /world/germany.html HTTP/1.1" 200 474 "-" "Mozilla/5.0 (compatible; MJ12bot/v1.4.8; http://mj12bot.com/)" "www.ysfine.com"
135.181.212.177 - - [17/Jan/2023:22:34:50 -0800] "GET /world/germany.html HTTP/1.1" 200 474 "-" "Mozilla/5.0 (compatible; MJ12bot/v1.4.8; http://mj12bot.com/)" "www.ysfine.com"
135.181.212.177 - - [17/Jan/2023:22:34:53 -0800] "GET /world/ital/uffizi22.html HTTP/1.1" 200 402 "-" "Mozilla/5.0 (compatible; MJ12bot/v1.4.8; http://mj12bot.com/)" "www.ysfine.com"
135.181.212.177 - - [17/Jan/2023:22:34:55 -0800] "GET /world/ital/uffizi22.html HTTP/1.1" 200 402 "-" "Mozilla/5.0 (compatible; MJ12bot/v1.4.8; http://mj12bot.com/)" "www.ysfine.com"
135.181.212.177 - - [17/Jan/2023:22:34:59 -0800] "GET /world/polandw.html HTTP/1.1" 200 17896 "-" "Mozilla/5.0 (compatible; MJ12bot/v1.4.8; http://mj12bot.com/)" "www.ysfine.com"
135.181.212.177 - - [17/Jan/2023:22:35:01 -0800] "GET /world/polandw.html HTTP/1.1" 200 17896 "-" "Mozilla/5.0 (compatible; MJ12bot/v1.4.8; http://mj12bot.com/)" "www.ysfine.com"
135.181.212.177 - - [17/Jan/2023:22:35:04 -0800] "GET /world/scanw.html HTTP/1.1" 200 8407 "-" "Mozilla/5.0 (compatible; MJ12bot/v1.4.8; http://mj12bot.com/)" "www.ysfine.com"
135.181.212.177 - - [17/Jan/2023:22:35:06 -0800] "GET /world/scanw.html HTTP/1.1" 200 8407 "-" "Mozilla/5.0 (compatible; MJ12bot/v1.4.8; http://mj12bot.com/)" "www.ysfine.com"
40.77.167.17 - - [17/Jan/2023:22:36:04 -0800] "GET /bio/einstein/bern.html HTTP/1.1" 404 88 "-" "Mozilla/5.0 (compatible; bingbot/2.0; +http://www.bing.com/bingbot.htm)" "ysfine.com"
51.222.253.12 - - [17/Jan/2023:22:36:35 -0800] "GET /class54/class5470/total_data/sub_745.htm HTTP/1.1" 200 3297 "-" "Mozilla/5.0 (compatible; AhrefsBot/7.0; +http://ahrefs.com/robot/)" "www.ysfine.com"
40.77.167.80 - - [17/Jan/2023:22:37:16 -0800] "GET /people/sbt11.jpg HTTP/1.1" 200 166706 "-" "Mozilla/5.0 (compatible; bingbot/2.0; +http://www.bing.com/bingbot.htm)" "ysfine.com"
185.191.171.18 - - [17/Jan/2023:22:38:07 -0800] "GET /world/polandk.html HTTP/1.1" 200 5994 "-" "Mozilla/5.0 (compatible; SemrushBot/7~bl; +http://www.semrush.com/bot.html)" "ysfine.com"
185.191.171.10 - - [17/Jan/2023:22:38:14 -0800] "GET /ys11/index.html HTTP/1.1" 200 3485 "-" "Mozilla/5.0 (compatible; SemrushBot/7~bl; +http://www.semrush.com/bot.html)" "www.ysfine.com"
66.249.66.56 - - [17/Jan/2023:22:38:24 -0800] "GET /wigner/neum/vnc03.jpg HTTP/1.1" 200 80421 "-" "Googlebot-Image/1.0" "ysfine.com"
51.222.253.7 - - [17/Jan/2023:22:38:40 -0800] "GET /class54/class5470/total_data/sub_746.htm HTTP/1.1" 200 3297 "-" "Mozilla/5.0 (compatible; AhrefsBot/7.0; +http://ahrefs.com/robot/)" "www.ysfine.com"
24.199.126.174 - - [17/Jan/2023:22:39:16 -0800] "GET / HTTP/1.1" 200 5295 "-" "python-requests/2.26.0" "ysfine.com"
217.76.60.59 - - [17/Jan/2023:22:39:51 -0800] "GET /robots.txt HTTP/1.1" 404 73 "-" "Mozilla/5.0 (compatible; MJ12bot/v1.4.8; http://mj12bot.com/)" "ysfine.com"
217.76.60.59 - - [17/Jan/2023:22:39:58 -0800] "GET /style/chopingr.html HTTP/1.1" 200 364 "-" "Mozilla/5.0 (compatible; MJ12bot/v1.4.8; http://mj12bot.com/)" "ysfine.com"
217.76.60.59 - - [17/Jan/2023:22:40:08 -0800] "GET /robots.txt HTTP/1.1" 404 73 "-" "Mozilla/5.0 (compatible; MJ12bot/v1.4.8; http://mj12bot.com/)" "www.ysfine.com"
217.76.60.59 - - [17/Jan/2023:22:40:20 -0800] "GET /kobak/kohist.html HTTP/1.1" 200 6039 "-" "Mozilla/5.0 (compatible; MJ12bot/v1.4.8; http://mj12bot.com/)" "www.ysfine.com"
217.76.60.59 - - [17/Jan/2023:22:40:41 -0800] "GET /wdc/sakura.html HTTP/1.1" 200 381 "-" "Mozilla/5.0 (compatible; MJ12bot/v1.4.8; http://mj12bot.com/)" "www.ysfine.com"
54.36.148.121 - - [17/Jan/2023:22:40:42 -0800] "GET /robots.txt HTTP/1.1" 404 88 "-" "Mozilla/5.0 (compatible; AhrefsBot/7.0; +http://ahrefs.com/robot/)" "www.ysfine.com"
51.222.253.5 - - [17/Jan/2023:22:40:51 -0800] "GET /class54/class5470/total_data/sub_747.htm HTTP/1.1" 200 3297 "-" "Mozilla/5.0 (compatible; AhrefsBot/7.0; +http://ahrefs.com/robot/)" "www.ysfine.com"
71.178.208.102 - - [17/Jan/2023:22:41:58 -0800] "GET /ys11/index.html HTTP/1.1" 304 - "-" "Mozilla/5.0 (Windows NT 10.0; Win64; x64) AppleWebKit/537.36 (KHTML, like Gecko) Chrome/109.0.0.0 Safari/537.36 Edg/109.0.1518.55" "www.ysfine.com"
49.7.21.115 - - [17/Jan/2023:22:42:55 -0800] "GET / HTTP/1.1" 200 5295 "-" "Sogou web spider/4.0(+http://www.sogou.com/docs/help/webmasters.htm#07)" "ysfine.com"
207.46.13.31 - - [17/Jan/2023:22:42:56 -0800] "GET /bio/kobak/yskor.html HTTP/1.1" 404 88 "-" "Mozilla/5.0 AppleWebKit/537.36 (KHTML, like Gecko; compatible; bingbot/2.0; +http://www.bing.com/bingbot.htm) Chrome/103.0.5060.134 Safari/537.36" "ysfine.com"
51.222.253.1 - - [17/Jan/2023:22:43:22 -0800] "GET /class54/class5470/total_data/sub_760.htm HTTP/1.1" 200 3322 "-" "Mozilla/5.0 (compatible; AhrefsBot/7.0; +http://ahrefs.com/robot/)" "www.ysfine.com"
66.249.66.56 - - [17/Jan/2023:22:43:33 -0800] "GET /wigner/first.jpg HTTP/1.1" 200 47549 "-" "Googlebot-Image/1.0" "ysfine.com"
40.77.167.13 - - [17/Jan/2023:22:43:59 -0800] "GET /bio/wigner/e(2).html HTTP/1.1" 404 88 "-" "Mozilla/5.0 AppleWebKit/537.36 (KHTML, like Gecko; compatible; bingbot/2.0; +http://www.bing.com/bingbot.htm) Chrome/103.0.5060.134 Safari/537.36" "ysfine.com"
66.249.66.54 - - [17/Jan/2023:22:44:16 -0800] "GET /wigner/neum/pvn05.jpg HTTP/1.1" 200 219501 "-" "Googlebot-Image/1.0" "ysfine.com"
157.55.39.72 - - [17/Jan/2023:22:45:24 -0800] "GET /bio/eink/buythisbook.html HTTP/1.1" 404 88 "-" "Mozilla/5.0 AppleWebKit/537.36 (KHTML, like Gecko; compatible; bingbot/2.0; +http://www.bing.com/bingbot.htm) Chrome/103.0.5060.134 Safari/537.36" "ysfine.com"
51.222.253.5 - - [17/Jan/2023:22:45:34 -0800] "GET /class54/class5470/total_data/sub_742.htm HTTP/1.1" 200 3297 "-" "Mozilla/5.0 (compatible; AhrefsBot/7.0; +http://ahrefs.com/robot/)" "www.ysfine.com"
51.222.253.3 - - [17/Jan/2023:22:47:31 -0800] "GET /class54/class5470/total_data/sub_748.htm HTTP/1.1" 200 3297 "-" "Mozilla/5.0 (compatible; AhrefsBot/7.0; +http://ahrefs.com/robot/)" "www.ysfine.com"
176.88.84.4 - - [17/Jan/2023:22:47:37 -0800] "GET /dirac/dirwig33.jpg HTTP/1.1" 200 49208 "https://www.google.com/" "Mozilla/5.0 (Windows NT 10.0; Win64; x64) AppleWebKit/537.36 (KHTML, like Gecko) Chrome/109.0.0.0 Safari/537.36" "ysfine.com"
51.222.253.12 - - [17/Jan/2023:22:49:40 -0800] "GET /class54/class5470/total_data/sub_330.htm HTTP/1.1" 200 3334 "-" "Mozilla/5.0 (compatible; AhrefsBot/7.0; +http://ahrefs.com/robot/)" "ysfine.com"
51.222.253.13 - - [17/Jan/2023:22:49:41 -0800] "GET /class54/class5470/total_data/photo_img/3-30.jpg HTTP/1.1" 200 186076 "-" "Mozilla/5.0 (compatible; AhrefsBot/7.0; +http://ahrefs.com/robot/)" "ysfine.com"
207.46.13.31 - - [17/Jan/2023:22:50:07 -0800] "GET /bio/sbk/1950.html HTTP/1.1" 404 88 "-" "Mozilla/5.0 (compatible; bingbot/2.0; +http://www.bing.com/bingbot.htm)" "ysfine.com"
185.184.157.95 - - [17/Jan/2023:22:50:21 -0800] "GET /robots.txt HTTP/1.1" 404 88 "-" "Mozilla/5.0 (compatible; linkdexbot/2.0; +http://www.linkdex.com/bots/)" "ysfine.com"
185.184.157.95 - - [17/Jan/2023:22:50:21 -0800] "GET /ys11/index.html HTTP/1.1" 200 3485 "-" "Mozilla/5.0 (compatible; linkdexbot/2.0; +http://www.linkdex.com/bots/)" "www.ysfine.com"
185.184.157.95 - - [17/Jan/2023:22:50:21 -0800] "GET /robots.txt HTTP/1.1" 404 88 "-" "Mozilla/5.0 (compatible; linkdexbot/2.0; +http://www.linkdex.com/bots/)" "www.ysfine.com"
185.191.171.33 - - [17/Jan/2023:22:51:14 -0800] "GET /world/london.html HTTP/1.1" 200 16969 "-" "Mozilla/5.0 (compatible; SemrushBot/7~bl; +http://www.semrush.com/bot.html)" "ysfine.com"
40.77.167.10 - - [17/Jan/2023:22:51:20 -0800] "GET /world/kazan.html HTTP/1.1" 304 - "-" "Mozilla/5.0 AppleWebKit/537.36 (KHTML, like Gecko; compatible; bingbot/2.0; +http://www.bing.com/bingbot.htm) Chrome/103.0.5060.134 Safari/537.36" "www.ysfine.com"
66.249.66.54 - - [17/Jan/2023:22:51:26 -0800] "GET /wigner/neum/vnc09.jpg HTTP/1.1" 200 112484 "-" "Googlebot-Image/1.0" "ysfine.com"
51.222.253.10 - - [17/Jan/2023:22:51:42 -0800] "GET /class54/class5470/total_data/sub_743.htm HTTP/1.1" 200 3297 "-" "Mozilla/5.0 (compatible; AhrefsBot/7.0; +http://ahrefs.com/robot/)" "ysfine.com"
51.222.253.12 - - [17/Jan/2023:22:51:43 -0800] "GET /class54/class5470/total_data/refer_img/7-53_f.jpg HTTP/1.1" 200 35539 "-" "Mozilla/5.0 (compatible; AhrefsBot/7.0; +http://ahrefs.com/robot/)" "ysfine.com"
51.222.253.18 - - [17/Jan/2023:22:51:43 -0800] "GET /class54/class5470/total_data/refer_img/7-42_f.jpg HTTP/1.1" 200 35763 "-" "Mozilla/5.0 (compatible; AhrefsBot/7.0; +http://ahrefs.com/robot/)" "ysfine.com"
51.222.253.12 - - [17/Jan/2023:22:51:44 -0800] "GET /class54/class5470/total_data/refer_img/7-54_f.jpg HTTP/1.1" 200 30722 "-" "Mozilla/5.0 (compatible; AhrefsBot/7.0; +http://ahrefs.com/robot/)" "ysfine.com"
51.222.253.17 - - [17/Jan/2023:22:51:44 -0800] "GET /class54/class5470/total_data/refer_img/7-49_f.jpg HTTP/1.1" 200 37633 "-" "Mozilla/5.0 (compatible; AhrefsBot/7.0; +http://ahrefs.com/robot/)" "ysfine.com"
51.222.253.7 - - [17/Jan/2023:22:51:45 -0800] "GET /class54/class5470/total_data/refer_img/7-48_f.jpg HTTP/1.1" 200 29734 "-" "Mozilla/5.0 (compatible; AhrefsBot/7.0; +http://ahrefs.com/robot/)" "ysfine.com"
51.222.253.9 - - [17/Jan/2023:22:51:45 -0800] "GET /class54/class5470/total_data/refer_img/7-43_f.jpg HTTP/1.1" 200 32167 "-" "Mozilla/5.0 (compatible; AhrefsBot/7.0; +http://ahrefs.com/robot/)" "ysfine.com"
51.222.253.18 - - [17/Jan/2023:22:51:46 -0800] "GET /class54/class5470/total_data/refer_img/7-56_f.jpg HTTP/1.1" 200 38989 "-" "Mozilla/5.0 (compatible; AhrefsBot/7.0; +http://ahrefs.com/robot/)" "ysfine.com"
51.222.253.7 - - [17/Jan/2023:22:51:46 -0800] "GET /class54/class5470/total_data/photo_img/7-43.jpg HTTP/1.1" 200 206313 "-" "Mozilla/5.0 (compatible; AhrefsBot/7.0; +http://ahrefs.com/robot/)" "ysfine.com"
51.222.253.4 - - [17/Jan/2023:22:51:47 -0800] "GET /class54/class5470/total_data/refer_img/7-58_f.jpg HTTP/1.1" 200 39362 "-" "Mozilla/5.0 (compatible; AhrefsBot/7.0; +http://ahrefs.com/robot/)" "ysfine.com"
51.222.253.8 - - [17/Jan/2023:22:51:47 -0800] "GET /class54/class5470/total_data/refer_img/7-51_f.jpg HTTP/1.1" 200 38723 "-" "Mozilla/5.0 (compatible; AhrefsBot/7.0; +http://ahrefs.com/robot/)" "ysfine.com"
51.222.253.20 - - [17/Jan/2023:22:51:48 -0800] "GET /class54/class5470/total_data/refer_img/7-60_f.jpg HTTP/1.1" 200 54754 "-" "Mozilla/5.0 (compatible; AhrefsBot/7.0; +http://ahrefs.com/robot/)" "ysfine.com"
51.222.253.11 - - [17/Jan/2023:22:51:48 -0800] "GET /class54/class5470/total_data/refer_img/7-46_f.jpg HTTP/1.1" 200 31567 "-" "Mozilla/5.0 (compatible; AhrefsBot/7.0; +http://ahrefs.com/robot/)" "ysfine.com"
51.222.253.12 - - [17/Jan/2023:22:51:48 -0800] "GET /class54/class5470/total_data/refer_img/7-50_f.jpg HTTP/1.1" 200 35620 "-" "Mozilla/5.0 (compatible; AhrefsBot/7.0; +http://ahrefs.com/robot/)" "ysfine.com"
51.222.253.3 - - [17/Jan/2023:22:51:49 -0800] "GET /class54/class5470/total_data/refer_img/7-52_f.jpg HTTP/1.1" 200 37800 "-" "Mozilla/5.0 (compatible; AhrefsBot/7.0; +http://ahrefs.com/robot/)" "ysfine.com"
51.222.253.20 - - [17/Jan/2023:22:51:49 -0800] "GET /class54/class5470/total_data/refer_img/7-57_f.jpg HTTP/1.1" 200 38052 "-" "Mozilla/5.0 (compatible; AhrefsBot/7.0; +http://ahrefs.com/robot/)" "ysfine.com"
51.222.253.10 - - [17/Jan/2023:22:51:51 -0800] "GET /class54/class5470/total_data/refer_img/7-47_f.jpg HTTP/1.1" 200 36785 "-" "Mozilla/5.0 (compatible; AhrefsBot/7.0; +http://ahrefs.com/robot/)" "ysfine.com"
51.222.253.5 - - [17/Jan/2023:22:51:52 -0800] "GET /class54/class5470/total_data/refer_img/7-41_f.jpg HTTP/1.1" 200 31998 "-" "Mozilla/5.0 (compatible; AhrefsBot/7.0; +http://ahrefs.com/robot/)" "ysfine.com"
51.222.253.14 - - [17/Jan/2023:22:51:52 -0800] "GET /class54/class5470/total_data/refer_img/7-55_f.jpg HTTP/1.1" 200 31647 "-" "Mozilla/5.0 (compatible; AhrefsBot/7.0; +http://ahrefs.com/robot/)" "ysfine.com"
51.222.253.7 - - [17/Jan/2023:22:51:52 -0800] "GET /class54/class5470/total_data/refer_img/7-45_f.jpg HTTP/1.1" 200 32793 "-" "Mozilla/5.0 (compatible; AhrefsBot/7.0; +http://ahrefs.com/robot/)" "ysfine.com"
51.222.253.6 - - [17/Jan/2023:22:51:53 -0800] "GET /class54/class5470/total_data/refer_img/7-44_f.jpg HTTP/1.1" 200 35363 "-" "Mozilla/5.0 (compatible; AhrefsBot/7.0; +http://ahrefs.com/robot/)" "ysfine.com"
68.62.102.11 - - [17/Jan/2023:22:52:25 -0800] "GET /princeton/alexan22.jpg HTTP/1.1" 200 175436 "https://www.google.com/" "Mozilla/5.0 (Linux; Android 4.4.4; XT1045) AppleWebKit/537.36 (KHTML, like Gecko) Chrome/81.0.4044.138 Mobile Safari/537.36" "ysfine.com"
191.189.3.125 - - [17/Jan/2023:22:52:28 -0800] "GET /wigner/neum/vnc01.jpg HTTP/1.1" 200 133641 "-" "Mozilla/5.0 (iPhone; CPU iPhone OS 15_7_2 like Mac OS X) AppleWebKit/605.1.15 (KHTML, like Gecko) Version/15.6.4 Mobile/15E148 Safari/604.1" "ysfine.com"
185.191.171.35 - - [17/Jan/2023:22:52:41 -0800] "GET /world/stuttgart.html HTTP/1.1" 200 4926 "-" "Mozilla/5.0 (compatible; SemrushBot/7~bl; +http://www.semrush.com/bot.html)" "ysfine.com"
207.46.13.31 - - [17/Jan/2023:22:52:47 -0800] "GET /bio/style/artlove.html HTTP/1.1" 404 88 "-" "Mozilla/5.0 (compatible; bingbot/2.0; +http://www.bing.com/bingbot.htm)" "ysfine.com"
66.249.66.218 - - [17/Jan/2023:22:52:57 -0800] "GET /wigner/quartet.jpg HTTP/1.1" 200 83670 "-" "Googlebot-Image/1.0" "www.ysfine.com"
40.77.167.80 - - [17/Jan/2023:22:53:37 -0800] "GET /bio/wdc/waskor.html HTTP/1.1" 404 88 "-" "Mozilla/5.0 (compatible; bingbot/2.0; +http://www.bing.com/bingbot.htm)" "ysfine.com"
51.222.253.10 - - [17/Jan/2023:22:54:07 -0800] "GET /maga/okun.html HTTP/1.1" 200 883 "-" "Mozilla/5.0 (compatible; AhrefsBot/7.0; +http://ahrefs.com/robot/)" "www.ysfine.com"
185.191.171.42 - - [17/Jan/2023:22:54:34 -0800] "GET /wigner/wigstu.html HTTP/1.1" 200 3210 "-" "Mozilla/5.0 (compatible; SemrushBot/7~bl; +http://www.semrush.com/bot.html)" "www.ysfine.com"
157.55.39.72 - - [17/Jan/2023:22:54:36 -0800] "GET /bio.html HTTP/1.1" 200 18260 "-" "Mozilla/5.0 (compatible; bingbot/2.0; +http://www.bing.com/bingbot.htm)" "ysfine.com"
71.178.208.102 - - [17/Jan/2023:22:54:55 -0800] "GET /ys11/ HTTP/1.1" 304 - "-" "Mozilla/5.0 (Windows NT 10.0; Win64; x64) AppleWebKit/537.36 (KHTML, like Gecko) Chrome/108.0.5359.125 Safari/537.36" "ysfine.com"
69.77.235.156 - - [17/Jan/2023:22:54:55 -0800] "GET /princeton/einpm.jpg HTTP/1.1" 200 116543 "https://www.google.com/" "Mozilla/5.0 (Macintosh; Intel Mac OS X 10_15_6) AppleWebKit/605.1.15 (KHTML, like Gecko) Version/15.5 Safari/605.1.15" "ysfine.com"
69.77.235.156 - - [17/Jan/2023:22:54:58 -0800] "GET /world/places/ulm03.jpg HTTP/1.1" 200 145594 "https://www.google.com/" "Mozilla/5.0 (Macintosh; Intel Mac OS X 10_15_6) AppleWebKit/605.1.15 (KHTML, like Gecko) Version/15.5 Safari/605.1.15" "ysfine.com"
185.191.171.26 - - [17/Jan/2023:22:55:08 -0800] "GET /maga/aquinas.html HTTP/1.1" 200 3433 "-" "Mozilla/5.0 (compatible; SemrushBot/7~bl; +http://www.semrush.com/bot.html)" "ysfine.com"
199.247.100.148 - - [17/Jan/2023:22:55:27 -0800] "GET /kobak/sl628.jpg HTTP/1.1" 200 225100 "https://www.google.com/" "Mozilla/5.0 (Linux; Android 12; KB2007) AppleWebKit/537.36 (KHTML, like Gecko) Chrome/109.0.0.0 Mobile Safari/537.36" "ysfine.com"
71.178.208.102 - - [17/Jan/2023:22:55:29 -0800] "GET /ys22/dondon.html HTTP/1.1" 401 90 "https://ysfine.com/ys11/" "Mozilla/5.0 (Windows NT 10.0; Win64; x64) AppleWebKit/537.36 (KHTML, like Gecko) Chrome/108.0.5359.125 Safari/537.36" "ysfine.com"
71.178.208.102 - jake [17/Jan/2023:22:55:31 -0800] "GET /ys22/dondon.html HTTP/1.1" 200 2036 "https://ysfine.com/ys11/" "Mozilla/5.0 (Windows NT 10.0; Win64; x64) AppleWebKit/537.36 (KHTML, like Gecko) Chrome/108.0.5359.125 Safari/537.36" "ysfine.com"
185.191.171.33 - - [17/Jan/2023:22:55:37 -0800] "GET /maga/sartre.html HTTP/1.1" 200 7719 "-" "Mozilla/5.0 (compatible; SemrushBot/7~bl; +http://www.semrush.com/bot.html)" "www.ysfine.com"
77.75.76.168 - - [17/Jan/2023:22:55:53 -0800] "GET /robots.txt HTTP/1.1" 404 88 "-" "Mozilla/5.0 (compatible; SeznamBot/3.2; +http://napoveda.seznam.cz/en/seznambot-intro/)" "ysfine.com"
77.75.76.168 - - [17/Jan/2023:22:55:54 -0800] "GET /world/france/haussmann05.jpg HTTP/1.1" 200 104065 "-" "Mozilla/5.0 (compatible; SeznamBot/3.2; +http://napoveda.seznam.cz/en/seznambot-intro/)" "ysfine.com"
207.46.13.31 - - [17/Jan/2023:22:55:56 -0800] "GET /bio/wisdom/more.html HTTP/1.1" 404 88 "-" "Mozilla/5.0 (compatible; bingbot/2.0; +http://www.bing.com/bingbot.htm)" "ysfine.com"
77.75.76.168 - - [17/Jan/2023:22:55:58 -0800] "GET /world/russ/mosconvent03.jpg HTTP/1.1" 200 109704 "-" "Mozilla/5.0 (compatible; SeznamBot/3.2; +http://napoveda.seznam.cz/en/seznambot-intro/)" "ysfine.com"
77.75.76.168 - - [17/Jan/2023:22:56:00 -0800] "GET /world/france/sartsq23.jpg HTTP/1.1" 200 64721 "-" "Mozilla/5.0 (compatible; SeznamBot/3.2; +http://napoveda.seznam.cz/en/seznambot-intro/)" "ysfine.com"
77.75.76.168 - - [17/Jan/2023:22:56:02 -0800] "GET /world/france/sartsq08.jpg HTTP/1.1" 200 176125 "-" "Mozilla/5.0 (compatible; SeznamBot/3.2; +http://napoveda.seznam.cz/en/seznambot-intro/)" "ysfine.com"
77.75.76.168 - - [17/Jan/2023:22:56:05 -0800] "GET /world/france/sartsq01.jpg HTTP/1.1" 200 103953 "-" "Mozilla/5.0 (compatible; SeznamBot/3.2; +http://napoveda.seznam.cz/en/seznambot-intro/)" "ysfine.com"
77.75.76.168 - - [17/Jan/2023:22:56:07 -0800] "GET /world/germany/muc010.jpg HTTP/1.1" 200 102531 "-" "Mozilla/5.0 (compatible; SeznamBot/3.2; +http://napoveda.seznam.cz/en/seznambot-intro/)" "ysfine.com"
77.75.76.168 - - [17/Jan/2023:22:56:08 -0800] "GET /world/brit/queensw04.jpg HTTP/1.1" 200 334591 "-" "Mozilla/5.0 (compatible; SeznamBot/3.2; +http://napoveda.seznam.cz/en/seznambot-intro/)" "ysfine.com"
77.75.76.168 - - [17/Jan/2023:22:56:12 -0800] "GET /world/brit/parlia16.jpg HTTP/1.1" 200 114687 "-" "Mozilla/5.0 (compatible; SeznamBot/3.2; +http://napoveda.seznam.cz/en/seznambot-intro/)" "ysfine.com"
77.75.76.168 - - [17/Jan/2023:22:56:14 -0800] "GET /world/russ/arbat13.jpg HTTP/1.1" 200 129530 "-" "Mozilla/5.0 (compatible; SeznamBot/3.2; +http://napoveda.seznam.cz/en/seznambot-intro/)" "ysfine.com"
77.75.76.168 - - [17/Jan/2023:22:56:16 -0800] "GET /maga/phys/schrod33.jpg HTTP/1.1" 200 107072 "-" "Mozilla/5.0 (compatible; SeznamBot/3.2; +http://napoveda.seznam.cz/en/seznambot-intro/)" "ysfine.com"
51.222.253.7 - - [17/Jan/2023:22:56:17 -0800] "GET /class54/class5470/total_data/sub_8109.htm HTTP/1.1" 200 3499 "-" "Mozilla/5.0 (compatible; AhrefsBot/7.0; +http://ahrefs.com/robot/)" "ysfine.com"
51.222.253.6 - - [17/Jan/2023:22:56:19 -0800] "GET /class54/class5470/total_data/refer_img/8-126_f.jpg HTTP/1.1" 200 40716 "-" "Mozilla/5.0 (compatible; AhrefsBot/7.0; +http://ahrefs.com/robot/)" "ysfine.com"
51.222.253.18 - - [17/Jan/2023:22:56:20 -0800] "GET /class54/class5470/total_data/refer_img/8-119_f.jpg HTTP/1.1" 200 37366 "-" "Mozilla/5.0 (compatible; AhrefsBot/7.0; +http://ahrefs.com/robot/)" "ysfine.com"
51.222.253.9 - - [17/Jan/2023:22:56:20 -0800] "GET /class54/class5470/total_data/refer_img/8-116_f.jpg HTTP/1.1" 200 39315 "-" "Mozilla/5.0 (compatible; AhrefsBot/7.0; +http://ahrefs.com/robot/)" "ysfine.com"
51.222.253.17 - - [17/Jan/2023:22:56:21 -0800] "GET /class54/class5470/total_data/refer_img/8-122_f.jpg HTTP/1.1" 200 37351 "-" "Mozilla/5.0 (compatible; AhrefsBot/7.0; +http://ahrefs.com/robot/)" "ysfine.com"
51.222.253.4 - - [17/Jan/2023:22:56:21 -0800] "GET /class54/class5470/total_data/refer_img/8-117_f.jpg HTTP/1.1" 200 36747 "-" "Mozilla/5.0 (compatible; AhrefsBot/7.0; +http://ahrefs.com/robot/)" "ysfine.com"
51.222.253.4 - - [17/Jan/2023:22:56:21 -0800] "GET /class54/class5470/total_data/refer_img/8-110_f.jpg HTTP/1.1" 200 37426 "-" "Mozilla/5.0 (compatible; AhrefsBot/7.0; +http://ahrefs.com/robot/)" "ysfine.com"
51.222.253.5 - - [17/Jan/2023:22:56:22 -0800] "GET /class54/class5470/total_data/refer_img/8-106_f.jpg HTTP/1.1" 200 42841 "-" "Mozilla/5.0 (compatible; AhrefsBot/7.0; +http://ahrefs.com/robot/)" "ysfine.com"
51.222.253.9 - - [17/Jan/2023:22:56:22 -0800] "GET /class54/class5470/total_data/refer_img/8-98_f.jpg HTTP/1.1" 200 38557 "-" "Mozilla/5.0 (compatible; AhrefsBot/7.0; +http://ahrefs.com/robot/)" "ysfine.com"
51.222.253.7 - - [17/Jan/2023:22:56:23 -0800] "GET /class54/class5470/total_data/refer_img/8-100_f.jpg HTTP/1.1" 200 44469 "-" "Mozilla/5.0 (compatible; AhrefsBot/7.0; +http://ahrefs.com/robot/)" "ysfine.com"
51.222.253.6 - - [17/Jan/2023:22:56:23 -0800] "GET /class54/class5470/total_data/refer_img/8-124_f.jpg HTTP/1.1" 200 30861 "-" "Mozilla/5.0 (compatible; AhrefsBot/7.0; +http://ahrefs.com/robot/)" "ysfine.com"
51.222.253.7 - - [17/Jan/2023:22:56:24 -0800] "GET /class54/class5470/total_data/refer_img/8-125_f.jpg HTTP/1.1" 200 29244 "-" "Mozilla/5.0 (compatible; AhrefsBot/7.0; +http://ahrefs.com/robot/)" "ysfine.com"
51.222.253.4 - - [17/Jan/2023:22:56:24 -0800] "GET /class54/class5470/total_data/refer_img/8-102_f.jpg HTTP/1.1" 200 45056 "-" "Mozilla/5.0 (compatible; AhrefsBot/7.0; +http://ahrefs.com/robot/)" "ysfine.com"
51.222.253.1 - - [17/Jan/2023:22:56:25 -0800] "GET /class54/class5470/total_data/refer_img/8-101_f.jpg HTTP/1.1" 200 44461 "-" "Mozilla/5.0 (compatible; AhrefsBot/7.0; +http://ahrefs.com/robot/)" "ysfine.com"
51.222.253.5 - - [17/Jan/2023:22:56:25 -0800] "GET /class54/class5470/total_data/refer_img/8-99_f.jpg HTTP/1.1" 200 39767 "-" "Mozilla/5.0 (compatible; AhrefsBot/7.0; +http://ahrefs.com/robot/)" "ysfine.com"
51.222.253.7 - - [17/Jan/2023:22:56:26 -0800] "GET /class54/class5470/total_data/refer_img/8-123_f.jpg HTTP/1.1" 200 29262 "-" "Mozilla/5.0 (compatible; AhrefsBot/7.0; +http://ahrefs.com/robot/)" "ysfine.com"
51.222.253.19 - - [17/Jan/2023:22:56:26 -0800] "GET /class54/class5470/total_data/refer_img/8-107_f.jpg HTTP/1.1" 200 47913 "-" "Mozilla/5.0 (compatible; AhrefsBot/7.0; +http://ahrefs.com/robot/)" "ysfine.com"
51.222.253.12 - - [17/Jan/2023:22:56:26 -0800] "GET /class54/class5470/total_data/refer_img/8-96_f.jpg HTTP/1.1" 200 48008 "-" "Mozilla/5.0 (compatible; AhrefsBot/7.0; +http://ahrefs.com/robot/)" "ysfine.com"
51.222.253.18 - - [17/Jan/2023:22:56:27 -0800] "GET /class54/class5470/total_data/refer_img/8-112_f.jpg HTTP/1.1" 200 32888 "-" "Mozilla/5.0 (compatible; AhrefsBot/7.0; +http://ahrefs.com/robot/)" "ysfine.com"
51.222.253.20 - - [17/Jan/2023:22:56:27 -0800] "GET /class54/class5470/total_data/refer_img/8-114_f.jpg HTTP/1.1" 200 30789 "-" "Mozilla/5.0 (compatible; AhrefsBot/7.0; +http://ahrefs.com/robot/)" "ysfine.com"
51.222.253.14 - - [17/Jan/2023:22:56:28 -0800] "GET /class54/class5470/total_data/refer_img/8-103_f.jpg HTTP/1.1" 200 35156 "-" "Mozilla/5.0 (compatible; AhrefsBot/7.0; +http://ahrefs.com/robot/)" "ysfine.com"
51.222.253.18 - - [17/Jan/2023:22:56:28 -0800] "GET /class54/class5470/total_data/refer_img/8-105_f.jpg HTTP/1.1" 200 56516 "-" "Mozilla/5.0 (compatible; AhrefsBot/7.0; +http://ahrefs.com/robot/)" "ysfine.com"
51.222.253.6 - - [17/Jan/2023:22:56:29 -0800] "GET /class54/class5470/total_data/refer_img/8-108_f.jpg HTTP/1.1" 200 42038 "-" "Mozilla/5.0 (compatible; AhrefsBot/7.0; +http://ahrefs.com/robot/)" "ysfine.com"
51.222.253.9 - - [17/Jan/2023:22:56:29 -0800] "GET /class54/class5470/total_data/refer_img/8-121_f.jpg HTTP/1.1" 200 39241 "-" "Mozilla/5.0 (compatible; AhrefsBot/7.0; +http://ahrefs.com/robot/)" "ysfine.com"
51.222.253.18 - - [17/Jan/2023:22:56:30 -0800] "GET /class54/class5470/total_data/photo_img/8-109.jpg HTTP/1.1" 200 214914 "-" "Mozilla/5.0 (compatible; AhrefsBot/7.0; +http://ahrefs.com/robot/)" "ysfine.com"
51.222.253.4 - - [17/Jan/2023:22:56:30 -0800] "GET /class54/class5470/total_data/refer_img/8-109_f.jpg HTTP/1.1" 200 30630 "-" "Mozilla/5.0 (compatible; AhrefsBot/7.0; +http://ahrefs.com/robot/)" "ysfine.com"
51.222.253.9 - - [17/Jan/2023:22:56:31 -0800] "GET /class54/class5470/total_data/refer_img/8-113_f.jpg HTTP/1.1" 200 38873 "-" "Mozilla/5.0 (compatible; AhrefsBot/7.0; +http://ahrefs.com/robot/)" "ysfine.com"
51.222.253.4 - - [17/Jan/2023:22:56:31 -0800] "GET /class54/class5470/total_data/refer_img/8-97_f.jpg HTTP/1.1" 200 50974 "-" "Mozilla/5.0 (compatible; AhrefsBot/7.0; +http://ahrefs.com/robot/)" "ysfine.com"
51.222.253.7 - - [17/Jan/2023:22:56:32 -0800] "GET /class54/class5470/total_data/refer_img/8-115_f.jpg HTTP/1.1" 200 67121 "-" "Mozilla/5.0 (compatible; AhrefsBot/7.0; +http://ahrefs.com/robot/)" "ysfine.com"
51.222.253.2 - - [17/Jan/2023:22:56:32 -0800] "GET /class54/class5470/total_data/refer_img/8-104_f.jpg HTTP/1.1" 200 45950 "-" "Mozilla/5.0 (compatible; AhrefsBot/7.0; +http://ahrefs.com/robot/)" "ysfine.com"
51.222.253.12 - - [17/Jan/2023:22:56:32 -0800] "GET /class54/class5470/total_data/img/sm04_off.gif HTTP/1.1" 200 529 "-" "Mozilla/5.0 (compatible; AhrefsBot/7.0; +http://ahrefs.com/robot/)" "ysfine.com"
51.222.253.13 - - [17/Jan/2023:22:56:33 -0800] "GET /class54/class5470/total_data/refer_img/8-118_f.jpg HTTP/1.1" 200 38918 "-" "Mozilla/5.0 (compatible; AhrefsBot/7.0; +http://ahrefs.com/robot/)" "ysfine.com"
51.222.253.5 - - [17/Jan/2023:22:56:33 -0800] "GET /class54/class5470/total_data/refer_img/8-111_f.jpg HTTP/1.1" 200 33083 "-" "Mozilla/5.0 (compatible; AhrefsBot/7.0; +http://ahrefs.com/robot/)" "ysfine.com"
102.117.15.226 - - [17/Jan/2023:22:56:42 -0800] "GET /world/brit/etonharrow.html HTTP/1.1" 200 4544 "https://www.google.mu/" "Mozilla/5.0 (iPhone; CPU iPhone OS 15_7_2 like Mac OS X) AppleWebKit/605.1.15 (KHTML, like Gecko) Version/15.6.4 Mobile/15E148 Safari/604.1" "ysfine.com"
102.117.15.226 - - [17/Jan/2023:22:56:43 -0800] "GET /world/brit/winston01b.jpg HTTP/1.1" 200 38436 "https://ysfine.com/world/brit/etonharrow.html" "Mozilla/5.0 (iPhone; CPU iPhone OS 15_7_2 like Mac OS X) AppleWebKit/605.1.15 (KHTML, like Gecko) Version/15.6.4 Mobile/15E148 Safari/604.1" "ysfine.com"
102.117.15.226 - - [17/Jan/2023:22:56:43 -0800] "GET /world/brit/nehru11b.jpg HTTP/1.1" 200 43052 "https://ysfine.com/world/brit/etonharrow.html" "Mozilla/5.0 (iPhone; CPU iPhone OS 15_7_2 like Mac OS X) AppleWebKit/605.1.15 (KHTML, like Gecko) Version/15.6.4 Mobile/15E148 Safari/604.1" "ysfine.com"
102.117.15.226 - - [17/Jan/2023:22:56:43 -0800] "GET /kobak/kwk11b.jpg HTTP/1.1" 200 46888 "https://ysfine.com/world/brit/etonharrow.html" "Mozilla/5.0 (iPhone; CPU iPhone OS 15_7_2 like Mac OS X) AppleWebKit/605.1.15 (KHTML, like Gecko) Version/15.6.4 Mobile/15E148 Safari/604.1" "ysfine.com"
102.117.15.226 - - [17/Jan/2023:22:56:44 -0800] "GET /world/brit/eton01b.jpg HTTP/1.1" 200 47771 "https://ysfine.com/world/brit/etonharrow.html" "Mozilla/5.0 (iPhone; CPU iPhone OS 15_7_2 like Mac OS X) AppleWebKit/605.1.15 (KHTML, like Gecko) Version/15.6.4 Mobile/15E148 Safari/604.1" "ysfine.com"
102.117.15.226 - - [17/Jan/2023:22:56:44 -0800] "GET /world/brit/eton02b.jpg HTTP/1.1" 200 39432 "https://ysfine.com/world/brit/etonharrow.html" "Mozilla/5.0 (iPhone; CPU iPhone OS 15_7_2 like Mac OS X) AppleWebKit/605.1.15 (KHTML, like Gecko) Version/15.6.4 Mobile/15E148 Safari/604.1" "ysfine.com"
102.117.15.226 - - [17/Jan/2023:22:56:44 -0800] "GET /world/brit/eton07b.jpg HTTP/1.1" 200 36566 "https://ysfine.com/world/brit/etonharrow.html" "Mozilla/5.0 (iPhone; CPU iPhone OS 15_7_2 like Mac OS X) AppleWebKit/605.1.15 (KHTML, like Gecko) Version/15.6.4 Mobile/15E148 Safari/604.1" "ysfine.com"
102.117.15.226 - - [17/Jan/2023:22:56:44 -0800] "GET /kobak/taylor33c.jpg HTTP/1.1" 200 39951 "https://ysfine.com/world/brit/etonharrow.html" "Mozilla/5.0 (iPhone; CPU iPhone OS 15_7_2 like Mac OS X) AppleWebKit/605.1.15 (KHTML, like Gecko) Version/15.6.4 Mobile/15E148 Safari/604.1" "ysfine.com"
102.117.15.226 - - [17/Jan/2023:22:56:44 -0800] "GET /eink/pwk19c.jpg HTTP/1.1" 200 57759 "https://ysfine.com/world/brit/etonharrow.html" "Mozilla/5.0 (iPhone; CPU iPhone OS 15_7_2 like Mac OS X) AppleWebKit/605.1.15 (KHTML, like Gecko) Version/15.6.4 Mobile/15E148 Safari/604.1" "ysfine.com"
102.117.15.226 - - [17/Jan/2023:22:56:44 -0800] "GET /world/brit/harrow11b.jpg HTTP/1.1" 200 42533 "https://ysfine.com/world/brit/etonharrow.html" "Mozilla/5.0 (iPhone; CPU iPhone OS 15_7_2 like Mac OS X) AppleWebKit/605.1.15 (KHTML, like Gecko) Version/15.6.4 Mobile/15E148 Safari/604.1" "ysfine.com"
102.117.15.226 - - [17/Jan/2023:22:56:44 -0800] "GET /world/brit/eton03b.jpg HTTP/1.1" 200 45141 "https://ysfine.com/world/brit/etonharrow.html" "Mozilla/5.0 (iPhone; CPU iPhone OS 15_7_2 like Mac OS X) AppleWebKit/605.1.15 (KHTML, like Gecko) Version/15.6.4 Mobile/15E148 Safari/604.1" "ysfine.com"
102.117.15.226 - - [17/Jan/2023:22:56:44 -0800] "GET /world/brit/harrow01b.jpg HTTP/1.1" 200 54632 "https://ysfine.com/world/brit/etonharrow.html" "Mozilla/5.0 (iPhone; CPU iPhone OS 15_7_2 like Mac OS X) AppleWebKit/605.1.15 (KHTML, like Gecko) Version/15.6.4 Mobile/15E148 Safari/604.1" "ysfine.com"
102.117.15.226 - - [17/Jan/2023:22:56:44 -0800] "GET /world/brit/harrow09b.jpg HTTP/1.1" 200 48797 "https://ysfine.com/world/brit/etonharrow.html" "Mozilla/5.0 (iPhone; CPU iPhone OS 15_7_2 like Mac OS X) AppleWebKit/605.1.15 (KHTML, like Gecko) Version/15.6.4 Mobile/15E148 Safari/604.1" "ysfine.com"
102.117.15.226 - - [17/Jan/2023:22:56:44 -0800] "GET /world/brit/windsor02b.jpg HTTP/1.1" 200 40724 "https://ysfine.com/world/brit/etonharrow.html" "Mozilla/5.0 (iPhone; CPU iPhone OS 15_7_2 like Mac OS X) AppleWebKit/605.1.15 (KHTML, like Gecko) Version/15.6.4 Mobile/15E148 Safari/604.1" "ysfine.com"
102.117.15.226 - - [17/Jan/2023:22:56:44 -0800] "GET /world/brit/harrow04b.jpg HTTP/1.1" 200 48004 "https://ysfine.com/world/brit/etonharrow.html" "Mozilla/5.0 (iPhone; CPU iPhone OS 15_7_2 like Mac OS X) AppleWebKit/605.1.15 (KHTML, like Gecko) Version/15.6.4 Mobile/15E148 Safari/604.1" "ysfine.com"
102.117.15.226 - - [17/Jan/2023:22:56:44 -0800] "GET /world/brit/harrow12b.jpg HTTP/1.1" 200 45104 "https://ysfine.com/world/brit/etonharrow.html" "Mozilla/5.0 (iPhone; CPU iPhone OS 15_7_2 like Mac OS X) AppleWebKit/605.1.15 (KHTML, like Gecko) Version/15.6.4 Mobile/15E148 Safari/604.1" "ysfine.com"
157.55.39.72 - - [17/Jan/2023:22:56:45 -0800] "GET /bio/kobak/soraech.html HTTP/1.1" 404 88 "-" "Mozilla/5.0 (compatible; bingbot/2.0; +http://www.bing.com/bingbot.htm)" "ysfine.com"
102.117.15.226 - - [17/Jan/2023:22:56:48 -0800] "GET /favicon.ico HTTP/1.1" 404 88 "https://ysfine.com/world/brit/etonharrow.html" "Mozilla/5.0 (iPhone; CPU iPhone OS 15_7_2 like Mac OS X) AppleWebKit/605.1.15 (KHTML, like Gecko) Version/15.6.4 Mobile/15E148 Safari/604.1" "ysfine.com"
40.77.167.80 - - [17/Jan/2023:22:57:28 -0800] "GET /world/leipzig.html HTTP/1.1" 304 - "-" "Mozilla/5.0 AppleWebKit/537.36 (KHTML, like Gecko; compatible; bingbot/2.0; +http://www.bing.com/bingbot.htm) Chrome/103.0.5060.134 Safari/537.36" "www.ysfine.com"
51.222.253.10 - - [17/Jan/2023:22:58:19 -0800] "GET /class54/class5470/total_data/sub_8110.htm HTTP/1.1" 200 3499 "-" "Mozilla/5.0 (compatible; AhrefsBot/7.0; +http://ahrefs.com/robot/)" "ysfine.com"
87.250.224.29 - - [17/Jan/2023:22:59:25 -0800] "GET /robots.txt HTTP/1.1" 404 73 "-" "Mozilla/5.0 (compatible; YandexBot/3.0; +http://yandex.com/bots)" "ysfine.com"
87.250.224.29 - - [17/Jan/2023:22:59:28 -0800] "GET /philo/kanthegel02.jpg HTTP/1.1" 200 179144 "-" "Mozilla/5.0 (compatible; YandexImages/3.0; +http://yandex.com/bots)" "ysfine.com"
40.77.167.13 - - [17/Jan/2023:22:59:41 -0800] "GET /bio/princeton/campus.html HTTP/1.1" 404 88 "-" "Mozilla/5.0 AppleWebKit/537.36 (KHTML, like Gecko; compatible; bingbot/2.0; +http://www.bing.com/bingbot.htm) Chrome/103.0.5060.134 Safari/537.36" "ysfine.com"
66.249.66.54 - - [17/Jan/2023:23:00:14 -0800] "GET /kowar/tanks/m01b.jpg HTTP/1.1" 304 - "-" "Googlebot-Image/1.0" "ysfine.com"
51.222.253.3 - - [17/Jan/2023:23:00:29 -0800] "GET /class54/class5470/total_data/sub_8126.htm HTTP/1.1" 200 3489 "-" "Mozilla/5.0 (compatible; AhrefsBot/7.0; +http://ahrefs.com/robot/)" "ysfine.com"
40.77.167.10 - - [17/Jan/2023:23:00:31 -0800] "GET /bio/style/proschanie.html HTTP/1.1" 404 88 "-" "Mozilla/5.0 AppleWebKit/537.36 (KHTML, like Gecko; compatible; bingbot/2.0; +http://www.bing.com/bingbot.htm) Chrome/103.0.5060.134 Safari/537.36" "ysfine.com"
185.191.171.7 - - [17/Jan/2023:23:01:34 -0800] "GET /einstein/wallis.html HTTP/1.1" 200 5621 "-" "Mozilla/5.0 (compatible; SemrushBot/7~bl; +http://www.semrush.com/bot.html)" "www.ysfine.com"
66.249.66.56 - - [17/Jan/2023:23:02:21 -0800] "GET /dirac/jablo62b.jpg HTTP/1.1" 200 42817 "-" "Googlebot-Image/1.0" "ysfine.com"
185.191.171.21 - - [17/Jan/2023:23:02:27 -0800] "GET /maga/hosc.html HTTP/1.1" 200 1463 "-" "Mozilla/5.0 (compatible; SemrushBot/7~bl; +http://www.semrush.com/bot.html)" "www.ysfine.com"
51.222.253.1 - - [17/Jan/2023:23:02:55 -0800] "GET /wdc/eindc.html HTTP/1.1" 200 923 "-" "Mozilla/5.0 (compatible; AhrefsBot/7.0; +http://ahrefs.com/robot/)" "ysfine.com"
51.222.253.8 - - [17/Jan/2023:23:02:56 -0800] "GET /einstein/eindcmap2.jpg HTTP/1.1" 200 54434 "-" "Mozilla/5.0 (compatible; AhrefsBot/7.0; +http://ahrefs.com/robot/)" "ysfine.com"
185.191.171.8 - - [17/Jan/2023:23:03:31 -0800] "GET /world/wdrigh.html HTTP/1.1" 200 2215 "-" "Mozilla/5.0 (compatible; SemrushBot/7~bl; +http://www.semrush.com/bot.html)" "www.ysfine.com"
50.5.16.137 - - [17/Jan/2023:23:04:05 -0800] "GET /wdc/usna14.jpg HTTP/1.1" 200 98975 "https://www.google.com/" "Mozilla/5.0 (iPhone; CPU iPhone OS 16_0 like Mac OS X) AppleWebKit/605.1.15 (KHTML, like Gecko) Version/16.0 Mobile/15E148 Safari/604.1" "ysfine.com"
66.249.66.56 - - [17/Jan/2023:23:04:25 -0800] "GET /kowar/tanks/rodeo.jpg HTTP/1.1" 304 - "-" "Googlebot-Image/1.0" "ysfine.com"
51.222.253.9 - - [17/Jan/2023:23:05:14 -0800] "GET /class54/class5470/total_data/sub_8111.htm HTTP/1.1" 200 3499 "-" "Mozilla/5.0 (compatible; AhrefsBot/7.0; +http://ahrefs.com/robot/)" "ysfine.com"
185.191.171.41 - - [17/Jan/2023:23:05:32 -0800] "GET /dirac/diracsq.html HTTP/1.1" 200 4447 "-" "Mozilla/5.0 (compatible; SemrushBot/7~bl; +http://www.semrush.com/bot.html)" "www.ysfine.com"
220.181.108.119 - - [17/Jan/2023:23:05:34 -0800] "GET /maga/phys/naimar/pewk15.pdf HTTP/1.1" 304 - "-" "Mozilla/5.0 (compatible; Baiduspider/2.0; +http://www.baidu.com/search/spider.html)" "ysfine.com"
116.179.33.71 - - [17/Jan/2023:23:05:35 -0800] "GET /robots.txt HTTP/1.1" 404 88 "-" "Mozilla/5.0 (Windows NT 10.0; WOW64) AppleWebKit/537.36 (KHTML, like Gecko) Chrome/48.0.2564.116 Safari/537.36" "ysfine.com"
116.179.33.75 - - [17/Jan/2023:23:05:36 -0800] "GET /robots.txt HTTP/1.1" 404 88 "-" "Mozilla/5.0 (Windows NT 10.0; WOW64) AppleWebKit/537.36 (KHTML, like Gecko) Chrome/48.0.2564.116 Safari/537.36" "ysfine.com"
5.255.253.116 - - [17/Jan/2023:23:06:10 -0800] "GET /world/london.html HTTP/1.1" 200 16969 "-" "Mozilla/5.0 (compatible; YandexBot/3.0; +http://yandex.com/bots) AppleWebKit/537.36 (KHTML, like Gecko) Chrome/81.0.4044.268" "www.ysfine.com"
185.191.171.42 - - [17/Jan/2023:23:06:22 -0800] "GET /home/dwf.html HTTP/1.1" 200 4126 "-" "Mozilla/5.0 (compatible; SemrushBot/7~bl; +http://www.semrush.com/bot.html)" "ysfine.com"
112.175.151.110 - - [17/Jan/2023:23:07:16 -0800] "GET /world/russ/novik44.jpg HTTP/1.1" 200 182168 "-" "python-requests/2.27.1" "ysfine.com"
51.222.253.4 - - [17/Jan/2023:23:07:19 -0800] "GET /home/genea.html HTTP/1.1" 200 2872 "-" "Mozilla/5.0 (compatible; AhrefsBot/7.0; +http://ahrefs.com/robot/)" "ysfine.com"
185.191.171.39 - - [17/Jan/2023:23:07:20 -0800] "GET /sbk/1950.html HTTP/1.1" 200 5522 "-" "Mozilla/5.0 (compatible; SemrushBot/7~bl; +http://www.semrush.com/bot.html)" "ysfine.com"
51.222.253.10 - - [17/Jan/2023:23:07:20 -0800] "GET /home/einbohr21f.jpg HTTP/1.1" 200 63190 "-" "Mozilla/5.0 (compatible; AhrefsBot/7.0; +http://ahrefs.com/robot/)" "ysfine.com"
51.222.253.13 - - [17/Jan/2023:23:07:22 -0800] "GET /home/fotos/taylor500.jpg HTTP/1.1" 200 79197 "-" "Mozilla/5.0 (compatible; AhrefsBot/7.0; +http://ahrefs.com/robot/)" "ysfine.com"
51.222.253.17 - - [17/Jan/2023:23:07:23 -0800] "GET /home/further22f.jpg HTTP/1.1" 200 99099 "-" "Mozilla/5.0 (compatible; AhrefsBot/7.0; +http://ahrefs.com/robot/)" "ysfine.com"
71.178.208.102 - - [17/Jan/2023:23:07:37 -0800] "GET /bio09.html HTTP/1.1" 200 12301 "-" "Mozilla/5.0 (Windows NT 10.0; Win64; x64) AppleWebKit/537.36 (KHTML, like Gecko) Chrome/108.0.5359.125 Safari/537.36" "ysfine.com"
71.178.208.102 - - [17/Jan/2023:23:07:37 -0800] "GET /home/ewk86f.jpg HTTP/1.1" 304 - "https://ysfine.com/bio09.html" "Mozilla/5.0 (Windows NT 10.0; Win64; x64) AppleWebKit/537.36 (KHTML, like Gecko) Chrome/108.0.5359.125 Safari/537.36" "ysfine.com"
71.178.208.102 - - [17/Jan/2023:23:07:37 -0800] "GET /wigner/wigner62c.jpg HTTP/1.1" 200 41729 "https://ysfine.com/bio09.html" "Mozilla/5.0 (Windows NT 10.0; Win64; x64) AppleWebKit/537.36 (KHTML, like Gecko) Chrome/108.0.5359.125 Safari/537.36" "ysfine.com"
71.178.208.102 - - [17/Jan/2023:23:07:37 -0800] "GET /princeton/einpm22d.jpg HTTP/1.1" 200 65372 "https://ysfine.com/bio09.html" "Mozilla/5.0 (Windows NT 10.0; Win64; x64) AppleWebKit/537.36 (KHTML, like Gecko) Chrome/108.0.5359.125 Safari/537.36" "ysfine.com"
40.77.167.17 - - [17/Jan/2023:23:08:17 -0800] "GET /bio/kobak/namdae.html HTTP/1.1" 404 88 "-" "Mozilla/5.0 AppleWebKit/537.36 (KHTML, like Gecko; compatible; bingbot/2.0; +http://www.bing.com/bingbot.htm) Chrome/103.0.5060.134 Safari/537.36" "ysfine.com"
66.249.66.56 - - [17/Jan/2023:23:08:25 -0800] "GET /kowar/tanks/sherman45.jpg HTTP/1.1" 304 - "-" "Googlebot-Image/1.0" "ysfine.com"
96.230.127.238 - - [17/Jan/2023:23:08:49 -0800] "GET /princeton/withers01.jpg HTTP/1.1" 200 113946 "https://www.google.com/" "Mozilla/5.0 (Macintosh; Intel Mac OS X 10_15_7) AppleWebKit/605.1.15 (KHTML, like Gecko) Version/15.4 Safari/605.1.15" "ysfine.com"
51.222.253.15 - - [17/Jan/2023:23:09:18 -0800] "GET /class54/class5470/total_data/sub_8112.htm HTTP/1.1" 200 3499 "-" "Mozilla/5.0 (compatible; AhrefsBot/7.0; +http://ahrefs.com/robot/)" "ysfine.com"
96.230.127.238 - - [17/Jan/2023:23:09:25 -0800] "GET /princeton/nasshall01.jpg HTTP/1.1" 200 169242 "https://www.google.com/" "Mozilla/5.0 (Macintosh; Intel Mac OS X 10_15_7) AppleWebKit/605.1.15 (KHTML, like Gecko) Version/15.4 Safari/605.1.15" "ysfine.com"
96.230.127.238 - - [17/Jan/2023:23:09:48 -0800] "GET /princeton/nasshall03.jpg HTTP/1.1" 200 147463 "https://www.google.com/" "Mozilla/5.0 (Macintosh; Intel Mac OS X 10_15_7) AppleWebKit/605.1.15 (KHTML, like Gecko) Version/15.4 Safari/605.1.15" "ysfine.com"
40.77.167.10 - - [17/Jan/2023:23:10:02 -0800] "GET /world/baltic/rigaeisen01.jpg HTTP/1.1" 200 115668 "-" "Mozilla/5.0 (compatible; bingbot/2.0; +http://www.bing.com/bingbot.htm)" "www.ysfine.com"
40.77.167.17 - - [17/Jan/2023:23:10:08 -0800] "GET /bio/einstein/bern.html HTTP/1.1" 404 88 "-" "Mozilla/5.0 AppleWebKit/537.36 (KHTML, like Gecko; compatible; bingbot/2.0; +http://www.bing.com/bingbot.htm) Chrome/103.0.5060.134 Safari/537.36" "ysfine.com"
96.230.127.238 - - [17/Jan/2023:23:10:17 -0800] "GET /princeton/alexan11.jpg HTTP/1.1" 200 118946 "https://www.google.com/" "Mozilla/5.0 (Macintosh; Intel Mac OS X 10_15_7) AppleWebKit/605.1.15 (KHTML, like Gecko) Version/15.4 Safari/605.1.15" "ysfine.com"
51.222.253.7 - - [17/Jan/2023:23:11:21 -0800] "GET /philo/helena.html HTTP/1.1" 200 6350 "-" "Mozilla/5.0 (compatible; AhrefsBot/7.0; +http://ahrefs.com/robot/)" "www.ysfine.com"
51.222.253.9 - - [17/Jan/2023:23:11:23 -0800] "GET /philo/e=mc22c.jpg HTTP/1.1" 200 33348 "-" "Mozilla/5.0 (compatible; AhrefsBot/7.0; +http://ahrefs.com/robot/)" "www.ysfine.com"
51.222.253.8 - - [17/Jan/2023:23:11:24 -0800] "GET /world/germany/trier41c.jpg HTTP/1.1" 200 32324 "-" "Mozilla/5.0 (compatible; AhrefsBot/7.0; +http://ahrefs.com/robot/)" "www.ysfine.com"
51.222.253.6 - - [17/Jan/2023:23:11:24 -0800] "GET /philo/einbohr11c.jpg HTTP/1.1" 200 39253 "-" "Mozilla/5.0 (compatible; AhrefsBot/7.0; +http://ahrefs.com/robot/)" "www.ysfine.com"
51.222.253.19 - - [17/Jan/2023:23:11:24 -0800] "GET /philo/marx05c.jpg HTTP/1.1" 200 25613 "-" "Mozilla/5.0 (compatible; AhrefsBot/7.0; +http://ahrefs.com/robot/)" "www.ysfine.com"
51.222.253.6 - - [17/Jan/2023:23:11:25 -0800] "GET /philo/pontdg10c.jpg HTTP/1.1" 200 48696 "-" "Mozilla/5.0 (compatible; AhrefsBot/7.0; +http://ahrefs.com/robot/)" "www.ysfine.com"
51.222.253.18 - - [17/Jan/2023:23:11:25 -0800] "GET /philo/dirwig11c.jpg HTTP/1.1" 200 32397 "-" "Mozilla/5.0 (compatible; AhrefsBot/7.0; +http://ahrefs.com/robot/)" "www.ysfine.com"
51.222.253.11 - - [17/Jan/2023:23:11:25 -0800] "GET /philo/e=mc11c.jpg HTTP/1.1" 200 23225 "-" "Mozilla/5.0 (compatible; AhrefsBot/7.0; +http://ahrefs.com/robot/)" "www.ysfine.com"
51.222.253.18 - - [17/Jan/2023:23:11:26 -0800] "GET /philo/truck22/truck16a.jpg HTTP/1.1" 200 69344 "-" "Mozilla/5.0 (compatible; AhrefsBot/7.0; +http://ahrefs.com/robot/)" "www.ysfine.com"
51.222.253.10 - - [17/Jan/2023:23:11:26 -0800] "GET /philo/einbohr66a.jpg HTTP/1.1" 200 93794 "-" "Mozilla/5.0 (compatible; AhrefsBot/7.0; +http://ahrefs.com/robot/)" "www.ysfine.com"
51.222.253.6 - - [17/Jan/2023:23:11:27 -0800] "GET /eink/emc22c.jpg HTTP/1.1" 200 32175 "-" "Mozilla/5.0 (compatible; AhrefsBot/7.0; +http://ahrefs.com/robot/)" "www.ysfine.com"
51.222.253.6 - - [17/Jan/2023:23:11:27 -0800] "GET /world/germany/trier24c.jpg HTTP/1.1" 200 38907 "-" "Mozilla/5.0 (compatible; AhrefsBot/7.0; +http://ahrefs.com/robot/)" "www.ysfine.com"
51.222.253.17 - - [17/Jan/2023:23:11:28 -0800] "GET /philo/marx35a.jpg HTTP/1.1" 200 81298 "-" "Mozilla/5.0 (compatible; AhrefsBot/7.0; +http://ahrefs.com/robot/)" "www.ysfine.com"
51.222.253.11 - - [17/Jan/2023:23:11:28 -0800] "GET /world/germany/trier22c.jpg HTTP/1.1" 200 35582 "-" "Mozilla/5.0 (compatible; AhrefsBot/7.0; +http://ahrefs.com/robot/)" "www.ysfine.com"
51.222.253.13 - - [17/Jan/2023:23:11:30 -0800] "GET /world/germany/trier04c.jpg HTTP/1.1" 200 38856 "-" "Mozilla/5.0 (compatible; AhrefsBot/7.0; +http://ahrefs.com/robot/)" "www.ysfine.com"
51.222.253.4 - - [17/Jan/2023:23:11:31 -0800] "GET /philo/tank66a.jpg HTTP/1.1" 200 87358 "-" "Mozilla/5.0 (compatible; AhrefsBot/7.0; +http://ahrefs.com/robot/)" "www.ysfine.com"
51.222.253.2 - - [17/Jan/2023:23:11:32 -0800] "GET /world/germany/trier19c.jpg HTTP/1.1" 200 35455 "-" "Mozilla/5.0 (compatible; AhrefsBot/7.0; +http://ahrefs.com/robot/)" "www.ysfine.com"
51.222.253.7 - - [17/Jan/2023:23:11:32 -0800] "GET /philo/marxber22a.jpg HTTP/1.1" 200 79732 "-" "Mozilla/5.0 (compatible; AhrefsBot/7.0; +http://ahrefs.com/robot/)" "www.ysfine.com"
51.222.253.19 - - [17/Jan/2023:23:11:33 -0800] "GET /world/germany/trier17c.jpg HTTP/1.1" 200 37933 "-" "Mozilla/5.0 (compatible; AhrefsBot/7.0; +http://ahrefs.com/robot/)" "www.ysfine.com"
