71.178.208.102 - - [10/Nov/2022:02:17:58 -0800] "GET /princeton/firestone11b.jpg HTTP/1.1" 200 54060 "https://ysfine.com/princeton/campus.html" "Mozilla/5.0 (Windows NT 10.0; Win64; x64; rv:106.0) Gecko/20100101 Firefox/106.0" "ysfine.com"
71.178.208.102 - - [10/Nov/2022:02:17:58 -0800] "GET /princeton/sabat11b.jpg HTTP/1.1" 200 56760 "https://ysfine.com/princeton/campus.html" "Mozilla/5.0 (Windows NT 10.0; Win64; x64; rv:106.0) Gecko/20100101 Firefox/106.0" "ysfine.com"
71.178.208.102 - - [10/Nov/2022:02:17:58 -0800] "GET /princeton/nassinf03b.jpg HTTP/1.1" 200 33593 "https://ysfine.com/princeton/campus.html" "Mozilla/5.0 (Windows NT 10.0; Win64; x64; rv:106.0) Gecko/20100101 Firefox/106.0" "ysfine.com"
71.178.208.102 - - [10/Nov/2022:02:17:58 -0800] "GET /princeton/blair11b.jpg HTTP/1.1" 200 46260 "https://ysfine.com/princeton/campus.html" "Mozilla/5.0 (Windows NT 10.0; Win64; x64; rv:106.0) Gecko/20100101 Firefox/106.0" "ysfine.com"
71.178.208.102 - - [10/Nov/2022:02:17:58 -0800] "GET /princeton/pstadium22b.jpg HTTP/1.1" 200 40166 "https://ysfine.com/princeton/campus.html" "Mozilla/5.0 (Windows NT 10.0; Win64; x64; rv:106.0) Gecko/20100101 Firefox/106.0" "ysfine.com"
71.178.208.102 - - [10/Nov/2022:02:17:58 -0800] "GET /princeton/ustore33b.jpg HTTP/1.1" 200 54240 "https://ysfine.com/princeton/campus.html" "Mozilla/5.0 (Windows NT 10.0; Win64; x64; rv:106.0) Gecko/20100101 Firefox/106.0" "ysfine.com"
71.178.208.102 - - [10/Nov/2022:02:17:58 -0800] "GET /princeton/wilson01b.jpg HTTP/1.1" 200 39141 "https://ysfine.com/princeton/campus.html" "Mozilla/5.0 (Windows NT 10.0; Win64; x64; rv:106.0) Gecko/20100101 Firefox/106.0" "ysfine.com"
71.178.208.102 - - [10/Nov/2022:02:17:58 -0800] "GET /princeton/hyatt33b.jpg HTTP/1.1" 200 34135 "https://ysfine.com/princeton/campus.html" "Mozilla/5.0 (Windows NT 10.0; Win64; x64; rv:106.0) Gecko/20100101 Firefox/106.0" "ysfine.com"
71.178.208.102 - - [10/Nov/2022:02:17:58 -0800] "GET /princeton/mediter22b.jpg HTTP/1.1" 200 34241 "https://ysfine.com/princeton/campus.html" "Mozilla/5.0 (Windows NT 10.0; Win64; x64; rv:106.0) Gecko/20100101 Firefox/106.0" "ysfine.com"
71.178.208.102 - - [10/Nov/2022:02:17:58 -0800] "GET /princeton/hamilton11b.jpg HTTP/1.1" 200 55404 "https://ysfine.com/princeton/campus.html" "Mozilla/5.0 (Windows NT 10.0; Win64; x64; rv:106.0) Gecko/20100101 Firefox/106.0" "ysfine.com"
71.178.208.102 - - [10/Nov/2022:02:17:58 -0800] "GET /einstein/eincurie11b.jpg HTTP/1.1" 200 42944 "https://ysfine.com/princeton/campus.html" "Mozilla/5.0 (Windows NT 10.0; Win64; x64; rv:106.0) Gecko/20100101 Firefox/106.0" "ysfine.com"
71.178.208.102 - - [10/Nov/2022:02:17:58 -0800] "GET /princeton/nassin08b.jpg HTTP/1.1" 200 55747 "https://ysfine.com/princeton/campus.html" "Mozilla/5.0 (Windows NT 10.0; Win64; x64; rv:106.0) Gecko/20100101 Firefox/106.0" "ysfine.com"
71.178.208.102 - - [10/Nov/2022:02:17:58 -0800] "GET /princeton/nassinf01b.jpg HTTP/1.1" 200 45562 "https://ysfine.com/princeton/campus.html" "Mozilla/5.0 (Windows NT 10.0; Win64; x64; rv:106.0) Gecko/20100101 Firefox/106.0" "ysfine.com"
71.178.208.102 - - [10/Nov/2022:02:17:58 -0800] "GET /princeton/annex11b.jpg HTTP/1.1" 200 39639 "https://ysfine.com/princeton/campus.html" "Mozilla/5.0 (Windows NT 10.0; Win64; x64; rv:106.0) Gecko/20100101 Firefox/106.0" "ysfine.com"
71.178.208.102 - - [10/Nov/2022:02:17:58 -0800] "GET /princeton/palmerlab11b.jpg HTTP/1.1" 200 40956 "https://ysfine.com/princeton/campus.html" "Mozilla/5.0 (Windows NT 10.0; Win64; x64; rv:106.0) Gecko/20100101 Firefox/106.0" "ysfine.com"
71.178.208.102 - - [10/Nov/2022:02:17:58 -0800] "GET /princeton/nassin05b.jpg HTTP/1.1" 200 45166 "https://ysfine.com/princeton/campus.html" "Mozilla/5.0 (Windows NT 10.0; Win64; x64; rv:106.0) Gecko/20100101 Firefox/106.0" "ysfine.com"
71.178.208.102 - - [10/Nov/2022:02:17:58 -0800] "GET /princeton/brownh11b.jpg HTTP/1.1" 200 52347 "https://ysfine.com/princeton/campus.html" "Mozilla/5.0 (Windows NT 10.0; Win64; x64; rv:106.0) Gecko/20100101 Firefox/106.0" "ysfine.com"
71.178.208.102 - - [10/Nov/2022:02:17:58 -0800] "GET /princeton/pgarden11b.jpg HTTP/1.1" 200 46683 "https://ysfine.com/princeton/campus.html" "Mozilla/5.0 (Windows NT 10.0; Win64; x64; rv:106.0) Gecko/20100101 Firefox/106.0" "ysfine.com"
71.178.208.102 - - [10/Nov/2022:02:17:58 -0800] "GET /princeton/nordisk11b.jpg HTTP/1.1" 200 30945 "https://ysfine.com/princeton/campus.html" "Mozilla/5.0 (Windows NT 10.0; Win64; x64; rv:106.0) Gecko/20100101 Firefox/106.0" "ysfine.com"
71.178.208.102 - - [10/Nov/2022:02:17:58 -0800] "GET /einstein/eins47b.jpg HTTP/1.1" 200 48772 "https://ysfine.com/princeton/campus.html" "Mozilla/5.0 (Windows NT 10.0; Win64; x64; rv:106.0) Gecko/20100101 Firefox/106.0" "ysfine.com"
71.178.208.102 - - [10/Nov/2022:02:17:58 -0800] "GET /princeton/econ11b.jpg HTTP/1.1" 200 37872 "https://ysfine.com/princeton/campus.html" "Mozilla/5.0 (Windows NT 10.0; Win64; x64; rv:106.0) Gecko/20100101 Firefox/106.0" "ysfine.com"
71.178.208.102 - - [10/Nov/2022:02:17:58 -0800] "GET /princeton/forrestalmap2.jpg HTTP/1.1" 200 54761 "https://ysfine.com/princeton/campus.html" "Mozilla/5.0 (Windows NT 10.0; Win64; x64; rv:106.0) Gecko/20100101 Firefox/106.0" "ysfine.com"
71.178.208.102 - - [10/Nov/2022:02:17:58 -0800] "GET /princeton/lahiere11b.jpg HTTP/1.1" 200 53024 "https://ysfine.com/princeton/campus.html" "Mozilla/5.0 (Windows NT 10.0; Win64; x64; rv:106.0) Gecko/20100101 Firefox/106.0" "ysfine.com"
71.178.208.102 - - [10/Nov/2022:02:17:58 -0800] "GET /princeton/orren11b.jpg HTTP/1.1" 200 32972 "https://ysfine.com/princeton/campus.html" "Mozilla/5.0 (Windows NT 10.0; Win64; x64; rv:106.0) Gecko/20100101 Firefox/106.0" "ysfine.com"
71.178.208.102 - - [10/Nov/2022:02:17:58 -0800] "GET /kobak/taylor33c.jpg HTTP/1.1" 200 39951 "https://ysfine.com/princeton/campus.html" "Mozilla/5.0 (Windows NT 10.0; Win64; x64; rv:106.0) Gecko/20100101 Firefox/106.0" "ysfine.com"
71.178.208.102 - - [10/Nov/2022:02:17:58 -0800] "GET /princeton/rheepr01b.jpg HTTP/1.1" 200 35236 "https://ysfine.com/princeton/campus.html" "Mozilla/5.0 (Windows NT 10.0; Win64; x64; rv:106.0) Gecko/20100101 Firefox/106.0" "ysfine.com"
71.178.208.102 - - [10/Nov/2022:02:17:58 -0800] "GET /princeton/gcollege05b.jpg HTTP/1.1" 200 49944 "https://ysfine.com/princeton/campus.html" "Mozilla/5.0 (Windows NT 10.0; Win64; x64; rv:106.0) Gecko/20100101 Firefox/106.0" "ysfine.com"
71.178.208.102 - - [10/Nov/2022:02:17:58 -0800] "GET /princeton/brooke66b.jpg HTTP/1.1" 200 44674 "https://ysfine.com/princeton/campus.html" "Mozilla/5.0 (Windows NT 10.0; Win64; x64; rv:106.0) Gecko/20100101 Firefox/106.0" "ysfine.com"
71.178.208.102 - - [10/Nov/2022:02:17:58 -0800] "GET /princeton/hyatt66b.jpg HTTP/1.1" 200 45208 "https://ysfine.com/princeton/campus.html" "Mozilla/5.0 (Windows NT 10.0; Win64; x64; rv:106.0) Gecko/20100101 Firefox/106.0" "ysfine.com"
71.178.208.102 - - [10/Nov/2022:02:17:58 -0800] "GET /princeton/palmersq11b.jpg HTTP/1.1" 200 36231 "https://ysfine.com/princeton/campus.html" "Mozilla/5.0 (Windows NT 10.0; Win64; x64; rv:106.0) Gecko/20100101 Firefox/106.0" "ysfine.com"
71.178.208.102 - - [10/Nov/2022:02:17:58 -0800] "GET /princeton/eng01b.jpg HTTP/1.1" 200 35847 "https://ysfine.com/princeton/campus.html" "Mozilla/5.0 (Windows NT 10.0; Win64; x64; rv:106.0) Gecko/20100101 Firefox/106.0" "ysfine.com"
71.178.208.102 - - [10/Nov/2022:02:17:58 -0800] "GET /princeton/nassinf32b.jpg HTTP/1.1" 200 40214 "https://ysfine.com/princeton/campus.html" "Mozilla/5.0 (Windows NT 10.0; Win64; x64; rv:106.0) Gecko/20100101 Firefox/106.0" "ysfine.com"
71.178.208.102 - - [10/Nov/2022:02:17:58 -0800] "GET /princeton/nassinf35b.jpg HTTP/1.1" 200 45853 "https://ysfine.com/princeton/campus.html" "Mozilla/5.0 (Windows NT 10.0; Win64; x64; rv:106.0) Gecko/20100101 Firefox/106.0" "ysfine.com"
71.178.208.102 - - [10/Nov/2022:02:17:58 -0800] "GET /princeton/pseminary11b.jpg HTTP/1.1" 200 53421 "https://ysfine.com/princeton/campus.html" "Mozilla/5.0 (Windows NT 10.0; Win64; x64; rv:106.0) Gecko/20100101 Firefox/106.0" "ysfine.com"
71.178.208.102 - - [10/Nov/2022:02:17:58 -0800] "GET /princeton/jj03b.jpg HTTP/1.1" 200 46731 "https://ysfine.com/princeton/campus.html" "Mozilla/5.0 (Windows NT 10.0; Win64; x64; rv:106.0) Gecko/20100101 Firefox/106.0" "ysfine.com"
71.178.208.102 - - [10/Nov/2022:02:17:58 -0800] "GET /world/russ/kazan035b.jpg HTTP/1.1" 200 41723 "https://ysfine.com/princeton/campus.html" "Mozilla/5.0 (Windows NT 10.0; Win64; x64; rv:106.0) Gecko/20100101 Firefox/106.0" "ysfine.com"
71.178.208.102 - - [10/Nov/2022:02:17:58 -0800] "GET /maga/invent/sarnoffco11b.jpg HTTP/1.1" 200 31031 "https://ysfine.com/princeton/campus.html" "Mozilla/5.0 (Windows NT 10.0; Win64; x64; rv:106.0) Gecko/20100101 Firefox/106.0" "ysfine.com"
71.178.208.102 - - [10/Nov/2022:02:18:01 -0800] "GET /princeton/prade.html HTTP/1.1" 200 9863 "https://ysfine.com/princeton/pleft.html" "Mozilla/5.0 (Windows NT 10.0; Win64; x64; rv:106.0) Gecko/20100101 Firefox/106.0" "ysfine.com"
71.178.208.102 - - [10/Nov/2022:02:18:01 -0800] "GET /princeton/stevenson11b.jpg HTTP/1.1" 200 42759 "https://ysfine.com/princeton/prade.html" "Mozilla/5.0 (Windows NT 10.0; Win64; x64; rv:106.0) Gecko/20100101 Firefox/106.0" "ysfine.com"
71.178.208.102 - - [10/Nov/2022:02:18:01 -0800] "GET /princeton/puband05b.jpg HTTP/1.1" 200 46073 "https://ysfine.com/princeton/prade.html" "Mozilla/5.0 (Windows NT 10.0; Win64; x64; rv:106.0) Gecko/20100101 Firefox/106.0" "ysfine.com"
71.178.208.102 - - [10/Nov/2022:02:18:01 -0800] "GET /princeton/goheen11b.jpg HTTP/1.1" 200 41282 "https://ysfine.com/princeton/prade.html" "Mozilla/5.0 (Windows NT 10.0; Win64; x64; rv:106.0) Gecko/20100101 Firefox/106.0" "ysfine.com"
71.178.208.102 - - [10/Nov/2022:02:18:01 -0800] "GET /princeton/puband10b.jpg HTTP/1.1" 200 48482 "https://ysfine.com/princeton/prade.html" "Mozilla/5.0 (Windows NT 10.0; Win64; x64; rv:106.0) Gecko/20100101 Firefox/106.0" "ysfine.com"
71.178.208.102 - - [10/Nov/2022:02:18:01 -0800] "GET /princeton/eisenhower61b.jpg HTTP/1.1" 200 44675 "https://ysfine.com/princeton/prade.html" "Mozilla/5.0 (Windows NT 10.0; Win64; x64; rv:106.0) Gecko/20100101 Firefox/106.0" "ysfine.com"
71.178.208.102 - - [10/Nov/2022:02:18:01 -0800] "GET /princeton/billbo11b.jpg HTTP/1.1" 200 46283 "https://ysfine.com/princeton/prade.html" "Mozilla/5.0 (Windows NT 10.0; Win64; x64; rv:106.0) Gecko/20100101 Firefox/106.0" "ysfine.com"
71.178.208.102 - - [10/Nov/2022:02:18:01 -0800] "GET /princeton/horsewag2.jpg HTTP/1.1" 200 56236 "https://ysfine.com/princeton/prade.html" "Mozilla/5.0 (Windows NT 10.0; Win64; x64; rv:106.0) Gecko/20100101 Firefox/106.0" "ysfine.com"
71.178.208.102 - - [10/Nov/2022:02:18:01 -0800] "GET /beau/amkor/prgr02b.jpg HTTP/1.1" 404 88 "https://ysfine.com/princeton/prade.html" "Mozilla/5.0 (Windows NT 10.0; Win64; x64; rv:106.0) Gecko/20100101 Firefox/106.0" "ysfine.com"
71.178.208.102 - - [10/Nov/2022:02:18:01 -0800] "GET /feynman/feyprince2.jpg HTTP/1.1" 200 49143 "https://ysfine.com/princeton/prade.html" "Mozilla/5.0 (Windows NT 10.0; Win64; x64; rv:106.0) Gecko/20100101 Firefox/106.0" "ysfine.com"
71.178.208.102 - - [10/Nov/2022:02:18:01 -0800] "GET /princeton/brooke87b.jpg HTTP/1.1" 200 55274 "https://ysfine.com/princeton/prade.html" "Mozilla/5.0 (Windows NT 10.0; Win64; x64; rv:106.0) Gecko/20100101 Firefox/106.0" "ysfine.com"
71.178.208.102 - - [10/Nov/2022:02:18:01 -0800] "GET /princeton/dulles2.jpg HTTP/1.1" 200 49555 "https://ysfine.com/princeton/prade.html" "Mozilla/5.0 (Windows NT 10.0; Win64; x64; rv:106.0) Gecko/20100101 Firefox/106.0" "ysfine.com"
71.178.208.102 - - [10/Nov/2022:02:18:01 -0800] "GET /style/cameras/canonp66b.jpg HTTP/1.1" 200 30441 "https://ysfine.com/princeton/prade.html" "Mozilla/5.0 (Windows NT 10.0; Win64; x64; rv:106.0) Gecko/20100101 Firefox/106.0" "ysfine.com"
71.178.208.102 - - [10/Nov/2022:02:18:01 -0800] "GET /princeton/prford11b.jpg HTTP/1.1" 200 52307 "https://ysfine.com/princeton/prade.html" "Mozilla/5.0 (Windows NT 10.0; Win64; x64; rv:106.0) Gecko/20100101 Firefox/106.0" "ysfine.com"
71.178.208.102 - - [10/Nov/2022:02:18:01 -0800] "GET /princeton/bdinner11b.jpg HTTP/1.1" 200 50984 "https://ysfine.com/princeton/prade.html" "Mozilla/5.0 (Windows NT 10.0; Win64; x64; rv:106.0) Gecko/20100101 Firefox/106.0" "ysfine.com"
71.178.208.102 - - [10/Nov/2022:02:18:01 -0800] "GET /princeton/nightbefore2.jpg HTTP/1.1" 200 47729 "https://ysfine.com/princeton/prade.html" "Mozilla/5.0 (Windows NT 10.0; Win64; x64; rv:106.0) Gecko/20100101 Firefox/106.0" "ysfine.com"
71.178.208.102 - - [10/Nov/2022:02:18:01 -0800] "GET /usca/pitt/scotam2.jpg HTTP/1.1" 200 46187 "https://ysfine.com/princeton/prade.html" "Mozilla/5.0 (Windows NT 10.0; Win64; x64; rv:106.0) Gecko/20100101 Firefox/106.0" "ysfine.com"
71.178.208.102 - - [10/Nov/2022:02:18:01 -0800] "GET /kowar/tanks/sherman58b.jpg HTTP/1.1" 200 37300 "https://ysfine.com/princeton/prade.html" "Mozilla/5.0 (Windows NT 10.0; Win64; x64; rv:106.0) Gecko/20100101 Firefox/106.0" "ysfine.com"
71.178.208.102 - - [10/Nov/2022:02:18:01 -0800] "GET /princeton/governer11b.jpg HTTP/1.1" 200 44721 "https://ysfine.com/princeton/prade.html" "Mozilla/5.0 (Windows NT 10.0; Win64; x64; rv:106.0) Gecko/20100101 Firefox/106.0" "ysfine.com"
71.178.208.102 - - [10/Nov/2022:02:18:01 -0800] "GET /beau/amkor/prgr06b.jpg HTTP/1.1" 404 88 "https://ysfine.com/princeton/prade.html" "Mozilla/5.0 (Windows NT 10.0; Win64; x64; rv:106.0) Gecko/20100101 Firefox/106.0" "ysfine.com"
71.178.208.102 - - [10/Nov/2022:02:18:01 -0800] "GET /kobak/swr51b.jpg HTTP/1.1" 200 31277 "https://ysfine.com/princeton/prade.html" "Mozilla/5.0 (Windows NT 10.0; Win64; x64; rv:106.0) Gecko/20100101 Firefox/106.0" "ysfine.com"
71.178.208.102 - - [10/Nov/2022:02:18:01 -0800] "GET /princeton/78th2.jpg HTTP/1.1" 200 55224 "https://ysfine.com/princeton/prade.html" "Mozilla/5.0 (Windows NT 10.0; Win64; x64; rv:106.0) Gecko/20100101 Firefox/106.0" "ysfine.com"
71.178.208.102 - - [10/Nov/2022:02:18:01 -0800] "GET /kobak/rheetr2.jpg HTTP/1.1" 200 43503 "https://ysfine.com/princeton/prade.html" "Mozilla/5.0 (Windows NT 10.0; Win64; x64; rv:106.0) Gecko/20100101 Firefox/106.0" "ysfine.com"
71.178.208.102 - - [10/Nov/2022:02:18:01 -0800] "GET /princeton/class2007d.jpg HTTP/1.1" 200 52536 "https://ysfine.com/princeton/prade.html" "Mozilla/5.0 (Windows NT 10.0; Win64; x64; rv:106.0) Gecko/20100101 Firefox/106.0" "ysfine.com"
71.178.208.102 - - [10/Nov/2022:02:18:01 -0800] "GET /princeton/tilghman07b.jpg HTTP/1.1" 200 45925 "https://ysfine.com/princeton/prade.html" "Mozilla/5.0 (Windows NT 10.0; Win64; x64; rv:106.0) Gecko/20100101 Firefox/106.0" "ysfine.com"
71.178.208.102 - - [10/Nov/2022:02:18:01 -0800] "GET /princeton/elephant11b.jpg HTTP/1.1" 200 65393 "https://ysfine.com/princeton/prade.html" "Mozilla/5.0 (Windows NT 10.0; Win64; x64; rv:106.0) Gecko/20100101 Firefox/106.0" "ysfine.com"
71.178.208.102 - - [10/Nov/2022:02:18:01 -0800] "GET /kowar/tanks/tank05b.jpg HTTP/1.1" 200 48742 "https://ysfine.com/princeton/prade.html" "Mozilla/5.0 (Windows NT 10.0; Win64; x64; rv:106.0) Gecko/20100101 Firefox/106.0" "ysfine.com"
71.178.208.102 - - [10/Nov/2022:02:18:03 -0800] "GET /people/pimage.html HTTP/1.1" 200 7965 "https://ysfine.com/princeton/pleft.html" "Mozilla/5.0 (Windows NT 10.0; Win64; x64; rv:106.0) Gecko/20100101 Firefox/106.0" "ysfine.com"
71.178.208.102 - - [10/Nov/2022:02:18:03 -0800] "GET /princeton/nphd2.jpg HTTP/1.1" 200 42916 "https://ysfine.com/people/pimage.html" "Mozilla/5.0 (Windows NT 10.0; Win64; x64; rv:106.0) Gecko/20100101 Firefox/106.0" "ysfine.com"
71.178.208.102 - - [10/Nov/2022:02:18:03 -0800] "GET /people/sbtwein2.jpg HTTP/1.1" 200 30398 "https://ysfine.com/people/pimage.html" "Mozilla/5.0 (Windows NT 10.0; Win64; x64; rv:106.0) Gecko/20100101 Firefox/106.0" "ysfine.com"
71.178.208.102 - - [10/Nov/2022:02:18:03 -0800] "GET /einstein/eink24b.jpg HTTP/1.1" 200 42003 "https://ysfine.com/people/pimage.html" "Mozilla/5.0 (Windows NT 10.0; Win64; x64; rv:106.0) Gecko/20100101 Firefox/106.0" "ysfine.com"
71.178.208.102 - - [10/Nov/2022:02:18:03 -0800] "GET /wigner/neum/pvn05b.jpg HTTP/1.1" 200 45464 "https://ysfine.com/people/pimage.html" "Mozilla/5.0 (Windows NT 10.0; Win64; x64; rv:106.0) Gecko/20100101 Firefox/106.0" "ysfine.com"
71.178.208.102 - - [10/Nov/2022:02:18:03 -0800] "GET /people/sbt11b.jpg HTTP/1.1" 200 29397 "https://ysfine.com/people/pimage.html" "Mozilla/5.0 (Windows NT 10.0; Win64; x64; rv:106.0) Gecko/20100101 Firefox/106.0" "ysfine.com"
71.178.208.102 - - [10/Nov/2022:02:18:03 -0800] "GET /beau/amkor/princelon01b.jpg HTTP/1.1" 404 88 "https://ysfine.com/people/pimage.html" "Mozilla/5.0 (Windows NT 10.0; Win64; x64; rv:106.0) Gecko/20100101 Firefox/106.0" "ysfine.com"
71.178.208.102 - - [10/Nov/2022:02:18:03 -0800] "GET /people/princeton68b.jpg HTTP/1.1" 200 40218 "https://ysfine.com/people/pimage.html" "Mozilla/5.0 (Windows NT 10.0; Win64; x64; rv:106.0) Gecko/20100101 Firefox/106.0" "ysfine.com"
71.178.208.102 - - [10/Nov/2022:02:18:03 -0800] "GET /feynman/feyjad33b.jpg HTTP/1.1" 200 32306 "https://ysfine.com/people/pimage.html" "Mozilla/5.0 (Windows NT 10.0; Win64; x64; rv:106.0) Gecko/20100101 Firefox/106.0" "ysfine.com"
71.178.208.102 - - [10/Nov/2022:02:18:03 -0800] "GET /people/wboys2.jpg HTTP/1.1" 200 40344 "https://ysfine.com/people/pimage.html" "Mozilla/5.0 (Windows NT 10.0; Win64; x64; rv:106.0) Gecko/20100101 Firefox/106.0" "ysfine.com"
71.178.208.102 - - [10/Nov/2022:02:18:03 -0800] "GET /kobak/rhee10b.jpg HTTP/1.1" 200 29337 "https://ysfine.com/people/pimage.html" "Mozilla/5.0 (Windows NT 10.0; Win64; x64; rv:106.0) Gecko/20100101 Firefox/106.0" "ysfine.com"
71.178.208.102 - - [10/Nov/2022:02:18:03 -0800] "GET /people/wheemaine2.jpg HTTP/1.1" 200 34617 "https://ysfine.com/people/pimage.html" "Mozilla/5.0 (Windows NT 10.0; Win64; x64; rv:106.0) Gecko/20100101 Firefox/106.0" "ysfine.com"
71.178.208.102 - - [10/Nov/2022:02:18:03 -0800] "GET /people/redgreen2.jpg HTTP/1.1" 200 54064 "https://ysfine.com/people/pimage.html" "Mozilla/5.0 (Windows NT 10.0; Win64; x64; rv:106.0) Gecko/20100101 Firefox/106.0" "ysfine.com"
71.178.208.102 - - [10/Nov/2022:02:18:03 -0800] "GET /people/carnation61b.jpg HTTP/1.1" 200 48369 "https://ysfine.com/people/pimage.html" "Mozilla/5.0 (Windows NT 10.0; Win64; x64; rv:106.0) Gecko/20100101 Firefox/106.0" "ysfine.com"
71.178.208.102 - - [10/Nov/2022:02:18:03 -0800] "GET /class54/taylor54d.jpg HTTP/1.1" 200 65653 "https://ysfine.com/people/pimage.html" "Mozilla/5.0 (Windows NT 10.0; Win64; x64; rv:106.0) Gecko/20100101 Firefox/106.0" "ysfine.com"
71.178.208.102 - - [10/Nov/2022:02:18:03 -0800] "GET /wigner/fitch02b.jpg HTTP/1.1" 200 33167 "https://ysfine.com/people/pimage.html" "Mozilla/5.0 (Windows NT 10.0; Win64; x64; rv:106.0) Gecko/20100101 Firefox/106.0" "ysfine.com"
71.178.208.102 - - [10/Nov/2022:02:18:03 -0800] "GET /wigner/wighome2.jpg HTTP/1.1" 200 48701 "https://ysfine.com/people/pimage.html" "Mozilla/5.0 (Windows NT 10.0; Win64; x64; rv:106.0) Gecko/20100101 Firefox/106.0" "ysfine.com"
71.178.208.102 - - [10/Nov/2022:02:18:03 -0800] "GET /people/tollwig2.jpg HTTP/1.1" 200 35067 "https://ysfine.com/people/pimage.html" "Mozilla/5.0 (Windows NT 10.0; Win64; x64; rv:106.0) Gecko/20100101 Firefox/106.0" "ysfine.com"
71.178.208.102 - - [10/Nov/2022:02:18:03 -0800] "GET /people/klauder06b.jpg HTTP/1.1" 200 52423 "https://ysfine.com/people/pimage.html" "Mozilla/5.0 (Windows NT 10.0; Win64; x64; rv:106.0) Gecko/20100101 Firefox/106.0" "ysfine.com"
71.178.208.102 - - [10/Nov/2022:02:18:03 -0800] "GET /people/lipkin02b.jpg HTTP/1.1" 200 44829 "https://ysfine.com/people/pimage.html" "Mozilla/5.0 (Windows NT 10.0; Win64; x64; rv:106.0) Gecko/20100101 Firefox/106.0" "ysfine.com"
71.178.208.102 - - [10/Nov/2022:02:18:06 -0800] "GET /princeton/pstorie.html HTTP/1.1" 200 1462 "https://ysfine.com/princeton/pleft.html" "Mozilla/5.0 (Windows NT 10.0; Win64; x64; rv:106.0) Gecko/20100101 Firefox/106.0" "ysfine.com"
71.178.208.102 - - [10/Nov/2022:02:18:06 -0800] "GET /princeton/wilson06c.jpg HTTP/1.1" 200 42366 "https://ysfine.com/princeton/pstorie.html" "Mozilla/5.0 (Windows NT 10.0; Win64; x64; rv:106.0) Gecko/20100101 Firefox/106.0" "ysfine.com"
71.178.208.102 - - [10/Nov/2022:02:18:11 -0800] "GET /wigner/wbrill.html HTTP/1.1" 200 4163 "https://ysfine.com/princeton/pstorie.html" "Mozilla/5.0 (Windows NT 10.0; Win64; x64; rv:106.0) Gecko/20100101 Firefox/106.0" "ysfine.com"
71.178.208.102 - - [10/Nov/2022:02:18:11 -0800] "GET /wigner/wbrill270.jpg HTTP/1.1" 200 36398 "https://ysfine.com/wigner/wbrill.html" "Mozilla/5.0 (Windows NT 10.0; Win64; x64; rv:106.0) Gecko/20100101 Firefox/106.0" "ysfine.com"
71.178.208.102 - - [10/Nov/2022:02:18:17 -0800] "GET /beau/amkor/princelon01b.jpg HTTP/1.1" 404 88 "https://ysfine.com/people/pimage.html" "Mozilla/5.0 (Windows NT 10.0; Win64; x64; rv:106.0) Gecko/20100101 Firefox/106.0" "ysfine.com"
71.178.208.102 - - [10/Nov/2022:02:18:20 -0800] "GET /princeton/pstorie.html HTTP/1.1" 200 1462 "https://ysfine.com/princeton/pleft.html" "Mozilla/5.0 (Windows NT 10.0; Win64; x64; rv:106.0) Gecko/20100101 Firefox/106.0" "ysfine.com"
185.191.171.43 - - [10/Nov/2022:02:18:23 -0800] "GET /ysbio/maga/sartre.html HTTP/1.1" 404 88 "-" "Mozilla/5.0 (compatible; SemrushBot/7~bl; +http://www.semrush.com/bot.html)" "www.ysfine.com"
71.178.208.102 - - [10/Nov/2022:02:18:51 -0800] "GET /princeton/prlinks.html HTTP/1.1" 200 819 "https://ysfine.com/princeton/pleft.html" "Mozilla/5.0 (Windows NT 10.0; Win64; x64; rv:106.0) Gecko/20100101 Firefox/106.0" "ysfine.com"
71.178.208.102 - - [10/Nov/2022:02:18:51 -0800] "GET /princeton/pawkim19b.jpg HTTP/1.1" 200 50397 "https://ysfine.com/princeton/prlinks.html" "Mozilla/5.0 (Windows NT 10.0; Win64; x64; rv:106.0) Gecko/20100101 Firefox/106.0" "ysfine.com"
40.86.101.254 - - [10/Nov/2022:02:19:05 -0800] "GET /sbk/2009lon44b.jpg HTTP/1.1" 404 88 "http://ysfine.com/sbk" "Mozilla/5.0 (Windows NT 10.0; Win64; x64) AppleWebKit/537.36 (KHTML, like Gecko) Chrome/74.0.3729.157 Safari/537.36" "ysfine.com"
185.191.171.35 - - [10/Nov/2022:02:20:30 -0800] "GET /maga/phys/poinsf/srigh.html HTTP/1.1" 200 2053 "-" "Mozilla/5.0 (compatible; SemrushBot/7~bl; +http://www.semrush.com/bot.html)" "www.ysfine.com"
207.46.13.107 - - [10/Nov/2022:02:20:43 -0800] "GET /bio/einstein/bern.html HTTP/1.1" 404 88 "-" "Mozilla/5.0 AppleWebKit/537.36 (KHTML, like Gecko; compatible; bingbot/2.0; +http://www.bing.com/bingbot.htm) Chrome/103.0.5060.134 Safari/537.36" "ysfine.com"
51.222.253.14 - - [10/Nov/2022:02:20:57 -0800] "GET /maga/okun.html HTTP/1.1" 200 883 "-" "Mozilla/5.0 (compatible; AhrefsBot/7.0; +http://ahrefs.com/robot/)" "ysfine.com"
40.122.227.202 - - [10/Nov/2022:02:21:01 -0800] "GET /world/latina/rio054c.jpg HTTP/1.1" 200 41924 "https://ysfine.com/world/latina" "Mozilla/5.0 (Windows NT 10.0; Win64; x64) AppleWebKit/537.36 (KHTML, like Gecko) Chrome/74.0.3729.157 Safari/537.36" "ysfine.com"
40.77.51.82 - - [10/Nov/2022:02:21:16 -0800] "GET /dongio/mexamster01c.jpg HTTP/1.1" 404 88 "https://ysfine.com/dongio" "Mozilla/5.0 (X11; Linux x86_64) AppleWebKit/537.36 (KHTML, like Gecko) Chrome/74.0.3729.169 Safari/537.36" "ysfine.com"
40.77.51.86 - - [10/Nov/2022:02:21:20 -0800] "GET /world/scandi/wignob01b.jpg HTTP/1.1" 200 40093 "https://ysfine.com/world/scandi" "Mozilla/5.0 (Windows NT 10.0; Win64; x64) AppleWebKit/537.36 (KHTML, like Gecko) Chrome/74.0.3729.157 Safari/537.36" "ysfine.com"
40.77.167.71 - - [10/Nov/2022:02:22:11 -0800] "GET /wdc/whxmas/whxmas17.jpg HTTP/1.1" 200 122970 "-" "Mozilla/5.0 AppleWebKit/537.36 (KHTML, like Gecko; compatible; bingbot/2.0; +http://www.bing.com/bingbot.htm) Chrome/103.0.5060.134 Safari/537.36" "ysfine.com"
185.191.171.4 - - [10/Nov/2022:02:22:21 -0800] "GET /einstein/fantova/fantova.html HTTP/1.1" 200 6506 "-" "Mozilla/5.0 (compatible; SemrushBot/7~bl; +http://www.semrush.com/bot.html)" "www.ysfine.com"
17.121.114.70 - - [10/Nov/2022:02:22:25 -0800] "GET /robots.txt HTTP/1.1" 404 88 "-" "Mozilla/5.0 (Macintosh; Intel Mac OS X 10_15_5) AppleWebKit/605.1.15 (KHTML, like Gecko) Version/13.1.1 Safari/605.1.15 (Applebot/0.1; +http://www.apple.com/go/applebot)" "ysfine.com"
17.121.114.70 - - [10/Nov/2022:02:22:25 -0800] "GET /world/ysworld.html HTTP/1.1" 200 3195 "-" "Mozilla/5.0 (Macintosh; Intel Mac OS X 10_15_5) AppleWebKit/605.1.15 (KHTML, like Gecko) Version/13.1.1 Safari/605.1.15 (Applebot/0.1; +http://www.apple.com/go/applebot)" "ysfine.com"
207.46.13.128 - - [10/Nov/2022:02:23:07 -0800] "GET /bio/style/ystyle.html HTTP/1.1" 404 88 "-" "Mozilla/5.0 (compatible; bingbot/2.0; +http://www.bing.com/bingbot.htm)" "ysfine.com"
17.121.114.225 - - [10/Nov/2022:02:23:38 -0800] "GET /kobak/soraech.html HTTP/1.1" 200 16670 "-" "Mozilla/5.0 (Macintosh; Intel Mac OS X 10_15_5) AppleWebKit/605.1.15 (KHTML, like Gecko) Version/13.1.1 Safari/605.1.15 (Applebot/0.1; +http://www.apple.com/go/applebot)" "ysfine.com"
40.77.51.81 - - [10/Nov/2022:02:23:51 -0800] "GET /world/ital/flor055b.jpg HTTP/1.1" 200 38665 "https://ysfine.com/world/ital" "Mozilla/5.0 (X11; Linux x86_64) AppleWebKit/537.36 (KHTML, like Gecko) Chrome/74.0.3729.169 Safari/537.36" "ysfine.com"
71.178.208.102 - - [10/Nov/2022:02:24:22 -0800] "GET /favicon.ico HTTP/1.1" 404 88 "https://ysfine.com/ys11/" "Mozilla/5.0 (Windows NT 10.0; Win64; x64) AppleWebKit/537.36 (KHTML, like Gecko) Chrome/107.0.0.0 Safari/537.36 Edg/107.0.1418.35" "ysfine.com"
207.46.13.107 - - [10/Nov/2022:02:24:23 -0800] "GET /ysbio/aipproc2011.pdf HTTP/1.1" 404 88 "-" "Mozilla/5.0 (compatible; bingbot/2.0; +http://www.bing.com/bingbot.htm)" "ysfine.com"
20.29.110.169 - - [10/Nov/2022:02:24:32 -0800] "GET /dongio/russathens01c.jpg HTTP/1.1" 404 88 "https://ysfine.com/dongio" "Mozilla/5.0 (X11; Linux x86_64) AppleWebKit/537.36 (KHTML, like Gecko) Chrome/74.0.3729.169 Safari/537.36" "ysfine.com"
141.35.40.58 - - [10/Nov/2022:02:24:56 -0800] "GET /yspapers/bound22.pdf HTTP/1.1" 200 5587576 "https://www.google.com/" "Mozilla/5.0 (X11; Linux x86_64) AppleWebKit/537.36 (KHTML, like Gecko) Chrome/107.0.0.0 Safari/537.36" "ysfine.com"
141.35.40.58 - - [10/Nov/2022:02:24:57 -0800] "GET /favicon.ico HTTP/1.1" 404 88 "https://ysfine.com/yspapers/bound22.pdf" "Mozilla/5.0 (X11; Linux x86_64) AppleWebKit/537.36 (KHTML, like Gecko) Chrome/107.0.0.0 Safari/537.36" "ysfine.com"
71.178.208.102 - - [10/Nov/2022:02:24:58 -0800] "GET /home/bio44 HTTP/1.1" 404 88 "-" "Mozilla/5.0 (Windows NT 10.0; Win64; x64) AppleWebKit/537.36 (KHTML, like Gecko) Chrome/107.0.0.0 Safari/537.36" "ysfine.com"
71.178.208.102 - - [10/Nov/2022:02:24:58 -0800] "GET /favicon.ico HTTP/1.1" 404 88 "https://ysfine.com/home/bio44" "Mozilla/5.0 (Windows NT 10.0; Win64; x64) AppleWebKit/537.36 (KHTML, like Gecko) Chrome/107.0.0.0 Safari/537.36" "ysfine.com"
168.119.11.187 - - [10/Nov/2022:02:25:24 -0800] "GET /wigner/wbrill.html HTTP/1.1" 200 4163 "-" "Mozilla/5.0 (Macintosh; Intel Mac OS X 10_13_6) AppleWebKit/537.36 (KHTML, like Gecko) Chrome/87.0.4280.67 Safari/537.36" "ysfine.com"
128.130.254.181 - - [10/Nov/2022:02:25:33 -0800] "GET /wigner/wiglittle.pdf HTTP/1.1" 200 2659296 "https://www.google.com/" "Mozilla/5.0 (Macintosh; Intel Mac OS X 10_15_7) AppleWebKit/605.1.15 (KHTML, like Gecko) Version/16.1 Safari/605.1.15" "ysfine.com"
128.130.254.181 - - [10/Nov/2022:02:25:33 -0800] "GET /wigner/wiglittle.pdf HTTP/1.1" 206 16384 "https://www.google.com/" "Mozilla/5.0 (Macintosh; Intel Mac OS X 10_15_7) AppleWebKit/605.1.15 (KHTML, like Gecko) Version/16.1 Safari/605.1.15" "ysfine.com"
128.130.254.181 - - [10/Nov/2022:02:25:42 -0800] "GET /favicon.ico HTTP/1.1" 404 88 "https://ysfine.com/wigner/wiglittle.pdf" "Mozilla/5.0 (Macintosh; Intel Mac OS X 10_15_7) AppleWebKit/605.1.15 (KHTML, like Gecko) Version/16.1 Safari/605.1.15" "ysfine.com"
40.86.101.252 - - [10/Nov/2022:02:25:58 -0800] "GET /mose/parton33a.jpg HTTP/1.1" 404 88 "https://ysfine.com/mose" "Mozilla/5.0 (X11; Linux x86_64) AppleWebKit/537.36 (KHTML, like Gecko) Chrome/74.0.3729.169 Safari/537.36" "ysfine.com"
20.109.241.97 - - [10/Nov/2022:02:26:18 -0800] "GET /friends/gyang11b.jpg HTTP/1.1" 404 88 "https://ysfine.com/friends" "Mozilla/5.0 (Windows NT 10.0; Win64; x64) AppleWebKit/537.36 (KHTML, like Gecko) Chrome/74.0.3729.157 Safari/537.36" "ysfine.com"
40.122.195.128 - - [10/Nov/2022:02:26:19 -0800] "GET /usca/pitt/westim11b.jpg HTTP/1.1" 200 39786 "https://ysfine.com/usca/pitt" "Mozilla/5.0 (X11; Linux x86_64) AppleWebKit/537.36 (KHTML, like Gecko) Chrome/74.0.3729.169 Safari/537.36" "ysfine.com"
77.75.76.160 - - [10/Nov/2022:02:26:30 -0800] "GET /robots.txt HTTP/1.1" 404 88 "-" "Mozilla/5.0 (compatible; SeznamBot/3.2; +http://napoveda.seznam.cz/en/seznambot-intro/)" "ysfine.com"
77.75.76.160 - - [10/Nov/2022:02:26:32 -0800] "GET /world/france/montpar31.jpg HTTP/1.1" 200 171959 "-" "Mozilla/5.0 (compatible; SeznamBot/3.2; +http://napoveda.seznam.cz/en/seznambot-intro/)" "ysfine.com"
77.75.76.160 - - [10/Nov/2022:02:26:36 -0800] "GET /princeton/wilson01.jpg HTTP/1.1" 200 97759 "-" "Mozilla/5.0 (compatible; SeznamBot/3.2; +http://napoveda.seznam.cz/en/seznambot-intro/)" "ysfine.com"
77.75.76.160 - - [10/Nov/2022:02:26:38 -0800] "GET /kobak/severance.jpg HTTP/1.1" 304 - "-" "Mozilla/5.0 (compatible; SeznamBot/3.2; +http://napoveda.seznam.cz/en/seznambot-intro/)" "ysfine.com"
77.75.76.160 - - [10/Nov/2022:02:26:39 -0800] "GET /dirac/nicodem11.jpg HTTP/1.1" 200 240297 "-" "Mozilla/5.0 (compatible; SeznamBot/3.2; +http://napoveda.seznam.cz/en/seznambot-intro/)" "ysfine.com"
40.77.167.71 - - [10/Nov/2022:02:26:42 -0800] "GET /ysbio/princeton/pgh.html HTTP/1.1" 404 88 "-" "Mozilla/5.0 AppleWebKit/537.36 (KHTML, like Gecko; compatible; bingbot/2.0; +http://www.bing.com/bingbot.htm) Chrome/103.0.5060.134 Safari/537.36" "ysfine.com"
77.75.76.160 - - [10/Nov/2022:02:26:43 -0800] "GET /awards/bridge22.jpg HTTP/1.1" 200 173371 "-" "Mozilla/5.0 (compatible; SeznamBot/3.2; +http://napoveda.seznam.cz/en/seznambot-intro/)" "ysfine.com"
77.75.76.160 - - [10/Nov/2022:02:26:45 -0800] "GET /style/gaya02.jpg HTTP/1.1" 200 76927 "-" "Mozilla/5.0 (compatible; SeznamBot/3.2; +http://napoveda.seznam.cz/en/seznambot-intro/)" "ysfine.com"
89.1.59.170 - - [10/Nov/2022:02:27:21 -0800] "GET /wigner/wiglittle.pdf HTTP/1.1" 200 2659296 "https://www.google.com/" "Mozilla/5.0 (X11; Linux x86_64) AppleWebKit/537.36 (KHTML, like Gecko) Chrome/107.0.0.0 Safari/537.36" "ysfine.com"
89.1.59.170 - - [10/Nov/2022:02:27:21 -0800] "GET /favicon.ico HTTP/1.1" 404 88 "https://ysfine.com/wigner/wiglittle.pdf" "Mozilla/5.0 (X11; Linux x86_64) AppleWebKit/537.36 (KHTML, like Gecko) Chrome/107.0.0.0 Safari/537.36" "ysfine.com"
40.77.167.27 - - [10/Nov/2022:02:27:22 -0800] "GET /bio/index.html HTTP/1.1" 404 88 "-" "Mozilla/5.0 (compatible; bingbot/2.0; +http://www.bing.com/bingbot.htm)" "www.ysfine.com"
51.222.253.16 - - [10/Nov/2022:02:27:25 -0800] "GET /maga/desiree.html HTTP/1.1" 200 2747 "-" "Mozilla/5.0 (compatible; AhrefsBot/7.0; +http://ahrefs.com/robot/)" "ysfine.com"
207.46.13.107 - - [10/Nov/2022:02:27:55 -0800] "GET /world/russ/redsq52.jpg HTTP/1.1" 200 103826 "-" "Mozilla/5.0 (compatible; bingbot/2.0; +http://www.bing.com/bingbot.htm)" "ysfine.com"
207.46.13.107 - - [10/Nov/2022:02:27:55 -0800] "GET /bio/world/leipzig.html HTTP/1.1" 404 88 "-" "Mozilla/5.0 AppleWebKit/537.36 (KHTML, like Gecko; compatible; bingbot/2.0; +http://www.bing.com/bingbot.htm) Chrome/103.0.5060.134 Safari/537.36" "ysfine.com"
20.106.27.173 - - [10/Nov/2022:02:28:03 -0800] "GET /awards/top100a.jpg HTTP/1.1" 200 134592 "https://ysfine.com/awards" "Mozilla/5.0 (Macintosh; Intel Mac OS X 10_11_6) AppleWebKit/605.1.15 (KHTML, like Gecko) Version/11.1.2 Safari/605.1.15" "ysfine.com"
168.119.69.91 - - [10/Nov/2022:02:28:36 -0800] "GET /world/veneto.html HTTP/1.1" 200 6676 "-" "Mozilla/5.0 (Macintosh; Intel Mac OS X 10.14; rv:83.0) Gecko/20100101 Firefox/83.0" "ysfine.com"
20.29.110.170 - - [10/Nov/2022:02:28:36 -0800] "GET /wigner/wigkim11b.jpg HTTP/1.1" 200 38616 "https://ysfine.com/wigner" "Mozilla/5.0 (X11; Linux x86_64) AppleWebKit/537.36 (KHTML, like Gecko) Chrome/74.0.3729.169 Safari/537.36" "ysfine.com"
40.122.195.128 - - [10/Nov/2022:02:29:31 -0800] "GET /usca/pitt/carnlab11b.jpg HTTP/1.1" 200 32622 "https://ysfine.com/usca/pitt" "Mozilla/5.0 (iPhone; CPU iPhone OS 13_5_1 like Mac OS X) AppleWebKit/605.1.15 (KHTML, like Gecko) Version/13.1.1 Mobile/15E148 Safari/604.1" "ysfine.com"
207.46.13.128 - - [10/Nov/2022:02:29:37 -0800] "GET /bio/world/trier.html HTTP/1.1" 404 88 "-" "Mozilla/5.0 AppleWebKit/537.36 (KHTML, like Gecko; compatible; bingbot/2.0; +http://www.bing.com/bingbot.htm) Chrome/103.0.5060.134 Safari/537.36" "www.ysfine.com"
40.77.167.71 - - [10/Nov/2022:02:29:43 -0800] "GET /bio/feynman/partons.html HTTP/1.1" 404 88 "-" "Mozilla/5.0 AppleWebKit/537.36 (KHTML, like Gecko; compatible; bingbot/2.0; +http://www.bing.com/bingbot.htm) Chrome/103.0.5060.134 Safari/537.36" "ysfine.com"
165.225.81.112 - - [10/Nov/2022:02:29:53 -0800] "GET /world/brit/lontaxi11.jpg HTTP/1.1" 200 66322 "https://www.google.com/" "Mozilla/5.0 (Windows NT 10.0; Win64; x64) AppleWebKit/537.36 (KHTML, like Gecko) Chrome/107.0.0.0 Safari/537.36" "ysfine.com"
216.244.66.229 - - [10/Nov/2022:02:29:58 -0800] "GET /robots.txt HTTP/1.1" 404 73 "-" "Mozilla/5.0 (compatible; DotBot/1.2; +https://opensiteexplorer.org/dotbot; help@moz.com)" "www.ysfine.com"
216.244.66.229 - - [10/Nov/2022:02:29:58 -0800] "GET /robots.txt HTTP/1.1" 404 73 "-" "Mozilla/5.0 (compatible; DotBot/1.2; +https://opensiteexplorer.org/dotbot; help@moz.com)" "ysfine.com"
207.46.13.107 - - [10/Nov/2022:02:30:04 -0800] "GET /bio/dirac/diracpol.html HTTP/1.1" 404 88 "-" "Mozilla/5.0 (compatible; bingbot/2.0; +http://www.bing.com/bingbot.htm)" "ysfine.com"
40.77.51.81 - - [10/Nov/2022:02:30:33 -0800] "GET /world/poland/poznanf11b.jpg HTTP/1.1" 200 48822 "https://ysfine.com/world/poland" "Mozilla/5.0 (Macintosh; Intel Mac OS X 10_11_6) AppleWebKit/605.1.15 (KHTML, like Gecko) Version/11.1.2 Safari/605.1.15" "ysfine.com"
40.77.167.71 - - [10/Nov/2022:02:30:52 -0800] "GET /world/baltic/kalin31.jpg HTTP/1.1" 200 113831 "-" "Mozilla/5.0 (compatible; bingbot/2.0; +http://www.bing.com/bingbot.htm)" "www.ysfine.com"
40.122.195.128 - - [10/Nov/2022:02:31:22 -0800] "GET /usca/pitt/westim11b.jpg HTTP/1.1" 200 39786 "https://www.ysfine.com/usca/pitt" "Mozilla/5.0 (iPhone; CPU iPhone OS 13_5_1 like Mac OS X) AppleWebKit/605.1.15 (KHTML, like Gecko) Version/13.1.1 Mobile/15E148 Safari/604.1" "www.ysfine.com"
20.109.241.80 - - [10/Nov/2022:02:32:39 -0800] "GET /world/china/dalian82b.jpg HTTP/1.1" 200 34168 "https://ysfine.com/world/china" "Mozilla/5.0 (Macintosh; Intel Mac OS X 10_11_6) AppleWebKit/605.1.15 (KHTML, like Gecko) Version/11.1.2 Safari/605.1.15" "ysfine.com"
185.191.171.24 - - [10/Nov/2022:02:32:56 -0800] "GET /ysbio/eink/index.html HTTP/1.1" 404 88 "-" "Mozilla/5.0 (compatible; SemrushBot/7~bl; +http://www.semrush.com/bot.html)" "www.ysfine.com"
13.67.224.13 - - [10/Nov/2022:02:33:05 -0800] "GET /eink/eink61b.jpg HTTP/1.1" 200 28018 "http://ysfine.com/eink" "Mozilla/5.0 (Macintosh; Intel Mac OS X 10_11_6) AppleWebKit/605.1.15 (KHTML, like Gecko) Version/11.1.2 Safari/605.1.15" "ysfine.com"
44.228.64.221 - - [10/Nov/2022:02:33:17 -0800] "GET /world/sfrance.html HTTP/1.1" 200 8453 "-" "Python/3.8 aiohttp/3.8.3" "ysfine.com"
207.46.13.107 - - [10/Nov/2022:02:33:34 -0800] "GET /bio/kobak/namdae.html HTTP/1.1" 404 88 "-" "Mozilla/5.0 AppleWebKit/537.36 (KHTML, like Gecko; compatible; bingbot/2.0; +http://www.bing.com/bingbot.htm) Chrome/103.0.5060.134 Safari/537.36" "ysfine.com"
207.46.13.107 - - [10/Nov/2022:02:33:35 -0800] "GET /bio/awards/iao.html HTTP/1.1" 404 88 "-" "Mozilla/5.0 (compatible; bingbot/2.0; +http://www.bing.com/bingbot.htm)" "ysfine.com"
157.55.39.129 - - [10/Nov/2022:02:34:00 -0800] "GET /ysbio/folks/israel.html HTTP/1.1" 404 88 "-" "Mozilla/5.0 AppleWebKit/537.36 (KHTML, like Gecko; compatible; bingbot/2.0; +http://www.bing.com/bingbot.htm) Chrome/103.0.5060.134 Safari/537.36" "ysfine.com"
40.77.167.27 - - [10/Nov/2022:02:34:12 -0800] "GET /ysbio/wisdom/yitol.html HTTP/1.1" 404 88 "-" "Mozilla/5.0 AppleWebKit/537.36 (KHTML, like Gecko; compatible; bingbot/2.0; +http://www.bing.com/bingbot.htm) Chrome/103.0.5060.134 Safari/537.36" "ysfine.com"
51.222.253.6 - - [10/Nov/2022:02:34:27 -0800] "GET /style/tatiana.html HTTP/1.1" 200 8801 "-" "Mozilla/5.0 (compatible; AhrefsBot/7.0; +http://ahrefs.com/robot/)" "www.ysfine.com"
51.222.253.6 - - [10/Nov/2022:02:34:44 -0800] "GET /princeton/mediter11c.jpg HTTP/1.1" 200 49131 "-" "Mozilla/5.0 (compatible; AhrefsBot/7.0; +http://ahrefs.com/robot/)" "www.ysfine.com"
185.191.171.9 - - [10/Nov/2022:02:34:47 -0800] "GET /robots.txt HTTP/1.1" 404 88 "-" "Mozilla/5.0 (compatible; SemrushBot/7~bl; +http://www.semrush.com/bot.html)" "ysfine.com"
185.191.171.38 - - [10/Nov/2022:02:34:48 -0800] "GET /ysbio/kobak/yskor.html HTTP/1.1" 404 88 "-" "Mozilla/5.0 (compatible; SemrushBot/7~bl; +http://www.semrush.com/bot.html)" "ysfine.com"
128.130.254.181 - - [10/Nov/2022:02:35:13 -0800] "GET /wigner/wigner39.pdf HTTP/1.1" 200 1398440 "https://www.google.com/" "Mozilla/5.0 (Macintosh; Intel Mac OS X 10_15_7) AppleWebKit/605.1.15 (KHTML, like Gecko) Version/16.1 Safari/605.1.15" "ysfine.com"
128.130.254.181 - - [10/Nov/2022:02:35:13 -0800] "GET /wigner/wigner39.pdf HTTP/1.1" 206 16384 "https://www.google.com/" "Mozilla/5.0 (Macintosh; Intel Mac OS X 10_15_7) AppleWebKit/605.1.15 (KHTML, like Gecko) Version/16.1 Safari/605.1.15" "ysfine.com"
128.130.254.181 - - [10/Nov/2022:02:35:13 -0800] "GET /wigner/wigner39.pdf HTTP/1.1" 206 1023 "https://www.google.com/" "Mozilla/5.0 (Macintosh; Intel Mac OS X 10_15_7) AppleWebKit/605.1.15 (KHTML, like Gecko) Version/16.1 Safari/605.1.15" "ysfine.com"
207.46.13.107 - - [10/Nov/2022:02:35:14 -0800] "GET /class54/class5470/total_data/img/sm04_on.gif HTTP/1.1" 200 392 "-" "Mozilla/5.0 (compatible; bingbot/2.0; +http://www.bing.com/bingbot.htm)" "ysfine.com"
185.191.171.35 - - [10/Nov/2022:02:35:20 -0800] "GET /ysbio/wigner/little.html HTTP/1.1" 404 88 "-" "Mozilla/5.0 (compatible; SemrushBot/7~bl; +http://www.semrush.com/bot.html)" "ysfine.com"
216.244.66.229 - - [10/Nov/2022:02:35:21 -0800] "GET /class54/akiko11.jpg HTTP/1.1" 200 61906 "-" "Mozilla/5.0 (compatible; DotBot/1.2; +https://opensiteexplorer.org/dotbot; help@moz.com)" "ysfine.com"
216.244.66.229 - - [10/Nov/2022:02:35:25 -0800] "GET /class54/teng80.jpg HTTP/1.1" 200 107643 "-" "Mozilla/5.0 (compatible; DotBot/1.2; +https://opensiteexplorer.org/dotbot; help@moz.com)" "ysfine.com"
216.244.66.229 - - [10/Nov/2022:02:35:29 -0800] "GET /ysbio/style/socrates.html HTTP/1.1" 404 73 "-" "Mozilla/5.0 (compatible; DotBot/1.2; +https://opensiteexplorer.org/dotbot; help@moz.com)" "ysfine.com"
216.244.66.229 - - [10/Nov/2022:02:35:31 -0800] "GET /ysbio/yspapers/index.html HTTP/1.1" 404 73 "-" "Mozilla/5.0 (compatible; DotBot/1.2; +https://opensiteexplorer.org/dotbot; help@moz.com)" "ysfine.com"
51.222.253.14 - - [10/Nov/2022:02:35:44 -0800] "GET /princeton/mediter11c.jpg HTTP/1.1" 200 49131 "-" "Mozilla/5.0 (compatible; AhrefsBot/7.0; +http://ahrefs.com/robot/)" "www.ysfine.com"
51.222.253.15 - - [10/Nov/2022:02:35:54 -0800] "GET /style/tatiana11a.jpg HTTP/1.1" 200 64475 "-" "Mozilla/5.0 (compatible; AhrefsBot/7.0; +http://ahrefs.com/robot/)" "www.ysfine.com"
40.86.101.164 - - [10/Nov/2022:02:36:01 -0800] "GET /world/russ/spb01b.jpg HTTP/1.1" 200 40392 "https://www.ysfine.com/world/russ" "Mozilla/5.0 (iPhone; CPU iPhone OS 13_5_1 like Mac OS X) AppleWebKit/605.1.15 (KHTML, like Gecko) Version/13.1.1 Mobile/15E148 Safari/604.1" "www.ysfine.com"
216.244.66.229 - - [10/Nov/2022:02:36:11 -0800] "GET /ffriends/bulgasel01.jpg HTTP/1.1" 200 192143 "-" "Mozilla/5.0 (compatible; DotBot/1.2; +https://opensiteexplorer.org/dotbot; help@moz.com)" "ysfine.com"
20.29.110.168 - - [10/Nov/2022:02:36:22 -0800] "GET /world/germany/mucf25c.jpg HTTP/1.1" 200 31142 "https://ysfine.com/world/germany" "Mozilla/5.0 (Macintosh; Intel Mac OS X 10_11_6) AppleWebKit/605.1.15 (KHTML, like Gecko) Version/11.1.2 Safari/605.1.15" "ysfine.com"
77.88.5.245 - - [10/Nov/2022:02:36:27 -0800] "GET /robots.txt HTTP/1.1" 404 73 "-" "Mozilla/5.0 (compatible; YandexBot/3.0; +http://yandex.com/bots)" "ysfine.com"
77.88.5.245 - - [10/Nov/2022:02:36:31 -0800] "GET /robots.txt HTTP/1.1" 404 73 "-" "Mozilla/5.0 (compatible; YandexBot/3.0; +http://yandex.com/bots)" "ysfine.com"
51.222.253.7 - - [10/Nov/2022:02:36:34 -0800] "GET /kowar/tanks/tank05c.jpg HTTP/1.1" 200 33583 "-" "Mozilla/5.0 (compatible; AhrefsBot/7.0; +http://ahrefs.com/robot/)" "www.ysfine.com"
77.88.5.245 - - [10/Nov/2022:02:36:34 -0800] "GET /world/baltic/kalin05.jpg HTTP/1.1" 200 94382 "-" "Mozilla/5.0 (compatible; YandexImages/3.0; +http://yandex.com/bots)" "ysfine.com"
51.222.253.1 - - [10/Nov/2022:02:36:39 -0800] "GET /kobak/swr51c.jpg HTTP/1.1" 200 35677 "-" "Mozilla/5.0 (compatible; AhrefsBot/7.0; +http://ahrefs.com/robot/)" "www.ysfine.com"
157.55.39.129 - - [10/Nov/2022:02:36:40 -0800] "GET /bio/style/rieu.html HTTP/1.1" 404 88 "-" "Mozilla/5.0 AppleWebKit/537.36 (KHTML, like Gecko; compatible; bingbot/2.0; +http://www.bing.com/bingbot.htm) Chrome/103.0.5060.134 Safari/537.36" "ysfine.com"
123.21.246.130 - - [10/Nov/2022:02:37:03 -0800] "GET /maga/phys/schrod11.jpg HTTP/1.1" 200 107958 "https://vn.images.search.yahoo.com/search/images;_ylt=AwrKCbzQ02xjHMUsW4BtUwx.;_ylu=c2VjA3NlYXJjaARzbGsDYnV0dG9u;_ylc=X1MDMjExNDczNzAwNQRfcgMyBGZyA21jYWZlZQRmcjIDcDpzLHY6aSxtOnNiLXRvcARncHJpZANfaHV2RTY5U1FPRzI5NnVIN0lMeEhBBG5fcnNsdAMwBG5fc3VnZwMwBG9yaWdpbgN2bi5pbWFnZXMuc2VhcmNoLnlhaG9vLmNvbQRwb3MDMARwcXN0cgMEcHFzdHJsAzAEcXN0cmwDMTAEcXVlcnkDY2hyb2RpbmdlcgR0X3N0bXADMTY2ODA3NjYwMw--?p=chrodinger&fr=mcafee&fr2=p%3As%2Cv%3Ai%2Cm%3Asb-top&ei=UTF-8&x=wrt&type=E211VN1441G0" "Mozilla/5.0 (Windows NT 10.0; Win64; x64) AppleWebKit/537.36 (KHTML, like Gecko) Chrome/107.0.0.0 Safari/537.36" "www.ysfine.com"
157.55.39.76 - - [10/Nov/2022:02:37:05 -0800] "GET /class54/class5470/total_data/refer_img/7-17_f.jpg HTTP/1.1" 200 34347 "-" "Mozilla/5.0 (compatible; bingbot/2.0; +http://www.bing.com/bingbot.htm)" "ysfine.com"
51.222.253.16 - - [10/Nov/2022:02:37:09 -0800] "GET /class54/busan11c.jpg HTTP/1.1" 200 35025 "-" "Mozilla/5.0 (compatible; AhrefsBot/7.0; +http://ahrefs.com/robot/)" "www.ysfine.com"
51.222.253.14 - - [10/Nov/2022:02:37:17 -0800] "GET /home/eink77c.jpg HTTP/1.1" 200 47471 "-" "Mozilla/5.0 (compatible; AhrefsBot/7.0; +http://ahrefs.com/robot/)" "www.ysfine.com"
51.222.253.11 - - [10/Nov/2022:02:37:26 -0800] "GET /style/stalin11c.jpg HTTP/1.1" 200 54979 "-" "Mozilla/5.0 (compatible; AhrefsBot/7.0; +http://ahrefs.com/robot/)" "www.ysfine.com"
123.21.246.130 - - [10/Nov/2022:02:37:39 -0800] "GET /maga/phys/schrod07.jpg HTTP/1.1" 200 83845 "https://vn.images.search.yahoo.com/search/images;_ylt=AwrKCbzQ02xjHMUsW4BtUwx.;_ylu=c2VjA3NlYXJjaARzbGsDYnV0dG9u;_ylc=X1MDMjExNDczNzAwNQRfcgMyBGZyA21jYWZlZQRmcjIDcDpzLHY6aSxtOnNiLXRvcARncHJpZANfaHV2RTY5U1FPRzI5NnVIN0lMeEhBBG5fcnNsdAMwBG5fc3VnZwMwBG9yaWdpbgN2bi5pbWFnZXMuc2VhcmNoLnlhaG9vLmNvbQRwb3MDMARwcXN0cgMEcHFzdHJsAzAEcXN0cmwDMTAEcXVlcnkDY2hyb2RpbmdlcgR0X3N0bXADMTY2ODA3NjYwMw--?p=chrodinger&fr=mcafee&fr2=p%3As%2Cv%3Ai%2Cm%3Asb-top&ei=UTF-8&x=wrt&type=E211VN1441G0" "Mozilla/5.0 (Windows NT 10.0; Win64; x64) AppleWebKit/537.36 (KHTML, like Gecko) Chrome/107.0.0.0 Safari/537.36" "www.ysfine.com"
77.88.5.245 - - [10/Nov/2022:02:37:54 -0800] "GET /robots.txt HTTP/1.1" 404 73 "-" "Mozilla/5.0 (compatible; YandexBot/3.0; +http://yandex.com/bots)" "www.ysfine.com"
51.222.253.9 - - [10/Nov/2022:02:37:57 -0800] "GET /style/khrushchev58c.jpg HTTP/1.1" 200 63669 "-" "Mozilla/5.0 (compatible; AhrefsBot/7.0; +http://ahrefs.com/robot/)" "www.ysfine.com"
93.158.161.40 - - [10/Nov/2022:02:37:57 -0800] "GET /kobak/rhee12.jpg HTTP/1.1" 304 - "-" "Mozilla/5.0 (compatible; YandexImages/3.0; +http://yandex.com/bots)" "www.ysfine.com"
157.55.39.129 - - [10/Nov/2022:02:38:21 -0800] "GET /bio/more.html HTTP/1.1" 404 88 "-" "Mozilla/5.0 (compatible; bingbot/2.0; +http://www.bing.com/bingbot.htm)" "ysfine.com"
20.106.28.16 - - [10/Nov/2022:02:38:34 -0800] "GET /eink/lorentz21c.jpg HTTP/1.1" 200 36448 "https://ysfine.com/eink" "Mozilla/5.0 (Macintosh; Intel Mac OS X 10_11_6) AppleWebKit/605.1.15 (KHTML, like Gecko) Version/11.1.2 Safari/605.1.15" "ysfine.com"
40.77.51.81 - - [10/Nov/2022:02:38:35 -0800] "GET /wdc/umdbarn12.jpg HTTP/1.1" 404 88 "https://ysfine.com/wdc" "Mozilla/5.0 (Macintosh; Intel Mac OS X 10_11_6) AppleWebKit/605.1.15 (KHTML, like Gecko) Version/11.1.2 Safari/605.1.15" "ysfine.com"
157.55.39.76 - - [10/Nov/2022:02:38:36 -0800] "GET /world/baltic/lithu04b.jpg HTTP/1.1" 200 36043 "-" "Mozilla/5.0 AppleWebKit/537.36 (KHTML, like Gecko; compatible; bingbot/2.0; +http://www.bing.com/bingbot.htm) Chrome/103.0.5060.134 Safari/537.36" "ysfine.com"
40.122.230.190 - - [10/Nov/2022:02:38:43 -0800] "GET /world/hungary/buda219b.jpg HTTP/1.1" 200 59745 "http://ysfine.com/world/hungary" "Mozilla/5.0 (iPhone; CPU iPhone OS 13_5_1 like Mac OS X) AppleWebKit/605.1.15 (KHTML, like Gecko) Version/13.1.1 Mobile/15E148 Safari/604.1" "ysfine.com"
207.46.13.128 - - [10/Nov/2022:02:38:49 -0800] "GET /bio/einstein/einkant.html HTTP/1.1" 404 88 "-" "Mozilla/5.0 (compatible; bingbot/2.0; +http://www.bing.com/bingbot.htm)" "ysfine.com"
51.222.253.13 - - [10/Nov/2022:02:38:56 -0800] "GET /style/khrushchev58c.jpg HTTP/1.1" 200 63669 "-" "Mozilla/5.0 (compatible; AhrefsBot/7.0; +http://ahrefs.com/robot/)" "www.ysfine.com"
51.222.253.10 - - [10/Nov/2022:02:39:02 -0800] "GET /kowar/tanks/tank03c.jpg HTTP/1.1" 200 48323 "-" "Mozilla/5.0 (compatible; AhrefsBot/7.0; +http://ahrefs.com/robot/)" "www.ysfine.com"
51.222.253.14 - - [10/Nov/2022:02:39:11 -0800] "GET /princeton/pgarden11c.jpg HTTP/1.1" 200 39219 "-" "Mozilla/5.0 (compatible; AhrefsBot/7.0; +http://ahrefs.com/robot/)" "www.ysfine.com"
51.222.253.13 - - [10/Nov/2022:02:39:18 -0800] "GET /class54/busan22c.jpg HTTP/1.1" 200 23692 "-" "Mozilla/5.0 (compatible; AhrefsBot/7.0; +http://ahrefs.com/robot/)" "www.ysfine.com"
51.222.253.2 - - [10/Nov/2022:02:39:24 -0800] "GET /style/oistrakh22c.jpg HTTP/1.1" 200 38199 "-" "Mozilla/5.0 (compatible; AhrefsBot/7.0; +http://ahrefs.com/robot/)" "www.ysfine.com"
20.29.110.170 - - [10/Nov/2022:02:40:12 -0800] "GET /world/france/sartsq21b.jpg HTTP/1.1" 200 49758 "http://ysfine.com/world/france" "Mozilla/5.0 (iPhone; CPU iPhone OS 13_5_1 like Mac OS X) AppleWebKit/605.1.15 (KHTML, like Gecko) Version/13.1.1 Mobile/15E148 Safari/604.1" "ysfine.com"
40.78.141.94 - - [10/Nov/2022:02:40:16 -0800] "GET /world/poland/uprise04b.jpg HTTP/1.1" 200 41581 "https://ysfine.com/world/poland" "Mozilla/5.0 (Linux; Android 10; SM-G960U) AppleWebKit/537.36 (KHTML, like Gecko) Chrome/88.0.4324.181 Mobile Safari/537.36" "ysfine.com"
51.222.253.11 - - [10/Nov/2022:02:40:23 -0800] "GET /style/oistrakh22c.jpg HTTP/1.1" 200 38199 "-" "Mozilla/5.0 (compatible; AhrefsBot/7.0; +http://ahrefs.com/robot/)" "www.ysfine.com"
51.222.253.1 - - [10/Nov/2022:02:40:24 -0800] "GET /class54/einmanga.html HTTP/1.1" 200 176 "-" "Mozilla/5.0 (compatible; AhrefsBot/7.0; +http://ahrefs.com/robot/)" "ysfine.com"
185.191.171.3 - - [10/Nov/2022:02:40:34 -0800] "GET /ysbio/maga/mellon.html HTTP/1.1" 404 88 "-" "Mozilla/5.0 (compatible; SemrushBot/7~bl; +http://www.semrush.com/bot.html)" "ysfine.com"
40.77.167.71 - - [10/Nov/2022:02:40:44 -0800] "GET /world/baltic/kalinmap33.jpg HTTP/1.1" 200 99379 "-" "Mozilla/5.0 (compatible; bingbot/2.0; +http://www.bing.com/bingbot.htm)" "ysfine.com"
150.244.199.139 - - [10/Nov/2022:02:41:09 -0800] "GET /maga/phys/naimar/pewk05.jpg HTTP/1.1" 200 94458 "https://www.google.com/" "Mozilla/5.0 (Linux; Android 10; SM-A705FN) AppleWebKit/537.36 (KHTML, like Gecko) Chrome/107.0.0.0 Mobile Safari/537.36" "ysfine.com"
20.12.191.74 - - [10/Nov/2022:02:42:08 -0800] "GET /style/cameras/fed3b.jpg HTTP/1.1" 200 42824 "https://ysfine.com/style/cameras" "Mozilla/5.0 (X11; Linux x86_64) AppleWebKit/537.36 (KHTML, like Gecko) Chrome/74.0.3729.169 Safari/537.36" "ysfine.com"
157.55.39.129 - - [10/Nov/2022:02:42:20 -0800] "GET /ysbio/feynman/index/html HTTP/1.1" 404 88 "-" "Mozilla/5.0 (compatible; bingbot/2.0; +http://www.bing.com/bingbot.htm)" "ysfine.com"
157.55.39.129 - - [10/Nov/2022:02:42:21 -0800] "GET /bio/optics.html HTTP/1.1" 404 88 "-" "Mozilla/5.0 (compatible; bingbot/2.0; +http://www.bing.com/bingbot.htm)" "ysfine.com"
185.191.171.16 - - [10/Nov/2022:02:42:37 -0800] "GET /maga/faraday.html HTTP/1.1" 200 6233 "-" "Mozilla/5.0 (compatible; SemrushBot/7~bl; +http://www.semrush.com/bot.html)" "www.ysfine.com"
34.205.85.214 - - [10/Nov/2022:02:43:06 -0800] "GET /robots.txt HTTP/1.1" 404 88 "-" "Apache-HttpClient/4.5.3 (Java/1.8.0_292)" "ysfine.com"
18.208.202.150 - - [10/Nov/2022:02:43:13 -0800] "GET / HTTP/1.1" 200 5283 "-" "Mozilla/5.0 (compatible; Newslitbot/0.1; +https://www.newslit.co)" "ysfine.com"
17.121.112.18 - - [10/Nov/2022:02:43:37 -0800] "GET /awards/index.html HTTP/1.1" 200 10083 "-" "Mozilla/5.0 (Macintosh; Intel Mac OS X 10_15_5) AppleWebKit/605.1.15 (KHTML, like Gecko) Version/13.1.1 Safari/605.1.15 (Applebot/0.1; +http://www.apple.com/go/applebot)" "ysfine.com"
207.46.13.107 - - [10/Nov/2022:02:44:05 -0800] "GET /ysbio/folks/service.html HTTP/1.1" 404 88 "-" "Mozilla/5.0 (compatible; bingbot/2.0; +http://www.bing.com/bingbot.htm)" "ysfine.com"
20.109.241.82 - - [10/Nov/2022:02:44:30 -0800] "GET /friends/aline/panam22b.jpg HTTP/1.1" 404 88 "http://ysfine.com/friends/aline" "Mozilla/5.0 (Windows NT 10.0; Win64; x64) AppleWebKit/537.36 (KHTML, like Gecko) Chrome/74.0.3729.157 Safari/537.36" "ysfine.com"
