71.178.208.102 - - [10/Nov/2022:01:03:50 -0800] "GET /style/cameras/fedt34c.jpg HTTP/1.1" 200 26884 "https://www.ysfine.com/style/leica.html" "Mozilla/5.0 (Windows NT 10.0; Win64; x64; rv:106.0) Gecko/20100101 Firefox/106.0" "www.ysfine.com"
71.178.208.102 - - [10/Nov/2022:01:03:50 -0800] "GET /style/cameras/fed5c.jpg HTTP/1.1" 200 35428 "https://www.ysfine.com/style/leica.html" "Mozilla/5.0 (Windows NT 10.0; Win64; x64; rv:106.0) Gecko/20100101 Firefox/106.0" "www.ysfine.com"
71.178.208.102 - - [10/Nov/2022:01:03:50 -0800] "GET /style/cameras/lumixfan11c.jpg HTTP/1.1" 200 35685 "https://www.ysfine.com/style/leica.html" "Mozilla/5.0 (Windows NT 10.0; Win64; x64; rv:106.0) Gecko/20100101 Firefox/106.0" "www.ysfine.com"
71.178.208.102 - - [10/Nov/2022:01:03:50 -0800] "GET /style/cameras/lumixfs15c.jpg HTTP/1.1" 200 29994 "https://www.ysfine.com/style/leica.html" "Mozilla/5.0 (Windows NT 10.0; Win64; x64; rv:106.0) Gecko/20100101 Firefox/106.0" "www.ysfine.com"
71.178.208.102 - - [10/Nov/2022:01:03:50 -0800] "GET /style/cameras/canonae11c.jpg HTTP/1.1" 200 38304 "https://www.ysfine.com/style/leica.html" "Mozilla/5.0 (Windows NT 10.0; Win64; x64; rv:106.0) Gecko/20100101 Firefox/106.0" "www.ysfine.com"
71.178.208.102 - - [10/Nov/2022:01:03:50 -0800] "GET /style/cameras/lumixfan22c.jpg HTTP/1.1" 200 38361 "https://www.ysfine.com/style/leica.html" "Mozilla/5.0 (Windows NT 10.0; Win64; x64; rv:106.0) Gecko/20100101 Firefox/106.0" "www.ysfine.com"
71.178.208.102 - - [10/Nov/2022:01:03:50 -0800] "GET /style/cameras/leicavlux11c.jpg HTTP/1.1" 200 39687 "https://www.ysfine.com/style/leica.html" "Mozilla/5.0 (Windows NT 10.0; Win64; x64; rv:106.0) Gecko/20100101 Firefox/106.0" "www.ysfine.com"
71.178.208.102 - - [10/Nov/2022:01:03:50 -0800] "GET /style/cameras/nanjinglx03c.jpg HTTP/1.1" 200 37071 "https://www.ysfine.com/style/leica.html" "Mozilla/5.0 (Windows NT 10.0; Win64; x64; rv:106.0) Gecko/20100101 Firefox/106.0" "www.ysfine.com"
71.178.208.102 - - [10/Nov/2022:01:03:50 -0800] "GET /style/cameras/phenix11c.jpg HTTP/1.1" 200 35944 "https://www.ysfine.com/style/leica.html" "Mozilla/5.0 (Windows NT 10.0; Win64; x64; rv:106.0) Gecko/20100101 Firefox/106.0" "www.ysfine.com"
71.178.208.102 - - [10/Nov/2022:01:03:50 -0800] "GET /style/cameras/lumixsys11c.jpg HTTP/1.1" 200 32520 "https://www.ysfine.com/style/leica.html" "Mozilla/5.0 (Windows NT 10.0; Win64; x64; rv:106.0) Gecko/20100101 Firefox/106.0" "www.ysfine.com"
71.178.208.102 - - [10/Nov/2022:01:03:50 -0800] "GET /style/cameras/ducks11c.jpg HTTP/1.1" 200 30397 "https://www.ysfine.com/style/leica.html" "Mozilla/5.0 (Windows NT 10.0; Win64; x64; rv:106.0) Gecko/20100101 Firefox/106.0" "www.ysfine.com"
71.178.208.102 - - [10/Nov/2022:01:03:50 -0800] "GET /style/cameras/temple11c.jpg HTTP/1.1" 200 34231 "https://www.ysfine.com/style/leica.html" "Mozilla/5.0 (Windows NT 10.0; Win64; x64; rv:106.0) Gecko/20100101 Firefox/106.0" "www.ysfine.com"
71.178.208.102 - - [10/Nov/2022:01:03:50 -0800] "GET /style/cameras/lumixsys55c.jpg HTTP/1.1" 200 26958 "https://www.ysfine.com/style/leica.html" "Mozilla/5.0 (Windows NT 10.0; Win64; x64; rv:106.0) Gecko/20100101 Firefox/106.0" "www.ysfine.com"
71.178.208.102 - - [10/Nov/2022:01:03:50 -0800] "GET /style/cameras/fedpho01c.jpg HTTP/1.1" 200 33623 "https://www.ysfine.com/style/leica.html" "Mozilla/5.0 (Windows NT 10.0; Win64; x64; rv:106.0) Gecko/20100101 Firefox/106.0" "www.ysfine.com"
71.178.208.102 - - [10/Nov/2022:01:03:50 -0800] "GET /style/cameras/lumixlf166c.jpg HTTP/1.1" 200 25301 "https://www.ysfine.com/style/leica.html" "Mozilla/5.0 (Windows NT 10.0; Win64; x64; rv:106.0) Gecko/20100101 Firefox/106.0" "www.ysfine.com"
71.178.208.102 - - [10/Nov/2022:01:03:50 -0800] "GET /style/cameras/blackwhite01c.jpg HTTP/1.1" 200 40386 "https://www.ysfine.com/style/leica.html" "Mozilla/5.0 (Windows NT 10.0; Win64; x64; rv:106.0) Gecko/20100101 Firefox/106.0" "www.ysfine.com"
71.178.208.102 - - [10/Nov/2022:01:03:50 -0800] "GET /style/cameras/lumixzs50c.jpg HTTP/1.1" 200 30616 "https://www.ysfine.com/style/leica.html" "Mozilla/5.0 (Windows NT 10.0; Win64; x64; rv:106.0) Gecko/20100101 Firefox/106.0" "www.ysfine.com"
71.178.208.102 - - [10/Nov/2022:01:03:50 -0800] "GET /style/cameras/beielemen11c.jpg HTTP/1.1" 200 30003 "https://www.ysfine.com/style/leica.html" "Mozilla/5.0 (Windows NT 10.0; Win64; x64; rv:106.0) Gecko/20100101 Firefox/106.0" "www.ysfine.com"
71.178.208.102 - - [10/Nov/2022:01:03:50 -0800] "GET /style/cameras/newhouse11c.jpg HTTP/1.1" 200 37696 "https://www.ysfine.com/style/leica.html" "Mozilla/5.0 (Windows NT 10.0; Win64; x64; rv:106.0) Gecko/20100101 Firefox/106.0" "www.ysfine.com"
71.178.208.102 - - [10/Nov/2022:01:03:50 -0800] "GET /world/balkan/ath002c.jpg HTTP/1.1" 200 44714 "https://www.ysfine.com/style/leica.html" "Mozilla/5.0 (Windows NT 10.0; Win64; x64; rv:106.0) Gecko/20100101 Firefox/106.0" "www.ysfine.com"
71.178.208.102 - - [10/Nov/2022:01:03:50 -0800] "GET /style/cameras/fedindoor11c.jpg HTTP/1.1" 200 34881 "https://www.ysfine.com/style/leica.html" "Mozilla/5.0 (Windows NT 10.0; Win64; x64; rv:106.0) Gecko/20100101 Firefox/106.0" "www.ysfine.com"
71.178.208.102 - - [10/Nov/2022:01:03:50 -0800] "GET /style/cameras/leicavlux22c.jpg HTTP/1.1" 200 32706 "https://www.ysfine.com/style/leica.html" "Mozilla/5.0 (Windows NT 10.0; Win64; x64; rv:106.0) Gecko/20100101 Firefox/106.0" "www.ysfine.com"
71.178.208.102 - - [10/Nov/2022:01:03:50 -0800] "GET /kowar/tanks/carbine55c.jpg HTTP/1.1" 200 17216 "https://www.ysfine.com/style/leica.html" "Mozilla/5.0 (Windows NT 10.0; Win64; x64; rv:106.0) Gecko/20100101 Firefox/106.0" "www.ysfine.com"
71.178.208.102 - - [10/Nov/2022:01:03:50 -0800] "GET /style/cameras/deer11c.jpg HTTP/1.1" 200 23535 "https://www.ysfine.com/style/leica.html" "Mozilla/5.0 (Windows NT 10.0; Win64; x64; rv:106.0) Gecko/20100101 Firefox/106.0" "www.ysfine.com"
71.178.208.102 - - [10/Nov/2022:01:03:50 -0800] "GET /style/cameras/skagen11c.jpg HTTP/1.1" 200 45803 "https://www.ysfine.com/style/leica.html" "Mozilla/5.0 (Windows NT 10.0; Win64; x64; rv:106.0) Gecko/20100101 Firefox/106.0" "www.ysfine.com"
71.178.208.102 - - [10/Nov/2022:01:03:50 -0800] "GET /style/cameras/hwanghae11c.jpg HTTP/1.1" 200 33279 "https://www.ysfine.com/style/leica.html" "Mozilla/5.0 (Windows NT 10.0; Win64; x64; rv:106.0) Gecko/20100101 Firefox/106.0" "www.ysfine.com"
71.178.208.102 - - [10/Nov/2022:01:03:50 -0800] "GET /style/cameras/japam11c.jpg HTTP/1.1" 200 35794 "https://www.ysfine.com/style/leica.html" "Mozilla/5.0 (Windows NT 10.0; Win64; x64; rv:106.0) Gecko/20100101 Firefox/106.0" "www.ysfine.com"
71.178.208.102 - - [10/Nov/2022:01:03:50 -0800] "GET /style/cameras/lumixlc40c.jpg HTTP/1.1" 200 26031 "https://www.ysfine.com/style/leica.html" "Mozilla/5.0 (Windows NT 10.0; Win64; x64; rv:106.0) Gecko/20100101 Firefox/106.0" "www.ysfine.com"
71.178.208.102 - - [10/Nov/2022:01:03:50 -0800] "GET /style/cameras/lumixlf133c.jpg HTTP/1.1" 200 27776 "https://www.ysfine.com/style/leica.html" "Mozilla/5.0 (Windows NT 10.0; Win64; x64; rv:106.0) Gecko/20100101 Firefox/106.0" "www.ysfine.com"
71.178.208.102 - - [10/Nov/2022:01:03:50 -0800] "GET /style/cameras/lumixsys22c.jpg HTTP/1.1" 200 27694 "https://www.ysfine.com/style/leica.html" "Mozilla/5.0 (Windows NT 10.0; Win64; x64; rv:106.0) Gecko/20100101 Firefox/106.0" "www.ysfine.com"
71.178.208.102 - - [10/Nov/2022:01:03:50 -0800] "GET /kowar/tanks/garand03c.jpg HTTP/1.1" 200 15423 "https://www.ysfine.com/style/leica.html" "Mozilla/5.0 (Windows NT 10.0; Win64; x64; rv:106.0) Gecko/20100101 Firefox/106.0" "www.ysfine.com"
71.178.208.102 - - [10/Nov/2022:01:03:50 -0800] "GET /style/cameras/towncenter11c.jpg HTTP/1.1" 200 32674 "https://www.ysfine.com/style/leica.html" "Mozilla/5.0 (Windows NT 10.0; Win64; x64; rv:106.0) Gecko/20100101 Firefox/106.0" "www.ysfine.com"
71.178.208.102 - - [10/Nov/2022:01:03:50 -0800] "GET /style/cameras/lumixsys33c.jpg HTTP/1.1" 200 32860 "https://www.ysfine.com/style/leica.html" "Mozilla/5.0 (Windows NT 10.0; Win64; x64; rv:106.0) Gecko/20100101 Firefox/106.0" "www.ysfine.com"
71.178.208.102 - - [10/Nov/2022:01:03:50 -0800] "GET /style/cameras/rolex11c.jpg HTTP/1.1" 200 44213 "https://www.ysfine.com/style/leica.html" "Mozilla/5.0 (Windows NT 10.0; Win64; x64; rv:106.0) Gecko/20100101 Firefox/106.0" "www.ysfine.com"
71.178.208.102 - - [10/Nov/2022:01:03:50 -0800] "GET /style/cameras/lumixfx6c.jpg HTTP/1.1" 200 31011 "https://www.ysfine.com/style/leica.html" "Mozilla/5.0 (Windows NT 10.0; Win64; x64; rv:106.0) Gecko/20100101 Firefox/106.0" "www.ysfine.com"
71.178.208.102 - - [10/Nov/2022:01:04:03 -0800] "GET /awards/index.html HTTP/1.1" 304 - "https://www.ysfine.com/bio09.html" "Mozilla/5.0 (Windows NT 10.0; Win64; x64; rv:106.0) Gecko/20100101 Firefox/106.0" "www.ysfine.com"
71.178.208.102 - - [10/Nov/2022:01:04:03 -0800] "GET /awards/timeline11f.jpg HTTP/1.1" 200 169039 "https://www.ysfine.com/awards/index.html" "Mozilla/5.0 (Windows NT 10.0; Win64; x64; rv:106.0) Gecko/20100101 Firefox/106.0" "www.ysfine.com"
71.178.208.102 - - [10/Nov/2022:01:04:03 -0800] "GET /awards/feygell01d.jpg HTTP/1.1" 200 31895 "https://www.ysfine.com/awards/index.html" "Mozilla/5.0 (Windows NT 10.0; Win64; x64; rv:106.0) Gecko/20100101 Firefox/106.0" "www.ysfine.com"
71.178.208.102 - - [10/Nov/2022:01:04:03 -0800] "GET /ysbio/marquis/marq12d.jpg HTTP/1.1" 404 88 "https://www.ysfine.com/awards/index.html" "Mozilla/5.0 (Windows NT 10.0; Win64; x64; rv:106.0) Gecko/20100101 Firefox/106.0" "www.ysfine.com"
71.178.208.102 - - [10/Nov/2022:01:04:03 -0800] "GET /awards/whoswho22f.jpg HTTP/1.1" 200 106044 "https://www.ysfine.com/awards/index.html" "Mozilla/5.0 (Windows NT 10.0; Win64; x64; rv:106.0) Gecko/20100101 Firefox/106.0" "www.ysfine.com"
71.178.208.102 - - [10/Nov/2022:01:04:03 -0800] "GET /awards/bridge22f.jpg HTTP/1.1" 200 98225 "https://www.ysfine.com/awards/index.html" "Mozilla/5.0 (Windows NT 10.0; Win64; x64; rv:106.0) Gecko/20100101 Firefox/106.0" "www.ysfine.com"
71.178.208.102 - - [10/Nov/2022:01:04:03 -0800] "GET /awards/fortune21f.jpg HTTP/1.1" 200 234815 "https://www.ysfine.com/awards/index.html" "Mozilla/5.0 (Windows NT 10.0; Win64; x64; rv:106.0) Gecko/20100101 Firefox/106.0" "www.ysfine.com"
71.178.208.102 - - [10/Nov/2022:01:04:03 -0800] "GET /awards/acs20f.jpg HTTP/1.1" 200 145842 "https://www.ysfine.com/awards/index.html" "Mozilla/5.0 (Windows NT 10.0; Win64; x64; rv:106.0) Gecko/20100101 Firefox/106.0" "www.ysfine.com"
71.178.208.102 - - [10/Nov/2022:01:04:03 -0800] "GET /awards/truck20d.jpg HTTP/1.1" 200 43868 "https://www.ysfine.com/awards/index.html" "Mozilla/5.0 (Windows NT 10.0; Win64; x64; rv:106.0) Gecko/20100101 Firefox/106.0" "www.ysfine.com"
71.178.208.102 - - [10/Nov/2022:01:04:03 -0800] "GET /eink/pwk450.jpg HTTP/1.1" 200 84974 "https://www.ysfine.com/awards/index.html" "Mozilla/5.0 (Windows NT 10.0; Win64; x64; rv:106.0) Gecko/20100101 Firefox/106.0" "www.ysfine.com"
71.178.208.102 - - [10/Nov/2022:01:04:03 -0800] "GET /awards/wsj21f.jpg HTTP/1.1" 200 172238 "https://www.ysfine.com/awards/index.html" "Mozilla/5.0 (Windows NT 10.0; Win64; x64; rv:106.0) Gecko/20100101 Firefox/106.0" "www.ysfine.com"
71.178.208.102 - - [10/Nov/2022:01:04:03 -0800] "GET /awards/timessq11d.jpg HTTP/1.1" 200 105546 "https://www.ysfine.com/awards/index.html" "Mozilla/5.0 (Windows NT 10.0; Win64; x64; rv:106.0) Gecko/20100101 Firefox/106.0" "www.ysfine.com"
71.178.208.102 - - [10/Nov/2022:01:04:03 -0800] "GET /awards/acs96f.jpg HTTP/1.1" 200 118636 "https://www.ysfine.com/awards/index.html" "Mozilla/5.0 (Windows NT 10.0; Win64; x64; rv:106.0) Gecko/20100101 Firefox/106.0" "www.ysfine.com"
71.178.208.102 - - [10/Nov/2022:01:04:03 -0800] "GET /home/yspr61d.jpg HTTP/1.1" 200 64126 "https://www.ysfine.com/awards/index.html" "Mozilla/5.0 (Windows NT 10.0; Win64; x64; rv:106.0) Gecko/20100101 Firefox/106.0" "www.ysfine.com"
71.178.208.102 - - [10/Nov/2022:01:04:03 -0800] "GET /awards/marq/hemis21f.jpg HTTP/1.1" 200 180095 "https://www.ysfine.com/awards/index.html" "Mozilla/5.0 (Windows NT 10.0; Win64; x64; rv:106.0) Gecko/20100101 Firefox/106.0" "www.ysfine.com"
71.178.208.102 - - [10/Nov/2022:01:04:03 -0800] "GET /awards/marq/marq22f.jpg HTTP/1.1" 200 142401 "https://www.ysfine.com/awards/index.html" "Mozilla/5.0 (Windows NT 10.0; Win64; x64; rv:106.0) Gecko/20100101 Firefox/106.0" "www.ysfine.com"
71.178.208.102 - - [10/Nov/2022:01:04:03 -0800] "GET /awards/einbohr25d.jpg HTTP/1.1" 200 49476 "https://www.ysfine.com/awards/index.html" "Mozilla/5.0 (Windows NT 10.0; Win64; x64; rv:106.0) Gecko/20100101 Firefox/106.0" "www.ysfine.com"
71.178.208.102 - - [10/Nov/2022:01:04:03 -0800] "GET /awards/top100d.jpg HTTP/1.1" 200 74998 "https://www.ysfine.com/awards/index.html" "Mozilla/5.0 (Windows NT 10.0; Win64; x64; rv:106.0) Gecko/20100101 Firefox/106.0" "www.ysfine.com"
71.178.208.102 - - [10/Nov/2022:01:04:03 -0800] "GET /awards/acs55f.jpg HTTP/1.1" 200 83340 "https://www.ysfine.com/awards/index.html" "Mozilla/5.0 (Windows NT 10.0; Win64; x64; rv:106.0) Gecko/20100101 Firefox/106.0" "www.ysfine.com"
71.178.208.102 - - [10/Nov/2022:01:04:03 -0800] "GET /kobak/taylor400.jpg HTTP/1.1" 200 56181 "https://www.ysfine.com/awards/index.html" "Mozilla/5.0 (Windows NT 10.0; Win64; x64; rv:106.0) Gecko/20100101 Firefox/106.0" "www.ysfine.com"
71.178.208.102 - - [10/Nov/2022:01:04:03 -0800] "GET /eink/eink54f.jpg HTTP/1.1" 200 98068 "https://www.ysfine.com/awards/index.html" "Mozilla/5.0 (Windows NT 10.0; Win64; x64; rv:106.0) Gecko/20100101 Firefox/106.0" "www.ysfine.com"
71.178.208.102 - - [10/Nov/2022:01:04:08 -0800] "GET /favicon.ico HTTP/1.1" 404 88 "https://www.ysfine.com/bio09.html" "Mozilla/5.0 (Windows NT 10.0; Win64; x64; rv:106.0) Gecko/20100101 Firefox/106.0" "www.ysfine.com"
40.77.51.84 - - [10/Nov/2022:01:04:18 -0800] "GET /kobak/sl628b.jpg HTTP/1.1" 200 30239 "https://ysfine.com/kobak" "Mozilla/5.0 (Linux; Android 10; SM-G960U) AppleWebKit/537.36 (KHTML, like Gecko) Chrome/88.0.4324.181 Mobile Safari/537.36" "ysfine.com"
207.46.13.107 - - [10/Nov/2022:01:04:26 -0800] "GET /maga/phys/poinsf/frame39.html HTTP/1.1" 200 323 "-" "Mozilla/5.0 AppleWebKit/537.36 (KHTML, like Gecko; compatible; bingbot/2.0; +http://www.bing.com/bingbot.htm) Chrome/103.0.5060.134 Safari/537.36" "ysfine.com"
185.191.171.11 - - [10/Nov/2022:01:04:33 -0800] "GET /ysbio/beau/russian.html HTTP/1.1" 404 88 "-" "Mozilla/5.0 (compatible; SemrushBot/7~bl; +http://www.semrush.com/bot.html)" "www.ysfine.com"
40.122.230.190 - - [10/Nov/2022:01:04:34 -0800] "GET /einstein/gfchew11b.jpg HTTP/1.1" 200 26096 "http://ysfine.com/einstein" "Mozilla/5.0 (iPhone; CPU iPhone OS 13_5_1 like Mac OS X) AppleWebKit/605.1.15 (KHTML, like Gecko) Version/13.1.1 Mobile/15E148 Safari/604.1" "ysfine.com"
71.178.208.102 - - [10/Nov/2022:01:04:55 -0800] "GET /bio09.html HTTP/1.1" 200 3561 "-" "Mozilla/5.0 (Windows NT 10.0; Win64; x64; rv:106.0) Gecko/20100101 Firefox/106.0" "www.ysfine.com"
71.178.208.102 - - [10/Nov/2022:01:04:55 -0800] "GET /philo/kant33c.jpg HTTP/1.1" 404 88 "https://www.ysfine.com/bio09.html" "Mozilla/5.0 (Windows NT 10.0; Win64; x64; rv:106.0) Gecko/20100101 Firefox/106.0" "www.ysfine.com"
71.178.208.102 - - [10/Nov/2022:01:04:55 -0800] "GET /philo/hegelhaus11c.jpg HTTP/1.1" 404 88 "https://www.ysfine.com/bio09.html" "Mozilla/5.0 (Windows NT 10.0; Win64; x64; rv:106.0) Gecko/20100101 Firefox/106.0" "www.ysfine.com"
71.178.208.102 - - [10/Nov/2022:01:04:55 -0800] "GET /favicon.ico HTTP/1.1" 404 88 "https://www.ysfine.com/bio09.html" "Mozilla/5.0 (Windows NT 10.0; Win64; x64; rv:106.0) Gecko/20100101 Firefox/106.0" "www.ysfine.com"
40.86.101.252 - - [10/Nov/2022:01:05:02 -0800] "GET /einstein/einbohr33c.jpg HTTP/1.1" 200 36410 "https://ysfine.com/einstein" "Mozilla/5.0 (Macintosh; Intel Mac OS X 10_11_6) AppleWebKit/605.1.15 (KHTML, like Gecko) Version/11.1.2 Safari/605.1.15" "ysfine.com"
71.178.208.102 - - [10/Nov/2022:01:05:16 -0800] "GET /world/stuttgart.html HTTP/1.1" 200 4926 "https://www.ysfine.com/bio09.html" "Mozilla/5.0 (Windows NT 10.0; Win64; x64; rv:106.0) Gecko/20100101 Firefox/106.0" "www.ysfine.com"
71.178.208.102 - - [10/Nov/2022:01:05:16 -0800] "GET /world/france/champbenz05b.jpg HTTP/1.1" 200 49074 "https://www.ysfine.com/world/stuttgart.html" "Mozilla/5.0 (Windows NT 10.0; Win64; x64; rv:106.0) Gecko/20100101 Firefox/106.0" "www.ysfine.com"
71.178.208.102 - - [10/Nov/2022:01:05:16 -0800] "GET /world/germany/benz17b.jpg HTTP/1.1" 200 37137 "https://www.ysfine.com/world/stuttgart.html" "Mozilla/5.0 (Windows NT 10.0; Win64; x64; rv:106.0) Gecko/20100101 Firefox/106.0" "www.ysfine.com"
71.178.208.102 - - [10/Nov/2022:01:05:16 -0800] "GET /world/germany/benz09b.jpg HTTP/1.1" 200 34235 "https://www.ysfine.com/world/stuttgart.html" "Mozilla/5.0 (Windows NT 10.0; Win64; x64; rv:106.0) Gecko/20100101 Firefox/106.0" "www.ysfine.com"
71.178.208.102 - - [10/Nov/2022:01:05:16 -0800] "GET /world/germany/stutt07b.jpg HTTP/1.1" 200 49021 "https://www.ysfine.com/world/stuttgart.html" "Mozilla/5.0 (Windows NT 10.0; Win64; x64; rv:106.0) Gecko/20100101 Firefox/106.0" "www.ysfine.com"
71.178.208.102 - - [10/Nov/2022:01:05:16 -0800] "GET /world/germany/stutt20b.jpg HTTP/1.1" 200 45279 "https://www.ysfine.com/world/stuttgart.html" "Mozilla/5.0 (Windows NT 10.0; Win64; x64; rv:106.0) Gecko/20100101 Firefox/106.0" "www.ysfine.com"
71.178.208.102 - - [10/Nov/2022:01:05:16 -0800] "GET /world/germany/stutt23b.jpg HTTP/1.1" 200 53397 "https://www.ysfine.com/world/stuttgart.html" "Mozilla/5.0 (Windows NT 10.0; Win64; x64; rv:106.0) Gecko/20100101 Firefox/106.0" "www.ysfine.com"
71.178.208.102 - - [10/Nov/2022:01:05:16 -0800] "GET /world/germany/benz10b.jpg HTTP/1.1" 200 44587 "https://www.ysfine.com/world/stuttgart.html" "Mozilla/5.0 (Windows NT 10.0; Win64; x64; rv:106.0) Gecko/20100101 Firefox/106.0" "www.ysfine.com"
71.178.208.102 - - [10/Nov/2022:01:05:16 -0800] "GET /world/germany/benz22b.jpg HTTP/1.1" 200 31078 "https://www.ysfine.com/world/stuttgart.html" "Mozilla/5.0 (Windows NT 10.0; Win64; x64; rv:106.0) Gecko/20100101 Firefox/106.0" "www.ysfine.com"
71.178.208.102 - - [10/Nov/2022:01:05:16 -0800] "GET /world/germany/benz13b.jpg HTTP/1.1" 200 43607 "https://www.ysfine.com/world/stuttgart.html" "Mozilla/5.0 (Windows NT 10.0; Win64; x64; rv:106.0) Gecko/20100101 Firefox/106.0" "www.ysfine.com"
71.178.208.102 - - [10/Nov/2022:01:05:16 -0800] "GET /world/germany/benz15b.jpg HTTP/1.1" 200 46279 "https://www.ysfine.com/world/stuttgart.html" "Mozilla/5.0 (Windows NT 10.0; Win64; x64; rv:106.0) Gecko/20100101 Firefox/106.0" "www.ysfine.com"
71.178.208.102 - - [10/Nov/2022:01:05:16 -0800] "GET /world/germany/stutt02b.jpg HTTP/1.1" 200 43242 "https://www.ysfine.com/world/stuttgart.html" "Mozilla/5.0 (Windows NT 10.0; Win64; x64; rv:106.0) Gecko/20100101 Firefox/106.0" "www.ysfine.com"
157.55.39.129 - - [10/Nov/2022:01:05:53 -0800] "GET /bio/more.html HTTP/1.1" 404 88 "-" "Mozilla/5.0 AppleWebKit/537.36 (KHTML, like Gecko; compatible; bingbot/2.0; +http://www.bing.com/bingbot.htm) Chrome/103.0.5060.134 Safari/537.36" "ysfine.com"
185.191.171.22 - - [10/Nov/2022:01:06:00 -0800] "GET /heisen/einheisen00.html HTTP/1.1" 200 5149 "-" "Mozilla/5.0 (compatible; SemrushBot/7~bl; +http://www.semrush.com/bot.html)" "www.ysfine.com"
34.198.236.55 - - [10/Nov/2022:01:06:01 -0800] "GET /world/germany/hegel03.jpg HTTP/1.1" 200 211480 "-" "Mozilla/5.0 (X11; Ubuntu; Linux x86_64; rv:72.0) Gecko/20100101 Firefox/72.0" "ysfine.com"
40.86.101.252 - - [10/Nov/2022:01:06:30 -0800] "GET /world/russ/dnepro22c.jpg HTTP/1.1" 200 34157 "https://ysfine.com/world/russ" "Mozilla/5.0 (iPhone; CPU iPhone OS 13_5_1 like Mac OS X) AppleWebKit/605.1.15 (KHTML, like Gecko) Version/13.1.1 Mobile/15E148 Safari/604.1" "ysfine.com"
185.191.171.24 - - [10/Nov/2022:01:06:31 -0800] "GET /einstein/ewk.html HTTP/1.1" 200 4230 "-" "Mozilla/5.0 (compatible; SemrushBot/7~bl; +http://www.semrush.com/bot.html)" "ysfine.com"
216.244.66.229 - - [10/Nov/2022:01:06:44 -0800] "GET /ffriends/amkor/erico11.jpg HTTP/1.1" 200 94109 "-" "Mozilla/5.0 (compatible; DotBot/1.2; +https://opensiteexplorer.org/dotbot; help@moz.com)" "ysfine.com"
157.55.39.76 - - [10/Nov/2022:01:06:56 -0800] "GET /einstein/places/einhaus11.jpg HTTP/1.1" 200 166716 "-" "Mozilla/5.0 (compatible; bingbot/2.0; +http://www.bing.com/bingbot.htm)" "www.ysfine.com"
40.77.167.71 - - [10/Nov/2022:01:07:14 -0800] "GET /wdc/reagan03a.jpg HTTP/1.1" 200 75902 "-" "Mozilla/5.0 (compatible; bingbot/2.0; +http://www.bing.com/bingbot.htm)" "www.ysfine.com"
216.244.66.229 - - [10/Nov/2022:01:07:15 -0800] "GET /class54/class5470/total_data/sub_127.htm HTTP/1.1" 200 12882 "-" "Mozilla/5.0 (compatible; DotBot/1.2; +https://opensiteexplorer.org/dotbot; help@moz.com)" "ysfine.com"
20.12.191.73 - - [10/Nov/2022:01:07:27 -0800] "GET /style/bachkova11b.jpg HTTP/1.1" 200 45475 "https://www.ysfine.com/style" "Mozilla/5.0 (X11; Linux x86_64) AppleWebKit/537.36 (KHTML, like Gecko) Chrome/74.0.3729.169 Safari/537.36" "www.ysfine.com"
207.46.13.128 - - [10/Nov/2022:01:07:29 -0800] "GET /world/brit/picca22.jpg HTTP/1.1" 200 116782 "-" "Mozilla/5.0 AppleWebKit/537.36 (KHTML, like Gecko; compatible; bingbot/2.0; +http://www.bing.com/bingbot.htm) Chrome/103.0.5060.134 Safari/537.36" "ysfine.com"
216.244.66.229 - - [10/Nov/2022:01:08:03 -0800] "GET /people/noz75.jpg HTTP/1.1" 200 77158 "-" "Mozilla/5.0 (compatible; DotBot/1.2; +https://opensiteexplorer.org/dotbot; help@moz.com)" "ysfine.com"
20.29.110.168 - - [10/Nov/2022:01:08:18 -0800] "GET /style/musee/britmu11b.jpg HTTP/1.1" 200 38347 "https://ysfine.com/style/musee" "Mozilla/5.0 (Macintosh; Intel Mac OS X 10_11_6) AppleWebKit/605.1.15 (KHTML, like Gecko) Version/11.1.2 Safari/605.1.15" "ysfine.com"
207.46.13.128 - - [10/Nov/2022:01:08:50 -0800] "GET /bio/pquartet.html HTTP/1.1" 404 88 "-" "Mozilla/5.0 AppleWebKit/537.36 (KHTML, like Gecko; compatible; bingbot/2.0; +http://www.bing.com/bingbot.htm) Chrome/103.0.5060.134 Safari/537.36" "ysfine.com"
118.218.52.62 - - [10/Nov/2022:01:09:44 -0800] "GET /jobs/koreaj.html HTTP/1.1" 200 10214 "https://www.google.co.kr/" "Mozilla/5.0 (Linux; Android 10; SAMSUNG SM-G960N) AppleWebKit/537.36 (KHTML, like Gecko) SamsungBrowser/19.0 Chrome/102.0.5005.125 Mobile Safari/537.36" "ysfine.com"
118.218.52.62 - - [10/Nov/2022:01:09:45 -0800] "GET /jobs/koreaj11b.jpg HTTP/1.1" 200 67543 "https://ysfine.com/jobs/koreaj.html" "Mozilla/5.0 (Linux; Android 10; SAMSUNG SM-G960N) AppleWebKit/537.36 (KHTML, like Gecko) SamsungBrowser/19.0 Chrome/102.0.5005.125 Mobile Safari/537.36" "ysfine.com"
216.244.66.229 - - [10/Nov/2022:01:09:45 -0800] "GET /wigner/narco.jpg HTTP/1.1" 200 95166 "-" "Mozilla/5.0 (compatible; DotBot/1.2; +https://opensiteexplorer.org/dotbot; help@moz.com)" "ysfine.com"
118.218.52.62 - - [10/Nov/2022:01:09:45 -0800] "GET /favicon.ico HTTP/1.1" 404 88 "https://ysfine.com/jobs/koreaj.html" "Mozilla/5.0 (Linux; Android 10; SAMSUNG SM-G960N) AppleWebKit/537.36 (KHTML, like Gecko) SamsungBrowser/19.0 Chrome/102.0.5005.125 Mobile Safari/537.36" "ysfine.com"
40.77.167.71 - - [10/Nov/2022:01:10:35 -0800] "GET / HTTP/1.1" 200 5283 "-" "Mozilla/5.0 (compatible; bingbot/2.0; +http://www.bing.com/bingbot.htm)" "www.ysfine.com"
185.191.171.3 - - [10/Nov/2022:01:11:59 -0800] "GET /ysbio/style/songs.html HTTP/1.1" 404 88 "-" "Mozilla/5.0 (compatible; SemrushBot/7~bl; +http://www.semrush.com/bot.html)" "ysfine.com"
71.178.208.102 - - [10/Nov/2022:01:12:30 -0800] "GET /bio09.html HTTP/1.1" 200 3557 "-" "Mozilla/5.0 (Windows NT 10.0; Win64; x64; rv:106.0) Gecko/20100101 Firefox/106.0" "www.ysfine.com"
71.178.208.102 - - [10/Nov/2022:01:12:30 -0800] "GET /home/philo/kant33c.jpg HTTP/1.1" 200 47218 "https://www.ysfine.com/bio09.html" "Mozilla/5.0 (Windows NT 10.0; Win64; x64; rv:106.0) Gecko/20100101 Firefox/106.0" "www.ysfine.com"
71.178.208.102 - - [10/Nov/2022:01:12:30 -0800] "GET /home/philo/hegelhaus11c.jpg HTTP/1.1" 200 37063 "https://www.ysfine.com/bio09.html" "Mozilla/5.0 (Windows NT 10.0; Win64; x64; rv:106.0) Gecko/20100101 Firefox/106.0" "www.ysfine.com"
71.178.208.102 - - [10/Nov/2022:01:12:30 -0800] "GET /favicon.ico HTTP/1.1" 404 88 "https://www.ysfine.com/bio09.html" "Mozilla/5.0 (Windows NT 10.0; Win64; x64; rv:106.0) Gecko/20100101 Firefox/106.0" "www.ysfine.com"
207.46.13.107 - - [10/Nov/2022:01:12:36 -0800] "GET /bio/kobak/rifles.html HTTP/1.1" 404 88 "-" "Mozilla/5.0 (compatible; bingbot/2.0; +http://www.bing.com/bingbot.htm)" "ysfine.com"
157.55.39.129 - - [10/Nov/2022:01:13:13 -0800] "GET /philo/sartre66.jpg HTTP/1.1" 200 239329 "-" "Mozilla/5.0 (compatible; adidxbot/2.0; +http://www.bing.com/bingbot.htm)" "ysfine.com"
20.29.110.170 - - [10/Nov/2022:01:13:39 -0800] "GET /newyork/trump02b.jpg HTTP/1.1" 200 61147 "https://ysfine.com/newyork" "Mozilla/5.0 (X11; Linux x86_64) AppleWebKit/537.36 (KHTML, like Gecko) Chrome/74.0.3729.169 Safari/537.36" "ysfine.com"
71.178.208.102 - - [10/Nov/2022:01:13:46 -0800] "GET /bio10.html HTTP/1.1" 200 4225 "-" "Mozilla/5.0 (Windows NT 10.0; Win64; x64; rv:106.0) Gecko/20100101 Firefox/106.0" "www.ysfine.com"
71.178.208.102 - - [10/Nov/2022:01:13:47 -0800] "GET /ysnr11c.jpg HTTP/1.1" 404 88 "https://www.ysfine.com/bio10.html" "Mozilla/5.0 (Windows NT 10.0; Win64; x64; rv:106.0) Gecko/20100101 Firefox/106.0" "www.ysfine.com"
71.178.208.102 - - [10/Nov/2022:01:13:47 -0800] "GET /fotos/eins05d.jpg HTTP/1.1" 200 41012 "https://www.ysfine.com/bio10.html" "Mozilla/5.0 (Windows NT 10.0; Win64; x64; rv:106.0) Gecko/20100101 Firefox/106.0" "www.ysfine.com"
71.178.208.102 - - [10/Nov/2022:01:13:47 -0800] "GET /fotos/einbohr11d.jpg HTTP/1.1" 200 63963 "https://www.ysfine.com/bio10.html" "Mozilla/5.0 (Windows NT 10.0; Win64; x64; rv:106.0) Gecko/20100101 Firefox/106.0" "www.ysfine.com"
71.178.208.102 - - [10/Nov/2022:01:13:47 -0800] "GET /figs/evol77d.jpg HTTP/1.1" 200 66615 "https://www.ysfine.com/bio10.html" "Mozilla/5.0 (Windows NT 10.0; Win64; x64; rv:106.0) Gecko/20100101 Firefox/106.0" "www.ysfine.com"
71.178.208.102 - - [10/Nov/2022:01:13:47 -0800] "GET /ewk86f.jpg HTTP/1.1" 404 88 "https://www.ysfine.com/bio10.html" "Mozilla/5.0 (Windows NT 10.0; Win64; x64; rv:106.0) Gecko/20100101 Firefox/106.0" "www.ysfine.com"
71.178.208.102 - - [10/Nov/2022:01:13:47 -0800] "GET /fotos/bohr11d.jpg HTTP/1.1" 200 28973 "https://www.ysfine.com/bio10.html" "Mozilla/5.0 (Windows NT 10.0; Win64; x64; rv:106.0) Gecko/20100101 Firefox/106.0" "www.ysfine.com"
71.178.208.102 - - [10/Nov/2022:01:13:47 -0800] "GET /fotos/bridge11f.jpg HTTP/1.1" 200 104274 "https://www.ysfine.com/bio10.html" "Mozilla/5.0 (Windows NT 10.0; Win64; x64; rv:106.0) Gecko/20100101 Firefox/106.0" "www.ysfine.com"
71.178.208.102 - - [10/Nov/2022:01:13:58 -0800] "GET /ysbio/marquis/marq12d.jpg HTTP/1.1" 404 88 "https://www.ysfine.com/awards/index.html" "Mozilla/5.0 (Windows NT 10.0; Win64; x64; rv:106.0) Gecko/20100101 Firefox/106.0" "www.ysfine.com"
216.244.66.229 - - [10/Nov/2022:01:14:04 -0800] "GET /dirac/pspace33.jpg HTTP/1.1" 200 78800 "-" "Mozilla/5.0 (compatible; DotBot/1.2; +https://opensiteexplorer.org/dotbot; help@moz.com)" "ysfine.com"
73.2.219.230 - - [10/Nov/2022:01:14:13 -0800] "GET /maga/phys/solvayc27c.jpg HTTP/1.1" 200 53464 "https://www.google.com/" "Mozilla/5.0 (Windows NT 10.0; Win64; x64) AppleWebKit/537.36 (KHTML, like Gecko) Chrome/107.0.0.0 Safari/537.36" "ysfine.com"
216.244.66.229 - - [10/Nov/2022:01:14:30 -0800] "GET /kobak/roskei90.jpg HTTP/1.1" 200 110306 "-" "Mozilla/5.0 (compatible; DotBot/1.2; +https://opensiteexplorer.org/dotbot; help@moz.com)" "ysfine.com"
185.191.171.6 - - [10/Nov/2022:01:14:36 -0800] "GET /ysbio/pquartet.html HTTP/1.1" 404 88 "-" "Mozilla/5.0 (compatible; SemrushBot/7~bl; +http://www.semrush.com/bot.html)" "ysfine.com"
216.244.66.229 - - [10/Nov/2022:01:15:21 -0800] "GET /sbk/2002pr11.jpg HTTP/1.1" 200 165443 "-" "Mozilla/5.0 (compatible; DotBot/1.2; +https://opensiteexplorer.org/dotbot; help@moz.com)" "ysfine.com"
157.55.39.76 - - [10/Nov/2022:01:15:29 -0800] "GET /bio/awards/marq.html HTTP/1.1" 404 88 "-" "Mozilla/5.0 (compatible; bingbot/2.0; +http://www.bing.com/bingbot.htm)" "ysfine.com"
40.86.101.165 - - [10/Nov/2022:01:15:34 -0800] "GET /newyork/gwbr77c.jpg HTTP/1.1" 200 23925 "https://ysfine.com/newyork" "Mozilla/5.0 (Windows NT 10.0; Win64; x64) AppleWebKit/537.36 (KHTML, like Gecko) Chrome/74.0.3729.157 Safari/537.36" "ysfine.com"
135.181.75.58 - - [10/Nov/2022:01:16:01 -0800] "GET /robots.txt HTTP/1.1" 404 73 "-" "Mozilla/5.0 (compatible; MJ12bot/v1.4.8; http://mj12bot.com/)" "ysfine.com"
135.181.75.58 - - [10/Nov/2022:01:16:03 -0800] "GET /philo/sartre11.jpg HTTP/1.1" 200 164394 "-" "Mozilla/5.0 (compatible; MJ12bot/v1.4.8; http://mj12bot.com/)" "ysfine.com"
135.181.75.58 - - [10/Nov/2022:01:16:06 -0800] "GET /philo/sartre66.jpg HTTP/1.1" 200 239329 "-" "Mozilla/5.0 (compatible; MJ12bot/v1.4.8; http://mj12bot.com/)" "ysfine.com"
135.181.75.58 - - [10/Nov/2022:01:16:09 -0800] "GET /robots.txt HTTP/1.1" 404 73 "-" "Mozilla/5.0 (compatible; MJ12bot/v1.4.8; http://mj12bot.com/)" "ysfine.com"
216.244.66.229 - - [10/Nov/2022:01:16:11 -0800] "GET /sbk/2011igu22.jpg HTTP/1.1" 200 118393 "-" "Mozilla/5.0 (compatible; DotBot/1.2; +https://opensiteexplorer.org/dotbot; help@moz.com)" "ysfine.com"
135.181.75.58 - - [10/Nov/2022:01:16:14 -0800] "GET /einstein/ulm.html HTTP/1.1" 200 6713 "-" "Mozilla/5.0 (compatible; MJ12bot/v1.4.8; http://mj12bot.com/)" "ysfine.com"
135.181.75.58 - - [10/Nov/2022:01:16:19 -0800] "GET /robots.txt HTTP/1.1" 404 73 "-" "Mozilla/5.0 (compatible; MJ12bot/v1.4.8; http://mj12bot.com/)" "www.ysfine.com"
135.181.75.58 - - [10/Nov/2022:01:16:26 -0800] "GET /ysbio//folks/austra09.jpg HTTP/1.1" 404 88 "-" "Mozilla/5.0 (compatible; MJ12bot/v1.4.8; http://mj12bot.com/)" "www.ysfine.com"
135.181.75.58 - - [10/Nov/2022:01:16:36 -0800] "GET /ysbio//folks/austra10.jpg HTTP/1.1" 404 88 "-" "Mozilla/5.0 (compatible; MJ12bot/v1.4.8; http://mj12bot.com/)" "www.ysfine.com"
135.181.75.58 - - [10/Nov/2022:01:16:40 -0800] "GET /ysbio//folks/dmipak01.jpg HTTP/1.1" 404 88 "-" "Mozilla/5.0 (compatible; MJ12bot/v1.4.8; http://mj12bot.com/)" "www.ysfine.com"
71.178.208.102 - - [10/Nov/2022:01:16:45 -0800] "GET /bio10.html HTTP/1.1" 200 4223 "-" "Mozilla/5.0 (Windows NT 10.0; Win64; x64; rv:106.0) Gecko/20100101 Firefox/106.0" "www.ysfine.com"
71.178.208.102 - - [10/Nov/2022:01:16:45 -0800] "GET /ysnr11c.jpg HTTP/1.1" 404 88 "https://www.ysfine.com/bio10.html" "Mozilla/5.0 (Windows NT 10.0; Win64; x64; rv:106.0) Gecko/20100101 Firefox/106.0" "www.ysfine.com"
71.178.208.102 - - [10/Nov/2022:01:16:45 -0800] "GET /ewk86f.jpg HTTP/1.1" 404 88 "https://www.ysfine.com/bio10.html" "Mozilla/5.0 (Windows NT 10.0; Win64; x64; rv:106.0) Gecko/20100101 Firefox/106.0" "www.ysfine.com"
71.178.208.102 - - [10/Nov/2022:01:16:45 -0800] "GET /favicon.ico HTTP/1.1" 404 88 "https://www.ysfine.com/bio10.html" "Mozilla/5.0 (Windows NT 10.0; Win64; x64; rv:106.0) Gecko/20100101 Firefox/106.0" "www.ysfine.com"
135.181.75.58 - - [10/Nov/2022:01:16:46 -0800] "GET /ysbio//folks/mongo03.jpg HTTP/1.1" 404 88 "-" "Mozilla/5.0 (compatible; MJ12bot/v1.4.8; http://mj12bot.com/)" "www.ysfine.com"
135.181.75.58 - - [10/Nov/2022:01:16:50 -0800] "GET /ysbio//folks/mongo10.jpg HTTP/1.1" 404 88 "-" "Mozilla/5.0 (compatible; MJ12bot/v1.4.8; http://mj12bot.com/)" "www.ysfine.com"
135.181.75.58 - - [10/Nov/2022:01:16:58 -0800] "GET /ysbio//folks/philipine08.jpg HTTP/1.1" 404 88 "-" "Mozilla/5.0 (compatible; MJ12bot/v1.4.8; http://mj12bot.com/)" "www.ysfine.com"
216.244.66.229 - - [10/Nov/2022:01:17:02 -0800] "GET /sbk/2013kids02.jpg HTTP/1.1" 200 127551 "-" "Mozilla/5.0 (compatible; DotBot/1.2; +https://opensiteexplorer.org/dotbot; help@moz.com)" "ysfine.com"
135.181.75.58 - - [10/Nov/2022:01:17:04 -0800] "GET /ysbio//folks/victork11.jpg HTTP/1.1" 404 88 "-" "Mozilla/5.0 (compatible; MJ12bot/v1.4.8; http://mj12bot.com/)" "www.ysfine.com"
135.181.75.58 - - [10/Nov/2022:01:17:13 -0800] "GET /ysbio//folks/victork22.jpg HTTP/1.1" 404 88 "-" "Mozilla/5.0 (compatible; MJ12bot/v1.4.8; http://mj12bot.com/)" "www.ysfine.com"
135.181.75.58 - - [10/Nov/2022:01:17:17 -0800] "GET /ysbio//folks/victork33.jpg HTTP/1.1" 404 88 "-" "Mozilla/5.0 (compatible; MJ12bot/v1.4.8; http://mj12bot.com/)" "www.ysfine.com"
135.181.75.58 - - [10/Nov/2022:01:17:26 -0800] "GET /ysbio//folks/yyen11.jpg HTTP/1.1" 404 88 "-" "Mozilla/5.0 (compatible; MJ12bot/v1.4.8; http://mj12bot.com/)" "www.ysfine.com"
135.181.75.58 - - [10/Nov/2022:01:17:35 -0800] "GET /ysbio//usca/va/monti02.jpg HTTP/1.1" 404 88 "-" "Mozilla/5.0 (compatible; MJ12bot/v1.4.8; http://mj12bot.com/)" "www.ysfine.com"
40.86.101.254 - - [10/Nov/2022:01:17:37 -0800] "GET /maga/phil/further08b.jpg HTTP/1.1" 200 58023 "https://ysfine.com/maga/phil" "Mozilla/5.0 (Linux; Android 10; SM-G960U) AppleWebKit/537.36 (KHTML, like Gecko) Chrome/88.0.4324.181 Mobile Safari/537.36" "ysfine.com"
135.181.75.58 - - [10/Nov/2022:01:17:42 -0800] "GET /ysbio//usca/va/monti03.jpg HTTP/1.1" 404 88 "-" "Mozilla/5.0 (compatible; MJ12bot/v1.4.8; http://mj12bot.com/)" "www.ysfine.com"
40.122.230.190 - - [10/Nov/2022:01:17:46 -0800] "GET /kowar/tanks/tank04b.jpg HTTP/1.1" 200 48757 "https://ysfine.com/kowar/tanks" "Mozilla/5.0 (Macintosh; Intel Mac OS X 10_11_6) AppleWebKit/605.1.15 (KHTML, like Gecko) Version/11.1.2 Safari/605.1.15" "ysfine.com"
135.181.75.58 - - [10/Nov/2022:01:17:46 -0800] "GET /ysbio//usca/va/monti05.jpg HTTP/1.1" 404 88 "-" "Mozilla/5.0 (compatible; MJ12bot/v1.4.8; http://mj12bot.com/)" "www.ysfine.com"
71.178.208.102 - - [10/Nov/2022:01:17:49 -0800] "GET /bio10.html HTTP/1.1" 200 4223 "-" "Mozilla/5.0 (Windows NT 10.0; Win64; x64; rv:106.0) Gecko/20100101 Firefox/106.0" "www.ysfine.com"
71.178.208.102 - - [10/Nov/2022:01:17:49 -0800] "GET /ysnr11c.jpg HTTP/1.1" 404 88 "https://www.ysfine.com/bio10.html" "Mozilla/5.0 (Windows NT 10.0; Win64; x64; rv:106.0) Gecko/20100101 Firefox/106.0" "www.ysfine.com"
71.178.208.102 - - [10/Nov/2022:01:17:49 -0800] "GET /ewk86f.jpg HTTP/1.1" 404 88 "https://www.ysfine.com/bio10.html" "Mozilla/5.0 (Windows NT 10.0; Win64; x64; rv:106.0) Gecko/20100101 Firefox/106.0" "www.ysfine.com"
71.178.208.102 - - [10/Nov/2022:01:17:49 -0800] "GET /favicon.ico HTTP/1.1" 404 88 "https://www.ysfine.com/bio10.html" "Mozilla/5.0 (Windows NT 10.0; Win64; x64; rv:106.0) Gecko/20100101 Firefox/106.0" "www.ysfine.com"
216.244.66.229 - - [10/Nov/2022:01:17:53 -0800] "GET /wdc/obelisk22.jpg HTTP/1.1" 200 101572 "-" "Mozilla/5.0 (compatible; DotBot/1.2; +https://opensiteexplorer.org/dotbot; help@moz.com)" "ysfine.com"
135.181.75.58 - - [10/Nov/2022:01:17:53 -0800] "GET /ysbio//usca/va/monti06.jpg HTTP/1.1" 404 88 "-" "Mozilla/5.0 (compatible; MJ12bot/v1.4.8; http://mj12bot.com/)" "www.ysfine.com"
135.181.75.58 - - [10/Nov/2022:01:18:00 -0800] "GET /ysbio//usca/va/monti07.jpg HTTP/1.1" 404 88 "-" "Mozilla/5.0 (compatible; MJ12bot/v1.4.8; http://mj12bot.com/)" "www.ysfine.com"
135.181.75.58 - - [10/Nov/2022:01:18:05 -0800] "GET /ysbio//usca/va/monti08.jpg HTTP/1.1" 404 88 "-" "Mozilla/5.0 (compatible; MJ12bot/v1.4.8; http://mj12bot.com/)" "www.ysfine.com"
135.181.75.58 - - [10/Nov/2022:01:18:08 -0800] "GET /ysbio//world/russ/kharkov07.jpg HTTP/1.1" 404 88 "-" "Mozilla/5.0 (compatible; MJ12bot/v1.4.8; http://mj12bot.com/)" "www.ysfine.com"
135.181.75.58 - - [10/Nov/2022:01:18:12 -0800] "GET /class54/class5480/Pictures/1.%C3%AC%C2%A0%C2%91%C3%AC%C2%88%C2%98%C3%AB%C2%B0%C2%8F%C3%AD%C2%99%C2%98%C3%AB%C2%8B%C2%B4/ HTTP/1.1" 200 869 "-" "Mozilla/5.0 (compatible; MJ12bot/v1.4.8; http://mj12bot.com/)" "www.ysfine.com"
135.181.75.58 - - [10/Nov/2022:01:18:21 -0800] "GET /ysbio/tables/tab33.jpg HTTP/1.1" 404 88 "-" "Mozilla/5.0 (compatible; MJ12bot/v1.4.8; http://mj12bot.com/)" "www.ysfine.com"
207.46.13.128 - - [10/Nov/2022:01:18:21 -0800] "GET /princeton/campus.html HTTP/1.1" 200 15142 "-" "Mozilla/5.0 (compatible; bingbot/2.0; +http://www.bing.com/bingbot.htm)" "www.ysfine.com"
71.178.208.102 - - [10/Nov/2022:01:18:22 -0800] "GET /bio10.html HTTP/1.1" 200 4223 "-" "Mozilla/5.0 (Windows NT 10.0; Win64; x64; rv:106.0) Gecko/20100101 Firefox/106.0" "www.ysfine.com"
71.178.208.102 - - [10/Nov/2022:01:18:23 -0800] "GET /ewk86f.jpg HTTP/1.1" 404 88 "https://www.ysfine.com/bio10.html" "Mozilla/5.0 (Windows NT 10.0; Win64; x64; rv:106.0) Gecko/20100101 Firefox/106.0" "www.ysfine.com"
71.178.208.102 - - [10/Nov/2022:01:18:23 -0800] "GET /ysnr11c.jpg HTTP/1.1" 404 88 "https://www.ysfine.com/bio10.html" "Mozilla/5.0 (Windows NT 10.0; Win64; x64; rv:106.0) Gecko/20100101 Firefox/106.0" "www.ysfine.com"
71.178.208.102 - - [10/Nov/2022:01:18:23 -0800] "GET /favicon.ico HTTP/1.1" 404 88 "https://www.ysfine.com/bio10.html" "Mozilla/5.0 (Windows NT 10.0; Win64; x64; rv:106.0) Gecko/20100101 Firefox/106.0" "www.ysfine.com"
40.77.167.71 - - [10/Nov/2022:01:18:36 -0800] "GET /yspapers/index.html HTTP/1.1" 200 21306 "-" "Mozilla/5.0 (compatible; bingbot/2.0; +http://www.bing.com/bingbot.htm)" "www.ysfine.com"
40.77.167.71 - - [10/Nov/2022:01:18:36 -0800] "GET /dirac/dirheisen.html HTTP/1.1" 200 4650 "-" "Mozilla/5.0 (compatible; bingbot/2.0; +http://www.bing.com/bingbot.htm)" "www.ysfine.com"
216.244.66.229 - - [10/Nov/2022:01:18:43 -0800] "GET /wdc/vernon04.jpg HTTP/1.1" 200 137597 "-" "Mozilla/5.0 (compatible; DotBot/1.2; +https://opensiteexplorer.org/dotbot; help@moz.com)" "ysfine.com"
20.12.191.72 - - [10/Nov/2022:01:18:50 -0800] "GET /newyork/trump49b.jpg HTTP/1.1" 200 46962 "https://ysfine.com/newyork" "Mozilla/5.0 (X11; Linux x86_64) AppleWebKit/537.36 (KHTML, like Gecko) Chrome/74.0.3729.169 Safari/537.36" "ysfine.com"
157.55.39.129 - - [10/Nov/2022:01:18:53 -0800] "GET /home/bio.html HTTP/1.1" 404 88 "-" "Mozilla/5.0 (compatible; bingbot/2.0; +http://www.bing.com/bingbot.htm)" "www.ysfine.com"
71.178.208.102 - - [10/Nov/2022:01:19:09 -0800] "GET /bio10.html HTTP/1.1" 200 4226 "-" "Mozilla/5.0 (Windows NT 10.0; Win64; x64; rv:106.0) Gecko/20100101 Firefox/106.0" "www.ysfine.com"
71.178.208.102 - - [10/Nov/2022:01:19:09 -0800] "GET /ysnr11c.jpg HTTP/1.1" 404 88 "https://www.ysfine.com/bio10.html" "Mozilla/5.0 (Windows NT 10.0; Win64; x64; rv:106.0) Gecko/20100101 Firefox/106.0" "www.ysfine.com"
71.178.208.102 - - [10/Nov/2022:01:19:09 -0800] "GET /ewk86f.jpg HTTP/1.1" 404 88 "https://www.ysfine.com/bio10.html" "Mozilla/5.0 (Windows NT 10.0; Win64; x64; rv:106.0) Gecko/20100101 Firefox/106.0" "www.ysfine.com"
71.178.208.102 - - [10/Nov/2022:01:19:09 -0800] "GET /favicon.ico HTTP/1.1" 404 88 "https://www.ysfine.com/bio10.html" "Mozilla/5.0 (Windows NT 10.0; Win64; x64; rv:106.0) Gecko/20100101 Firefox/106.0" "www.ysfine.com"
157.55.39.76 - - [10/Nov/2022:01:19:18 -0800] "GET /dongio/beau.html HTTP/1.1" 404 88 "-" "Mozilla/5.0 AppleWebKit/537.36 (KHTML, like Gecko; compatible; bingbot/2.0; +http://www.bing.com/bingbot.htm) Chrome/103.0.5060.134 Safari/537.36" "www.ysfine.com"
40.77.167.27 - - [10/Nov/2022:01:19:26 -0800] "GET /world/kazan.html HTTP/1.1" 200 13929 "-" "Mozilla/5.0 (compatible; bingbot/2.0; +http://www.bing.com/bingbot.htm)" "www.ysfine.com"
71.178.208.102 - - [10/Nov/2022:01:19:31 -0800] "GET /world/france/pontdg05.jpg HTTP/1.1" 200 91495 "https://www.ysfine.com/bio10.html" "Mozilla/5.0 (Windows NT 10.0; Win64; x64; rv:106.0) Gecko/20100101 Firefox/106.0" "www.ysfine.com"
216.244.66.229 - - [10/Nov/2022:01:19:34 -0800] "GET /wisdom HTTP/1.1" 301 3201 "-" "Mozilla/5.0 (compatible; DotBot/1.2; +https://opensiteexplorer.org/dotbot; help@moz.com)" "ysfine.com"
71.178.208.102 - - [10/Nov/2022:01:19:45 -0800] "GET /internal.html HTTP/1.1" 404 88 "https://www.ysfine.com/bio10.html" "Mozilla/5.0 (Windows NT 10.0; Win64; x64; rv:106.0) Gecko/20100101 Firefox/106.0" "www.ysfine.com"
71.178.208.102 - - [10/Nov/2022:01:19:50 -0800] "GET /dwf.html HTTP/1.1" 404 88 "https://www.ysfine.com/bio10.html" "Mozilla/5.0 (Windows NT 10.0; Win64; x64; rv:106.0) Gecko/20100101 Firefox/106.0" "www.ysfine.com"
71.178.208.102 - - [10/Nov/2022:01:19:52 -0800] "GET /favicon.ico HTTP/1.1" 404 88 "https://www.ysfine.com/bio10.html" "Mozilla/5.0 (Windows NT 10.0; Win64; x64; rv:106.0) Gecko/20100101 Firefox/106.0" "www.ysfine.com"
216.244.66.229 - - [10/Nov/2022:01:20:03 -0800] "GET /world/germany/schonbr02.jpg HTTP/1.1" 200 115150 "-" "Mozilla/5.0 (compatible; DotBot/1.2; +https://opensiteexplorer.org/dotbot; help@moz.com)" "ysfine.com"
216.244.66.229 - - [10/Nov/2022:01:20:41 -0800] "GET /yspapers/symmetry14.pdf HTTP/1.1" 200 1079264 "-" "Mozilla/5.0 (compatible; DotBot/1.2; +https://opensiteexplorer.org/dotbot; help@moz.com)" "ysfine.com"
40.122.230.189 - - [10/Nov/2022:01:20:51 -0800] "GET /world/germany/dresdenf16b.jpg HTTP/1.1" 200 44293 "https://ysfine.com/world/germany" "Mozilla/5.0 (Windows NT 10.0; Win64; x64) AppleWebKit/537.36 (KHTML, like Gecko) Chrome/74.0.3729.157 Safari/537.36" "ysfine.com"
71.178.208.102 - - [10/Nov/2022:01:21:14 -0800] "GET /bio10.html HTTP/1.1" 200 4230 "-" "Mozilla/5.0 (Windows NT 10.0; Win64; x64; rv:106.0) Gecko/20100101 Firefox/106.0" "www.ysfine.com"
71.178.208.102 - - [10/Nov/2022:01:21:14 -0800] "GET /ewk86f.jpg HTTP/1.1" 404 88 "https://www.ysfine.com/bio10.html" "Mozilla/5.0 (Windows NT 10.0; Win64; x64; rv:106.0) Gecko/20100101 Firefox/106.0" "www.ysfine.com"
71.178.208.102 - - [10/Nov/2022:01:21:14 -0800] "GET /ysnr11c.jpg HTTP/1.1" 404 88 "https://www.ysfine.com/bio10.html" "Mozilla/5.0 (Windows NT 10.0; Win64; x64; rv:106.0) Gecko/20100101 Firefox/106.0" "www.ysfine.com"
71.178.208.102 - - [10/Nov/2022:01:21:14 -0800] "GET /favicon.ico HTTP/1.1" 404 88 "https://www.ysfine.com/bio10.html" "Mozilla/5.0 (Windows NT 10.0; Win64; x64; rv:106.0) Gecko/20100101 Firefox/106.0" "www.ysfine.com"
71.178.208.102 - - [10/Nov/2022:01:21:17 -0800] "GET /home/dwf.html HTTP/1.1" 200 4126 "https://www.ysfine.com/bio10.html" "Mozilla/5.0 (Windows NT 10.0; Win64; x64; rv:106.0) Gecko/20100101 Firefox/106.0" "www.ysfine.com"
71.178.208.102 - - [10/Nov/2022:01:21:17 -0800] "GET /einstein/einstein33.jpg HTTP/1.1" 200 35678 "https://www.ysfine.com/home/dwf.html" "Mozilla/5.0 (Windows NT 10.0; Win64; x64; rv:106.0) Gecko/20100101 Firefox/106.0" "www.ysfine.com"
157.55.39.76 - - [10/Nov/2022:01:21:18 -0800] "GET /bio/style/artlove.html HTTP/1.1" 404 88 "-" "Mozilla/5.0 (compatible; bingbot/2.0; +http://www.bing.com/bingbot.htm)" "ysfine.com"
71.178.208.102 - - [10/Nov/2022:01:21:22 -0800] "GET /home/internal.html HTTP/1.1" 200 2294 "https://www.ysfine.com/bio10.html" "Mozilla/5.0 (Windows NT 10.0; Win64; x64; rv:106.0) Gecko/20100101 Firefox/106.0" "www.ysfine.com"
71.178.208.102 - - [10/Nov/2022:01:21:22 -0800] "GET /home/newtgr33f.jpg HTTP/1.1" 200 67055 "https://www.ysfine.com/home/internal.html" "Mozilla/5.0 (Windows NT 10.0; Win64; x64; rv:106.0) Gecko/20100101 Firefox/106.0" "www.ysfine.com"
71.178.208.102 - - [10/Nov/2022:01:21:22 -0800] "GET /home/einbohr21f.jpg HTTP/1.1" 200 63190 "https://www.ysfine.com/home/internal.html" "Mozilla/5.0 (Windows NT 10.0; Win64; x64; rv:106.0) Gecko/20100101 Firefox/106.0" "www.ysfine.com"
71.178.208.102 - - [10/Nov/2022:01:21:22 -0800] "GET /home/fotos/einbohr11d.jpg HTTP/1.1" 200 63963 "https://www.ysfine.com/home/internal.html" "Mozilla/5.0 (Windows NT 10.0; Win64; x64; rv:106.0) Gecko/20100101 Firefox/106.0" "www.ysfine.com"
157.55.39.76 - - [10/Nov/2022:01:21:29 -0800] "GET /maga/phys/okun01b.jpg HTTP/1.1" 200 27592 "-" "Mozilla/5.0 (compatible; adidxbot/2.0; +http://www.bing.com/bingbot.htm)" "ysfine.com"
71.178.208.102 - - [10/Nov/2022:01:21:38 -0800] "GET /yspapers/kim89.pdf HTTP/1.1" 200 304160 "https://www.ysfine.com/bio10.html" "Mozilla/5.0 (Windows NT 10.0; Win64; x64; rv:106.0) Gecko/20100101 Firefox/106.0" "www.ysfine.com"
71.178.208.102 - - [10/Nov/2022:01:21:44 -0800] "GET /wigner/wigner/e(2).html HTTP/1.1" 404 88 "https://www.ysfine.com/bio10.html" "Mozilla/5.0 (Windows NT 10.0; Win64; x64; rv:106.0) Gecko/20100101 Firefox/106.0" "www.ysfine.com"
213.205.241.31 - - [10/Nov/2022:01:21:45 -0800] "GET /world/brit/eton11.jpg HTTP/1.1" 200 107084 "https://www.google.com/" "Mozilla/5.0 (Linux; Android 12; SM-G970F Build/SP1A.210812.016; wv) AppleWebKit/537.36 (KHTML, like Gecko) Version/4.0 Chrome/106.0.5249.79 Mobile Safari/537.36 GoogleApp/13.38.11.26.arm64" "ysfine.com"
13.67.224.13 - - [10/Nov/2022:01:21:47 -0800] "GET /world/japan/kyoto010b.jpg HTTP/1.1" 200 51405 "https://ysfine.com/world/japan" "Mozilla/5.0 (X11; Linux x86_64) AppleWebKit/537.36 (KHTML, like Gecko) Chrome/74.0.3729.169 Safari/537.36" "ysfine.com"
207.46.13.107 - - [10/Nov/2022:01:22:07 -0800] "GET /bio/einstein/bern.html HTTP/1.1" 404 88 "-" "Mozilla/5.0 (compatible; bingbot/2.0; +http://www.bing.com/bingbot.htm)" "ysfine.com"
71.178.208.102 - - [10/Nov/2022:01:22:33 -0800] "GET /wigner/wigner/e(2).html HTTP/1.1" 404 88 "https://www.ysfine.com/bio10.html" "Mozilla/5.0 (Windows NT 10.0; Win64; x64; rv:106.0) Gecko/20100101 Firefox/106.0" "www.ysfine.com"
71.178.208.102 - - [10/Nov/2022:01:22:35 -0800] "GET /favicon.ico HTTP/1.1" 404 88 "https://www.ysfine.com/bio10.html" "Mozilla/5.0 (Windows NT 10.0; Win64; x64; rv:106.0) Gecko/20100101 Firefox/106.0" "www.ysfine.com"
222.122.190.71 - - [10/Nov/2022:01:22:42 -0800] "GET / HTTP/1.1" 200 15910 "-" "Mozilla/5.0 (Windows NT 10.0; ZumBot/1.0; Win64; x64) AppleWebKit/537.36 (KHTML, like Gecko) Chrome/79.0.3945.130 Safari/537.36" "ysfine.com"
222.122.190.71 - - [10/Nov/2022:01:22:43 -0800] "GET / HTTP/1.1" 200 15910 "-" "Mozilla/5.0 (Windows NT 10.0; ZumBot/1.0; Win64; x64) AppleWebKit/537.36 (KHTML, like Gecko) Chrome/79.0.3945.130 Safari/537.36" "ysfine.com"
40.122.230.189 - - [10/Nov/2022:01:22:50 -0800] "GET /world/balkan/turkmodo02b.jpg HTTP/1.1" 200 42906 "http://ysfine.com/world/balkan" "Mozilla/5.0 (Linux; Android 10; SM-G960U) AppleWebKit/537.36 (KHTML, like Gecko) Chrome/88.0.4324.181 Mobile Safari/537.36" "ysfine.com"
207.46.13.128 - - [10/Nov/2022:01:23:32 -0800] "GET /bio/style/ystyle.html HTTP/1.1" 404 88 "-" "Mozilla/5.0 AppleWebKit/537.36 (KHTML, like Gecko; compatible; bingbot/2.0; +http://www.bing.com/bingbot.htm) Chrome/103.0.5060.134 Safari/537.36" "ysfine.com"
71.178.208.102 - - [10/Nov/2022:01:23:35 -0800] "GET /bio10.html HTTP/1.1" 200 4228 "-" "Mozilla/5.0 (Windows NT 10.0; Win64; x64; rv:106.0) Gecko/20100101 Firefox/106.0" "www.ysfine.com"
71.178.208.102 - - [10/Nov/2022:01:23:35 -0800] "GET /ewk86f.jpg HTTP/1.1" 404 88 "https://www.ysfine.com/bio10.html" "Mozilla/5.0 (Windows NT 10.0; Win64; x64; rv:106.0) Gecko/20100101 Firefox/106.0" "www.ysfine.com"
71.178.208.102 - - [10/Nov/2022:01:23:35 -0800] "GET /ysnr11c.jpg HTTP/1.1" 404 88 "https://www.ysfine.com/bio10.html" "Mozilla/5.0 (Windows NT 10.0; Win64; x64; rv:106.0) Gecko/20100101 Firefox/106.0" "www.ysfine.com"
71.178.208.102 - - [10/Nov/2022:01:23:37 -0800] "GET /home/wigstu.html HTTP/1.1" 200 4212 "https://www.ysfine.com/bio10.html" "Mozilla/5.0 (Windows NT 10.0; Win64; x64; rv:106.0) Gecko/20100101 Firefox/106.0" "www.ysfine.com"
71.178.208.102 - - [10/Nov/2022:01:23:37 -0800] "GET /wigner/mzero03c.jpg HTTP/1.1" 200 22641 "https://www.ysfine.com/home/wigstu.html" "Mozilla/5.0 (Windows NT 10.0; Win64; x64; rv:106.0) Gecko/20100101 Firefox/106.0" "www.ysfine.com"
71.178.208.102 - - [10/Nov/2022:01:23:37 -0800] "GET /wigner/wighome11c.jpg HTTP/1.1" 200 45648 "https://www.ysfine.com/home/wigstu.html" "Mozilla/5.0 (Windows NT 10.0; Win64; x64; rv:106.0) Gecko/20100101 Firefox/106.0" "www.ysfine.com"
71.178.208.102 - - [10/Nov/2022:01:23:37 -0800] "GET /wigner/wigwein33c.jpg HTTP/1.1" 200 47176 "https://www.ysfine.com/home/wigstu.html" "Mozilla/5.0 (Windows NT 10.0; Win64; x64; rv:106.0) Gecko/20100101 Firefox/106.0" "www.ysfine.com"
71.178.208.102 - - [10/Nov/2022:01:23:37 -0800] "GET /home/figs/isomor77f.jpg HTTP/1.1" 200 62704 "https://www.ysfine.com/home/wigstu.html" "Mozilla/5.0 (Windows NT 10.0; Win64; x64; rv:106.0) Gecko/20100101 Firefox/106.0" "www.ysfine.com"
71.178.208.102 - - [10/Nov/2022:01:23:37 -0800] "GET /wigner/euclid05c.jpg HTTP/1.1" 200 27861 "https://www.ysfine.com/home/wigstu.html" "Mozilla/5.0 (Windows NT 10.0; Win64; x64; rv:106.0) Gecko/20100101 Firefox/106.0" "www.ysfine.com"
71.178.208.102 - - [10/Nov/2022:01:23:46 -0800] "GET /ewk86.jpg HTTP/1.1" 404 88 "https://www.ysfine.com/bio10.html" "Mozilla/5.0 (Windows NT 10.0; Win64; x64; rv:106.0) Gecko/20100101 Firefox/106.0" "www.ysfine.com"
20.29.110.168 - - [10/Nov/2022:01:24:44 -0800] "GET /eink/eintao55b.jpg HTTP/1.1" 200 30458 "https://ysfine.com/eink" "Mozilla/5.0 (Linux; Android 10; SM-G960U) AppleWebKit/537.36 (KHTML, like Gecko) Chrome/88.0.4324.181 Mobile Safari/537.36" "ysfine.com"
71.178.208.102 - - [10/Nov/2022:01:24:44 -0800] "GET /bio10.html HTTP/1.1" 304 - "-" "Mozilla/5.0 (Windows NT 10.0; Win64; x64; rv:106.0) Gecko/20100101 Firefox/106.0" "www.ysfine.com"
71.178.208.102 - - [10/Nov/2022:01:24:44 -0800] "GET /ysnr11c.jpg HTTP/1.1" 404 88 "https://www.ysfine.com/bio10.html" "Mozilla/5.0 (Windows NT 10.0; Win64; x64; rv:106.0) Gecko/20100101 Firefox/106.0" "www.ysfine.com"
71.178.208.102 - - [10/Nov/2022:01:24:44 -0800] "GET /ewk86f.jpg HTTP/1.1" 404 88 "https://www.ysfine.com/bio10.html" "Mozilla/5.0 (Windows NT 10.0; Win64; x64; rv:106.0) Gecko/20100101 Firefox/106.0" "www.ysfine.com"
71.178.208.102 - - [10/Nov/2022:01:24:44 -0800] "GET /favicon.ico HTTP/1.1" 404 88 "https://www.ysfine.com/bio10.html" "Mozilla/5.0 (Windows NT 10.0; Win64; x64; rv:106.0) Gecko/20100101 Firefox/106.0" "www.ysfine.com"
71.178.208.102 - - [10/Nov/2022:01:24:48 -0800] "GET /ewk86.jpg HTTP/1.1" 404 88 "https://www.ysfine.com/bio10.html" "Mozilla/5.0 (Windows NT 10.0; Win64; x64; rv:106.0) Gecko/20100101 Firefox/106.0" "www.ysfine.com"
71.178.208.102 - - [10/Nov/2022:01:24:48 -0800] "GET /favicon.ico HTTP/1.1" 404 88 "https://www.ysfine.com/ewk86.jpg" "Mozilla/5.0 (Windows NT 10.0; Win64; x64; rv:106.0) Gecko/20100101 Firefox/106.0" "www.ysfine.com"
