51.222.253.15 - - [09/Nov/2022:23:06:39 -0800] "GET /class54/class5470/total_data/refer_img/8-115_f.jpg HTTP/1.1" 200 67121 "-" "Mozilla/5.0 (compatible; AhrefsBot/7.0; +http://ahrefs.com/robot/)" "www.ysfine.com"
51.222.253.12 - - [09/Nov/2022:23:06:45 -0800] "GET /class54/class5470/total_data/refer_img/8-126_f.jpg HTTP/1.1" 200 40716 "-" "Mozilla/5.0 (compatible; AhrefsBot/7.0; +http://ahrefs.com/robot/)" "www.ysfine.com"
51.222.253.6 - - [09/Nov/2022:23:06:51 -0800] "GET /class54/class5470/total_data/refer_img/8-101_f.jpg HTTP/1.1" 200 44461 "-" "Mozilla/5.0 (compatible; AhrefsBot/7.0; +http://ahrefs.com/robot/)" "www.ysfine.com"
51.222.253.12 - - [09/Nov/2022:23:06:57 -0800] "GET /class54/class5470/total_data/refer_img/8-114_f.jpg HTTP/1.1" 200 30789 "-" "Mozilla/5.0 (compatible; AhrefsBot/7.0; +http://ahrefs.com/robot/)" "www.ysfine.com"
51.222.253.8 - - [09/Nov/2022:23:07:04 -0800] "GET /class54/class5470/total_data/refer_img/8-106_f.jpg HTTP/1.1" 200 42841 "-" "Mozilla/5.0 (compatible; AhrefsBot/7.0; +http://ahrefs.com/robot/)" "www.ysfine.com"
51.222.253.5 - - [09/Nov/2022:23:07:10 -0800] "GET /class54/class5470/total_data/refer_img/8-119_f.jpg HTTP/1.1" 200 37366 "-" "Mozilla/5.0 (compatible; AhrefsBot/7.0; +http://ahrefs.com/robot/)" "www.ysfine.com"
95.216.33.150 - - [09/Nov/2022:23:07:12 -0800] "GET /confer/conbot.html HTTP/1.1" 200 124 "-" "Mozilla/5.0 (compatible; MegaIndex.ru/2.0; +http://megaindex.com/crawler)" "ysfine.com"
51.222.253.2 - - [09/Nov/2022:23:07:15 -0800] "GET /class54/class5470/total_data/refer_img/8-111_f.jpg HTTP/1.1" 200 33083 "-" "Mozilla/5.0 (compatible; AhrefsBot/7.0; +http://ahrefs.com/robot/)" "www.ysfine.com"
51.222.253.1 - - [09/Nov/2022:23:07:21 -0800] "GET /class54/class5470/total_data/refer_img/8-109_f.jpg HTTP/1.1" 200 30630 "-" "Mozilla/5.0 (compatible; AhrefsBot/7.0; +http://ahrefs.com/robot/)" "www.ysfine.com"
38.126.157.40 - - [09/Nov/2022:23:07:26 -0800] "GET /newyork/gwbr11.jpg HTTP/1.1" 200 76077 "-" "Mozilla/5.0 (compatible; FemtosearchBot/1.0; http://femtosearch.com)" "ysfine.com"
38.126.157.40 - - [09/Nov/2022:23:07:26 -0800] "GET /world/polandk.html HTTP/1.1" 200 5993 "-" "Mozilla/5.0 (compatible; FemtosearchBot/1.0; http://femtosearch.com)" "ysfine.com"
51.222.253.8 - - [09/Nov/2022:23:07:26 -0800] "GET /class54/class5470/total_data/refer_img/8-123_f.jpg HTTP/1.1" 200 29262 "-" "Mozilla/5.0 (compatible; AhrefsBot/7.0; +http://ahrefs.com/robot/)" "www.ysfine.com"
38.126.157.40 - - [09/Nov/2022:23:07:26 -0800] "GET /kobak/underw06.jpg HTTP/1.1" 200 250879 "-" "Mozilla/5.0 (compatible; FemtosearchBot/1.0; http://femtosearch.com)" "ysfine.com"
38.126.157.40 - - [09/Nov/2022:23:07:27 -0800] "GET /kobak/underw01.jpg HTTP/1.1" 200 34537 "-" "Mozilla/5.0 (compatible; FemtosearchBot/1.0; http://femtosearch.com)" "ysfine.com"
38.126.157.40 - - [09/Nov/2022:23:07:27 -0800] "GET /style/tatiana.html HTTP/1.1" 200 8801 "-" "Mozilla/5.0 (compatible; FemtosearchBot/1.0; http://femtosearch.com)" "ysfine.com"
38.126.157.40 - - [09/Nov/2022:23:07:28 -0800] "GET /newyork/stuy01.jpg HTTP/1.1" 200 146104 "-" "Mozilla/5.0 (compatible; FemtosearchBot/1.0; http://femtosearch.com)" "ysfine.com"
38.126.157.40 - - [09/Nov/2022:23:07:28 -0800] "GET /wigner/neupol.html HTTP/1.1" 200 1742 "-" "Mozilla/5.0 (compatible; FemtosearchBot/1.0; http://femtosearch.com)" "ysfine.com"
38.126.157.40 - - [09/Nov/2022:23:07:31 -0800] "GET /style/beetho55.jpg HTTP/1.1" 200 111702 "-" "Mozilla/5.0 (compatible; FemtosearchBot/1.0; http://femtosearch.com)" "ysfine.com"
20.106.28.18 - - [09/Nov/2022:23:07:32 -0800] "GET /usca/pitt/fortpitt03b.jpg HTTP/1.1" 200 34700 "https://www.ysfine.com/usca/pitt" "Mozilla/5.0 (iPhone; CPU iPhone OS 13_5_1 like Mac OS X) AppleWebKit/605.1.15 (KHTML, like Gecko) Version/13.1.1 Mobile/15E148 Safari/604.1" "www.ysfine.com"
51.222.253.4 - - [09/Nov/2022:23:07:32 -0800] "GET /class54/class5470/total_data/refer_img/8-120_f.jpg HTTP/1.1" 200 35891 "-" "Mozilla/5.0 (compatible; AhrefsBot/7.0; +http://ahrefs.com/robot/)" "www.ysfine.com"
51.222.253.20 - - [09/Nov/2022:23:07:38 -0800] "GET /class54/class5470/total_data/refer_img/8-121_f.jpg HTTP/1.1" 200 39241 "-" "Mozilla/5.0 (compatible; AhrefsBot/7.0; +http://ahrefs.com/robot/)" "www.ysfine.com"
51.222.253.7 - - [09/Nov/2022:23:07:38 -0800] "GET /class54/class5470/total_data/refer_img/8-104_f.jpg HTTP/1.1" 200 45950 "-" "Mozilla/5.0 (compatible; AhrefsBot/7.0; +http://ahrefs.com/robot/)" "www.ysfine.com"
51.222.253.5 - - [09/Nov/2022:23:07:44 -0800] "GET /class54/class5470/total_data/refer_img/8-96_f.jpg HTTP/1.1" 200 48008 "-" "Mozilla/5.0 (compatible; AhrefsBot/7.0; +http://ahrefs.com/robot/)" "www.ysfine.com"
51.222.253.3 - - [09/Nov/2022:23:07:50 -0800] "GET /class54/class5470/total_data/refer_img/8-99_f.jpg HTTP/1.1" 200 39767 "-" "Mozilla/5.0 (compatible; AhrefsBot/7.0; +http://ahrefs.com/robot/)" "www.ysfine.com"
51.222.253.13 - - [09/Nov/2022:23:07:56 -0800] "GET /class54/class5470/total_data/refer_img/8-122_f.jpg HTTP/1.1" 200 37351 "-" "Mozilla/5.0 (compatible; AhrefsBot/7.0; +http://ahrefs.com/robot/)" "www.ysfine.com"
51.222.253.16 - - [09/Nov/2022:23:08:01 -0800] "GET /class54/class5470/total_data/refer_img/8-103_f.jpg HTTP/1.1" 200 35156 "-" "Mozilla/5.0 (compatible; AhrefsBot/7.0; +http://ahrefs.com/robot/)" "www.ysfine.com"
51.222.253.17 - - [09/Nov/2022:23:08:07 -0800] "GET /class54/class5470/total_data/refer_img/8-108_f.jpg HTTP/1.1" 200 42038 "-" "Mozilla/5.0 (compatible; AhrefsBot/7.0; +http://ahrefs.com/robot/)" "www.ysfine.com"
51.222.253.2 - - [09/Nov/2022:23:08:13 -0800] "GET /class54/class5470/total_data/refer_img/8-97_f.jpg HTTP/1.1" 200 50974 "-" "Mozilla/5.0 (compatible; AhrefsBot/7.0; +http://ahrefs.com/robot/)" "www.ysfine.com"
51.222.253.2 - - [09/Nov/2022:23:08:20 -0800] "GET /class54/class5470/total_data/refer_img/8-100_f.jpg HTTP/1.1" 200 44469 "-" "Mozilla/5.0 (compatible; AhrefsBot/7.0; +http://ahrefs.com/robot/)" "www.ysfine.com"
51.222.253.10 - - [09/Nov/2022:23:08:26 -0800] "GET /class54/class5470/total_data/refer_img/8-110_f.jpg HTTP/1.1" 200 37426 "-" "Mozilla/5.0 (compatible; AhrefsBot/7.0; +http://ahrefs.com/robot/)" "www.ysfine.com"
51.222.253.5 - - [09/Nov/2022:23:08:31 -0800] "GET /class54/class5470/total_data/refer_img/8-112_f.jpg HTTP/1.1" 200 32888 "-" "Mozilla/5.0 (compatible; AhrefsBot/7.0; +http://ahrefs.com/robot/)" "www.ysfine.com"
51.222.253.10 - - [09/Nov/2022:23:08:35 -0800] "GET /class54/class5470/total_data/sub_8115.htm HTTP/1.1" 200 3486 "-" "Mozilla/5.0 (compatible; AhrefsBot/7.0; +http://ahrefs.com/robot/)" "www.ysfine.com"
51.222.253.4 - - [09/Nov/2022:23:08:37 -0800] "GET /class54/class5470/total_data/refer_img/8-107_f.jpg HTTP/1.1" 200 47913 "-" "Mozilla/5.0 (compatible; AhrefsBot/7.0; +http://ahrefs.com/robot/)" "www.ysfine.com"
51.222.253.5 - - [09/Nov/2022:23:08:43 -0800] "GET /class54/class5470/total_data/refer_img/8-125_f.jpg HTTP/1.1" 200 29244 "-" "Mozilla/5.0 (compatible; AhrefsBot/7.0; +http://ahrefs.com/robot/)" "www.ysfine.com"
51.222.253.1 - - [09/Nov/2022:23:08:46 -0800] "GET /class54/class5470/total_data/refer_img/8-124_f.jpg HTTP/1.1" 200 30861 "-" "Mozilla/5.0 (compatible; AhrefsBot/7.0; +http://ahrefs.com/robot/)" "www.ysfine.com"
51.222.253.9 - - [09/Nov/2022:23:08:51 -0800] "GET /class54/class5470/total_data/refer_img/8-113_f.jpg HTTP/1.1" 200 38873 "-" "Mozilla/5.0 (compatible; AhrefsBot/7.0; +http://ahrefs.com/robot/)" "www.ysfine.com"
51.222.253.6 - - [09/Nov/2022:23:08:56 -0800] "GET /class54/class5470/total_data/refer_img/8-105_f.jpg HTTP/1.1" 200 56516 "-" "Mozilla/5.0 (compatible; AhrefsBot/7.0; +http://ahrefs.com/robot/)" "www.ysfine.com"
71.178.208.102 - - [09/Nov/2022:23:09:02 -0800] "GET /bio08.html HTTP/1.1" 200 10633 "-" "Mozilla/5.0 (Windows NT 10.0; Win64; x64; rv:106.0) Gecko/20100101 Firefox/106.0" "ysfine.com"
71.178.208.102 - - [09/Nov/2022:23:09:02 -0800] "GET /wigner22d.jpg HTTP/1.1" 404 88 "https://ysfine.com/bio08.html" "Mozilla/5.0 (Windows NT 10.0; Win64; x64; rv:106.0) Gecko/20100101 Firefox/106.0" "ysfine.com"
71.178.208.102 - - [09/Nov/2022:23:09:02 -0800] "GET /wigein11d.jpg HTTP/1.1" 404 88 "https://ysfine.com/bio08.html" "Mozilla/5.0 (Windows NT 10.0; Win64; x64; rv:106.0) Gecko/20100101 Firefox/106.0" "ysfine.com"
71.178.208.102 - - [09/Nov/2022:23:09:02 -0800] "GET /phys/parton77g.jpg HTTP/1.1" 404 88 "https://ysfine.com/bio08.html" "Mozilla/5.0 (Windows NT 10.0; Win64; x64; rv:106.0) Gecko/20100101 Firefox/106.0" "ysfine.com"
71.178.208.102 - - [09/Nov/2022:23:09:02 -0800] "GET /ewk86f.jpg HTTP/1.1" 404 88 "https://ysfine.com/bio08.html" "Mozilla/5.0 (Windows NT 10.0; Win64; x64; rv:106.0) Gecko/20100101 Firefox/106.0" "ysfine.com"
71.178.208.102 - - [09/Nov/2022:23:09:02 -0800] "GET /further22f.jpg HTTP/1.1" 404 88 "https://ysfine.com/bio08.html" "Mozilla/5.0 (Windows NT 10.0; Win64; x64; rv:106.0) Gecko/20100101 Firefox/106.0" "ysfine.com"
71.178.208.102 - - [09/Nov/2022:23:09:02 -0800] "GET /comet40f.jpg HTTP/1.1" 404 88 "https://ysfine.com/bio08.html" "Mozilla/5.0 (Windows NT 10.0; Win64; x64; rv:106.0) Gecko/20100101 Firefox/106.0" "ysfine.com"
71.178.208.102 - - [09/Nov/2022:23:09:02 -0800] "GET /o32inho22g.jpg HTTP/1.1" 404 88 "https://ysfine.com/bio08.html" "Mozilla/5.0 (Windows NT 10.0; Win64; x64; rv:106.0) Gecko/20100101 Firefox/106.0" "ysfine.com"
71.178.208.102 - - [09/Nov/2022:23:09:02 -0800] "GET /princeton/sbtwein450.jpg HTTP/1.1" 404 88 "https://ysfine.com/bio08.html" "Mozilla/5.0 (Windows NT 10.0; Win64; x64; rv:106.0) Gecko/20100101 Firefox/106.0" "ysfine.com"
51.222.253.8 - - [09/Nov/2022:23:09:02 -0800] "GET /class54/class5470/total_data/refer_img/8-98_f.jpg HTTP/1.1" 200 38557 "-" "Mozilla/5.0 (compatible; AhrefsBot/7.0; +http://ahrefs.com/robot/)" "www.ysfine.com"
114.119.128.162 - - [09/Nov/2022:23:09:09 -0800] "GET /kobak/kobbot.html HTTP/1.1" 200 137 "-" "Mozilla/5.0 (Linux; Android 7.0;) AppleWebKit/537.36 (KHTML, like Gecko) Mobile Safari/537.36 (compatible; PetalBot;+https://webmaster.petalsearch.com/site/petalbot)" "ysfine.com"
51.222.253.18 - - [09/Nov/2022:23:09:09 -0800] "GET /class54/class5470/total_data/refer_img/8-102_f.jpg HTTP/1.1" 200 45056 "-" "Mozilla/5.0 (compatible; AhrefsBot/7.0; +http://ahrefs.com/robot/)" "www.ysfine.com"
20.12.191.74 - - [09/Nov/2022:23:09:21 -0800] "GET /world/brit/towerbr08b.jpg HTTP/1.1" 200 38465 "http://ysfine.com/world/brit" "Mozilla/5.0 (X11; Linux x86_64) AppleWebKit/537.36 (KHTML, like Gecko) Chrome/74.0.3729.169 Safari/537.36" "ysfine.com"
71.178.208.102 - - [09/Nov/2022:23:09:38 -0800] "GET /einwig.html HTTP/1.1" 404 88 "https://ysfine.com/bio08.html" "Mozilla/5.0 (Windows NT 10.0; Win64; x64; rv:106.0) Gecko/20100101 Firefox/106.0" "ysfine.com"
40.86.101.164 - - [09/Nov/2022:23:09:43 -0800] "GET /einstein/pics/minsk21d.jpg HTTP/1.1" 200 45622 "https://ysfine.com/einstein/pics" "Mozilla/5.0 (Linux; Android 10; SM-G960U) AppleWebKit/537.36 (KHTML, like Gecko) Chrome/88.0.4324.181 Mobile Safari/537.36" "ysfine.com"
40.77.167.71 - - [09/Nov/2022:23:09:48 -0800] "GET /ysbio/articles/inonu.pdf HTTP/1.1" 404 88 "-" "Mozilla/5.0 (compatible; bingbot/2.0; +http://www.bing.com/bingbot.htm)" "ysfine.com"
40.77.167.71 - - [09/Nov/2022:23:09:48 -0800] "GET /bio/style/shops.html HTTP/1.1" 404 88 "-" "Mozilla/5.0 AppleWebKit/537.36 (KHTML, like Gecko; compatible; bingbot/2.0; +http://www.bing.com/bingbot.htm) Chrome/103.0.5060.134 Safari/537.36" "ysfine.com"
40.77.167.71 - - [09/Nov/2022:23:09:59 -0800] "GET /bio/internal.html HTTP/1.1" 404 88 "-" "Mozilla/5.0 AppleWebKit/537.36 (KHTML, like Gecko; compatible; bingbot/2.0; +http://www.bing.com/bingbot.htm) Chrome/103.0.5060.134 Safari/537.36" "ysfine.com"
71.178.208.102 - - [09/Nov/2022:23:10:17 -0800] "GET /einwig.html HTTP/1.1" 404 88 "https://ysfine.com/bio08.html" "Mozilla/5.0 (Windows NT 10.0; Win64; x64; rv:106.0) Gecko/20100101 Firefox/106.0" "ysfine.com"
51.222.253.20 - - [09/Nov/2022:23:10:37 -0800] "GET /class54/class5470/total_data/sub_8117.htm HTTP/1.1" 200 3499 "-" "Mozilla/5.0 (compatible; AhrefsBot/7.0; +http://ahrefs.com/robot/)" "www.ysfine.com"
23.105.5.103 - - [09/Nov/2022:23:10:57 -0800] "GET /einstein/einbot.html HTTP/1.1" 200 126 "-" "Mozilla/5.0 (Windows NT 10.0; Win64; x64) AppleWebKit/537.36 (KHTML, like Gecko) Chrome/103.0.0.0 Safari/537.36 Vivaldi/5.3.2679.68" "ysfine.com"
23.105.5.103 - - [09/Nov/2022:23:10:57 -0800] "GET /einstein/einleft.htm HTTP/1.1" 404 88 "https://ysfine.com/einstein/einbot.html" "Mozilla/5.0 (Windows NT 10.0; Win64; x64) AppleWebKit/537.36 (KHTML, like Gecko) Chrome/103.0.0.0 Safari/537.36 Vivaldi/5.3.2679.68" "ysfine.com"
23.105.5.103 - - [09/Nov/2022:23:10:58 -0800] "GET /einstein/einkim.htm HTTP/1.1" 404 88 "https://ysfine.com/einstein/einbot.html" "Mozilla/5.0 (Windows NT 10.0; Win64; x64) AppleWebKit/537.36 (KHTML, like Gecko) Chrome/103.0.0.0 Safari/537.36 Vivaldi/5.3.2679.68" "ysfine.com"
181.46.166.8 - - [09/Nov/2022:23:11:29 -0800] "GET /kowar/sampal01.jpg HTTP/1.1" 200 141262 "https://www.google.com/" "Mozilla/5.0 (Windows NT 6.1) AppleWebKit/537.36 (KHTML, like Gecko) Chrome/106.0.0.0 Safari/537.36" "ysfine.com"
207.46.13.128 - - [09/Nov/2022:23:12:19 -0800] "GET /home/hmleft.html HTTP/1.1" 200 861 "-" "Mozilla/5.0 (compatible; bingbot/2.0; +http://www.bing.com/bingbot.htm)" "ysfine.com"
71.178.208.102 - - [09/Nov/2022:23:12:47 -0800] "GET /bio08.html HTTP/1.1" 200 10633 "-" "Mozilla/5.0 (Windows NT 10.0; Win64; x64; rv:106.0) Gecko/20100101 Firefox/106.0" "www.ysfine.com"
71.178.208.102 - - [09/Nov/2022:23:12:47 -0800] "GET /home/tollwig11d.jpg HTTP/1.1" 200 39722 "https://www.ysfine.com/bio08.html" "Mozilla/5.0 (Windows NT 10.0; Win64; x64; rv:106.0) Gecko/20100101 Firefox/106.0" "www.ysfine.com"
71.178.208.102 - - [09/Nov/2022:23:12:47 -0800] "GET /wigner/michwight.jpg HTTP/1.1" 200 73424 "https://www.ysfine.com/bio08.html" "Mozilla/5.0 (Windows NT 10.0; Win64; x64; rv:106.0) Gecko/20100101 Firefox/106.0" "www.ysfine.com"
71.178.208.102 - - [09/Nov/2022:23:12:47 -0800] "GET /home/wigkim450.jpg HTTP/1.1" 200 46980 "https://www.ysfine.com/bio08.html" "Mozilla/5.0 (Windows NT 10.0; Win64; x64; rv:106.0) Gecko/20100101 Firefox/106.0" "www.ysfine.com"
71.178.208.102 - - [09/Nov/2022:23:12:47 -0800] "GET /wigein11d.jpg HTTP/1.1" 404 88 "https://www.ysfine.com/bio08.html" "Mozilla/5.0 (Windows NT 10.0; Win64; x64; rv:106.0) Gecko/20100101 Firefox/106.0" "www.ysfine.com"
71.178.208.102 - - [09/Nov/2022:23:12:47 -0800] "GET /phys/parton77g.jpg HTTP/1.1" 404 88 "https://www.ysfine.com/bio08.html" "Mozilla/5.0 (Windows NT 10.0; Win64; x64; rv:106.0) Gecko/20100101 Firefox/106.0" "www.ysfine.com"
71.178.208.102 - - [09/Nov/2022:23:12:47 -0800] "GET /ewk86f.jpg HTTP/1.1" 404 88 "https://www.ysfine.com/bio08.html" "Mozilla/5.0 (Windows NT 10.0; Win64; x64; rv:106.0) Gecko/20100101 Firefox/106.0" "www.ysfine.com"
71.178.208.102 - - [09/Nov/2022:23:12:47 -0800] "GET /o32inho22g.jpg HTTP/1.1" 404 88 "https://www.ysfine.com/bio08.html" "Mozilla/5.0 (Windows NT 10.0; Win64; x64; rv:106.0) Gecko/20100101 Firefox/106.0" "www.ysfine.com"
71.178.208.102 - - [09/Nov/2022:23:12:47 -0800] "GET /princeton/sbtwein450.jpg HTTP/1.1" 404 88 "https://www.ysfine.com/bio08.html" "Mozilla/5.0 (Windows NT 10.0; Win64; x64; rv:106.0) Gecko/20100101 Firefox/106.0" "www.ysfine.com"
71.178.208.102 - - [09/Nov/2022:23:12:47 -0800] "GET /wigner22d.jpg HTTP/1.1" 404 88 "https://www.ysfine.com/bio08.html" "Mozilla/5.0 (Windows NT 10.0; Win64; x64; rv:106.0) Gecko/20100101 Firefox/106.0" "www.ysfine.com"
71.178.208.102 - - [09/Nov/2022:23:12:47 -0800] "GET /home/sbt11d.jpg HTTP/1.1" 200 41029 "https://www.ysfine.com/bio08.html" "Mozilla/5.0 (Windows NT 10.0; Win64; x64; rv:106.0) Gecko/20100101 Firefox/106.0" "www.ysfine.com"
71.178.208.102 - - [09/Nov/2022:23:12:47 -0800] "GET /home/eink450.jpg HTTP/1.1" 200 66794 "https://www.ysfine.com/bio08.html" "Mozilla/5.0 (Windows NT 10.0; Win64; x64; rv:106.0) Gecko/20100101 Firefox/106.0" "www.ysfine.com"
71.178.208.102 - - [09/Nov/2022:23:12:47 -0800] "GET /comet40f.jpg HTTP/1.1" 404 88 "https://www.ysfine.com/bio08.html" "Mozilla/5.0 (Windows NT 10.0; Win64; x64; rv:106.0) Gecko/20100101 Firefox/106.0" "www.ysfine.com"
71.178.208.102 - - [09/Nov/2022:23:12:47 -0800] "GET /further22f.jpg HTTP/1.1" 404 88 "https://www.ysfine.com/bio08.html" "Mozilla/5.0 (Windows NT 10.0; Win64; x64; rv:106.0) Gecko/20100101 Firefox/106.0" "www.ysfine.com"
71.178.208.102 - - [09/Nov/2022:23:12:47 -0800] "GET /favicon.ico HTTP/1.1" 404 88 "https://www.ysfine.com/bio08.html" "Mozilla/5.0 (Windows NT 10.0; Win64; x64; rv:106.0) Gecko/20100101 Firefox/106.0" "www.ysfine.com"
51.222.253.1 - - [09/Nov/2022:23:12:51 -0800] "GET /class54/class5470/total_data/sub_898.htm HTTP/1.1" 200 3499 "-" "Mozilla/5.0 (compatible; AhrefsBot/7.0; +http://ahrefs.com/robot/)" "www.ysfine.com"
71.178.208.102 - - [09/Nov/2022:23:13:11 -0800] "GET /home/einwig.html HTTP/1.1" 200 1537 "https://www.ysfine.com/bio08.html" "Mozilla/5.0 (Windows NT 10.0; Win64; x64; rv:106.0) Gecko/20100101 Firefox/106.0" "www.ysfine.com"
71.178.208.102 - - [09/Nov/2022:23:13:11 -0800] "GET /home/figs/isomor99f.jpg HTTP/1.1" 200 77290 "https://www.ysfine.com/home/einwig.html" "Mozilla/5.0 (Windows NT 10.0; Win64; x64; rv:106.0) Gecko/20100101 Firefox/106.0" "www.ysfine.com"
71.178.208.102 - - [09/Nov/2022:23:13:11 -0800] "GET /favicon.ico HTTP/1.1" 404 88 "https://www.ysfine.com/home/einwig.html" "Mozilla/5.0 (Windows NT 10.0; Win64; x64; rv:106.0) Gecko/20100101 Firefox/106.0" "www.ysfine.com"
40.77.167.71 - - [09/Nov/2022:23:13:17 -0800] "GET /world/germany/salzmo11.jpg HTTP/1.1" 200 112174 "-" "Mozilla/5.0 AppleWebKit/537.36 (KHTML, like Gecko; compatible; bingbot/2.0; +http://www.bing.com/bingbot.htm) Chrome/103.0.5060.134 Safari/537.36" "www.ysfine.com"
71.178.208.102 - - [09/Nov/2022:23:13:29 -0800] "GET /wigner/gcontrac.html HTTP/1.1" 200 2279 "https://www.ysfine.com/bio08.html" "Mozilla/5.0 (Windows NT 10.0; Win64; x64; rv:106.0) Gecko/20100101 Firefox/106.0" "www.ysfine.com"
71.178.208.102 - - [09/Nov/2022:23:13:29 -0800] "GET /wigner/isomor77c.jpg HTTP/1.1" 200 43414 "https://www.ysfine.com/wigner/gcontrac.html" "Mozilla/5.0 (Windows NT 10.0; Win64; x64; rv:106.0) Gecko/20100101 Firefox/106.0" "www.ysfine.com"
71.178.208.102 - - [09/Nov/2022:23:13:29 -0800] "GET /wigner/wigkim2.jpg HTTP/1.1" 200 40700 "https://www.ysfine.com/wigner/gcontrac.html" "Mozilla/5.0 (Windows NT 10.0; Win64; x64; rv:106.0) Gecko/20100101 Firefox/106.0" "www.ysfine.com"
71.178.208.102 - - [09/Nov/2022:23:13:29 -0800] "GET /eink/eink61c.jpg HTTP/1.1" 200 34119 "https://www.ysfine.com/wigner/gcontrac.html" "Mozilla/5.0 (Windows NT 10.0; Win64; x64; rv:106.0) Gecko/20100101 Firefox/106.0" "www.ysfine.com"
71.178.208.102 - - [09/Nov/2022:23:13:29 -0800] "GET /wigner/inokim2.jpg HTTP/1.1" 200 29903 "https://www.ysfine.com/wigner/gcontrac.html" "Mozilla/5.0 (Windows NT 10.0; Win64; x64; rv:106.0) Gecko/20100101 Firefox/106.0" "www.ysfine.com"
71.178.208.102 - - [09/Nov/2022:23:13:38 -0800] "GET /einstein/bern.html HTTP/1.1" 200 8314 "https://www.ysfine.com/bio08.html" "Mozilla/5.0 (Windows NT 10.0; Win64; x64; rv:106.0) Gecko/20100101 Firefox/106.0" "www.ysfine.com"
71.178.208.102 - - [09/Nov/2022:23:13:38 -0800] "GET /einstein/places/einha36b.jpg HTTP/1.1" 200 45524 "https://www.ysfine.com/einstein/bern.html" "Mozilla/5.0 (Windows NT 10.0; Win64; x64; rv:106.0) Gecko/20100101 Firefox/106.0" "www.ysfine.com"
71.178.208.102 - - [09/Nov/2022:23:13:38 -0800] "GET /einstein/places/einha23b.jpg HTTP/1.1" 200 30374 "https://www.ysfine.com/einstein/bern.html" "Mozilla/5.0 (Windows NT 10.0; Win64; x64; rv:106.0) Gecko/20100101 Firefox/106.0" "www.ysfine.com"
71.178.208.102 - - [09/Nov/2022:23:13:38 -0800] "GET /einstein/places/einha05b.jpg HTTP/1.1" 200 51007 "https://www.ysfine.com/einstein/bern.html" "Mozilla/5.0 (Windows NT 10.0; Win64; x64; rv:106.0) Gecko/20100101 Firefox/106.0" "www.ysfine.com"
71.178.208.102 - - [09/Nov/2022:23:13:38 -0800] "GET /einstein/places/einha39b.jpg HTTP/1.1" 200 50120 "https://www.ysfine.com/einstein/bern.html" "Mozilla/5.0 (Windows NT 10.0; Win64; x64; rv:106.0) Gecko/20100101 Firefox/106.0" "www.ysfine.com"
71.178.208.102 - - [09/Nov/2022:23:13:38 -0800] "GET /einstein/places/einmu22b.jpg HTTP/1.1" 200 41361 "https://www.ysfine.com/einstein/bern.html" "Mozilla/5.0 (Windows NT 10.0; Win64; x64; rv:106.0) Gecko/20100101 Firefox/106.0" "www.ysfine.com"
71.178.208.102 - - [09/Nov/2022:23:13:38 -0800] "GET /einstein/places/einmu08b.jpg HTTP/1.1" 200 37748 "https://www.ysfine.com/einstein/bern.html" "Mozilla/5.0 (Windows NT 10.0; Win64; x64; rv:106.0) Gecko/20100101 Firefox/106.0" "www.ysfine.com"
71.178.208.102 - - [09/Nov/2022:23:13:38 -0800] "GET /wigner/wigein270.jpg HTTP/1.1" 200 21005 "https://www.ysfine.com/einstein/bern.html" "Mozilla/5.0 (Windows NT 10.0; Win64; x64; rv:106.0) Gecko/20100101 Firefox/106.0" "www.ysfine.com"
71.178.208.102 - - [09/Nov/2022:23:13:38 -0800] "GET /einstein/places/einmu52b.jpg HTTP/1.1" 200 38352 "https://www.ysfine.com/einstein/bern.html" "Mozilla/5.0 (Windows NT 10.0; Win64; x64; rv:106.0) Gecko/20100101 Firefox/106.0" "www.ysfine.com"
71.178.208.102 - - [09/Nov/2022:23:13:38 -0800] "GET /einstein/einglaub01b.jpg HTTP/1.1" 200 48405 "https://www.ysfine.com/einstein/bern.html" "Mozilla/5.0 (Windows NT 10.0; Win64; x64; rv:106.0) Gecko/20100101 Firefox/106.0" "www.ysfine.com"
71.178.208.102 - - [09/Nov/2022:23:13:38 -0800] "GET /einstein/places/einmu10b.jpg HTTP/1.1" 200 63699 "https://www.ysfine.com/einstein/bern.html" "Mozilla/5.0 (Windows NT 10.0; Win64; x64; rv:106.0) Gecko/20100101 Firefox/106.0" "www.ysfine.com"
71.178.208.102 - - [09/Nov/2022:23:13:38 -0800] "GET /einstein/einhouse11b.jpg HTTP/1.1" 200 42717 "https://www.ysfine.com/einstein/bern.html" "Mozilla/5.0 (Windows NT 10.0; Win64; x64; rv:106.0) Gecko/20100101 Firefox/106.0" "www.ysfine.com"
71.178.208.102 - - [09/Nov/2022:23:13:38 -0800] "GET /einstein/places/einha01b.jpg HTTP/1.1" 200 41574 "https://www.ysfine.com/einstein/bern.html" "Mozilla/5.0 (Windows NT 10.0; Win64; x64; rv:106.0) Gecko/20100101 Firefox/106.0" "www.ysfine.com"
71.178.208.102 - - [09/Nov/2022:23:13:38 -0800] "GET /einstein/places/einhaus450.jpg HTTP/1.1" 200 65369 "https://www.ysfine.com/einstein/bern.html" "Mozilla/5.0 (Windows NT 10.0; Win64; x64; rv:106.0) Gecko/20100101 Firefox/106.0" "www.ysfine.com"
71.178.208.102 - - [09/Nov/2022:23:13:38 -0800] "GET /einstein/einbohr11b.jpg HTTP/1.1" 200 37538 "https://www.ysfine.com/einstein/bern.html" "Mozilla/5.0 (Windows NT 10.0; Win64; x64; rv:106.0) Gecko/20100101 Firefox/106.0" "www.ysfine.com"
71.178.208.102 - - [09/Nov/2022:23:13:38 -0800] "GET /maga/phys/yukaein2.jpg HTTP/1.1" 200 42863 "https://www.ysfine.com/einstein/bern.html" "Mozilla/5.0 (Windows NT 10.0; Win64; x64; rv:106.0) Gecko/20100101 Firefox/106.0" "www.ysfine.com"
71.178.208.102 - - [09/Nov/2022:23:13:38 -0800] "GET /einstein/places/einha02b.jpg HTTP/1.1" 200 35565 "https://www.ysfine.com/einstein/bern.html" "Mozilla/5.0 (Windows NT 10.0; Win64; x64; rv:106.0) Gecko/20100101 Firefox/106.0" "www.ysfine.com"
71.178.208.102 - - [09/Nov/2022:23:13:38 -0800] "GET /einstein/places/einmu62b.jpg HTTP/1.1" 200 31976 "https://www.ysfine.com/einstein/bern.html" "Mozilla/5.0 (Windows NT 10.0; Win64; x64; rv:106.0) Gecko/20100101 Firefox/106.0" "www.ysfine.com"
71.178.208.102 - - [09/Nov/2022:23:13:38 -0800] "GET /maga/phys/heisen33b.jpg HTTP/1.1" 200 78035 "https://www.ysfine.com/einstein/bern.html" "Mozilla/5.0 (Windows NT 10.0; Win64; x64; rv:106.0) Gecko/20100101 Firefox/106.0" "www.ysfine.com"
71.178.208.102 - - [09/Nov/2022:23:13:38 -0800] "GET /einstein/places/einmu17b.jpg HTTP/1.1" 200 33255 "https://www.ysfine.com/einstein/bern.html" "Mozilla/5.0 (Windows NT 10.0; Win64; x64; rv:106.0) Gecko/20100101 Firefox/106.0" "www.ysfine.com"
71.178.208.102 - - [09/Nov/2022:23:13:38 -0800] "GET /einstein/places/einmu12b.jpg HTTP/1.1" 200 32736 "https://www.ysfine.com/einstein/bern.html" "Mozilla/5.0 (Windows NT 10.0; Win64; x64; rv:106.0) Gecko/20100101 Firefox/106.0" "www.ysfine.com"
71.178.208.102 - - [09/Nov/2022:23:13:38 -0800] "GET /einstein/places/einmu41b.jpg HTTP/1.1" 200 52501 "https://www.ysfine.com/einstein/bern.html" "Mozilla/5.0 (Windows NT 10.0; Win64; x64; rv:106.0) Gecko/20100101 Firefox/106.0" "www.ysfine.com"
71.178.208.102 - - [09/Nov/2022:23:13:38 -0800] "GET /einstein/places/einmu16b.jpg HTTP/1.1" 200 34497 "https://www.ysfine.com/einstein/bern.html" "Mozilla/5.0 (Windows NT 10.0; Win64; x64; rv:106.0) Gecko/20100101 Firefox/106.0" "www.ysfine.com"
71.178.208.102 - - [09/Nov/2022:23:13:38 -0800] "GET /einstein/evol66b.jpg HTTP/1.1" 200 38577 "https://www.ysfine.com/einstein/bern.html" "Mozilla/5.0 (Windows NT 10.0; Win64; x64; rv:106.0) Gecko/20100101 Firefox/106.0" "www.ysfine.com"
71.178.208.102 - - [09/Nov/2022:23:13:38 -0800] "GET /einstein/places/einmu64b.jpg HTTP/1.1" 200 42063 "https://www.ysfine.com/einstein/bern.html" "Mozilla/5.0 (Windows NT 10.0; Win64; x64; rv:106.0) Gecko/20100101 Firefox/106.0" "www.ysfine.com"
71.178.208.102 - - [09/Nov/2022:23:13:38 -0800] "GET /maga/phil/kanthegel22b.jpg HTTP/1.1" 200 36974 "https://www.ysfine.com/einstein/bern.html" "Mozilla/5.0 (Windows NT 10.0; Win64; x64; rv:106.0) Gecko/20100101 Firefox/106.0" "www.ysfine.com"
40.122.227.200 - - [09/Nov/2022:23:13:40 -0800] "GET /world/china/shanghai058c.jpg HTTP/1.1" 200 33219 "https://ysfine.com/world/china" "Mozilla/5.0 (Windows NT 10.0; Win64; x64) AppleWebKit/537.36 (KHTML, like Gecko) Chrome/74.0.3729.157 Safari/537.36" "ysfine.com"
207.46.13.128 - - [09/Nov/2022:23:14:09 -0800] "GET /bio/pquartet.html HTTP/1.1" 404 88 "-" "Mozilla/5.0 (compatible; bingbot/2.0; +http://www.bing.com/bingbot.htm)" "ysfine.com"
71.178.208.102 - - [09/Nov/2022:23:14:47 -0800] "GET /einwig.html HTTP/1.1" 404 88 "https://www.ysfine.com/bio08.html" "Mozilla/5.0 (Windows NT 10.0; Win64; x64; rv:106.0) Gecko/20100101 Firefox/106.0" "www.ysfine.com"
71.178.208.102 - - [09/Nov/2022:23:14:58 -0800] "GET /wigner22.jpg HTTP/1.1" 404 88 "https://www.ysfine.com/bio08.html" "Mozilla/5.0 (Windows NT 10.0; Win64; x64; rv:106.0) Gecko/20100101 Firefox/106.0" "www.ysfine.com"
51.222.253.1 - - [09/Nov/2022:23:15:20 -0800] "GET /class54/class5470/total_data/sub_8107.htm HTTP/1.1" 200 3486 "-" "Mozilla/5.0 (compatible; AhrefsBot/7.0; +http://ahrefs.com/robot/)" "www.ysfine.com"
40.122.230.190 - - [09/Nov/2022:23:15:27 -0800] "GET /world/russ/kazan061b.jpg HTTP/1.1" 200 38877 "http://www.ysfine.com/world/russ" "Mozilla/5.0 (Macintosh; Intel Mac OS X 10_11_6) AppleWebKit/605.1.15 (KHTML, like Gecko) Version/11.1.2 Safari/605.1.15" "www.ysfine.com"
71.178.208.102 - - [09/Nov/2022:23:15:27 -0800] "GET /feynman/partons.html HTTP/1.1" 200 5807 "https://www.ysfine.com/bio08.html" "Mozilla/5.0 (Windows NT 10.0; Win64; x64; rv:106.0) Gecko/20100101 Firefox/106.0" "www.ysfine.com"
71.178.208.102 - - [09/Nov/2022:23:15:28 -0800] "GET /feynman/feyfirm66c.jpg HTTP/1.1" 200 36701 "https://www.ysfine.com/feynman/partons.html" "Mozilla/5.0 (Windows NT 10.0; Win64; x64; rv:106.0) Gecko/20100101 Firefox/106.0" "www.ysfine.com"
71.178.208.102 - - [09/Nov/2022:23:15:28 -0800] "GET /feynman/feygell66c.jpg HTTP/1.1" 200 32056 "https://www.ysfine.com/feynman/partons.html" "Mozilla/5.0 (Windows NT 10.0; Win64; x64; rv:106.0) Gecko/20100101 Firefox/106.0" "www.ysfine.com"
71.178.208.102 - - [09/Nov/2022:23:15:28 -0800] "GET /feynman/ppic/licone01c.jpg HTTP/1.1" 200 28712 "https://www.ysfine.com/feynman/partons.html" "Mozilla/5.0 (Windows NT 10.0; Win64; x64; rv:106.0) Gecko/20100101 Firefox/106.0" "www.ysfine.com"
71.178.208.102 - - [09/Nov/2022:23:15:28 -0800] "GET /feynman/ppic/einbohr56f.jpg HTTP/1.1" 200 69043 "https://www.ysfine.com/feynman/partons.html" "Mozilla/5.0 (Windows NT 10.0; Win64; x64; rv:106.0) Gecko/20100101 Firefox/106.0" "www.ysfine.com"
71.178.208.102 - - [09/Nov/2022:23:15:28 -0800] "GET /feynman/ppic/hussar01c.jpg HTTP/1.1" 200 21644 "https://www.ysfine.com/feynman/partons.html" "Mozilla/5.0 (Windows NT 10.0; Win64; x64; rv:106.0) Gecko/20100101 Firefox/106.0" "www.ysfine.com"
71.178.208.102 - - [09/Nov/2022:23:15:28 -0800] "GET /feynman/ppic/tdil01c.jpg HTTP/1.1" 200 43765 "https://www.ysfine.com/feynman/partons.html" "Mozilla/5.0 (Windows NT 10.0; Win64; x64; rv:106.0) Gecko/20100101 Firefox/106.0" "www.ysfine.com"
71.178.208.102 - - [09/Nov/2022:23:15:28 -0800] "GET /feynman/ppic/parton33f.jpg HTTP/1.1" 200 81850 "https://www.ysfine.com/feynman/partons.html" "Mozilla/5.0 (Windows NT 10.0; Win64; x64; rv:106.0) Gecko/20100101 Firefox/106.0" "www.ysfine.com"
71.178.208.102 - - [09/Nov/2022:23:15:28 -0800] "GET /feynman/ppic/entro33f.jpg HTTP/1.1" 200 46387 "https://www.ysfine.com/feynman/partons.html" "Mozilla/5.0 (Windows NT 10.0; Win64; x64; rv:106.0) Gecko/20100101 Firefox/106.0" "www.ysfine.com"
71.178.208.102 - - [09/Nov/2022:23:15:28 -0800] "GET /feynman/ppic/quapar55c.jpg HTTP/1.1" 200 49178 "https://www.ysfine.com/feynman/partons.html" "Mozilla/5.0 (Windows NT 10.0; Win64; x64; rv:106.0) Gecko/20100101 Firefox/106.0" "www.ysfine.com"
71.178.208.102 - - [09/Nov/2022:23:15:28 -0800] "GET /feynman/ppic/ellipse53f.jpg HTTP/1.1" 200 114731 "https://www.ysfine.com/feynman/partons.html" "Mozilla/5.0 (Windows NT 10.0; Win64; x64; rv:106.0) Gecko/20100101 Firefox/106.0" "www.ysfine.com"
71.178.208.102 - - [09/Nov/2022:23:15:28 -0800] "GET /feynman/ppic/quantum01c.jpg HTTP/1.1" 200 24878 "https://www.ysfine.com/feynman/partons.html" "Mozilla/5.0 (Windows NT 10.0; Win64; x64; rv:106.0) Gecko/20100101 Firefox/106.0" "www.ysfine.com"
71.178.208.102 - - [09/Nov/2022:23:15:28 -0800] "GET /feynman/ppic/parton01c.jpg HTTP/1.1" 200 40984 "https://www.ysfine.com/feynman/partons.html" "Mozilla/5.0 (Windows NT 10.0; Win64; x64; rv:106.0) Gecko/20100101 Firefox/106.0" "www.ysfine.com"
71.178.208.102 - - [09/Nov/2022:23:15:28 -0800] "GET /feynman/ppic/hyperell01c.jpg HTTP/1.1" 200 26491 "https://www.ysfine.com/feynman/partons.html" "Mozilla/5.0 (Windows NT 10.0; Win64; x64; rv:106.0) Gecko/20100101 Firefox/106.0" "www.ysfine.com"
71.178.208.102 - - [09/Nov/2022:23:15:28 -0800] "GET /feynman/ppic/qboil66f.jpg HTTP/1.1" 200 83993 "https://www.ysfine.com/feynman/partons.html" "Mozilla/5.0 (Windows NT 10.0; Win64; x64; rv:106.0) Gecko/20100101 Firefox/106.0" "www.ysfine.com"
71.178.208.102 - - [09/Nov/2022:23:15:28 -0800] "GET /feynman/ppic/phasetr33f.jpg HTTP/1.1" 200 37190 "https://www.ysfine.com/feynman/partons.html" "Mozilla/5.0 (Windows NT 10.0; Win64; x64; rv:106.0) Gecko/20100101 Firefox/106.0" "www.ysfine.com"
20.12.191.72 - - [09/Nov/2022:23:15:33 -0800] "GET /ffriends/molda06b.jpg HTTP/1.1" 200 53526 "https://ysfine.com/ffriends" "Mozilla/5.0 (Windows NT 10.0; Win64; x64) AppleWebKit/537.36 (KHTML, like Gecko) Chrome/74.0.3729.157 Safari/537.36" "ysfine.com"
71.178.208.102 - - [09/Nov/2022:23:15:36 -0800] "GET /100yrs.html HTTP/1.1" 404 88 "https://www.ysfine.com/bio08.html" "Mozilla/5.0 (Windows NT 10.0; Win64; x64; rv:106.0) Gecko/20100101 Firefox/106.0" "www.ysfine.com"
71.178.208.102 - - [09/Nov/2022:23:15:42 -0800] "GET /einstein/einbohr.html HTTP/1.1" 200 6142 "https://www.ysfine.com/bio08.html" "Mozilla/5.0 (Windows NT 10.0; Win64; x64; rv:106.0) Gecko/20100101 Firefox/106.0" "www.ysfine.com"
71.178.208.102 - - [09/Nov/2022:23:15:42 -0800] "GET /feynman/feydirac270.jpg HTTP/1.1" 200 59000 "https://www.ysfine.com/einstein/einbohr.html" "Mozilla/5.0 (Windows NT 10.0; Win64; x64; rv:106.0) Gecko/20100101 Firefox/106.0" "www.ysfine.com"
71.178.208.102 - - [09/Nov/2022:23:15:42 -0800] "GET /world/scandi/nbi02b.jpg HTTP/1.1" 200 39350 "https://www.ysfine.com/einstein/einbohr.html" "Mozilla/5.0 (Windows NT 10.0; Win64; x64; rv:106.0) Gecko/20100101 Firefox/106.0" "www.ysfine.com"
71.178.208.102 - - [09/Nov/2022:23:15:42 -0800] "GET /einstein/bohradius11b.jpg HTTP/1.1" 200 39999 "https://www.ysfine.com/einstein/einbohr.html" "Mozilla/5.0 (Windows NT 10.0; Win64; x64; rv:106.0) Gecko/20100101 Firefox/106.0" "www.ysfine.com"
71.178.208.102 - - [09/Nov/2022:23:15:42 -0800] "GET /world/scandi/nbi09b.jpg HTTP/1.1" 200 57684 "https://www.ysfine.com/einstein/einbohr.html" "Mozilla/5.0 (Windows NT 10.0; Win64; x64; rv:106.0) Gecko/20100101 Firefox/106.0" "www.ysfine.com"
71.178.208.102 - - [09/Nov/2022:23:15:42 -0800] "GET /einstein/evol22b.jpg HTTP/1.1" 200 29614 "https://www.ysfine.com/einstein/einbohr.html" "Mozilla/5.0 (Windows NT 10.0; Win64; x64; rv:106.0) Gecko/20100101 Firefox/106.0" "www.ysfine.com"
71.178.208.102 - - [09/Nov/2022:23:15:42 -0800] "GET /world/scandi/nbi33b.jpg HTTP/1.1" 200 39400 "https://www.ysfine.com/einstein/einbohr.html" "Mozilla/5.0 (Windows NT 10.0; Win64; x64; rv:106.0) Gecko/20100101 Firefox/106.0" "www.ysfine.com"
71.178.208.102 - - [09/Nov/2022:23:15:42 -0800] "GET /dirac/sq66b.jpg HTTP/1.1" 200 22242 "https://www.ysfine.com/einstein/einbohr.html" "Mozilla/5.0 (Windows NT 10.0; Win64; x64; rv:106.0) Gecko/20100101 Firefox/106.0" "www.ysfine.com"
71.178.208.102 - - [09/Nov/2022:23:15:42 -0800] "GET /world/scandi/nbi06b.jpg HTTP/1.1" 200 45656 "https://www.ysfine.com/einstein/einbohr.html" "Mozilla/5.0 (Windows NT 10.0; Win64; x64; rv:106.0) Gecko/20100101 Firefox/106.0" "www.ysfine.com"
71.178.208.102 - - [09/Nov/2022:23:15:42 -0800] "GET /einstein/einbohr33b.jpg HTTP/1.1" 200 42636 "https://www.ysfine.com/einstein/einbohr.html" "Mozilla/5.0 (Windows NT 10.0; Win64; x64; rv:106.0) Gecko/20100101 Firefox/106.0" "www.ysfine.com"
71.178.208.102 - - [09/Nov/2022:23:15:42 -0800] "GET /world/scandi/copenf03b.jpg HTTP/1.1" 200 48862 "https://www.ysfine.com/einstein/einbohr.html" "Mozilla/5.0 (Windows NT 10.0; Win64; x64; rv:106.0) Gecko/20100101 Firefox/106.0" "www.ysfine.com"
71.178.208.102 - - [09/Nov/2022:23:15:42 -0800] "GET /feynman/feygell66b.jpg HTTP/1.1" 200 28843 "https://www.ysfine.com/einstein/einbohr.html" "Mozilla/5.0 (Windows NT 10.0; Win64; x64; rv:106.0) Gecko/20100101 Firefox/106.0" "www.ysfine.com"
71.178.208.102 - - [09/Nov/2022:23:15:42 -0800] "GET /ffriends/danstu22b.jpg HTTP/1.1" 200 51863 "https://www.ysfine.com/einstein/einbohr.html" "Mozilla/5.0 (Windows NT 10.0; Win64; x64; rv:106.0) Gecko/20100101 Firefox/106.0" "www.ysfine.com"
71.178.208.102 - - [09/Nov/2022:23:15:42 -0800] "GET /dirac/diracqm33b.jpg HTTP/1.1" 200 44237 "https://www.ysfine.com/einstein/einbohr.html" "Mozilla/5.0 (Windows NT 10.0; Win64; x64; rv:106.0) Gecko/20100101 Firefox/106.0" "www.ysfine.com"
71.178.208.102 - - [09/Nov/2022:23:15:42 -0800] "GET /einstein/jsbell01b.jpg HTTP/1.1" 200 33090 "https://www.ysfine.com/einstein/einbohr.html" "Mozilla/5.0 (Windows NT 10.0; Win64; x64; rv:106.0) Gecko/20100101 Firefox/106.0" "www.ysfine.com"
71.178.208.102 - - [09/Nov/2022:23:15:42 -0800] "GET /dirac/sq73b.jpg HTTP/1.1" 200 49918 "https://www.ysfine.com/einstein/einbohr.html" "Mozilla/5.0 (Windows NT 10.0; Win64; x64; rv:106.0) Gecko/20100101 Firefox/106.0" "www.ysfine.com"
71.178.208.102 - - [09/Nov/2022:23:15:42 -0800] "GET /maga/phys/bohr05b.jpg HTTP/1.1" 200 33923 "https://www.ysfine.com/einstein/einbohr.html" "Mozilla/5.0 (Windows NT 10.0; Win64; x64; rv:106.0) Gecko/20100101 Firefox/106.0" "www.ysfine.com"
71.178.208.102 - - [09/Nov/2022:23:16:02 -0800] "GET /world/ysworld.html HTTP/1.1" 200 3195 "https://www.ysfine.com/bio08.html" "Mozilla/5.0 (Windows NT 10.0; Win64; x64; rv:106.0) Gecko/20100101 Firefox/106.0" "www.ysfine.com"
71.178.208.102 - - [09/Nov/2022:23:16:02 -0800] "GET /world/coke880.jpg HTTP/1.1" 200 61512 "https://www.ysfine.com/world/ysworld.html" "Mozilla/5.0 (Windows NT 10.0; Win64; x64; rv:106.0) Gecko/20100101 Firefox/106.0" "www.ysfine.com"
71.178.208.102 - - [09/Nov/2022:23:16:02 -0800] "GET /eink/pawkim19c.jpg HTTP/1.1" 200 53195 "https://www.ysfine.com/world/ysworld.html" "Mozilla/5.0 (Windows NT 10.0; Win64; x64; rv:106.0) Gecko/20100101 Firefox/106.0" "www.ysfine.com"
71.178.208.102 - - [09/Nov/2022:23:16:02 -0800] "GET /world/brit/towerbr11c.jpg HTTP/1.1" 200 31376 "https://www.ysfine.com/world/ysworld.html" "Mozilla/5.0 (Windows NT 10.0; Win64; x64; rv:106.0) Gecko/20100101 Firefox/106.0" "www.ysfine.com"
71.178.208.102 - - [09/Nov/2022:23:16:02 -0800] "GET /style/cameras/canonp66c.jpg HTTP/1.1" 200 23047 "https://www.ysfine.com/world/ysworld.html" "Mozilla/5.0 (Windows NT 10.0; Win64; x64; rv:106.0) Gecko/20100101 Firefox/106.0" "www.ysfine.com"
71.178.208.102 - - [09/Nov/2022:23:16:02 -0800] "GET /world/balkan/istan001c.jpg HTTP/1.1" 200 34566 "https://www.ysfine.com/world/ysworld.html" "Mozilla/5.0 (Windows NT 10.0; Win64; x64; rv:106.0) Gecko/20100101 Firefox/106.0" "www.ysfine.com"
71.178.208.102 - - [09/Nov/2022:23:16:02 -0800] "GET /world/france/eiffel15c.jpg HTTP/1.1" 200 36995 "https://www.ysfine.com/world/ysworld.html" "Mozilla/5.0 (Windows NT 10.0; Win64; x64; rv:106.0) Gecko/20100101 Firefox/106.0" "www.ysfine.com"
71.178.208.102 - - [09/Nov/2022:23:16:02 -0800] "GET /world/ital/coloss04c.jpg HTTP/1.1" 200 37017 "https://www.ysfine.com/world/ysworld.html" "Mozilla/5.0 (Windows NT 10.0; Win64; x64; rv:106.0) Gecko/20100101 Firefox/106.0" "www.ysfine.com"
71.178.208.102 - - [09/Nov/2022:23:16:02 -0800] "GET /home/taylor450.jpg HTTP/1.1" 200 68527 "https://www.ysfine.com/world/ysworld.html" "Mozilla/5.0 (Windows NT 10.0; Win64; x64; rv:106.0) Gecko/20100101 Firefox/106.0" "www.ysfine.com"
71.178.208.102 - - [09/Nov/2022:23:16:02 -0800] "GET /world/china/beijing101c.jpg HTTP/1.1" 200 41830 "https://www.ysfine.com/world/ysworld.html" "Mozilla/5.0 (Windows NT 10.0; Win64; x64; rv:106.0) Gecko/20100101 Firefox/106.0" "www.ysfine.com"
71.178.208.102 - - [09/Nov/2022:23:16:02 -0800] "GET /world/russ/basil08c.jpg HTTP/1.1" 200 40070 "https://www.ysfine.com/world/ysworld.html" "Mozilla/5.0 (Windows NT 10.0; Win64; x64; rv:106.0) Gecko/20100101 Firefox/106.0" "www.ysfine.com"
71.178.208.102 - - [09/Nov/2022:23:16:02 -0800] "GET /world/balkan/ath001c.jpg HTTP/1.1" 200 34419 "https://www.ysfine.com/world/ysworld.html" "Mozilla/5.0 (Windows NT 10.0; Win64; x64; rv:106.0) Gecko/20100101 Firefox/106.0" "www.ysfine.com"
20.29.110.168 - - [09/Nov/2022:23:16:09 -0800] "GET /wdc/washmo26.jpg HTTP/1.1" 200 71627 "https://ysfine.com/wdc" "Mozilla/5.0 (Windows NT 10.0; Win64; x64) AppleWebKit/537.36 (KHTML, like Gecko) Chrome/74.0.3729.157 Safari/537.36" "ysfine.com"
216.244.66.229 - - [09/Nov/2022:23:16:14 -0800] "GET /robots.txt HTTP/1.1" 404 73 "-" "Mozilla/5.0 (compatible; DotBot/1.2; +https://opensiteexplorer.org/dotbot; help@moz.com)" "ysfine.com"
216.244.66.229 - - [09/Nov/2022:23:16:14 -0800] "GET /robots.txt HTTP/1.1" 404 73 "-" "Mozilla/5.0 (compatible; DotBot/1.2; +https://opensiteexplorer.org/dotbot; help@moz.com)" "www.ysfine.com"
40.86.101.252 - - [09/Nov/2022:23:17:21 -0800] "GET /friends/aline/airberlin22b.jpg HTTP/1.1" 404 88 "http://ysfine.com/friends/aline" "Mozilla/5.0 (Linux; Android 10; SM-G960U) AppleWebKit/537.36 (KHTML, like Gecko) Chrome/88.0.4324.181 Mobile Safari/537.36" "ysfine.com"
20.12.191.72 - - [09/Nov/2022:23:17:29 -0800] "GET /friends/amkor/amstu02b.jpg HTTP/1.1" 404 88 "https://ysfine.com/friends/amkor" "Mozilla/5.0 (X11; Linux x86_64) AppleWebKit/537.36 (KHTML, like Gecko) Chrome/74.0.3729.169 Safari/537.36" "ysfine.com"
51.222.253.14 - - [09/Nov/2022:23:17:41 -0800] "GET /kobak/soraech.html HTTP/1.1" 200 16670 "-" "Mozilla/5.0 (compatible; AhrefsBot/7.0; +http://ahrefs.com/robot/)" "ysfine.com"
207.46.13.128 - - [09/Nov/2022:23:17:59 -0800] "GET /ysbio/world/marx.html HTTP/1.1" 404 88 "-" "Mozilla/5.0 AppleWebKit/537.36 (KHTML, like Gecko; compatible; bingbot/2.0; +http://www.bing.com/bingbot.htm) Chrome/103.0.5060.134 Safari/537.36" "ysfine.com"
40.78.141.94 - - [09/Nov/2022:23:18:10 -0800] "GET /world/france/pontdg06a.jpg HTTP/1.1" 200 81413 "https://ysfine.com/world/france" "Mozilla/5.0 (Linux; Android 10; SM-G960U) AppleWebKit/537.36 (KHTML, like Gecko) Chrome/88.0.4324.181 Mobile Safari/537.36" "ysfine.com"
157.55.39.129 - - [09/Nov/2022:23:18:22 -0800] "GET /ysbio/articles/kim89.pdf HTTP/1.1" 404 88 "-" "Mozilla/5.0 AppleWebKit/537.36 (KHTML, like Gecko; compatible; bingbot/2.0; +http://www.bing.com/bingbot.htm) Chrome/103.0.5060.134 Safari/537.36" "ysfine.com"
40.77.167.71 - - [09/Nov/2022:23:18:37 -0800] "GET /sbk/1983pr88.jpg HTTP/1.1" 200 144175 "-" "Mozilla/5.0 (compatible; bingbot/2.0; +http://www.bing.com/bingbot.htm)" "www.ysfine.com"
40.77.167.27 - - [09/Nov/2022:23:19:22 -0800] "GET /home/resonance66.jpg HTTP/1.1" 200 74561 "-" "Mozilla/5.0 AppleWebKit/537.36 (KHTML, like Gecko; compatible; bingbot/2.0; +http://www.bing.com/bingbot.htm) Chrome/103.0.5060.134 Safari/537.36" "www.ysfine.com"
216.244.66.229 - - [09/Nov/2022:23:19:31 -0800] "GET /ffriends/omsk33.jpg HTTP/1.1" 200 119579 "-" "Mozilla/5.0 (compatible; DotBot/1.2; +https://opensiteexplorer.org/dotbot; help@moz.com)" "ysfine.com"
85.208.98.17 - - [09/Nov/2022:23:20:40 -0800] "GET / HTTP/1.1" 200 5283 "-" "SEMrushBot" "ysfine.com"
93.158.161.40 - - [09/Nov/2022:23:20:41 -0800] "GET /world/russ/mosf16.jpg HTTP/1.1" 200 92402 "-" "Mozilla/5.0 (compatible; YandexImages/3.0; +http://yandex.com/bots)" "ysfine.com"
216.244.66.229 - - [09/Nov/2022:23:20:43 -0800] "GET /eink/bieden02.jpg HTTP/1.1" 200 89777 "-" "Mozilla/5.0 (compatible; DotBot/1.2; +https://opensiteexplorer.org/dotbot; help@moz.com)" "ysfine.com"
216.244.66.229 - - [09/Nov/2022:23:20:48 -0800] "GET /sbk/famous.html HTTP/1.1" 200 1738 "-" "Mozilla/5.0 (compatible; DotBot/1.2; +https://opensiteexplorer.org/dotbot; help@moz.com)" "ysfine.com"
216.244.66.229 - - [09/Nov/2022:23:20:52 -0800] "GET /ffriends/safrica11.jpg HTTP/1.1" 200 62734 "-" "Mozilla/5.0 (compatible; DotBot/1.2; +https://opensiteexplorer.org/dotbot; help@moz.com)" "ysfine.com"
77.88.5.50 - - [09/Nov/2022:23:21:03 -0800] "GET /class54/roofless.html HTTP/1.1" 200 13341 "-" "Mozilla/5.0 (compatible; YandexBot/3.0; +http://yandex.com/bots)" "www.ysfine.com"
40.86.101.166 - - [09/Nov/2022:23:21:16 -0800] "GET /princeton/adulles2.jpg HTTP/1.1" 200 51260 "http://ysfine.com/princeton" "Mozilla/5.0 (Macintosh; Intel Mac OS X 10_11_6) AppleWebKit/605.1.15 (KHTML, like Gecko) Version/11.1.2 Safari/605.1.15" "ysfine.com"
40.77.51.85 - - [09/Nov/2022:23:21:40 -0800] "GET /world/ital/flor036b.jpg HTTP/1.1" 200 43002 "http://ysfine.com/world/ital" "Mozilla/5.0 (iPhone; CPU iPhone OS 13_5_1 like Mac OS X) AppleWebKit/605.1.15 (KHTML, like Gecko) Version/13.1.1 Mobile/15E148 Safari/604.1" "ysfine.com"
40.86.101.164 - - [09/Nov/2022:23:21:43 -0800] "GET /world/russ/gum10b.jpg HTTP/1.1" 200 42080 "https://ysfine.com/world/russ" "Mozilla/5.0 (X11; Linux x86_64) AppleWebKit/537.36 (KHTML, like Gecko) Chrome/74.0.3729.169 Safari/537.36" "ysfine.com"
157.55.39.129 - - [09/Nov/2022:23:21:54 -0800] "GET /bio/yspapers/index.html HTTP/1.1" 404 88 "-" "Mozilla/5.0 AppleWebKit/537.36 (KHTML, like Gecko; compatible; bingbot/2.0; +http://www.bing.com/bingbot.htm) Chrome/103.0.5060.134 Safari/537.36" "ysfine.com"
40.77.51.86 - - [09/Nov/2022:23:22:26 -0800] "GET /world/hungary/hunband01b.jpg HTTP/1.1" 200 46280 "https://ysfine.com/world/hungary" "Mozilla/5.0 (iPhone; CPU iPhone OS 13_5_1 like Mac OS X) AppleWebKit/605.1.15 (KHTML, like Gecko) Version/13.1.1 Mobile/15E148 Safari/604.1" "ysfine.com"
13.67.224.13 - - [09/Nov/2022:23:22:44 -0800] "GET /world/france/stras53b.jpg HTTP/1.1" 200 36749 "http://ysfine.com/world/france" "Mozilla/5.0 (Linux; Android 10; SM-G960U) AppleWebKit/537.36 (KHTML, like Gecko) Chrome/88.0.4324.181 Mobile Safari/537.36" "ysfine.com"
207.46.13.107 - - [09/Nov/2022:23:22:55 -0800] "GET /yspapers/eintao22.jpg HTTP/1.1" 200 162143 "-" "Mozilla/5.0 AppleWebKit/537.36 (KHTML, like Gecko; compatible; bingbot/2.0; +http://www.bing.com/bingbot.htm) Chrome/103.0.5060.134 Safari/537.36" "www.ysfine.com"
77.75.79.31 - - [09/Nov/2022:23:23:47 -0800] "GET /feynman/fagenda.html HTTP/1.1" 200 2089 "-" "Mozilla/5.0 (compatible; SeznamBot/4.0-RC1; +http://napoveda.seznam.cz/seznambot-intro/)" "ysfine.com"
207.46.13.128 - - [09/Nov/2022:23:24:00 -0800] "GET /maga/phil/marxmos01.jpg HTTP/1.1" 200 65113 "-" "Mozilla/5.0 (compatible; bingbot/2.0; +http://www.bing.com/bingbot.htm)" "www.ysfine.com"
157.55.39.76 - - [09/Nov/2022:23:24:00 -0800] "GET /bio/style/artlove.html HTTP/1.1" 404 88 "-" "Mozilla/5.0 AppleWebKit/537.36 (KHTML, like Gecko; compatible; bingbot/2.0; +http://www.bing.com/bingbot.htm) Chrome/103.0.5060.134 Safari/537.36" "ysfine.com"
52.221.212.209 - - [09/Nov/2022:23:24:03 -0800] "GET /wigner/wiglittle.pdf HTTP/1.1" 200 2659296 "https://www.google.com/" "Mozilla/5.0 (Windows NT 10.0; Win64; x64) AppleWebKit/537.36 (KHTML, like Gecko) Chrome/102.0.0.0 Safari/537.36" "ysfine.com"
52.221.212.209 - - [09/Nov/2022:23:24:03 -0800] "GET /favicon.ico HTTP/1.1" 404 88 "https://ysfine.com/wigner/wiglittle.pdf" "Mozilla/5.0 (Windows NT 10.0; Win64; x64) AppleWebKit/537.36 (KHTML, like Gecko) Chrome/102.0.0.0 Safari/537.36" "ysfine.com"
114.119.128.158 - - [09/Nov/2022:23:24:36 -0800] "GET /heisen/heisen22b.jpg HTTP/1.1" 200 31005 "https://ysfine.com/einstein/heisenberg.html" "Mozilla/5.0 (Linux; Android 7.0;) AppleWebKit/537.36 (KHTML, like Gecko) Mobile Safari/537.36 (compatible; PetalBot;+https://webmaster.petalsearch.com/site/petalbot)" "ysfine.com"
157.55.39.129 - - [09/Nov/2022:23:25:13 -0800] "GET /wigner/hk88.jpg HTTP/1.1" 200 98936 "-" "Mozilla/5.0 (compatible; bingbot/2.0; +http://www.bing.com/bingbot.htm)" "ysfine.com"
217.13.183.251 - - [09/Nov/2022:23:25:50 -0800] "GET /kobak/1014c.jpg HTTP/1.1" 200 164928 "https://www.google.com/" "Mozilla/5.0 (Android 12; Mobile; rv:106.0) Gecko/106.0 Firefox/106.0" "ysfine.com"
217.13.183.251 - - [09/Nov/2022:23:25:52 -0800] "GET /kobak/kimc.html HTTP/1.1" 200 4345 "https://www.google.com/" "Mozilla/5.0 (Android 12; Mobile; rv:106.0) Gecko/106.0 Firefox/106.0" "ysfine.com"
217.13.183.251 - - [09/Nov/2022:23:25:53 -0800] "GET /kobak/1014b.jpg HTTP/1.1" 200 42115 "https://ysfine.com/kobak/kimc.html" "Mozilla/5.0 (Android 12; Mobile; rv:106.0) Gecko/106.0 Firefox/106.0" "ysfine.com"
217.13.183.251 - - [09/Nov/2022:23:25:53 -0800] "GET /kobak/kimjap11b.jpg HTTP/1.1" 200 63075 "https://ysfine.com/kobak/kimc.html" "Mozilla/5.0 (Android 12; Mobile; rv:106.0) Gecko/106.0 Firefox/106.0" "ysfine.com"
217.13.183.251 - - [09/Nov/2022:23:25:53 -0800] "GET /kobak/feb8b.jpg HTTP/1.1" 200 37892 "https://ysfine.com/kobak/kimc.html" "Mozilla/5.0 (Android 12; Mobile; rv:106.0) Gecko/106.0 Firefox/106.0" "ysfine.com"
217.13.183.251 - - [09/Nov/2022:23:25:53 -0800] "GET /kobak/chomansik11b.jpg HTTP/1.1" 200 36831 "https://ysfine.com/kobak/kimc.html" "Mozilla/5.0 (Android 12; Mobile; rv:106.0) Gecko/106.0 Firefox/106.0" "ysfine.com"
217.13.183.251 - - [09/Nov/2022:23:25:53 -0800] "GET /kobak/dabrow11b.jpg HTTP/1.1" 200 58281 "https://ysfine.com/kobak/kimc.html" "Mozilla/5.0 (Android 12; Mobile; rv:106.0) Gecko/106.0 Firefox/106.0" "ysfine.com"
217.13.183.251 - - [09/Nov/2022:23:25:53 -0800] "GET /kobak/kimjap22b.jpg HTTP/1.1" 200 48280 "https://ysfine.com/kobak/kimc.html" "Mozilla/5.0 (Android 12; Mobile; rv:106.0) Gecko/106.0 Firefox/106.0" "ysfine.com"
217.13.183.251 - - [09/Nov/2022:23:25:53 -0800] "GET /kobak/1014c270.jpg HTTP/1.1" 200 56853 "https://ysfine.com/kobak/kimc.html" "Mozilla/5.0 (Android 12; Mobile; rv:106.0) Gecko/106.0 Firefox/106.0" "ysfine.com"
217.13.183.251 - - [09/Nov/2022:23:25:53 -0800] "GET /eink/eink61c.jpg HTTP/1.1" 200 34119 "https://ysfine.com/kobak/kimc.html" "Mozilla/5.0 (Android 12; Mobile; rv:106.0) Gecko/106.0 Firefox/106.0" "ysfine.com"
177.232.88.96 - - [09/Nov/2022:23:26:37 -0800] "GET /dirac/dirheisen30.jpg HTTP/1.1" 200 141929 "https://www.google.com/" "Mozilla/5.0 (Linux; Android 10; SM-G9650 Build/QP1A.190711.020; wv) AppleWebKit/537.36 (KHTML, like Gecko) Version/4.0 Chrome/107.0.5304.91 Mobile Safari/537.36 GoogleApp/13.43.18.26.arm64" "ysfine.com"
157.55.39.129 - - [09/Nov/2022:23:26:43 -0800] "GET /world/baltic/appleb.jpg HTTP/1.1" 200 48720 "-" "Mozilla/5.0 (compatible; bingbot/2.0; +http://www.bing.com/bingbot.htm)" "www.ysfine.com"
207.46.13.107 - - [09/Nov/2022:23:26:47 -0800] "GET /bio/einstein/bern.html HTTP/1.1" 404 88 "-" "Mozilla/5.0 (compatible; bingbot/2.0; +http://www.bing.com/bingbot.htm)" "ysfine.com"
40.86.101.165 - - [09/Nov/2022:23:26:57 -0800] "GET /eink/eink17b.jpg HTTP/1.1" 200 34736 "https://www.ysfine.com/eink" "Mozilla/5.0 (Linux; Android 10; SM-G960U) AppleWebKit/537.36 (KHTML, like Gecko) Chrome/88.0.4324.181 Mobile Safari/537.36" "www.ysfine.com"
216.244.66.229 - - [09/Nov/2022:23:27:21 -0800] "GET /class54/class5470/total_data/sub_145.htm HTTP/1.1" 200 12882 "-" "Mozilla/5.0 (compatible; DotBot/1.2; +https://opensiteexplorer.org/dotbot; help@moz.com)" "ysfine.com"
216.244.66.229 - - [09/Nov/2022:23:27:22 -0800] "GET /ffriends/aline/chinaeast07.jpg HTTP/1.1" 200 85801 "-" "Mozilla/5.0 (compatible; DotBot/1.2; +https://opensiteexplorer.org/dotbot; help@moz.com)" "ysfine.com"
207.46.13.128 - - [09/Nov/2022:23:27:41 -0800] "GET /bio/style/ystyle.html HTTP/1.1" 404 88 "-" "Mozilla/5.0 (compatible; bingbot/2.0; +http://www.bing.com/bingbot.htm)" "ysfine.com"
114.119.128.158 - - [09/Nov/2022:23:28:15 -0800] "GET /wigner/neum/feyn31.html HTTP/1.1" 200 389 "https://www.ysfine.com/wigner/neum/futcomp.html" "Mozilla/5.0 (Linux; Android 7.0;) AppleWebKit/537.36 (KHTML, like Gecko) Mobile Safari/537.36 (compatible; PetalBot;+https://webmaster.petalsearch.com/site/petalbot)" "www.ysfine.com"
20.106.27.173 - - [09/Nov/2022:23:29:13 -0800] "GET /houses/christmas/chrism04.jpg HTTP/1.1" 200 41876 "https://ysfine.com/houses/christmas" "Mozilla/5.0 (Windows NT 10.0; Win64; x64) AppleWebKit/537.36 (KHTML, like Gecko) Chrome/74.0.3729.157 Safari/537.36" "ysfine.com"
