86.179.105.97 - - [10/Nov/2022:00:17:00 -0800] "GET /favicon.ico HTTP/1.1" 404 88 "https://ysfine.com/feynman/feyheg.html" "Mozilla/5.0 (Linux; Android 12; SM-T860) AppleWebKit/537.36 (KHTML, like Gecko) Chrome/107.0.0.0 Safari/537.36" "ysfine.com"
185.191.171.41 - - [10/Nov/2022:00:17:16 -0800] "GET /robots.txt HTTP/1.1" 404 88 "-" "Mozilla/5.0 (compatible; SemrushBot/7~bl; +http://www.semrush.com/bot.html)" "ysfine.com"
185.191.171.14 - - [10/Nov/2022:00:17:17 -0800] "GET /ysbio/world/minsk.html HTTP/1.1" 404 88 "-" "Mozilla/5.0 (compatible; SemrushBot/7~bl; +http://www.semrush.com/bot.html)" "ysfine.com"
71.178.208.102 - - [10/Nov/2022:00:17:18 -0800] "GET /einwig.html HTTP/1.1" 404 88 "https://www.ysfine.com/bio08.html" "Mozilla/5.0 (Windows NT 10.0; Win64; x64; rv:106.0) Gecko/20100101 Firefox/106.0" "www.ysfine.com"
40.77.51.86 - - [10/Nov/2022:00:17:23 -0800] "GET /world/brit/2013lon01b.jpg HTTP/1.1" 200 55687 "http://ysfine.com/world/brit" "Mozilla/5.0 (Macintosh; Intel Mac OS X 10_11_6) AppleWebKit/605.1.15 (KHTML, like Gecko) Version/11.1.2 Safari/605.1.15" "ysfine.com"
71.178.208.102 - - [10/Nov/2022:00:17:26 -0800] "GET /bio08.html HTTP/1.1" 304 - "-" "Mozilla/5.0 (Windows NT 10.0; Win64; x64; rv:106.0) Gecko/20100101 Firefox/106.0" "www.ysfine.com"
71.178.208.102 - - [10/Nov/2022:00:17:26 -0800] "GET /wigner22d.jpg HTTP/1.1" 404 88 "https://www.ysfine.com/bio08.html" "Mozilla/5.0 (Windows NT 10.0; Win64; x64; rv:106.0) Gecko/20100101 Firefox/106.0" "www.ysfine.com"
71.178.208.102 - - [10/Nov/2022:00:17:26 -0800] "GET /wigein11d.jpg HTTP/1.1" 404 88 "https://www.ysfine.com/bio08.html" "Mozilla/5.0 (Windows NT 10.0; Win64; x64; rv:106.0) Gecko/20100101 Firefox/106.0" "www.ysfine.com"
71.178.208.102 - - [10/Nov/2022:00:17:26 -0800] "GET /phys/parton77g.jpg HTTP/1.1" 404 88 "https://www.ysfine.com/bio08.html" "Mozilla/5.0 (Windows NT 10.0; Win64; x64; rv:106.0) Gecko/20100101 Firefox/106.0" "www.ysfine.com"
71.178.208.102 - - [10/Nov/2022:00:17:51 -0800] "GET /einstein/storie.html HTTP/1.1" 404 88 "https://www.ysfine.com/bio08.html" "Mozilla/5.0 (Windows NT 10.0; Win64; x64; rv:106.0) Gecko/20100101 Firefox/106.0" "www.ysfine.com"
71.178.208.102 - - [10/Nov/2022:00:17:57 -0800] "GET /style/ystyle.html HTTP/1.1" 200 1449 "https://www.ysfine.com/bio08.html" "Mozilla/5.0 (Windows NT 10.0; Win64; x64; rv:106.0) Gecko/20100101 Firefox/106.0" "www.ysfine.com"
71.178.208.102 - - [10/Nov/2022:00:17:57 -0800] "GET /princeton/class2007c.jpg HTTP/1.1" 200 37045 "https://www.ysfine.com/style/ystyle.html" "Mozilla/5.0 (Windows NT 10.0; Win64; x64; rv:106.0) Gecko/20100101 Firefox/106.0" "www.ysfine.com"
71.178.208.102 - - [10/Nov/2022:00:17:57 -0800] "GET /world/baltic/lithuf08c.jpg HTTP/1.1" 200 38987 "https://www.ysfine.com/style/ystyle.html" "Mozilla/5.0 (Windows NT 10.0; Win64; x64; rv:106.0) Gecko/20100101 Firefox/106.0" "www.ysfine.com"
71.178.208.102 - - [10/Nov/2022:00:17:57 -0800] "GET /style/ysnr11c.jpg HTTP/1.1" 200 34793 "https://www.ysfine.com/style/ystyle.html" "Mozilla/5.0 (Windows NT 10.0; Win64; x64; rv:106.0) Gecko/20100101 Firefox/106.0" "www.ysfine.com"
71.178.208.102 - - [10/Nov/2022:00:17:57 -0800] "GET /world/poland/polstu09c.jpg HTTP/1.1" 200 42128 "https://www.ysfine.com/style/ystyle.html" "Mozilla/5.0 (Windows NT 10.0; Win64; x64; rv:106.0) Gecko/20100101 Firefox/106.0" "www.ysfine.com"
72.14.201.64 - - [10/Nov/2022:00:17:58 -0800] "GET /feynman/feyheg.html HTTP/1.1" 200 6341 "-" "Mozilla/5.0 (Linux; Android 10; K) AppleWebKit/537.36 (KHTML, like Gecko) Chrome/107.0.0.0 Safari/537.36" "ysfine.com"
40.77.167.71 - - [10/Nov/2022:00:18:24 -0800] "GET /sbk/2006aa11.jpg HTTP/1.1" 200 86354 "-" "Mozilla/5.0 (compatible; bingbot/2.0; +http://www.bing.com/bingbot.htm)" "www.ysfine.com"
40.122.227.201 - - [10/Nov/2022:00:18:27 -0800] "GET /friends/aline/wpilot11b.jpg HTTP/1.1" 404 88 "http://ysfine.com/friends/aline" "Mozilla/5.0 (X11; Linux x86_64) AppleWebKit/537.36 (KHTML, like Gecko) Chrome/74.0.3729.169 Safari/537.36" "ysfine.com"
71.178.208.102 - - [10/Nov/2022:00:18:34 -0800] "GET /wigner/e(2).html HTTP/1.1" 200 4288 "https://www.ysfine.com/bio08.html" "Mozilla/5.0 (Windows NT 10.0; Win64; x64; rv:106.0) Gecko/20100101 Firefox/106.0" "www.ysfine.com"
71.178.208.102 - - [10/Nov/2022:00:18:34 -0800] "GET /wigner/mzero03c.jpg HTTP/1.1" 200 22641 "https://www.ysfine.com/wigner/e(2).html" "Mozilla/5.0 (Windows NT 10.0; Win64; x64; rv:106.0) Gecko/20100101 Firefox/106.0" "www.ysfine.com"
40.77.167.71 - - [10/Nov/2022:00:18:36 -0800] "GET /bio/bio10.html HTTP/1.1" 404 88 "-" "Mozilla/5.0 AppleWebKit/537.36 (KHTML, like Gecko; compatible; bingbot/2.0; +http://www.bing.com/bingbot.htm) Chrome/103.0.5060.134 Safari/537.36" "ysfine.com"
71.178.208.102 - - [10/Nov/2022:00:18:40 -0800] "GET /ffriends/danstu22b.jpg HTTP/1.1" 200 51863 "https://www.ysfine.com/einstein/einbohr.html" "Mozilla/5.0 (Windows NT 10.0; Win64; x64; rv:106.0) Gecko/20100101 Firefox/106.0" "www.ysfine.com"
71.178.208.102 - - [10/Nov/2022:00:18:40 -0800] "GET /world/scandi/nbi33b.jpg HTTP/1.1" 200 39400 "https://www.ysfine.com/einstein/einbohr.html" "Mozilla/5.0 (Windows NT 10.0; Win64; x64; rv:106.0) Gecko/20100101 Firefox/106.0" "www.ysfine.com"
207.46.13.107 - - [10/Nov/2022:00:18:51 -0800] "GET /philo/kanthegel02.jpg HTTP/1.1" 200 179144 "-" "Mozilla/5.0 (compatible; bingbot/2.0; +http://www.bing.com/bingbot.htm)" "ysfine.com"
71.178.208.102 - - [10/Nov/2022:00:18:52 -0800] "GET /phys/parton77.jpg HTTP/1.1" 404 88 "https://www.ysfine.com/bio08.html" "Mozilla/5.0 (Windows NT 10.0; Win64; x64; rv:106.0) Gecko/20100101 Firefox/106.0" "www.ysfine.com"
20.109.241.82 - - [10/Nov/2022:00:18:56 -0800] "GET /wigner/maxwig44b.jpg HTTP/1.1" 200 38691 "http://ysfine.com/wigner" "Mozilla/5.0 (iPhone; CPU iPhone OS 13_5_1 like Mac OS X) AppleWebKit/605.1.15 (KHTML, like Gecko) Version/13.1.1 Mobile/15E148 Safari/604.1" "ysfine.com"
51.222.253.20 - - [10/Nov/2022:00:19:03 -0800] "GET /princeton/old.html HTTP/1.1" 404 88 "-" "Mozilla/5.0 (compatible; AhrefsBot/7.0; +http://ahrefs.com/robot/)" "www.ysfine.com"
52.90.117.42 - - [10/Nov/2022:00:20:04 -0800] "GET /dirac/diracsq22.html HTTP/1.1" 200 7395 "https://www.google.com/" "Mozilla/5.0 (Windows NT 10.0; Win64; x64) AppleWebKit/537.36 (KHTML, like Gecko) Chrome/97.0.4692.99 Safari/537.36" "ysfine.com"
71.178.208.102 - - [10/Nov/2022:00:20:06 -0800] "GET /phys/parton77.jpg HTTP/1.1" 404 88 "https://www.ysfine.com/bio08.html" "Mozilla/5.0 (Windows NT 10.0; Win64; x64; rv:106.0) Gecko/20100101 Firefox/106.0" "www.ysfine.com"
20.29.110.168 - - [10/Nov/2022:00:20:10 -0800] "GET /world/china/dalian81b.jpg HTTP/1.1" 200 46290 "https://ysfine.com/world/china" "Mozilla/5.0 (X11; Linux x86_64) AppleWebKit/537.36 (KHTML, like Gecko) Chrome/74.0.3729.169 Safari/537.36" "ysfine.com"
40.77.167.71 - - [10/Nov/2022:00:21:05 -0800] "GET /ysbio/kobak/index.html HTTP/1.1" 404 88 "-" "Mozilla/5.0 AppleWebKit/537.36 (KHTML, like Gecko; compatible; bingbot/2.0; +http://www.bing.com/bingbot.htm) Chrome/103.0.5060.134 Safari/537.36" "ysfine.com"
71.178.208.102 - - [10/Nov/2022:00:21:10 -0800] "GET /bio08.html HTTP/1.1" 304 - "-" "Mozilla/5.0 (Windows NT 10.0; Win64; x64; rv:106.0) Gecko/20100101 Firefox/106.0" "www.ysfine.com"
71.178.208.102 - - [10/Nov/2022:00:21:10 -0800] "GET /wigner22d.jpg HTTP/1.1" 404 88 "https://www.ysfine.com/bio08.html" "Mozilla/5.0 (Windows NT 10.0; Win64; x64; rv:106.0) Gecko/20100101 Firefox/106.0" "www.ysfine.com"
71.178.208.102 - - [10/Nov/2022:00:21:10 -0800] "GET /phys/parton77g.jpg HTTP/1.1" 404 88 "https://www.ysfine.com/bio08.html" "Mozilla/5.0 (Windows NT 10.0; Win64; x64; rv:106.0) Gecko/20100101 Firefox/106.0" "www.ysfine.com"
71.178.208.102 - - [10/Nov/2022:00:21:10 -0800] "GET /wigein11d.jpg HTTP/1.1" 404 88 "https://www.ysfine.com/bio08.html" "Mozilla/5.0 (Windows NT 10.0; Win64; x64; rv:106.0) Gecko/20100101 Firefox/106.0" "www.ysfine.com"
71.178.208.102 - - [10/Nov/2022:00:21:42 -0800] "GET /kowis33.html HTTP/1.1" 404 88 "https://www.ysfine.com/bio08.html" "Mozilla/5.0 (Windows NT 10.0; Win64; x64; rv:106.0) Gecko/20100101 Firefox/106.0" "www.ysfine.com"
71.178.208.102 - - [10/Nov/2022:00:21:52 -0800] "GET /dirac/dirk62.html HTTP/1.1" 200 3930 "https://www.ysfine.com/bio08.html" "Mozilla/5.0 (Windows NT 10.0; Win64; x64; rv:106.0) Gecko/20100101 Firefox/106.0" "www.ysfine.com"
71.178.208.102 - - [10/Nov/2022:00:21:52 -0800] "GET /dirac/feydirac450.jpg HTTP/1.1" 200 40491 "https://www.ysfine.com/dirac/dirk62.html" "Mozilla/5.0 (Windows NT 10.0; Win64; x64; rv:106.0) Gecko/20100101 Firefox/106.0" "www.ysfine.com"
71.178.208.102 - - [10/Nov/2022:00:21:52 -0800] "GET /dirac/dfkim11d.jpg HTTP/1.1" 200 51242 "https://www.ysfine.com/dirac/dirk62.html" "Mozilla/5.0 (Windows NT 10.0; Win64; x64; rv:106.0) Gecko/20100101 Firefox/106.0" "www.ysfine.com"
71.178.208.102 - - [10/Nov/2022:00:21:52 -0800] "GET /dirac/diracqm11f.jpg HTTP/1.1" 200 109178 "https://www.ysfine.com/dirac/dirk62.html" "Mozilla/5.0 (Windows NT 10.0; Win64; x64; rv:106.0) Gecko/20100101 Firefox/106.0" "www.ysfine.com"
71.178.208.102 - - [10/Nov/2022:00:21:52 -0800] "GET /dirac/dirk6202f.jpg HTTP/1.1" 200 62459 "https://www.ysfine.com/dirac/dirk62.html" "Mozilla/5.0 (Windows NT 10.0; Win64; x64; rv:106.0) Gecko/20100101 Firefox/106.0" "www.ysfine.com"
71.178.208.102 - - [10/Nov/2022:00:21:52 -0800] "GET /dirac/dirwig55d.jpg HTTP/1.1" 200 47442 "https://www.ysfine.com/dirac/dirk62.html" "Mozilla/5.0 (Windows NT 10.0; Win64; x64; rv:106.0) Gecko/20100101 Firefox/106.0" "www.ysfine.com"
71.178.208.102 - - [10/Nov/2022:00:21:52 -0800] "GET /dirac/coupo02d.jpg HTTP/1.1" 200 49502 "https://www.ysfine.com/dirac/dirk62.html" "Mozilla/5.0 (Windows NT 10.0; Win64; x64; rv:106.0) Gecko/20100101 Firefox/106.0" "www.ysfine.com"
71.178.208.102 - - [10/Nov/2022:00:21:52 -0800] "GET /dirac/dirk6201.jpg HTTP/1.1" 200 51283 "https://www.ysfine.com/dirac/dirk62.html" "Mozilla/5.0 (Windows NT 10.0; Win64; x64; rv:106.0) Gecko/20100101 Firefox/106.0" "www.ysfine.com"
71.178.208.102 - - [10/Nov/2022:00:21:52 -0800] "GET /dirac/nicodem11d.jpg HTTP/1.1" 200 141167 "https://www.ysfine.com/dirac/dirk62.html" "Mozilla/5.0 (Windows NT 10.0; Win64; x64; rv:106.0) Gecko/20100101 Firefox/106.0" "www.ysfine.com"
71.178.208.102 - - [10/Nov/2022:00:22:04 -0800] "GET /wigner22.jpg HTTP/1.1" 404 88 "https://www.ysfine.com/bio08.html" "Mozilla/5.0 (Windows NT 10.0; Win64; x64; rv:106.0) Gecko/20100101 Firefox/106.0" "www.ysfine.com"
71.178.208.102 - - [10/Nov/2022:00:22:20 -0800] "GET /einwig.html HTTP/1.1" 404 88 "https://www.ysfine.com/bio08.html" "Mozilla/5.0 (Windows NT 10.0; Win64; x64; rv:106.0) Gecko/20100101 Firefox/106.0" "www.ysfine.com"
207.46.13.107 - - [10/Nov/2022:00:22:31 -0800] "GET /class54/class5470/total_data/refer_img/1-7_f.jpg HTTP/1.1" 200 20322 "-" "Mozilla/5.0 AppleWebKit/537.36 (KHTML, like Gecko; compatible; bingbot/2.0; +http://www.bing.com/bingbot.htm) Chrome/103.0.5060.134 Safari/537.36" "ysfine.com"
71.178.208.102 - - [10/Nov/2022:00:22:34 -0800] "GET /bio08.html HTTP/1.1" 200 10634 "-" "Mozilla/5.0 (Windows NT 10.0; Win64; x64; rv:106.0) Gecko/20100101 Firefox/106.0" "www.ysfine.com"
71.178.208.102 - - [10/Nov/2022:00:22:34 -0800] "GET /wigein11d.jpg HTTP/1.1" 404 88 "https://www.ysfine.com/bio08.html" "Mozilla/5.0 (Windows NT 10.0; Win64; x64; rv:106.0) Gecko/20100101 Firefox/106.0" "www.ysfine.com"
71.178.208.102 - - [10/Nov/2022:00:22:34 -0800] "GET /wigner22d.jpg HTTP/1.1" 404 88 "https://www.ysfine.com/bio08.html" "Mozilla/5.0 (Windows NT 10.0; Win64; x64; rv:106.0) Gecko/20100101 Firefox/106.0" "www.ysfine.com"
71.178.208.102 - - [10/Nov/2022:00:22:34 -0800] "GET /home/phys/parton77g.jpg HTTP/1.1" 404 88 "https://www.ysfine.com/bio08.html" "Mozilla/5.0 (Windows NT 10.0; Win64; x64; rv:106.0) Gecko/20100101 Firefox/106.0" "www.ysfine.com"
71.178.208.102 - - [10/Nov/2022:00:22:37 -0800] "GET /einwig.html HTTP/1.1" 404 88 "https://www.ysfine.com/bio08.html" "Mozilla/5.0 (Windows NT 10.0; Win64; x64; rv:106.0) Gecko/20100101 Firefox/106.0" "www.ysfine.com"
207.46.13.128 - - [10/Nov/2022:00:23:15 -0800] "GET /ysbio/bio77.html HTTP/1.1" 404 88 "-" "Mozilla/5.0 AppleWebKit/537.36 (KHTML, like Gecko; compatible; bingbot/2.0; +http://www.bing.com/bingbot.htm) Chrome/103.0.5060.134 Safari/537.36" "ysfine.com"
207.46.13.128 - - [10/Nov/2022:00:23:25 -0800] "GET /world/ital/venicej02.jpg HTTP/1.1" 200 120431 "-" "Mozilla/5.0 AppleWebKit/537.36 (KHTML, like Gecko; compatible; bingbot/2.0; +http://www.bing.com/bingbot.htm) Chrome/103.0.5060.134 Safari/537.36" "ysfine.com"
71.178.208.102 - - [10/Nov/2022:00:23:47 -0800] "GET /einwig.html HTTP/1.1" 404 88 "https://www.ysfine.com/bio08.html" "Mozilla/5.0 (Windows NT 10.0; Win64; x64; rv:106.0) Gecko/20100101 Firefox/106.0" "www.ysfine.com"
95.163.255.66 - - [10/Nov/2022:00:23:57 -0800] "GET /robots.txt HTTP/1.1" 404 73 "-" "Mozilla/5.0 (compatible; Linux x86_64; Mail.RU_Bot/2.0; +https://help.mail.ru/webmaster/indexing/robots)" "ysfine.com"
95.163.255.62 - - [10/Nov/2022:00:23:59 -0800] "GET /jobs/koreaj.html HTTP/1.1" 200 10214 "-" "Mozilla/5.0 (compatible; Linux x86_64; Mail.RU_Bot/2.0; +https://help.mail.ru/webmaster/indexing/robots)" "ysfine.com"
95.163.255.63 - - [10/Nov/2022:00:24:00 -0800] "GET /world/brit/etonharrow.html HTTP/1.1" 200 4546 "-" "Mozilla/5.0 (compatible; Linux x86_64; Mail.RU_Bot/2.0; +https://help.mail.ru/webmaster/indexing/robots)" "ysfine.com"
71.178.208.102 - - [10/Nov/2022:00:24:02 -0800] "GET /yspapers/cylin.pdf HTTP/1.1" 200 358984 "https://www.ysfine.com/bio08.html" "Mozilla/5.0 (Windows NT 10.0; Win64; x64; rv:106.0) Gecko/20100101 Firefox/106.0" "www.ysfine.com"
95.163.255.63 - - [10/Nov/2022:00:24:02 -0800] "GET /feynman/restof.html HTTP/1.1" 200 4709 "-" "Mozilla/5.0 (compatible; Linux x86_64; Mail.RU_Bot/2.0; +https://help.mail.ru/webmaster/indexing/robots)" "ysfine.com"
71.178.208.102 - - [10/Nov/2022:00:24:15 -0800] "GET /einwig.html HTTP/1.1" 404 88 "https://www.ysfine.com/bio08.html" "Mozilla/5.0 (Windows NT 10.0; Win64; x64; rv:106.0) Gecko/20100101 Firefox/106.0" "www.ysfine.com"
40.86.101.164 - - [10/Nov/2022:00:24:15 -0800] "GET /einstein/places/einha05.jpg HTTP/1.1" 200 138021 "https://ysfine.com/einstein/places" "Mozilla/5.0 (Windows NT 10.0; Win64; x64) AppleWebKit/537.36 (KHTML, like Gecko) Chrome/74.0.3729.157 Safari/537.36" "ysfine.com"
51.222.253.16 - - [10/Nov/2022:00:24:24 -0800] "GET /style/proschanie.html HTTP/1.1" 200 4801 "-" "Mozilla/5.0 (compatible; AhrefsBot/7.0; +http://ahrefs.com/robot/)" "ysfine.com"
71.178.208.102 - - [10/Nov/2022:00:24:37 -0800] "GET /einwig.html HTTP/1.1" 404 88 "https://www.ysfine.com/bio08.html" "Mozilla/5.0 (Windows NT 10.0; Win64; x64; rv:106.0) Gecko/20100101 Firefox/106.0" "www.ysfine.com"
20.29.110.168 - - [10/Nov/2022:00:24:53 -0800] "GET /home/hyper01b.jpg HTTP/1.1" 200 28008 "https://ysfine.com/home" "Mozilla/5.0 (X11; Linux x86_64) AppleWebKit/537.36 (KHTML, like Gecko) Chrome/74.0.3729.169 Safari/537.36" "ysfine.com"
207.46.13.128 - - [10/Nov/2022:00:25:16 -0800] "GET /bio/heisen/heisen54.html HTTP/1.1" 404 88 "-" "Mozilla/5.0 (compatible; bingbot/2.0; +http://www.bing.com/bingbot.htm)" "ysfine.com"
207.46.13.128 - - [10/Nov/2022:00:25:17 -0800] "GET /home/hmleft.html HTTP/1.1" 200 861 "-" "Mozilla/5.0 AppleWebKit/537.36 (KHTML, like Gecko; compatible; bingbot/2.0; +http://www.bing.com/bingbot.htm) Chrome/103.0.5060.134 Safari/537.36" "ysfine.com"
71.178.208.102 - - [10/Nov/2022:00:25:24 -0800] "GET /wigner22.jpg HTTP/1.1" 404 88 "https://www.ysfine.com/bio08.html" "Mozilla/5.0 (Windows NT 10.0; Win64; x64; rv:106.0) Gecko/20100101 Firefox/106.0" "www.ysfine.com"
40.77.167.27 - - [10/Nov/2022:00:25:30 -0800] "GET /world/brit/imperialc05.jpg HTTP/1.1" 200 70843 "-" "Mozilla/5.0 (compatible; bingbot/2.0; +http://www.bing.com/bingbot.htm)" "ysfine.com"
20.29.110.169 - - [10/Nov/2022:00:25:34 -0800] "GET /world/germany/aachen11b.jpg HTTP/1.1" 200 44242 "http://ysfine.com/world/germany" "Mozilla/5.0 (Windows NT 10.0; Win64; x64) AppleWebKit/537.36 (KHTML, like Gecko) Chrome/74.0.3729.157 Safari/537.36" "ysfine.com"
71.178.208.102 - - [10/Nov/2022:00:25:37 -0800] "GET /einwig.html HTTP/1.1" 404 88 "https://www.ysfine.com/bio08.html" "Mozilla/5.0 (Windows NT 10.0; Win64; x64; rv:106.0) Gecko/20100101 Firefox/106.0" "www.ysfine.com"
71.178.208.102 - - [10/Nov/2022:00:25:48 -0800] "GET /fotos/einmu41.jpg HTTP/1.1" 200 91709 "https://www.ysfine.com/bio08.html" "Mozilla/5.0 (Windows NT 10.0; Win64; x64; rv:106.0) Gecko/20100101 Firefox/106.0" "www.ysfine.com"
40.77.167.27 - - [10/Nov/2022:00:25:51 -0800] "GET /bio/style/proschanie.html HTTP/1.1" 404 88 "-" "Mozilla/5.0 (compatible; bingbot/2.0; +http://www.bing.com/bingbot.htm)" "ysfine.com"
71.178.208.102 - - [10/Nov/2022:00:26:03 -0800] "GET /einwig.html HTTP/1.1" 404 88 "https://www.ysfine.com/bio08.html" "Mozilla/5.0 (Windows NT 10.0; Win64; x64; rv:106.0) Gecko/20100101 Firefox/106.0" "www.ysfine.com"
77.75.78.161 - - [10/Nov/2022:00:26:14 -0800] "GET /robots.txt HTTP/1.1" 404 88 "-" "Mozilla/5.0 (compatible; SeznamBot/3.2; +http://napoveda.seznam.cz/en/seznambot-intro/)" "ysfine.com"
77.75.78.161 - - [10/Nov/2022:00:26:15 -0800] "GET /world/russ/tchaikovhall02.jpg HTTP/1.1" 200 59295 "-" "Mozilla/5.0 (compatible; SeznamBot/3.2; +http://napoveda.seznam.cz/en/seznambot-intro/)" "ysfine.com"
77.75.78.161 - - [10/Nov/2022:00:26:18 -0800] "GET /world/brit/towerbr08.jpg HTTP/1.1" 304 - "-" "Mozilla/5.0 (compatible; SeznamBot/3.2; +http://napoveda.seznam.cz/en/seznambot-intro/)" "ysfine.com"
77.75.78.161 - - [10/Nov/2022:00:26:18 -0800] "GET /world/poland/krk01.jpg HTTP/1.1" 304 - "-" "Mozilla/5.0 (compatible; SeznamBot/3.2; +http://napoveda.seznam.cz/en/seznambot-intro/)" "ysfine.com"
77.75.78.161 - - [10/Nov/2022:00:26:18 -0800] "GET /world/poland/krk02.jpg HTTP/1.1" 304 - "-" "Mozilla/5.0 (compatible; SeznamBot/3.2; +http://napoveda.seznam.cz/en/seznambot-intro/)" "ysfine.com"
77.75.78.161 - - [10/Nov/2022:00:26:19 -0800] "GET /newyork/wallst01.jpg HTTP/1.1" 304 - "-" "Mozilla/5.0 (compatible; SeznamBot/3.2; +http://napoveda.seznam.cz/en/seznambot-intro/)" "ysfine.com"
77.75.78.161 - - [10/Nov/2022:00:26:19 -0800] "GET /wdc/gtown47.jpg HTTP/1.1" 304 - "-" "Mozilla/5.0 (compatible; SeznamBot/3.2; +http://napoveda.seznam.cz/en/seznambot-intro/)" "ysfine.com"
20.29.110.169 - - [10/Nov/2022:00:26:29 -0800] "GET /maga/phil/hume02b.jpg HTTP/1.1" 200 52835 "https://ysfine.com/maga/phil" "Mozilla/5.0 (Linux; Android 10; SM-G960U) AppleWebKit/537.36 (KHTML, like Gecko) Chrome/88.0.4324.181 Mobile Safari/537.36" "ysfine.com"
71.178.208.102 - - [10/Nov/2022:00:26:44 -0800] "GET /wigner22.jpg HTTP/1.1" 404 88 "https://www.ysfine.com/bio08.html" "Mozilla/5.0 (Windows NT 10.0; Win64; x64; rv:106.0) Gecko/20100101 Firefox/106.0" "www.ysfine.com"
40.77.51.85 - - [10/Nov/2022:00:27:50 -0800] "GET /maga/phys/yukafeyn2.jpg HTTP/1.1" 200 36709 "https://ysfine.com/maga/phys" "Mozilla/5.0 (X11; Linux x86_64) AppleWebKit/537.36 (KHTML, like Gecko) Chrome/74.0.3729.169 Safari/537.36" "ysfine.com"
71.178.208.102 - - [10/Nov/2022:00:27:57 -0800] "GET /bio08.html HTTP/1.1" 200 10636 "-" "Mozilla/5.0 (Windows NT 10.0; Win64; x64; rv:106.0) Gecko/20100101 Firefox/106.0" "www.ysfine.com"
71.178.208.102 - - [10/Nov/2022:00:27:57 -0800] "GET /wigner22d.jpg HTTP/1.1" 404 88 "https://www.ysfine.com/bio08.html" "Mozilla/5.0 (Windows NT 10.0; Win64; x64; rv:106.0) Gecko/20100101 Firefox/106.0" "www.ysfine.com"
71.178.208.102 - - [10/Nov/2022:00:27:57 -0800] "GET /wigein11d.jpg HTTP/1.1" 404 88 "https://www.ysfine.com/bio08.html" "Mozilla/5.0 (Windows NT 10.0; Win64; x64; rv:106.0) Gecko/20100101 Firefox/106.0" "www.ysfine.com"
71.178.208.102 - - [10/Nov/2022:00:27:57 -0800] "GET /home/phys/parton77g.jpg HTTP/1.1" 404 88 "https://www.ysfine.com/bio08.html" "Mozilla/5.0 (Windows NT 10.0; Win64; x64; rv:106.0) Gecko/20100101 Firefox/106.0" "www.ysfine.com"
71.178.208.102 - - [10/Nov/2022:00:28:02 -0800] "GET /wigner22.jpg HTTP/1.1" 404 88 "https://www.ysfine.com/bio08.html" "Mozilla/5.0 (Windows NT 10.0; Win64; x64; rv:106.0) Gecko/20100101 Firefox/106.0" "www.ysfine.com"
51.222.253.10 - - [10/Nov/2022:00:28:45 -0800] "GET /ysbio/wdc/tysonsm.html HTTP/1.1" 404 88 "-" "Mozilla/5.0 (compatible; AhrefsBot/7.0; +http://ahrefs.com/robot/)" "ysfine.com"
157.55.39.76 - - [10/Nov/2022:00:29:34 -0800] "GET /ysbio/philo/sisfa12/keigel.pdf HTTP/1.1" 404 88 "-" "Mozilla/5.0 AppleWebKit/537.36 (KHTML, like Gecko; compatible; bingbot/2.0; +http://www.bing.com/bingbot.htm) Chrome/103.0.5060.134 Safari/537.36" "ysfine.com"
207.46.13.128 - - [10/Nov/2022:00:29:39 -0800] "GET /style/musee/berlinmus21b.jpg HTTP/1.1" 200 35257 "-" "Mozilla/5.0 (compatible; bingbot/2.0; +http://www.bing.com/bingbot.htm)" "ysfine.com"
71.178.208.102 - - [10/Nov/2022:00:29:47 -0800] "GET /bio08.html HTTP/1.1" 200 10641 "-" "Mozilla/5.0 (Windows NT 10.0; Win64; x64; rv:106.0) Gecko/20100101 Firefox/106.0" "www.ysfine.com"
71.178.208.102 - - [10/Nov/2022:00:29:47 -0800] "GET /wigein11d.jpg HTTP/1.1" 404 88 "https://www.ysfine.com/bio08.html" "Mozilla/5.0 (Windows NT 10.0; Win64; x64; rv:106.0) Gecko/20100101 Firefox/106.0" "www.ysfine.com"
71.178.208.102 - - [10/Nov/2022:00:29:47 -0800] "GET /home/wigner22d.jpg HTTP/1.1" 200 70992 "https://www.ysfine.com/bio08.html" "Mozilla/5.0 (Windows NT 10.0; Win64; x64; rv:106.0) Gecko/20100101 Firefox/106.0" "www.ysfine.com"
71.178.208.102 - - [10/Nov/2022:00:29:47 -0800] "GET /home/phys/parton77g.jpg HTTP/1.1" 404 88 "https://www.ysfine.com/bio08.html" "Mozilla/5.0 (Windows NT 10.0; Win64; x64; rv:106.0) Gecko/20100101 Firefox/106.0" "www.ysfine.com"
71.178.208.102 - - [10/Nov/2022:00:29:50 -0800] "GET /einwig.html HTTP/1.1" 404 88 "https://www.ysfine.com/bio08.html" "Mozilla/5.0 (Windows NT 10.0; Win64; x64; rv:106.0) Gecko/20100101 Firefox/106.0" "www.ysfine.com"
185.191.171.10 - - [10/Nov/2022:00:30:01 -0800] "GET /ysbio/dirac/integ.html HTTP/1.1" 404 88 "-" "Mozilla/5.0 (compatible; SemrushBot/7~bl; +http://www.semrush.com/bot.html)" "ysfine.com"
71.178.208.102 - - [10/Nov/2022:00:30:02 -0800] "GET /yspapers/cylin.pdf HTTP/1.1" 200 358984 "https://www.ysfine.com/bio08.html" "Mozilla/5.0 (Windows NT 10.0; Win64; x64; rv:106.0) Gecko/20100101 Firefox/106.0" "www.ysfine.com"
20.12.191.72 - - [10/Nov/2022:00:30:26 -0800] "GET /dongio/twosis33.jpg HTTP/1.1" 404 88 "https://ysfine.com/dongio" "Mozilla/5.0 (X11; Linux x86_64) AppleWebKit/537.36 (KHTML, like Gecko) Chrome/74.0.3729.169 Safari/537.36" "ysfine.com"
71.178.208.102 - - [10/Nov/2022:00:30:29 -0800] "GET /homw/einwig.html HTTP/1.1" 404 88 "https://www.ysfine.com/bio08.html" "Mozilla/5.0 (Windows NT 10.0; Win64; x64; rv:106.0) Gecko/20100101 Firefox/106.0" "www.ysfine.com"
207.46.13.107 - - [10/Nov/2022:00:30:32 -0800] "GET /style/musee/orsaym11.jpg HTTP/1.1" 200 91266 "-" "Mozilla/5.0 (compatible; bingbot/2.0; +http://www.bing.com/bingbot.htm)" "ysfine.com"
40.77.51.86 - - [10/Nov/2022:00:30:35 -0800] "GET /dirac/wigsis11.jpg HTTP/1.1" 200 71741 "https://ysfine.com/dirac" "Mozilla/5.0 (Macintosh; Intel Mac OS X 10_11_6) AppleWebKit/605.1.15 (KHTML, like Gecko) Version/11.1.2 Safari/605.1.15" "ysfine.com"
40.77.167.71 - - [10/Nov/2022:00:30:37 -0800] "GET /bio/feynman/partons.html HTTP/1.1" 404 88 "-" "Mozilla/5.0 (compatible; bingbot/2.0; +http://www.bing.com/bingbot.htm)" "ysfine.com"
157.55.39.129 - - [10/Nov/2022:00:30:41 -0800] "GET /bio/style/rieu.html HTTP/1.1" 404 88 "-" "Mozilla/5.0 (compatible; bingbot/2.0; +http://www.bing.com/bingbot.htm)" "ysfine.com"
71.178.208.102 - - [10/Nov/2022:00:30:47 -0800] "GET /einwig.html HTTP/1.1" 404 88 "https://www.ysfine.com/bio08.html" "Mozilla/5.0 (Windows NT 10.0; Win64; x64; rv:106.0) Gecko/20100101 Firefox/106.0" "www.ysfine.com"
77.88.5.46 - - [10/Nov/2022:00:31:03 -0800] "GET /robots.txt HTTP/1.1" 404 73 "-" "Mozilla/5.0 (compatible; YandexBot/3.0; +http://yandex.com/bots)" "www.ysfine.com"
40.77.167.71 - - [10/Nov/2022:00:31:04 -0800] "GET /world/baltic/tallin57c.jpg HTTP/1.1" 200 30645 "-" "Mozilla/5.0 (compatible; bingbot/2.0; +http://www.bing.com/bingbot.htm)" "ysfine.com"
93.158.161.40 - - [10/Nov/2022:00:31:07 -0800] "GET /world/russ/spbf35.jpg HTTP/1.1" 200 145404 "-" "Mozilla/5.0 (compatible; YandexImages/3.0; +http://yandex.com/bots)" "www.ysfine.com"
93.158.161.40 - - [10/Nov/2022:00:31:08 -0800] "GET /world/russ/spbf15.jpg HTTP/1.1" 200 130531 "-" "Mozilla/5.0 (compatible; YandexImages/3.0; +http://yandex.com/bots)" "ysfine.com"
77.88.5.245 - - [10/Nov/2022:00:31:11 -0800] "GET /world/russ/spbf34b.jpg HTTP/1.1" 200 26357 "-" "Mozilla/5.0 (compatible; YandexImages/3.0; +http://yandex.com/bots)" "www.ysfine.com"
40.77.51.84 - - [10/Nov/2022:00:31:20 -0800] "GET /sbk/2000rome07.jpg HTTP/1.1" 200 211686 "https://ysfine.com/sbk" "Mozilla/5.0 (Windows NT 10.0; Win64; x64) AppleWebKit/537.36 (KHTML, like Gecko) Chrome/74.0.3729.157 Safari/537.36" "ysfine.com"
66.249.69.66 - - [10/Nov/2022:00:31:31 -0800] "GET /articles/restof.pdf HTTP/1.1" 401 90 "-" "Googlebot/2.1 (+http://www.google.com/bot.html)" "ysfine.com"
71.178.208.102 - - [10/Nov/2022:00:31:35 -0800] "GET /bio08.html HTTP/1.1" 200 10643 "-" "Mozilla/5.0 (Windows NT 10.0; Win64; x64; rv:106.0) Gecko/20100101 Firefox/106.0" "www.ysfine.com"
71.178.208.102 - - [10/Nov/2022:00:31:35 -0800] "GET /wigein11d.jpg HTTP/1.1" 404 88 "https://www.ysfine.com/bio08.html" "Mozilla/5.0 (Windows NT 10.0; Win64; x64; rv:106.0) Gecko/20100101 Firefox/106.0" "www.ysfine.com"
71.178.208.102 - - [10/Nov/2022:00:31:35 -0800] "GET /home/phys/parton77g.jpg HTTP/1.1" 404 88 "https://www.ysfine.com/bio08.html" "Mozilla/5.0 (Windows NT 10.0; Win64; x64; rv:106.0) Gecko/20100101 Firefox/106.0" "www.ysfine.com"
71.178.208.102 - - [10/Nov/2022:00:31:37 -0800] "GET /home/einwig.html HTTP/1.1" 200 1537 "https://www.ysfine.com/bio08.html" "Mozilla/5.0 (Windows NT 10.0; Win64; x64; rv:106.0) Gecko/20100101 Firefox/106.0" "www.ysfine.com"
71.178.208.102 - - [10/Nov/2022:00:31:37 -0800] "GET /home/figs/isomor99f.jpg HTTP/1.1" 200 77290 "https://www.ysfine.com/home/einwig.html" "Mozilla/5.0 (Windows NT 10.0; Win64; x64; rv:106.0) Gecko/20100101 Firefox/106.0" "www.ysfine.com"
207.46.13.107 - - [10/Nov/2022:00:31:42 -0800] "GET /world/brit/cam23.jpg HTTP/1.1" 200 135127 "-" "Mozilla/5.0 AppleWebKit/537.36 (KHTML, like Gecko; compatible; bingbot/2.0; +http://www.bing.com/bingbot.htm) Chrome/103.0.5060.134 Safari/537.36" "ysfine.com"
71.178.208.102 - - [10/Nov/2022:00:31:53 -0800] "GET /homw/einwig.html HTTP/1.1" 404 88 "https://www.ysfine.com/bio08.html" "Mozilla/5.0 (Windows NT 10.0; Win64; x64; rv:106.0) Gecko/20100101 Firefox/106.0" "www.ysfine.com"
185.191.171.4 - - [10/Nov/2022:00:32:10 -0800] "GET /ysbio/folks/european.html HTTP/1.1" 404 88 "-" "Mozilla/5.0 (compatible; SemrushBot/7~bl; +http://www.semrush.com/bot.html)" "www.ysfine.com"
20.109.241.82 - - [10/Nov/2022:00:32:10 -0800] "GET /beau/amkor/lekeg04c.jpg HTTP/1.1" 404 88 "https://ysfine.com/beau/amkor" "Mozilla/5.0 (iPhone; CPU iPhone OS 13_5_1 like Mac OS X) AppleWebKit/605.1.15 (KHTML, like Gecko) Version/13.1.1 Mobile/15E148 Safari/604.1" "ysfine.com"
71.178.208.102 - - [10/Nov/2022:00:32:41 -0800] "GET /bio08.html HTTP/1.1" 200 10640 "-" "Mozilla/5.0 (Windows NT 10.0; Win64; x64; rv:106.0) Gecko/20100101 Firefox/106.0" "www.ysfine.com"
71.178.208.102 - - [10/Nov/2022:00:32:41 -0800] "GET /wigein11d.jpg HTTP/1.1" 404 88 "https://www.ysfine.com/bio08.html" "Mozilla/5.0 (Windows NT 10.0; Win64; x64; rv:106.0) Gecko/20100101 Firefox/106.0" "www.ysfine.com"
71.178.208.102 - - [10/Nov/2022:00:32:41 -0800] "GET /home/phys/parton77g.jpg HTTP/1.1" 404 88 "https://www.ysfine.com/bio08.html" "Mozilla/5.0 (Windows NT 10.0; Win64; x64; rv:106.0) Gecko/20100101 Firefox/106.0" "www.ysfine.com"
40.77.167.71 - - [10/Nov/2022:00:33:05 -0800] "GET /newyork/un02.jpg HTTP/1.1" 200 174963 "-" "Mozilla/5.0 (compatible; bingbot/2.0; +http://www.bing.com/bingbot.htm)" "ysfine.com"
71.178.208.102 - - [10/Nov/2022:00:33:33 -0800] "GET /yspapers/stg90.pdf HTTP/1.1" 200 86318 "https://www.ysfine.com/bio08.html" "Mozilla/5.0 (Windows NT 10.0; Win64; x64; rv:106.0) Gecko/20100101 Firefox/106.0" "www.ysfine.com"
71.178.208.102 - - [10/Nov/2022:00:33:44 -0800] "GET /wigein11.jpg HTTP/1.1" 404 88 "https://www.ysfine.com/bio08.html" "Mozilla/5.0 (Windows NT 10.0; Win64; x64; rv:106.0) Gecko/20100101 Firefox/106.0" "www.ysfine.com"
149.154.161.234 - - [10/Nov/2022:00:34:22 -0800] "GET /world/spain/sevif06.jpg HTTP/1.1" 200 205489 "-" "TelegramBot (like TwitterBot)" "ysfine.com"
51.222.253.15 - - [10/Nov/2022:00:34:34 -0800] "GET /wisdom/kwk.html HTTP/1.1" 200 5252 "-" "Mozilla/5.0 (compatible; AhrefsBot/7.0; +http://ahrefs.com/robot/)" "ysfine.com"
71.178.208.102 - - [10/Nov/2022:00:34:47 -0800] "GET /bio08.html HTTP/1.1" 200 10641 "-" "Mozilla/5.0 (Windows NT 10.0; Win64; x64; rv:106.0) Gecko/20100101 Firefox/106.0" "www.ysfine.com"
71.178.208.102 - - [10/Nov/2022:00:34:47 -0800] "GET /home/phys/parton77g.jpg HTTP/1.1" 404 88 "https://www.ysfine.com/bio08.html" "Mozilla/5.0 (Windows NT 10.0; Win64; x64; rv:106.0) Gecko/20100101 Firefox/106.0" "www.ysfine.com"
71.178.208.102 - - [10/Nov/2022:00:34:47 -0800] "GET /home/wigein11d.jpg HTTP/1.1" 200 38446 "https://www.ysfine.com/bio08.html" "Mozilla/5.0 (Windows NT 10.0; Win64; x64; rv:106.0) Gecko/20100101 Firefox/106.0" "www.ysfine.com"
71.178.208.102 - - [10/Nov/2022:00:34:52 -0800] "GET /wigein11.jpg HTTP/1.1" 404 88 "https://www.ysfine.com/bio08.html" "Mozilla/5.0 (Windows NT 10.0; Win64; x64; rv:106.0) Gecko/20100101 Firefox/106.0" "www.ysfine.com"
20.109.241.98 - - [10/Nov/2022:00:35:06 -0800] "GET /sbk/2000rome06.jpg HTTP/1.1" 200 225371 "https://ysfine.com/sbk" "Mozilla/5.0 (iPhone; CPU iPhone OS 13_5_1 like Mac OS X) AppleWebKit/605.1.15 (KHTML, like Gecko) Version/13.1.1 Mobile/15E148 Safari/604.1" "ysfine.com"
86.115.240.64 - - [10/Nov/2022:00:35:18 -0800] "GET /kowar/tanks/tank03.jpg HTTP/1.1" 200 106726 "https://www.google.com/" "Mozilla/5.0 (Windows NT 10.0; Win64; x64) AppleWebKit/537.36 (KHTML, like Gecko) Chrome/107.0.0.0 Safari/537.36" "ysfine.com"
185.191.171.15 - - [10/Nov/2022:00:35:24 -0800] "GET /einstein/einwo.html HTTP/1.1" 200 4222 "-" "Mozilla/5.0 (compatible; SemrushBot/7~bl; +http://www.semrush.com/bot.html)" "ysfine.com"
71.178.208.102 - - [10/Nov/2022:00:35:46 -0800] "GET /bio08.html HTTP/1.1" 200 10641 "-" "Mozilla/5.0 (Windows NT 10.0; Win64; x64; rv:106.0) Gecko/20100101 Firefox/106.0" "www.ysfine.com"
71.178.208.102 - - [10/Nov/2022:00:35:46 -0800] "GET /home/phys/parton77g.jpg HTTP/1.1" 404 88 "https://www.ysfine.com/bio08.html" "Mozilla/5.0 (Windows NT 10.0; Win64; x64; rv:106.0) Gecko/20100101 Firefox/106.0" "www.ysfine.com"
71.178.208.102 - - [10/Nov/2022:00:35:48 -0800] "GET /home/wigein11.jpg HTTP/1.1" 200 134455 "https://www.ysfine.com/bio08.html" "Mozilla/5.0 (Windows NT 10.0; Win64; x64; rv:106.0) Gecko/20100101 Firefox/106.0" "www.ysfine.com"
157.55.39.129 - - [10/Nov/2022:00:35:58 -0800] "GET /bio/wigner/wigbot.html HTTP/1.1" 404 88 "-" "Mozilla/5.0 (compatible; bingbot/2.0; +http://www.bing.com/bingbot.htm)" "ysfine.com"
40.77.167.27 - - [10/Nov/2022:00:36:21 -0800] "GET /world/poland/krk62b.jpg HTTP/1.1" 200 38146 "-" "Mozilla/5.0 (compatible; bingbot/2.0; +http://www.bing.com/bingbot.htm)" "ysfine.com"
71.178.208.102 - - [10/Nov/2022:00:36:38 -0800] "GET /kowis33.html HTTP/1.1" 404 88 "https://www.ysfine.com/bio08.html" "Mozilla/5.0 (Windows NT 10.0; Win64; x64; rv:106.0) Gecko/20100101 Firefox/106.0" "www.ysfine.com"
71.178.208.102 - - [10/Nov/2022:00:37:24 -0800] "GET /bio08.html HTTP/1.1" 200 10644 "-" "Mozilla/5.0 (Windows NT 10.0; Win64; x64; rv:106.0) Gecko/20100101 Firefox/106.0" "www.ysfine.com"
71.178.208.102 - - [10/Nov/2022:00:37:24 -0800] "GET /home/phys/parton77g.jpg HTTP/1.1" 404 88 "https://www.ysfine.com/bio08.html" "Mozilla/5.0 (Windows NT 10.0; Win64; x64; rv:106.0) Gecko/20100101 Firefox/106.0" "www.ysfine.com"
71.178.208.102 - - [10/Nov/2022:00:37:29 -0800] "GET /einwig.html HTTP/1.1" 404 88 "https://www.ysfine.com/bio08.html" "Mozilla/5.0 (Windows NT 10.0; Win64; x64; rv:106.0) Gecko/20100101 Firefox/106.0" "www.ysfine.com"
71.178.208.102 - - [10/Nov/2022:00:37:41 -0800] "GET /feynman/feygell66c.jpg HTTP/1.1" 200 32056 "https://www.ysfine.com/feynman/partons.html" "Mozilla/5.0 (Windows NT 10.0; Win64; x64; rv:106.0) Gecko/20100101 Firefox/106.0" "www.ysfine.com"
71.178.208.102 - - [10/Nov/2022:00:37:41 -0800] "GET /feynman/ppic/einbohr56f.jpg HTTP/1.1" 200 69043 "https://www.ysfine.com/feynman/partons.html" "Mozilla/5.0 (Windows NT 10.0; Win64; x64; rv:106.0) Gecko/20100101 Firefox/106.0" "www.ysfine.com"
175.176.21.202 - - [10/Nov/2022:00:37:50 -0800] "GET /maga/phys/schrod11.jpg HTTP/1.1" 200 107958 "https://images.search.yahoo.com/search/images;_ylt=AwrO8JYmuGxjG4Ed_GeJzbkF;_ylu=c2VjA3NlYXJjaARzbGsDYnV0dG9u;_ylc=X1MDOTYwNjI4NTcEX3IDMgRmcgNtY2FmZWUEZnIyA3A6cyx2OmksbTpzYi10b3AEZ3ByaWQDUHJmcDNzN19RRjJFQWhpcXlSb0RBQQRuX3JzbHQDMARuX3N1Z2cDMgRvcmlnaW4DaW1hZ2VzLnNlYXJjaC55YWhvby5jb20EcG9zAzAEcHFzdHIDBHBxc3RybAMwBHFzdHJsAzI1BHF1ZXJ5A2Vyd2luJTIwc2Nocm9kaW5nZXIlMjBwaWN0dXJlBHRfc3RtcAMxNjY4MDY5NDM2?p=erwin+schrodinger+picture&fr=mcafee&fr2=p%3As%2Cv%3Ai%2Cm%3Asb-top&ei=UTF-8&x=wrt&type=E210US91215G0" "Mozilla/5.0 (Windows NT 10.0; Win64; x64) AppleWebKit/537.36 (KHTML, like Gecko) Chrome/107.0.0.0 Safari/537.36" "www.ysfine.com"
71.178.208.102 - - [10/Nov/2022:00:37:50 -0800] "GET /home/kowis33.html HTTP/1.1" 200 2104 "https://www.ysfine.com/bio08.html" "Mozilla/5.0 (Windows NT 10.0; Win64; x64; rv:106.0) Gecko/20100101 Firefox/106.0" "www.ysfine.com"
71.178.208.102 - - [10/Nov/2022:00:37:50 -0800] "GET /home/wigkim11d.jpg HTTP/1.1" 200 55171 "https://www.ysfine.com/home/kowis33.html" "Mozilla/5.0 (Windows NT 10.0; Win64; x64; rv:106.0) Gecko/20100101 Firefox/106.0" "www.ysfine.com"
71.178.208.102 - - [10/Nov/2022:00:37:50 -0800] "GET /home/rhee22c.jpg HTTP/1.1" 200 62201 "https://www.ysfine.com/home/kowis33.html" "Mozilla/5.0 (Windows NT 10.0; Win64; x64; rv:106.0) Gecko/20100101 Firefox/106.0" "www.ysfine.com"
71.178.208.102 - - [10/Nov/2022:00:37:50 -0800] "GET /home/fotos/einhaus450.jpg HTTP/1.1" 200 65369 "https://www.ysfine.com/home/kowis33.html" "Mozilla/5.0 (Windows NT 10.0; Win64; x64; rv:106.0) Gecko/20100101 Firefox/106.0" "www.ysfine.com"
40.77.167.27 - - [10/Nov/2022:00:38:01 -0800] "GET /world/france/stras16b.jpg HTTP/1.1" 200 53190 "-" "Mozilla/5.0 (compatible; bingbot/2.0; +http://www.bing.com/bingbot.htm)" "ysfine.com"
71.178.208.102 - - [10/Nov/2022:00:38:07 -0800] "GET /einwig.html HTTP/1.1" 404 88 "https://www.ysfine.com/bio08.html" "Mozilla/5.0 (Windows NT 10.0; Win64; x64; rv:106.0) Gecko/20100101 Firefox/106.0" "www.ysfine.com"
71.178.208.102 - - [10/Nov/2022:00:39:19 -0800] "GET /bio08.html HTTP/1.1" 200 10641 "-" "Mozilla/5.0 (Windows NT 10.0; Win64; x64; rv:106.0) Gecko/20100101 Firefox/106.0" "www.ysfine.com"
71.178.208.102 - - [10/Nov/2022:00:39:19 -0800] "GET /home/phys/parton77g.jpg HTTP/1.1" 404 88 "https://www.ysfine.com/bio08.html" "Mozilla/5.0 (Windows NT 10.0; Win64; x64; rv:106.0) Gecko/20100101 Firefox/106.0" "www.ysfine.com"
71.178.208.102 - - [10/Nov/2022:00:39:21 -0800] "GET /home/einwig.html HTTP/1.1" 200 1537 "https://www.ysfine.com/bio08.html" "Mozilla/5.0 (Windows NT 10.0; Win64; x64; rv:106.0) Gecko/20100101 Firefox/106.0" "www.ysfine.com"
71.178.208.102 - - [10/Nov/2022:00:39:21 -0800] "GET /home/figs/isomor99f.jpg HTTP/1.1" 200 77290 "https://www.ysfine.com/home/einwig.html" "Mozilla/5.0 (Windows NT 10.0; Win64; x64; rv:106.0) Gecko/20100101 Firefox/106.0" "www.ysfine.com"
40.77.167.71 - - [10/Nov/2022:00:39:32 -0800] "GET /confer/listall.html HTTP/1.1" 200 6460 "-" "Mozilla/5.0 AppleWebKit/537.36 (KHTML, like Gecko; compatible; bingbot/2.0; +http://www.bing.com/bingbot.htm) Chrome/103.0.5060.134 Safari/537.36" "www.ysfine.com"
51.222.253.5 - - [10/Nov/2022:00:39:57 -0800] "GET /ysbio/style/socrates.html HTTP/1.1" 404 88 "-" "Mozilla/5.0 (compatible; AhrefsBot/7.0; +http://ahrefs.com/robot/)" "ysfine.com"
66.249.75.108 - - [10/Nov/2022:00:40:04 -0800] "GET /robots.txt HTTP/1.1" 404 88 "-" "Mozilla/5.0 (compatible; Googlebot/2.1; +http://www.google.com/bot.html)" "www.ysfine.com"
71.178.208.102 - - [10/Nov/2022:00:40:34 -0800] "GET /parton01.jpg HTTP/1.1" 404 88 "https://www.ysfine.com/bio08.html" "Mozilla/5.0 (Windows NT 10.0; Win64; x64; rv:106.0) Gecko/20100101 Firefox/106.0" "www.ysfine.com"
207.46.13.107 - - [10/Nov/2022:00:41:45 -0800] "GET /world/ital/venice05b.jpg HTTP/1.1" 200 35451 "-" "Mozilla/5.0 AppleWebKit/537.36 (KHTML, like Gecko; compatible; bingbot/2.0; +http://www.bing.com/bingbot.htm) Chrome/103.0.5060.134 Safari/537.36" "ysfine.com"
207.46.13.107 - - [10/Nov/2022:00:41:45 -0800] "GET /bio/style/leica.html HTTP/1.1" 404 88 "-" "Mozilla/5.0 AppleWebKit/537.36 (KHTML, like Gecko; compatible; bingbot/2.0; +http://www.bing.com/bingbot.htm) Chrome/103.0.5060.134 Safari/537.36" "ysfine.com"
157.55.39.76 - - [10/Nov/2022:00:41:48 -0800] "GET /bio/bio07.html HTTP/1.1" 404 88 "-" "Mozilla/5.0 (compatible; bingbot/2.0; +http://www.bing.com/bingbot.htm)" "ysfine.com"
40.86.101.252 - - [10/Nov/2022:00:42:07 -0800] "GET /kowar/tanks/tank10.jpg HTTP/1.1" 200 76703 "http://ysfine.com/kowar/tanks" "Mozilla/5.0 (Windows NT 10.0; Win64; x64) AppleWebKit/537.36 (KHTML, like Gecko) Chrome/74.0.3729.157 Safari/537.36" "ysfine.com"
157.55.39.129 - - [10/Nov/2022:00:42:19 -0800] "GET /bio/world/kalinin22.html HTTP/1.1" 404 88 "-" "Mozilla/5.0 AppleWebKit/537.36 (KHTML, like Gecko; compatible; bingbot/2.0; +http://www.bing.com/bingbot.htm) Chrome/103.0.5060.134 Safari/537.36" "ysfine.com"
157.55.39.76 - - [10/Nov/2022:00:42:26 -0800] "GET /world/ital/genoaf01.jpg HTTP/1.1" 200 80742 "-" "Mozilla/5.0 AppleWebKit/537.36 (KHTML, like Gecko; compatible; bingbot/2.0; +http://www.bing.com/bingbot.htm) Chrome/103.0.5060.134 Safari/537.36" "ysfine.com"
40.122.230.190 - - [10/Nov/2022:00:42:44 -0800] "GET /style/cameras/lumixfan22b.jpg HTTP/1.1" 200 43631 "https://ysfine.com/style/cameras" "Mozilla/5.0 (Macintosh; Intel Mac OS X 10_11_6) AppleWebKit/605.1.15 (KHTML, like Gecko) Version/11.1.2 Safari/605.1.15" "ysfine.com"
51.222.253.16 - - [10/Nov/2022:00:43:30 -0800] "GET /ysbio/folks/tolstoy.html HTTP/1.1" 404 88 "-" "Mozilla/5.0 (compatible; AhrefsBot/7.0; +http://ahrefs.com/robot/)" "ysfine.com"
157.55.39.76 - - [10/Nov/2022:00:43:35 -0800] "GET /world/brit/cam05.jpg HTTP/1.1" 200 89430 "-" "Mozilla/5.0 (compatible; bingbot/2.0; +http://www.bing.com/bingbot.htm)" "ysfine.com"
40.77.167.71 - - [10/Nov/2022:00:43:43 -0800] "GET /bio/wigner/wigpoinc.html HTTP/1.1" 404 88 "-" "Mozilla/5.0 (compatible; bingbot/2.0; +http://www.bing.com/bingbot.htm)" "ysfine.com"
40.122.227.201 - - [10/Nov/2022:00:43:54 -0800] "GET /world/germany/berlino12b.jpg HTTP/1.1" 200 31685 "https://ysfine.com/world/germany" "Mozilla/5.0 (Windows NT 10.0; Win64; x64) AppleWebKit/537.36 (KHTML, like Gecko) Chrome/74.0.3729.157 Safari/537.36" "ysfine.com"
207.46.13.107 - - [10/Nov/2022:00:44:04 -0800] "GET /bio/einstein/bern.html HTTP/1.1" 404 88 "-" "Mozilla/5.0 AppleWebKit/537.36 (KHTML, like Gecko; compatible; bingbot/2.0; +http://www.bing.com/bingbot.htm) Chrome/103.0.5060.134 Safari/537.36" "ysfine.com"
40.122.227.200 - - [10/Nov/2022:00:44:53 -0800] "GET /friends/russparis03c.jpg HTTP/1.1" 404 88 "https://ysfine.com/friends" "Mozilla/5.0 (X11; Linux x86_64) AppleWebKit/537.36 (KHTML, like Gecko) Chrome/74.0.3729.169 Safari/537.36" "ysfine.com"
51.222.253.4 - - [10/Nov/2022:00:45:20 -0800] "GET /wisdom/wkwireless.html HTTP/1.1" 200 6236 "-" "Mozilla/5.0 (compatible; AhrefsBot/7.0; +http://ahrefs.com/robot/)" "ysfine.com"
207.46.13.128 - - [10/Nov/2022:00:45:28 -0800] "GET /wdc/whxmas20.jpg HTTP/1.1" 200 121738 "-" "Mozilla/5.0 AppleWebKit/537.36 (KHTML, like Gecko; compatible; bingbot/2.0; +http://www.bing.com/bingbot.htm) Chrome/103.0.5060.134 Safari/537.36" "www.ysfine.com"
207.46.13.128 - - [10/Nov/2022:00:46:09 -0800] "GET /bio/style/ystyle.html HTTP/1.1" 404 88 "-" "Mozilla/5.0 (compatible; bingbot/2.0; +http://www.bing.com/bingbot.htm)" "ysfine.com"
135.181.212.177 - - [10/Nov/2022:00:46:27 -0800] "GET /robots.txt HTTP/1.1" 404 73 "-" "Mozilla/5.0 (compatible; MJ12bot/v1.4.8; http://mj12bot.com/)" "www.ysfine.com"
207.46.13.128 - - [10/Nov/2022:00:46:28 -0800] "GET /bio/wigner/e(2).html HTTP/1.1" 404 88 "-" "Mozilla/5.0 AppleWebKit/537.36 (KHTML, like Gecko; compatible; bingbot/2.0; +http://www.bing.com/bingbot.htm) Chrome/103.0.5060.134 Safari/537.36" "ysfine.com"
135.181.212.177 - - [10/Nov/2022:00:46:29 -0800] "GET /ysbio//philo/sisfa12/frame28.html HTTP/1.1" 404 88 "-" "Mozilla/5.0 (compatible; MJ12bot/v1.4.8; http://mj12bot.com/)" "www.ysfine.com"
135.181.212.177 - - [10/Nov/2022:00:46:31 -0800] "GET /ysbio//philo/sisfa12/frame31.html HTTP/1.1" 404 88 "-" "Mozilla/5.0 (compatible; MJ12bot/v1.4.8; http://mj12bot.com/)" "www.ysfine.com"
135.181.212.177 - - [10/Nov/2022:00:46:33 -0800] "GET /ysbio//philo/sisfa12/frame32.html HTTP/1.1" 404 88 "-" "Mozilla/5.0 (compatible; MJ12bot/v1.4.8; http://mj12bot.com/)" "www.ysfine.com"
135.181.212.177 - - [10/Nov/2022:00:46:35 -0800] "GET /ysbio//philo/sisfa12/frame33.html HTTP/1.1" 404 88 "-" "Mozilla/5.0 (compatible; MJ12bot/v1.4.8; http://mj12bot.com/)" "www.ysfine.com"
135.181.212.177 - - [10/Nov/2022:00:46:37 -0800] "GET /ysbio//philo/sisfa12/frame34.html HTTP/1.1" 404 88 "-" "Mozilla/5.0 (compatible; MJ12bot/v1.4.8; http://mj12bot.com/)" "www.ysfine.com"
135.181.212.177 - - [10/Nov/2022:00:46:39 -0800] "GET /ysbio//philo/sisfa12/frame35.html HTTP/1.1" 404 88 "-" "Mozilla/5.0 (compatible; MJ12bot/v1.4.8; http://mj12bot.com/)" "www.ysfine.com"
135.181.212.177 - - [10/Nov/2022:00:46:40 -0800] "GET /ysbio//philo/sisfa12/frame36.html HTTP/1.1" 404 88 "-" "Mozilla/5.0 (compatible; MJ12bot/v1.4.8; http://mj12bot.com/)" "www.ysfine.com"
135.181.212.177 - - [10/Nov/2022:00:46:42 -0800] "GET /ysbio//philo/sisfa12/frame37.html HTTP/1.1" 404 88 "-" "Mozilla/5.0 (compatible; MJ12bot/v1.4.8; http://mj12bot.com/)" "www.ysfine.com"
135.181.212.177 - - [10/Nov/2022:00:46:44 -0800] "GET /ysbio//philo/sisfa12/frame55.html HTTP/1.1" 404 88 "-" "Mozilla/5.0 (compatible; MJ12bot/v1.4.8; http://mj12bot.com/)" "www.ysfine.com"
135.181.212.177 - - [10/Nov/2022:00:46:46 -0800] "GET /ysbio//philo/sisfa12/frame56.html HTTP/1.1" 404 88 "-" "Mozilla/5.0 (compatible; MJ12bot/v1.4.8; http://mj12bot.com/)" "www.ysfine.com"
135.181.212.177 - - [10/Nov/2022:00:46:48 -0800] "GET /ysbio//philo/sisfa12/frame57.html HTTP/1.1" 404 88 "-" "Mozilla/5.0 (compatible; MJ12bot/v1.4.8; http://mj12bot.com/)" "www.ysfine.com"
135.181.212.177 - - [10/Nov/2022:00:46:50 -0800] "GET /ysbio//philo/sisfa12/frame58.html HTTP/1.1" 404 88 "-" "Mozilla/5.0 (compatible; MJ12bot/v1.4.8; http://mj12bot.com/)" "www.ysfine.com"
135.181.212.177 - - [10/Nov/2022:00:46:52 -0800] "GET /ysbio//philo/sisfa12/frame59.html HTTP/1.1" 404 88 "-" "Mozilla/5.0 (compatible; MJ12bot/v1.4.8; http://mj12bot.com/)" "www.ysfine.com"
40.77.167.71 - - [10/Nov/2022:00:46:52 -0800] "GET /bio/genea.html HTTP/1.1" 404 88 "-" "Mozilla/5.0 AppleWebKit/537.36 (KHTML, like Gecko; compatible; bingbot/2.0; +http://www.bing.com/bingbot.htm) Chrome/103.0.5060.134 Safari/537.36" "ysfine.com"
135.181.212.177 - - [10/Nov/2022:00:46:54 -0800] "GET /ysbio//philo/sisfa12/frame60.html HTTP/1.1" 404 88 "-" "Mozilla/5.0 (compatible; MJ12bot/v1.4.8; http://mj12bot.com/)" "www.ysfine.com"
135.181.212.177 - - [10/Nov/2022:00:46:56 -0800] "GET /ysbio//philo/sisfa12/keigel.pdf HTTP/1.1" 404 88 "-" "Mozilla/5.0 (compatible; MJ12bot/v1.4.8; http://mj12bot.com/)" "www.ysfine.com"
135.181.212.177 - - [10/Nov/2022:00:46:58 -0800] "GET /ysbio//philo/sisfa12/keigel.pptx HTTP/1.1" 404 88 "-" "Mozilla/5.0 (compatible; MJ12bot/v1.4.8; http://mj12bot.com/)" "www.ysfine.com"
135.181.212.177 - - [10/Nov/2022:00:47:00 -0800] "GET /ysbio//style/holycoper.html HTTP/1.1" 404 88 "-" "Mozilla/5.0 (compatible; MJ12bot/v1.4.8; http://mj12bot.com/)" "www.ysfine.com"
135.181.212.177 - - [10/Nov/2022:00:47:02 -0800] "GET /ysbio//world/brit/2014lon01.jpg HTTP/1.1" 404 88 "-" "Mozilla/5.0 (compatible; MJ12bot/v1.4.8; http://mj12bot.com/)" "www.ysfine.com"
135.181.212.177 - - [10/Nov/2022:00:47:04 -0800] "GET /ysbio//world/brit/edin52.jpg HTTP/1.1" 404 88 "-" "Mozilla/5.0 (compatible; MJ12bot/v1.4.8; http://mj12bot.com/)" "www.ysfine.com"
135.181.212.177 - - [10/Nov/2022:00:47:05 -0800] "GET /ysbio//world/brit/victoria07.jpg HTTP/1.1" 404 88 "-" "Mozilla/5.0 (compatible; MJ12bot/v1.4.8; http://mj12bot.com/)" "www.ysfine.com"
185.191.171.14 - - [10/Nov/2022:00:47:07 -0800] "GET /robots.txt HTTP/1.1" 404 88 "-" "Mozilla/5.0 (compatible; SemrushBot/7~bl; +http://www.semrush.com/bot.html)" "www.ysfine.com"
135.181.212.177 - - [10/Nov/2022:00:47:07 -0800] "GET /ysbio//world/china/beijing002.jpg HTTP/1.1" 404 88 "-" "Mozilla/5.0 (compatible; MJ12bot/v1.4.8; http://mj12bot.com/)" "www.ysfine.com"
185.191.171.25 - - [10/Nov/2022:00:47:08 -0800] "GET /ysbio/bio04a.html HTTP/1.1" 404 88 "-" "Mozilla/5.0 (compatible; SemrushBot/7~bl; +http://www.semrush.com/bot.html)" "www.ysfine.com"
135.181.212.177 - - [10/Nov/2022:00:47:09 -0800] "GET /ysbio//world/china/beijing004.jpg HTTP/1.1" 404 88 "-" "Mozilla/5.0 (compatible; MJ12bot/v1.4.8; http://mj12bot.com/)" "www.ysfine.com"
135.181.212.177 - - [10/Nov/2022:00:47:11 -0800] "GET /ysbio//world/china/beijing007.jpg HTTP/1.1" 404 88 "-" "Mozilla/5.0 (compatible; MJ12bot/v1.4.8; http://mj12bot.com/)" "www.ysfine.com"
135.181.212.177 - - [10/Nov/2022:00:47:13 -0800] "GET /ysbio//world/china/beijing011.jpg HTTP/1.1" 404 88 "-" "Mozilla/5.0 (compatible; MJ12bot/v1.4.8; http://mj12bot.com/)" "www.ysfine.com"
135.181.212.177 - - [10/Nov/2022:00:47:15 -0800] "GET /ysbio//world/china/beijing013.jpg HTTP/1.1" 404 88 "-" "Mozilla/5.0 (compatible; MJ12bot/v1.4.8; http://mj12bot.com/)" "www.ysfine.com"
135.181.212.177 - - [10/Nov/2022:00:47:17 -0800] "GET /ysbio//world/china/beijing016.jpg HTTP/1.1" 404 88 "-" "Mozilla/5.0 (compatible; MJ12bot/v1.4.8; http://mj12bot.com/)" "www.ysfine.com"
135.181.212.177 - - [10/Nov/2022:00:47:19 -0800] "GET /ysbio//world/china/beijing017.jpg HTTP/1.1" 404 88 "-" "Mozilla/5.0 (compatible; MJ12bot/v1.4.8; http://mj12bot.com/)" "www.ysfine.com"
49.7.21.114 - - [10/Nov/2022:00:47:19 -0800] "GET / HTTP/1.1" 200 5283 "-" "Sogou web spider/4.0(+http://www.sogou.com/docs/help/webmasters.htm#07)" "ysfine.com"
135.181.212.177 - - [10/Nov/2022:00:47:20 -0800] "GET /ysbio//world/china/beijing018.jpg HTTP/1.1" 404 88 "-" "Mozilla/5.0 (compatible; MJ12bot/v1.4.8; http://mj12bot.com/)" "www.ysfine.com"
40.77.167.71 - - [10/Nov/2022:00:47:22 -0800] "GET /world/germany/berlin044.jpg HTTP/1.1" 200 80267 "-" "Mozilla/5.0 AppleWebKit/537.36 (KHTML, like Gecko; compatible; bingbot/2.0; +http://www.bing.com/bingbot.htm) Chrome/103.0.5060.134 Safari/537.36" "ysfine.com"
135.181.212.177 - - [10/Nov/2022:00:47:23 -0800] "GET /ysbio//world/china/beijing019.jpg HTTP/1.1" 404 88 "-" "Mozilla/5.0 (compatible; MJ12bot/v1.4.8; http://mj12bot.com/)" "www.ysfine.com"
135.181.212.177 - - [10/Nov/2022:00:47:24 -0800] "GET /ysbio//world/china/beijing020.jpg HTTP/1.1" 404 88 "-" "Mozilla/5.0 (compatible; MJ12bot/v1.4.8; http://mj12bot.com/)" "www.ysfine.com"
51.222.253.20 - - [10/Nov/2022:00:47:26 -0800] "GET /wigner/wigpoinc.html HTTP/1.1" 200 6586 "-" "Mozilla/5.0 (compatible; AhrefsBot/7.0; +http://ahrefs.com/robot/)" "www.ysfine.com"
135.181.212.177 - - [10/Nov/2022:00:47:26 -0800] "GET /ysbio//world/china/beijing021.jpg HTTP/1.1" 404 88 "-" "Mozilla/5.0 (compatible; MJ12bot/v1.4.8; http://mj12bot.com/)" "www.ysfine.com"
135.181.212.177 - - [10/Nov/2022:00:47:28 -0800] "GET /ysbio//world/china/chongking14.jpg HTTP/1.1" 404 88 "-" "Mozilla/5.0 (compatible; MJ12bot/v1.4.8; http://mj12bot.com/)" "www.ysfine.com"
135.181.212.177 - - [10/Nov/2022:00:47:30 -0800] "GET /ysbio//world/china/chongking16.jpg HTTP/1.1" 404 88 "-" "Mozilla/5.0 (compatible; MJ12bot/v1.4.8; http://mj12bot.com/)" "www.ysfine.com"
135.181.212.177 - - [10/Nov/2022:00:47:32 -0800] "GET /ysbio//world/china/chongking20.jpg HTTP/1.1" 404 88 "-" "Mozilla/5.0 (compatible; MJ12bot/v1.4.8; http://mj12bot.com/)" "www.ysfine.com"
135.181.212.177 - - [10/Nov/2022:00:47:34 -0800] "GET /ysbio//world/china/dalian21.jpg HTTP/1.1" 404 88 "-" "Mozilla/5.0 (compatible; MJ12bot/v1.4.8; http://mj12bot.com/)" "www.ysfine.com"
135.181.212.177 - - [10/Nov/2022:00:47:36 -0800] "GET /ysbio//world/china/guang01.jpg HTTP/1.1" 404 88 "-" "Mozilla/5.0 (compatible; MJ12bot/v1.4.8; http://mj12bot.com/)" "www.ysfine.com"
135.181.212.177 - - [10/Nov/2022:00:47:37 -0800] "GET /ysbio//world/china/guang07.jpg HTTP/1.1" 404 88 "-" "Mozilla/5.0 (compatible; MJ12bot/v1.4.8; http://mj12bot.com/)" "www.ysfine.com"
135.181.212.177 - - [10/Nov/2022:00:47:39 -0800] "GET /ysbio//world/china/guang81.jpg HTTP/1.1" 404 88 "-" "Mozilla/5.0 (compatible; MJ12bot/v1.4.8; http://mj12bot.com/)" "www.ysfine.com"
135.181.212.177 - - [10/Nov/2022:00:47:41 -0800] "GET /ysbio//world/china/hangz03.jpg HTTP/1.1" 404 88 "-" "Mozilla/5.0 (compatible; MJ12bot/v1.4.8; http://mj12bot.com/)" "www.ysfine.com"
135.181.212.177 - - [10/Nov/2022:00:47:43 -0800] "GET /ysbio//world/china/hangz05.jpg HTTP/1.1" 404 88 "-" "Mozilla/5.0 (compatible; MJ12bot/v1.4.8; http://mj12bot.com/)" "www.ysfine.com"
135.181.212.177 - - [10/Nov/2022:00:47:45 -0800] "GET /ysbio//world/china/hongkong08.jpg HTTP/1.1" 404 88 "-" "Mozilla/5.0 (compatible; MJ12bot/v1.4.8; http://mj12bot.com/)" "www.ysfine.com"
135.181.212.177 - - [10/Nov/2022:00:47:47 -0800] "GET /ysbio//world/china/nanjing08.jpg HTTP/1.1" 404 88 "-" "Mozilla/5.0 (compatible; MJ12bot/v1.4.8; http://mj12bot.com/)" "www.ysfine.com"
