157.55.39.129 - - [09/Nov/2022:22:45:39 -0800] "GET /bio/world/kalinin22.html HTTP/1.1" 404 88 "-" "Mozilla/5.0 AppleWebKit/537.36 (KHTML, like Gecko; compatible; bingbot/2.0; +http://www.bing.com/bingbot.htm) Chrome/103.0.5060.134 Safari/537.36" "ysfine.com"
51.222.253.9 - - [09/Nov/2022:22:45:40 -0800] "GET /class54/class5470/total_data/refer_img/7-7_f.jpg HTTP/1.1" 200 46934 "-" "Mozilla/5.0 (compatible; AhrefsBot/7.0; +http://ahrefs.com/robot/)" "ysfine.com"
71.178.208.102 - - [09/Nov/2022:22:45:48 -0800] "GET /tollwig11.jpg HTTP/1.1" 404 88 "https://ysfine.com/bio08.html" "Mozilla/5.0 (Windows NT 10.0; Win64; x64; rv:106.0) Gecko/20100101 Firefox/106.0" "ysfine.com"
17.121.114.230 - - [09/Nov/2022:22:45:55 -0800] "GET /wigner/wigtop.html HTTP/1.1" 200 422 "https://ysfine.com/wigner/index.html" "Mozilla/5.0 (Macintosh; Intel Mac OS X 10_15_5) AppleWebKit/605.1.15 (KHTML, like Gecko) Version/13.1.1 Safari/605.1.15 (Applebot/0.1; +http://www.apple.com/go/applebot)" "ysfine.com"
17.121.114.35 - - [09/Nov/2022:22:45:56 -0800] "GET /wigner/wigbot.html HTTP/1.1" 200 123 "https://ysfine.com/wigner/index.html" "Mozilla/5.0 (Macintosh; Intel Mac OS X 10_15_5) AppleWebKit/605.1.15 (KHTML, like Gecko) Version/13.1.1 Safari/605.1.15 (Applebot/0.1; +http://www.apple.com/go/applebot)" "ysfine.com"
17.121.114.35 - - [09/Nov/2022:22:45:56 -0800] "GET /wigner/wigrigh.html HTTP/1.1" 200 2476 "https://ysfine.com/wigner/wigbot.html" "Mozilla/5.0 (Macintosh; Intel Mac OS X 10_15_5) AppleWebKit/605.1.15 (KHTML, like Gecko) Version/13.1.1 Safari/605.1.15 (Applebot/0.1; +http://www.apple.com/go/applebot)" "ysfine.com"
51.222.253.10 - - [09/Nov/2022:22:45:56 -0800] "GET /feynman/fthesis.html HTTP/1.1" 200 144 "-" "Mozilla/5.0 (compatible; AhrefsBot/7.0; +http://ahrefs.com/robot/)" "www.ysfine.com"
17.121.114.230 - - [09/Nov/2022:22:45:57 -0800] "GET /wigner/wigleft.html HTTP/1.1" 200 659 "https://ysfine.com/wigner/wigbot.html" "Mozilla/5.0 (Macintosh; Intel Mac OS X 10_15_5) AppleWebKit/605.1.15 (KHTML, like Gecko) Version/13.1.1 Safari/605.1.15 (Applebot/0.1; +http://www.apple.com/go/applebot)" "ysfine.com"
216.244.66.229 - - [09/Nov/2022:22:46:04 -0800] "GET /people/lipkin02.jpg HTTP/1.1" 200 77424 "-" "Mozilla/5.0 (compatible; DotBot/1.2; +https://opensiteexplorer.org/dotbot; help@moz.com)" "ysfine.com"
71.178.208.102 - - [09/Nov/2022:22:46:07 -0800] "GET /fotos/einmu41.jpg HTTP/1.1" 200 91709 "https://ysfine.com/bio08.html" "Mozilla/5.0 (Windows NT 10.0; Win64; x64; rv:106.0) Gecko/20100101 Firefox/106.0" "ysfine.com"
207.46.13.128 - - [09/Nov/2022:22:46:08 -0800] "GET /bio/style/ystyle.html HTTP/1.1" 404 88 "-" "Mozilla/5.0 AppleWebKit/537.36 (KHTML, like Gecko; compatible; bingbot/2.0; +http://www.bing.com/bingbot.htm) Chrome/103.0.5060.134 Safari/537.36" "ysfine.com"
24.165.87.251 - - [09/Nov/2022:22:46:09 -0800] "GET /ysbio/top21c.jpg HTTP/1.1" 404 88 "https://www.google.com/" "Mozilla/5.0 (Windows NT 10.0; Win64; x64) AppleWebKit/537.36 (KHTML, like Gecko) Chrome/107.0.0.0 Safari/537.36" "ysfine.com"
114.119.128.158 - - [09/Nov/2022:22:46:11 -0800] "GET /ffriends/twosist.html HTTP/1.1" 404 88 "https://www.ysfine.com/world/kazan.html" "Mozilla/5.0 (Linux; Android 7.0;) AppleWebKit/537.36 (KHTML, like Gecko) Mobile Safari/537.36 (compatible; PetalBot;+https://webmaster.petalsearch.com/site/petalbot)" "www.ysfine.com"
71.178.208.102 - - [09/Nov/2022:22:46:14 -0800] "GET /einstein/bern.html HTTP/1.1" 200 8314 "https://ysfine.com/bio08.html" "Mozilla/5.0 (Windows NT 10.0; Win64; x64; rv:106.0) Gecko/20100101 Firefox/106.0" "ysfine.com"
71.178.208.102 - - [09/Nov/2022:22:46:14 -0800] "GET /einstein/places/einha02b.jpg HTTP/1.1" 200 35565 "https://ysfine.com/einstein/bern.html" "Mozilla/5.0 (Windows NT 10.0; Win64; x64; rv:106.0) Gecko/20100101 Firefox/106.0" "ysfine.com"
71.178.208.102 - - [09/Nov/2022:22:46:14 -0800] "GET /einstein/places/einmu22b.jpg HTTP/1.1" 200 41361 "https://ysfine.com/einstein/bern.html" "Mozilla/5.0 (Windows NT 10.0; Win64; x64; rv:106.0) Gecko/20100101 Firefox/106.0" "ysfine.com"
71.178.208.102 - - [09/Nov/2022:22:46:14 -0800] "GET /einstein/places/einha23b.jpg HTTP/1.1" 200 30374 "https://ysfine.com/einstein/bern.html" "Mozilla/5.0 (Windows NT 10.0; Win64; x64; rv:106.0) Gecko/20100101 Firefox/106.0" "ysfine.com"
71.178.208.102 - - [09/Nov/2022:22:46:14 -0800] "GET /einstein/places/einha05b.jpg HTTP/1.1" 200 51007 "https://ysfine.com/einstein/bern.html" "Mozilla/5.0 (Windows NT 10.0; Win64; x64; rv:106.0) Gecko/20100101 Firefox/106.0" "ysfine.com"
71.178.208.102 - - [09/Nov/2022:22:46:14 -0800] "GET /einstein/places/einmu08b.jpg HTTP/1.1" 200 37748 "https://ysfine.com/einstein/bern.html" "Mozilla/5.0 (Windows NT 10.0; Win64; x64; rv:106.0) Gecko/20100101 Firefox/106.0" "ysfine.com"
71.178.208.102 - - [09/Nov/2022:22:46:14 -0800] "GET /einstein/places/einmu12b.jpg HTTP/1.1" 200 32736 "https://ysfine.com/einstein/bern.html" "Mozilla/5.0 (Windows NT 10.0; Win64; x64; rv:106.0) Gecko/20100101 Firefox/106.0" "ysfine.com"
71.178.208.102 - - [09/Nov/2022:22:46:14 -0800] "GET /einstein/einglaub01b.jpg HTTP/1.1" 200 48405 "https://ysfine.com/einstein/bern.html" "Mozilla/5.0 (Windows NT 10.0; Win64; x64; rv:106.0) Gecko/20100101 Firefox/106.0" "ysfine.com"
71.178.208.102 - - [09/Nov/2022:22:46:14 -0800] "GET /einstein/places/einmu10b.jpg HTTP/1.1" 200 63699 "https://ysfine.com/einstein/bern.html" "Mozilla/5.0 (Windows NT 10.0; Win64; x64; rv:106.0) Gecko/20100101 Firefox/106.0" "ysfine.com"
71.178.208.102 - - [09/Nov/2022:22:46:14 -0800] "GET /einstein/evol66b.jpg HTTP/1.1" 200 38577 "https://ysfine.com/einstein/bern.html" "Mozilla/5.0 (Windows NT 10.0; Win64; x64; rv:106.0) Gecko/20100101 Firefox/106.0" "ysfine.com"
71.178.208.102 - - [09/Nov/2022:22:46:14 -0800] "GET /einstein/places/einha36b.jpg HTTP/1.1" 200 45524 "https://ysfine.com/einstein/bern.html" "Mozilla/5.0 (Windows NT 10.0; Win64; x64; rv:106.0) Gecko/20100101 Firefox/106.0" "ysfine.com"
71.178.208.102 - - [09/Nov/2022:22:46:14 -0800] "GET /einstein/places/einmu52b.jpg HTTP/1.1" 200 38352 "https://ysfine.com/einstein/bern.html" "Mozilla/5.0 (Windows NT 10.0; Win64; x64; rv:106.0) Gecko/20100101 Firefox/106.0" "ysfine.com"
71.178.208.102 - - [09/Nov/2022:22:46:14 -0800] "GET /wigner/wigein270.jpg HTTP/1.1" 200 21005 "https://ysfine.com/einstein/bern.html" "Mozilla/5.0 (Windows NT 10.0; Win64; x64; rv:106.0) Gecko/20100101 Firefox/106.0" "ysfine.com"
71.178.208.102 - - [09/Nov/2022:22:46:14 -0800] "GET /einstein/places/einhaus450.jpg HTTP/1.1" 200 65369 "https://ysfine.com/einstein/bern.html" "Mozilla/5.0 (Windows NT 10.0; Win64; x64; rv:106.0) Gecko/20100101 Firefox/106.0" "ysfine.com"
71.178.208.102 - - [09/Nov/2022:22:46:14 -0800] "GET /einstein/places/einmu64b.jpg HTTP/1.1" 200 42063 "https://ysfine.com/einstein/bern.html" "Mozilla/5.0 (Windows NT 10.0; Win64; x64; rv:106.0) Gecko/20100101 Firefox/106.0" "ysfine.com"
71.178.208.102 - - [09/Nov/2022:22:46:14 -0800] "GET /einstein/places/einmu62b.jpg HTTP/1.1" 200 31976 "https://ysfine.com/einstein/bern.html" "Mozilla/5.0 (Windows NT 10.0; Win64; x64; rv:106.0) Gecko/20100101 Firefox/106.0" "ysfine.com"
71.178.208.102 - - [09/Nov/2022:22:46:14 -0800] "GET /maga/phys/heisen33b.jpg HTTP/1.1" 200 78035 "https://ysfine.com/einstein/bern.html" "Mozilla/5.0 (Windows NT 10.0; Win64; x64; rv:106.0) Gecko/20100101 Firefox/106.0" "ysfine.com"
71.178.208.102 - - [09/Nov/2022:22:46:14 -0800] "GET /einstein/places/einha01b.jpg HTTP/1.1" 200 41574 "https://ysfine.com/einstein/bern.html" "Mozilla/5.0 (Windows NT 10.0; Win64; x64; rv:106.0) Gecko/20100101 Firefox/106.0" "ysfine.com"
71.178.208.102 - - [09/Nov/2022:22:46:14 -0800] "GET /einstein/einhouse11b.jpg HTTP/1.1" 200 42717 "https://ysfine.com/einstein/bern.html" "Mozilla/5.0 (Windows NT 10.0; Win64; x64; rv:106.0) Gecko/20100101 Firefox/106.0" "ysfine.com"
71.178.208.102 - - [09/Nov/2022:22:46:14 -0800] "GET /einstein/einbohr11b.jpg HTTP/1.1" 200 37538 "https://ysfine.com/einstein/bern.html" "Mozilla/5.0 (Windows NT 10.0; Win64; x64; rv:106.0) Gecko/20100101 Firefox/106.0" "ysfine.com"
71.178.208.102 - - [09/Nov/2022:22:46:14 -0800] "GET /einstein/places/einha39b.jpg HTTP/1.1" 200 50120 "https://ysfine.com/einstein/bern.html" "Mozilla/5.0 (Windows NT 10.0; Win64; x64; rv:106.0) Gecko/20100101 Firefox/106.0" "ysfine.com"
71.178.208.102 - - [09/Nov/2022:22:46:14 -0800] "GET /einstein/places/einmu17b.jpg HTTP/1.1" 200 33255 "https://ysfine.com/einstein/bern.html" "Mozilla/5.0 (Windows NT 10.0; Win64; x64; rv:106.0) Gecko/20100101 Firefox/106.0" "ysfine.com"
71.178.208.102 - - [09/Nov/2022:22:46:14 -0800] "GET /einstein/places/einmu16b.jpg HTTP/1.1" 200 34497 "https://ysfine.com/einstein/bern.html" "Mozilla/5.0 (Windows NT 10.0; Win64; x64; rv:106.0) Gecko/20100101 Firefox/106.0" "ysfine.com"
71.178.208.102 - - [09/Nov/2022:22:46:14 -0800] "GET /einstein/places/einmu41b.jpg HTTP/1.1" 200 52501 "https://ysfine.com/einstein/bern.html" "Mozilla/5.0 (Windows NT 10.0; Win64; x64; rv:106.0) Gecko/20100101 Firefox/106.0" "ysfine.com"
71.178.208.102 - - [09/Nov/2022:22:46:14 -0800] "GET /maga/phil/kanthegel22b.jpg HTTP/1.1" 200 36974 "https://ysfine.com/einstein/bern.html" "Mozilla/5.0 (Windows NT 10.0; Win64; x64; rv:106.0) Gecko/20100101 Firefox/106.0" "ysfine.com"
71.178.208.102 - - [09/Nov/2022:22:46:14 -0800] "GET /maga/phys/yukaein2.jpg HTTP/1.1" 200 42863 "https://ysfine.com/einstein/bern.html" "Mozilla/5.0 (Windows NT 10.0; Win64; x64; rv:106.0) Gecko/20100101 Firefox/106.0" "ysfine.com"
38.126.157.40 - - [09/Nov/2022:22:46:28 -0800] "GET /wdc/pershing11.jpg HTTP/1.1" 200 112062 "-" "Mozilla/5.0 (compatible; FemtosearchBot/1.0; http://femtosearch.com)" "ysfine.com"
38.126.157.40 - - [09/Nov/2022:22:46:28 -0800] "GET /wdc/kennedyc05.jpg HTTP/1.1" 200 58889 "-" "Mozilla/5.0 (compatible; FemtosearchBot/1.0; http://femtosearch.com)" "ysfine.com"
38.126.157.40 - - [09/Nov/2022:22:46:29 -0800] "GET /maga/marxphil.html HTTP/1.1" 404 88 "-" "Mozilla/5.0 (compatible; FemtosearchBot/1.0; http://femtosearch.com)" "ysfine.com"
38.126.157.40 - - [09/Nov/2022:22:46:29 -0800] "GET /dongio/elena01.jpg HTTP/1.1" 404 88 "-" "Mozilla/5.0 (compatible; FemtosearchBot/1.0; http://femtosearch.com)" "ysfine.com"
38.126.157.40 - - [09/Nov/2022:22:46:29 -0800] "GET /newyork/wtc40c.jpg HTTP/1.1" 200 45739 "-" "Mozilla/5.0 (compatible; FemtosearchBot/1.0; http://femtosearch.com)" "ysfine.com"
38.126.157.40 - - [09/Nov/2022:22:46:29 -0800] "GET /princeton/pgh.html HTTP/1.1" 404 88 "-" "Mozilla/5.0 (compatible; FemtosearchBot/1.0; http://femtosearch.com)" "ysfine.com"
38.126.157.40 - - [09/Nov/2022:22:46:29 -0800] "GET /wigner/fitch01.jpg HTTP/1.1" 200 43087 "-" "Mozilla/5.0 (compatible; FemtosearchBot/1.0; http://femtosearch.com)" "ysfine.com"
38.126.157.40 - - [09/Nov/2022:22:46:29 -0800] "GET /style/picass07.jpg HTTP/1.1" 200 76529 "-" "Mozilla/5.0 (compatible; FemtosearchBot/1.0; http://femtosearch.com)" "ysfine.com"
71.178.208.102 - - [09/Nov/2022:22:46:35 -0800] "GET /tollwig11.jpg HTTP/1.1" 404 88 "https://ysfine.com/bio08.html" "Mozilla/5.0 (Windows NT 10.0; Win64; x64; rv:106.0) Gecko/20100101 Firefox/106.0" "ysfine.com"
157.55.39.76 - - [09/Nov/2022:22:46:36 -0800] "GET /bio/bio07.html HTTP/1.1" 404 88 "-" "Mozilla/5.0 AppleWebKit/537.36 (KHTML, like Gecko; compatible; bingbot/2.0; +http://www.bing.com/bingbot.htm) Chrome/103.0.5060.134 Safari/537.36" "ysfine.com"
216.244.66.229 - - [09/Nov/2022:22:46:37 -0800] "GET /princeton/mudd22.jpg HTTP/1.1" 200 97933 "-" "Mozilla/5.0 (compatible; DotBot/1.2; +https://opensiteexplorer.org/dotbot; help@moz.com)" "ysfine.com"
71.178.208.102 - - [09/Nov/2022:22:46:38 -0800] "GET /favicon.ico HTTP/1.1" 404 88 "https://ysfine.com/bio08.html" "Mozilla/5.0 (Windows NT 10.0; Win64; x64; rv:106.0) Gecko/20100101 Firefox/106.0" "ysfine.com"
207.46.13.107 - - [09/Nov/2022:22:46:57 -0800] "GET /bio/einstein/bern.html HTTP/1.1" 404 88 "-" "Mozilla/5.0 (compatible; bingbot/2.0; +http://www.bing.com/bingbot.htm)" "ysfine.com"
207.46.13.107 - - [09/Nov/2022:22:46:58 -0800] "GET /style/akiko.jpg HTTP/1.1" 200 73954 "-" "Mozilla/5.0 (compatible; bingbot/2.0; +http://www.bing.com/bingbot.htm)" "ysfine.com"
40.86.101.252 - - [09/Nov/2022:22:47:12 -0800] "GET /wigner/bieden01c.jpg HTTP/1.1" 200 29466 "https://ysfine.com/wigner" "Mozilla/5.0 (Windows NT 10.0; Win64; x64) AppleWebKit/537.36 (KHTML, like Gecko) Chrome/74.0.3729.157 Safari/537.36" "ysfine.com"
216.244.66.229 - - [09/Nov/2022:22:47:27 -0800] "GET /remote/wigner111/frame02.html HTTP/1.1" 200 1782 "-" "Mozilla/5.0 (compatible; DotBot/1.2; +https://opensiteexplorer.org/dotbot; help@moz.com)" "ysfine.com"
114.119.128.142 - - [09/Nov/2022:22:47:35 -0800] "GET /class54/class5470/total_data/photo_img/2-28.jpg HTTP/1.1" 200 106710 "https://ysfine.com/class54/class5470/total_data/sub_228.htm" "Mozilla/5.0 (Linux; Android 7.0;) AppleWebKit/537.36 (KHTML, like Gecko) Mobile Safari/537.36 (compatible; PetalBot;+https://webmaster.petalsearch.com/site/petalbot)" "ysfine.com"
77.75.79.119 - - [09/Nov/2022:22:47:43 -0800] "GET /feynman/restof.html HTTP/1.1" 200 4709 "-" "Mozilla/5.0 (compatible; SeznamBot/4.0-RC1; +http://napoveda.seznam.cz/seznambot-intro/)" "ysfine.com"
93.158.161.71 - - [09/Nov/2022:22:47:53 -0800] "GET /feynman/ptoday89.jpg HTTP/1.1" 200 101842 "-" "Mozilla/5.0 (compatible; YandexImages/3.0; +http://yandex.com/bots)" "ysfine.com"
216.244.66.229 - - [09/Nov/2022:22:47:57 -0800] "GET /sbk/2008viln22.jpg HTTP/1.1" 200 201541 "-" "Mozilla/5.0 (compatible; DotBot/1.2; +https://opensiteexplorer.org/dotbot; help@moz.com)" "ysfine.com"
207.46.13.128 - - [09/Nov/2022:22:47:59 -0800] "GET /bio/wigner/e(2).html HTTP/1.1" 404 88 "-" "Mozilla/5.0 AppleWebKit/537.36 (KHTML, like Gecko; compatible; bingbot/2.0; +http://www.bing.com/bingbot.htm) Chrome/103.0.5060.134 Safari/537.36" "ysfine.com"
51.222.253.18 - - [09/Nov/2022:22:48:43 -0800] "GET /class54/class5470/total_data/sub_8110.htm HTTP/1.1" 200 3499 "-" "Mozilla/5.0 (compatible; AhrefsBot/7.0; +http://ahrefs.com/robot/)" "www.ysfine.com"
216.244.66.229 - - [09/Nov/2022:22:48:49 -0800] "GET /sbk/2009zako11.jpg HTTP/1.1" 200 120709 "-" "Mozilla/5.0 (compatible; DotBot/1.2; +https://opensiteexplorer.org/dotbot; help@moz.com)" "ysfine.com"
114.119.128.162 - - [09/Nov/2022:22:48:58 -0800] "GET /remote/wigner111/frame52.html HTTP/1.1" 200 540 "https://www.ysfine.com/remote/wigner111/goto.html" "Mozilla/5.0 (Linux; Android 7.0;) AppleWebKit/537.36 (KHTML, like Gecko) Mobile Safari/537.36 (compatible; PetalBot;+https://webmaster.petalsearch.com/site/petalbot)" "www.ysfine.com"
93.158.161.38 - - [09/Nov/2022:22:49:03 -0800] "GET /feynman/fb5.jpg HTTP/1.1" 304 - "-" "Mozilla/5.0 (compatible; YandexImages/3.0; +http://yandex.com/bots)" "www.ysfine.com"
77.88.5.220 - - [09/Nov/2022:22:49:03 -0800] "GET /feynman/feygell22b.jpg HTTP/1.1" 200 32331 "-" "Mozilla/5.0 (compatible; YandexImages/3.0; +http://yandex.com/bots)" "ysfine.com"
93.158.161.42 - - [09/Nov/2022:22:49:06 -0800] "GET /feynman/jf2.jpg HTTP/1.1" 200 10558 "-" "Mozilla/5.0 (compatible; YandexImages/3.0; +http://yandex.com/bots)" "www.ysfine.com"
77.88.5.50 - - [09/Nov/2022:22:49:09 -0800] "GET /feynman/chapline.jpg HTTP/1.1" 304 - "-" "Mozilla/5.0 (compatible; YandexImages/3.0; +http://yandex.com/bots)" "www.ysfine.com"
216.244.66.229 - - [09/Nov/2022:22:49:39 -0800] "GET /sbk/2012paris66.jpg HTTP/1.1" 200 124670 "-" "Mozilla/5.0 (compatible; DotBot/1.2; +https://opensiteexplorer.org/dotbot; help@moz.com)" "ysfine.com"
71.178.208.102 - - [09/Nov/2022:22:49:48 -0800] "GET /bio08.html HTTP/1.1" 200 10637 "-" "Mozilla/5.0 (Windows NT 10.0; Win64; x64; rv:106.0) Gecko/20100101 Firefox/106.0" "ysfine.com"
71.178.208.102 - - [09/Nov/2022:22:49:48 -0800] "GET /michwight640.jpg HTTP/1.1" 404 88 "https://ysfine.com/bio08.html" "Mozilla/5.0 (Windows NT 10.0; Win64; x64; rv:106.0) Gecko/20100101 Firefox/106.0" "ysfine.com"
71.178.208.102 - - [09/Nov/2022:22:49:48 -0800] "GET /wigein11d.jpg HTTP/1.1" 404 88 "https://ysfine.com/bio08.html" "Mozilla/5.0 (Windows NT 10.0; Win64; x64; rv:106.0) Gecko/20100101 Firefox/106.0" "ysfine.com"
71.178.208.102 - - [09/Nov/2022:22:49:48 -0800] "GET /o32inho22g.jpg HTTP/1.1" 404 88 "https://ysfine.com/bio08.html" "Mozilla/5.0 (Windows NT 10.0; Win64; x64; rv:106.0) Gecko/20100101 Firefox/106.0" "ysfine.com"
71.178.208.102 - - [09/Nov/2022:22:49:48 -0800] "GET /homw/tollwig11d.jpg HTTP/1.1" 404 88 "https://ysfine.com/bio08.html" "Mozilla/5.0 (Windows NT 10.0; Win64; x64; rv:106.0) Gecko/20100101 Firefox/106.0" "ysfine.com"
71.178.208.102 - - [09/Nov/2022:22:49:48 -0800] "GET /further22f.jpg HTTP/1.1" 404 88 "https://ysfine.com/bio08.html" "Mozilla/5.0 (Windows NT 10.0; Win64; x64; rv:106.0) Gecko/20100101 Firefox/106.0" "ysfine.com"
71.178.208.102 - - [09/Nov/2022:22:49:48 -0800] "GET /princeton/sbtwein450.jpg HTTP/1.1" 404 88 "https://ysfine.com/bio08.html" "Mozilla/5.0 (Windows NT 10.0; Win64; x64; rv:106.0) Gecko/20100101 Firefox/106.0" "ysfine.com"
71.178.208.102 - - [09/Nov/2022:22:49:48 -0800] "GET /phys/parton77g.jpg HTTP/1.1" 404 88 "https://ysfine.com/bio08.html" "Mozilla/5.0 (Windows NT 10.0; Win64; x64; rv:106.0) Gecko/20100101 Firefox/106.0" "ysfine.com"
71.178.208.102 - - [09/Nov/2022:22:49:48 -0800] "GET /ewk86f.jpg HTTP/1.1" 404 88 "https://ysfine.com/bio08.html" "Mozilla/5.0 (Windows NT 10.0; Win64; x64; rv:106.0) Gecko/20100101 Firefox/106.0" "ysfine.com"
71.178.208.102 - - [09/Nov/2022:22:49:48 -0800] "GET /comet40f.jpg HTTP/1.1" 404 88 "https://ysfine.com/bio08.html" "Mozilla/5.0 (Windows NT 10.0; Win64; x64; rv:106.0) Gecko/20100101 Firefox/106.0" "ysfine.com"
71.178.208.102 - - [09/Nov/2022:22:49:48 -0800] "GET /wigner22d.jpg HTTP/1.1" 404 88 "https://ysfine.com/bio08.html" "Mozilla/5.0 (Windows NT 10.0; Win64; x64; rv:106.0) Gecko/20100101 Firefox/106.0" "ysfine.com"
71.178.208.102 - - [09/Nov/2022:22:49:49 -0800] "GET /favicon.ico HTTP/1.1" 404 88 "https://ysfine.com/bio08.html" "Mozilla/5.0 (Windows NT 10.0; Win64; x64; rv:106.0) Gecko/20100101 Firefox/106.0" "ysfine.com"
71.178.208.102 - - [09/Nov/2022:22:49:51 -0800] "GET /home/michwight.jpg HTTP/1.1" 404 88 "https://ysfine.com/bio08.html" "Mozilla/5.0 (Windows NT 10.0; Win64; x64; rv:106.0) Gecko/20100101 Firefox/106.0" "ysfine.com"
71.178.208.102 - - [09/Nov/2022:22:49:51 -0800] "GET /favicon.ico HTTP/1.1" 404 88 "https://ysfine.com/home/michwight.jpg" "Mozilla/5.0 (Windows NT 10.0; Win64; x64; rv:106.0) Gecko/20100101 Firefox/106.0" "ysfine.com"
71.178.208.102 - - [09/Nov/2022:22:50:03 -0800] "GET /home/tollwig11.jpg HTTP/1.1" 200 124000 "https://ysfine.com/bio08.html" "Mozilla/5.0 (Windows NT 10.0; Win64; x64; rv:106.0) Gecko/20100101 Firefox/106.0" "ysfine.com"
216.244.66.229 - - [09/Nov/2022:22:50:14 -0800] "GET /sbk/2013buda05.jpg HTTP/1.1" 200 90405 "-" "Mozilla/5.0 (compatible; DotBot/1.2; +https://opensiteexplorer.org/dotbot; help@moz.com)" "ysfine.com"
40.77.167.71 - - [09/Nov/2022:22:50:16 -0800] "GET /bio/genea.html HTTP/1.1" 404 88 "-" "Mozilla/5.0 AppleWebKit/537.36 (KHTML, like Gecko; compatible; bingbot/2.0; +http://www.bing.com/bingbot.htm) Chrome/103.0.5060.134 Safari/537.36" "ysfine.com"
40.122.230.188 - - [09/Nov/2022:22:50:41 -0800] "GET /home/eink51a.jpg HTTP/1.1" 200 74185 "https://ysfine.com/home" "Mozilla/5.0 (Macintosh; Intel Mac OS X 10_11_6) AppleWebKit/605.1.15 (KHTML, like Gecko) Version/11.1.2 Safari/605.1.15" "ysfine.com"
20.29.110.168 - - [09/Nov/2022:22:50:48 -0800] "GET /yspapers/emc22b.jpg HTTP/1.1" 200 31683 "https://ysfine.com/yspapers" "Mozilla/5.0 (iPhone; CPU iPhone OS 13_5_1 like Mac OS X) AppleWebKit/605.1.15 (KHTML, like Gecko) Version/13.1.1 Mobile/15E148 Safari/604.1" "ysfine.com"
13.67.228.136 - - [09/Nov/2022:22:51:02 -0800] "GET /wdc/sakura08.jpg HTTP/1.1" 200 54691 "https://ysfine.com/wdc" "Mozilla/5.0 (Linux; Android 10; SM-G960U) AppleWebKit/537.36 (KHTML, like Gecko) Chrome/88.0.4324.181 Mobile Safari/537.36" "ysfine.com"
216.244.66.229 - - [09/Nov/2022:22:51:21 -0800] "GET /einstein/math/sp2tab11.jpg HTTP/1.1" 200 73958 "-" "Mozilla/5.0 (compatible; DotBot/1.2; +https://opensiteexplorer.org/dotbot; help@moz.com)" "ysfine.com"
216.244.66.229 - - [09/Nov/2022:22:51:56 -0800] "GET /usca/pitt/westifn.html HTTP/1.1" 200 3217 "-" "Mozilla/5.0 (compatible; DotBot/1.2; +https://opensiteexplorer.org/dotbot; help@moz.com)" "ysfine.com"
51.222.253.14 - - [09/Nov/2022:22:52:12 -0800] "GET /class54/class5470/total_data/sub_8103.htm HTTP/1.1" 200 3499 "-" "Mozilla/5.0 (compatible; AhrefsBot/7.0; +http://ahrefs.com/robot/)" "www.ysfine.com"
216.244.66.229 - - [09/Nov/2022:22:52:23 -0800] "GET /world/france/chagall13.jpg HTTP/1.1" 200 166717 "-" "Mozilla/5.0 (compatible; DotBot/1.2; +https://opensiteexplorer.org/dotbot; help@moz.com)" "ysfine.com"
49.42.80.31 - - [09/Nov/2022:22:52:30 -0800] "GET /einstein/einbohr33.jpg HTTP/1.1" 200 87797 "https://www.google.com/" "Mozilla/5.0 (Windows NT 10.0; Win64; x64) AppleWebKit/537.36 (KHTML, like Gecko) Chrome/107.0.0.0 Safari/537.36" "ysfine.com"
40.77.51.85 - - [09/Nov/2022:22:52:38 -0800] "GET /friends/aline/lufthan11b.jpg HTTP/1.1" 404 88 "https://ysfine.com/friends/aline" "Mozilla/5.0 (Macintosh; Intel Mac OS X 10_11_6) AppleWebKit/605.1.15 (KHTML, like Gecko) Version/11.1.2 Safari/605.1.15" "ysfine.com"
20.29.110.170 - - [09/Nov/2022:22:52:43 -0800] "GET /world/china/beijing009b.jpg HTTP/1.1" 200 44188 "http://ysfine.com/world/china" "Mozilla/5.0 (Linux; Android 10; SM-G960U) AppleWebKit/537.36 (KHTML, like Gecko) Chrome/88.0.4324.181 Mobile Safari/537.36" "ysfine.com"
207.46.13.107 - - [09/Nov/2022:22:52:58 -0800] "GET /bio/world/leipzig.html HTTP/1.1" 404 88 "-" "Mozilla/5.0 (compatible; bingbot/2.0; +http://www.bing.com/bingbot.htm)" "ysfine.com"
207.46.13.107 - - [09/Nov/2022:22:53:00 -0800] "GET /world/baltic/riga13.jpg HTTP/1.1" 200 112778 "-" "Mozilla/5.0 AppleWebKit/537.36 (KHTML, like Gecko; compatible; bingbot/2.0; +http://www.bing.com/bingbot.htm) Chrome/103.0.5060.134 Safari/537.36" "ysfine.com"
216.244.66.229 - - [09/Nov/2022:22:53:14 -0800] "GET /world/france/notre19.jpg HTTP/1.1" 200 113379 "-" "Mozilla/5.0 (compatible; DotBot/1.2; +https://opensiteexplorer.org/dotbot; help@moz.com)" "ysfine.com"
38.126.157.40 - - [09/Nov/2022:22:53:27 -0800] "GET /wdc/kennedyc01.jpg HTTP/1.1" 200 90739 "-" "Mozilla/5.0 (compatible; FemtosearchBot/1.0; http://femtosearch.com)" "ysfine.com"
38.126.157.40 - - [09/Nov/2022:22:53:27 -0800] "GET /ysbio/comet40c.jpg HTTP/1.1" 404 88 "-" "Mozilla/5.0 (compatible; FemtosearchBot/1.0; http://femtosearch.com)" "ysfine.com"
38.126.157.40 - - [09/Nov/2022:22:53:27 -0800] "GET /people/sterman.jpg HTTP/1.1" 200 86860 "-" "Mozilla/5.0 (compatible; FemtosearchBot/1.0; http://femtosearch.com)" "ysfine.com"
38.126.157.40 - - [09/Nov/2022:22:53:28 -0800] "GET /dirac/bankers.html HTTP/1.1" 200 4453 "-" "Mozilla/5.0 (compatible; FemtosearchBot/1.0; http://femtosearch.com)" "ysfine.com"
38.126.157.40 - - [09/Nov/2022:22:53:39 -0800] "GET /newyork/wfc09c.jpg HTTP/1.1" 200 43519 "-" "Mozilla/5.0 (compatible; FemtosearchBot/1.0; http://femtosearch.com)" "ysfine.com"
38.126.157.40 - - [09/Nov/2022:22:53:39 -0800] "GET /newyork/saks02.jpg HTTP/1.1" 200 118144 "-" "Mozilla/5.0 (compatible; FemtosearchBot/1.0; http://femtosearch.com)" "ysfine.com"
38.126.157.40 - - [09/Nov/2022:22:53:39 -0800] "GET /home/family18d.jpg HTTP/1.1" 200 69135 "-" "Mozilla/5.0 (compatible; FemtosearchBot/1.0; http://femtosearch.com)" "ysfine.com"
38.126.157.40 - - [09/Nov/2022:22:53:39 -0800] "GET /beau/parthen03.jpg HTTP/1.1" 404 88 "-" "Mozilla/5.0 (compatible; FemtosearchBot/1.0; http://femtosearch.com)" "ysfine.com"
216.244.66.229 - - [09/Nov/2022:22:53:54 -0800] "GET /world/germany/tubw05.jpg HTTP/1.1" 200 88908 "-" "Mozilla/5.0 (compatible; DotBot/1.2; +https://opensiteexplorer.org/dotbot; help@moz.com)" "ysfine.com"
114.119.128.142 - - [09/Nov/2022:22:54:15 -0800] "GET /remote/wigner111/frame10.html HTTP/1.1" 200 459 "https://ysfine.com/remote/wigner111/frame09.html" "Mozilla/5.0 (Linux; Android 7.0;) AppleWebKit/537.36 (KHTML, like Gecko) Mobile Safari/537.36 (compatible; PetalBot;+https://webmaster.petalsearch.com/site/petalbot)" "ysfine.com"
216.244.66.229 - - [09/Nov/2022:22:54:29 -0800] "GET /world/russ/kazan090.jpg HTTP/1.1" 200 72790 "-" "Mozilla/5.0 (compatible; DotBot/1.2; +https://opensiteexplorer.org/dotbot; help@moz.com)" "ysfine.com"
185.191.171.21 - - [09/Nov/2022:22:54:36 -0800] "GET /ffriends/korean.html HTTP/1.1" 200 15127 "-" "Mozilla/5.0 (compatible; SemrushBot/7~bl; +http://www.semrush.com/bot.html)" "www.ysfine.com"
157.55.39.129 - - [09/Nov/2022:22:54:41 -0800] "GET /bio/optics.html HTTP/1.1" 404 88 "-" "Mozilla/5.0 AppleWebKit/537.36 (KHTML, like Gecko; compatible; bingbot/2.0; +http://www.bing.com/bingbot.htm) Chrome/103.0.5060.134 Safari/537.36" "ysfine.com"
207.46.13.128 - - [09/Nov/2022:22:54:49 -0800] "GET /class54/class5470/total_data/refer_img/4-1_f.jpg HTTP/1.1" 200 33160 "-" "Mozilla/5.0 (compatible; bingbot/2.0; +http://www.bing.com/bingbot.htm)" "ysfine.com"
216.244.66.229 - - [09/Nov/2022:22:55:01 -0800] "GET /class54/class5470/total_data/sub_804.htm HTTP/1.1" 200 16173 "-" "Mozilla/5.0 (compatible; DotBot/1.2; +https://opensiteexplorer.org/dotbot; help@moz.com)" "ysfine.com"
40.77.167.27 - - [09/Nov/2022:22:55:09 -0800] "GET /einstein/places/einmu08.jpg HTTP/1.1" 200 90839 "-" "Mozilla/5.0 (compatible; bingbot/2.0; +http://www.bing.com/bingbot.htm)" "ysfine.com"
77.88.5.233 - - [09/Nov/2022:22:55:22 -0800] "GET /world/russ/mosriver03.jpg HTTP/1.1" 200 90757 "-" "Mozilla/5.0 (compatible; YandexImages/3.0; +http://yandex.com/bots)" "ysfine.com"
216.244.66.229 - - [09/Nov/2022:22:55:30 -0800] "GET /class54/class5470/total_data/sub_8185.htm HTTP/1.1" 200 15750 "-" "Mozilla/5.0 (compatible; DotBot/1.2; +https://opensiteexplorer.org/dotbot; help@moz.com)" "ysfine.com"
51.222.253.19 - - [09/Nov/2022:22:55:30 -0800] "GET /class54/class5470/total_data/sub_8104.htm HTTP/1.1" 200 3486 "-" "Mozilla/5.0 (compatible; AhrefsBot/7.0; +http://ahrefs.com/robot/)" "www.ysfine.com"
20.29.110.169 - - [09/Nov/2022:22:55:42 -0800] "GET /usca/pitt/carnegie01b.jpg HTTP/1.1" 200 29768 "http://ysfine.com/usca/pitt" "Mozilla/5.0 (iPhone; CPU iPhone OS 13_5_1 like Mac OS X) AppleWebKit/605.1.15 (KHTML, like Gecko) Version/13.1.1 Mobile/15E148 Safari/604.1" "ysfine.com"
216.244.66.229 - - [09/Nov/2022:22:55:56 -0800] "GET /class54/class5470/total_data/sub_869.htm HTTP/1.1" 200 15636 "-" "Mozilla/5.0 (compatible; DotBot/1.2; +https://opensiteexplorer.org/dotbot; help@moz.com)" "ysfine.com"
216.244.66.229 - - [09/Nov/2022:22:56:23 -0800] "GET /class54/class5470/total_data/sub_237.htm HTTP/1.1" 200 14384 "-" "Mozilla/5.0 (compatible; DotBot/1.2; +https://opensiteexplorer.org/dotbot; help@moz.com)" "ysfine.com"
216.244.66.229 - - [09/Nov/2022:22:56:48 -0800] "GET /einstein/evol77.jpg HTTP/1.1" 200 145608 "-" "Mozilla/5.0 (compatible; DotBot/1.2; +https://opensiteexplorer.org/dotbot; help@moz.com)" "ysfine.com"
71.178.208.102 - - [09/Nov/2022:22:56:58 -0800] "GET /bio08.html HTTP/1.1" 200 10640 "-" "Mozilla/5.0 (Windows NT 10.0; Win64; x64; rv:106.0) Gecko/20100101 Firefox/106.0" "ysfine.com"
71.178.208.102 - - [09/Nov/2022:22:56:58 -0800] "GET /phys/parton77g.jpg HTTP/1.1" 404 88 "https://ysfine.com/bio08.html" "Mozilla/5.0 (Windows NT 10.0; Win64; x64; rv:106.0) Gecko/20100101 Firefox/106.0" "ysfine.com"
71.178.208.102 - - [09/Nov/2022:22:56:58 -0800] "GET /home/tollwig11d.jpg HTTP/1.1" 200 39722 "https://ysfine.com/bio08.html" "Mozilla/5.0 (Windows NT 10.0; Win64; x64; rv:106.0) Gecko/20100101 Firefox/106.0" "ysfine.com"
71.178.208.102 - - [09/Nov/2022:22:56:58 -0800] "GET /wigner22d.jpg HTTP/1.1" 404 88 "https://ysfine.com/bio08.html" "Mozilla/5.0 (Windows NT 10.0; Win64; x64; rv:106.0) Gecko/20100101 Firefox/106.0" "ysfine.com"
71.178.208.102 - - [09/Nov/2022:22:56:58 -0800] "GET /o32inho22g.jpg HTTP/1.1" 404 88 "https://ysfine.com/bio08.html" "Mozilla/5.0 (Windows NT 10.0; Win64; x64; rv:106.0) Gecko/20100101 Firefox/106.0" "ysfine.com"
71.178.208.102 - - [09/Nov/2022:22:56:58 -0800] "GET /ewk86f.jpg HTTP/1.1" 404 88 "https://ysfine.com/bio08.html" "Mozilla/5.0 (Windows NT 10.0; Win64; x64; rv:106.0) Gecko/20100101 Firefox/106.0" "ysfine.com"
71.178.208.102 - - [09/Nov/2022:22:56:58 -0800] "GET /wigein11d.jpg HTTP/1.1" 404 88 "https://ysfine.com/bio08.html" "Mozilla/5.0 (Windows NT 10.0; Win64; x64; rv:106.0) Gecko/20100101 Firefox/106.0" "ysfine.com"
71.178.208.102 - - [09/Nov/2022:22:56:58 -0800] "GET /further22f.jpg HTTP/1.1" 404 88 "https://ysfine.com/bio08.html" "Mozilla/5.0 (Windows NT 10.0; Win64; x64; rv:106.0) Gecko/20100101 Firefox/106.0" "ysfine.com"
71.178.208.102 - - [09/Nov/2022:22:56:58 -0800] "GET /comet40f.jpg HTTP/1.1" 404 88 "https://ysfine.com/bio08.html" "Mozilla/5.0 (Windows NT 10.0; Win64; x64; rv:106.0) Gecko/20100101 Firefox/106.0" "ysfine.com"
71.178.208.102 - - [09/Nov/2022:22:56:58 -0800] "GET /princeton/sbtwein450.jpg HTTP/1.1" 404 88 "https://ysfine.com/bio08.html" "Mozilla/5.0 (Windows NT 10.0; Win64; x64; rv:106.0) Gecko/20100101 Firefox/106.0" "ysfine.com"
71.178.208.102 - - [09/Nov/2022:22:56:58 -0800] "GET /wigner/michwight640.jpg HTTP/1.1" 404 88 "https://ysfine.com/bio08.html" "Mozilla/5.0 (Windows NT 10.0; Win64; x64; rv:106.0) Gecko/20100101 Firefox/106.0" "ysfine.com"
71.178.208.102 - - [09/Nov/2022:22:56:58 -0800] "GET /favicon.ico HTTP/1.1" 404 88 "https://ysfine.com/bio08.html" "Mozilla/5.0 (Windows NT 10.0; Win64; x64; rv:106.0) Gecko/20100101 Firefox/106.0" "ysfine.com"
71.178.208.102 - - [09/Nov/2022:22:57:03 -0800] "GET /wigner/michwight.jpg HTTP/1.1" 200 73424 "https://ysfine.com/bio08.html" "Mozilla/5.0 (Windows NT 10.0; Win64; x64; rv:106.0) Gecko/20100101 Firefox/106.0" "ysfine.com"
40.122.195.128 - - [09/Nov/2022:22:57:07 -0800] "GET /world/russ/mosriver14b.jpg HTTP/1.1" 200 47392 "http://ysfine.com/world/russ" "Mozilla/5.0 (Linux; Android 10; SM-G960U) AppleWebKit/537.36 (KHTML, like Gecko) Chrome/88.0.4324.181 Mobile Safari/537.36" "ysfine.com"
216.244.66.229 - - [09/Nov/2022:22:57:28 -0800] "GET /manko/glaub01.jpg HTTP/1.1" 200 40332 "-" "Mozilla/5.0 (compatible; DotBot/1.2; +https://opensiteexplorer.org/dotbot; help@moz.com)" "ysfine.com"
17.121.113.99 - - [09/Nov/2022:22:57:30 -0800] "GET /wisdom/index.html HTTP/1.1" 200 129 "-" "Mozilla/5.0 (Macintosh; Intel Mac OS X 10_15_5) AppleWebKit/605.1.15 (KHTML, like Gecko) Version/13.1.1 Safari/605.1.15 (Applebot/0.1; +http://www.apple.com/go/applebot)" "ysfine.com"
114.119.128.142 - - [09/Nov/2022:22:57:40 -0800] "GET /class54/class5480/Pictures/1.%C3%AC%C2%A0%C2%91%C3%AC%C2%88%C2%98%C3%AB%C2%B0%C2%8F%C3%AD%C2%99%C2%98%C3%AB%C2%8B%C2%B4/ HTTP/1.1" 200 869 "https://ysfine.com/class54/class5480/Pictures/?C=M%3BO%3DA" "Mozilla/5.0 (Linux; Android 7.0;) AppleWebKit/537.36 (KHTML, like Gecko) Mobile Safari/537.36 (compatible; PetalBot;+https://webmaster.petalsearch.com/site/petalbot)" "ysfine.com"
157.55.39.129 - - [09/Nov/2022:22:57:41 -0800] "GET /bio/awards/index.html HTTP/1.1" 404 88 "-" "Mozilla/5.0 (compatible; bingbot/2.0; +http://www.bing.com/bingbot.htm)" "ysfine.com"
216.244.66.229 - - [09/Nov/2022:22:57:59 -0800] "GET /newyork/hilton04.jpg HTTP/1.1" 200 258974 "-" "Mozilla/5.0 (compatible; DotBot/1.2; +https://opensiteexplorer.org/dotbot; help@moz.com)" "ysfine.com"
38.126.157.40 - - [09/Nov/2022:22:58:21 -0800] "GET /usca/norl/fm01.jpg HTTP/1.1" 200 87848 "-" "Mozilla/5.0 (compatible; FemtosearchBot/1.0; http://femtosearch.com)" "ysfine.com"
38.126.157.40 - - [09/Nov/2022:22:58:22 -0800] "GET /sbk/1994harv11.jpg HTTP/1.1" 200 192535 "-" "Mozilla/5.0 (compatible; FemtosearchBot/1.0; http://femtosearch.com)" "ysfine.com"
38.126.157.40 - - [09/Nov/2022:22:58:22 -0800] "GET /style/monet01b.jpg HTTP/1.1" 200 42056 "-" "Mozilla/5.0 (compatible; FemtosearchBot/1.0; http://femtosearch.com)" "ysfine.com"
38.126.157.40 - - [09/Nov/2022:22:58:23 -0800] "GET /dirac/dirfoc11.jpg HTTP/1.1" 200 149712 "-" "Mozilla/5.0 (compatible; FemtosearchBot/1.0; http://femtosearch.com)" "ysfine.com"
38.126.157.40 - - [09/Nov/2022:22:58:23 -0800] "GET /fbook/eintao33.jpg HTTP/1.1" 200 120926 "-" "Mozilla/5.0 (compatible; FemtosearchBot/1.0; http://femtosearch.com)" "ysfine.com"
38.126.157.40 - - [09/Nov/2022:22:58:23 -0800] "GET /dongio/moso800.jpg HTTP/1.1" 404 88 "-" "Mozilla/5.0 (compatible; FemtosearchBot/1.0; http://femtosearch.com)" "ysfine.com"
38.126.157.40 - - [09/Nov/2022:22:58:23 -0800] "GET /wdc/kennedyc17.jpg HTTP/1.1" 200 101334 "-" "Mozilla/5.0 (compatible; FemtosearchBot/1.0; http://femtosearch.com)" "ysfine.com"
38.126.157.40 - - [09/Nov/2022:22:58:23 -0800] "GET /newyork/gwbr77.jpg HTTP/1.1" 200 136046 "-" "Mozilla/5.0 (compatible; FemtosearchBot/1.0; http://femtosearch.com)" "ysfine.com"
51.222.253.15 - - [09/Nov/2022:22:58:27 -0800] "GET /class54/class5470/total_data/sub_8105.htm HTTP/1.1" 200 3486 "-" "Mozilla/5.0 (compatible; AhrefsBot/7.0; +http://ahrefs.com/robot/)" "www.ysfine.com"
216.244.66.229 - - [09/Nov/2022:22:58:42 -0800] "GET /newyork/koreaw02.jpg HTTP/1.1" 200 128632 "-" "Mozilla/5.0 (compatible; DotBot/1.2; +https://opensiteexplorer.org/dotbot; help@moz.com)" "ysfine.com"
216.244.66.229 - - [09/Nov/2022:22:59:19 -0800] "GET /newyork/madis04.jpg HTTP/1.1" 200 237977 "-" "Mozilla/5.0 (compatible; DotBot/1.2; +https://opensiteexplorer.org/dotbot; help@moz.com)" "ysfine.com"
178.151.245.174 - - [09/Nov/2022:22:59:24 -0800] "GET /robots.txt HTTP/1.1" 404 73 "-" "Mozilla/5.0 (compatible; MJ12bot/v1.4.8; http://mj12bot.com/)" "ysfine.com"
178.151.245.174 - - [09/Nov/2022:22:59:27 -0800] "GET /class54/class5480/Pictures/1.%C3%AC%C2%A0%C2%91%C3%AC%C2%88%C2%98%C3%AB%C2%B0%C2%8F%C3%AD%C2%99%C2%98%C3%AB%C2%8B%C2%B4/ HTTP/1.1" 200 869 "-" "Mozilla/5.0 (compatible; MJ12bot/v1.4.8; http://mj12bot.com/)" "ysfine.com"
178.151.245.174 - - [09/Nov/2022:22:59:31 -0800] "GET /class54/class5480/Pictures/2.%C3%AA%C2%B8%C2%B0%C3%AB%C2%85%C2%90%C3%AD%C2%96%C2%89%C3%AC%C2%82%C2%AC/%C3%AA%C2%B8%C2%B0%C3%AB%C2%85%C2%90%C3%AD%C2%96%C2%89%C3%AC%C2%82%C2%AC%20(129).jpg HTTP/1.1" 200 4663484 "-" "Mozilla/5.0 (compatible; MJ12bot/v1.4.8; http://mj12bot.com/)" "ysfine.com"
178.151.245.174 - - [09/Nov/2022:22:59:34 -0800] "GET /class54/class5480/Pictures/2.%C3%AA%C2%B8%C2%B0%C3%AB%C2%85%C2%90%C3%AD%C2%96%C2%89%C3%AC%C2%82%C2%AC/%C3%AA%C2%B8%C2%B0%C3%AB%C2%85%C2%90%C3%AD%C2%96%C2%89%C3%AC%C2%82%C2%AC%20(142).jpg HTTP/1.1" 200 4886751 "-" "Mozilla/5.0 (compatible; MJ12bot/v1.4.8; http://mj12bot.com/)" "ysfine.com"
178.151.245.174 - - [09/Nov/2022:22:59:38 -0800] "GET /class54/class5480/Pictures/2.%C3%AA%C2%B8%C2%B0%C3%AB%C2%85%C2%90%C3%AD%C2%96%C2%89%C3%AC%C2%82%C2%AC/%C3%AA%C2%B8%C2%B0%C3%AB%C2%85%C2%90%C3%AD%C2%96%C2%89%C3%AC%C2%82%C2%AC%20(144).jpg HTTP/1.1" 200 4826258 "-" "Mozilla/5.0 (compatible; MJ12bot/v1.4.8; http://mj12bot.com/)" "ysfine.com"
178.151.245.174 - - [09/Nov/2022:22:59:42 -0800] "GET /class54/class5480/Pictures/2.%C3%AA%C2%B8%C2%B0%C3%AB%C2%85%C2%90%C3%AD%C2%96%C2%89%C3%AC%C2%82%C2%AC/%C3%AA%C2%B8%C2%B0%C3%AB%C2%85%C2%90%C3%AD%C2%96%C2%89%C3%AC%C2%82%C2%AC%20(145).jpg HTTP/1.1" 200 4796448 "-" "Mozilla/5.0 (compatible; MJ12bot/v1.4.8; http://mj12bot.com/)" "ysfine.com"
178.151.245.174 - - [09/Nov/2022:22:59:47 -0800] "GET /class54/class5480/Pictures/2.%C3%AA%C2%B8%C2%B0%C3%AB%C2%85%C2%90%C3%AD%C2%96%C2%89%C3%AC%C2%82%C2%AC/%C3%AA%C2%B8%C2%B0%C3%AB%C2%85%C2%90%C3%AD%C2%96%C2%89%C3%AC%C2%82%C2%AC%20(146).jpg HTTP/1.1" 200 4694178 "-" "Mozilla/5.0 (compatible; MJ12bot/v1.4.8; http://mj12bot.com/)" "ysfine.com"
20.29.110.170 - - [09/Nov/2022:22:59:48 -0800] "GET /world/eve/india01b.jpg HTTP/1.1" 404 88 "https://ysfine.com/world/eve" "Mozilla/5.0 (iPhone; CPU iPhone OS 13_5_1 like Mac OS X) AppleWebKit/605.1.15 (KHTML, like Gecko) Version/13.1.1 Mobile/15E148 Safari/604.1" "ysfine.com"
178.151.245.174 - - [09/Nov/2022:22:59:50 -0800] "GET /class54/class5480/Pictures/2.%C3%AA%C2%B8%C2%B0%C3%AB%C2%85%C2%90%C3%AD%C2%96%C2%89%C3%AC%C2%82%C2%AC/%C3%AA%C2%B8%C2%B0%C3%AB%C2%85%C2%90%C3%AD%C2%96%C2%89%C3%AC%C2%82%C2%AC%20(147).jpg HTTP/1.1" 200 4080249 "-" "Mozilla/5.0 (compatible; MJ12bot/v1.4.8; http://mj12bot.com/)" "ysfine.com"
20.29.110.169 - - [09/Nov/2022:22:59:53 -0800] "GET /world/poland/krk19b.jpg HTTP/1.1" 200 38473 "https://www.ysfine.com/world/poland" "Mozilla/5.0 (iPhone; CPU iPhone OS 13_5_1 like Mac OS X) AppleWebKit/605.1.15 (KHTML, like Gecko) Version/13.1.1 Mobile/15E148 Safari/604.1" "www.ysfine.com"
178.151.245.174 - - [09/Nov/2022:22:59:54 -0800] "GET /class54/class5480/Pictures/2.%C3%AA%C2%B8%C2%B0%C3%AB%C2%85%C2%90%C3%AD%C2%96%C2%89%C3%AC%C2%82%C2%AC/%C3%AA%C2%B8%C2%B0%C3%AB%C2%85%C2%90%C3%AD%C2%96%C2%89%C3%AC%C2%82%C2%AC%20(148).jpg HTTP/1.1" 200 3741186 "-" "Mozilla/5.0 (compatible; MJ12bot/v1.4.8; http://mj12bot.com/)" "ysfine.com"
178.151.245.174 - - [09/Nov/2022:22:59:58 -0800] "GET /class54/class5480/Pictures/2.%C3%AA%C2%B8%C2%B0%C3%AB%C2%85%C2%90%C3%AD%C2%96%C2%89%C3%AC%C2%82%C2%AC/%C3%AA%C2%B8%C2%B0%C3%AB%C2%85%C2%90%C3%AD%C2%96%C2%89%C3%AC%C2%82%C2%AC%20(149).jpg HTTP/1.1" 200 4697129 "-" "Mozilla/5.0 (compatible; MJ12bot/v1.4.8; http://mj12bot.com/)" "ysfine.com"
17.121.112.163 - - [09/Nov/2022:23:00:01 -0800] "GET /wisdom/wktop.html HTTP/1.1" 200 443 "https://ysfine.com/wisdom/index.html" "Mozilla/5.0 (Macintosh; Intel Mac OS X 10_15_5) AppleWebKit/605.1.15 (KHTML, like Gecko) Version/13.1.1 Safari/605.1.15 (Applebot/0.1; +http://www.apple.com/go/applebot)" "ysfine.com"
17.121.114.195 - - [09/Nov/2022:23:00:01 -0800] "GET /wisdom/wkbot.html HTTP/1.1" 200 130 "https://ysfine.com/wisdom/index.html" "Mozilla/5.0 (Macintosh; Intel Mac OS X 10_15_5) AppleWebKit/605.1.15 (KHTML, like Gecko) Version/13.1.1 Safari/605.1.15 (Applebot/0.1; +http://www.apple.com/go/applebot)" "ysfine.com"
17.121.114.195 - - [09/Nov/2022:23:00:02 -0800] "GET /wisdom/wkrigh.html HTTP/1.1" 200 4130 "https://ysfine.com/wisdom/wkbot.html" "Mozilla/5.0 (Macintosh; Intel Mac OS X 10_15_5) AppleWebKit/605.1.15 (KHTML, like Gecko) Version/13.1.1 Safari/605.1.15 (Applebot/0.1; +http://www.apple.com/go/applebot)" "ysfine.com"
17.121.112.163 - - [09/Nov/2022:23:00:02 -0800] "GET /wisdom/wkleft.html HTTP/1.1" 200 596 "https://ysfine.com/wisdom/wkbot.html" "Mozilla/5.0 (Macintosh; Intel Mac OS X 10_15_5) AppleWebKit/605.1.15 (KHTML, like Gecko) Version/13.1.1 Safari/605.1.15 (Applebot/0.1; +http://www.apple.com/go/applebot)" "ysfine.com"
178.151.245.174 - - [09/Nov/2022:23:00:06 -0800] "GET /class54/class5480/Pictures/2.%C3%AA%C2%B8%C2%B0%C3%AB%C2%85%C2%90%C3%AD%C2%96%C2%89%C3%AC%C2%82%C2%AC/%C3%AA%C2%B8%C2%B0%C3%AB%C2%85%C2%90%C3%AD%C2%96%C2%89%C3%AC%C2%82%C2%AC%20(15).jpg HTTP/1.1" 200 3982317 "-" "Mozilla/5.0 (compatible; MJ12bot/v1.4.8; http://mj12bot.com/)" "ysfine.com"
216.244.66.229 - - [09/Nov/2022:23:00:10 -0800] "GET /newyork/rocke12.jpg HTTP/1.1" 200 248937 "-" "Mozilla/5.0 (compatible; DotBot/1.2; +https://opensiteexplorer.org/dotbot; help@moz.com)" "ysfine.com"
178.151.245.174 - - [09/Nov/2022:23:00:19 -0800] "GET /class54/class5480/Pictures/2.%C3%AA%C2%B8%C2%B0%C3%AB%C2%85%C2%90%C3%AD%C2%96%C2%89%C3%AC%C2%82%C2%AC/%C3%AA%C2%B8%C2%B0%C3%AB%C2%85%C2%90%C3%AD%C2%96%C2%89%C3%AC%C2%82%C2%AC%20(150).jpg HTTP/1.1" 200 4251354 "-" "Mozilla/5.0 (compatible; MJ12bot/v1.4.8; http://mj12bot.com/)" "ysfine.com"
178.151.245.174 - - [09/Nov/2022:23:00:24 -0800] "GET /class54/class5480/Pictures/2.%C3%AA%C2%B8%C2%B0%C3%AB%C2%85%C2%90%C3%AD%C2%96%C2%89%C3%AC%C2%82%C2%AC/%C3%AA%C2%B8%C2%B0%C3%AB%C2%85%C2%90%C3%AD%C2%96%C2%89%C3%AC%C2%82%C2%AC%20(151).jpg HTTP/1.1" 200 2839129 "-" "Mozilla/5.0 (compatible; MJ12bot/v1.4.8; http://mj12bot.com/)" "ysfine.com"
157.55.39.76 - - [09/Nov/2022:23:00:28 -0800] "GET /bio/kobak/yskor.html HTTP/1.1" 404 88 "-" "Mozilla/5.0 AppleWebKit/537.36 (KHTML, like Gecko; compatible; bingbot/2.0; +http://www.bing.com/bingbot.htm) Chrome/103.0.5060.134 Safari/537.36" "ysfine.com"
178.151.245.174 - - [09/Nov/2022:23:00:29 -0800] "GET /class54/class5480/Pictures/2.%C3%AA%C2%B8%C2%B0%C3%AB%C2%85%C2%90%C3%AD%C2%96%C2%89%C3%AC%C2%82%C2%AC/%C3%AA%C2%B8%C2%B0%C3%AB%C2%85%C2%90%C3%AD%C2%96%C2%89%C3%AC%C2%82%C2%AC%20(152).jpg HTTP/1.1" 200 5899065 "-" "Mozilla/5.0 (compatible; MJ12bot/v1.4.8; http://mj12bot.com/)" "ysfine.com"
40.77.51.82 - - [09/Nov/2022:23:00:34 -0800] "GET /kowar/sampal03b.jpg HTTP/1.1" 200 61883 "https://ysfine.com/kowar" "Mozilla/5.0 (iPhone; CPU iPhone OS 13_5_1 like Mac OS X) AppleWebKit/605.1.15 (KHTML, like Gecko) Version/13.1.1 Mobile/15E148 Safari/604.1" "ysfine.com"
178.151.245.174 - - [09/Nov/2022:23:00:39 -0800] "GET /class54/class5480/Pictures/2.%C3%AA%C2%B8%C2%B0%C3%AB%C2%85%C2%90%C3%AD%C2%96%C2%89%C3%AC%C2%82%C2%AC/%C3%AA%C2%B8%C2%B0%C3%AB%C2%85%C2%90%C3%AD%C2%96%C2%89%C3%AC%C2%82%C2%AC%20(153).jpg HTTP/1.1" 200 2335210 "-" "Mozilla/5.0 (compatible; MJ12bot/v1.4.8; http://mj12bot.com/)" "ysfine.com"
178.151.245.174 - - [09/Nov/2022:23:00:46 -0800] "GET /class54/class5480/Pictures/2.%C3%AA%C2%B8%C2%B0%C3%AB%C2%85%C2%90%C3%AD%C2%96%C2%89%C3%AC%C2%82%C2%AC/%C3%AA%C2%B8%C2%B0%C3%AB%C2%85%C2%90%C3%AD%C2%96%C2%89%C3%AC%C2%82%C2%AC%20(154).jpg HTTP/1.1" 200 6116864 "-" "Mozilla/5.0 (compatible; MJ12bot/v1.4.8; http://mj12bot.com/)" "ysfine.com"
216.244.66.229 - - [09/Nov/2022:23:01:00 -0800] "GET /princeton/econ22.jpg HTTP/1.1" 200 127405 "-" "Mozilla/5.0 (compatible; DotBot/1.2; +https://opensiteexplorer.org/dotbot; help@moz.com)" "ysfine.com"
40.77.51.84 - - [09/Nov/2022:23:01:05 -0800] "GET /people/noz75b.jpg HTTP/1.1" 200 38550 "http://ysfine.com/people" "Mozilla/5.0 (Windows NT 10.0; Win64; x64) AppleWebKit/537.36 (KHTML, like Gecko) Chrome/74.0.3729.157 Safari/537.36" "ysfine.com"
51.222.253.15 - - [09/Nov/2022:23:01:10 -0800] "GET /class54/class5470/total_data/sub_8106.htm HTTP/1.1" 200 3489 "-" "Mozilla/5.0 (compatible; AhrefsBot/7.0; +http://ahrefs.com/robot/)" "www.ysfine.com"
207.46.13.128 - - [09/Nov/2022:23:01:30 -0800] "GET /ffriends/aline/quantas33.jpg HTTP/1.1" 200 79764 "-" "Mozilla/5.0 AppleWebKit/537.36 (KHTML, like Gecko; compatible; bingbot/2.0; +http://www.bing.com/bingbot.htm) Chrome/103.0.5060.134 Safari/537.36" "ysfine.com"
207.46.13.128 - - [09/Nov/2022:23:01:31 -0800] "GET /bio/world/scandi/copen001.jpg HTTP/1.1" 404 88 "-" "Mozilla/5.0 (compatible; bingbot/2.0; +http://www.bing.com/bingbot.htm)" "ysfine.com"
178.151.245.174 - - [09/Nov/2022:23:01:20 -0800] "GET /class54/class5480/Pictures/3.%C3%AD%C2%88%C2%AC%C3%AC%C2%96%C2%B4%C3%AB%C2%B0%C2%8F%C3%AB%C2%AA%C2%A8%C3%AA%C2%B5%C2%90%C3%AB%C2%B0%C2%A9%C3%AB%C2%AC%C2%B8/ HTTP/1.1" 200 1320 "-" "Mozilla/5.0 (compatible; MJ12bot/v1.4.8; http://mj12bot.com/)" "ysfine.com"
216.244.66.229 - - [09/Nov/2022:23:01:33 -0800] "GET /princeton/nassinf35.jpg HTTP/1.1" 200 105007 "-" "Mozilla/5.0 (compatible; DotBot/1.2; +https://opensiteexplorer.org/dotbot; help@moz.com)" "ysfine.com"
178.151.245.174 - - [09/Nov/2022:23:01:37 -0800] "GET /class54/class5480/Pictures/4.%C3%AA%C2%B8%C2%B0%C3%AB%C2%85%C2%90%C3%AC%C2%B4%C2%AC%C3%AC%C2%98%C2%81/ HTTP/1.1" 200 995 "-" "Mozilla/5.0 (compatible; MJ12bot/v1.4.8; http://mj12bot.com/)" "ysfine.com"
13.67.224.13 - - [09/Nov/2022:23:01:49 -0800] "GET /ffriends/amkor/vassar11c.jpg HTTP/1.1" 200 22776 "https://ysfine.com/ffriends/amkor" "Mozilla/5.0 (Linux; Android 10; SM-G960U) AppleWebKit/537.36 (KHTML, like Gecko) Chrome/88.0.4324.181 Mobile Safari/537.36" "ysfine.com"
178.151.245.174 - - [09/Nov/2022:23:00:52 -0800] "GET /class54/class5480/Pictures/2.%C3%AA%C2%B8%C2%B0%C3%AB%C2%85%C2%90%C3%AD%C2%96%C2%89%C3%AC%C2%82%C2%AC/ HTTP/1.1" 200 1718 "-" "Mozilla/5.0 (compatible; MJ12bot/v1.4.8; http://mj12bot.com/)" "ysfine.com"
216.244.66.229 - - [09/Nov/2022:23:02:07 -0800] "GET /sbk/2018berlin33.jpg HTTP/1.1" 200 161453 "-" "Mozilla/5.0 (compatible; DotBot/1.2; +https://opensiteexplorer.org/dotbot; help@moz.com)" "ysfine.com"
216.244.66.229 - - [09/Nov/2022:23:02:49 -0800] "GET /wisdom/bible01.jpg HTTP/1.1" 200 271888 "-" "Mozilla/5.0 (compatible; DotBot/1.2; +https://opensiteexplorer.org/dotbot; help@moz.com)" "ysfine.com"
13.67.224.14 - - [09/Nov/2022:23:02:55 -0800] "GET /wigner/wigkim2.jpg HTTP/1.1" 200 40700 "http://www.ysfine.com/wigner" "Mozilla/5.0 (X11; Linux x86_64) AppleWebKit/537.36 (KHTML, like Gecko) Chrome/74.0.3729.169 Safari/537.36" "www.ysfine.com"
38.126.157.40 - - [09/Nov/2022:23:02:58 -0800] "GET /ffriends/beau.html HTTP/1.1" 200 14834 "-" "Mozilla/5.0 (compatible; FemtosearchBot/1.0; http://femtosearch.com)" "ysfine.com"
38.126.157.40 - - [09/Nov/2022:23:03:01 -0800] "GET /dirac/parton99.jpg HTTP/1.1" 200 98969 "-" "Mozilla/5.0 (compatible; FemtosearchBot/1.0; http://femtosearch.com)" "ysfine.com"
38.126.157.40 - - [09/Nov/2022:23:03:01 -0800] "GET /kobak/mskim01b.jpg HTTP/1.1" 200 51469 "-" "Mozilla/5.0 (compatible; FemtosearchBot/1.0; http://femtosearch.com)" "ysfine.com"
38.126.157.40 - - [09/Nov/2022:23:03:01 -0800] "GET /wdc/willard33b.jpg HTTP/1.1" 200 42340 "-" "Mozilla/5.0 (compatible; FemtosearchBot/1.0; http://femtosearch.com)" "ysfine.com"
38.126.157.40 - - [09/Nov/2022:23:03:01 -0800] "GET /maga/copislam.html HTTP/1.1" 200 5140 "-" "Mozilla/5.0 (compatible; FemtosearchBot/1.0; http://femtosearch.com)" "ysfine.com"
38.126.157.40 - - [09/Nov/2022:23:03:04 -0800] "GET /newyork/nyu03c.jpg HTTP/1.1" 200 35368 "-" "Mozilla/5.0 (compatible; FemtosearchBot/1.0; http://femtosearch.com)" "ysfine.com"
38.126.157.40 - - [09/Nov/2022:23:03:04 -0800] "GET /ysbio/yskim10c.jpg HTTP/1.1" 404 88 "-" "Mozilla/5.0 (compatible; FemtosearchBot/1.0; http://femtosearch.com)" "ysfine.com"
38.126.157.40 - - [09/Nov/2022:23:03:05 -0800] "GET /style/sicily11.jpg HTTP/1.1" 200 93215 "-" "Mozilla/5.0 (compatible; FemtosearchBot/1.0; http://femtosearch.com)" "ysfine.com"
157.55.39.76 - - [09/Nov/2022:23:03:26 -0800] "GET /bio/philo/keigel.html HTTP/1.1" 404 88 "-" "Mozilla/5.0 (compatible; bingbot/2.0; +http://www.bing.com/bingbot.htm)" "www.ysfine.com"
216.244.66.229 - - [09/Nov/2022:23:03:39 -0800] "GET /yspapers/yukawa65.pdf HTTP/1.1" 200 293173 "-" "Mozilla/5.0 (compatible; DotBot/1.2; +https://opensiteexplorer.org/dotbot; help@moz.com)" "ysfine.com"
207.46.13.107 - - [09/Nov/2022:23:03:39 -0800] "GET /world/brit/2013lon01.jpg HTTP/1.1" 200 113747 "-" "Mozilla/5.0 (compatible; bingbot/2.0; +http://www.bing.com/bingbot.htm)" "ysfine.com"
51.222.253.9 - - [09/Nov/2022:23:03:52 -0800] "GET /class54/class5470/total_data/sub_8111.htm HTTP/1.1" 200 3499 "-" "Mozilla/5.0 (compatible; AhrefsBot/7.0; +http://ahrefs.com/robot/)" "www.ysfine.com"
114.119.137.125 - - [09/Nov/2022:23:04:02 -0800] "GET /robots.txt HTTP/1.1" 404 88 "-" "Mozilla/5.0 (compatible;PetalBot;+https://webmaster.petalsearch.com/site/petalbot)" "ysfine.com"
40.122.227.200 - - [09/Nov/2022:23:04:06 -0800] "GET /eink/parton77a.jpg HTTP/1.1" 200 89323 "https://ysfine.com/eink" "Mozilla/5.0 (Windows NT 10.0; Win64; x64) AppleWebKit/537.36 (KHTML, like Gecko) Chrome/74.0.3729.157 Safari/537.36" "ysfine.com"
185.191.171.23 - - [09/Nov/2022:23:04:11 -0800] "GET /robots.txt HTTP/1.1" 404 88 "-" "Mozilla/5.0 (compatible; SemrushBot/7~bl; +http://www.semrush.com/bot.html)" "ysfine.com"
185.191.171.25 - - [09/Nov/2022:23:04:11 -0800] "GET /ysbio/maga/index.html HTTP/1.1" 404 88 "-" "Mozilla/5.0 (compatible; SemrushBot/7~bl; +http://www.semrush.com/bot.html)" "ysfine.com"
216.244.66.229 - - [09/Nov/2022:23:04:59 -0800] "GET /class54/class5470/total_data/sub_327.htm HTTP/1.1" 200 13767 "-" "Mozilla/5.0 (compatible; DotBot/1.2; +https://opensiteexplorer.org/dotbot; help@moz.com)" "ysfine.com"
221.202.78.162 - - [09/Nov/2022:23:05:05 -0800] "GET /sbk/2011muc66.jpg HTTP/1.1" 200 118110 "https://cn.bing.com/" "Mozilla/5.0 (Windows NT 10.0; Win64; x64) AppleWebKit/537.36 (KHTML, like Gecko) Chrome/105.0.0.0 Safari/537.36" "ysfine.com"
157.55.39.129 - - [09/Nov/2022:23:05:41 -0800] "GET /world/russ/arbat17.jpg HTTP/1.1" 200 83489 "-" "Mozilla/5.0 (compatible; bingbot/2.0; +http://www.bing.com/bingbot.htm)" "ysfine.com"
114.119.128.14 - - [09/Nov/2022:23:05:49 -0800] "GET /kobak/kimjap.html HTTP/1.1" 200 2410 "https://nongak.net/board/index.html?id=nca123&page=732&no=6881" "Mozilla/5.0 (Linux; Android 7.0;) AppleWebKit/537.36 (KHTML, like Gecko) Mobile Safari/537.36 (compatible; PetalBot;+https://webmaster.petalsearch.com/site/petalbot)" "ysfine.com"
221.202.78.162 - - [09/Nov/2022:23:06:11 -0800] "GET /sbk/2011bei66.jpg HTTP/1.1" 200 462684 "https://cn.bing.com/" "Mozilla/5.0 (Windows NT 10.0; Win64; x64) AppleWebKit/537.36 (KHTML, like Gecko) Chrome/105.0.0.0 Safari/537.36" "www.ysfine.com"
51.222.253.1 - - [09/Nov/2022:23:06:15 -0800] "GET /class54/class5470/total_data/sub_8114.htm HTTP/1.1" 200 3499 "-" "Mozilla/5.0 (compatible; AhrefsBot/7.0; +http://ahrefs.com/robot/)" "www.ysfine.com"
157.55.39.76 - - [09/Nov/2022:23:06:18 -0800] "GET /bio/world/kalinin.html HTTP/1.1" 404 88 "-" "Mozilla/5.0 AppleWebKit/537.36 (KHTML, like Gecko; compatible; bingbot/2.0; +http://www.bing.com/bingbot.htm) Chrome/103.0.5060.134 Safari/537.36" "ysfine.com"
221.202.78.162 - - [09/Nov/2022:23:06:25 -0800] "GET /sbk/2011rio44.jpg HTTP/1.1" 200 121393 "https://cn.bing.com/" "Mozilla/5.0 (Windows NT 10.0; Win64; x64) AppleWebKit/537.36 (KHTML, like Gecko) Chrome/105.0.0.0 Safari/537.36" "ysfine.com"
51.222.253.3 - - [09/Nov/2022:23:06:26 -0800] "GET /class54/class5470/total_data/refer_img/8-116_f.jpg HTTP/1.1" 200 39315 "-" "Mozilla/5.0 (compatible; AhrefsBot/7.0; +http://ahrefs.com/robot/)" "www.ysfine.com"
51.222.253.2 - - [09/Nov/2022:23:06:32 -0800] "GET /class54/class5470/total_data/photo_img/8-114.jpg HTTP/1.1" 200 194236 "-" "Mozilla/5.0 (compatible; AhrefsBot/7.0; +http://ahrefs.com/robot/)" "www.ysfine.com"
40.86.101.253 - - [09/Nov/2022:23:06:36 -0800] "GET /style/tchaikovhall02b.jpg HTTP/1.1" 200 29193 "http://ysfine.com/style" "Mozilla/5.0 (X11; Linux x86_64) AppleWebKit/537.36 (KHTML, like Gecko) Chrome/74.0.3729.169 Safari/537.36" "ysfine.com"
