71.178.208.102 - - [10/Nov/2022:08:41:35 -0800] "GET /eink/further22a.jpg HTTP/1.1" 200 96140 "https://ysfine.com/princeton/prigh.html" "Mozilla/5.0 (Windows NT 10.0; Win64; x64) AppleWebKit/537.36 (KHTML, like Gecko) Chrome/106.0.5249.168 Safari/537.36" "ysfine.com"
71.178.208.102 - - [10/Nov/2022:08:41:35 -0800] "GET /awards/hemis21a.jpg HTTP/1.1" 200 116270 "https://ysfine.com/princeton/prigh.html" "Mozilla/5.0 (Windows NT 10.0; Win64; x64) AppleWebKit/537.36 (KHTML, like Gecko) Chrome/106.0.5249.168 Safari/537.36" "ysfine.com"
71.178.208.102 - - [10/Nov/2022:08:41:35 -0800] "GET /princeton/gcollege61c.jpg HTTP/1.1" 200 25688 "https://ysfine.com/princeton/prigh.html" "Mozilla/5.0 (Windows NT 10.0; Win64; x64) AppleWebKit/537.36 (KHTML, like Gecko) Chrome/106.0.5249.168 Safari/537.36" "ysfine.com"
216.244.66.229 - - [10/Nov/2022:08:41:37 -0800] "GET /world/russ/ballerina11.jpg HTTP/1.1" 200 94331 "-" "Mozilla/5.0 (compatible; DotBot/1.2; +https://opensiteexplorer.org/dotbot; help@moz.com)" "ysfine.com"
71.178.208.102 - - [10/Nov/2022:08:42:40 -0800] "GET /favicon.ico HTTP/1.1" 404 88 "https://ysfine.com/ys11/" "Mozilla/5.0 (Windows NT 10.0; Win64; x64) AppleWebKit/537.36 (KHTML, like Gecko) Chrome/107.0.0.0 Safari/537.36 Edg/107.0.1418.35" "ysfine.com"
178.65.35.70 - - [10/Nov/2022:08:43:07 -0800] "GET /wigner/wigner39.pdf HTTP/1.1" 200 1398440 "https://www.google.com/" "Mozilla/5.0 (X11; Linux x86_64) AppleWebKit/537.36 (KHTML, like Gecko) Chrome/106.0.0.0 Safari/537.36" "ysfine.com"
178.65.35.70 - - [10/Nov/2022:08:43:08 -0800] "GET /favicon.ico HTTP/1.1" 404 88 "https://ysfine.com/wigner/wigner39.pdf" "Mozilla/5.0 (X11; Linux x86_64) AppleWebKit/537.36 (KHTML, like Gecko) Chrome/106.0.0.0 Safari/537.36" "ysfine.com"
71.178.208.102 - - [10/Nov/2022:08:43:20 -0800] "GET /home/eward55.jpg HTTP/1.1" 200 177769 "https://www.google.com/" "Mozilla/5.0 (Windows NT 10.0; Win64; x64) AppleWebKit/537.36 (KHTML, like Gecko) Chrome/107.0.0.0 Safari/537.36 Edg/107.0.1418.35" "ysfine.com"
150.244.223.85 - - [10/Nov/2022:08:43:20 -0800] "GET /einstein/gfchew11b.jpg HTTP/1.1" 200 26096 "https://www.google.com/" "Mozilla/5.0 (Windows NT 10.0; Win64; x64; rv:106.0) Gecko/20100101 Firefox/106.0" "ysfine.com"
71.178.208.102 - - [10/Nov/2022:08:43:20 -0800] "GET /princeton/pawkim19.jpg HTTP/1.1" 200 195948 "https://www.google.com/" "Mozilla/5.0 (Windows NT 10.0; Win64; x64) AppleWebKit/537.36 (KHTML, like Gecko) Chrome/107.0.0.0 Safari/537.36 Edg/107.0.1418.35" "ysfine.com"
77.88.5.233 - - [10/Nov/2022:08:43:35 -0800] "GET /einstein/einheisen.html HTTP/1.1" 404 88 "-" "Mozilla/5.0 (compatible; YandexBot/3.0; +http://yandex.com/bots)" "www.ysfine.com"
71.178.208.102 - - [10/Nov/2022:08:44:59 -0800] "GET /awards/fortune22r.jpg HTTP/1.1" 200 279167 "https://www.google.com/" "Mozilla/5.0 (Windows NT 10.0; Win64; x64) AppleWebKit/537.36 (KHTML, like Gecko) Chrome/107.0.0.0 Safari/537.36 Edg/107.0.1418.35" "ysfine.com"
20.29.110.169 - - [10/Nov/2022:08:45:10 -0800] "GET /world/balkan/istan024b.jpg HTTP/1.1" 200 39496 "https://ysfine.com/world/balkan" "Mozilla/5.0 (Windows NT 10.0; Win64; x64) AppleWebKit/537.36 (KHTML, like Gecko) Chrome/74.0.3729.157 Safari/537.36" "ysfine.com"
66.249.66.43 - - [10/Nov/2022:08:45:29 -0800] "GET /usca/pitt/cmall04.jpg HTTP/1.1" 200 70991 "-" "Googlebot-Image/1.0" "ysfine.com"
157.55.39.129 - - [10/Nov/2022:08:45:36 -0800] "GET /bio/dashen.html HTTP/1.1" 404 88 "-" "Mozilla/5.0 AppleWebKit/537.36 (KHTML, like Gecko; compatible; bingbot/2.0; +http://www.bing.com/bingbot.htm) Chrome/103.0.5060.134 Safari/537.36" "ysfine.com"
86.96.111.5 - - [10/Nov/2022:08:46:03 -0800] "GET /newyork/wtc85.jpg HTTP/1.1" 200 227836 "https://www.google.com/" "Mozilla/5.0 (Linux; Android 8.0.0; ASUS_A006) AppleWebKit/537.36 (KHTML, like Gecko) Chrome/107.0.0.0 Mobile Safari/537.36" "ysfine.com"
216.244.66.229 - - [10/Nov/2022:08:46:19 -0800] "GET /style/kirovken44.jpg HTTP/1.1" 200 99499 "-" "Mozilla/5.0 (compatible; DotBot/1.2; +https://opensiteexplorer.org/dotbot; help@moz.com)" "www.ysfine.com"
65.144.56.242 - - [10/Nov/2022:08:46:37 -0800] "GET /maga/phil/mao100b.jpg HTTP/1.1" 200 55761 "https://www.bing.com/" "Mozilla/5.0 (Macintosh; Intel Mac OS X 10_15_6) AppleWebKit/605.1.15 (KHTML, like Gecko) Version/15.6.1 Safari/605.1.15" "www.ysfine.com"
156.74.250.12 - - [10/Nov/2022:08:46:40 -0800] "GET /usca/pitt/bushhotel.jpg HTTP/1.1" 200 70900 "https://www.google.com/" "Mozilla/5.0 (Windows NT 10.0; WOW64) AppleWebKit/537.36 (KHTML, like Gecko) Chrome/107.0.0.0 Safari/537.36" "ysfine.com"
216.244.66.229 - - [10/Nov/2022:08:47:01 -0800] "GET /world/poland/gdnf07.jpg HTTP/1.1" 200 101785 "-" "Mozilla/5.0 (compatible; DotBot/1.2; +https://opensiteexplorer.org/dotbot; help@moz.com)" "www.ysfine.com"
40.77.51.85 - - [10/Nov/2022:08:47:15 -0800] "GET /ffriends/india04b.jpg HTTP/1.1" 200 35588 "https://ysfine.com/ffriends" "Mozilla/5.0 (Macintosh; Intel Mac OS X 10_11_6) AppleWebKit/605.1.15 (KHTML, like Gecko) Version/11.1.2 Safari/605.1.15" "ysfine.com"
72.249.226.68 - - [10/Nov/2022:08:47:29 -0800] "GET /world/places/ulm03.jpg HTTP/1.1" 200 145594 "https://www.google.com/" "Mozilla/5.0 (Windows NT 10.0; Win64; x64) AppleWebKit/537.36 (KHTML, like Gecko) Chrome/107.0.0.0 Safari/537.36" "ysfine.com"
216.244.66.229 - - [10/Nov/2022:08:47:38 -0800] "GET /eink/evol77.jpg HTTP/1.1" 200 145608 "-" "Mozilla/5.0 (compatible; DotBot/1.2; +https://opensiteexplorer.org/dotbot; help@moz.com)" "ysfine.com"
40.86.101.254 - - [10/Nov/2022:08:47:43 -0800] "GET /usca/pitt/westim09b.jpg HTTP/1.1" 200 51881 "http://ysfine.com/usca/pitt" "Mozilla/5.0 (iPhone; CPU iPhone OS 13_5_1 like Mac OS X) AppleWebKit/605.1.15 (KHTML, like Gecko) Version/13.1.1 Mobile/15E148 Safari/604.1" "ysfine.com"
71.178.208.102 - - [10/Nov/2022:08:47:44 -0800] "GET /ys11/ HTTP/1.1" 304 - "-" "Mozilla/5.0 (Windows NT 10.0; Win64; x64) AppleWebKit/537.36 (KHTML, like Gecko) Chrome/107.0.0.0 Safari/537.36" "ysfine.com"
71.178.208.102 - - [10/Nov/2022:08:47:44 -0800] "GET /favicon.ico HTTP/1.1" 404 88 "https://ysfine.com/ys11/" "Mozilla/5.0 (Windows NT 10.0; Win64; x64) AppleWebKit/537.36 (KHTML, like Gecko) Chrome/107.0.0.0 Safari/537.36" "ysfine.com"
40.77.167.27 - - [10/Nov/2022:08:47:49 -0800] "GET /ysbio/wdc/kopol.html HTTP/1.1" 404 88 "-" "Mozilla/5.0 (compatible; bingbot/2.0; +http://www.bing.com/bingbot.htm)" "ysfine.com"
20.29.110.169 - - [10/Nov/2022:08:47:58 -0800] "GET /style/yjk11b.jpg HTTP/1.1" 200 48043 "http://ysfine.com/style" "Mozilla/5.0 (X11; Linux x86_64) AppleWebKit/537.36 (KHTML, like Gecko) Chrome/74.0.3729.169 Safari/537.36" "ysfine.com"
216.244.66.229 - - [10/Nov/2022:08:48:28 -0800] "GET /kobak/sorae/church06.jpg HTTP/1.1" 200 171196 "-" "Mozilla/5.0 (compatible; DotBot/1.2; +https://opensiteexplorer.org/dotbot; help@moz.com)" "ysfine.com"
66.160.140.183 - - [10/Nov/2022:08:48:28 -0800] "GET /robots.txt HTTP/1.1" 404 88 "-" "The Knowledge AI" "ysfine.com"
216.244.66.229 - - [10/Nov/2022:08:49:10 -0800] "GET /world/russ/twosist.html HTTP/1.1" 200 623 "-" "Mozilla/5.0 (compatible; DotBot/1.2; +https://opensiteexplorer.org/dotbot; help@moz.com)" "ysfine.com"
40.86.101.165 - - [10/Nov/2022:08:49:22 -0800] "GET /wigner/cylin.jpg HTTP/1.1" 200 98610 "https://ysfine.com/wigner" "Mozilla/5.0 (Macintosh; Intel Mac OS X 10_11_6) AppleWebKit/605.1.15 (KHTML, like Gecko) Version/11.1.2 Safari/605.1.15" "ysfine.com"
20.29.110.168 - - [10/Nov/2022:08:49:36 -0800] "GET /friends/aline/klm01b.jpg HTTP/1.1" 404 88 "http://ysfine.com/friends/aline" "Mozilla/5.0 (iPhone; CPU iPhone OS 13_5_1 like Mac OS X) AppleWebKit/605.1.15 (KHTML, like Gecko) Version/13.1.1 Mobile/15E148 Safari/604.1" "ysfine.com"
185.191.171.19 - - [10/Nov/2022:08:49:58 -0800] "GET /robots.txt HTTP/1.1" 404 88 "-" "Mozilla/5.0 (compatible; SemrushBot/7~bl; +http://www.semrush.com/bot.html)" "ysfine.com"
185.191.171.20 - - [10/Nov/2022:08:49:58 -0800] "GET /ysbio/philo/kant.html HTTP/1.1" 404 88 "-" "Mozilla/5.0 (compatible; SemrushBot/7~bl; +http://www.semrush.com/bot.html)" "ysfine.com"
157.55.39.76 - - [10/Nov/2022:08:50:44 -0800] "GET /bio/bio07.html HTTP/1.1" 404 88 "-" "Mozilla/5.0 AppleWebKit/537.36 (KHTML, like Gecko; compatible; bingbot/2.0; +http://www.bing.com/bingbot.htm) Chrome/103.0.5060.134 Safari/537.36" "ysfine.com"
157.55.39.76 - - [10/Nov/2022:08:50:44 -0800] "GET /bio/bio04.html HTTP/1.1" 404 88 "-" "Mozilla/5.0 AppleWebKit/537.36 (KHTML, like Gecko; compatible; bingbot/2.0; +http://www.bing.com/bingbot.htm) Chrome/103.0.5060.134 Safari/537.36" "ysfine.com"
20.29.110.168 - - [10/Nov/2022:08:50:45 -0800] "GET /world/brit/lontaxi13.jpg HTTP/1.1" 200 69974 "https://ysfine.com/world/brit" "Mozilla/5.0 (Windows NT 10.0; Win64; x64) AppleWebKit/537.36 (KHTML, like Gecko) Chrome/74.0.3729.157 Safari/537.36" "ysfine.com"
185.191.171.15 - - [10/Nov/2022:08:50:47 -0800] "GET /style/nga.html HTTP/1.1" 200 1010 "-" "Mozilla/5.0 (compatible; SemrushBot/7~bl; +http://www.semrush.com/bot.html)" "ysfine.com"
40.86.101.254 - - [10/Nov/2022:08:50:49 -0800] "GET /maga/phys/rectan.jpg HTTP/1.1" 200 21089 "http://ysfine.com/maga/phys" "Mozilla/5.0 (Windows NT 10.0; Win64; x64) AppleWebKit/537.36 (KHTML, like Gecko) Chrome/74.0.3729.157 Safari/537.36" "ysfine.com"
20.12.191.74 - - [10/Nov/2022:08:51:04 -0800] "GET /kobak/underw02b.jpg HTTP/1.1" 200 30874 "https://ysfine.com/kobak" "Mozilla/5.0 (Linux; Android 10; SM-G960U) AppleWebKit/537.36 (KHTML, like Gecko) Chrome/88.0.4324.181 Mobile Safari/537.36" "ysfine.com"
71.178.208.102 - - [10/Nov/2022:08:51:13 -0800] "GET /awards/timeline11f.jpg HTTP/1.1" 200 169039 "https://www.google.com/" "Mozilla/5.0 (Windows NT 10.0; Win64; x64) AppleWebKit/537.36 (KHTML, like Gecko) Chrome/107.0.0.0 Safari/537.36" "ysfine.com"
13.67.224.12 - - [10/Nov/2022:08:51:25 -0800] "GET /world/eve/amgreece01b.jpg HTTP/1.1" 404 88 "https://ysfine.com/world/eve" "Mozilla/5.0 (Macintosh; Intel Mac OS X 10_11_6) AppleWebKit/605.1.15 (KHTML, like Gecko) Version/11.1.2 Safari/605.1.15" "ysfine.com"
40.77.167.105 - - [10/Nov/2022:08:51:28 -0800] "GET /robots.txt HTTP/1.1" 404 88 "-" "Mozilla/5.0 (compatible; bingbot/2.0; +http://www.bing.com/bingbot.htm)" "www.ysfine.com"
71.178.208.102 - - [10/Nov/2022:08:51:34 -0800] "GET /princeton/rheepr01c.jpg HTTP/1.1" 200 33538 "https://www.google.com/" "Mozilla/5.0 (Windows NT 10.0; Win64; x64) AppleWebKit/537.36 (KHTML, like Gecko) Chrome/107.0.0.0 Safari/537.36" "ysfine.com"
17.121.115.209 - - [10/Nov/2022:08:51:57 -0800] "GET /wigner/neumann.html HTTP/1.1" 200 1332 "-" "Mozilla/5.0 (Macintosh; Intel Mac OS X 10_15_5) AppleWebKit/605.1.15 (KHTML, like Gecko) Version/13.1.1 Safari/605.1.15 (Applebot/0.1; +http://www.apple.com/go/applebot)" "ysfine.com"
71.178.208.102 - - [10/Nov/2022:08:52:01 -0800] "GET /favicon.ico HTTP/1.1" 404 88 "https://ysfine.com/ys11/" "Mozilla/5.0 (Windows NT 10.0; Win64; x64) AppleWebKit/537.36 (KHTML, like Gecko) Chrome/107.0.0.0 Safari/537.36 Edg/107.0.1418.35" "ysfine.com"
207.46.13.128 - - [10/Nov/2022:08:52:16 -0800] "GET /bio/princeton/campus.html HTTP/1.1" 404 88 "-" "Mozilla/5.0 (compatible; bingbot/2.0; +http://www.bing.com/bingbot.htm)" "ysfine.com"
71.178.208.102 - - [10/Nov/2022:08:52:18 -0800] "GET /favicon.ico HTTP/1.1" 404 88 "https://ysfine.com/ys11/" "Mozilla/5.0 (Windows NT 10.0; Win64; x64) AppleWebKit/537.36 (KHTML, like Gecko) Chrome/107.0.0.0 Safari/537.36" "ysfine.com"
20.29.111.248 - - [10/Nov/2022:08:53:27 -0800] "GET /kowar/mil/sherman44b.jpg HTTP/1.1" 404 88 "http://ysfine.com/kowar/mil" "Mozilla/5.0 (Windows NT 10.0; Win64; x64) AppleWebKit/537.36 (KHTML, like Gecko) Chrome/74.0.3729.157 Safari/537.36" "ysfine.com"
40.77.51.86 - - [10/Nov/2022:08:53:39 -0800] "GET /home/facu63c.jpg HTTP/1.1" 200 41710 "https://ysfine.com/home" "Mozilla/5.0 (X11; Linux x86_64) AppleWebKit/537.36 (KHTML, like Gecko) Chrome/74.0.3729.169 Safari/537.36" "ysfine.com"
82.48.212.249 - - [10/Nov/2022:08:53:54 -0800] "GET /world/russ/kazanmap22.jpg HTTP/1.1" 200 129761 "https://www.bing.com/" "Mozilla/5.0 (Windows NT 10.0; Win64; x64) AppleWebKit/537.36 (KHTML, like Gecko) Chrome/107.0.0.0 Safari/537.36 Edg/107.0.1418.35" "www.ysfine.com"
20.109.241.80 - - [10/Nov/2022:08:53:57 -0800] "GET /world/ital/stcroce02b.jpg HTTP/1.1" 200 45226 "https://www.ysfine.com/world/ital" "Mozilla/5.0 (Macintosh; Intel Mac OS X 10_11_6) AppleWebKit/605.1.15 (KHTML, like Gecko) Version/11.1.2 Safari/605.1.15" "www.ysfine.com"
207.46.13.107 - - [10/Nov/2022:08:54:40 -0800] "GET /bio/style/leica.html HTTP/1.1" 404 88 "-" "Mozilla/5.0 (compatible; bingbot/2.0; +http://www.bing.com/bingbot.htm)" "ysfine.com"
17.121.113.96 - - [10/Nov/2022:08:54:43 -0800] "GET /home/ HTTP/1.1" 200 142 "-" "Mozilla/5.0 (Macintosh; Intel Mac OS X 10_15_5) AppleWebKit/605.1.15 (KHTML, like Gecko) Version/13.1.1 Safari/605.1.15 (Applebot/0.1; +http://www.apple.com/go/applebot)" "ysfine.com"
157.55.39.76 - - [10/Nov/2022:08:54:52 -0800] "GET /bio/feynman/fthtop.html HTTP/1.1" 404 88 "-" "Mozilla/5.0 (compatible; bingbot/2.0; +http://www.bing.com/bingbot.htm)" "ysfine.com"
40.86.101.254 - - [10/Nov/2022:08:55:13 -0800] "GET /world/brit/eton07b.jpg HTTP/1.1" 200 36566 "https://www.ysfine.com/world/brit" "Mozilla/5.0 (X11; Linux x86_64) AppleWebKit/537.36 (KHTML, like Gecko) Chrome/74.0.3729.169 Safari/537.36" "www.ysfine.com"
71.178.208.102 - - [10/Nov/2022:08:55:33 -0800] "GET /favicon.ico HTTP/1.1" 404 88 "https://ysfine.com/ys11/" "Mozilla/5.0 (Windows NT 10.0; Win64; x64) AppleWebKit/537.36 (KHTML, like Gecko) Chrome/107.0.0.0 Safari/537.36 Edg/107.0.1418.35" "ysfine.com"
20.29.110.168 - - [10/Nov/2022:08:55:54 -0800] "GET /friends/aline/uae15b.jpg HTTP/1.1" 404 88 "http://ysfine.com/friends/aline" "Mozilla/5.0 (Windows NT 10.0; Win64; x64) AppleWebKit/537.36 (KHTML, like Gecko) Chrome/74.0.3729.157 Safari/537.36" "ysfine.com"
20.106.27.173 - - [10/Nov/2022:08:56:10 -0800] "GET /world/baltic/lithu03b.jpg HTTP/1.1" 200 49235 "https://ysfine.com/world/baltic" "Mozilla/5.0 (Linux; Android 10; SM-G960U) AppleWebKit/537.36 (KHTML, like Gecko) Chrome/88.0.4324.181 Mobile Safari/537.36" "ysfine.com"
157.55.39.76 - - [10/Nov/2022:08:56:24 -0800] "GET /bio/world/index.html HTTP/1.1" 404 88 "-" "Mozilla/5.0 (compatible; bingbot/2.0; +http://www.bing.com/bingbot.htm)" "ysfine.com"
20.29.110.168 - - [10/Nov/2022:08:56:24 -0800] "GET /style/music/nurem03b.jpg HTTP/1.1" 200 53783 "http://ysfine.com/style/music" "Mozilla/5.0 (Windows NT 10.0; Win64; x64) AppleWebKit/537.36 (KHTML, like Gecko) Chrome/74.0.3729.157 Safari/537.36" "ysfine.com"
71.178.208.102 - - [10/Nov/2022:08:56:42 -0800] "GET /sbk/index.html HTTP/1.1" 200 198 "https://www.bing.com/" "Mozilla/5.0 (Windows NT 10.0; Win64; x64; rv:106.0) Gecko/20100101 Firefox/106.0" "ysfine.com"
71.178.208.102 - - [10/Nov/2022:08:56:42 -0800] "GET /sbk/1950.html HTTP/1.1" 200 5522 "https://ysfine.com/sbk/index.html" "Mozilla/5.0 (Windows NT 10.0; Win64; x64; rv:106.0) Gecko/20100101 Firefox/106.0" "ysfine.com"
71.178.208.102 - - [10/Nov/2022:08:56:42 -0800] "GET /sbk/sbleft.html HTTP/1.1" 200 426 "https://ysfine.com/sbk/index.html" "Mozilla/5.0 (Windows NT 10.0; Win64; x64; rv:106.0) Gecko/20100101 Firefox/106.0" "ysfine.com"
71.178.208.102 - - [10/Nov/2022:08:56:42 -0800] "GET /sbk/1959aa11c.jpg HTTP/1.1" 200 27910 "https://ysfine.com/sbk/1950.html" "Mozilla/5.0 (Windows NT 10.0; Win64; x64; rv:106.0) Gecko/20100101 Firefox/106.0" "ysfine.com"
71.178.208.102 - - [10/Nov/2022:08:56:42 -0800] "GET /sbk/1970nyc11c.jpg HTTP/1.1" 200 31503 "https://ysfine.com/sbk/1950.html" "Mozilla/5.0 (Windows NT 10.0; Win64; x64; rv:106.0) Gecko/20100101 Firefox/106.0" "ysfine.com"
71.178.208.102 - - [10/Nov/2022:08:56:42 -0800] "GET /sbk/1971nia11c.jpg HTTP/1.1" 200 39954 "https://ysfine.com/sbk/1950.html" "Mozilla/5.0 (Windows NT 10.0; Win64; x64; rv:106.0) Gecko/20100101 Firefox/106.0" "ysfine.com"
71.178.208.102 - - [10/Nov/2022:08:56:42 -0800] "GET /sbk/1968bb300.jpg HTTP/1.1" 200 28047 "https://ysfine.com/sbk/1950.html" "Mozilla/5.0 (Windows NT 10.0; Win64; x64; rv:106.0) Gecko/20100101 Firefox/106.0" "ysfine.com"
71.178.208.102 - - [10/Nov/2022:08:56:42 -0800] "GET /sbk/1973kc300.jpg HTTP/1.1" 200 31285 "https://ysfine.com/sbk/1950.html" "Mozilla/5.0 (Windows NT 10.0; Win64; x64; rv:106.0) Gecko/20100101 Firefox/106.0" "ysfine.com"
71.178.208.102 - - [10/Nov/2022:08:56:42 -0800] "GET /sbk/1963aa33c.jpg HTTP/1.1" 200 23379 "https://ysfine.com/sbk/1950.html" "Mozilla/5.0 (Windows NT 10.0; Win64; x64; rv:106.0) Gecko/20100101 Firefox/106.0" "ysfine.com"
71.178.208.102 - - [10/Nov/2022:08:56:42 -0800] "GET /sbk/1975nyc11c.jpg HTTP/1.1" 200 35038 "https://ysfine.com/sbk/1950.html" "Mozilla/5.0 (Windows NT 10.0; Win64; x64; rv:106.0) Gecko/20100101 Firefox/106.0" "ysfine.com"
71.178.208.102 - - [10/Nov/2022:08:56:42 -0800] "GET /sbk/1984pr11c.jpg HTTP/1.1" 200 35625 "https://ysfine.com/sbk/1950.html" "Mozilla/5.0 (Windows NT 10.0; Win64; x64; rv:106.0) Gecko/20100101 Firefox/106.0" "ysfine.com"
71.178.208.102 - - [10/Nov/2022:08:56:42 -0800] "GET /sbk/1965cc11c.jpg HTTP/1.1" 200 23254 "https://ysfine.com/sbk/1950.html" "Mozilla/5.0 (Windows NT 10.0; Win64; x64; rv:106.0) Gecko/20100101 Firefox/106.0" "ysfine.com"
71.178.208.102 - - [10/Nov/2022:08:56:42 -0800] "GET /sbk/1969cornell300.jpg HTTP/1.1" 200 26073 "https://ysfine.com/sbk/1950.html" "Mozilla/5.0 (Windows NT 10.0; Win64; x64; rv:106.0) Gecko/20100101 Firefox/106.0" "ysfine.com"
71.178.208.102 - - [10/Nov/2022:08:56:42 -0800] "GET /sbk/1989ogun11c.jpg HTTP/1.1" 200 47447 "https://ysfine.com/sbk/1950.html" "Mozilla/5.0 (Windows NT 10.0; Win64; x64; rv:106.0) Gecko/20100101 Firefox/106.0" "ysfine.com"
71.178.208.102 - - [10/Nov/2022:08:56:42 -0800] "GET /sbk/1976wdc11c.jpg HTTP/1.1" 200 30085 "https://ysfine.com/sbk/1950.html" "Mozilla/5.0 (Windows NT 10.0; Win64; x64; rv:106.0) Gecko/20100101 Firefox/106.0" "ysfine.com"
71.178.208.102 - - [10/Nov/2022:08:56:42 -0800] "GET /sbk/1972house11c.jpg HTTP/1.1" 200 26749 "https://ysfine.com/sbk/1950.html" "Mozilla/5.0 (Windows NT 10.0; Win64; x64; rv:106.0) Gecko/20100101 Firefox/106.0" "ysfine.com"
71.178.208.102 - - [10/Nov/2022:08:56:42 -0800] "GET /sbk/1981montr11c.jpg HTTP/1.1" 200 49585 "https://ysfine.com/sbk/1950.html" "Mozilla/5.0 (Windows NT 10.0; Win64; x64; rv:106.0) Gecko/20100101 Firefox/106.0" "ysfine.com"
71.178.208.102 - - [10/Nov/2022:08:56:42 -0800] "GET /sbk/1982balto22c.jpg HTTP/1.1" 200 27345 "https://ysfine.com/sbk/1950.html" "Mozilla/5.0 (Windows NT 10.0; Win64; x64; rv:106.0) Gecko/20100101 Firefox/106.0" "ysfine.com"
71.178.208.102 - - [10/Nov/2022:08:56:42 -0800] "GET /sbk/1985burl01c.jpg HTTP/1.1" 200 41414 "https://ysfine.com/sbk/1950.html" "Mozilla/5.0 (Windows NT 10.0; Win64; x64; rv:106.0) Gecko/20100101 Firefox/106.0" "ysfine.com"
71.178.208.102 - - [10/Nov/2022:08:56:42 -0800] "GET /sbk/1967annapo11c.jpg HTTP/1.1" 200 31737 "https://ysfine.com/sbk/1950.html" "Mozilla/5.0 (Windows NT 10.0; Win64; x64; rv:106.0) Gecko/20100101 Firefox/106.0" "ysfine.com"
71.178.208.102 - - [10/Nov/2022:08:56:42 -0800] "GET /sbk/1978cc300.jpg HTTP/1.1" 200 49771 "https://ysfine.com/sbk/1950.html" "Mozilla/5.0 (Windows NT 10.0; Win64; x64; rv:106.0) Gecko/20100101 Firefox/106.0" "ysfine.com"
71.178.208.102 - - [10/Nov/2022:08:56:42 -0800] "GET /sbk/1980ff300.jpg HTTP/1.1" 200 47109 "https://ysfine.com/sbk/1950.html" "Mozilla/5.0 (Windows NT 10.0; Win64; x64; rv:106.0) Gecko/20100101 Firefox/106.0" "ysfine.com"
71.178.208.102 - - [10/Nov/2022:08:56:42 -0800] "GET /sbk/1987brooke11c.jpg HTTP/1.1" 200 44914 "https://ysfine.com/sbk/1950.html" "Mozilla/5.0 (Windows NT 10.0; Win64; x64; rv:106.0) Gecko/20100101 Firefox/106.0" "ysfine.com"
71.178.208.102 - - [10/Nov/2022:08:56:42 -0800] "GET /sbk/1983pr88c.jpg HTTP/1.1" 200 39529 "https://ysfine.com/sbk/1950.html" "Mozilla/5.0 (Windows NT 10.0; Win64; x64; rv:106.0) Gecko/20100101 Firefox/106.0" "ysfine.com"
71.178.208.102 - - [10/Nov/2022:08:56:46 -0800] "GET /sbk/1990.html HTTP/1.1" 200 3990 "https://ysfine.com/sbk/sbleft.html" "Mozilla/5.0 (Windows NT 10.0; Win64; x64; rv:106.0) Gecko/20100101 Firefox/106.0" "ysfine.com"
71.178.208.102 - - [10/Nov/2022:08:56:46 -0800] "GET /sbk/1998notre11c.jpg HTTP/1.1" 200 35004 "https://ysfine.com/sbk/1990.html" "Mozilla/5.0 (Windows NT 10.0; Win64; x64; rv:106.0) Gecko/20100101 Firefox/106.0" "ysfine.com"
71.178.208.102 - - [10/Nov/2022:08:56:46 -0800] "GET /sbk/1991ferry11c.jpg HTTP/1.1" 200 43711 "https://ysfine.com/sbk/1990.html" "Mozilla/5.0 (Windows NT 10.0; Win64; x64; rv:106.0) Gecko/20100101 Firefox/106.0" "ysfine.com"
71.178.208.102 - - [10/Nov/2022:08:56:46 -0800] "GET /sbk/1995orleans55c.jpg HTTP/1.1" 200 29346 "https://ysfine.com/sbk/1990.html" "Mozilla/5.0 (Windows NT 10.0; Win64; x64; rv:106.0) Gecko/20100101 Firefox/106.0" "ysfine.com"
71.178.208.102 - - [10/Nov/2022:08:56:46 -0800] "GET /sbk/1992boston22c.jpg HTTP/1.1" 200 27924 "https://ysfine.com/sbk/1990.html" "Mozilla/5.0 (Windows NT 10.0; Win64; x64; rv:106.0) Gecko/20100101 Firefox/106.0" "ysfine.com"
71.178.208.102 - - [10/Nov/2022:08:56:46 -0800] "GET /sbk/1996chic11c.jpg HTTP/1.1" 200 27862 "https://ysfine.com/sbk/1990.html" "Mozilla/5.0 (Windows NT 10.0; Win64; x64; rv:106.0) Gecko/20100101 Firefox/106.0" "ysfine.com"
71.178.208.102 - - [10/Nov/2022:08:56:46 -0800] "GET /sbk/1999lon11c.jpg HTTP/1.1" 200 36776 "https://ysfine.com/sbk/1990.html" "Mozilla/5.0 (Windows NT 10.0; Win64; x64; rv:106.0) Gecko/20100101 Firefox/106.0" "ysfine.com"
71.178.208.102 - - [10/Nov/2022:08:56:46 -0800] "GET /sbk/1998lido11c.jpg HTTP/1.1" 200 32806 "https://ysfine.com/sbk/1990.html" "Mozilla/5.0 (Windows NT 10.0; Win64; x64; rv:106.0) Gecko/20100101 Firefox/106.0" "ysfine.com"
71.178.208.102 - - [10/Nov/2022:08:56:46 -0800] "GET /sbk/1999mb11c.jpg HTTP/1.1" 200 29651 "https://ysfine.com/sbk/1990.html" "Mozilla/5.0 (Windows NT 10.0; Win64; x64; rv:106.0) Gecko/20100101 Firefox/106.0" "ysfine.com"
71.178.208.102 - - [10/Nov/2022:08:56:46 -0800] "GET /sbk/1990nasa11c.jpg HTTP/1.1" 200 31752 "https://ysfine.com/sbk/1990.html" "Mozilla/5.0 (Windows NT 10.0; Win64; x64; rv:106.0) Gecko/20100101 Firefox/106.0" "ysfine.com"
71.178.208.102 - - [10/Nov/2022:08:56:46 -0800] "GET /sbk/1997greek11c.jpg HTTP/1.1" 200 37243 "https://ysfine.com/sbk/1990.html" "Mozilla/5.0 (Windows NT 10.0; Win64; x64; rv:106.0) Gecko/20100101 Firefox/106.0" "ysfine.com"
71.178.208.102 - - [10/Nov/2022:08:56:46 -0800] "GET /sbk/1994harv11c.jpg HTTP/1.1" 200 32404 "https://ysfine.com/sbk/1990.html" "Mozilla/5.0 (Windows NT 10.0; Win64; x64; rv:106.0) Gecko/20100101 Firefox/106.0" "ysfine.com"
71.178.208.102 - - [10/Nov/2022:08:56:46 -0800] "GET /sbk/1998pot22c.jpg HTTP/1.1" 200 26539 "https://ysfine.com/sbk/1990.html" "Mozilla/5.0 (Windows NT 10.0; Win64; x64; rv:106.0) Gecko/20100101 Firefox/106.0" "ysfine.com"
71.178.208.102 - - [10/Nov/2022:08:57:17 -0800] "GET /home/taylor450.jpg HTTP/1.1" 200 68527 "https://www.ysfine.com/world/ysworld.html" "Mozilla/5.0 (Windows NT 10.0; Win64; x64; rv:106.0) Gecko/20100101 Firefox/106.0" "www.ysfine.com"
71.178.208.102 - - [10/Nov/2022:08:57:17 -0800] "GET /world/china/beijing101c.jpg HTTP/1.1" 200 41830 "https://www.ysfine.com/world/ysworld.html" "Mozilla/5.0 (Windows NT 10.0; Win64; x64; rv:106.0) Gecko/20100101 Firefox/106.0" "www.ysfine.com"
71.178.208.102 - - [10/Nov/2022:08:57:17 -0800] "GET /world/france/eiffel15c.jpg HTTP/1.1" 200 36995 "https://www.ysfine.com/world/ysworld.html" "Mozilla/5.0 (Windows NT 10.0; Win64; x64; rv:106.0) Gecko/20100101 Firefox/106.0" "www.ysfine.com"
71.178.208.102 - - [10/Nov/2022:08:57:17 -0800] "GET /world/russ/basil08c.jpg HTTP/1.1" 200 40070 "https://www.ysfine.com/world/ysworld.html" "Mozilla/5.0 (Windows NT 10.0; Win64; x64; rv:106.0) Gecko/20100101 Firefox/106.0" "www.ysfine.com"
71.178.208.102 - - [10/Nov/2022:08:57:17 -0800] "GET /eink/pawkim19c.jpg HTTP/1.1" 200 53195 "https://www.ysfine.com/world/ysworld.html" "Mozilla/5.0 (Windows NT 10.0; Win64; x64; rv:106.0) Gecko/20100101 Firefox/106.0" "www.ysfine.com"
71.178.208.102 - - [10/Nov/2022:08:57:17 -0800] "GET /home/ewk86f.jpg HTTP/1.1" 200 123121 "https://www.ysfine.com/world/ysworld.html" "Mozilla/5.0 (Windows NT 10.0; Win64; x64; rv:106.0) Gecko/20100101 Firefox/106.0" "www.ysfine.com"
71.178.208.102 - - [10/Nov/2022:08:57:17 -0800] "GET /world/balkan/ath001c.jpg HTTP/1.1" 200 34419 "https://www.ysfine.com/world/ysworld.html" "Mozilla/5.0 (Windows NT 10.0; Win64; x64; rv:106.0) Gecko/20100101 Firefox/106.0" "www.ysfine.com"
71.178.208.102 - - [10/Nov/2022:08:57:17 -0800] "GET /favicon.ico HTTP/1.1" 404 88 "https://www.ysfine.com/world/ysworld.html" "Mozilla/5.0 (Windows NT 10.0; Win64; x64; rv:106.0) Gecko/20100101 Firefox/106.0" "www.ysfine.com"
71.178.208.102 - - [10/Nov/2022:08:57:17 -0800] "GET /world/ital/coloss04c.jpg HTTP/1.1" 200 37017 "https://www.ysfine.com/world/ysworld.html" "Mozilla/5.0 (Windows NT 10.0; Win64; x64; rv:106.0) Gecko/20100101 Firefox/106.0" "www.ysfine.com"
20.106.27.173 - - [10/Nov/2022:08:57:27 -0800] "GET /kobak/abstrar2.jpg HTTP/1.1" 200 43834 "https://ysfine.com/kobak" "Mozilla/5.0 (X11; Linux x86_64) AppleWebKit/537.36 (KHTML, like Gecko) Chrome/74.0.3729.169 Safari/537.36" "ysfine.com"
185.191.171.22 - - [10/Nov/2022:08:57:29 -0800] "GET /home/philo/keigel21.html HTTP/1.1" 200 13405 "-" "Mozilla/5.0 (compatible; SemrushBot/7~bl; +http://www.semrush.com/bot.html)" "ysfine.com"
71.178.208.102 - - [10/Nov/2022:08:57:30 -0800] "GET /style/songs.html HTTP/1.1" 200 31567 "https://www.bing.com/" "Mozilla/5.0 (Windows NT 10.0; Win64; x64; rv:106.0) Gecko/20100101 Firefox/106.0" "www.ysfine.com"
71.178.208.102 - - [10/Nov/2022:08:57:30 -0800] "GET /style/cotton11b.jpg HTTP/1.1" 200 41615 "https://www.ysfine.com/style/songs.html" "Mozilla/5.0 (Windows NT 10.0; Win64; x64; rv:106.0) Gecko/20100101 Firefox/106.0" "www.ysfine.com"
71.178.208.102 - - [10/Nov/2022:08:57:30 -0800] "GET /style/hifi01b.jpg HTTP/1.1" 200 24818 "https://www.ysfine.com/style/songs.html" "Mozilla/5.0 (Windows NT 10.0; Win64; x64; rv:106.0) Gecko/20100101 Firefox/106.0" "www.ysfine.com"
71.178.208.102 - - [10/Nov/2022:08:57:30 -0800] "GET /style/yasukuni11b.jpg HTTP/1.1" 200 53460 "https://www.ysfine.com/style/songs.html" "Mozilla/5.0 (Windows NT 10.0; Win64; x64; rv:106.0) Gecko/20100101 Firefox/106.0" "www.ysfine.com"
71.178.208.102 - - [10/Nov/2022:08:57:30 -0800] "GET /style/hamako11b.jpg HTTP/1.1" 200 33344 "https://www.ysfine.com/style/songs.html" "Mozilla/5.0 (Windows NT 10.0; Win64; x64; rv:106.0) Gecko/20100101 Firefox/106.0" "www.ysfine.com"
71.178.208.102 - - [10/Nov/2022:08:57:30 -0800] "GET /style/jpchildren2.jpg HTTP/1.1" 200 46718 "https://www.ysfine.com/style/songs.html" "Mozilla/5.0 (Windows NT 10.0; Win64; x64; rv:106.0) Gecko/20100101 Firefox/106.0" "www.ysfine.com"
71.178.208.102 - - [10/Nov/2022:08:57:30 -0800] "GET /style/jpsingap01b.jpg HTTP/1.1" 200 52443 "https://www.ysfine.com/style/songs.html" "Mozilla/5.0 (Windows NT 10.0; Win64; x64; rv:106.0) Gecko/20100101 Firefox/106.0" "www.ysfine.com"
71.178.208.102 - - [10/Nov/2022:08:57:30 -0800] "GET /style/yasukuni22b.jpg HTTP/1.1" 200 35342 "https://www.ysfine.com/style/songs.html" "Mozilla/5.0 (Windows NT 10.0; Win64; x64; rv:106.0) Gecko/20100101 Firefox/106.0" "www.ysfine.com"
71.178.208.102 - - [10/Nov/2022:08:57:30 -0800] "GET /kobak/taylor11b.jpg HTTP/1.1" 200 42467 "https://www.ysfine.com/style/songs.html" "Mozilla/5.0 (Windows NT 10.0; Win64; x64; rv:106.0) Gecko/20100101 Firefox/106.0" "www.ysfine.com"
71.178.208.102 - - [10/Nov/2022:08:57:30 -0800] "GET /style/zero01b.jpg HTTP/1.1" 200 27421 "https://www.ysfine.com/style/songs.html" "Mozilla/5.0 (Windows NT 10.0; Win64; x64; rv:106.0) Gecko/20100101 Firefox/106.0" "www.ysfine.com"
71.178.208.102 - - [10/Nov/2022:08:57:30 -0800] "GET /style/xiangran66b.jpg HTTP/1.1" 200 30098 "https://www.ysfine.com/style/songs.html" "Mozilla/5.0 (Windows NT 10.0; Win64; x64; rv:106.0) Gecko/20100101 Firefox/106.0" "www.ysfine.com"
71.178.208.102 - - [10/Nov/2022:08:57:30 -0800] "GET /style/nijubasi22b.jpg HTTP/1.1" 200 44289 "https://www.ysfine.com/style/songs.html" "Mozilla/5.0 (Windows NT 10.0; Win64; x64; rv:106.0) Gecko/20100101 Firefox/106.0" "www.ysfine.com"
71.178.208.102 - - [10/Nov/2022:08:57:30 -0800] "GET /kobak/korjap03b.jpg HTTP/1.1" 200 28107 "https://www.ysfine.com/style/songs.html" "Mozilla/5.0 (Windows NT 10.0; Win64; x64; rv:106.0) Gecko/20100101 Firefox/106.0" "www.ysfine.com"
71.178.208.102 - - [10/Nov/2022:08:57:30 -0800] "GET /style/xiangran55b.jpg HTTP/1.1" 200 39739 "https://www.ysfine.com/style/songs.html" "Mozilla/5.0 (Windows NT 10.0; Win64; x64; rv:106.0) Gecko/20100101 Firefox/106.0" "www.ysfine.com"
71.178.208.102 - - [10/Nov/2022:08:57:30 -0800] "GET /style/yamato2.jpg HTTP/1.1" 200 33922 "https://www.ysfine.com/style/songs.html" "Mozilla/5.0 (Windows NT 10.0; Win64; x64; rv:106.0) Gecko/20100101 Firefox/106.0" "www.ysfine.com"
71.178.208.102 - - [10/Nov/2022:08:57:30 -0800] "GET /world/germany/berlin005b.jpg HTTP/1.1" 200 31205 "https://www.ysfine.com/style/songs.html" "Mozilla/5.0 (Windows NT 10.0; Win64; x64; rv:106.0) Gecko/20100101 Firefox/106.0" "www.ysfine.com"
71.178.208.102 - - [10/Nov/2022:08:57:30 -0800] "GET /kobak/arisaka99b.jpg HTTP/1.1" 200 48028 "https://www.ysfine.com/style/songs.html" "Mozilla/5.0 (Windows NT 10.0; Win64; x64; rv:106.0) Gecko/20100101 Firefox/106.0" "www.ysfine.com"
71.178.208.102 - - [10/Nov/2022:08:57:30 -0800] "GET /kobak/kimkoo01b.jpg HTTP/1.1" 200 35261 "https://www.ysfine.com/style/songs.html" "Mozilla/5.0 (Windows NT 10.0; Win64; x64; rv:106.0) Gecko/20100101 Firefox/106.0" "www.ysfine.com"
71.178.208.102 - - [10/Nov/2022:08:57:30 -0800] "GET /style/mieko22b.jpg HTTP/1.1" 200 41674 "https://www.ysfine.com/style/songs.html" "Mozilla/5.0 (Windows NT 10.0; Win64; x64; rv:106.0) Gecko/20100101 Firefox/106.0" "www.ysfine.com"
71.178.208.102 - - [10/Nov/2022:08:57:30 -0800] "GET /style/xiangran22b.jpg HTTP/1.1" 200 56332 "https://www.ysfine.com/style/songs.html" "Mozilla/5.0 (Windows NT 10.0; Win64; x64; rv:106.0) Gecko/20100101 Firefox/106.0" "www.ysfine.com"
71.178.208.102 - - [10/Nov/2022:08:57:30 -0800] "GET /beau/aline/ana11b.jpg HTTP/1.1" 404 88 "https://www.ysfine.com/style/songs.html" "Mozilla/5.0 (Windows NT 10.0; Win64; x64; rv:106.0) Gecko/20100101 Firefox/106.0" "www.ysfine.com"
71.178.208.102 - - [10/Nov/2022:08:57:30 -0800] "GET /style/shcampus11b.jpg HTTP/1.1" 200 53039 "https://www.ysfine.com/style/songs.html" "Mozilla/5.0 (Windows NT 10.0; Win64; x64; rv:106.0) Gecko/20100101 Firefox/106.0" "www.ysfine.com"
71.178.208.102 - - [10/Nov/2022:08:57:30 -0800] "GET /style/sousa2.jpg HTTP/1.1" 200 42173 "https://www.ysfine.com/style/songs.html" "Mozilla/5.0 (Windows NT 10.0; Win64; x64; rv:106.0) Gecko/20100101 Firefox/106.0" "www.ysfine.com"
71.178.208.102 - - [10/Nov/2022:08:57:30 -0800] "GET /style/hamako33b.jpg HTTP/1.1" 200 44854 "https://www.ysfine.com/style/songs.html" "Mozilla/5.0 (Windows NT 10.0; Win64; x64; rv:106.0) Gecko/20100101 Firefox/106.0" "www.ysfine.com"
71.178.208.102 - - [10/Nov/2022:08:57:30 -0800] "GET /style/hibari22b.jpg HTTP/1.1" 200 39644 "https://www.ysfine.com/style/songs.html" "Mozilla/5.0 (Windows NT 10.0; Win64; x64; rv:106.0) Gecko/20100101 Firefox/106.0" "www.ysfine.com"
71.178.208.102 - - [10/Nov/2022:08:57:30 -0800] "GET /world/hungary/hunband01b.jpg HTTP/1.1" 200 46280 "https://www.ysfine.com/style/songs.html" "Mozilla/5.0 (Windows NT 10.0; Win64; x64; rv:106.0) Gecko/20100101 Firefox/106.0" "www.ysfine.com"
71.178.208.102 - - [10/Nov/2022:08:57:30 -0800] "GET /style/akiko55.jpg HTTP/1.1" 200 48868 "https://www.ysfine.com/style/songs.html" "Mozilla/5.0 (Windows NT 10.0; Win64; x64; rv:106.0) Gecko/20100101 Firefox/106.0" "www.ysfine.com"
71.178.208.102 - - [10/Nov/2022:08:57:30 -0800] "GET /style/brahms2.jpg HTTP/1.1" 200 43601 "https://www.ysfine.com/style/songs.html" "Mozilla/5.0 (Windows NT 10.0; Win64; x64; rv:106.0) Gecko/20100101 Firefox/106.0" "www.ysfine.com"
71.178.208.102 - - [10/Nov/2022:08:57:30 -0800] "GET /style/johannstra11b.jpg HTTP/1.1" 200 50080 "https://www.ysfine.com/style/songs.html" "Mozilla/5.0 (Windows NT 10.0; Win64; x64; rv:106.0) Gecko/20100101 Firefox/106.0" "www.ysfine.com"
71.178.208.102 - - [10/Nov/2022:08:57:30 -0800] "GET /world/russ/spbm07b.jpg HTTP/1.1" 200 42946 "https://www.ysfine.com/style/songs.html" "Mozilla/5.0 (Windows NT 10.0; Win64; x64; rv:106.0) Gecko/20100101 Firefox/106.0" "www.ysfine.com"
71.178.208.102 - - [10/Nov/2022:08:57:30 -0800] "GET /style/durbin2.jpg HTTP/1.1" 200 34965 "https://www.ysfine.com/style/songs.html" "Mozilla/5.0 (Windows NT 10.0; Win64; x64; rv:106.0) Gecko/20100101 Firefox/106.0" "www.ysfine.com"
71.178.208.102 - - [10/Nov/2022:08:57:30 -0800] "GET /world/germany/schonbr03b.jpg HTTP/1.1" 200 46623 "https://www.ysfine.com/style/songs.html" "Mozilla/5.0 (Windows NT 10.0; Win64; x64; rv:106.0) Gecko/20100101 Firefox/106.0" "www.ysfine.com"
71.178.208.102 - - [10/Nov/2022:08:57:30 -0800] "GET /usca/calif/sanfr021b.jpg HTTP/1.1" 200 47196 "https://www.ysfine.com/style/songs.html" "Mozilla/5.0 (Windows NT 10.0; Win64; x64; rv:106.0) Gecko/20100101 Firefox/106.0" "www.ysfine.com"
71.178.208.102 - - [10/Nov/2022:08:57:30 -0800] "GET /style/xiangran33b.jpg HTTP/1.1" 200 26488 "https://www.ysfine.com/style/songs.html" "Mozilla/5.0 (Windows NT 10.0; Win64; x64; rv:106.0) Gecko/20100101 Firefox/106.0" "www.ysfine.com"
71.178.208.102 - - [10/Nov/2022:08:57:30 -0800] "GET /style/xiangran11b.jpg HTTP/1.1" 200 47472 "https://www.ysfine.com/style/songs.html" "Mozilla/5.0 (Windows NT 10.0; Win64; x64; rv:106.0) Gecko/20100101 Firefox/106.0" "www.ysfine.com"
71.178.208.102 - - [10/Nov/2022:08:57:30 -0800] "GET /world/ital/lascala05b.jpg HTTP/1.1" 200 35719 "https://www.ysfine.com/style/songs.html" "Mozilla/5.0 (Windows NT 10.0; Win64; x64; rv:106.0) Gecko/20100101 Firefox/106.0" "www.ysfine.com"
71.178.208.102 - - [10/Nov/2022:08:57:30 -0800] "GET /kobak/jutlandia2.jpg HTTP/1.1" 200 34252 "https://www.ysfine.com/style/songs.html" "Mozilla/5.0 (Windows NT 10.0; Win64; x64; rv:106.0) Gecko/20100101 Firefox/106.0" "www.ysfine.com"
71.178.208.102 - - [10/Nov/2022:08:57:30 -0800] "GET /style/chopingr11b.jpg HTTP/1.1" 200 68030 "https://www.ysfine.com/style/songs.html" "Mozilla/5.0 (Windows NT 10.0; Win64; x64; rv:106.0) Gecko/20100101 Firefox/106.0" "www.ysfine.com"
71.178.208.102 - - [10/Nov/2022:08:57:30 -0800] "GET /style/mieko11b.jpg HTTP/1.1" 200 53779 "https://www.ysfine.com/style/songs.html" "Mozilla/5.0 (Windows NT 10.0; Win64; x64; rv:106.0) Gecko/20100101 Firefox/106.0" "www.ysfine.com"
71.178.208.102 - - [10/Nov/2022:08:57:30 -0800] "GET /world/germany/hofbrau33b.jpg HTTP/1.1" 200 51219 "https://www.ysfine.com/style/songs.html" "Mozilla/5.0 (Windows NT 10.0; Win64; x64; rv:106.0) Gecko/20100101 Firefox/106.0" "www.ysfine.com"
71.178.208.102 - - [10/Nov/2022:08:57:30 -0800] "GET /style/sarahchang01b.jpg HTTP/1.1" 200 50797 "https://www.ysfine.com/style/songs.html" "Mozilla/5.0 (Windows NT 10.0; Win64; x64; rv:106.0) Gecko/20100101 Firefox/106.0" "www.ysfine.com"
71.178.208.102 - - [10/Nov/2022:08:57:30 -0800] "GET /world/france/eiffel05b.jpg HTTP/1.1" 200 26314 "https://www.ysfine.com/style/songs.html" "Mozilla/5.0 (Windows NT 10.0; Win64; x64; rv:106.0) Gecko/20100101 Firefox/106.0" "www.ysfine.com"
71.178.208.102 - - [10/Nov/2022:08:57:30 -0800] "GET /style/akiko2.jpg HTTP/1.1" 200 50482 "https://www.ysfine.com/style/songs.html" "Mozilla/5.0 (Windows NT 10.0; Win64; x64; rv:106.0) Gecko/20100101 Firefox/106.0" "www.ysfine.com"
71.178.208.102 - - [10/Nov/2022:08:57:30 -0800] "GET /style/hibari11b.jpg HTTP/1.1" 200 35625 "https://www.ysfine.com/style/songs.html" "Mozilla/5.0 (Windows NT 10.0; Win64; x64; rv:106.0) Gecko/20100101 Firefox/106.0" "www.ysfine.com"
71.178.208.102 - - [10/Nov/2022:08:57:30 -0800] "GET /style/fujiyama2.jpg HTTP/1.1" 200 47368 "https://www.ysfine.com/style/songs.html" "Mozilla/5.0 (Windows NT 10.0; Win64; x64; rv:106.0) Gecko/20100101 Firefox/106.0" "www.ysfine.com"
71.178.208.102 - - [10/Nov/2022:08:57:30 -0800] "GET /style/vienopera22b.jpg HTTP/1.1" 200 52023 "https://www.ysfine.com/style/songs.html" "Mozilla/5.0 (Windows NT 10.0; Win64; x64; rv:106.0) Gecko/20100101 Firefox/106.0" "www.ysfine.com"
71.178.208.102 - - [10/Nov/2022:08:57:30 -0800] "GET /style/verdi11b.jpg HTTP/1.1" 200 40111 "https://www.ysfine.com/style/songs.html" "Mozilla/5.0 (Windows NT 10.0; Win64; x64; rv:106.0) Gecko/20100101 Firefox/106.0" "www.ysfine.com"
71.178.208.102 - - [10/Nov/2022:08:57:30 -0800] "GET /style/chulmo2.jpg HTTP/1.1" 200 49387 "https://www.ysfine.com/style/songs.html" "Mozilla/5.0 (Windows NT 10.0; Win64; x64; rv:106.0) Gecko/20100101 Firefox/106.0" "www.ysfine.com"
71.178.208.102 - - [10/Nov/2022:08:57:30 -0800] "GET /kobak/105mm2.jpg HTTP/1.1" 200 54167 "https://www.ysfine.com/style/songs.html" "Mozilla/5.0 (Windows NT 10.0; Win64; x64; rv:106.0) Gecko/20100101 Firefox/106.0" "www.ysfine.com"
71.178.208.102 - - [10/Nov/2022:08:57:30 -0800] "GET /maga/invent/joak11b.jpg HTTP/1.1" 200 40558 "https://www.ysfine.com/style/songs.html" "Mozilla/5.0 (Windows NT 10.0; Win64; x64; rv:106.0) Gecko/20100101 Firefox/106.0" "www.ysfine.com"
71.178.208.102 - - [10/Nov/2022:08:57:30 -0800] "GET /world/russ/ihousem22b.jpg HTTP/1.1" 404 88 "https://www.ysfine.com/style/songs.html" "Mozilla/5.0 (Windows NT 10.0; Win64; x64; rv:106.0) Gecko/20100101 Firefox/106.0" "www.ysfine.com"
40.77.51.82 - - [10/Nov/2022:08:58:39 -0800] "GET /world/germany/benz15b.jpg HTTP/1.1" 200 46279 "http://ysfine.com/world/germany" "Mozilla/5.0 (X11; Linux x86_64) AppleWebKit/537.36 (KHTML, like Gecko) Chrome/74.0.3729.169 Safari/537.36" "ysfine.com"
185.191.171.44 - - [10/Nov/2022:08:58:49 -0800] "GET /ysbio/wigner/gcontrac.html HTTP/1.1" 404 88 "-" "Mozilla/5.0 (compatible; SemrushBot/7~bl; +http://www.semrush.com/bot.html)" "www.ysfine.com"
40.77.167.27 - - [10/Nov/2022:08:59:59 -0800] "GET /ysbio/wigner/wigsid.html HTTP/1.1" 404 88 "-" "Mozilla/5.0 (compatible; bingbot/2.0; +http://www.bing.com/bingbot.htm)" "ysfine.com"
40.122.230.188 - - [10/Nov/2022:09:00:04 -0800] "GET /style/cameras/temple11b.jpg HTTP/1.1" 200 46534 "http://ysfine.com/style/cameras" "Mozilla/5.0 (Windows NT 10.0; Win64; x64) AppleWebKit/537.36 (KHTML, like Gecko) Chrome/74.0.3729.157 Safari/537.36" "ysfine.com"
75.26.5.105 - - [10/Nov/2022:09:00:26 -0800] "GET /feynman/feydirac270.jpg HTTP/1.1" 200 59000 "-" "Python-urllib/3.9" "ysfine.com"
157.55.39.76 - - [10/Nov/2022:09:00:54 -0800] "GET /bio/kobak/yskor.html HTTP/1.1" 404 88 "-" "Mozilla/5.0 (compatible; bingbot/2.0; +http://www.bing.com/bingbot.htm)" "ysfine.com"
95.163.255.62 - - [10/Nov/2022:09:01:21 -0800] "GET /robots.txt HTTP/1.1" 404 73 "-" "Mozilla/5.0 (compatible; Linux x86_64; Mail.RU_Bot/2.0; +https://help.mail.ru/webmaster/indexing/robots)" "ysfine.com"
17.121.112.28 - - [10/Nov/2022:09:01:22 -0800] "GET /home/dwf.html HTTP/1.1" 200 4126 "-" "Mozilla/5.0 (Macintosh; Intel Mac OS X 10_15_5) AppleWebKit/605.1.15 (KHTML, like Gecko) Version/13.1.1 Safari/605.1.15 (Applebot/0.1; +http://www.apple.com/go/applebot)" "ysfine.com"
216.244.66.229 - - [10/Nov/2022:09:02:22 -0800] "GET /robots.txt HTTP/1.1" 404 73 "-" "Mozilla/5.0 (compatible; DotBot/1.2; +https://opensiteexplorer.org/dotbot; help@moz.com)" "ysfine.com"
66.249.66.40 - - [10/Nov/2022:09:02:29 -0800] "GET /dongio/ukrainian.html HTTP/1.1" 404 88 "-" "Mozilla/5.0 (Linux; Android 6.0.1; Nexus 5X Build/MMB29P) AppleWebKit/537.36 (KHTML, like Gecko) Chrome/107.0.5304.87 Mobile Safari/537.36 (compatible; Googlebot/2.1; +http://www.google.com/bot.html)" "ysfine.com"
207.46.13.107 - - [10/Nov/2022:09:02:32 -0800] "GET /bio/einstein/bern.html HTTP/1.1" 404 88 "-" "Mozilla/5.0 (compatible; bingbot/2.0; +http://www.bing.com/bingbot.htm)" "ysfine.com"
66.117.145.48 - - [10/Nov/2022:09:02:54 -0800] "GET /home/truck/truck20.jpg HTTP/1.1" 200 118871 "https://www.google.com/" "Mozilla/5.0 (Windows NT 10.0; Win64; x64) AppleWebKit/537.36 (KHTML, like Gecko) Chrome/107.0.0.0 Safari/537.36" "ysfine.com"
185.191.171.6 - - [10/Nov/2022:09:03:38 -0800] "GET /ysbio/princeton/campus.html HTTP/1.1" 404 88 "-" "Mozilla/5.0 (compatible; SemrushBot/7~bl; +http://www.semrush.com/bot.html)" "www.ysfine.com"
114.119.128.162 - - [10/Nov/2022:09:03:49 -0800] "GET /class54/class5470/total_data/sub_773.htm HTTP/1.1" 200 3289 "https://ysfine.com/class54/class5470/total_data/sub_761.htm" "Mozilla/5.0 (Linux; Android 7.0;) AppleWebKit/537.36 (KHTML, like Gecko) Mobile Safari/537.36 (compatible; PetalBot;+https://webmaster.petalsearch.com/site/petalbot)" "ysfine.com"
75.26.5.105 - - [10/Nov/2022:09:03:54 -0800] "GET /dirac/jablo62.jpg HTTP/1.1" 200 206686 "-" "Python-urllib/3.9" "ysfine.com"
185.191.171.44 - - [10/Nov/2022:09:04:05 -0800] "GET /ysbio/wigner/little.html HTTP/1.1" 404 88 "-" "Mozilla/5.0 (compatible; SemrushBot/7~bl; +http://www.semrush.com/bot.html)" "www.ysfine.com"
31.48.157.121 - - [10/Nov/2022:09:04:15 -0800] "GET /dirac/wigsis11.jpg HTTP/1.1" 200 71741 "https://www.google.com/" "Mozilla/5.0 (Windows NT 10.0; Win64; x64) AppleWebKit/537.36 (KHTML, like Gecko) Chrome/107.0.0.0 Safari/537.36" "ysfine.com"
20.109.241.82 - - [10/Nov/2022:09:04:36 -0800] "GET /world/russ/spbf28b.jpg HTTP/1.1" 200 38252 "https://www.ysfine.com/world/russ" "Mozilla/5.0 (X11; Linux x86_64) AppleWebKit/537.36 (KHTML, like Gecko) Chrome/74.0.3729.169 Safari/537.36" "www.ysfine.com"
207.46.13.128 - - [10/Nov/2022:09:04:36 -0800] "GET /bio/style/ystyle.html HTTP/1.1" 404 88 "-" "Mozilla/5.0 AppleWebKit/537.36 (KHTML, like Gecko; compatible; bingbot/2.0; +http://www.bing.com/bingbot.htm) Chrome/103.0.5060.134 Safari/537.36" "ysfine.com"
20.12.191.72 - - [10/Nov/2022:09:04:38 -0800] "GET /world/brit/lonstore13.jpg HTTP/1.1" 200 65255 "https://ysfine.com/world/brit" "Mozilla/5.0 (Macintosh; Intel Mac OS X 10_11_6) AppleWebKit/605.1.15 (KHTML, like Gecko) Version/11.1.2 Safari/605.1.15" "ysfine.com"
20.109.241.82 - - [10/Nov/2022:09:04:51 -0800] "GET /world/germany/tub10b.jpg HTTP/1.1" 200 43201 "https://ysfine.com/world/germany" "Mozilla/5.0 (Macintosh; Intel Mac OS X 10_11_6) AppleWebKit/605.1.15 (KHTML, like Gecko) Version/11.1.2 Safari/605.1.15" "ysfine.com"
40.86.101.253 - - [10/Nov/2022:09:05:22 -0800] "GET /world/germany/bisma33b.jpg HTTP/1.1" 200 43205 "https://ysfine.com/world/germany" "Mozilla/5.0 (iPhone; CPU iPhone OS 13_5_1 like Mac OS X) AppleWebKit/605.1.15 (KHTML, like Gecko) Version/13.1.1 Mobile/15E148 Safari/604.1" "ysfine.com"
185.191.171.43 - - [10/Nov/2022:09:05:37 -0800] "GET /home/photobio.html HTTP/1.1" 200 15489 "-" "Mozilla/5.0 (compatible; SemrushBot/7~bl; +http://www.semrush.com/bot.html)" "www.ysfine.com"
157.55.39.129 - - [10/Nov/2022:09:05:47 -0800] "GET /bio/world/kazan.html HTTP/1.1" 404 88 "-" "Mozilla/5.0 (compatible; bingbot/2.0; +http://www.bing.com/bingbot.htm)" "ysfine.com"
108.15.35.14 - - [10/Nov/2022:09:06:45 -0800] "GET /einstein/places/einha01.jpg HTTP/1.1" 200 75624 "https://www.bing.com/" "Mozilla/5.0 (Windows NT 10.0; Win64; x64) AppleWebKit/537.36 (KHTML, like Gecko) Chrome/107.0.0.0 Safari/537.36 Edg/107.0.1418.35" "ysfine.com"
40.122.195.128 - - [10/Nov/2022:09:06:55 -0800] "GET /maga/histo/victoria01b.jpg HTTP/1.1" 200 36748 "http://ysfine.com/maga/histo" "Mozilla/5.0 (Windows NT 10.0; Win64; x64) AppleWebKit/537.36 (KHTML, like Gecko) Chrome/74.0.3729.157 Safari/537.36" "ysfine.com"
173.56.67.74 - - [10/Nov/2022:09:06:57 -0800] "GET /princeton/withers01.jpg HTTP/1.1" 200 113946 "https://www.google.com/" "Mozilla/5.0 (Windows NT 10.0; Win64; x64) AppleWebKit/537.36 (KHTML, like Gecko) Chrome/107.0.0.0 Safari/537.36" "ysfine.com"
173.56.67.74 - - [10/Nov/2022:09:06:57 -0800] "GET /princeton/nasshall06.jpg HTTP/1.1" 200 145090 "https://www.google.com/" "Mozilla/5.0 (Windows NT 10.0; Win64; x64) AppleWebKit/537.36 (KHTML, like Gecko) Chrome/107.0.0.0 Safari/537.36" "ysfine.com"
207.46.13.128 - - [10/Nov/2022:09:08:47 -0800] "GET /bio/houses/christmas.html HTTP/1.1" 404 88 "-" "Mozilla/5.0 (compatible; bingbot/2.0; +http://www.bing.com/bingbot.htm)" "ysfine.com"
17.121.112.218 - - [10/Nov/2022:09:08:49 -0800] "GET /kobak/repose.html HTTP/1.1" 200 4578 "-" "Mozilla/5.0 (Macintosh; Intel Mac OS X 10_15_5) AppleWebKit/605.1.15 (KHTML, like Gecko) Version/13.1.1 Safari/605.1.15 (Applebot/0.1; +http://www.apple.com/go/applebot)" "ysfine.com"
66.102.6.113 - - [10/Nov/2022:09:09:02 -0800] "GET /kobak/sl628.jpg HTTP/1.1" 200 225100 "-" "Mozilla/5.0 (Windows NT 5.1; rv:11.0) Gecko Firefox/11.0 (via ggpht.com GoogleImageProxy)" "ysfine.com"
216.244.66.229 - - [10/Nov/2022:09:09:06 -0800] "GET /awards/timeline11,jpg HTTP/1.1" 404 73 "-" "Mozilla/5.0 (compatible; DotBot/1.2; +https://opensiteexplorer.org/dotbot; help@moz.com)" "ysfine.com"
216.244.66.229 - - [10/Nov/2022:09:09:09 -0800] "GET /ffriends/malay07.jpg HTTP/1.1" 200 105317 "-" "Mozilla/5.0 (compatible; DotBot/1.2; +https://opensiteexplorer.org/dotbot; help@moz.com)" "ysfine.com"
66.249.66.43 - - [10/Nov/2022:09:09:43 -0800] "GET /princeton/ias.jpg HTTP/1.1" 304 - "-" "Googlebot-Image/1.0" "ysfine.com"
158.64.79.8 - - [10/Nov/2022:09:10:00 -0800] "GET /dirac/dirheisen30.jpg HTTP/1.1" 200 141929 "https://www.google.com/" "Mozilla/5.0 (Macintosh; Intel Mac OS X 10_15_7) AppleWebKit/605.1.15 (KHTML, like Gecko) Version/15.5 Safari/605.1.15" "ysfine.com"
207.46.13.128 - - [10/Nov/2022:09:11:38 -0800] "GET /bio/pquartet.html HTTP/1.1" 404 88 "-" "Mozilla/5.0 AppleWebKit/537.36 (KHTML, like Gecko; compatible; bingbot/2.0; +http://www.bing.com/bingbot.htm) Chrome/103.0.5060.134 Safari/537.36" "ysfine.com"
216.211.29.125 - - [10/Nov/2022:09:12:01 -0800] "GET /kowar/tanks/sherman43.jpg HTTP/1.1" 200 78963 "https://www.google.com/" "Mozilla/5.0 (X11; CrOS x86_64 14816.131.0) AppleWebKit/537.36 (KHTML, like Gecko) Chrome/103.0.0.0 Safari/537.36" "ysfine.com"
40.77.167.71 - - [10/Nov/2022:09:12:31 -0800] "GET /bio/wigner/evangel.html HTTP/1.1" 404 88 "-" "Mozilla/5.0 AppleWebKit/537.36 (KHTML, like Gecko; compatible; bingbot/2.0; +http://www.bing.com/bingbot.htm) Chrome/103.0.5060.134 Safari/537.36" "ysfine.com"
114.119.128.14 - - [10/Nov/2022:09:12:34 -0800] "GET /archives/proceedings/boston/caron.html HTTP/1.1" 200 804 "https://ysfine.com/archives/proceedings/boston/papers.html" "Mozilla/5.0 (Linux; Android 7.0;) AppleWebKit/537.36 (KHTML, like Gecko) Mobile Safari/537.36 (compatible; PetalBot;+https://webmaster.petalsearch.com/site/petalbot)" "ysfine.com"
40.122.230.190 - - [10/Nov/2022:09:12:46 -0800] "GET /wigner/isomor88a.jpg HTTP/1.1" 200 63203 "https://ysfine.com/wigner" "Mozilla/5.0 (Linux; Android 10; SM-G960U) AppleWebKit/537.36 (KHTML, like Gecko) Chrome/88.0.4324.181 Mobile Safari/537.36" "ysfine.com"
185.191.171.2 - - [10/Nov/2022:09:13:09 -0800] "GET /ysbio/dirac/integ.html HTTP/1.1" 404 88 "-" "Mozilla/5.0 (compatible; SemrushBot/7~bl; +http://www.semrush.com/bot.html)" "www.ysfine.com"
27.72.66.77 - - [10/Nov/2022:09:13:22 -0800] "GET /kowar/panmun04.jpg HTTP/1.1" 200 126386 "https://www.google.com.vn/" "Mozilla/5.0 (Windows NT 10.0; Win64; x64) AppleWebKit/537.36 (KHTML, like Gecko) Chrome/107.0.0.0 Safari/537.36" "ysfine.com"
185.191.171.19 - - [10/Nov/2022:09:13:41 -0800] "GET /ysbio/world/wdrigh.html HTTP/1.1" 404 88 "-" "Mozilla/5.0 (compatible; SemrushBot/7~bl; +http://www.semrush.com/bot.html)" "ysfine.com"
157.55.39.129 - - [10/Nov/2022:09:13:48 -0800] "GET /bio/world/kalinin22.html HTTP/1.1" 404 88 "-" "Mozilla/5.0 AppleWebKit/537.36 (KHTML, like Gecko; compatible; bingbot/2.0; +http://www.bing.com/bingbot.htm) Chrome/103.0.5060.134 Safari/537.36" "ysfine.com"
185.191.171.42 - - [10/Nov/2022:09:13:52 -0800] "GET /ysbio/bio01.html HTTP/1.1" 404 88 "-" "Mozilla/5.0 (compatible; SemrushBot/7~bl; +http://www.semrush.com/bot.html)" "ysfine.com"
40.77.51.81 - - [10/Nov/2022:09:14:22 -0800] "GET /einstein/eink24b.jpg HTTP/1.1" 200 42003 "http://ysfine.com/einstein" "Mozilla/5.0 (iPhone; CPU iPhone OS 13_5_1 like Mac OS X) AppleWebKit/605.1.15 (KHTML, like Gecko) Version/13.1.1 Mobile/15E148 Safari/604.1" "ysfine.com"
216.244.66.229 - - [10/Nov/2022:09:14:27 -0800] "GET /ffriends/amkor/amstu11.jpg HTTP/1.1" 200 166570 "-" "Mozilla/5.0 (compatible; DotBot/1.2; +https://opensiteexplorer.org/dotbot; help@moz.com)" "ysfine.com"
40.86.101.166 - - [10/Nov/2022:09:14:45 -0800] "GET /maga/phil/kanthegel66b.jpg HTTP/1.1" 200 33524 "http://ysfine.com/maga/phil" "Mozilla/5.0 (iPhone; CPU iPhone OS 13_5_1 like Mac OS X) AppleWebKit/605.1.15 (KHTML, like Gecko) Version/13.1.1 Mobile/15E148 Safari/604.1" "ysfine.com"
40.122.188.112 - - [10/Nov/2022:09:15:30 -0800] "GET /world/russ/spbb18b.jpg HTTP/1.1" 200 44126 "http://ysfine.com/world/russ" "Mozilla/5.0 (Macintosh; Intel Mac OS X 10_11_6) AppleWebKit/605.1.15 (KHTML, like Gecko) Version/11.1.2 Safari/605.1.15" "ysfine.com"
216.244.66.229 - - [10/Nov/2022:09:15:31 -0800] "GET /class54/class5470/total_data/sub_132.htm HTTP/1.1" 200 12877 "-" "Mozilla/5.0 (compatible; DotBot/1.2; +https://opensiteexplorer.org/dotbot; help@moz.com)" "ysfine.com"
216.244.66.229 - - [10/Nov/2022:09:16:10 -0800] "GET /home/hyperell33.jpg HTTP/1.1" 200 105962 "-" "Mozilla/5.0 (compatible; DotBot/1.2; +https://opensiteexplorer.org/dotbot; help@moz.com)" "ysfine.com"
216.244.66.229 - - [10/Nov/2022:09:16:37 -0800] "GET /world/france/sartsq23.jpg HTTP/1.1" 200 64721 "-" "Mozilla/5.0 (compatible; DotBot/1.2; +https://opensiteexplorer.org/dotbot; help@moz.com)" "ysfine.com"
40.77.51.85 - - [10/Nov/2022:09:17:04 -0800] "GET /eink/isomor55b.jpg HTTP/1.1" 200 40716 "https://ysfine.com/eink" "Mozilla/5.0 (Macintosh; Intel Mac OS X 10_11_6) AppleWebKit/605.1.15 (KHTML, like Gecko) Version/11.1.2 Safari/605.1.15" "ysfine.com"
