71.178.208.102 - - [09/Nov/2022:22:32:13 -0800] "GET /ysbio/taylor500.jpg HTTP/1.1" 404 88 "https://ysfine.com/home/yshome.html" "Mozilla/5.0 (Windows NT 10.0; Win64; x64) AppleWebKit/537.36 (KHTML, like Gecko) Chrome/107.0.0.0 Safari/537.36 Edg/107.0.1418.35" "ysfine.com"
71.178.208.102 - - [09/Nov/2022:22:32:13 -0800] "GET /ysbio/eward55f.jpg HTTP/1.1" 404 88 "https://ysfine.com/home/yshome.html" "Mozilla/5.0 (Windows NT 10.0; Win64; x64) AppleWebKit/537.36 (KHTML, like Gecko) Chrome/107.0.0.0 Safari/537.36 Edg/107.0.1418.35" "ysfine.com"
216.244.66.229 - - [09/Nov/2022:22:32:14 -0800] "GET /ysbio/think55.jpg HTTP/1.1" 404 73 "-" "Mozilla/5.0 (compatible; DotBot/1.2; +https://opensiteexplorer.org/dotbot; help@moz.com)" "ysfine.com"
77.88.5.233 - - [09/Nov/2022:22:32:16 -0800] "GET /world/scandi/norw21.jpg HTTP/1.1" 200 94450 "-" "Mozilla/5.0 (compatible; YandexImages/3.0; +http://yandex.com/bots)" "www.ysfine.com"
157.55.39.76 - - [09/Nov/2022:22:32:25 -0800] "GET /world/france/matisse02.jpg HTTP/1.1" 200 65028 "-" "Mozilla/5.0 (compatible; bingbot/2.0; +http://www.bing.com/bingbot.htm)" "ysfine.com"
17.121.115.116 - - [09/Nov/2022:22:32:31 -0800] "GET /feynman/feyntop.html HTTP/1.1" 200 435 "https://ysfine.com/feynman/index.html" "Mozilla/5.0 (Macintosh; Intel Mac OS X 10_15_5) AppleWebKit/605.1.15 (KHTML, like Gecko) Version/13.1.1 Safari/605.1.15 (Applebot/0.1; +http://www.apple.com/go/applebot)" "ysfine.com"
51.222.253.13 - - [09/Nov/2022:22:32:31 -0800] "GET /princeton/wilson14.html HTTP/1.1" 200 774 "-" "Mozilla/5.0 (compatible; AhrefsBot/7.0; +http://ahrefs.com/robot/)" "ysfine.com"
17.121.115.89 - - [09/Nov/2022:22:32:31 -0800] "GET /feynman/feynbot.html HTTP/1.1" 200 138 "https://ysfine.com/feynman/index.html" "Mozilla/5.0 (Macintosh; Intel Mac OS X 10_15_5) AppleWebKit/605.1.15 (KHTML, like Gecko) Version/13.1.1 Safari/605.1.15 (Applebot/0.1; +http://www.apple.com/go/applebot)" "ysfine.com"
17.121.115.89 - - [09/Nov/2022:22:32:31 -0800] "GET /feynman/feynrigh.html HTTP/1.1" 200 2183 "https://ysfine.com/feynman/feynbot.html" "Mozilla/5.0 (Macintosh; Intel Mac OS X 10_15_5) AppleWebKit/605.1.15 (KHTML, like Gecko) Version/13.1.1 Safari/605.1.15 (Applebot/0.1; +http://www.apple.com/go/applebot)" "ysfine.com"
17.121.115.116 - - [09/Nov/2022:22:32:32 -0800] "GET /feynman/feynleft.html HTTP/1.1" 200 523 "https://ysfine.com/feynman/feynbot.html" "Mozilla/5.0 (Macintosh; Intel Mac OS X 10_15_5) AppleWebKit/605.1.15 (KHTML, like Gecko) Version/13.1.1 Safari/605.1.15 (Applebot/0.1; +http://www.apple.com/go/applebot)" "ysfine.com"
71.178.208.102 - - [09/Nov/2022:22:32:36 -0800] "GET /sbt11.jpg HTTP/1.1" 404 88 "https://ysfine.com/bio08.html" "Mozilla/5.0 (Windows NT 10.0; Win64; x64) AppleWebKit/537.36 (KHTML, like Gecko) Chrome/107.0.0.0 Safari/537.36 Edg/107.0.1418.35" "ysfine.com"
71.178.208.102 - - [09/Nov/2022:22:32:50 -0800] "GET /wigkim33.jpg HTTP/1.1" 404 88 "https://ysfine.com/bio08.html" "Mozilla/5.0 (Windows NT 10.0; Win64; x64) AppleWebKit/537.36 (KHTML, like Gecko) Chrome/107.0.0.0 Safari/537.36 Edg/107.0.1418.35" "ysfine.com"
207.46.13.128 - - [09/Nov/2022:22:32:58 -0800] "GET /home/hmleft.html HTTP/1.1" 200 861 "-" "Mozilla/5.0 (compatible; bingbot/2.0; +http://www.bing.com/bingbot.htm)" "ysfine.com"
216.244.66.229 - - [09/Nov/2022:22:33:13 -0800] "GET /ffriends/armen05.jpg HTTP/1.1" 200 172126 "-" "Mozilla/5.0 (compatible; DotBot/1.2; +https://opensiteexplorer.org/dotbot; help@moz.com)" "ysfine.com"
20.29.110.168 - - [09/Nov/2022:22:33:29 -0800] "GET /home/facu63c.jpg HTTP/1.1" 200 41710 "http://ysfine.com/home" "Mozilla/5.0 (iPhone; CPU iPhone OS 13_5_1 like Mac OS X) AppleWebKit/605.1.15 (KHTML, like Gecko) Version/13.1.1 Mobile/15E148 Safari/604.1" "ysfine.com"
40.86.101.252 - - [09/Nov/2022:22:33:48 -0800] "GET /friends/aline/kal05c.jpg HTTP/1.1" 404 88 "https://ysfine.com/friends/aline" "Mozilla/5.0 (Windows NT 10.0; Win64; x64) AppleWebKit/537.36 (KHTML, like Gecko) Chrome/74.0.3729.157 Safari/537.36" "ysfine.com"
71.178.208.102 - - [09/Nov/2022:22:34:01 -0800] "GET /bio08.html HTTP/1.1" 200 10637 "-" "Mozilla/5.0 (Windows NT 10.0; Win64; x64) AppleWebKit/537.36 (KHTML, like Gecko) Chrome/107.0.0.0 Safari/537.36 Edg/107.0.1418.35" "ysfine.com"
71.178.208.102 - - [09/Nov/2022:22:34:02 -0800] "GET /comet40f.jpg HTTP/1.1" 404 88 "https://ysfine.com/bio08.html" "Mozilla/5.0 (Windows NT 10.0; Win64; x64) AppleWebKit/537.36 (KHTML, like Gecko) Chrome/107.0.0.0 Safari/537.36 Edg/107.0.1418.35" "ysfine.com"
71.178.208.102 - - [09/Nov/2022:22:34:02 -0800] "GET /wigkim450.jpg HTTP/1.1" 404 88 "https://ysfine.com/bio08.html" "Mozilla/5.0 (Windows NT 10.0; Win64; x64) AppleWebKit/537.36 (KHTML, like Gecko) Chrome/107.0.0.0 Safari/537.36 Edg/107.0.1418.35" "ysfine.com"
71.178.208.102 - - [09/Nov/2022:22:34:02 -0800] "GET /wigner22d.jpg HTTP/1.1" 404 88 "https://ysfine.com/bio08.html" "Mozilla/5.0 (Windows NT 10.0; Win64; x64) AppleWebKit/537.36 (KHTML, like Gecko) Chrome/107.0.0.0 Safari/537.36 Edg/107.0.1418.35" "ysfine.com"
71.178.208.102 - - [09/Nov/2022:22:34:02 -0800] "GET /further22f.jpg HTTP/1.1" 404 88 "https://ysfine.com/bio08.html" "Mozilla/5.0 (Windows NT 10.0; Win64; x64) AppleWebKit/537.36 (KHTML, like Gecko) Chrome/107.0.0.0 Safari/537.36 Edg/107.0.1418.35" "ysfine.com"
71.178.208.102 - - [09/Nov/2022:22:34:02 -0800] "GET /tollwig11d.jpg HTTP/1.1" 404 88 "https://ysfine.com/bio08.html" "Mozilla/5.0 (Windows NT 10.0; Win64; x64) AppleWebKit/537.36 (KHTML, like Gecko) Chrome/107.0.0.0 Safari/537.36 Edg/107.0.1418.35" "ysfine.com"
71.178.208.102 - - [09/Nov/2022:22:34:02 -0800] "GET /wigner/michwight640.jpg HTTP/1.1" 404 88 "https://ysfine.com/bio08.html" "Mozilla/5.0 (Windows NT 10.0; Win64; x64) AppleWebKit/537.36 (KHTML, like Gecko) Chrome/107.0.0.0 Safari/537.36 Edg/107.0.1418.35" "ysfine.com"
71.178.208.102 - - [09/Nov/2022:22:34:02 -0800] "GET /wigein11d.jpg HTTP/1.1" 404 88 "https://ysfine.com/bio08.html" "Mozilla/5.0 (Windows NT 10.0; Win64; x64) AppleWebKit/537.36 (KHTML, like Gecko) Chrome/107.0.0.0 Safari/537.36 Edg/107.0.1418.35" "ysfine.com"
71.178.208.102 - - [09/Nov/2022:22:34:02 -0800] "GET /princeton/sbtwein450.jpg HTTP/1.1" 404 88 "https://ysfine.com/bio08.html" "Mozilla/5.0 (Windows NT 10.0; Win64; x64) AppleWebKit/537.36 (KHTML, like Gecko) Chrome/107.0.0.0 Safari/537.36 Edg/107.0.1418.35" "ysfine.com"
71.178.208.102 - - [09/Nov/2022:22:34:02 -0800] "GET /o32inho22g.jpg HTTP/1.1" 404 88 "https://ysfine.com/bio08.html" "Mozilla/5.0 (Windows NT 10.0; Win64; x64) AppleWebKit/537.36 (KHTML, like Gecko) Chrome/107.0.0.0 Safari/537.36 Edg/107.0.1418.35" "ysfine.com"
71.178.208.102 - - [09/Nov/2022:22:34:02 -0800] "GET /phys/parton77g.jpg HTTP/1.1" 404 88 "https://ysfine.com/bio08.html" "Mozilla/5.0 (Windows NT 10.0; Win64; x64) AppleWebKit/537.36 (KHTML, like Gecko) Chrome/107.0.0.0 Safari/537.36 Edg/107.0.1418.35" "ysfine.com"
71.178.208.102 - - [09/Nov/2022:22:34:02 -0800] "GET /home/sbt11d.jpg HTTP/1.1" 200 41029 "https://ysfine.com/bio08.html" "Mozilla/5.0 (Windows NT 10.0; Win64; x64) AppleWebKit/537.36 (KHTML, like Gecko) Chrome/107.0.0.0 Safari/537.36 Edg/107.0.1418.35" "ysfine.com"
71.178.208.102 - - [09/Nov/2022:22:34:02 -0800] "GET /ewk86f.jpg HTTP/1.1" 404 88 "https://ysfine.com/bio08.html" "Mozilla/5.0 (Windows NT 10.0; Win64; x64) AppleWebKit/537.36 (KHTML, like Gecko) Chrome/107.0.0.0 Safari/537.36 Edg/107.0.1418.35" "ysfine.com"
71.178.208.102 - - [09/Nov/2022:22:34:16 -0800] "GET /dashen.html HTTP/1.1" 404 88 "https://ysfine.com/bio08.html" "Mozilla/5.0 (Windows NT 10.0; Win64; x64) AppleWebKit/537.36 (KHTML, like Gecko) Chrome/107.0.0.0 Safari/537.36 Edg/107.0.1418.35" "ysfine.com"
114.119.128.142 - - [09/Nov/2022:22:34:43 -0800] "GET /class54/class5470/total_data/sub_111.htm HTTP/1.1" 200 3292 "https://ysfine.com/class54/class5470/total_data/sub_115.htm" "Mozilla/5.0 (Linux; Android 7.0;) AppleWebKit/537.36 (KHTML, like Gecko) Mobile Safari/537.36 (compatible; PetalBot;+https://webmaster.petalsearch.com/site/petalbot)" "ysfine.com"
51.222.253.2 - - [09/Nov/2022:22:35:02 -0800] "GET /maga/schrodein.html HTTP/1.1" 200 5672 "-" "Mozilla/5.0 (compatible; AhrefsBot/7.0; +http://ahrefs.com/robot/)" "www.ysfine.com"
20.29.110.169 - - [09/Nov/2022:22:36:20 -0800] "GET /eink/einhaus33c.jpg HTTP/1.1" 200 23792 "http://ysfine.com/eink" "Mozilla/5.0 (Windows NT 10.0; Win64; x64) AppleWebKit/537.36 (KHTML, like Gecko) Chrome/74.0.3729.157 Safari/537.36" "ysfine.com"
38.126.157.40 - - [09/Nov/2022:22:36:24 -0800] "GET /people/wheemos.jpg HTTP/1.1" 200 98122 "-" "Mozilla/5.0 (compatible; FemtosearchBot/1.0; http://femtosearch.com)" "ysfine.com"
38.126.157.40 - - [09/Nov/2022:22:36:24 -0800] "GET /einstein/ewk86.jpg HTTP/1.1" 200 188473 "-" "Mozilla/5.0 (compatible; FemtosearchBot/1.0; http://femtosearch.com)" "ysfine.com"
38.126.157.40 - - [09/Nov/2022:22:36:24 -0800] "GET /style/guggen22.jpg HTTP/1.1" 200 74472 "-" "Mozilla/5.0 (compatible; FemtosearchBot/1.0; http://femtosearch.com)" "ysfine.com"
38.126.157.40 - - [09/Nov/2022:22:36:24 -0800] "GET /kobak/taylor22.jpg HTTP/1.1" 200 223716 "-" "Mozilla/5.0 (compatible; FemtosearchBot/1.0; http://femtosearch.com)" "ysfine.com"
38.126.157.40 - - [09/Nov/2022:22:36:25 -0800] "GET /wigner/fitch02.jpg HTTP/1.1" 200 78557 "-" "Mozilla/5.0 (compatible; FemtosearchBot/1.0; http://femtosearch.com)" "ysfine.com"
38.126.157.40 - - [09/Nov/2022:22:36:26 -0800] "GET /home/figs/sp2c.jpg HTTP/1.1" 200 29532 "-" "Mozilla/5.0 (compatible; FemtosearchBot/1.0; http://femtosearch.com)" "ysfine.com"
38.126.157.40 - - [09/Nov/2022:22:36:26 -0800] "GET /wigner/isomor.html HTTP/1.1" 200 359 "-" "Mozilla/5.0 (compatible; FemtosearchBot/1.0; http://femtosearch.com)" "ysfine.com"
38.126.157.40 - - [09/Nov/2022:22:36:26 -0800] "GET /newyork/macy16.jpg HTTP/1.1" 200 184182 "-" "Mozilla/5.0 (compatible; FemtosearchBot/1.0; http://femtosearch.com)" "ysfine.com"
71.178.208.102 - - [09/Nov/2022:22:36:49 -0800] "GET /bio08.html HTTP/1.1" 200 10640 "-" "Mozilla/5.0 (Windows NT 10.0; Win64; x64) AppleWebKit/537.36 (KHTML, like Gecko) Chrome/107.0.0.0 Safari/537.36 Edg/107.0.1418.35" "ysfine.com"
71.178.208.102 - - [09/Nov/2022:22:36:50 -0800] "GET /wigkim450.jpg HTTP/1.1" 404 88 "https://ysfine.com/bio08.html" "Mozilla/5.0 (Windows NT 10.0; Win64; x64) AppleWebKit/537.36 (KHTML, like Gecko) Chrome/107.0.0.0 Safari/537.36 Edg/107.0.1418.35" "ysfine.com"
71.178.208.102 - - [09/Nov/2022:22:36:50 -0800] "GET /wigner22d.jpg HTTP/1.1" 404 88 "https://ysfine.com/bio08.html" "Mozilla/5.0 (Windows NT 10.0; Win64; x64) AppleWebKit/537.36 (KHTML, like Gecko) Chrome/107.0.0.0 Safari/537.36 Edg/107.0.1418.35" "ysfine.com"
71.178.208.102 - - [09/Nov/2022:22:36:50 -0800] "GET /tollwig11d.jpg HTTP/1.1" 404 88 "https://ysfine.com/bio08.html" "Mozilla/5.0 (Windows NT 10.0; Win64; x64) AppleWebKit/537.36 (KHTML, like Gecko) Chrome/107.0.0.0 Safari/537.36 Edg/107.0.1418.35" "ysfine.com"
71.178.208.102 - - [09/Nov/2022:22:36:50 -0800] "GET /further22f.jpg HTTP/1.1" 404 88 "https://ysfine.com/bio08.html" "Mozilla/5.0 (Windows NT 10.0; Win64; x64) AppleWebKit/537.36 (KHTML, like Gecko) Chrome/107.0.0.0 Safari/537.36 Edg/107.0.1418.35" "ysfine.com"
71.178.208.102 - - [09/Nov/2022:22:36:50 -0800] "GET /comet40f.jpg HTTP/1.1" 404 88 "https://ysfine.com/bio08.html" "Mozilla/5.0 (Windows NT 10.0; Win64; x64) AppleWebKit/537.36 (KHTML, like Gecko) Chrome/107.0.0.0 Safari/537.36 Edg/107.0.1418.35" "ysfine.com"
71.178.208.102 - - [09/Nov/2022:22:36:50 -0800] "GET /o32inho22g.jpg HTTP/1.1" 404 88 "https://ysfine.com/bio08.html" "Mozilla/5.0 (Windows NT 10.0; Win64; x64) AppleWebKit/537.36 (KHTML, like Gecko) Chrome/107.0.0.0 Safari/537.36 Edg/107.0.1418.35" "ysfine.com"
71.178.208.102 - - [09/Nov/2022:22:36:50 -0800] "GET /ewk86f.jpg HTTP/1.1" 404 88 "https://ysfine.com/bio08.html" "Mozilla/5.0 (Windows NT 10.0; Win64; x64) AppleWebKit/537.36 (KHTML, like Gecko) Chrome/107.0.0.0 Safari/537.36 Edg/107.0.1418.35" "ysfine.com"
71.178.208.102 - - [09/Nov/2022:22:36:50 -0800] "GET /wigein11d.jpg HTTP/1.1" 404 88 "https://ysfine.com/bio08.html" "Mozilla/5.0 (Windows NT 10.0; Win64; x64) AppleWebKit/537.36 (KHTML, like Gecko) Chrome/107.0.0.0 Safari/537.36 Edg/107.0.1418.35" "ysfine.com"
71.178.208.102 - - [09/Nov/2022:22:36:50 -0800] "GET /phys/parton77g.jpg HTTP/1.1" 404 88 "https://ysfine.com/bio08.html" "Mozilla/5.0 (Windows NT 10.0; Win64; x64) AppleWebKit/537.36 (KHTML, like Gecko) Chrome/107.0.0.0 Safari/537.36 Edg/107.0.1418.35" "ysfine.com"
71.178.208.102 - - [09/Nov/2022:22:36:50 -0800] "GET /wigner/michwight640.jpg HTTP/1.1" 404 88 "https://ysfine.com/bio08.html" "Mozilla/5.0 (Windows NT 10.0; Win64; x64) AppleWebKit/537.36 (KHTML, like Gecko) Chrome/107.0.0.0 Safari/537.36 Edg/107.0.1418.35" "ysfine.com"
71.178.208.102 - - [09/Nov/2022:22:36:50 -0800] "GET /princeton/sbtwein450.jpg HTTP/1.1" 404 88 "https://ysfine.com/bio08.html" "Mozilla/5.0 (Windows NT 10.0; Win64; x64) AppleWebKit/537.36 (KHTML, like Gecko) Chrome/107.0.0.0 Safari/537.36 Edg/107.0.1418.35" "ysfine.com"
114.119.128.14 - - [09/Nov/2022:22:36:58 -0800] "GET /home/harmoarchi.html HTTP/1.1" 200 3686 "https://www.ysfine.com/style/britmu.html" "Mozilla/5.0 (Linux; Android 7.0;) AppleWebKit/537.36 (KHTML, like Gecko) Mobile Safari/537.36 (compatible; PetalBot;+https://webmaster.petalsearch.com/site/petalbot)" "www.ysfine.com"
71.178.208.102 - - [09/Nov/2022:22:37:44 -0800] "GET /bio08.html HTTP/1.1" 304 - "-" "Mozilla/5.0 (Windows NT 10.0; Win64; x64) AppleWebKit/537.36 (KHTML, like Gecko) Chrome/107.0.0.0 Safari/537.36 Edg/107.0.1418.35" "ysfine.com"
71.178.208.102 - - [09/Nov/2022:22:37:44 -0800] "GET /wigner/michwight640.jpg HTTP/1.1" 404 88 "https://ysfine.com/bio08.html" "Mozilla/5.0 (Windows NT 10.0; Win64; x64) AppleWebKit/537.36 (KHTML, like Gecko) Chrome/107.0.0.0 Safari/537.36 Edg/107.0.1418.35" "ysfine.com"
71.178.208.102 - - [09/Nov/2022:22:37:44 -0800] "GET /further22f.jpg HTTP/1.1" 404 88 "https://ysfine.com/bio08.html" "Mozilla/5.0 (Windows NT 10.0; Win64; x64) AppleWebKit/537.36 (KHTML, like Gecko) Chrome/107.0.0.0 Safari/537.36 Edg/107.0.1418.35" "ysfine.com"
71.178.208.102 - - [09/Nov/2022:22:37:44 -0800] "GET /wigein11d.jpg HTTP/1.1" 404 88 "https://ysfine.com/bio08.html" "Mozilla/5.0 (Windows NT 10.0; Win64; x64) AppleWebKit/537.36 (KHTML, like Gecko) Chrome/107.0.0.0 Safari/537.36 Edg/107.0.1418.35" "ysfine.com"
71.178.208.102 - - [09/Nov/2022:22:37:44 -0800] "GET /tollwig11d.jpg HTTP/1.1" 404 88 "https://ysfine.com/bio08.html" "Mozilla/5.0 (Windows NT 10.0; Win64; x64) AppleWebKit/537.36 (KHTML, like Gecko) Chrome/107.0.0.0 Safari/537.36 Edg/107.0.1418.35" "ysfine.com"
71.178.208.102 - - [09/Nov/2022:22:37:44 -0800] "GET /phys/parton77g.jpg HTTP/1.1" 404 88 "https://ysfine.com/bio08.html" "Mozilla/5.0 (Windows NT 10.0; Win64; x64) AppleWebKit/537.36 (KHTML, like Gecko) Chrome/107.0.0.0 Safari/537.36 Edg/107.0.1418.35" "ysfine.com"
71.178.208.102 - - [09/Nov/2022:22:37:44 -0800] "GET /princeton/sbtwein450.jpg HTTP/1.1" 404 88 "https://ysfine.com/bio08.html" "Mozilla/5.0 (Windows NT 10.0; Win64; x64) AppleWebKit/537.36 (KHTML, like Gecko) Chrome/107.0.0.0 Safari/537.36 Edg/107.0.1418.35" "ysfine.com"
71.178.208.102 - - [09/Nov/2022:22:37:44 -0800] "GET /comet40f.jpg HTTP/1.1" 404 88 "https://ysfine.com/bio08.html" "Mozilla/5.0 (Windows NT 10.0; Win64; x64) AppleWebKit/537.36 (KHTML, like Gecko) Chrome/107.0.0.0 Safari/537.36 Edg/107.0.1418.35" "ysfine.com"
71.178.208.102 - - [09/Nov/2022:22:37:44 -0800] "GET /ewk86f.jpg HTTP/1.1" 404 88 "https://ysfine.com/bio08.html" "Mozilla/5.0 (Windows NT 10.0; Win64; x64) AppleWebKit/537.36 (KHTML, like Gecko) Chrome/107.0.0.0 Safari/537.36 Edg/107.0.1418.35" "ysfine.com"
71.178.208.102 - - [09/Nov/2022:22:37:44 -0800] "GET /wigner22d.jpg HTTP/1.1" 404 88 "https://ysfine.com/bio08.html" "Mozilla/5.0 (Windows NT 10.0; Win64; x64) AppleWebKit/537.36 (KHTML, like Gecko) Chrome/107.0.0.0 Safari/537.36 Edg/107.0.1418.35" "ysfine.com"
71.178.208.102 - - [09/Nov/2022:22:37:44 -0800] "GET /wigkim450.jpg HTTP/1.1" 404 88 "https://ysfine.com/bio08.html" "Mozilla/5.0 (Windows NT 10.0; Win64; x64) AppleWebKit/537.36 (KHTML, like Gecko) Chrome/107.0.0.0 Safari/537.36 Edg/107.0.1418.35" "ysfine.com"
71.178.208.102 - - [09/Nov/2022:22:37:44 -0800] "GET /o32inho22g.jpg HTTP/1.1" 404 88 "https://ysfine.com/bio08.html" "Mozilla/5.0 (Windows NT 10.0; Win64; x64) AppleWebKit/537.36 (KHTML, like Gecko) Chrome/107.0.0.0 Safari/537.36 Edg/107.0.1418.35" "ysfine.com"
40.77.51.84 - - [09/Nov/2022:22:37:58 -0800] "GET /people/wheemaine2.jpg HTTP/1.1" 200 34617 "http://ysfine.com/people" "Mozilla/5.0 (Macintosh; Intel Mac OS X 10_11_6) AppleWebKit/605.1.15 (KHTML, like Gecko) Version/11.1.2 Safari/605.1.15" "ysfine.com"
71.178.208.102 - - [09/Nov/2022:22:37:58 -0800] "GET /home/dashen.html HTTP/1.1" 200 4015 "https://ysfine.com/bio08.html" "Mozilla/5.0 (Windows NT 10.0; Win64; x64) AppleWebKit/537.36 (KHTML, like Gecko) Chrome/107.0.0.0 Safari/537.36 Edg/107.0.1418.35" "ysfine.com"
71.178.208.102 - - [09/Nov/2022:22:37:58 -0800] "GET /home/baranger97c.jpg HTTP/1.1" 200 25248 "https://ysfine.com/home/dashen.html" "Mozilla/5.0 (Windows NT 10.0; Win64; x64) AppleWebKit/537.36 (KHTML, like Gecko) Chrome/107.0.0.0 Safari/537.36 Edg/107.0.1418.35" "ysfine.com"
71.178.208.102 - - [09/Nov/2022:22:37:58 -0800] "GET /home/goodbad11c.jpg HTTP/1.1" 200 18799 "https://ysfine.com/home/dashen.html" "Mozilla/5.0 (Windows NT 10.0; Win64; x64) AppleWebKit/537.36 (KHTML, like Gecko) Chrome/107.0.0.0 Safari/537.36 Edg/107.0.1418.35" "ysfine.com"
71.178.208.102 - - [09/Nov/2022:22:37:58 -0800] "GET /home/dyson63c.jpg HTTP/1.1" 200 32101 "https://ysfine.com/home/dashen.html" "Mozilla/5.0 (Windows NT 10.0; Win64; x64) AppleWebKit/537.36 (KHTML, like Gecko) Chrome/107.0.0.0 Safari/537.36 Edg/107.0.1418.35" "ysfine.com"
51.222.253.10 - - [09/Nov/2022:22:38:01 -0800] "GET /ffriends/fdw.html HTTP/1.1" 200 45463 "-" "Mozilla/5.0 (compatible; AhrefsBot/7.0; +http://ahrefs.com/robot/)" "www.ysfine.com"
71.178.208.102 - - [09/Nov/2022:22:38:25 -0800] "GET /wigkim33.jpg HTTP/1.1" 404 88 "https://ysfine.com/bio08.html" "Mozilla/5.0 (Windows NT 10.0; Win64; x64) AppleWebKit/537.36 (KHTML, like Gecko) Chrome/107.0.0.0 Safari/537.36 Edg/107.0.1418.35" "ysfine.com"
216.244.66.229 - - [09/Nov/2022:22:38:36 -0800] "GET /ffriends/amkor/amchi22.jpg HTTP/1.1" 200 231621 "-" "Mozilla/5.0 (compatible; DotBot/1.2; +https://opensiteexplorer.org/dotbot; help@moz.com)" "ysfine.com"
114.119.128.142 - - [09/Nov/2022:22:39:14 -0800] "GET /class54/class5470/total_data/sub_8146.htm HTTP/1.1" 200 3519 "https://ysfine.com/class54/class5470/total_data/sub_8132.htm" "Mozilla/5.0 (Linux; Android 7.0;) AppleWebKit/537.36 (KHTML, like Gecko) Mobile Safari/537.36 (compatible; PetalBot;+https://webmaster.petalsearch.com/site/petalbot)" "ysfine.com"
40.77.167.71 - - [09/Nov/2022:22:39:25 -0800] "GET /wigner/wigneu.jpg HTTP/1.1" 200 51862 "-" "Mozilla/5.0 AppleWebKit/537.36 (KHTML, like Gecko; compatible; bingbot/2.0; +http://www.bing.com/bingbot.htm) Chrome/103.0.5060.134 Safari/537.36" "ysfine.com"
216.244.66.229 - - [09/Nov/2022:22:39:26 -0800] "GET /ffriends/amkor/hillary.html HTTP/1.1" 404 73 "-" "Mozilla/5.0 (compatible; DotBot/1.2; +https://opensiteexplorer.org/dotbot; help@moz.com)" "ysfine.com"
40.77.167.27 - - [09/Nov/2022:22:39:38 -0800] "GET /kobak/underw2.jpg HTTP/1.1" 200 30874 "-" "Mozilla/5.0 AppleWebKit/537.36 (KHTML, like Gecko; compatible; bingbot/2.0; +http://www.bing.com/bingbot.htm) Chrome/103.0.5060.134 Safari/537.36" "ysfine.com"
71.178.208.102 - - [09/Nov/2022:22:39:43 -0800] "GET /bio08.html HTTP/1.1" 200 10641 "-" "Mozilla/5.0 (Windows NT 10.0; Win64; x64) AppleWebKit/537.36 (KHTML, like Gecko) Chrome/107.0.0.0 Safari/537.36 Edg/107.0.1418.35" "ysfine.com"
71.178.208.102 - - [09/Nov/2022:22:39:43 -0800] "GET /home/wigkim450.jpg HTTP/1.1" 200 46980 "https://ysfine.com/bio08.html" "Mozilla/5.0 (Windows NT 10.0; Win64; x64) AppleWebKit/537.36 (KHTML, like Gecko) Chrome/107.0.0.0 Safari/537.36 Edg/107.0.1418.35" "ysfine.com"
71.178.208.102 - - [09/Nov/2022:22:39:43 -0800] "GET /wigner22d.jpg HTTP/1.1" 404 88 "https://ysfine.com/bio08.html" "Mozilla/5.0 (Windows NT 10.0; Win64; x64) AppleWebKit/537.36 (KHTML, like Gecko) Chrome/107.0.0.0 Safari/537.36 Edg/107.0.1418.35" "ysfine.com"
71.178.208.102 - - [09/Nov/2022:22:39:43 -0800] "GET /comet40f.jpg HTTP/1.1" 404 88 "https://ysfine.com/bio08.html" "Mozilla/5.0 (Windows NT 10.0; Win64; x64) AppleWebKit/537.36 (KHTML, like Gecko) Chrome/107.0.0.0 Safari/537.36 Edg/107.0.1418.35" "ysfine.com"
71.178.208.102 - - [09/Nov/2022:22:39:43 -0800] "GET /wigner/michwight640.jpg HTTP/1.1" 404 88 "https://ysfine.com/bio08.html" "Mozilla/5.0 (Windows NT 10.0; Win64; x64) AppleWebKit/537.36 (KHTML, like Gecko) Chrome/107.0.0.0 Safari/537.36 Edg/107.0.1418.35" "ysfine.com"
71.178.208.102 - - [09/Nov/2022:22:39:43 -0800] "GET /further22f.jpg HTTP/1.1" 404 88 "https://ysfine.com/bio08.html" "Mozilla/5.0 (Windows NT 10.0; Win64; x64) AppleWebKit/537.36 (KHTML, like Gecko) Chrome/107.0.0.0 Safari/537.36 Edg/107.0.1418.35" "ysfine.com"
71.178.208.102 - - [09/Nov/2022:22:39:43 -0800] "GET /ewk86f.jpg HTTP/1.1" 404 88 "https://ysfine.com/bio08.html" "Mozilla/5.0 (Windows NT 10.0; Win64; x64) AppleWebKit/537.36 (KHTML, like Gecko) Chrome/107.0.0.0 Safari/537.36 Edg/107.0.1418.35" "ysfine.com"
71.178.208.102 - - [09/Nov/2022:22:39:43 -0800] "GET /tollwig11d.jpg HTTP/1.1" 404 88 "https://ysfine.com/bio08.html" "Mozilla/5.0 (Windows NT 10.0; Win64; x64) AppleWebKit/537.36 (KHTML, like Gecko) Chrome/107.0.0.0 Safari/537.36 Edg/107.0.1418.35" "ysfine.com"
71.178.208.102 - - [09/Nov/2022:22:39:43 -0800] "GET /princeton/sbtwein450.jpg HTTP/1.1" 404 88 "https://ysfine.com/bio08.html" "Mozilla/5.0 (Windows NT 10.0; Win64; x64) AppleWebKit/537.36 (KHTML, like Gecko) Chrome/107.0.0.0 Safari/537.36 Edg/107.0.1418.35" "ysfine.com"
71.178.208.102 - - [09/Nov/2022:22:39:43 -0800] "GET /o32inho22g.jpg HTTP/1.1" 404 88 "https://ysfine.com/bio08.html" "Mozilla/5.0 (Windows NT 10.0; Win64; x64) AppleWebKit/537.36 (KHTML, like Gecko) Chrome/107.0.0.0 Safari/537.36 Edg/107.0.1418.35" "ysfine.com"
71.178.208.102 - - [09/Nov/2022:22:39:43 -0800] "GET /wigein11d.jpg HTTP/1.1" 404 88 "https://ysfine.com/bio08.html" "Mozilla/5.0 (Windows NT 10.0; Win64; x64) AppleWebKit/537.36 (KHTML, like Gecko) Chrome/107.0.0.0 Safari/537.36 Edg/107.0.1418.35" "ysfine.com"
71.178.208.102 - - [09/Nov/2022:22:39:43 -0800] "GET /phys/parton77g.jpg HTTP/1.1" 404 88 "https://ysfine.com/bio08.html" "Mozilla/5.0 (Windows NT 10.0; Win64; x64) AppleWebKit/537.36 (KHTML, like Gecko) Chrome/107.0.0.0 Safari/537.36 Edg/107.0.1418.35" "ysfine.com"
71.178.208.102 - - [09/Nov/2022:22:39:47 -0800] "GET /home/wigkim33.jpg HTTP/1.1" 200 195806 "https://ysfine.com/bio08.html" "Mozilla/5.0 (Windows NT 10.0; Win64; x64) AppleWebKit/537.36 (KHTML, like Gecko) Chrome/107.0.0.0 Safari/537.36 Edg/107.0.1418.35" "ysfine.com"
40.77.51.86 - - [09/Nov/2022:22:40:19 -0800] "GET /friends/amkor/koharp05c.jpg HTTP/1.1" 404 88 "https://ysfine.com/friends/amkor" "Mozilla/5.0 (Macintosh; Intel Mac OS X 10_11_6) AppleWebKit/605.1.15 (KHTML, like Gecko) Version/11.1.2 Safari/605.1.15" "ysfine.com"
51.222.253.19 - - [09/Nov/2022:22:40:23 -0800] "GET /ysbio/world/france/champ96.html HTTP/1.1" 404 88 "-" "Mozilla/5.0 (compatible; AhrefsBot/7.0; +http://ahrefs.com/robot/)" "www.ysfine.com"
20.12.191.73 - - [09/Nov/2022:22:40:25 -0800] "GET /philo/tank66a.jpg HTTP/1.1" 200 87358 "https://ysfine.com/philo" "Mozilla/5.0 (Macintosh; Intel Mac OS X 10_11_6) AppleWebKit/605.1.15 (KHTML, like Gecko) Version/11.1.2 Safari/605.1.15" "ysfine.com"
77.88.5.46 - - [09/Nov/2022:22:40:35 -0800] "GET /dongio/index.html HTTP/1.1" 404 88 "-" "Mozilla/5.0 (compatible; YandexBot/3.0; +http://yandex.com/bots)" "www.ysfine.com"
114.119.128.162 - - [09/Nov/2022:22:40:37 -0800] "GET /sbk/1950.html HTTP/1.1" 200 5522 "https://www.ysfine.com/home/bio.html" "Mozilla/5.0 (Linux; Android 7.0;) AppleWebKit/537.36 (KHTML, like Gecko) Mobile Safari/537.36 (compatible; PetalBot;+https://webmaster.petalsearch.com/site/petalbot)" "www.ysfine.com"
216.244.66.229 - - [09/Nov/2022:22:40:39 -0800] "GET /world HTTP/1.1" 301 3200 "-" "Mozilla/5.0 (compatible; DotBot/1.2; +https://opensiteexplorer.org/dotbot; help@moz.com)" "ysfine.com"
71.178.208.102 - - [09/Nov/2022:22:40:48 -0800] "GET /favicon.ico HTTP/1.1" 404 88 "https://www.ysfine.com/ys11/index.html" "Mozilla/5.0 (Windows NT 10.0; Win64; x64) AppleWebKit/537.36 (KHTML, like Gecko) Chrome/107.0.0.0 Safari/537.36 Edg/107.0.1418.35" "www.ysfine.com"
71.178.208.102 - - [09/Nov/2022:22:41:04 -0800] "GET /bio08.html HTTP/1.1" 200 10641 "-" "Mozilla/5.0 (Windows NT 10.0; Win64; x64) AppleWebKit/537.36 (KHTML, like Gecko) Chrome/107.0.0.0 Safari/537.36 Edg/107.0.1418.35" "www.ysfine.com"
71.178.208.102 - - [09/Nov/2022:22:41:04 -0800] "GET /tollwig11d.jpg HTTP/1.1" 404 88 "https://www.ysfine.com/bio08.html" "Mozilla/5.0 (Windows NT 10.0; Win64; x64) AppleWebKit/537.36 (KHTML, like Gecko) Chrome/107.0.0.0 Safari/537.36 Edg/107.0.1418.35" "www.ysfine.com"
71.178.208.102 - - [09/Nov/2022:22:41:04 -0800] "GET /home/eink450.jpg HTTP/1.1" 200 66794 "https://www.ysfine.com/bio08.html" "Mozilla/5.0 (Windows NT 10.0; Win64; x64) AppleWebKit/537.36 (KHTML, like Gecko) Chrome/107.0.0.0 Safari/537.36 Edg/107.0.1418.35" "www.ysfine.com"
71.178.208.102 - - [09/Nov/2022:22:41:04 -0800] "GET /home/sbt11d.jpg HTTP/1.1" 200 41029 "https://www.ysfine.com/bio08.html" "Mozilla/5.0 (Windows NT 10.0; Win64; x64) AppleWebKit/537.36 (KHTML, like Gecko) Chrome/107.0.0.0 Safari/537.36 Edg/107.0.1418.35" "www.ysfine.com"
71.178.208.102 - - [09/Nov/2022:22:41:04 -0800] "GET /further22f.jpg HTTP/1.1" 404 88 "https://www.ysfine.com/bio08.html" "Mozilla/5.0 (Windows NT 10.0; Win64; x64) AppleWebKit/537.36 (KHTML, like Gecko) Chrome/107.0.0.0 Safari/537.36 Edg/107.0.1418.35" "www.ysfine.com"
71.178.208.102 - - [09/Nov/2022:22:41:04 -0800] "GET /fotos/einmu41d.jpg HTTP/1.1" 200 62005 "https://www.ysfine.com/bio08.html" "Mozilla/5.0 (Windows NT 10.0; Win64; x64) AppleWebKit/537.36 (KHTML, like Gecko) Chrome/107.0.0.0 Safari/537.36 Edg/107.0.1418.35" "www.ysfine.com"
71.178.208.102 - - [09/Nov/2022:22:41:04 -0800] "GET /wigein11d.jpg HTTP/1.1" 404 88 "https://www.ysfine.com/bio08.html" "Mozilla/5.0 (Windows NT 10.0; Win64; x64) AppleWebKit/537.36 (KHTML, like Gecko) Chrome/107.0.0.0 Safari/537.36 Edg/107.0.1418.35" "www.ysfine.com"
71.178.208.102 - - [09/Nov/2022:22:41:04 -0800] "GET /home/wigkim450.jpg HTTP/1.1" 200 46980 "https://www.ysfine.com/bio08.html" "Mozilla/5.0 (Windows NT 10.0; Win64; x64) AppleWebKit/537.36 (KHTML, like Gecko) Chrome/107.0.0.0 Safari/537.36 Edg/107.0.1418.35" "www.ysfine.com"
71.178.208.102 - - [09/Nov/2022:22:41:04 -0800] "GET /comet40f.jpg HTTP/1.1" 404 88 "https://www.ysfine.com/bio08.html" "Mozilla/5.0 (Windows NT 10.0; Win64; x64) AppleWebKit/537.36 (KHTML, like Gecko) Chrome/107.0.0.0 Safari/537.36 Edg/107.0.1418.35" "www.ysfine.com"
71.178.208.102 - - [09/Nov/2022:22:41:04 -0800] "GET /ewk86f.jpg HTTP/1.1" 404 88 "https://www.ysfine.com/bio08.html" "Mozilla/5.0 (Windows NT 10.0; Win64; x64) AppleWebKit/537.36 (KHTML, like Gecko) Chrome/107.0.0.0 Safari/537.36 Edg/107.0.1418.35" "www.ysfine.com"
71.178.208.102 - - [09/Nov/2022:22:41:04 -0800] "GET /princeton/sbtwein450.jpg HTTP/1.1" 404 88 "https://www.ysfine.com/bio08.html" "Mozilla/5.0 (Windows NT 10.0; Win64; x64) AppleWebKit/537.36 (KHTML, like Gecko) Chrome/107.0.0.0 Safari/537.36 Edg/107.0.1418.35" "www.ysfine.com"
71.178.208.102 - - [09/Nov/2022:22:41:04 -0800] "GET /o32inho22g.jpg HTTP/1.1" 404 88 "https://www.ysfine.com/bio08.html" "Mozilla/5.0 (Windows NT 10.0; Win64; x64) AppleWebKit/537.36 (KHTML, like Gecko) Chrome/107.0.0.0 Safari/537.36 Edg/107.0.1418.35" "www.ysfine.com"
71.178.208.102 - - [09/Nov/2022:22:41:04 -0800] "GET /wigner22d.jpg HTTP/1.1" 404 88 "https://www.ysfine.com/bio08.html" "Mozilla/5.0 (Windows NT 10.0; Win64; x64) AppleWebKit/537.36 (KHTML, like Gecko) Chrome/107.0.0.0 Safari/537.36 Edg/107.0.1418.35" "www.ysfine.com"
71.178.208.102 - - [09/Nov/2022:22:41:04 -0800] "GET /fotos/einhaus450.jpg HTTP/1.1" 200 65369 "https://www.ysfine.com/bio08.html" "Mozilla/5.0 (Windows NT 10.0; Win64; x64) AppleWebKit/537.36 (KHTML, like Gecko) Chrome/107.0.0.0 Safari/537.36 Edg/107.0.1418.35" "www.ysfine.com"
71.178.208.102 - - [09/Nov/2022:22:41:04 -0800] "GET /dirac/truck/truck18a.jpg HTTP/1.1" 200 78184 "https://www.ysfine.com/bio08.html" "Mozilla/5.0 (Windows NT 10.0; Win64; x64) AppleWebKit/537.36 (KHTML, like Gecko) Chrome/107.0.0.0 Safari/537.36 Edg/107.0.1418.35" "www.ysfine.com"
71.178.208.102 - - [09/Nov/2022:22:41:04 -0800] "GET /phys/parton77g.jpg HTTP/1.1" 404 88 "https://www.ysfine.com/bio08.html" "Mozilla/5.0 (Windows NT 10.0; Win64; x64) AppleWebKit/537.36 (KHTML, like Gecko) Chrome/107.0.0.0 Safari/537.36 Edg/107.0.1418.35" "www.ysfine.com"
71.178.208.102 - - [09/Nov/2022:22:41:04 -0800] "GET /wigner/michwight640.jpg HTTP/1.1" 404 88 "https://www.ysfine.com/bio08.html" "Mozilla/5.0 (Windows NT 10.0; Win64; x64) AppleWebKit/537.36 (KHTML, like Gecko) Chrome/107.0.0.0 Safari/537.36 Edg/107.0.1418.35" "www.ysfine.com"
71.178.208.102 - - [09/Nov/2022:22:41:04 -0800] "GET /einstein/einbohr55f.jpg HTTP/1.1" 200 155618 "https://www.ysfine.com/bio08.html" "Mozilla/5.0 (Windows NT 10.0; Win64; x64) AppleWebKit/537.36 (KHTML, like Gecko) Chrome/107.0.0.0 Safari/537.36 Edg/107.0.1418.35" "www.ysfine.com"
216.244.66.229 - - [09/Nov/2022:22:41:09 -0800] "GET /world/germany/hofbrau66.jpg HTTP/1.1" 200 115336 "-" "Mozilla/5.0 (compatible; DotBot/1.2; +https://opensiteexplorer.org/dotbot; help@moz.com)" "ysfine.com"
157.55.39.129 - - [09/Nov/2022:22:41:20 -0800] "GET /world/baltic/riga60.jpg HTTP/1.1" 200 93540 "-" "Mozilla/5.0 (compatible; bingbot/2.0; +http://www.bing.com/bingbot.htm)" "ysfine.com"
38.126.157.40 - - [09/Nov/2022:22:41:31 -0800] "GET /wdc/lincoln02b.jpg HTTP/1.1" 200 27630 "-" "Mozilla/5.0 (compatible; FemtosearchBot/1.0; http://femtosearch.com)" "ysfine.com"
38.126.157.40 - - [09/Nov/2022:22:41:31 -0800] "GET /newyork/macy12.jpg HTTP/1.1" 200 234423 "-" "Mozilla/5.0 (compatible; FemtosearchBot/1.0; http://femtosearch.com)" "ysfine.com"
38.126.157.40 - - [09/Nov/2022:22:41:31 -0800] "GET /style/beetho77.jpg HTTP/1.1" 200 96297 "-" "Mozilla/5.0 (compatible; FemtosearchBot/1.0; http://femtosearch.com)" "ysfine.com"
38.126.157.40 - - [09/Nov/2022:22:41:32 -0800] "GET /world/leipzig.html HTTP/1.1" 200 5731 "-" "Mozilla/5.0 (compatible; FemtosearchBot/1.0; http://femtosearch.com)" "ysfine.com"
38.126.157.40 - - [09/Nov/2022:22:41:37 -0800] "GET /wigner/wigsid.html HTTP/1.1" 404 88 "-" "Mozilla/5.0 (compatible; FemtosearchBot/1.0; http://femtosearch.com)" "ysfine.com"
38.126.157.40 - - [09/Nov/2022:22:41:37 -0800] "GET /wigner/wigtoll.jpg HTTP/1.1" 200 78629 "-" "Mozilla/5.0 (compatible; FemtosearchBot/1.0; http://femtosearch.com)" "ysfine.com"
38.126.157.40 - - [09/Nov/2022:22:41:37 -0800] "GET /wigner/wcoin11.jpg HTTP/1.1" 200 100707 "-" "Mozilla/5.0 (compatible; FemtosearchBot/1.0; http://femtosearch.com)" "ysfine.com"
38.126.157.40 - - [09/Nov/2022:22:41:37 -0800] "GET /style/nypops11.jpg HTTP/1.1" 200 310554 "-" "Mozilla/5.0 (compatible; FemtosearchBot/1.0; http://femtosearch.com)" "ysfine.com"
216.244.66.229 - - [09/Nov/2022:22:41:54 -0800] "GET /fbook/kor.html HTTP/1.1" 200 15063 "-" "Mozilla/5.0 (compatible; DotBot/1.2; +https://opensiteexplorer.org/dotbot; help@moz.com)" "ysfine.com"
40.77.51.81 - - [09/Nov/2022:22:42:04 -0800] "GET /sbk/2000rome05.jpg HTTP/1.1" 200 165708 "https://ysfine.com/sbk" "Mozilla/5.0 (Linux; Android 10; SM-G960U) AppleWebKit/537.36 (KHTML, like Gecko) Chrome/88.0.4324.181 Mobile Safari/537.36" "ysfine.com"
114.119.128.142 - - [09/Nov/2022:22:42:08 -0800] "GET /einstein/ulm.html HTTP/1.1" 200 6713 "https://www.ysfine.com/philo/keigel.html" "Mozilla/5.0 (Linux; Android 7.0;) AppleWebKit/537.36 (KHTML, like Gecko) Mobile Safari/537.36 (compatible; PetalBot;+https://webmaster.petalsearch.com/site/petalbot)" "www.ysfine.com"
40.77.167.27 - - [09/Nov/2022:22:42:08 -0800] "GET /world/scandi/sto031.jpg HTTP/1.1" 200 67994 "-" "Mozilla/5.0 (compatible; bingbot/2.0; +http://www.bing.com/bingbot.htm)" "ysfine.com"
40.77.167.27 - - [09/Nov/2022:22:42:09 -0800] "GET /princeton/costume.jpg HTTP/1.1" 200 166476 "-" "Mozilla/5.0 (compatible; bingbot/2.0; +http://www.bing.com/bingbot.htm)" "ysfine.com"
207.46.13.107 - - [09/Nov/2022:22:42:16 -0800] "GET /bio/style/leica.html HTTP/1.1" 404 88 "-" "Mozilla/5.0 (compatible; bingbot/2.0; +http://www.bing.com/bingbot.htm)" "ysfine.com"
71.178.208.102 - - [09/Nov/2022:22:42:18 -0800] "GET /bio08.html HTTP/1.1" 200 10643 "-" "Mozilla/5.0 (Windows NT 10.0; Win64; x64) AppleWebKit/537.36 (KHTML, like Gecko) Chrome/107.0.0.0 Safari/537.36 Edg/107.0.1418.35" "www.ysfine.com"
71.178.208.102 - - [09/Nov/2022:22:42:18 -0800] "GET /further22f.jpg HTTP/1.1" 404 88 "https://www.ysfine.com/bio08.html" "Mozilla/5.0 (Windows NT 10.0; Win64; x64) AppleWebKit/537.36 (KHTML, like Gecko) Chrome/107.0.0.0 Safari/537.36 Edg/107.0.1418.35" "www.ysfine.com"
71.178.208.102 - - [09/Nov/2022:22:42:18 -0800] "GET /ewk86f.jpg HTTP/1.1" 404 88 "https://www.ysfine.com/bio08.html" "Mozilla/5.0 (Windows NT 10.0; Win64; x64) AppleWebKit/537.36 (KHTML, like Gecko) Chrome/107.0.0.0 Safari/537.36 Edg/107.0.1418.35" "www.ysfine.com"
71.178.208.102 - - [09/Nov/2022:22:42:18 -0800] "GET /phys/parton77g.jpg HTTP/1.1" 404 88 "https://www.ysfine.com/bio08.html" "Mozilla/5.0 (Windows NT 10.0; Win64; x64) AppleWebKit/537.36 (KHTML, like Gecko) Chrome/107.0.0.0 Safari/537.36 Edg/107.0.1418.35" "www.ysfine.com"
71.178.208.102 - - [09/Nov/2022:22:42:18 -0800] "GET /wigner22d.jpg HTTP/1.1" 404 88 "https://www.ysfine.com/bio08.html" "Mozilla/5.0 (Windows NT 10.0; Win64; x64) AppleWebKit/537.36 (KHTML, like Gecko) Chrome/107.0.0.0 Safari/537.36 Edg/107.0.1418.35" "www.ysfine.com"
71.178.208.102 - - [09/Nov/2022:22:42:18 -0800] "GET /o32inho22g.jpg HTTP/1.1" 404 88 "https://www.ysfine.com/bio08.html" "Mozilla/5.0 (Windows NT 10.0; Win64; x64) AppleWebKit/537.36 (KHTML, like Gecko) Chrome/107.0.0.0 Safari/537.36 Edg/107.0.1418.35" "www.ysfine.com"
71.178.208.102 - - [09/Nov/2022:22:42:18 -0800] "GET /tollwig11d.jpg HTTP/1.1" 404 88 "https://www.ysfine.com/bio08.html" "Mozilla/5.0 (Windows NT 10.0; Win64; x64) AppleWebKit/537.36 (KHTML, like Gecko) Chrome/107.0.0.0 Safari/537.36 Edg/107.0.1418.35" "www.ysfine.com"
71.178.208.102 - - [09/Nov/2022:22:42:18 -0800] "GET /wigein11d.jpg HTTP/1.1" 404 88 "https://www.ysfine.com/bio08.html" "Mozilla/5.0 (Windows NT 10.0; Win64; x64) AppleWebKit/537.36 (KHTML, like Gecko) Chrome/107.0.0.0 Safari/537.36 Edg/107.0.1418.35" "www.ysfine.com"
71.178.208.102 - - [09/Nov/2022:22:42:18 -0800] "GET /comet40f.jpg HTTP/1.1" 404 88 "https://www.ysfine.com/bio08.html" "Mozilla/5.0 (Windows NT 10.0; Win64; x64) AppleWebKit/537.36 (KHTML, like Gecko) Chrome/107.0.0.0 Safari/537.36 Edg/107.0.1418.35" "www.ysfine.com"
71.178.208.102 - - [09/Nov/2022:22:42:18 -0800] "GET /princeton/sbtwein450.jpg HTTP/1.1" 404 88 "https://www.ysfine.com/bio08.html" "Mozilla/5.0 (Windows NT 10.0; Win64; x64) AppleWebKit/537.36 (KHTML, like Gecko) Chrome/107.0.0.0 Safari/537.36 Edg/107.0.1418.35" "www.ysfine.com"
71.178.208.102 - - [09/Nov/2022:22:42:18 -0800] "GET /wigner/michwight640.jpg HTTP/1.1" 404 88 "https://www.ysfine.com/bio08.html" "Mozilla/5.0 (Windows NT 10.0; Win64; x64) AppleWebKit/537.36 (KHTML, like Gecko) Chrome/107.0.0.0 Safari/537.36 Edg/107.0.1418.35" "www.ysfine.com"
216.244.66.229 - - [09/Nov/2022:22:42:23 -0800] "GET /world/france/champ1203.jpg HTTP/1.1" 200 126645 "-" "Mozilla/5.0 (compatible; DotBot/1.2; +https://opensiteexplorer.org/dotbot; help@moz.com)" "ysfine.com"
207.46.13.128 - - [09/Nov/2022:22:42:29 -0800] "GET /bio/feynman/fphoto.html HTTP/1.1" 404 88 "-" "Mozilla/5.0 (compatible; bingbot/2.0; +http://www.bing.com/bingbot.htm)" "ysfine.com"
71.178.208.102 - - [09/Nov/2022:22:42:31 -0800] "GET /yspapers/kno79.pdf HTTP/1.1" 200 176844 "https://www.ysfine.com/bio08.html" "Mozilla/5.0 (Windows NT 10.0; Win64; x64) AppleWebKit/537.36 (KHTML, like Gecko) Chrome/107.0.0.0 Safari/537.36 Edg/107.0.1418.35" "www.ysfine.com"
51.222.253.6 - - [09/Nov/2022:22:42:59 -0800] "GET /class54/class5470/total_data/sub_713.htm HTTP/1.1" 200 3294 "-" "Mozilla/5.0 (compatible; AhrefsBot/7.0; +http://ahrefs.com/robot/)" "ysfine.com"
216.244.66.229 - - [09/Nov/2022:22:43:08 -0800] "GET /world/russ/afanasiev01.jpg HTTP/1.1" 200 72839 "-" "Mozilla/5.0 (compatible; DotBot/1.2; +https://opensiteexplorer.org/dotbot; help@moz.com)" "ysfine.com"
51.222.253.16 - - [09/Nov/2022:22:43:08 -0800] "GET /class54/class5470/total_data/img/home_logo.gif HTTP/1.1" 200 4562 "-" "Mozilla/5.0 (compatible; AhrefsBot/7.0; +http://ahrefs.com/robot/)" "ysfine.com"
51.222.253.2 - - [09/Nov/2022:22:43:10 -0800] "GET /class54/class5470/total_data/refer_img/7-11_f.jpg HTTP/1.1" 200 28941 "-" "Mozilla/5.0 (compatible; AhrefsBot/7.0; +http://ahrefs.com/robot/)" "ysfine.com"
51.222.253.4 - - [09/Nov/2022:22:43:16 -0800] "GET /class54/class5470/total_data/refer_img/7-5_f.jpg HTTP/1.1" 200 31461 "-" "Mozilla/5.0 (compatible; AhrefsBot/7.0; +http://ahrefs.com/robot/)" "ysfine.com"
51.222.253.5 - - [09/Nov/2022:22:43:21 -0800] "GET /class54/class5470/total_data/refer_img/7-1_f.jpg HTTP/1.1" 200 38228 "-" "Mozilla/5.0 (compatible; AhrefsBot/7.0; +http://ahrefs.com/robot/)" "ysfine.com"
114.119.128.158 - - [09/Nov/2022:22:43:25 -0800] "GET /wigner/little11.pdf HTTP/1.1" 200 156821 "https://ysfine.com/wigner/wignobel.html" "Mozilla/5.0 (Linux; Android 7.0;) AppleWebKit/537.36 (KHTML, like Gecko) Mobile Safari/537.36 (compatible; PetalBot;+https://webmaster.petalsearch.com/site/petalbot)" "ysfine.com"
51.222.253.4 - - [09/Nov/2022:22:43:27 -0800] "GET /class54/class5470/total_data/refer_img/7-19_f.jpg HTTP/1.1" 200 39790 "-" "Mozilla/5.0 (compatible; AhrefsBot/7.0; +http://ahrefs.com/robot/)" "ysfine.com"
51.222.253.8 - - [09/Nov/2022:22:43:33 -0800] "GET /class54/class5470/total_data/refer_img/7-4_f.jpg HTTP/1.1" 200 32758 "-" "Mozilla/5.0 (compatible; AhrefsBot/7.0; +http://ahrefs.com/robot/)" "ysfine.com"
185.191.171.25 - - [09/Nov/2022:22:43:33 -0800] "GET /home/different.html HTTP/1.1" 200 2354 "-" "Mozilla/5.0 (compatible; SemrushBot/7~bl; +http://www.semrush.com/bot.html)" "www.ysfine.com"
51.222.253.4 - - [09/Nov/2022:22:43:38 -0800] "GET /class54/class5470/total_data/refer_img/7-10_f.jpg HTTP/1.1" 200 35634 "-" "Mozilla/5.0 (compatible; AhrefsBot/7.0; +http://ahrefs.com/robot/)" "ysfine.com"
51.222.253.17 - - [09/Nov/2022:22:43:44 -0800] "GET /class54/class5470/total_data/refer_img/7-2_f.jpg HTTP/1.1" 200 38080 "-" "Mozilla/5.0 (compatible; AhrefsBot/7.0; +http://ahrefs.com/robot/)" "ysfine.com"
216.244.66.229 - - [09/Nov/2022:22:43:49 -0800] "GET /kobak/namdae01.jpg HTTP/1.1" 200 234546 "-" "Mozilla/5.0 (compatible; DotBot/1.2; +https://opensiteexplorer.org/dotbot; help@moz.com)" "ysfine.com"
51.222.253.1 - - [09/Nov/2022:22:43:50 -0800] "GET /class54/class5470/total_data/img/menu08_on.gif HTTP/1.1" 200 813 "-" "Mozilla/5.0 (compatible; AhrefsBot/7.0; +http://ahrefs.com/robot/)" "ysfine.com"
51.222.253.20 - - [09/Nov/2022:22:43:55 -0800] "GET /class54/class5470/total_data/img/menu07_on.gif HTTP/1.1" 200 578 "-" "Mozilla/5.0 (compatible; AhrefsBot/7.0; +http://ahrefs.com/robot/)" "ysfine.com"
51.222.253.8 - - [09/Nov/2022:22:43:56 -0800] "GET /class54/class5470/total_data/refer_img/7-14_f.jpg HTTP/1.1" 200 50299 "-" "Mozilla/5.0 (compatible; AhrefsBot/7.0; +http://ahrefs.com/robot/)" "ysfine.com"
51.222.253.9 - - [09/Nov/2022:22:44:01 -0800] "GET /class54/class5470/total_data/refer_img/7-9_f.jpg HTTP/1.1" 200 37291 "-" "Mozilla/5.0 (compatible; AhrefsBot/7.0; +http://ahrefs.com/robot/)" "ysfine.com"
51.222.253.10 - - [09/Nov/2022:22:44:07 -0800] "GET /class54/class5470/total_data/refer_img/7-13_f.jpg HTTP/1.1" 200 36053 "-" "Mozilla/5.0 (compatible; AhrefsBot/7.0; +http://ahrefs.com/robot/)" "ysfine.com"
71.178.208.102 - - [09/Nov/2022:22:44:13 -0800] "GET /bio08.html HTTP/1.1" 200 10643 "-" "Mozilla/5.0 (Windows NT 10.0; Win64; x64; rv:106.0) Gecko/20100101 Firefox/106.0" "ysfine.com"
71.178.208.102 - - [09/Nov/2022:22:44:13 -0800] "GET /fotos/einmu41d.jpg HTTP/1.1" 200 62005 "https://ysfine.com/bio08.html" "Mozilla/5.0 (Windows NT 10.0; Win64; x64; rv:106.0) Gecko/20100101 Firefox/106.0" "ysfine.com"
71.178.208.102 - - [09/Nov/2022:22:44:13 -0800] "GET /home/sbt11d.jpg HTTP/1.1" 200 41029 "https://ysfine.com/bio08.html" "Mozilla/5.0 (Windows NT 10.0; Win64; x64; rv:106.0) Gecko/20100101 Firefox/106.0" "ysfine.com"
71.178.208.102 - - [09/Nov/2022:22:44:13 -0800] "GET /home/wigkim450.jpg HTTP/1.1" 200 46980 "https://ysfine.com/bio08.html" "Mozilla/5.0 (Windows NT 10.0; Win64; x64; rv:106.0) Gecko/20100101 Firefox/106.0" "ysfine.com"
71.178.208.102 - - [09/Nov/2022:22:44:13 -0800] "GET /tollwig11d.jpg HTTP/1.1" 404 88 "https://ysfine.com/bio08.html" "Mozilla/5.0 (Windows NT 10.0; Win64; x64; rv:106.0) Gecko/20100101 Firefox/106.0" "ysfine.com"
71.178.208.102 - - [09/Nov/2022:22:44:13 -0800] "GET /wigner/michwight640.jpg HTTP/1.1" 404 88 "https://ysfine.com/bio08.html" "Mozilla/5.0 (Windows NT 10.0; Win64; x64; rv:106.0) Gecko/20100101 Firefox/106.0" "ysfine.com"
71.178.208.102 - - [09/Nov/2022:22:44:13 -0800] "GET /wigner22d.jpg HTTP/1.1" 404 88 "https://ysfine.com/bio08.html" "Mozilla/5.0 (Windows NT 10.0; Win64; x64; rv:106.0) Gecko/20100101 Firefox/106.0" "ysfine.com"
71.178.208.102 - - [09/Nov/2022:22:44:13 -0800] "GET /wigein11d.jpg HTTP/1.1" 404 88 "https://ysfine.com/bio08.html" "Mozilla/5.0 (Windows NT 10.0; Win64; x64; rv:106.0) Gecko/20100101 Firefox/106.0" "ysfine.com"
71.178.208.102 - - [09/Nov/2022:22:44:13 -0800] "GET /further22f.jpg HTTP/1.1" 404 88 "https://ysfine.com/bio08.html" "Mozilla/5.0 (Windows NT 10.0; Win64; x64; rv:106.0) Gecko/20100101 Firefox/106.0" "ysfine.com"
71.178.208.102 - - [09/Nov/2022:22:44:13 -0800] "GET /ewk86f.jpg HTTP/1.1" 404 88 "https://ysfine.com/bio08.html" "Mozilla/5.0 (Windows NT 10.0; Win64; x64; rv:106.0) Gecko/20100101 Firefox/106.0" "ysfine.com"
71.178.208.102 - - [09/Nov/2022:22:44:13 -0800] "GET /einstein/einbohr55f.jpg HTTP/1.1" 200 155618 "https://ysfine.com/bio08.html" "Mozilla/5.0 (Windows NT 10.0; Win64; x64; rv:106.0) Gecko/20100101 Firefox/106.0" "ysfine.com"
71.178.208.102 - - [09/Nov/2022:22:44:13 -0800] "GET /phys/parton77g.jpg HTTP/1.1" 404 88 "https://ysfine.com/bio08.html" "Mozilla/5.0 (Windows NT 10.0; Win64; x64; rv:106.0) Gecko/20100101 Firefox/106.0" "ysfine.com"
71.178.208.102 - - [09/Nov/2022:22:44:13 -0800] "GET /princeton/sbtwein450.jpg HTTP/1.1" 404 88 "https://ysfine.com/bio08.html" "Mozilla/5.0 (Windows NT 10.0; Win64; x64; rv:106.0) Gecko/20100101 Firefox/106.0" "ysfine.com"
71.178.208.102 - - [09/Nov/2022:22:44:13 -0800] "GET /fotos/einhaus450.jpg HTTP/1.1" 200 65369 "https://ysfine.com/bio08.html" "Mozilla/5.0 (Windows NT 10.0; Win64; x64; rv:106.0) Gecko/20100101 Firefox/106.0" "ysfine.com"
71.178.208.102 - - [09/Nov/2022:22:44:13 -0800] "GET /o32inho22g.jpg HTTP/1.1" 404 88 "https://ysfine.com/bio08.html" "Mozilla/5.0 (Windows NT 10.0; Win64; x64; rv:106.0) Gecko/20100101 Firefox/106.0" "ysfine.com"
71.178.208.102 - - [09/Nov/2022:22:44:13 -0800] "GET /comet40f.jpg HTTP/1.1" 404 88 "https://ysfine.com/bio08.html" "Mozilla/5.0 (Windows NT 10.0; Win64; x64; rv:106.0) Gecko/20100101 Firefox/106.0" "ysfine.com"
71.178.208.102 - - [09/Nov/2022:22:44:13 -0800] "GET /dirac/truck/truck18a.jpg HTTP/1.1" 200 78184 "https://ysfine.com/bio08.html" "Mozilla/5.0 (Windows NT 10.0; Win64; x64; rv:106.0) Gecko/20100101 Firefox/106.0" "ysfine.com"
51.222.253.20 - - [09/Nov/2022:22:44:18 -0800] "GET /class54/class5470/total_data/img/menu06_on.gif HTTP/1.1" 200 624 "-" "Mozilla/5.0 (compatible; AhrefsBot/7.0; +http://ahrefs.com/robot/)" "ysfine.com"
51.222.253.4 - - [09/Nov/2022:22:44:19 -0800] "GET /class54/class5470/total_data/img/menu05_on.gif HTTP/1.1" 200 691 "-" "Mozilla/5.0 (compatible; AhrefsBot/7.0; +http://ahrefs.com/robot/)" "ysfine.com"
51.222.253.14 - - [09/Nov/2022:22:44:24 -0800] "GET /class54/class5470/total_data/refer_img/7-17_f.jpg HTTP/1.1" 200 34347 "-" "Mozilla/5.0 (compatible; AhrefsBot/7.0; +http://ahrefs.com/robot/)" "ysfine.com"
51.222.253.5 - - [09/Nov/2022:22:44:30 -0800] "GET /class54/class5470/total_data/photo_img/7-13.jpg HTTP/1.1" 200 258237 "-" "Mozilla/5.0 (compatible; AhrefsBot/7.0; +http://ahrefs.com/robot/)" "ysfine.com"
20.106.27.173 - - [09/Nov/2022:22:44:35 -0800] "GET /world/eve/molda06b.jpg HTTP/1.1" 404 88 "http://ysfine.com/world/eve" "Mozilla/5.0 (X11; Linux x86_64) AppleWebKit/537.36 (KHTML, like Gecko) Chrome/74.0.3729.169 Safari/537.36" "ysfine.com"
51.222.253.4 - - [09/Nov/2022:22:44:38 -0800] "GET /class54/class5470/total_data/images/mb.css HTTP/1.1" 404 88 "-" "Mozilla/5.0 (compatible; AhrefsBot/7.0; +http://ahrefs.com/robot/)" "ysfine.com"
71.178.208.102 - - [09/Nov/2022:22:44:38 -0800] "GET /yspapers/kno79.pdf HTTP/1.1" 200 176844 "https://ysfine.com/bio08.html" "Mozilla/5.0 (Windows NT 10.0; Win64; x64; rv:106.0) Gecko/20100101 Firefox/106.0" "ysfine.com"
51.222.253.11 - - [09/Nov/2022:22:44:38 -0800] "GET /class54/class5470/total_data/refer_img/7-15_f.jpg HTTP/1.1" 200 39568 "-" "Mozilla/5.0 (compatible; AhrefsBot/7.0; +http://ahrefs.com/robot/)" "ysfine.com"
216.244.66.229 - - [09/Nov/2022:22:44:40 -0800] "GET /newyork/radioci10.jpg HTTP/1.1" 200 113050 "-" "Mozilla/5.0 (compatible; DotBot/1.2; +https://opensiteexplorer.org/dotbot; help@moz.com)" "ysfine.com"
71.178.208.102 - - [09/Nov/2022:22:44:41 -0800] "GET /yspapers/kno79.pdf HTTP/1.1" 200 176844 "https://ysfine.com/bio08.html" "Mozilla/5.0 (Windows NT 10.0; Win64; x64; rv:106.0) Gecko/20100101 Firefox/106.0" "ysfine.com"
51.222.253.8 - - [09/Nov/2022:22:44:44 -0800] "GET /class54/class5470/total_data/img/menu03_on.gif HTTP/1.1" 200 600 "-" "Mozilla/5.0 (compatible; AhrefsBot/7.0; +http://ahrefs.com/robot/)" "ysfine.com"
51.222.253.8 - - [09/Nov/2022:22:44:44 -0800] "GET /class54/class5470/total_data/refer_img/7-12_f.jpg HTTP/1.1" 200 38801 "-" "Mozilla/5.0 (compatible; AhrefsBot/7.0; +http://ahrefs.com/robot/)" "ysfine.com"
114.119.128.162 - - [09/Nov/2022:22:44:49 -0800] "GET /class54/class5470/total_data/sub_139.htm HTTP/1.1" 200 3290 "https://ysfine.com/class54/class5470/total_data/sub_147.htm" "Mozilla/5.0 (Linux; Android 7.0;) AppleWebKit/537.36 (KHTML, like Gecko) Mobile Safari/537.36 (compatible; PetalBot;+https://webmaster.petalsearch.com/site/petalbot)" "ysfine.com"
51.222.253.16 - - [09/Nov/2022:22:44:50 -0800] "GET /class54/class5470/total_data/img/menu04_on.gif HTTP/1.1" 200 813 "-" "Mozilla/5.0 (compatible; AhrefsBot/7.0; +http://ahrefs.com/robot/)" "ysfine.com"
40.86.101.252 - - [09/Nov/2022:22:44:51 -0800] "GET /world/scandi/copenf07.jpg HTTP/1.1" 200 103674 "https://ysfine.com/world/scandi" "Mozilla/5.0 (Linux; Android 10; SM-G960U) AppleWebKit/537.36 (KHTML, like Gecko) Chrome/88.0.4324.181 Mobile Safari/537.36" "ysfine.com"
51.222.253.17 - - [09/Nov/2022:22:44:55 -0800] "GET /class54/class5470/total_data/refer_img/7-3_f.jpg HTTP/1.1" 200 38715 "-" "Mozilla/5.0 (compatible; AhrefsBot/7.0; +http://ahrefs.com/robot/)" "ysfine.com"
40.122.227.201 - - [09/Nov/2022:22:45:00 -0800] "GET /world/hungary/buda105b.jpg HTTP/1.1" 200 37619 "http://ysfine.com/world/hungary" "Mozilla/5.0 (Linux; Android 10; SM-G960U) AppleWebKit/537.36 (KHTML, like Gecko) Chrome/88.0.4324.181 Mobile Safari/537.36" "ysfine.com"
51.222.253.3 - - [09/Nov/2022:22:45:01 -0800] "GET /class54/class5470/total_data/refer_img/7-6_f.jpg HTTP/1.1" 200 53242 "-" "Mozilla/5.0 (compatible; AhrefsBot/7.0; +http://ahrefs.com/robot/)" "ysfine.com"
51.222.253.2 - - [09/Nov/2022:22:45:07 -0800] "GET /class54/class5470/total_data/refer_img/7-16_f.jpg HTTP/1.1" 200 32695 "-" "Mozilla/5.0 (compatible; AhrefsBot/7.0; +http://ahrefs.com/robot/)" "ysfine.com"
51.222.253.2 - - [09/Nov/2022:22:45:13 -0800] "GET /class54/class5470/total_data/img/bottom_title.gif HTTP/1.1" 200 14467 "-" "Mozilla/5.0 (compatible; AhrefsBot/7.0; +http://ahrefs.com/robot/)" "ysfine.com"
51.222.253.9 - - [09/Nov/2022:22:45:18 -0800] "GET /class54/class5470/total_data/refer_img/7-18_f.jpg HTTP/1.1" 200 32493 "-" "Mozilla/5.0 (compatible; AhrefsBot/7.0; +http://ahrefs.com/robot/)" "ysfine.com"
40.122.227.202 - - [09/Nov/2022:22:45:20 -0800] "GET /home/figs/waskor042d.jpg HTTP/1.1" 200 43502 "https://ysfine.com/home/figs" "Mozilla/5.0 (Macintosh; Intel Mac OS X 10_11_6) AppleWebKit/605.1.15 (KHTML, like Gecko) Version/11.1.2 Safari/605.1.15" "ysfine.com"
51.222.253.10 - - [09/Nov/2022:22:45:24 -0800] "GET /class54/class5470/total_data/refer_img/7-20_f.jpg HTTP/1.1" 200 40256 "-" "Mozilla/5.0 (compatible; AhrefsBot/7.0; +http://ahrefs.com/robot/)" "ysfine.com"
51.222.253.14 - - [09/Nov/2022:22:45:30 -0800] "GET /class54/class5470/total_data/img/menu01_on.gif HTTP/1.1" 200 688 "-" "Mozilla/5.0 (compatible; AhrefsBot/7.0; +http://ahrefs.com/robot/)" "ysfine.com"
216.244.66.229 - - [09/Nov/2022:22:45:31 -0800] "GET /newyork/trump35.jpg HTTP/1.1" 200 100732 "-" "Mozilla/5.0 (compatible; DotBot/1.2; +https://opensiteexplorer.org/dotbot; help@moz.com)" "ysfine.com"
51.222.253.3 - - [09/Nov/2022:22:45:35 -0800] "GET /class54/class5470/total_data/img/menu02_on.gif HTTP/1.1" 200 782 "-" "Mozilla/5.0 (compatible; AhrefsBot/7.0; +http://ahrefs.com/robot/)" "ysfine.com"
71.178.208.102 - - [09/Nov/2022:22:45:38 -0800] "GET /wigner/michwight.jpg HTTP/1.1" 200 73424 "https://ysfine.com/bio08.html" "Mozilla/5.0 (Windows NT 10.0; Win64; x64; rv:106.0) Gecko/20100101 Firefox/106.0" "ysfine.com"
