38.126.157.40 - - [09/Nov/2022:20:15:01 -0800] "GET /articles/kim89.pdf HTTP/1.1" 401 90 "-" "Mozilla/5.0 (compatible; FemtosearchBot/1.0; http://femtosearch.com)" "ysfine.com"
38.126.157.40 - - [09/Nov/2022:20:15:01 -0800] "GET /usca/norl/fm11.jpg HTTP/1.1" 200 122569 "-" "Mozilla/5.0 (compatible; FemtosearchBot/1.0; http://femtosearch.com)" "ysfine.com"
38.126.157.40 - - [09/Nov/2022:20:15:01 -0800] "GET /kobak/underw09.jpg HTTP/1.1" 200 103708 "-" "Mozilla/5.0 (compatible; FemtosearchBot/1.0; http://femtosearch.com)" "ysfine.com"
38.126.157.40 - - [09/Nov/2022:20:15:01 -0800] "GET /wigner/lunch91.jpg HTTP/1.1" 200 255571 "-" "Mozilla/5.0 (compatible; FemtosearchBot/1.0; http://femtosearch.com)" "ysfine.com"
216.244.66.229 - - [09/Nov/2022:20:15:04 -0800] "GET /world/ital/lascala08.jpg HTTP/1.1" 200 148073 "-" "Mozilla/5.0 (compatible; DotBot/1.2; +https://opensiteexplorer.org/dotbot; help@moz.com)" "ysfine.com"
192.99.160.200 - - [09/Nov/2022:20:15:11 -0800] "GET /class54/class5480/Pictures/2.%C3%AA%C2%B8%C2%B0%C3%AB%C2%85%C2%90%C3%AD%C2%96%C2%89%C3%AC%C2%82%C2%AC/%C3%AA%C2%B8%C2%B0%C3%AB%C2%85%C2%90%C3%AD%C2%96%C2%89%C3%AC%C2%82%C2%AC%20(97).jpg HTTP/1.1" 200 3376923 "-" "Mozilla/5.0 (compatible; MJ12bot/v1.4.8; http://mj12bot.com/)" "ysfine.com"
192.99.160.200 - - [09/Nov/2022:20:15:22 -0800] "GET /class54/class5480/Pictures/2.%C3%AA%C2%B8%C2%B0%C3%AB%C2%85%C2%90%C3%AD%C2%96%C2%89%C3%AC%C2%82%C2%AC/%C3%AA%C2%B8%C2%B0%C3%AB%C2%85%C2%90%C3%AD%C2%96%C2%89%C3%AC%C2%82%C2%AC%20(98).jpg HTTP/1.1" 200 2897914 "-" "Mozilla/5.0 (compatible; MJ12bot/v1.4.8; http://mj12bot.com/)" "ysfine.com"
51.222.253.4 - - [09/Nov/2022:20:15:32 -0800] "GET /class54/class5470/total_data/sub_8145.htm HTTP/1.1" 200 3519 "-" "Mozilla/5.0 (compatible; AhrefsBot/7.0; +http://ahrefs.com/robot/)" "www.ysfine.com"
192.99.160.200 - - [09/Nov/2022:20:15:36 -0800] "GET /class54/class5480/Pictures/2.%C3%AA%C2%B8%C2%B0%C3%AB%C2%85%C2%90%C3%AD%C2%96%C2%89%C3%AC%C2%82%C2%AC/%C3%AA%C2%B8%C2%B0%C3%AB%C2%85%C2%90%C3%AD%C2%96%C2%89%C3%AC%C2%82%C2%AC%20(99).jpg HTTP/1.1" 200 2647717 "-" "Mozilla/5.0 (compatible; MJ12bot/v1.4.8; http://mj12bot.com/)" "ysfine.com"
51.222.253.8 - - [09/Nov/2022:20:15:39 -0800] "GET /class54/class5470/total_data/photo_img/8-145.jpg HTTP/1.1" 200 207663 "-" "Mozilla/5.0 (compatible; AhrefsBot/7.0; +http://ahrefs.com/robot/)" "www.ysfine.com"
51.222.253.10 - - [09/Nov/2022:20:15:47 -0800] "GET /class54/class5470/total_data/img/08_smtitle143.gif HTTP/1.1" 200 563 "-" "Mozilla/5.0 (compatible; AhrefsBot/7.0; +http://ahrefs.com/robot/)" "www.ysfine.com"
216.244.66.229 - - [09/Nov/2022:20:15:54 -0800] "GET /world/ital/milan011.jpg HTTP/1.1" 200 103984 "-" "Mozilla/5.0 (compatible; DotBot/1.2; +https://opensiteexplorer.org/dotbot; help@moz.com)" "ysfine.com"
192.99.160.200 - - [09/Nov/2022:20:16:01 -0800] "GET /class54/class5480/Pictures/4.%C3%AA%C2%B8%C2%B0%C3%AB%C2%85%C2%90%C3%AC%C2%B4%C2%AC%C3%AC%C2%98%C2%81/%C3%AA%C2%B8%C2%B0%C3%AB%C2%85%C2%90%C3%AC%C2%B4%C2%AC%C3%AC%C2%98%C2%81%20(1).jpg HTTP/1.1" 200 9230131 "-" "Mozilla/5.0 (compatible; MJ12bot/v1.4.8; http://mj12bot.com/)" "ysfine.com"
207.46.13.107 - - [09/Nov/2022:20:16:02 -0800] "GET /class54/class5470/total_data/refer_img/2-13_f.jpg HTTP/1.1" 200 21521 "-" "Mozilla/5.0 (compatible; bingbot/2.0; +http://www.bing.com/bingbot.htm)" "ysfine.com"
192.99.160.200 - - [09/Nov/2022:20:16:14 -0800] "GET /class54/class5480/Pictures/4.%C3%AA%C2%B8%C2%B0%C3%AB%C2%85%C2%90%C3%AC%C2%B4%C2%AC%C3%AC%C2%98%C2%81/%C3%AA%C2%B8%C2%B0%C3%AB%C2%85%C2%90%C3%AC%C2%B4%C2%AC%C3%AC%C2%98%C2%81%20(10).jpg HTTP/1.1" 200 9503000 "-" "Mozilla/5.0 (compatible; MJ12bot/v1.4.8; http://mj12bot.com/)" "ysfine.com"
192.99.160.200 - - [09/Nov/2022:20:16:30 -0800] "GET /class54/class5480/Pictures/4.%C3%AA%C2%B8%C2%B0%C3%AB%C2%85%C2%90%C3%AC%C2%B4%C2%AC%C3%AC%C2%98%C2%81/%C3%AA%C2%B8%C2%B0%C3%AB%C2%85%C2%90%C3%AC%C2%B4%C2%AC%C3%AC%C2%98%C2%81%20(11).jpg HTTP/1.1" 200 9094175 "-" "Mozilla/5.0 (compatible; MJ12bot/v1.4.8; http://mj12bot.com/)" "ysfine.com"
51.222.253.15 - - [09/Nov/2022:20:16:35 -0800] "GET /class54/class5470/total_data/sub_8150.htm HTTP/1.1" 200 3510 "-" "Mozilla/5.0 (compatible; AhrefsBot/7.0; +http://ahrefs.com/robot/)" "www.ysfine.com"
216.244.66.229 - - [09/Nov/2022:20:16:37 -0800] "GET /world/ital/padova12.jpg HTTP/1.1" 200 93113 "-" "Mozilla/5.0 (compatible; DotBot/1.2; +https://opensiteexplorer.org/dotbot; help@moz.com)" "ysfine.com"
51.222.253.10 - - [09/Nov/2022:20:16:43 -0800] "GET /class54/class5470/total_data/photo_img/8-150.jpg HTTP/1.1" 200 225352 "-" "Mozilla/5.0 (compatible; AhrefsBot/7.0; +http://ahrefs.com/robot/)" "www.ysfine.com"
192.99.160.200 - - [09/Nov/2022:20:16:48 -0800] "GET /class54/class5480/Pictures/4.%C3%AA%C2%B8%C2%B0%C3%AB%C2%85%C2%90%C3%AC%C2%B4%C2%AC%C3%AC%C2%98%C2%81/%C3%AA%C2%B8%C2%B0%C3%AB%C2%85%C2%90%C3%AC%C2%B4%C2%AC%C3%AC%C2%98%C2%81%20(12).jpg HTTP/1.1" 200 8633085 "-" "Mozilla/5.0 (compatible; MJ12bot/v1.4.8; http://mj12bot.com/)" "ysfine.com"
207.46.13.107 - - [09/Nov/2022:20:16:54 -0800] "GET /kobak/underw08b.jpg HTTP/1.1" 200 48993 "-" "Mozilla/5.0 AppleWebKit/537.36 (KHTML, like Gecko; compatible; bingbot/2.0; +http://www.bing.com/bingbot.htm) Chrome/103.0.5060.134 Safari/537.36" "www.ysfine.com"
192.99.160.200 - - [09/Nov/2022:20:17:06 -0800] "GET /class54/class5480/Pictures/4.%C3%AA%C2%B8%C2%B0%C3%AB%C2%85%C2%90%C3%AC%C2%B4%C2%AC%C3%AC%C2%98%C2%81/%C3%AA%C2%B8%C2%B0%C3%AB%C2%85%C2%90%C3%AC%C2%B4%C2%AC%C3%AC%C2%98%C2%81%20(13).jpg HTTP/1.1" 200 10162390 "-" "Mozilla/5.0 (compatible; MJ12bot/v1.4.8; http://mj12bot.com/)" "ysfine.com"
66.249.69.69 - - [09/Nov/2022:20:17:11 -0800] "GET /world/scandi/wignob05.jpg HTTP/1.1" 200 68401 "-" "Googlebot-Image/1.0" "ysfine.com"
192.99.160.200 - - [09/Nov/2022:20:17:20 -0800] "GET /class54/class5480/Pictures/4.%C3%AA%C2%B8%C2%B0%C3%AB%C2%85%C2%90%C3%AC%C2%B4%C2%AC%C3%AC%C2%98%C2%81/%C3%AA%C2%B8%C2%B0%C3%AB%C2%85%C2%90%C3%AC%C2%B4%C2%AC%C3%AC%C2%98%C2%81%20(14).jpg HTTP/1.1" 200 10854631 "-" "Mozilla/5.0 (compatible; MJ12bot/v1.4.8; http://mj12bot.com/)" "ysfine.com"
20.29.110.168 - - [09/Nov/2022:20:17:23 -0800] "GET /home/dirackn55f.jpg HTTP/1.1" 200 107407 "https://ysfine.com/home" "Mozilla/5.0 (iPhone; CPU iPhone OS 13_5_1 like Mac OS X) AppleWebKit/605.1.15 (KHTML, like Gecko) Version/13.1.1 Mobile/15E148 Safari/604.1" "ysfine.com"
216.244.66.229 - - [09/Nov/2022:20:17:26 -0800] "GET /world/ital/palat07.jpg HTTP/1.1" 200 128877 "-" "Mozilla/5.0 (compatible; DotBot/1.2; +https://opensiteexplorer.org/dotbot; help@moz.com)" "ysfine.com"
51.222.253.6 - - [09/Nov/2022:20:17:26 -0800] "GET /class54/class5470/total_data/sub_8152.htm HTTP/1.1" 200 3510 "-" "Mozilla/5.0 (compatible; AhrefsBot/7.0; +http://ahrefs.com/robot/)" "www.ysfine.com"
192.99.160.200 - - [09/Nov/2022:20:17:38 -0800] "GET /class54/class5480/Pictures/4.%C3%AA%C2%B8%C2%B0%C3%AB%C2%85%C2%90%C3%AC%C2%B4%C2%AC%C3%AC%C2%98%C2%81/%C3%AA%C2%B8%C2%B0%C3%AB%C2%85%C2%90%C3%AC%C2%B4%C2%AC%C3%AC%C2%98%C2%81%20(15).jpg HTTP/1.1" 200 9859393 "-" "Mozilla/5.0 (compatible; MJ12bot/v1.4.8; http://mj12bot.com/)" "ysfine.com"
172.58.6.243 - - [09/Nov/2022:20:17:44 -0800] "GET /world/poland/polstu13.jpg HTTP/1.1" 200 105551 "-" "Mozilla/5.0 (iPhone; CPU iPhone OS 15_6_1 like Mac OS X) AppleWebKit/605.1.15 (KHTML, like Gecko) Version/15.6.1 Mobile/15E148 Safari/604.1" "ysfine.com"
157.55.39.129 - - [09/Nov/2022:20:17:49 -0800] "GET /ysbio/class54/tallm07.pdf HTTP/1.1" 404 88 "-" "Mozilla/5.0 (compatible; bingbot/2.0; +http://www.bing.com/bingbot.htm)" "ysfine.com"
157.55.39.129 - - [09/Nov/2022:20:17:50 -0800] "GET /ysbio/folks/latinam.html HTTP/1.1" 404 88 "-" "Mozilla/5.0 (compatible; bingbot/2.0; +http://www.bing.com/bingbot.htm)" "ysfine.com"
192.99.160.200 - - [09/Nov/2022:20:17:50 -0800] "GET /class54/class5480/Pictures/4.%C3%AA%C2%B8%C2%B0%C3%AB%C2%85%C2%90%C3%AC%C2%B4%C2%AC%C3%AC%C2%98%C2%81/%C3%AA%C2%B8%C2%B0%C3%AB%C2%85%C2%90%C3%AC%C2%B4%C2%AC%C3%AC%C2%98%C2%81%20(16).jpg HTTP/1.1" 200 8977620 "-" "Mozilla/5.0 (compatible; MJ12bot/v1.4.8; http://mj12bot.com/)" "ysfine.com"
185.191.171.3 - - [09/Nov/2022:20:17:56 -0800] "GET /ysbio/world/polandk.html HTTP/1.1" 404 88 "-" "Mozilla/5.0 (compatible; SemrushBot/7~bl; +http://www.semrush.com/bot.html)" "www.ysfine.com"
216.244.66.229 - - [09/Nov/2022:20:17:58 -0800] "GET /world/ital/rome040.jpg HTTP/1.1" 200 78659 "-" "Mozilla/5.0 (compatible; DotBot/1.2; +https://opensiteexplorer.org/dotbot; help@moz.com)" "ysfine.com"
192.99.160.200 - - [09/Nov/2022:20:18:18 -0800] "GET /class54/class5480/Pictures/4.%C3%AA%C2%B8%C2%B0%C3%AB%C2%85%C2%90%C3%AC%C2%B4%C2%AC%C3%AC%C2%98%C2%81/%C3%AA%C2%B8%C2%B0%C3%AB%C2%85%C2%90%C3%AC%C2%B4%C2%AC%C3%AC%C2%98%C2%81%20(17).jpg HTTP/1.1" 200 8880857 "-" "Mozilla/5.0 (compatible; MJ12bot/v1.4.8; http://mj12bot.com/)" "ysfine.com"
51.222.253.12 - - [09/Nov/2022:20:18:19 -0800] "GET /class54/class5470/total_data/sub_8139.htm HTTP/1.1" 200 3511 "-" "Mozilla/5.0 (compatible; AhrefsBot/7.0; +http://ahrefs.com/robot/)" "www.ysfine.com"
183.176.157.19 - - [09/Nov/2022:20:18:23 -0800] "GET /world/baltic/tallin34.jpg HTTP/1.1" 200 359489 "https://www.bing.com/" "Mozilla/5.0 (Windows NT 10.0; Win64; x64) AppleWebKit/537.36 (KHTML, like Gecko) Chrome/107.0.0.0 Safari/537.36 Edg/107.0.1418.35" "www.ysfine.com"
51.222.253.5 - - [09/Nov/2022:20:18:25 -0800] "GET /class54/class5470/total_data/photo_img/8-139.jpg HTTP/1.1" 200 267788 "-" "Mozilla/5.0 (compatible; AhrefsBot/7.0; +http://ahrefs.com/robot/)" "www.ysfine.com"
216.244.66.229 - - [09/Nov/2022:20:18:28 -0800] "GET /world/ital/romef103.jpg HTTP/1.1" 200 104167 "-" "Mozilla/5.0 (compatible; DotBot/1.2; +https://opensiteexplorer.org/dotbot; help@moz.com)" "ysfine.com"
192.99.160.200 - - [09/Nov/2022:20:18:32 -0800] "GET /class54/class5480/Pictures/4.%C3%AA%C2%B8%C2%B0%C3%AB%C2%85%C2%90%C3%AC%C2%B4%C2%AC%C3%AC%C2%98%C2%81/%C3%AA%C2%B8%C2%B0%C3%AB%C2%85%C2%90%C3%AC%C2%B4%C2%AC%C3%AC%C2%98%C2%81%20(18).jpg HTTP/1.1" 200 8705986 "-" "Mozilla/5.0 (compatible; MJ12bot/v1.4.8; http://mj12bot.com/)" "ysfine.com"
192.99.160.200 - - [09/Nov/2022:20:18:40 -0800] "GET /class54/class5480/Pictures/4.%C3%AA%C2%B8%C2%B0%C3%AB%C2%85%C2%90%C3%AC%C2%B4%C2%AC%C3%AC%C2%98%C2%81/%C3%AA%C2%B8%C2%B0%C3%AB%C2%85%C2%90%C3%AC%C2%B4%C2%AC%C3%AC%C2%98%C2%81%20(19).jpg HTTP/1.1" 200 8824252 "-" "Mozilla/5.0 (compatible; MJ12bot/v1.4.8; http://mj12bot.com/)" "ysfine.com"
192.99.160.200 - - [09/Nov/2022:20:18:55 -0800] "GET /class54/class5480/Pictures/4.%C3%AA%C2%B8%C2%B0%C3%AB%C2%85%C2%90%C3%AC%C2%B4%C2%AC%C3%AC%C2%98%C2%81/%C3%AA%C2%B8%C2%B0%C3%AB%C2%85%C2%90%C3%AC%C2%B4%C2%AC%C3%AC%C2%98%C2%81%20(2).jpg HTTP/1.1" 200 9549520 "-" "Mozilla/5.0 (compatible; MJ12bot/v1.4.8; http://mj12bot.com/)" "ysfine.com"
216.244.66.229 - - [09/Nov/2022:20:19:07 -0800] "GET /world/ital/termini03.jpg HTTP/1.1" 200 107130 "-" "Mozilla/5.0 (compatible; DotBot/1.2; +https://opensiteexplorer.org/dotbot; help@moz.com)" "ysfine.com"
51.222.253.5 - - [09/Nov/2022:20:19:18 -0800] "GET /class54/class5470/total_data/sub_8153.htm HTTP/1.1" 200 3498 "-" "Mozilla/5.0 (compatible; AhrefsBot/7.0; +http://ahrefs.com/robot/)" "www.ysfine.com"
192.99.160.200 - - [09/Nov/2022:20:19:19 -0800] "GET /class54/class5480/Pictures/4.%C3%AA%C2%B8%C2%B0%C3%AB%C2%85%C2%90%C3%AC%C2%B4%C2%AC%C3%AC%C2%98%C2%81/%C3%AA%C2%B8%C2%B0%C3%AB%C2%85%C2%90%C3%AC%C2%B4%C2%AC%C3%AC%C2%98%C2%81%20(20).jpg HTTP/1.1" 200 8639091 "-" "Mozilla/5.0 (compatible; MJ12bot/v1.4.8; http://mj12bot.com/)" "ysfine.com"
216.244.66.229 - - [09/Nov/2022:20:19:42 -0800] "GET /world/ital/vatican57.jpg HTTP/1.1" 200 127501 "-" "Mozilla/5.0 (compatible; DotBot/1.2; +https://opensiteexplorer.org/dotbot; help@moz.com)" "ysfine.com"
38.126.157.40 - - [09/Nov/2022:20:19:44 -0800] "GET /dongio/armen10.jpg HTTP/1.1" 404 88 "-" "Mozilla/5.0 (compatible; FemtosearchBot/1.0; http://femtosearch.com)" "ysfine.com"
38.126.157.40 - - [09/Nov/2022:20:19:44 -0800] "GET /wdc/christmas.html HTTP/1.1" 404 88 "-" "Mozilla/5.0 (compatible; FemtosearchBot/1.0; http://femtosearch.com)" "ysfine.com"
38.126.157.40 - - [09/Nov/2022:20:19:44 -0800] "GET /kobak/harbin11.jpg HTTP/1.1" 200 65618 "-" "Mozilla/5.0 (compatible; FemtosearchBot/1.0; http://femtosearch.com)" "ysfine.com"
38.126.157.40 - - [09/Nov/2022:20:19:44 -0800] "GET /world/china22.html HTTP/1.1" 200 12827 "-" "Mozilla/5.0 (compatible; FemtosearchBot/1.0; http://femtosearch.com)" "ysfine.com"
192.99.160.200 - - [09/Nov/2022:20:19:45 -0800] "GET /class54/class5480/Pictures/4.%C3%AA%C2%B8%C2%B0%C3%AB%C2%85%C2%90%C3%AC%C2%B4%C2%AC%C3%AC%C2%98%C2%81/%C3%AA%C2%B8%C2%B0%C3%AB%C2%85%C2%90%C3%AC%C2%B4%C2%AC%C3%AC%C2%98%C2%81%20(21).jpg HTTP/1.1" 200 8612602 "-" "Mozilla/5.0 (compatible; MJ12bot/v1.4.8; http://mj12bot.com/)" "ysfine.com"
38.126.157.40 - - [09/Nov/2022:20:19:49 -0800] "GET /wigner/michel2.jpg HTTP/1.1" 200 72183 "-" "Mozilla/5.0 (compatible; FemtosearchBot/1.0; http://femtosearch.com)" "ysfine.com"
38.126.157.40 - - [09/Nov/2022:20:19:49 -0800] "GET /fbook/physapx.html HTTP/1.1" 200 1140 "-" "Mozilla/5.0 (compatible; FemtosearchBot/1.0; http://femtosearch.com)" "ysfine.com"
38.126.157.40 - - [09/Nov/2022:20:19:50 -0800] "GET /eink/parton33a.jpg HTTP/1.1" 200 66275 "-" "Mozilla/5.0 (compatible; FemtosearchBot/1.0; http://femtosearch.com)" "ysfine.com"
38.126.157.40 - - [09/Nov/2022:20:19:50 -0800] "GET /philo/yskim10c.jpg HTTP/1.1" 200 88826 "-" "Mozilla/5.0 (compatible; FemtosearchBot/1.0; http://femtosearch.com)" "ysfine.com"
192.99.160.200 - - [09/Nov/2022:20:19:58 -0800] "GET /class54/class5480/Pictures/4.%C3%AA%C2%B8%C2%B0%C3%AB%C2%85%C2%90%C3%AC%C2%B4%C2%AC%C3%AC%C2%98%C2%81/%C3%AA%C2%B8%C2%B0%C3%AB%C2%85%C2%90%C3%AC%C2%B4%C2%AC%C3%AC%C2%98%C2%81%20(22).jpg HTTP/1.1" 200 10501415 "-" "Mozilla/5.0 (compatible; MJ12bot/v1.4.8; http://mj12bot.com/)" "ysfine.com"
40.77.51.85 - - [09/Nov/2022:20:20:13 -0800] "GET /newyork/koreaw01b.jpg HTTP/1.1" 200 67754 "http://ysfine.com/newyork" "Mozilla/5.0 (Macintosh; Intel Mac OS X 10_11_6) AppleWebKit/605.1.15 (KHTML, like Gecko) Version/11.1.2 Safari/605.1.15" "ysfine.com"
51.222.253.17 - - [09/Nov/2022:20:20:15 -0800] "GET /class54/class5470/total_data/sub_8140.htm HTTP/1.1" 200 3511 "-" "Mozilla/5.0 (compatible; AhrefsBot/7.0; +http://ahrefs.com/robot/)" "www.ysfine.com"
192.99.160.200 - - [09/Nov/2022:20:20:17 -0800] "GET /class54/class5480/Pictures/4.%C3%AA%C2%B8%C2%B0%C3%AB%C2%85%C2%90%C3%AC%C2%B4%C2%AC%C3%AC%C2%98%C2%81/%C3%AA%C2%B8%C2%B0%C3%AB%C2%85%C2%90%C3%AC%C2%B4%C2%AC%C3%AC%C2%98%C2%81%20(23).jpg HTTP/1.1" 200 9705218 "-" "Mozilla/5.0 (compatible; MJ12bot/v1.4.8; http://mj12bot.com/)" "ysfine.com"
192.99.160.200 - - [09/Nov/2022:20:20:31 -0800] "GET /class54/class5480/Pictures/4.%C3%AA%C2%B8%C2%B0%C3%AB%C2%85%C2%90%C3%AC%C2%B4%C2%AC%C3%AC%C2%98%C2%81/%C3%AA%C2%B8%C2%B0%C3%AB%C2%85%C2%90%C3%AC%C2%B4%C2%AC%C3%AC%C2%98%C2%81%20(24).jpg HTTP/1.1" 200 9344759 "-" "Mozilla/5.0 (compatible; MJ12bot/v1.4.8; http://mj12bot.com/)" "ysfine.com"
192.99.160.200 - - [09/Nov/2022:20:20:42 -0800] "GET /class54/class5480/Pictures/4.%C3%AA%C2%B8%C2%B0%C3%AB%C2%85%C2%90%C3%AC%C2%B4%C2%AC%C3%AC%C2%98%C2%81/%C3%AA%C2%B8%C2%B0%C3%AB%C2%85%C2%90%C3%AC%C2%B4%C2%AC%C3%AC%C2%98%C2%81%20(25).jpg HTTP/1.1" 200 9047444 "-" "Mozilla/5.0 (compatible; MJ12bot/v1.4.8; http://mj12bot.com/)" "ysfine.com"
40.122.230.188 - - [09/Nov/2022:20:20:45 -0800] "GET /world/china/shenyang29b.jpg HTTP/1.1" 200 44897 "https://ysfine.com/world/china" "Mozilla/5.0 (iPhone; CPU iPhone OS 13_5_1 like Mac OS X) AppleWebKit/605.1.15 (KHTML, like Gecko) Version/13.1.1 Mobile/15E148 Safari/604.1" "ysfine.com"
40.77.51.86 - - [09/Nov/2022:20:20:56 -0800] "GET /eink/pwk33c.jpg HTTP/1.1" 200 30700 "https://www.ysfine.com/eink" "Mozilla/5.0 (Linux; Android 10; SM-G960U) AppleWebKit/537.36 (KHTML, like Gecko) Chrome/88.0.4324.181 Mobile Safari/537.36" "www.ysfine.com"
17.121.112.131 - - [09/Nov/2022:20:20:59 -0800] "GET /maga/pupin.html HTTP/1.1" 200 5043 "-" "Mozilla/5.0 (Macintosh; Intel Mac OS X 10_15_5) AppleWebKit/605.1.15 (KHTML, like Gecko) Version/13.1.1 Safari/605.1.15 (Applebot/0.1; +http://www.apple.com/go/applebot)" "ysfine.com"
192.99.160.200 - - [09/Nov/2022:20:20:59 -0800] "GET /class54/class5480/Pictures/4.%C3%AA%C2%B8%C2%B0%C3%AB%C2%85%C2%90%C3%AC%C2%B4%C2%AC%C3%AC%C2%98%C2%81/%C3%AA%C2%B8%C2%B0%C3%AB%C2%85%C2%90%C3%AC%C2%B4%C2%AC%C3%AC%C2%98%C2%81%20(26).jpg HTTP/1.1" 200 9289971 "-" "Mozilla/5.0 (compatible; MJ12bot/v1.4.8; http://mj12bot.com/)" "ysfine.com"
51.222.253.2 - - [09/Nov/2022:20:21:07 -0800] "GET /class54/class5470/total_data/sub_8142.htm HTTP/1.1" 200 3511 "-" "Mozilla/5.0 (compatible; AhrefsBot/7.0; +http://ahrefs.com/robot/)" "www.ysfine.com"
192.99.160.200 - - [09/Nov/2022:20:21:12 -0800] "GET /class54/class5480/Pictures/4.%C3%AA%C2%B8%C2%B0%C3%AB%C2%85%C2%90%C3%AC%C2%B4%C2%AC%C3%AC%C2%98%C2%81/%C3%AA%C2%B8%C2%B0%C3%AB%C2%85%C2%90%C3%AC%C2%B4%C2%AC%C3%AC%C2%98%C2%81%20(27).jpg HTTP/1.1" 200 11400512 "-" "Mozilla/5.0 (compatible; MJ12bot/v1.4.8; http://mj12bot.com/)" "ysfine.com"
192.99.160.200 - - [09/Nov/2022:20:21:30 -0800] "GET /class54/class5480/Pictures/4.%C3%AA%C2%B8%C2%B0%C3%AB%C2%85%C2%90%C3%AC%C2%B4%C2%AC%C3%AC%C2%98%C2%81/%C3%AA%C2%B8%C2%B0%C3%AB%C2%85%C2%90%C3%AC%C2%B4%C2%AC%C3%AC%C2%98%C2%81%20(28).jpg HTTP/1.1" 200 10667161 "-" "Mozilla/5.0 (compatible; MJ12bot/v1.4.8; http://mj12bot.com/)" "ysfine.com"
216.244.66.229 - - [09/Nov/2022:20:21:30 -0800] "GET /dongio/polish.html HTTP/1.1" 404 73 "-" "Mozilla/5.0 (compatible; DotBot/1.2; +https://opensiteexplorer.org/dotbot; help@moz.com)" "ysfine.com"
207.46.13.107 - - [09/Nov/2022:20:21:34 -0800] "GET /world/berlin.html HTTP/1.1" 304 - "-" "Mozilla/5.0 AppleWebKit/537.36 (KHTML, like Gecko; compatible; bingbot/2.0; +http://www.bing.com/bingbot.htm) Chrome/103.0.5060.134 Safari/537.36" "www.ysfine.com"
192.99.160.200 - - [09/Nov/2022:20:21:44 -0800] "GET /class54/class5480/Pictures/4.%C3%AA%C2%B8%C2%B0%C3%AB%C2%85%C2%90%C3%AC%C2%B4%C2%AC%C3%AC%C2%98%C2%81/%C3%AA%C2%B8%C2%B0%C3%AB%C2%85%C2%90%C3%AC%C2%B4%C2%AC%C3%AC%C2%98%C2%81%20(29).jpg HTTP/1.1" 200 8909914 "-" "Mozilla/5.0 (compatible; MJ12bot/v1.4.8; http://mj12bot.com/)" "ysfine.com"
192.99.160.200 - - [09/Nov/2022:20:21:57 -0800] "GET /class54/class5480/Pictures/4.%C3%AA%C2%B8%C2%B0%C3%AB%C2%85%C2%90%C3%AC%C2%B4%C2%AC%C3%AC%C2%98%C2%81/%C3%AA%C2%B8%C2%B0%C3%AB%C2%85%C2%90%C3%AC%C2%B4%C2%AC%C3%AC%C2%98%C2%81%20(3).jpg HTTP/1.1" 200 8850249 "-" "Mozilla/5.0 (compatible; MJ12bot/v1.4.8; http://mj12bot.com/)" "ysfine.com"
51.222.253.5 - - [09/Nov/2022:20:21:57 -0800] "GET /class54/class5470/total_data/sub_8129.htm HTTP/1.1" 200 3511 "-" "Mozilla/5.0 (compatible; AhrefsBot/7.0; +http://ahrefs.com/robot/)" "www.ysfine.com"
216.244.66.229 - - [09/Nov/2022:20:21:59 -0800] "GET /style/swanlake.jpg HTTP/1.1" 200 50322 "-" "Mozilla/5.0 (compatible; DotBot/1.2; +https://opensiteexplorer.org/dotbot; help@moz.com)" "ysfine.com"
40.86.101.254 - - [09/Nov/2022:20:22:04 -0800] "GET /style/durbin2.jpg HTTP/1.1" 200 34965 "https://www.ysfine.com/style" "Mozilla/5.0 (iPhone; CPU iPhone OS 13_5_1 like Mac OS X) AppleWebKit/605.1.15 (KHTML, like Gecko) Version/13.1.1 Mobile/15E148 Safari/604.1" "www.ysfine.com"
185.191.171.3 - - [09/Nov/2022:20:22:07 -0800] "GET /robots.txt HTTP/1.1" 404 88 "-" "Mozilla/5.0 (compatible; SemrushBot/7~bl; +http://www.semrush.com/bot.html)" "ysfine.com"
185.191.171.7 - - [09/Nov/2022:20:22:08 -0800] "GET /ysbio/einstein/einstorie.html HTTP/1.1" 404 88 "-" "Mozilla/5.0 (compatible; SemrushBot/7~bl; +http://www.semrush.com/bot.html)" "ysfine.com"
192.99.160.200 - - [09/Nov/2022:20:22:19 -0800] "GET /class54/class5480/Pictures/4.%C3%AA%C2%B8%C2%B0%C3%AB%C2%85%C2%90%C3%AC%C2%B4%C2%AC%C3%AC%C2%98%C2%81/%C3%AA%C2%B8%C2%B0%C3%AB%C2%85%C2%90%C3%AC%C2%B4%C2%AC%C3%AC%C2%98%C2%81%20(30).jpg HTTP/1.1" 200 10088031 "-" "Mozilla/5.0 (compatible; MJ12bot/v1.4.8; http://mj12bot.com/)" "ysfine.com"
185.191.171.7 - - [09/Nov/2022:20:22:23 -0800] "GET /ysbio/sing.html HTTP/1.1" 404 88 "-" "Mozilla/5.0 (compatible; SemrushBot/7~bl; +http://www.semrush.com/bot.html)" "www.ysfine.com"
216.244.66.229 - - [09/Nov/2022:20:22:28 -0800] "GET /people/logunov11.jpg HTTP/1.1" 200 76493 "-" "Mozilla/5.0 (compatible; DotBot/1.2; +https://opensiteexplorer.org/dotbot; help@moz.com)" "ysfine.com"
192.99.160.200 - - [09/Nov/2022:20:22:42 -0800] "GET /class54/class5480/Pictures/4.%C3%AA%C2%B8%C2%B0%C3%AB%C2%85%C2%90%C3%AC%C2%B4%C2%AC%C3%AC%C2%98%C2%81/%C3%AA%C2%B8%C2%B0%C3%AB%C2%85%C2%90%C3%AC%C2%B4%C2%AC%C3%AC%C2%98%C2%81%20(31).jpg HTTP/1.1" 200 9467964 "-" "Mozilla/5.0 (compatible; MJ12bot/v1.4.8; http://mj12bot.com/)" "ysfine.com"
51.222.253.6 - - [09/Nov/2022:20:22:51 -0800] "GET /class54/class5470/total_data/sub_8131.htm HTTP/1.1" 200 3511 "-" "Mozilla/5.0 (compatible; AhrefsBot/7.0; +http://ahrefs.com/robot/)" "www.ysfine.com"
192.99.160.200 - - [09/Nov/2022:20:23:05 -0800] "GET /class54/class5480/Pictures/4.%C3%AA%C2%B8%C2%B0%C3%AB%C2%85%C2%90%C3%AC%C2%B4%C2%AC%C3%AC%C2%98%C2%81/%C3%AA%C2%B8%C2%B0%C3%AB%C2%85%C2%90%C3%AC%C2%B4%C2%AC%C3%AC%C2%98%C2%81%20(32).jpg HTTP/1.1" 200 9049919 "-" "Mozilla/5.0 (compatible; MJ12bot/v1.4.8; http://mj12bot.com/)" "ysfine.com"
216.244.66.229 - - [09/Nov/2022:20:23:08 -0800] "GET /style/hamako33.jpg HTTP/1.1" 200 228788 "-" "Mozilla/5.0 (compatible; DotBot/1.2; +https://opensiteexplorer.org/dotbot; help@moz.com)" "ysfine.com"
13.67.224.12 - - [09/Nov/2022:20:23:16 -0800] "GET /ffriends/kuwait01b.jpg HTTP/1.1" 200 47955 "https://ysfine.com/ffriends" "Mozilla/5.0 (Macintosh; Intel Mac OS X 10_11_6) AppleWebKit/605.1.15 (KHTML, like Gecko) Version/11.1.2 Safari/605.1.15" "ysfine.com"
192.99.160.200 - - [09/Nov/2022:20:23:18 -0800] "GET /class54/class5480/Pictures/4.%C3%AA%C2%B8%C2%B0%C3%AB%C2%85%C2%90%C3%AC%C2%B4%C2%AC%C3%AC%C2%98%C2%81/%C3%AA%C2%B8%C2%B0%C3%AB%C2%85%C2%90%C3%AC%C2%B4%C2%AC%C3%AC%C2%98%C2%81%20(33).jpg HTTP/1.1" 200 9604185 "-" "Mozilla/5.0 (compatible; MJ12bot/v1.4.8; http://mj12bot.com/)" "ysfine.com"
192.99.160.200 - - [09/Nov/2022:20:23:29 -0800] "GET /class54/class5480/Pictures/4.%C3%AA%C2%B8%C2%B0%C3%AB%C2%85%C2%90%C3%AC%C2%B4%C2%AC%C3%AC%C2%98%C2%81/%C3%AA%C2%B8%C2%B0%C3%AB%C2%85%C2%90%C3%AC%C2%B4%C2%AC%C3%AC%C2%98%C2%81%20(34).jpg HTTP/1.1" 200 8893046 "-" "Mozilla/5.0 (compatible; MJ12bot/v1.4.8; http://mj12bot.com/)" "ysfine.com"
40.77.167.71 - - [09/Nov/2022:20:23:44 -0800] "GET /princeton/hyatt66b.jpg HTTP/1.1" 200 45208 "-" "Mozilla/5.0 AppleWebKit/537.36 (KHTML, like Gecko; compatible; bingbot/2.0; +http://www.bing.com/bingbot.htm) Chrome/103.0.5060.134 Safari/537.36" "ysfine.com"
51.222.253.14 - - [09/Nov/2022:20:23:45 -0800] "GET /class54/class5470/total_data/sub_8134.htm HTTP/1.1" 200 3511 "-" "Mozilla/5.0 (compatible; AhrefsBot/7.0; +http://ahrefs.com/robot/)" "www.ysfine.com"
192.99.160.200 - - [09/Nov/2022:20:23:48 -0800] "GET /class54/class5480/Pictures/4.%C3%AA%C2%B8%C2%B0%C3%AB%C2%85%C2%90%C3%AC%C2%B4%C2%AC%C3%AC%C2%98%C2%81/%C3%AA%C2%B8%C2%B0%C3%AB%C2%85%C2%90%C3%AC%C2%B4%C2%AC%C3%AC%C2%98%C2%81%20(35).jpg HTTP/1.1" 200 10170848 "-" "Mozilla/5.0 (compatible; MJ12bot/v1.4.8; http://mj12bot.com/)" "ysfine.com"
51.222.253.16 - - [09/Nov/2022:20:23:50 -0800] "GET /class54/class5470/total_data/photo_img/8-134.jpg HTTP/1.1" 200 279854 "-" "Mozilla/5.0 (compatible; AhrefsBot/7.0; +http://ahrefs.com/robot/)" "www.ysfine.com"
216.244.66.229 - - [09/Nov/2022:20:23:59 -0800] "GET /world/france/flore11.jpg HTTP/1.1" 200 141461 "-" "Mozilla/5.0 (compatible; DotBot/1.2; +https://opensiteexplorer.org/dotbot; help@moz.com)" "ysfine.com"
192.99.160.200 - - [09/Nov/2022:20:24:03 -0800] "GET /class54/class5480/Pictures/4.%C3%AA%C2%B8%C2%B0%C3%AB%C2%85%C2%90%C3%AC%C2%B4%C2%AC%C3%AC%C2%98%C2%81/%C3%AA%C2%B8%C2%B0%C3%AB%C2%85%C2%90%C3%AC%C2%B4%C2%AC%C3%AC%C2%98%C2%81%20(36).jpg HTTP/1.1" 200 11190784 "-" "Mozilla/5.0 (compatible; MJ12bot/v1.4.8; http://mj12bot.com/)" "ysfine.com"
192.99.160.200 - - [09/Nov/2022:20:24:23 -0800] "GET /class54/class5480/Pictures/4.%C3%AA%C2%B8%C2%B0%C3%AB%C2%85%C2%90%C3%AC%C2%B4%C2%AC%C3%AC%C2%98%C2%81/%C3%AA%C2%B8%C2%B0%C3%AB%C2%85%C2%90%C3%AC%C2%B4%C2%AC%C3%AC%C2%98%C2%81%20(37).jpg HTTP/1.1" 200 9486919 "-" "Mozilla/5.0 (compatible; MJ12bot/v1.4.8; http://mj12bot.com/)" "ysfine.com"
38.126.157.40 - - [09/Nov/2022:20:24:30 -0800] "GET /wdc/obelisk11b.jpg HTTP/1.1" 200 30019 "-" "Mozilla/5.0 (compatible; FemtosearchBot/1.0; http://femtosearch.com)" "ysfine.com"
38.126.157.40 - - [09/Nov/2022:20:24:31 -0800] "GET /dirac/aspects2.jpg HTTP/1.1" 200 27429 "-" "Mozilla/5.0 (compatible; FemtosearchBot/1.0; http://femtosearch.com)" "ysfine.com"
38.126.157.40 - - [09/Nov/2022:20:24:31 -0800] "GET /wdc/blairhouse.jpg HTTP/1.1" 200 146627 "-" "Mozilla/5.0 (compatible; FemtosearchBot/1.0; http://femtosearch.com)" "ysfine.com"
38.126.157.40 - - [09/Nov/2022:20:24:31 -0800] "GET /princeton/jj01.jpg HTTP/1.1" 200 107834 "-" "Mozilla/5.0 (compatible; FemtosearchBot/1.0; http://femtosearch.com)" "ysfine.com"
38.126.157.40 - - [09/Nov/2022:20:24:31 -0800] "GET /world/wignobel.jpg HTTP/1.1" 404 88 "-" "Mozilla/5.0 (compatible; FemtosearchBot/1.0; http://femtosearch.com)" "ysfine.com"
38.126.157.40 - - [09/Nov/2022:20:24:31 -0800] "GET /kobak/sonja11c.jpg HTTP/1.1" 200 33899 "-" "Mozilla/5.0 (compatible; FemtosearchBot/1.0; http://femtosearch.com)" "ysfine.com"
38.126.157.40 - - [09/Nov/2022:20:24:31 -0800] "GET /awards/audio22.wav HTTP/1.1" 200 273581056 "-" "Mozilla/5.0 (compatible; FemtosearchBot/1.0; http://femtosearch.com)" "ysfine.com"
38.126.157.40 - - [09/Nov/2022:20:24:32 -0800] "GET /wdc/kennedyc09.jpg HTTP/1.1" 200 87918 "-" "Mozilla/5.0 (compatible; FemtosearchBot/1.0; http://femtosearch.com)" "ysfine.com"
192.99.160.200 - - [09/Nov/2022:20:24:37 -0800] "GET /class54/class5480/Pictures/4.%C3%AA%C2%B8%C2%B0%C3%AB%C2%85%C2%90%C3%AC%C2%B4%C2%AC%C3%AC%C2%98%C2%81/%C3%AA%C2%B8%C2%B0%C3%AB%C2%85%C2%90%C3%AC%C2%B4%C2%AC%C3%AC%C2%98%C2%81%20(38).jpg HTTP/1.1" 200 10778737 "-" "Mozilla/5.0 (compatible; MJ12bot/v1.4.8; http://mj12bot.com/)" "ysfine.com"
51.222.253.14 - - [09/Nov/2022:20:24:44 -0800] "GET /class54/class5470/total_data/sub_8154.htm HTTP/1.1" 200 3510 "-" "Mozilla/5.0 (compatible; AhrefsBot/7.0; +http://ahrefs.com/robot/)" "www.ysfine.com"
185.191.171.25 - - [09/Nov/2022:20:24:49 -0800] "GET /ysbio/wigner/yswig.html HTTP/1.1" 404 88 "-" "Mozilla/5.0 (compatible; SemrushBot/7~bl; +http://www.semrush.com/bot.html)" "ysfine.com"
216.244.66.229 - - [09/Nov/2022:20:24:49 -0800] "GET /yspapers/o33.pdf HTTP/1.1" 200 103038 "-" "Mozilla/5.0 (compatible; DotBot/1.2; +https://opensiteexplorer.org/dotbot; help@moz.com)" "ysfine.com"
40.86.101.254 - - [09/Nov/2022:20:24:54 -0800] "GET /world/russ/czar01b.jpg HTTP/1.1" 200 41980 "http://ysfine.com/world/russ" "Mozilla/5.0 (Windows NT 10.0; Win64; x64) AppleWebKit/537.36 (KHTML, like Gecko) Chrome/74.0.3729.157 Safari/537.36" "ysfine.com"
192.99.160.200 - - [09/Nov/2022:20:24:54 -0800] "GET /class54/class5480/Pictures/4.%C3%AA%C2%B8%C2%B0%C3%AB%C2%85%C2%90%C3%AC%C2%B4%C2%AC%C3%AC%C2%98%C2%81/%C3%AA%C2%B8%C2%B0%C3%AB%C2%85%C2%90%C3%AC%C2%B4%C2%AC%C3%AC%C2%98%C2%81%20(39).jpg HTTP/1.1" 200 9678684 "-" "Mozilla/5.0 (compatible; MJ12bot/v1.4.8; http://mj12bot.com/)" "ysfine.com"
192.99.160.200 - - [09/Nov/2022:20:25:07 -0800] "GET /class54/class5480/Pictures/4.%C3%AA%C2%B8%C2%B0%C3%AB%C2%85%C2%90%C3%AC%C2%B4%C2%AC%C3%AC%C2%98%C2%81/%C3%AA%C2%B8%C2%B0%C3%AB%C2%85%C2%90%C3%AC%C2%B4%C2%AC%C3%AC%C2%98%C2%81%20(4).jpg HTTP/1.1" 200 10088508 "-" "Mozilla/5.0 (compatible; MJ12bot/v1.4.8; http://mj12bot.com/)" "ysfine.com"
192.99.160.200 - - [09/Nov/2022:20:25:26 -0800] "GET /class54/class5480/Pictures/4.%C3%AA%C2%B8%C2%B0%C3%AB%C2%85%C2%90%C3%AC%C2%B4%C2%AC%C3%AC%C2%98%C2%81/%C3%AA%C2%B8%C2%B0%C3%AB%C2%85%C2%90%C3%AC%C2%B4%C2%AC%C3%AC%C2%98%C2%81%20(40).jpg HTTP/1.1" 200 9484451 "-" "Mozilla/5.0 (compatible; MJ12bot/v1.4.8; http://mj12bot.com/)" "ysfine.com"
118.184.177.50 - - [09/Nov/2022:20:25:29 -0800] "GET / HTTP/1.1" 200 5283 "-" "Sogou web spider/4.0(+http://www.sogou.com/docs/help/webmasters.htm#07)" "ysfine.com"
192.99.160.200 - - [09/Nov/2022:20:25:40 -0800] "GET /class54/class5480/Pictures/4.%C3%AA%C2%B8%C2%B0%C3%AB%C2%85%C2%90%C3%AC%C2%B4%C2%AC%C3%AC%C2%98%C2%81/%C3%AA%C2%B8%C2%B0%C3%AB%C2%85%C2%90%C3%AC%C2%B4%C2%AC%C3%AC%C2%98%C2%81%20(41).jpg HTTP/1.1" 200 9834148 "-" "Mozilla/5.0 (compatible; MJ12bot/v1.4.8; http://mj12bot.com/)" "ysfine.com"
51.222.253.12 - - [09/Nov/2022:20:25:40 -0800] "GET /class54/class5470/total_data/sub_725.htm HTTP/1.1" 200 3295 "-" "Mozilla/5.0 (compatible; AhrefsBot/7.0; +http://ahrefs.com/robot/)" "www.ysfine.com"
192.99.160.200 - - [09/Nov/2022:20:25:50 -0800] "GET /class54/class5480/Pictures/4.%C3%AA%C2%B8%C2%B0%C3%AB%C2%85%C2%90%C3%AC%C2%B4%C2%AC%C3%AC%C2%98%C2%81/%C3%AA%C2%B8%C2%B0%C3%AB%C2%85%C2%90%C3%AC%C2%B4%C2%AC%C3%AC%C2%98%C2%81%20(42).jpg HTTP/1.1" 200 10410790 "-" "Mozilla/5.0 (compatible; MJ12bot/v1.4.8; http://mj12bot.com/)" "ysfine.com"
157.55.39.76 - - [09/Nov/2022:20:26:02 -0800] "GET /einstein/eintao11a.jpg HTTP/1.1" 200 51872 "-" "Mozilla/5.0 AppleWebKit/537.36 (KHTML, like Gecko; compatible; bingbot/2.0; +http://www.bing.com/bingbot.htm) Chrome/103.0.5060.134 Safari/537.36" "www.ysfine.com"
192.99.160.200 - - [09/Nov/2022:20:26:04 -0800] "GET /class54/class5480/Pictures/4.%C3%AA%C2%B8%C2%B0%C3%AB%C2%85%C2%90%C3%AC%C2%B4%C2%AC%C3%AC%C2%98%C2%81/%C3%AA%C2%B8%C2%B0%C3%AB%C2%85%C2%90%C3%AC%C2%B4%C2%AC%C3%AC%C2%98%C2%81%20(43).jpg HTTP/1.1" 200 9120447 "-" "Mozilla/5.0 (compatible; MJ12bot/v1.4.8; http://mj12bot.com/)" "ysfine.com"
192.99.160.200 - - [09/Nov/2022:20:26:16 -0800] "GET /class54/class5480/Pictures/4.%C3%AA%C2%B8%C2%B0%C3%AB%C2%85%C2%90%C3%AC%C2%B4%C2%AC%C3%AC%C2%98%C2%81/%C3%AA%C2%B8%C2%B0%C3%AB%C2%85%C2%90%C3%AC%C2%B4%C2%AC%C3%AC%C2%98%C2%81%20(44).jpg HTTP/1.1" 200 11273849 "-" "Mozilla/5.0 (compatible; MJ12bot/v1.4.8; http://mj12bot.com/)" "ysfine.com"
216.244.66.229 - - [09/Nov/2022:20:26:18 -0800] "GET /style/trouba11.jpg HTTP/1.1" 200 68895 "-" "Mozilla/5.0 (compatible; DotBot/1.2; +https://opensiteexplorer.org/dotbot; help@moz.com)" "ysfine.com"
192.99.160.200 - - [09/Nov/2022:20:26:22 -0800] "GET /class54/class5480/Pictures/4.%C3%AA%C2%B8%C2%B0%C3%AB%C2%85%C2%90%C3%AC%C2%B4%C2%AC%C3%AC%C2%98%C2%81/%C3%AA%C2%B8%C2%B0%C3%AB%C2%85%C2%90%C3%AC%C2%B4%C2%AC%C3%AC%C2%98%C2%81%20(45).jpg HTTP/1.1" 200 11872676 "-" "Mozilla/5.0 (compatible; MJ12bot/v1.4.8; http://mj12bot.com/)" "ysfine.com"
51.222.253.11 - - [09/Nov/2022:20:26:29 -0800] "GET /class54/class5470/total_data/sub_734.htm HTTP/1.1" 200 3294 "-" "Mozilla/5.0 (compatible; AhrefsBot/7.0; +http://ahrefs.com/robot/)" "www.ysfine.com"
192.99.160.200 - - [09/Nov/2022:20:26:43 -0800] "GET /class54/class5480/Pictures/4.%C3%AA%C2%B8%C2%B0%C3%AB%C2%85%C2%90%C3%AC%C2%B4%C2%AC%C3%AC%C2%98%C2%81/%C3%AA%C2%B8%C2%B0%C3%AB%C2%85%C2%90%C3%AC%C2%B4%C2%AC%C3%AC%C2%98%C2%81%20(46).jpg HTTP/1.1" 200 11377237 "-" "Mozilla/5.0 (compatible; MJ12bot/v1.4.8; http://mj12bot.com/)" "ysfine.com"
40.77.51.84 - - [09/Nov/2022:20:26:48 -0800] "GET /sbk/2004fra11c.jpg HTTP/1.1" 200 42417 "https://ysfine.com/sbk" "Mozilla/5.0 (Windows NT 10.0; Win64; x64) AppleWebKit/537.36 (KHTML, like Gecko) Chrome/74.0.3729.157 Safari/537.36" "ysfine.com"
192.99.160.200 - - [09/Nov/2022:20:26:53 -0800] "GET /class54/class5480/Pictures/4.%C3%AA%C2%B8%C2%B0%C3%AB%C2%85%C2%90%C3%AC%C2%B4%C2%AC%C3%AC%C2%98%C2%81/%C3%AA%C2%B8%C2%B0%C3%AB%C2%85%C2%90%C3%AC%C2%B4%C2%AC%C3%AC%C2%98%C2%81%20(47).jpg HTTP/1.1" 200 10145219 "-" "Mozilla/5.0 (compatible; MJ12bot/v1.4.8; http://mj12bot.com/)" "ysfine.com"
192.99.160.200 - - [09/Nov/2022:20:27:02 -0800] "GET /class54/class5480/Pictures/4.%C3%AA%C2%B8%C2%B0%C3%AB%C2%85%C2%90%C3%AC%C2%B4%C2%AC%C3%AC%C2%98%C2%81/%C3%AA%C2%B8%C2%B0%C3%AB%C2%85%C2%90%C3%AC%C2%B4%C2%AC%C3%AC%C2%98%C2%81%20(48).jpg HTTP/1.1" 200 9883419 "-" "Mozilla/5.0 (compatible; MJ12bot/v1.4.8; http://mj12bot.com/)" "ysfine.com"
40.122.227.202 - - [09/Nov/2022:20:27:04 -0800] "GET /feynman/ptoday89b.jpg HTTP/1.1" 200 46537 "https://ysfine.com/feynman" "Mozilla/5.0 (Linux; Android 10; SM-G960U) AppleWebKit/537.36 (KHTML, like Gecko) Chrome/88.0.4324.181 Mobile Safari/537.36" "ysfine.com"
192.99.160.200 - - [09/Nov/2022:20:27:14 -0800] "GET /class54/class5480/Pictures/4.%C3%AA%C2%B8%C2%B0%C3%AB%C2%85%C2%90%C3%AC%C2%B4%C2%AC%C3%AC%C2%98%C2%81/%C3%AA%C2%B8%C2%B0%C3%AB%C2%85%C2%90%C3%AC%C2%B4%C2%AC%C3%AC%C2%98%C2%81%20(49).jpg HTTP/1.1" 200 9107992 "-" "Mozilla/5.0 (compatible; MJ12bot/v1.4.8; http://mj12bot.com/)" "ysfine.com"
76.100.178.28 - - [09/Nov/2022:20:27:16 -0800] "GET /dirac/wigsis11.jpg HTTP/1.1" 200 71741 "https://www.google.com/" "Mozilla/5.0 (Windows NT 10.0; Win64; x64) AppleWebKit/537.36 (KHTML, like Gecko) Chrome/107.0.0.0 Safari/537.36" "ysfine.com"
51.222.253.4 - - [09/Nov/2022:20:27:22 -0800] "GET /robots.txt HTTP/1.1" 404 88 "-" "Mozilla/5.0 (compatible; AhrefsBot/7.0; +http://ahrefs.com/robot/)" "ysfine.com"
192.99.160.200 - - [09/Nov/2022:20:27:28 -0800] "GET /class54/class5480/Pictures/4.%C3%AA%C2%B8%C2%B0%C3%AB%C2%85%C2%90%C3%AC%C2%B4%C2%AC%C3%AC%C2%98%C2%81/%C3%AA%C2%B8%C2%B0%C3%AB%C2%85%C2%90%C3%AC%C2%B4%C2%AC%C3%AC%C2%98%C2%81%20(5).jpg HTTP/1.1" 200 8634493 "-" "Mozilla/5.0 (compatible; MJ12bot/v1.4.8; http://mj12bot.com/)" "ysfine.com"
216.244.66.229 - - [09/Nov/2022:20:27:39 -0800] "GET /wdc/usna01.jpg HTTP/1.1" 200 130518 "-" "Mozilla/5.0 (compatible; DotBot/1.2; +https://opensiteexplorer.org/dotbot; help@moz.com)" "ysfine.com"
192.99.160.200 - - [09/Nov/2022:20:27:44 -0800] "GET /class54/class5480/Pictures/4.%C3%AA%C2%B8%C2%B0%C3%AB%C2%85%C2%90%C3%AC%C2%B4%C2%AC%C3%AC%C2%98%C2%81/%C3%AA%C2%B8%C2%B0%C3%AB%C2%85%C2%90%C3%AC%C2%B4%C2%AC%C3%AC%C2%98%C2%81%20(50).jpg HTTP/1.1" 200 10413265 "-" "Mozilla/5.0 (compatible; MJ12bot/v1.4.8; http://mj12bot.com/)" "ysfine.com"
192.99.160.200 - - [09/Nov/2022:20:27:55 -0800] "GET /class54/class5480/Pictures/4.%C3%AA%C2%B8%C2%B0%C3%AB%C2%85%C2%90%C3%AC%C2%B4%C2%AC%C3%AC%C2%98%C2%81/%C3%AA%C2%B8%C2%B0%C3%AB%C2%85%C2%90%C3%AC%C2%B4%C2%AC%C3%AC%C2%98%C2%81%20(51).jpg HTTP/1.1" 200 10280024 "-" "Mozilla/5.0 (compatible; MJ12bot/v1.4.8; http://mj12bot.com/)" "ysfine.com"
20.29.110.170 - - [09/Nov/2022:20:27:55 -0800] "GET /einstein/places/einmu62b.jpg HTTP/1.1" 200 31976 "https://ysfine.com/einstein/places" "Mozilla/5.0 (Linux; Android 10; SM-G960U) AppleWebKit/537.36 (KHTML, like Gecko) Chrome/88.0.4324.181 Mobile Safari/537.36" "ysfine.com"
40.77.51.81 - - [09/Nov/2022:20:27:58 -0800] "GET /wdc/umd03b.jpg HTTP/1.1" 200 34740 "https://ysfine.com/wdc" "Mozilla/5.0 (X11; Linux x86_64) AppleWebKit/537.36 (KHTML, like Gecko) Chrome/74.0.3729.169 Safari/537.36" "ysfine.com"
157.55.39.129 - - [09/Nov/2022:20:27:59 -0800] "GET /world/china22.html HTTP/1.1" 200 12827 "-" "Mozilla/5.0 AppleWebKit/537.36 (KHTML, like Gecko; compatible; bingbot/2.0; +http://www.bing.com/bingbot.htm) Chrome/103.0.5060.134 Safari/537.36" "ysfine.com"
40.77.167.27 - - [09/Nov/2022:20:28:04 -0800] "GET /class54/roofless.html HTTP/1.1" 200 13341 "-" "Mozilla/5.0 (compatible; bingbot/2.0; +http://www.bing.com/bingbot.htm)" "ysfine.com"
207.46.13.128 - - [09/Nov/2022:20:28:08 -0800] "GET /home/hmleft.html HTTP/1.1" 200 861 "-" "Mozilla/5.0 (compatible; bingbot/2.0; +http://www.bing.com/bingbot.htm)" "ysfine.com"
192.99.160.200 - - [09/Nov/2022:20:28:14 -0800] "GET /class54/class5480/Pictures/4.%C3%AA%C2%B8%C2%B0%C3%AB%C2%85%C2%90%C3%AC%C2%B4%C2%AC%C3%AC%C2%98%C2%81/%C3%AA%C2%B8%C2%B0%C3%AB%C2%85%C2%90%C3%AC%C2%B4%C2%AC%C3%AC%C2%98%C2%81%20(52).jpg HTTP/1.1" 200 11084472 "-" "Mozilla/5.0 (compatible; MJ12bot/v1.4.8; http://mj12bot.com/)" "ysfine.com"
216.244.66.229 - - [09/Nov/2022:20:28:17 -0800] "GET /world/russ/petrovbio.html HTTP/1.1" 200 15018 "-" "Mozilla/5.0 (compatible; DotBot/1.2; +https://opensiteexplorer.org/dotbot; help@moz.com)" "ysfine.com"
51.222.253.9 - - [09/Nov/2022:20:28:18 -0800] "GET /ysbio/kobak/sorae/kumipo.html HTTP/1.1" 404 88 "-" "Mozilla/5.0 (compatible; AhrefsBot/7.0; +http://ahrefs.com/robot/)" "ysfine.com"
192.99.160.200 - - [09/Nov/2022:20:28:26 -0800] "GET /class54/class5480/Pictures/4.%C3%AA%C2%B8%C2%B0%C3%AB%C2%85%C2%90%C3%AC%C2%B4%C2%AC%C3%AC%C2%98%C2%81/%C3%AA%C2%B8%C2%B0%C3%AB%C2%85%C2%90%C3%AC%C2%B4%C2%AC%C3%AC%C2%98%C2%81%20(53).jpg HTTP/1.1" 200 9749043 "-" "Mozilla/5.0 (compatible; MJ12bot/v1.4.8; http://mj12bot.com/)" "ysfine.com"
192.99.160.200 - - [09/Nov/2022:20:28:39 -0800] "GET /class54/class5480/Pictures/4.%C3%AA%C2%B8%C2%B0%C3%AB%C2%85%C2%90%C3%AC%C2%B4%C2%AC%C3%AC%C2%98%C2%81/%C3%AA%C2%B8%C2%B0%C3%AB%C2%85%C2%90%C3%AC%C2%B4%C2%AC%C3%AC%C2%98%C2%81%20(54).jpg HTTP/1.1" 200 8850113 "-" "Mozilla/5.0 (compatible; MJ12bot/v1.4.8; http://mj12bot.com/)" "ysfine.com"
216.244.66.229 - - [09/Nov/2022:20:28:48 -0800] "GET /dongio/kuwait02.jpg HTTP/1.1" 404 73 "-" "Mozilla/5.0 (compatible; DotBot/1.2; +https://opensiteexplorer.org/dotbot; help@moz.com)" "ysfine.com"
192.99.160.200 - - [09/Nov/2022:20:28:54 -0800] "GET /class54/class5480/Pictures/4.%C3%AA%C2%B8%C2%B0%C3%AB%C2%85%C2%90%C3%AC%C2%B4%C2%AC%C3%AC%C2%98%C2%81/%C3%AA%C2%B8%C2%B0%C3%AB%C2%85%C2%90%C3%AC%C2%B4%C2%AC%C3%AC%C2%98%C2%81%20(55).jpg HTTP/1.1" 200 11522054 "-" "Mozilla/5.0 (compatible; MJ12bot/v1.4.8; http://mj12bot.com/)" "ysfine.com"
207.46.13.107 - - [09/Nov/2022:20:28:54 -0800] "GET /style/monet07b.jpg HTTP/1.1" 200 49425 "-" "Mozilla/5.0 AppleWebKit/537.36 (KHTML, like Gecko; compatible; bingbot/2.0; +http://www.bing.com/bingbot.htm) Chrome/103.0.5060.134 Safari/537.36" "ysfine.com"
192.99.160.200 - - [09/Nov/2022:20:29:12 -0800] "GET /class54/class5480/Pictures/4.%C3%AA%C2%B8%C2%B0%C3%AB%C2%85%C2%90%C3%AC%C2%B4%C2%AC%C3%AC%C2%98%C2%81/%C3%AA%C2%B8%C2%B0%C3%AB%C2%85%C2%90%C3%AC%C2%B4%C2%AC%C3%AC%C2%98%C2%81%20(56).jpg HTTP/1.1" 200 10258427 "-" "Mozilla/5.0 (compatible; MJ12bot/v1.4.8; http://mj12bot.com/)" "ysfine.com"
38.126.157.40 - - [09/Nov/2022:20:29:13 -0800] "GET /kobak/underw22.jpg HTTP/1.1" 200 237836 "-" "Mozilla/5.0 (compatible; FemtosearchBot/1.0; http://femtosearch.com)" "ysfine.com"
38.126.157.40 - - [09/Nov/2022:20:29:14 -0800] "GET /philo/parton33.jpg HTTP/1.1" 200 128408 "-" "Mozilla/5.0 (compatible; FemtosearchBot/1.0; http://femtosearch.com)" "ysfine.com"
38.126.157.40 - - [09/Nov/2022:20:29:14 -0800] "GET /people/elena01.jpg HTTP/1.1" 200 76084 "-" "Mozilla/5.0 (compatible; FemtosearchBot/1.0; http://femtosearch.com)" "ysfine.com"
51.222.253.6 - - [09/Nov/2022:20:29:14 -0800] "GET /ysbio/dashen.html HTTP/1.1" 404 88 "-" "Mozilla/5.0 (compatible; AhrefsBot/7.0; +http://ahrefs.com/robot/)" "www.ysfine.com"
38.126.157.40 - - [09/Nov/2022:20:29:15 -0800] "GET /newyork/gwbr22.jpg HTTP/1.1" 200 276233 "-" "Mozilla/5.0 (compatible; FemtosearchBot/1.0; http://femtosearch.com)" "ysfine.com"
38.126.157.40 - - [09/Nov/2022:20:29:15 -0800] "GET /newyork/wfc00c.jpg HTTP/1.1" 200 42497 "-" "Mozilla/5.0 (compatible; FemtosearchBot/1.0; http://femtosearch.com)" "ysfine.com"
38.126.157.40 - - [09/Nov/2022:20:29:15 -0800] "GET /people/wheekim.jpg HTTP/1.1" 200 118068 "-" "Mozilla/5.0 (compatible; FemtosearchBot/1.0; http://femtosearch.com)" "ysfine.com"
38.126.157.40 - - [09/Nov/2022:20:29:15 -0800] "GET /kobak/underw03.jpg HTTP/1.1" 200 173917 "-" "Mozilla/5.0 (compatible; FemtosearchBot/1.0; http://femtosearch.com)" "ysfine.com"
216.244.66.229 - - [09/Nov/2022:20:29:16 -0800] "GET /home/fotos/photo03.jpg HTTP/1.1" 200 106997 "-" "Mozilla/5.0 (compatible; DotBot/1.2; +https://opensiteexplorer.org/dotbot; help@moz.com)" "ysfine.com"
192.99.160.200 - - [09/Nov/2022:20:29:28 -0800] "GET /class54/class5480/Pictures/4.%C3%AA%C2%B8%C2%B0%C3%AB%C2%85%C2%90%C3%AC%C2%B4%C2%AC%C3%AC%C2%98%C2%81/%C3%AA%C2%B8%C2%B0%C3%AB%C2%85%C2%90%C3%AC%C2%B4%C2%AC%C3%AC%C2%98%C2%81%20(57).jpg HTTP/1.1" 200 9169038 "-" "Mozilla/5.0 (compatible; MJ12bot/v1.4.8; http://mj12bot.com/)" "ysfine.com"
192.99.160.200 - - [09/Nov/2022:20:29:41 -0800] "GET /class54/class5480/Pictures/4.%C3%AA%C2%B8%C2%B0%C3%AB%C2%85%C2%90%C3%AC%C2%B4%C2%AC%C3%AC%C2%98%C2%81/%C3%AA%C2%B8%C2%B0%C3%AB%C2%85%C2%90%C3%AC%C2%B4%C2%AC%C3%AC%C2%98%C2%81%20(58).jpg HTTP/1.1" 200 9327590 "-" "Mozilla/5.0 (compatible; MJ12bot/v1.4.8; http://mj12bot.com/)" "ysfine.com"
216.244.66.229 - - [09/Nov/2022:20:29:48 -0800] "GET /newyork/trump33.jpg HTTP/1.1" 200 91965 "-" "Mozilla/5.0 (compatible; DotBot/1.2; +https://opensiteexplorer.org/dotbot; help@moz.com)" "ysfine.com"
192.99.160.200 - - [09/Nov/2022:20:29:52 -0800] "GET /class54/class5480/Pictures/4.%C3%AA%C2%B8%C2%B0%C3%AB%C2%85%C2%90%C3%AC%C2%B4%C2%AC%C3%AC%C2%98%C2%81/%C3%AA%C2%B8%C2%B0%C3%AB%C2%85%C2%90%C3%AC%C2%B4%C2%AC%C3%AC%C2%98%C2%81%20(59).jpg HTTP/1.1" 200 9290417 "-" "Mozilla/5.0 (compatible; MJ12bot/v1.4.8; http://mj12bot.com/)" "ysfine.com"
40.122.195.128 - - [09/Nov/2022:20:29:56 -0800] "GET /friends/turklawyer02b.jpg HTTP/1.1" 404 88 "https://ysfine.com/friends" "Mozilla/5.0 (iPhone; CPU iPhone OS 13_5_1 like Mac OS X) AppleWebKit/605.1.15 (KHTML, like Gecko) Version/13.1.1 Mobile/15E148 Safari/604.1" "ysfine.com"
192.99.160.200 - - [09/Nov/2022:20:30:02 -0800] "GET /class54/class5480/Pictures/4.%C3%AA%C2%B8%C2%B0%C3%AB%C2%85%C2%90%C3%AC%C2%B4%C2%AC%C3%AC%C2%98%C2%81/%C3%AA%C2%B8%C2%B0%C3%AB%C2%85%C2%90%C3%AC%C2%B4%C2%AC%C3%AC%C2%98%C2%81%20(6).jpg HTTP/1.1" 200 8770019 "-" "Mozilla/5.0 (compatible; MJ12bot/v1.4.8; http://mj12bot.com/)" "ysfine.com"
40.77.167.27 - - [09/Nov/2022:20:30:05 -0800] "GET /bio/style/proschanie.html HTTP/1.1" 404 88 "-" "Mozilla/5.0 (compatible; bingbot/2.0; +http://www.bing.com/bingbot.htm)" "ysfine.com"
51.222.253.14 - - [09/Nov/2022:20:30:18 -0800] "GET /maga/sarnoff.html HTTP/1.1" 200 7540 "-" "Mozilla/5.0 (compatible; AhrefsBot/7.0; +http://ahrefs.com/robot/)" "www.ysfine.com"
192.99.160.200 - - [09/Nov/2022:20:30:20 -0800] "GET /class54/class5480/Pictures/4.%C3%AA%C2%B8%C2%B0%C3%AB%C2%85%C2%90%C3%AC%C2%B4%C2%AC%C3%AC%C2%98%C2%81/%C3%AA%C2%B8%C2%B0%C3%AB%C2%85%C2%90%C3%AC%C2%B4%C2%AC%C3%AC%C2%98%C2%81%20(60).jpg HTTP/1.1" 200 9331537 "-" "Mozilla/5.0 (compatible; MJ12bot/v1.4.8; http://mj12bot.com/)" "ysfine.com"
207.46.13.107 - - [09/Nov/2022:20:30:23 -0800] "GET /bio/bio44.html HTTP/1.1" 404 88 "-" "Mozilla/5.0 (compatible; bingbot/2.0; +http://www.bing.com/bingbot.htm)" "www.ysfine.com"
216.244.66.229 - - [09/Nov/2022:20:30:29 -0800] "GET /people/accardi02.jpg HTTP/1.1" 200 83010 "-" "Mozilla/5.0 (compatible; DotBot/1.2; +https://opensiteexplorer.org/dotbot; help@moz.com)" "ysfine.com"
192.99.160.200 - - [09/Nov/2022:20:30:36 -0800] "GET /class54/class5480/Pictures/4.%C3%AA%C2%B8%C2%B0%C3%AB%C2%85%C2%90%C3%AC%C2%B4%C2%AC%C3%AC%C2%98%C2%81/%C3%AA%C2%B8%C2%B0%C3%AB%C2%85%C2%90%C3%AC%C2%B4%C2%AC%C3%AC%C2%98%C2%81%20(61).jpg HTTP/1.1" 200 9674430 "-" "Mozilla/5.0 (compatible; MJ12bot/v1.4.8; http://mj12bot.com/)" "ysfine.com"
192.99.160.200 - - [09/Nov/2022:20:30:48 -0800] "GET /class54/class5480/Pictures/4.%C3%AA%C2%B8%C2%B0%C3%AB%C2%85%C2%90%C3%AC%C2%B4%C2%AC%C3%AC%C2%98%C2%81/%C3%AA%C2%B8%C2%B0%C3%AB%C2%85%C2%90%C3%AC%C2%B4%C2%AC%C3%AC%C2%98%C2%81%20(62).jpg HTTP/1.1" 200 10553815 "-" "Mozilla/5.0 (compatible; MJ12bot/v1.4.8; http://mj12bot.com/)" "ysfine.com"
40.122.230.188 - - [09/Nov/2022:20:30:50 -0800] "GET /einstein/einbohr33b.jpg HTTP/1.1" 200 42636 "https://ysfine.com/einstein" "Mozilla/5.0 (iPhone; CPU iPhone OS 13_5_1 like Mac OS X) AppleWebKit/605.1.15 (KHTML, like Gecko) Version/13.1.1 Mobile/15E148 Safari/604.1" "ysfine.com"
13.67.224.14 - - [09/Nov/2022:20:31:00 -0800] "GET /world/russ/kharkov15b.jpg HTTP/1.1" 200 22518 "http://ysfine.com/world/russ" "Mozilla/5.0 (Linux; Android 10; SM-G960U) AppleWebKit/537.36 (KHTML, like Gecko) Chrome/88.0.4324.181 Mobile Safari/537.36" "ysfine.com"
20.106.27.173 - - [09/Nov/2022:20:31:00 -0800] "GET /world/brit/harrow01b.jpg HTTP/1.1" 200 54632 "https://ysfine.com/world/brit" "Mozilla/5.0 (Linux; Android 10; SM-G960U) AppleWebKit/537.36 (KHTML, like Gecko) Chrome/88.0.4324.181 Mobile Safari/537.36" "ysfine.com"
216.244.66.229 - - [09/Nov/2022:20:31:06 -0800] "GET /sbk/2007waw11.jpg HTTP/1.1" 200 339473 "-" "Mozilla/5.0 (compatible; DotBot/1.2; +https://opensiteexplorer.org/dotbot; help@moz.com)" "ysfine.com"
192.99.160.200 - - [09/Nov/2022:20:31:07 -0800] "GET /class54/class5480/Pictures/4.%C3%AA%C2%B8%C2%B0%C3%AB%C2%85%C2%90%C3%AC%C2%B4%C2%AC%C3%AC%C2%98%C2%81/%C3%AA%C2%B8%C2%B0%C3%AB%C2%85%C2%90%C3%AC%C2%B4%C2%AC%C3%AC%C2%98%C2%81%20(63).jpg HTTP/1.1" 200 8882147 "-" "Mozilla/5.0 (compatible; MJ12bot/v1.4.8; http://mj12bot.com/)" "ysfine.com"
192.99.160.200 - - [09/Nov/2022:20:31:21 -0800] "GET /class54/class5480/Pictures/4.%C3%AA%C2%B8%C2%B0%C3%AB%C2%85%C2%90%C3%AC%C2%B4%C2%AC%C3%AC%C2%98%C2%81/%C3%AA%C2%B8%C2%B0%C3%AB%C2%85%C2%90%C3%AC%C2%B4%C2%AC%C3%AC%C2%98%C2%81%20(64).jpg HTTP/1.1" 200 12213056 "-" "Mozilla/5.0 (compatible; MJ12bot/v1.4.8; http://mj12bot.com/)" "ysfine.com"
51.222.253.18 - - [09/Nov/2022:20:31:22 -0800] "GET /usca/pgh22.html HTTP/1.1" 200 11391 "-" "Mozilla/5.0 (compatible; AhrefsBot/7.0; +http://ahrefs.com/robot/)" "www.ysfine.com"
192.99.160.200 - - [09/Nov/2022:20:31:32 -0800] "GET /class54/class5480/Pictures/4.%C3%AA%C2%B8%C2%B0%C3%AB%C2%85%C2%90%C3%AC%C2%B4%C2%AC%C3%AC%C2%98%C2%81/%C3%AA%C2%B8%C2%B0%C3%AB%C2%85%C2%90%C3%AC%C2%B4%C2%AC%C3%AC%C2%98%C2%81%20(65).jpg HTTP/1.1" 200 9016970 "-" "Mozilla/5.0 (compatible; MJ12bot/v1.4.8; http://mj12bot.com/)" "ysfine.com"
192.99.160.200 - - [09/Nov/2022:20:31:53 -0800] "GET /class54/class5480/Pictures/4.%C3%AA%C2%B8%C2%B0%C3%AB%C2%85%C2%90%C3%AC%C2%B4%C2%AC%C3%AC%C2%98%C2%81/%C3%AA%C2%B8%C2%B0%C3%AB%C2%85%C2%90%C3%AC%C2%B4%C2%AC%C3%AC%C2%98%C2%81%20(66).jpg HTTP/1.1" 200 8860849 "-" "Mozilla/5.0 (compatible; MJ12bot/v1.4.8; http://mj12bot.com/)" "ysfine.com"
216.244.66.229 - - [09/Nov/2022:20:31:57 -0800] "GET /sbk/2013krk02.jpg HTTP/1.1" 200 113068 "-" "Mozilla/5.0 (compatible; DotBot/1.2; +https://opensiteexplorer.org/dotbot; help@moz.com)" "ysfine.com"
192.99.160.200 - - [09/Nov/2022:20:32:03 -0800] "GET /class54/class5480/Pictures/4.%C3%AA%C2%B8%C2%B0%C3%AB%C2%85%C2%90%C3%AC%C2%B4%C2%AC%C3%AC%C2%98%C2%81/%C3%AA%C2%B8%C2%B0%C3%AB%C2%85%C2%90%C3%AC%C2%B4%C2%AC%C3%AC%C2%98%C2%81%20(67).jpg HTTP/1.1" 200 8923461 "-" "Mozilla/5.0 (compatible; MJ12bot/v1.4.8; http://mj12bot.com/)" "ysfine.com"
157.55.39.129 - - [09/Nov/2022:20:32:20 -0800] "GET /ysbio/class54/tallm07.pdf HTTP/1.1" 404 88 "-" "Mozilla/5.0 AppleWebKit/537.36 (KHTML, like Gecko; compatible; bingbot/2.0; +http://www.bing.com/bingbot.htm) Chrome/103.0.5060.134 Safari/537.36" "ysfine.com"
51.222.253.12 - - [09/Nov/2022:20:32:20 -0800] "GET /world/minsk.html HTTP/1.1" 200 7116 "-" "Mozilla/5.0 (compatible; AhrefsBot/7.0; +http://ahrefs.com/robot/)" "ysfine.com"
192.99.160.200 - - [09/Nov/2022:20:32:22 -0800] "GET /class54/class5480/Pictures/4.%C3%AA%C2%B8%C2%B0%C3%AB%C2%85%C2%90%C3%AC%C2%B4%C2%AC%C3%AC%C2%98%C2%81/%C3%AA%C2%B8%C2%B0%C3%AB%C2%85%C2%90%C3%AC%C2%B4%C2%AC%C3%AC%C2%98%C2%81%20(68).jpg HTTP/1.1" 200 9324901 "-" "Mozilla/5.0 (compatible; MJ12bot/v1.4.8; http://mj12bot.com/)" "ysfine.com"
51.222.253.13 - - [09/Nov/2022:20:32:24 -0800] "GET /world/russ/minskf45b.jpg HTTP/1.1" 200 41920 "-" "Mozilla/5.0 (compatible; AhrefsBot/7.0; +http://ahrefs.com/robot/)" "ysfine.com"
51.222.253.1 - - [09/Nov/2022:20:32:30 -0800] "GET /wdc/vernon04b.jpg HTTP/1.1" 200 44297 "-" "Mozilla/5.0 (compatible; AhrefsBot/7.0; +http://ahrefs.com/robot/)" "ysfine.com"
51.222.253.13 - - [09/Nov/2022:20:32:36 -0800] "GET /world/russ/minskf08b.jpg HTTP/1.1" 200 50248 "-" "Mozilla/5.0 (compatible; AhrefsBot/7.0; +http://ahrefs.com/robot/)" "ysfine.com"
51.222.253.19 - - [09/Nov/2022:20:32:36 -0800] "GET /world/russ/minsk064b.jpg HTTP/1.1" 200 42913 "-" "Mozilla/5.0 (compatible; AhrefsBot/7.0; +http://ahrefs.com/robot/)" "ysfine.com"
192.99.160.200 - - [09/Nov/2022:20:32:38 -0800] "GET /class54/class5480/Pictures/4.%C3%AA%C2%B8%C2%B0%C3%AB%C2%85%C2%90%C3%AC%C2%B4%C2%AC%C3%AC%C2%98%C2%81/%C3%AA%C2%B8%C2%B0%C3%AB%C2%85%C2%90%C3%AC%C2%B4%C2%AC%C3%AC%C2%98%C2%81%20(69).jpg HTTP/1.1" 200 9674965 "-" "Mozilla/5.0 (compatible; MJ12bot/v1.4.8; http://mj12bot.com/)" "ysfine.com"
51.222.253.1 - - [09/Nov/2022:20:32:42 -0800] "GET /feynman/feyfirm2.jpg HTTP/1.1" 200 36742 "-" "Mozilla/5.0 (compatible; AhrefsBot/7.0; +http://ahrefs.com/robot/)" "ysfine.com"
51.222.253.5 - - [09/Nov/2022:20:32:42 -0800] "GET /world/russ/kilin101b.jpg HTTP/1.1" 200 37065 "-" "Mozilla/5.0 (compatible; AhrefsBot/7.0; +http://ahrefs.com/robot/)" "ysfine.com"
216.244.66.229 - - [09/Nov/2022:20:32:43 -0800] "GET /wigner/michel.jpg HTTP/1.1" 200 80621 "-" "Mozilla/5.0 (compatible; DotBot/1.2; +https://opensiteexplorer.org/dotbot; help@moz.com)" "ysfine.com"
51.222.253.19 - - [09/Nov/2022:20:32:48 -0800] "GET /world/russ/minsk066b.jpg HTTP/1.1" 200 28380 "-" "Mozilla/5.0 (compatible; AhrefsBot/7.0; +http://ahrefs.com/robot/)" "ysfine.com"
192.99.160.200 - - [09/Nov/2022:20:32:49 -0800] "GET /class54/class5480/Pictures/4.%C3%AA%C2%B8%C2%B0%C3%AB%C2%85%C2%90%C3%AC%C2%B4%C2%AC%C3%AC%C2%98%C2%81/%C3%AA%C2%B8%C2%B0%C3%AB%C2%85%C2%90%C3%AC%C2%B4%C2%AC%C3%AC%C2%98%C2%81%20(7).jpg HTTP/1.1" 200 8640267 "-" "Mozilla/5.0 (compatible; MJ12bot/v1.4.8; http://mj12bot.com/)" "ysfine.com"
51.222.253.20 - - [09/Nov/2022:20:32:53 -0800] "GET /world/russ/minsk004b.jpg HTTP/1.1" 200 35833 "-" "Mozilla/5.0 (compatible; AhrefsBot/7.0; +http://ahrefs.com/robot/)" "ysfine.com"
192.99.160.200 - - [09/Nov/2022:20:32:56 -0800] "GET /class54/class5480/Pictures/4.%C3%AA%C2%B8%C2%B0%C3%AB%C2%85%C2%90%C3%AC%C2%B4%C2%AC%C3%AC%C2%98%C2%81/%C3%AA%C2%B8%C2%B0%C3%AB%C2%85%C2%90%C3%AC%C2%B4%C2%AC%C3%AC%C2%98%C2%81%20(74).jpg HTTP/1.1" 200 9493702 "-" "Mozilla/5.0 (compatible; MJ12bot/v1.4.8; http://mj12bot.com/)" "ysfine.com"
51.222.253.9 - - [09/Nov/2022:20:32:59 -0800] "GET /world/russ/kilin104b.jpg HTTP/1.1" 200 36895 "-" "Mozilla/5.0 (compatible; AhrefsBot/7.0; +http://ahrefs.com/robot/)" "ysfine.com"
