20.109.241.82 - - [10/Nov/2022:01:43:41 -0800] "GET /usca/pitt/cartech2.jpg HTTP/1.1" 200 25336 "http://ysfine.com/usca/pitt" "Mozilla/5.0 (Macintosh; Intel Mac OS X 10_11_6) AppleWebKit/605.1.15 (KHTML, like Gecko) Version/11.1.2 Safari/605.1.15" "ysfine.com"
157.55.39.129 - - [10/Nov/2022:01:44:04 -0800] "GET /bio/maga/conic.html HTTP/1.1" 404 88 "-" "Mozilla/5.0 (compatible; bingbot/2.0; +http://www.bing.com/bingbot.htm)" "ysfine.com"
157.55.39.76 - - [10/Nov/2022:01:44:13 -0800] "GET /bio/harmoarchi.html HTTP/1.1" 404 88 "-" "Mozilla/5.0 AppleWebKit/537.36 (KHTML, like Gecko; compatible; bingbot/2.0; +http://www.bing.com/bingbot.htm) Chrome/103.0.5060.134 Safari/537.36" "ysfine.com"
40.77.167.71 - - [10/Nov/2022:01:44:18 -0800] "GET /ysbio/articles/inonu.pdf HTTP/1.1" 404 88 "-" "Mozilla/5.0 (compatible; bingbot/2.0; +http://www.bing.com/bingbot.htm)" "ysfine.com"
40.77.167.71 - - [10/Nov/2022:01:44:18 -0800] "GET /world/russ/kiev044.jpg HTTP/1.1" 200 98327 "-" "Mozilla/5.0 AppleWebKit/537.36 (KHTML, like Gecko; compatible; bingbot/2.0; +http://www.bing.com/bingbot.htm) Chrome/103.0.5060.134 Safari/537.36" "ysfine.com"
185.191.171.4 - - [10/Nov/2022:01:44:29 -0800] "GET /ysbio/sbk/1950.html HTTP/1.1" 404 88 "-" "Mozilla/5.0 (compatible; SemrushBot/7~bl; +http://www.semrush.com/bot.html)" "www.ysfine.com"
168.90.79.105 - - [10/Nov/2022:01:44:50 -0800] "GET /wigner/neum/vnc01.jpg HTTP/1.1" 200 133641 "https://sites.google.com/" "Mozilla/5.0 (Windows NT 10.0; Win64; x64) AppleWebKit/537.36 (KHTML, like Gecko) Chrome/107.0.0.0 Safari/537.36" "ysfine.com"
40.77.51.85 - - [10/Nov/2022:01:44:55 -0800] "GET /world/russ/minskf66c.jpg HTTP/1.1" 200 24769 "https://ysfine.com/world/russ" "Mozilla/5.0 (iPhone; CPU iPhone OS 13_5_1 like Mac OS X) AppleWebKit/605.1.15 (KHTML, like Gecko) Version/13.1.1 Mobile/15E148 Safari/604.1" "ysfine.com"
51.222.253.17 - - [10/Nov/2022:01:45:02 -0800] "GET /class54/class5470/total_data/sub_511.htm HTTP/1.1" 200 3193 "-" "Mozilla/5.0 (compatible; AhrefsBot/7.0; +http://ahrefs.com/robot/)" "www.ysfine.com"
71.178.208.102 - - [10/Nov/2022:01:45:30 -0800] "GET /awards/index.html HTTP/1.1" 304 - "https://en.wikipedia.org/" "Mozilla/5.0 (Windows NT 10.0; Win64; x64) AppleWebKit/537.36 (KHTML, like Gecko) Chrome/107.0.0.0 Safari/537.36 Edg/107.0.1418.35" "ysfine.com"
71.178.208.102 - - [10/Nov/2022:01:45:30 -0800] "GET /ysbio/marquis/marq12d.jpg HTTP/1.1" 404 88 "https://ysfine.com/awards/index.html" "Mozilla/5.0 (Windows NT 10.0; Win64; x64) AppleWebKit/537.36 (KHTML, like Gecko) Chrome/107.0.0.0 Safari/537.36 Edg/107.0.1418.35" "ysfine.com"
71.178.208.102 - - [10/Nov/2022:01:45:30 -0800] "GET /favicon.ico HTTP/1.1" 404 88 "https://ysfine.com/awards/index.html" "Mozilla/5.0 (Windows NT 10.0; Win64; x64) AppleWebKit/537.36 (KHTML, like Gecko) Chrome/107.0.0.0 Safari/537.36 Edg/107.0.1418.35" "ysfine.com"
157.55.39.129 - - [10/Nov/2022:01:45:47 -0800] "GET /bio/kobak/index.html HTTP/1.1" 404 88 "-" "Mozilla/5.0 (compatible; bingbot/2.0; +http://www.bing.com/bingbot.htm)" "ysfine.com"
34.106.152.57 - - [10/Nov/2022:01:45:56 -0800] "GET / HTTP/1.1" 200 5283 "-" "Mozilla/5.0 (Linux; Android 8.1.0; Moto G (4)) AppleWebKit/537.36 (KHTML, like Gecko) Chrome/107.0.0.0 Mobile Safari/537.36 PTST/221109.215700" "ysfine.com"
34.106.152.57 - - [10/Nov/2022:01:45:56 -0800] "GET /home/top21d.jpg HTTP/1.1" 200 74409 "https://ysfine.com/" "Mozilla/5.0 (Linux; Android 8.1.0; Moto G (4)) AppleWebKit/537.36 (KHTML, like Gecko) Chrome/107.0.0.0 Mobile Safari/537.36 PTST/221109.215700" "ysfine.com"
34.106.152.57 - - [10/Nov/2022:01:45:56 -0800] "GET /home/eink450.jpg HTTP/1.1" 200 66794 "https://ysfine.com/" "Mozilla/5.0 (Linux; Android 8.1.0; Moto G (4)) AppleWebKit/537.36 (KHTML, like Gecko) Chrome/107.0.0.0 Mobile Safari/537.36 PTST/221109.215700" "ysfine.com"
34.106.152.57 - - [10/Nov/2022:01:45:56 -0800] "GET /home/goodbad450.jpg HTTP/1.1" 200 32258 "https://ysfine.com/" "Mozilla/5.0 (Linux; Android 8.1.0; Moto G (4)) AppleWebKit/537.36 (KHTML, like Gecko) Chrome/107.0.0.0 Mobile Safari/537.36 PTST/221109.215700" "ysfine.com"
34.106.152.57 - - [10/Nov/2022:01:45:56 -0800] "GET /home/facu450.jpg HTTP/1.1" 200 74535 "https://ysfine.com/" "Mozilla/5.0 (Linux; Android 8.1.0; Moto G (4)) AppleWebKit/537.36 (KHTML, like Gecko) Chrome/107.0.0.0 Mobile Safari/537.36 PTST/221109.215700" "ysfine.com"
34.106.152.57 - - [10/Nov/2022:01:45:56 -0800] "GET /home/truck450.jpg HTTP/1.1" 200 42871 "https://ysfine.com/" "Mozilla/5.0 (Linux; Android 8.1.0; Moto G (4)) AppleWebKit/537.36 (KHTML, like Gecko) Chrome/107.0.0.0 Mobile Safari/537.36 PTST/221109.215700" "ysfine.com"
34.106.152.57 - - [10/Nov/2022:01:45:56 -0800] "GET /home/1987pr22d.jpg HTTP/1.1" 200 66428 "https://ysfine.com/" "Mozilla/5.0 (Linux; Android 8.1.0; Moto G (4)) AppleWebKit/537.36 (KHTML, like Gecko) Chrome/107.0.0.0 Mobile Safari/537.36 PTST/221109.215700" "ysfine.com"
34.106.152.57 - - [10/Nov/2022:01:45:56 -0800] "GET /home/eindc03d.jpg HTTP/1.1" 200 95860 "https://ysfine.com/" "Mozilla/5.0 (Linux; Android 8.1.0; Moto G (4)) AppleWebKit/537.36 (KHTML, like Gecko) Chrome/107.0.0.0 Mobile Safari/537.36 PTST/221109.215700" "ysfine.com"
34.106.152.57 - - [10/Nov/2022:01:45:56 -0800] "GET /eink/ewk86f.jpg HTTP/1.1" 200 122173 "https://ysfine.com/" "Mozilla/5.0 (Linux; Android 8.1.0; Moto G (4)) AppleWebKit/537.36 (KHTML, like Gecko) Chrome/107.0.0.0 Mobile Safari/537.36 PTST/221109.215700" "ysfine.com"
34.106.152.57 - - [10/Nov/2022:01:45:56 -0800] "GET /home/washmo23d.jpg HTTP/1.1" 200 32142 "https://ysfine.com/" "Mozilla/5.0 (Linux; Android 8.1.0; Moto G (4)) AppleWebKit/537.36 (KHTML, like Gecko) Chrome/107.0.0.0 Mobile Safari/537.36 PTST/221109.215700" "ysfine.com"
185.191.171.11 - - [10/Nov/2022:01:45:57 -0800] "GET /ysbio/princeton/prade.html HTTP/1.1" 404 88 "-" "Mozilla/5.0 (compatible; SemrushBot/7~bl; +http://www.semrush.com/bot.html)" "www.ysfine.com"
34.106.152.57 - - [10/Nov/2022:01:45:57 -0800] "GET /eink/einhaus33c.jpg HTTP/1.1" 200 23792 "https://ysfine.com/" "Mozilla/5.0 (Linux; Android 8.1.0; Moto G (4)) AppleWebKit/537.36 (KHTML, like Gecko) Chrome/107.0.0.0 Mobile Safari/537.36 PTST/221109.215700" "ysfine.com"
34.106.152.57 - - [10/Nov/2022:01:45:57 -0800] "GET /home/eward55f.jpg HTTP/1.1" 200 122802 "https://ysfine.com/" "Mozilla/5.0 (Linux; Android 8.1.0; Moto G (4)) AppleWebKit/537.36 (KHTML, like Gecko) Chrome/107.0.0.0 Mobile Safari/537.36 PTST/221109.215700" "ysfine.com"
34.106.152.57 - - [10/Nov/2022:01:45:57 -0800] "GET /eink/einhaus11c.jpg HTTP/1.1" 200 42522 "https://ysfine.com/" "Mozilla/5.0 (Linux; Android 8.1.0; Moto G (4)) AppleWebKit/537.36 (KHTML, like Gecko) Chrome/107.0.0.0 Mobile Safari/537.36 PTST/221109.215700" "ysfine.com"
34.106.152.57 - - [10/Nov/2022:01:45:57 -0800] "GET /home/eink54f.jpg HTTP/1.1" 200 96332 "https://ysfine.com/" "Mozilla/5.0 (Linux; Android 8.1.0; Moto G (4)) AppleWebKit/537.36 (KHTML, like Gecko) Chrome/107.0.0.0 Mobile Safari/537.36 PTST/221109.215700" "ysfine.com"
34.106.152.57 - - [10/Nov/2022:01:45:57 -0800] "GET /home/taylor500.jpg HTTP/1.1" 200 79197 "https://ysfine.com/" "Mozilla/5.0 (Linux; Android 8.1.0; Moto G (4)) AppleWebKit/537.36 (KHTML, like Gecko) Chrome/107.0.0.0 Mobile Safari/537.36 PTST/221109.215700" "ysfine.com"
34.106.152.57 - - [10/Nov/2022:01:46:05 -0800] "GET /favicon.ico HTTP/1.1" 404 88 "https://ysfine.com/" "Mozilla/5.0 (Linux; Android 8.1.0; Moto G (4)) AppleWebKit/537.36 (KHTML, like Gecko) Chrome/107.0.0.0 Mobile Safari/537.36 PTST/221109.215700" "ysfine.com"
20.109.241.81 - - [10/Nov/2022:01:46:05 -0800] "GET /sbk/2008chelsea11c.jpg HTTP/1.1" 200 52334 "https://ysfine.com/sbk" "Mozilla/5.0 (Windows NT 10.0; Win64; x64) AppleWebKit/537.36 (KHTML, like Gecko) Chrome/74.0.3729.157 Safari/537.36" "ysfine.com"
34.106.152.57 - - [10/Nov/2022:01:46:12 -0800] "GET /robots.txt HTTP/1.1" 404 88 "https://ysfine.com/" "Mozilla/5.0 (Linux; Android 8.1.0; Moto G (4)) AppleWebKit/537.36 (KHTML, like Gecko) Chrome/107.0.0.0 Mobile Safari/537.36 PTST/221109.215700" "ysfine.com"
34.106.152.57 - - [10/Nov/2022:01:46:13 -0800] "GET /robots.txt HTTP/1.1" 404 88 "https://ysfine.com/" "Mozilla/5.0 (Linux; Android 8.1.0; Moto G (4)) AppleWebKit/537.36 (KHTML, like Gecko) Chrome/107.0.0.0 Mobile Safari/537.36 PTST/221109.215700" "ysfine.com"
40.77.167.27 - - [10/Nov/2022:01:46:18 -0800] "GET /world/russ/novik66.jpg HTTP/1.1" 200 160025 "-" "Mozilla/5.0 AppleWebKit/537.36 (KHTML, like Gecko; compatible; bingbot/2.0; +http://www.bing.com/bingbot.htm) Chrome/103.0.5060.134 Safari/537.36" "ysfine.com"
34.106.152.57 - - [10/Nov/2022:01:46:33 -0800] "GET / HTTP/1.1" 200 5283 "-" "Mozilla/5.0 (Linux; Android 7.0; Moto G (4)) AppleWebKit/537.36 (KHTML, like Gecko) Chrome/98.0.4695.0 Mobile Safari/537.36 Chrome-Lighthouse" "ysfine.com"
34.106.152.57 - - [10/Nov/2022:01:46:33 -0800] "GET /home/top21d.jpg HTTP/1.1" 200 74409 "https://ysfine.com/" "Mozilla/5.0 (Linux; Android 7.0; Moto G (4)) AppleWebKit/537.36 (KHTML, like Gecko) Chrome/98.0.4695.0 Mobile Safari/537.36 Chrome-Lighthouse" "ysfine.com"
34.106.152.57 - - [10/Nov/2022:01:46:33 -0800] "GET /home/eink450.jpg HTTP/1.1" 200 66794 "https://ysfine.com/" "Mozilla/5.0 (Linux; Android 7.0; Moto G (4)) AppleWebKit/537.36 (KHTML, like Gecko) Chrome/98.0.4695.0 Mobile Safari/537.36 Chrome-Lighthouse" "ysfine.com"
34.106.152.57 - - [10/Nov/2022:01:46:33 -0800] "GET /home/facu450.jpg HTTP/1.1" 200 74535 "https://ysfine.com/" "Mozilla/5.0 (Linux; Android 7.0; Moto G (4)) AppleWebKit/537.36 (KHTML, like Gecko) Chrome/98.0.4695.0 Mobile Safari/537.36 Chrome-Lighthouse" "ysfine.com"
34.106.152.57 - - [10/Nov/2022:01:46:33 -0800] "GET /home/goodbad450.jpg HTTP/1.1" 200 32258 "https://ysfine.com/" "Mozilla/5.0 (Linux; Android 7.0; Moto G (4)) AppleWebKit/537.36 (KHTML, like Gecko) Chrome/98.0.4695.0 Mobile Safari/537.36 Chrome-Lighthouse" "ysfine.com"
34.106.152.57 - - [10/Nov/2022:01:46:33 -0800] "GET /eink/ewk86f.jpg HTTP/1.1" 200 122173 "https://ysfine.com/" "Mozilla/5.0 (Linux; Android 7.0; Moto G (4)) AppleWebKit/537.36 (KHTML, like Gecko) Chrome/98.0.4695.0 Mobile Safari/537.36 Chrome-Lighthouse" "ysfine.com"
34.106.152.57 - - [10/Nov/2022:01:46:33 -0800] "GET /home/eindc03d.jpg HTTP/1.1" 200 95860 "https://ysfine.com/" "Mozilla/5.0 (Linux; Android 7.0; Moto G (4)) AppleWebKit/537.36 (KHTML, like Gecko) Chrome/98.0.4695.0 Mobile Safari/537.36 Chrome-Lighthouse" "ysfine.com"
34.106.152.57 - - [10/Nov/2022:01:46:33 -0800] "GET /home/1987pr22d.jpg HTTP/1.1" 200 66428 "https://ysfine.com/" "Mozilla/5.0 (Linux; Android 7.0; Moto G (4)) AppleWebKit/537.36 (KHTML, like Gecko) Chrome/98.0.4695.0 Mobile Safari/537.36 Chrome-Lighthouse" "ysfine.com"
34.106.152.57 - - [10/Nov/2022:01:46:33 -0800] "GET /home/truck450.jpg HTTP/1.1" 200 42871 "https://ysfine.com/" "Mozilla/5.0 (Linux; Android 7.0; Moto G (4)) AppleWebKit/537.36 (KHTML, like Gecko) Chrome/98.0.4695.0 Mobile Safari/537.36 Chrome-Lighthouse" "ysfine.com"
34.106.152.57 - - [10/Nov/2022:01:46:33 -0800] "GET /home/washmo23d.jpg HTTP/1.1" 200 32142 "https://ysfine.com/" "Mozilla/5.0 (Linux; Android 7.0; Moto G (4)) AppleWebKit/537.36 (KHTML, like Gecko) Chrome/98.0.4695.0 Mobile Safari/537.36 Chrome-Lighthouse" "ysfine.com"
34.106.152.57 - - [10/Nov/2022:01:46:33 -0800] "GET /eink/einhaus11c.jpg HTTP/1.1" 200 42522 "https://ysfine.com/" "Mozilla/5.0 (Linux; Android 7.0; Moto G (4)) AppleWebKit/537.36 (KHTML, like Gecko) Chrome/98.0.4695.0 Mobile Safari/537.36 Chrome-Lighthouse" "ysfine.com"
34.106.152.57 - - [10/Nov/2022:01:46:33 -0800] "GET /home/eink54f.jpg HTTP/1.1" 200 96332 "https://ysfine.com/" "Mozilla/5.0 (Linux; Android 7.0; Moto G (4)) AppleWebKit/537.36 (KHTML, like Gecko) Chrome/98.0.4695.0 Mobile Safari/537.36 Chrome-Lighthouse" "ysfine.com"
34.106.152.57 - - [10/Nov/2022:01:46:33 -0800] "GET /home/taylor500.jpg HTTP/1.1" 200 79197 "https://ysfine.com/" "Mozilla/5.0 (Linux; Android 7.0; Moto G (4)) AppleWebKit/537.36 (KHTML, like Gecko) Chrome/98.0.4695.0 Mobile Safari/537.36 Chrome-Lighthouse" "ysfine.com"
34.106.152.57 - - [10/Nov/2022:01:46:33 -0800] "GET /eink/einhaus33c.jpg HTTP/1.1" 200 23792 "https://ysfine.com/" "Mozilla/5.0 (Linux; Android 7.0; Moto G (4)) AppleWebKit/537.36 (KHTML, like Gecko) Chrome/98.0.4695.0 Mobile Safari/537.36 Chrome-Lighthouse" "ysfine.com"
34.106.152.57 - - [10/Nov/2022:01:46:33 -0800] "GET /home/eward55f.jpg HTTP/1.1" 200 122802 "https://ysfine.com/" "Mozilla/5.0 (Linux; Android 7.0; Moto G (4)) AppleWebKit/537.36 (KHTML, like Gecko) Chrome/98.0.4695.0 Mobile Safari/537.36 Chrome-Lighthouse" "ysfine.com"
51.222.253.3 - - [10/Nov/2022:01:46:37 -0800] "GET /class54/class5470/total_data/sub_515.htm HTTP/1.1" 200 3202 "-" "Mozilla/5.0 (compatible; AhrefsBot/7.0; +http://ahrefs.com/robot/)" "www.ysfine.com"
34.106.152.57 - - [10/Nov/2022:01:46:51 -0800] "GET /robots.txt HTTP/1.1" 404 88 "-" "Mozilla/5.0 (X11; Linux x86_64) AppleWebKit/537.36 (KHTML, like Gecko) HeadlessChrome/107.0.5304.110 Safari/537.36" "ysfine.com"
40.77.167.71 - - [10/Nov/2022:01:47:19 -0800] "GET /people/sbt11.jpg HTTP/1.1" 200 166706 "-" "Mozilla/5.0 AppleWebKit/537.36 (KHTML, like Gecko; compatible; bingbot/2.0; +http://www.bing.com/bingbot.htm) Chrome/103.0.5060.134 Safari/537.36" "ysfine.com"
157.55.39.129 - - [10/Nov/2022:01:48:15 -0800] "GET /bio/kobak/soraech.html HTTP/1.1" 404 88 "-" "Mozilla/5.0 (compatible; bingbot/2.0; +http://www.bing.com/bingbot.htm)" "ysfine.com"
40.78.141.94 - - [10/Nov/2022:01:49:15 -0800] "GET /world/russ/spbnv02b.jpg HTTP/1.1" 200 45724 "http://www.ysfine.com/world/russ" "Mozilla/5.0 (Windows NT 10.0; Win64; x64) AppleWebKit/537.36 (KHTML, like Gecko) Chrome/74.0.3729.157 Safari/537.36" "www.ysfine.com"
207.46.13.128 - - [10/Nov/2022:01:49:25 -0800] "GET /bio/world/trier.html HTTP/1.1" 404 88 "-" "Mozilla/5.0 AppleWebKit/537.36 (KHTML, like Gecko; compatible; bingbot/2.0; +http://www.bing.com/bingbot.htm) Chrome/103.0.5060.134 Safari/537.36" "ysfine.com"
51.222.253.2 - - [10/Nov/2022:01:49:30 -0800] "GET /class54/class5470/total_data/sub_502.htm HTTP/1.1" 200 3207 "-" "Mozilla/5.0 (compatible; AhrefsBot/7.0; +http://ahrefs.com/robot/)" "www.ysfine.com"
40.77.51.81 - - [10/Nov/2022:01:50:16 -0800] "GET /maga/phys/weyl01b.jpg HTTP/1.1" 200 30057 "https://ysfine.com/maga/phys" "Mozilla/5.0 (Windows NT 10.0; Win64; x64) AppleWebKit/537.36 (KHTML, like Gecko) Chrome/74.0.3729.157 Safari/537.36" "ysfine.com"
185.191.171.17 - - [10/Nov/2022:01:50:55 -0800] "GET /robots.txt HTTP/1.1" 404 88 "-" "Mozilla/5.0 (compatible; SemrushBot/7~bl; +http://www.semrush.com/bot.html)" "www.ysfine.com"
185.191.171.6 - - [10/Nov/2022:01:51:01 -0800] "GET /houses/styhouses.html HTTP/1.1" 200 3534 "-" "Mozilla/5.0 (compatible; SemrushBot/7~bl; +http://www.semrush.com/bot.html)" "www.ysfine.com"
185.191.171.1 - - [10/Nov/2022:01:51:44 -0800] "GET /world/polandw.html HTTP/1.1" 200 17892 "-" "Mozilla/5.0 (compatible; SemrushBot/7~bl; +http://www.semrush.com/bot.html)" "ysfine.com"
157.55.39.129 - - [10/Nov/2022:01:53:05 -0800] "GET /maga/invent/tesla11.jpg HTTP/1.1" 200 100086 "-" "Mozilla/5.0 AppleWebKit/537.36 (KHTML, like Gecko; compatible; bingbot/2.0; +http://www.bing.com/bingbot.htm) Chrome/103.0.5060.134 Safari/537.36" "ysfine.com"
207.46.13.128 - - [10/Nov/2022:01:53:14 -0800] "GET /world/baltic/riga54.jpg HTTP/1.1" 200 95033 "-" "Mozilla/5.0 AppleWebKit/537.36 (KHTML, like Gecko; compatible; bingbot/2.0; +http://www.bing.com/bingbot.htm) Chrome/103.0.5060.134 Safari/537.36" "ysfine.com"
40.77.167.27 - - [10/Nov/2022:01:53:22 -0800] "GET /ysbio/folks/japanese.html HTTP/1.1" 404 88 "-" "Mozilla/5.0 AppleWebKit/537.36 (KHTML, like Gecko; compatible; bingbot/2.0; +http://www.bing.com/bingbot.htm) Chrome/103.0.5060.134 Safari/537.36" "ysfine.com"
40.77.167.27 - - [10/Nov/2022:01:53:23 -0800] "GET /bio/world/feynrio.html HTTP/1.1" 404 88 "-" "Mozilla/5.0 (compatible; bingbot/2.0; +http://www.bing.com/bingbot.htm)" "ysfine.com"
185.191.171.34 - - [10/Nov/2022:01:53:28 -0800] "GET /ysbio/kowar/war02.html HTTP/1.1" 404 88 "-" "Mozilla/5.0 (compatible; SemrushBot/7~bl; +http://www.semrush.com/bot.html)" "ysfine.com"
51.222.253.5 - - [10/Nov/2022:01:53:28 -0800] "GET /class54/class5470/total_data/sub_512.htm HTTP/1.1" 200 3198 "-" "Mozilla/5.0 (compatible; AhrefsBot/7.0; +http://ahrefs.com/robot/)" "www.ysfine.com"
20.12.191.73 - - [10/Nov/2022:01:53:35 -0800] "GET /eink/chungilk05f.jpg HTTP/1.1" 200 128213 "https://ysfine.com/eink" "Mozilla/5.0 (Linux; Android 10; SM-G960U) AppleWebKit/537.36 (KHTML, like Gecko) Chrome/88.0.4324.181 Mobile Safari/537.36" "ysfine.com"
85.246.127.76 - - [10/Nov/2022:01:54:33 -0800] "GET /world/germany/vienna05.jpg HTTP/1.1" 200 183747 "https://www.bing.com/" "Mozilla/5.0 (Windows NT 10.0; Win64; x64) AppleWebKit/537.36 (KHTML, like Gecko) Chrome/106.0.0.0 Safari/537.36 Edg/106.0.1370.52" "www.ysfine.com"
40.86.101.252 - - [10/Nov/2022:01:54:50 -0800] "GET /friends/vilnius08b.jpg HTTP/1.1" 404 88 "https://ysfine.com/friends" "Mozilla/5.0 (iPhone; CPU iPhone OS 13_5_1 like Mac OS X) AppleWebKit/605.1.15 (KHTML, like Gecko) Version/13.1.1 Mobile/15E148 Safari/604.1" "ysfine.com"
20.12.191.74 - - [10/Nov/2022:01:55:06 -0800] "GET /beau/amkor/koparis01c.jpg HTTP/1.1" 404 88 "https://ysfine.com/beau/amkor" "Mozilla/5.0 (Windows NT 10.0; Win64; x64) AppleWebKit/537.36 (KHTML, like Gecko) Chrome/74.0.3729.157 Safari/537.36" "ysfine.com"
40.77.167.27 - - [10/Nov/2022:01:56:04 -0800] "GET /ysbio/folks/japanese.html HTTP/1.1" 404 88 "-" "Mozilla/5.0 AppleWebKit/537.36 (KHTML, like Gecko; compatible; bingbot/2.0; +http://www.bing.com/bingbot.htm) Chrome/103.0.5060.134 Safari/537.36" "ysfine.com"
44.228.64.221 - - [10/Nov/2022:01:56:40 -0800] "GET /friends/airlines.html HTTP/1.1" 404 88 "-" "Python/3.8 aiohttp/3.8.3" "ysfine.com"
51.222.253.3 - - [10/Nov/2022:01:56:43 -0800] "GET /class54/class5470/total_data/sub_504.htm HTTP/1.1" 200 3207 "-" "Mozilla/5.0 (compatible; AhrefsBot/7.0; +http://ahrefs.com/robot/)" "www.ysfine.com"
157.55.39.76 - - [10/Nov/2022:01:57:31 -0800] "GET /philo/sisfa12/frame06.html HTTP/1.1" 200 320 "-" "Mozilla/5.0 AppleWebKit/537.36 (KHTML, like Gecko; compatible; bingbot/2.0; +http://www.bing.com/bingbot.htm) Chrome/103.0.5060.134 Safari/537.36" "ysfine.com"
40.77.167.71 - - [10/Nov/2022:01:58:50 -0800] "GET /maga/phil/sisfa12/frame53.html HTTP/1.1" 200 319 "-" "Mozilla/5.0 AppleWebKit/537.36 (KHTML, like Gecko; compatible; bingbot/2.0; +http://www.bing.com/bingbot.htm) Chrome/103.0.5060.134 Safari/537.36" "ysfine.com"
216.244.66.229 - - [10/Nov/2022:01:59:02 -0800] "GET /world/latina/rio015.jpg HTTP/1.1" 200 105665 "-" "Mozilla/5.0 (compatible; DotBot/1.2; +https://opensiteexplorer.org/dotbot; help@moz.com)" "www.ysfine.com"
157.55.39.129 - - [10/Nov/2022:01:59:26 -0800] "GET /wdc/whouse02.jpg HTTP/1.1" 200 65447 "-" "Mozilla/5.0 AppleWebKit/537.36 (KHTML, like Gecko; compatible; bingbot/2.0; +http://www.bing.com/bingbot.htm) Chrome/103.0.5060.134 Safari/537.36" "ysfine.com"
3.225.11.5 - - [10/Nov/2022:01:59:43 -0800] "GET /maga/invent/popov03.jpg HTTP/1.1" 200 85311 "-" "Mozilla/5.0 (Macintosh; Intel Mac OS X 10_13_3) AppleWebKit/537.36 (KHTML, like Gecko) Chrome/63.0.3239.132 Safari/537.36" "www.ysfine.com"
20.106.27.173 - - [10/Nov/2022:01:59:47 -0800] "GET /friends/russrio11b.jpg HTTP/1.1" 404 88 "https://www.ysfine.com/friends" "Mozilla/5.0 (Windows NT 10.0; Win64; x64) AppleWebKit/537.36 (KHTML, like Gecko) Chrome/74.0.3729.157 Safari/537.36" "www.ysfine.com"
20.109.241.82 - - [10/Nov/2022:01:59:50 -0800] "GET /world/brit/thames01b.jpg HTTP/1.1" 200 33593 "http://ysfine.com/world/brit" "Mozilla/5.0 (X11; Linux x86_64) AppleWebKit/537.36 (KHTML, like Gecko) Chrome/74.0.3729.169 Safari/537.36" "ysfine.com"
216.244.66.229 - - [10/Nov/2022:01:59:53 -0800] "GET /world/russ/zul00.jpg HTTP/1.1" 200 242645 "-" "Mozilla/5.0 (compatible; DotBot/1.2; +https://opensiteexplorer.org/dotbot; help@moz.com)" "www.ysfine.com"
51.222.253.9 - - [10/Nov/2022:01:59:57 -0800] "GET /ysbio/world/ital/pantheon.html HTTP/1.1" 404 88 "-" "Mozilla/5.0 (compatible; AhrefsBot/7.0; +http://ahrefs.com/robot/)" "www.ysfine.com"
40.86.101.165 - - [10/Nov/2022:02:00:03 -0800] "GET /maga/phil/tao06c.jpg HTTP/1.1" 200 59786 "https://ysfine.com/maga/phil" "Mozilla/5.0 (X11; Linux x86_64) AppleWebKit/537.36 (KHTML, like Gecko) Chrome/74.0.3729.169 Safari/537.36" "ysfine.com"
157.55.39.76 - - [10/Nov/2022:02:00:23 -0800] "GET /bio/wisdom/korart03b.jpg HTTP/1.1" 404 88 "-" "Mozilla/5.0 AppleWebKit/537.36 (KHTML, like Gecko; compatible; bingbot/2.0; +http://www.bing.com/bingbot.htm) Chrome/103.0.5060.134 Safari/537.36" "ysfine.com"
72.14.201.141 - - [10/Nov/2022:02:00:27 -0800] "GET /maga/hugo.html HTTP/1.1" 200 4000 "-" "Mozilla/5.0 (Linux; Android 10; K) AppleWebKit/537.36 (KHTML, like Gecko) Chrome/106.0.0.0 Mobile Safari/537.36" "ysfine.com"
20.12.191.74 - - [10/Nov/2022:02:02:05 -0800] "GET /usca/pitt/carnegie01b.jpg HTTP/1.1" 200 29768 "https://www.ysfine.com/usca/pitt" "Mozilla/5.0 (X11; Linux x86_64) AppleWebKit/537.36 (KHTML, like Gecko) Chrome/74.0.3729.169 Safari/537.36" "www.ysfine.com"
40.77.51.85 - - [10/Nov/2022:02:02:13 -0800] "GET /newyork/un02c.jpg HTTP/1.1" 200 36597 "https://ysfine.com/newyork" "Mozilla/5.0 (Macintosh; Intel Mac OS X 10_11_6) AppleWebKit/605.1.15 (KHTML, like Gecko) Version/11.1.2 Safari/605.1.15" "ysfine.com"
51.222.253.9 - - [10/Nov/2022:02:02:15 -0800] "GET /class54/class5470/total_data/sub_513.htm HTTP/1.1" 200 3213 "-" "Mozilla/5.0 (compatible; AhrefsBot/7.0; +http://ahrefs.com/robot/)" "www.ysfine.com"
157.55.39.76 - - [10/Nov/2022:02:02:25 -0800] "GET /bio/yshome.html HTTP/1.1" 404 88 "-" "Mozilla/5.0 AppleWebKit/537.36 (KHTML, like Gecko; compatible; bingbot/2.0; +http://www.bing.com/bingbot.htm) Chrome/103.0.5060.134 Safari/537.36" "ysfine.com"
40.77.167.71 - - [10/Nov/2022:02:02:30 -0800] "GET /bio/feynman/feynbot.html HTTP/1.1" 404 88 "-" "Mozilla/5.0 AppleWebKit/537.36 (KHTML, like Gecko; compatible; bingbot/2.0; +http://www.bing.com/bingbot.htm) Chrome/103.0.5060.134 Safari/537.36" "ysfine.com"
40.122.230.189 - - [10/Nov/2022:02:03:19 -0800] "GET /world/latina/buenos03b.jpg HTTP/1.1" 200 67823 "https://ysfine.com/world/latina" "Mozilla/5.0 (Linux; Android 10; SM-G960U) AppleWebKit/537.36 (KHTML, like Gecko) Chrome/88.0.4324.181 Mobile Safari/537.36" "ysfine.com"
207.46.13.128 - - [10/Nov/2022:02:03:26 -0800] "GET /princeton/mediter22b.jpg HTTP/1.1" 200 34241 "-" "Mozilla/5.0 (compatible; bingbot/2.0; +http://www.bing.com/bingbot.htm)" "ysfine.com"
20.12.191.74 - - [10/Nov/2022:02:03:35 -0800] "GET /world/russ/kazan061b.jpg HTTP/1.1" 200 38877 "http://ysfine.com/world/russ" "Mozilla/5.0 (X11; Linux x86_64) AppleWebKit/537.36 (KHTML, like Gecko) Chrome/74.0.3729.169 Safari/537.36" "ysfine.com"
40.77.51.84 - - [10/Nov/2022:02:03:45 -0800] "GET /world/germany/schonbr02b.jpg HTTP/1.1" 200 45463 "http://www.ysfine.com/world/germany" "Mozilla/5.0 (iPhone; CPU iPhone OS 13_5_1 like Mac OS X) AppleWebKit/605.1.15 (KHTML, like Gecko) Version/13.1.1 Mobile/15E148 Safari/604.1" "www.ysfine.com"
207.46.13.107 - - [10/Nov/2022:02:03:52 -0800] "GET /maga/invent/pupin33b.jpg HTTP/1.1" 200 38057 "-" "Mozilla/5.0 AppleWebKit/537.36 (KHTML, like Gecko; compatible; bingbot/2.0; +http://www.bing.com/bingbot.htm) Chrome/103.0.5060.134 Safari/537.36" "www.ysfine.com"
157.55.39.76 - - [10/Nov/2022:02:03:55 -0800] "GET /bio/sbk/1950.html HTTP/1.1" 404 88 "-" "Mozilla/5.0 (compatible; bingbot/2.0; +http://www.bing.com/bingbot.htm)" "ysfine.com"
51.222.253.7 - - [10/Nov/2022:02:04:08 -0800] "GET /ysbio/folks/japanese.html HTTP/1.1" 404 88 "-" "Mozilla/5.0 (compatible; AhrefsBot/7.0; +http://ahrefs.com/robot/)" "ysfine.com"
185.191.171.20 - - [10/Nov/2022:02:04:35 -0800] "GET /ysbio/world/musplace.html HTTP/1.1" 404 88 "-" "Mozilla/5.0 (compatible; SemrushBot/7~bl; +http://www.semrush.com/bot.html)" "www.ysfine.com"
40.77.167.71 - - [10/Nov/2022:02:04:39 -0800] "GET /ysbio/yspapers/o33.pdf HTTP/1.1" 404 88 "-" "Mozilla/5.0 (compatible; bingbot/2.0; +http://www.bing.com/bingbot.htm)" "ysfine.com"
207.46.13.107 - - [10/Nov/2022:02:05:30 -0800] "GET /class54/class5470/total_data/img/06_sportsclub.gif HTTP/1.1" 200 1017 "-" "Mozilla/5.0 (compatible; bingbot/2.0; +http://www.bing.com/bingbot.htm)" "ysfine.com"
20.29.110.170 - - [10/Nov/2022:02:05:44 -0800] "GET /world/france/montpar10b.jpg HTTP/1.1" 200 56609 "http://ysfine.com/world/france" "Mozilla/5.0 (Linux; Android 10; SM-G960U) AppleWebKit/537.36 (KHTML, like Gecko) Chrome/88.0.4324.181 Mobile Safari/537.36" "ysfine.com"
165.132.111.95 - - [10/Nov/2022:02:05:49 -0800] "GET /wigner/wiglittle.pdf HTTP/1.1" 200 2659296 "https://www.google.com/" "Mozilla/5.0 (Windows NT 10.0; Win64; x64) AppleWebKit/537.36 (KHTML, like Gecko) Chrome/107.0.0.0 Safari/537.36" "ysfine.com"
165.132.111.95 - - [10/Nov/2022:02:05:49 -0800] "GET /favicon.ico HTTP/1.1" 404 88 "https://ysfine.com/wigner/wiglittle.pdf" "Mozilla/5.0 (Windows NT 10.0; Win64; x64) AppleWebKit/537.36 (KHTML, like Gecko) Chrome/107.0.0.0 Safari/537.36" "ysfine.com"
157.55.39.76 - - [10/Nov/2022:02:05:53 -0800] "GET /dongio/francef.html HTTP/1.1" 404 88 "-" "Mozilla/5.0 AppleWebKit/537.36 (KHTML, like Gecko; compatible; bingbot/2.0; +http://www.bing.com/bingbot.htm) Chrome/103.0.5060.134 Safari/537.36" "ysfine.com"
51.222.253.13 - - [10/Nov/2022:02:06:05 -0800] "GET /class54/class5470/total_data/sub_505.htm HTTP/1.1" 200 3207 "-" "Mozilla/5.0 (compatible; AhrefsBot/7.0; +http://ahrefs.com/robot/)" "www.ysfine.com"
40.122.227.202 - - [10/Nov/2022:02:06:16 -0800] "GET /newyork/russtea55c.jpg HTTP/1.1" 200 41207 "https://ysfine.com/newyork" "Mozilla/5.0 (Windows NT 10.0; Win64; x64) AppleWebKit/537.36 (KHTML, like Gecko) Chrome/74.0.3729.157 Safari/537.36" "ysfine.com"
40.122.230.189 - - [10/Nov/2022:02:06:27 -0800] "GET /usca/pitt/pnc01.jpg HTTP/1.1" 200 65328 "https://ysfine.com/usca/pitt" "Mozilla/5.0 (X11; Linux x86_64) AppleWebKit/537.36 (KHTML, like Gecko) Chrome/74.0.3729.169 Safari/537.36" "ysfine.com"
40.77.51.85 - - [10/Nov/2022:02:06:48 -0800] "GET /einstein/standrun22a.jpg HTTP/1.1" 200 41374 "https://ysfine.com/einstein" "Mozilla/5.0 (iPhone; CPU iPhone OS 13_5_1 like Mac OS X) AppleWebKit/605.1.15 (KHTML, like Gecko) Version/13.1.1 Mobile/15E148 Safari/604.1" "ysfine.com"
157.55.39.129 - - [10/Nov/2022:02:07:07 -0800] "GET /bio/einstein/ulm.html HTTP/1.1" 404 88 "-" "Mozilla/5.0 AppleWebKit/537.36 (KHTML, like Gecko; compatible; bingbot/2.0; +http://www.bing.com/bingbot.htm) Chrome/103.0.5060.134 Safari/537.36" "ysfine.com"
20.29.110.170 - - [10/Nov/2022:02:07:32 -0800] "GET /home/hyperell33b.jpg HTTP/1.1" 200 28132 "https://ysfine.com/home" "Mozilla/5.0 (iPhone; CPU iPhone OS 13_5_1 like Mac OS X) AppleWebKit/605.1.15 (KHTML, like Gecko) Version/13.1.1 Mobile/15E148 Safari/604.1" "ysfine.com"
216.244.66.229 - - [10/Nov/2022:02:07:42 -0800] "GET /ffriends/mil/kmc03.jpg HTTP/1.1" 200 230854 "-" "Mozilla/5.0 (compatible; DotBot/1.2; +https://opensiteexplorer.org/dotbot; help@moz.com)" "www.ysfine.com"
185.191.171.15 - - [10/Nov/2022:02:07:51 -0800] "GET /ysbio/world/feynrio.html HTTP/1.1" 404 88 "-" "Mozilla/5.0 (compatible; SemrushBot/7~bl; +http://www.semrush.com/bot.html)" "ysfine.com"
20.109.241.82 - - [10/Nov/2022:02:08:24 -0800] "GET /style/rigaopera11b.jpg HTTP/1.1" 200 40758 "https://ysfine.com/style" "Mozilla/5.0 (X11; Linux x86_64) AppleWebKit/537.36 (KHTML, like Gecko) Chrome/74.0.3729.169 Safari/537.36" "ysfine.com"
216.244.66.229 - - [10/Nov/2022:02:08:32 -0800] "GET /world/germany/berlin122.jpg HTTP/1.1" 200 148946 "-" "Mozilla/5.0 (compatible; DotBot/1.2; +https://opensiteexplorer.org/dotbot; help@moz.com)" "www.ysfine.com"
40.77.167.27 - - [10/Nov/2022:02:09:12 -0800] "GET /bio/style/proschanie.html HTTP/1.1" 404 88 "-" "Mozilla/5.0 AppleWebKit/537.36 (KHTML, like Gecko; compatible; bingbot/2.0; +http://www.bing.com/bingbot.htm) Chrome/103.0.5060.134 Safari/537.36" "ysfine.com"
40.77.51.85 - - [10/Nov/2022:02:09:18 -0800] "GET /ffriends/amkor/defectors01c.jpg HTTP/1.1" 200 34776 "https://ysfine.com/ffriends/amkor" "Mozilla/5.0 (X11; Linux x86_64) AppleWebKit/537.36 (KHTML, like Gecko) Chrome/74.0.3729.169 Safari/537.36" "ysfine.com"
40.77.51.86 - - [10/Nov/2022:02:09:18 -0800] "GET /world/germany/dussel01b.jpg HTTP/1.1" 200 39010 "http://ysfine.com/world/germany" "Mozilla/5.0 (Linux; Android 10; SM-G960U) AppleWebKit/537.36 (KHTML, like Gecko) Chrome/88.0.4324.181 Mobile Safari/537.36" "ysfine.com"
13.67.224.12 - - [10/Nov/2022:02:09:19 -0800] "GET /newyork/nyharbor04c.jpg HTTP/1.1" 200 26445 "https://ysfine.com/newyork" "Mozilla/5.0 (Macintosh; Intel Mac OS X 10_11_6) AppleWebKit/605.1.15 (KHTML, like Gecko) Version/11.1.2 Safari/605.1.15" "ysfine.com"
216.244.66.229 - - [10/Nov/2022:02:09:23 -0800] "GET /world/germany/mucf27.jpg HTTP/1.1" 200 114997 "-" "Mozilla/5.0 (compatible; DotBot/1.2; +https://opensiteexplorer.org/dotbot; help@moz.com)" "www.ysfine.com"
157.55.39.129 - - [10/Nov/2022:02:09:38 -0800] "GET /bio/eink/buythisbook.html HTTP/1.1" 404 88 "-" "Mozilla/5.0 AppleWebKit/537.36 (KHTML, like Gecko; compatible; bingbot/2.0; +http://www.bing.com/bingbot.htm) Chrome/103.0.5060.134 Safari/537.36" "ysfine.com"
51.222.253.1 - - [10/Nov/2022:02:09:47 -0800] "GET /class54/class5470/total_data/sub_514.htm HTTP/1.1" 200 3202 "-" "Mozilla/5.0 (compatible; AhrefsBot/7.0; +http://ahrefs.com/robot/)" "www.ysfine.com"
216.244.66.229 - - [10/Nov/2022:02:10:02 -0800] "GET /feynman/ppic/parton33.jpg HTTP/1.1" 200 116692 "-" "Mozilla/5.0 (compatible; DotBot/1.2; +https://opensiteexplorer.org/dotbot; help@moz.com)" "ysfine.com"
157.55.39.129 - - [10/Nov/2022:02:10:16 -0800] "GET /world/brit/marble02.jpg HTTP/1.1" 200 105287 "-" "Mozilla/5.0 (compatible; bingbot/2.0; +http://www.bing.com/bingbot.htm)" "ysfine.com"
216.244.66.229 - - [10/Nov/2022:02:10:43 -0800] "GET /kowar/panmun01.jpg HTTP/1.1" 200 120972 "-" "Mozilla/5.0 (compatible; DotBot/1.2; +https://opensiteexplorer.org/dotbot; help@moz.com)" "ysfine.com"
79.241.55.61 - - [10/Nov/2022:02:10:45 -0800] "GET /world/feynrio.html HTTP/1.1" 200 8831 "https://www.google.com/" "Mozilla/5.0 (Macintosh; Intel Mac OS X 10_15_7) AppleWebKit/537.36 (KHTML, like Gecko) Chrome/106.0.0.0 Safari/537.36" "ysfine.com"
79.241.55.61 - - [10/Nov/2022:02:10:46 -0800] "GET /world/latina/rio025b.jpg HTTP/1.1" 200 39082 "https://ysfine.com/world/feynrio.html" "Mozilla/5.0 (Macintosh; Intel Mac OS X 10_15_7) AppleWebKit/537.36 (KHTML, like Gecko) Chrome/106.0.0.0 Safari/537.36" "ysfine.com"
79.241.55.61 - - [10/Nov/2022:02:10:46 -0800] "GET /world/latina/rio004b.jpg HTTP/1.1" 200 40739 "https://ysfine.com/world/feynrio.html" "Mozilla/5.0 (Macintosh; Intel Mac OS X 10_15_7) AppleWebKit/537.36 (KHTML, like Gecko) Chrome/106.0.0.0 Safari/537.36" "ysfine.com"
79.241.55.61 - - [10/Nov/2022:02:10:46 -0800] "GET /world/latina/sambario11b.jpg HTTP/1.1" 200 31272 "https://ysfine.com/world/feynrio.html" "Mozilla/5.0 (Macintosh; Intel Mac OS X 10_15_7) AppleWebKit/537.36 (KHTML, like Gecko) Chrome/106.0.0.0 Safari/537.36" "ysfine.com"
79.241.55.61 - - [10/Nov/2022:02:10:46 -0800] "GET /world/latina/sambario05b.jpg HTTP/1.1" 200 30071 "https://ysfine.com/world/feynrio.html" "Mozilla/5.0 (Macintosh; Intel Mac OS X 10_15_7) AppleWebKit/537.36 (KHTML, like Gecko) Chrome/106.0.0.0 Safari/537.36" "ysfine.com"
79.241.55.61 - - [10/Nov/2022:02:10:46 -0800] "GET /world/latina/rio051b.jpg HTTP/1.1" 200 21302 "https://ysfine.com/world/feynrio.html" "Mozilla/5.0 (Macintosh; Intel Mac OS X 10_15_7) AppleWebKit/537.36 (KHTML, like Gecko) Chrome/106.0.0.0 Safari/537.36" "ysfine.com"
79.241.55.61 - - [10/Nov/2022:02:10:46 -0800] "GET /world/latina/sambario18b.jpg HTTP/1.1" 200 53856 "https://ysfine.com/world/feynrio.html" "Mozilla/5.0 (Macintosh; Intel Mac OS X 10_15_7) AppleWebKit/537.36 (KHTML, like Gecko) Chrome/106.0.0.0 Safari/537.36" "ysfine.com"
79.241.55.61 - - [10/Nov/2022:02:10:46 -0800] "GET /princeton/prospect22b.jpg HTTP/1.1" 200 46073 "https://ysfine.com/world/feynrio.html" "Mozilla/5.0 (Macintosh; Intel Mac OS X 10_15_7) AppleWebKit/537.36 (KHTML, like Gecko) Chrome/106.0.0.0 Safari/537.36" "ysfine.com"
79.241.55.61 - - [10/Nov/2022:02:10:46 -0800] "GET /style/venus6.jpg HTTP/1.1" 200 36692 "https://ysfine.com/world/feynrio.html" "Mozilla/5.0 (Macintosh; Intel Mac OS X 10_15_7) AppleWebKit/537.36 (KHTML, like Gecko) Chrome/106.0.0.0 Safari/537.36" "ysfine.com"
79.241.55.61 - - [10/Nov/2022:02:10:46 -0800] "GET /world/latina/rio103b.jpg HTTP/1.1" 200 37857 "https://ysfine.com/world/feynrio.html" "Mozilla/5.0 (Macintosh; Intel Mac OS X 10_15_7) AppleWebKit/537.36 (KHTML, like Gecko) Chrome/106.0.0.0 Safari/537.36" "ysfine.com"
79.241.55.61 - - [10/Nov/2022:02:10:46 -0800] "GET /world/scandi/vaxdoll33b.jpg HTTP/1.1" 200 56336 "https://ysfine.com/world/feynrio.html" "Mozilla/5.0 (Macintosh; Intel Mac OS X 10_15_7) AppleWebKit/537.36 (KHTML, like Gecko) Chrome/106.0.0.0 Safari/537.36" "ysfine.com"
79.241.55.61 - - [10/Nov/2022:02:10:46 -0800] "GET /world/latina/rio021b.jpg HTTP/1.1" 200 48636 "https://ysfine.com/world/feynrio.html" "Mozilla/5.0 (Macintosh; Intel Mac OS X 10_15_7) AppleWebKit/537.36 (KHTML, like Gecko) Chrome/106.0.0.0 Safari/537.36" "ysfine.com"
79.241.55.61 - - [10/Nov/2022:02:10:46 -0800] "GET /world/germany/franko11b.jpg HTTP/1.1" 200 37524 "https://ysfine.com/world/feynrio.html" "Mozilla/5.0 (Macintosh; Intel Mac OS X 10_15_7) AppleWebKit/537.36 (KHTML, like Gecko) Chrome/106.0.0.0 Safari/537.36" "ysfine.com"
79.241.55.61 - - [10/Nov/2022:02:10:46 -0800] "GET /world/latina/rio056b.jpg HTTP/1.1" 200 30911 "https://ysfine.com/world/feynrio.html" "Mozilla/5.0 (Macintosh; Intel Mac OS X 10_15_7) AppleWebKit/537.36 (KHTML, like Gecko) Chrome/106.0.0.0 Safari/537.36" "ysfine.com"
79.241.55.61 - - [10/Nov/2022:02:10:46 -0800] "GET /ffriends/telefon2.jpg HTTP/1.1" 200 50541 "https://ysfine.com/world/feynrio.html" "Mozilla/5.0 (Macintosh; Intel Mac OS X 10_15_7) AppleWebKit/537.36 (KHTML, like Gecko) Chrome/106.0.0.0 Safari/537.36" "ysfine.com"
79.241.55.61 - - [10/Nov/2022:02:10:46 -0800] "GET /ffriends/russrio22b.jpg HTTP/1.1" 200 28891 "https://ysfine.com/world/feynrio.html" "Mozilla/5.0 (Macintosh; Intel Mac OS X 10_15_7) AppleWebKit/537.36 (KHTML, like Gecko) Chrome/106.0.0.0 Safari/537.36" "ysfine.com"
79.241.55.61 - - [10/Nov/2022:02:10:46 -0800] "GET /kobak/taylor450.jpg HTTP/1.1" 200 70219 "https://ysfine.com/world/feynrio.html" "Mozilla/5.0 (Macintosh; Intel Mac OS X 10_15_7) AppleWebKit/537.36 (KHTML, like Gecko) Chrome/106.0.0.0 Safari/537.36" "ysfine.com"
79.241.55.61 - - [10/Nov/2022:02:10:46 -0800] "GET /world/latina/sambario10b.jpg HTTP/1.1" 200 33490 "https://ysfine.com/world/feynrio.html" "Mozilla/5.0 (Macintosh; Intel Mac OS X 10_15_7) AppleWebKit/537.36 (KHTML, like Gecko) Chrome/106.0.0.0 Safari/537.36" "ysfine.com"
79.241.55.61 - - [10/Nov/2022:02:10:46 -0800] "GET /princeton/sambapr01b.jpg HTTP/1.1" 200 53107 "https://ysfine.com/world/feynrio.html" "Mozilla/5.0 (Macintosh; Intel Mac OS X 10_15_7) AppleWebKit/537.36 (KHTML, like Gecko) Chrome/106.0.0.0 Safari/537.36" "ysfine.com"
79.241.55.61 - - [10/Nov/2022:02:10:46 -0800] "GET /world/latina/rio081b.jpg HTTP/1.1" 200 33294 "https://ysfine.com/world/feynrio.html" "Mozilla/5.0 (Macintosh; Intel Mac OS X 10_15_7) AppleWebKit/537.36 (KHTML, like Gecko) Chrome/106.0.0.0 Safari/537.36" "ysfine.com"
79.241.55.61 - - [10/Nov/2022:02:10:46 -0800] "GET /world/latina/rio073b.jpg HTTP/1.1" 200 38788 "https://ysfine.com/world/feynrio.html" "Mozilla/5.0 (Macintosh; Intel Mac OS X 10_15_7) AppleWebKit/537.36 (KHTML, like Gecko) Chrome/106.0.0.0 Safari/537.36" "ysfine.com"
79.241.55.61 - - [10/Nov/2022:02:10:46 -0800] "GET /ffriends/parthen03b.jpg HTTP/1.1" 200 47400 "https://ysfine.com/world/feynrio.html" "Mozilla/5.0 (Macintosh; Intel Mac OS X 10_15_7) AppleWebKit/537.36 (KHTML, like Gecko) Chrome/106.0.0.0 Safari/537.36" "ysfine.com"
79.241.55.61 - - [10/Nov/2022:02:10:46 -0800] "GET /eink/pwk19c.jpg HTTP/1.1" 200 57759 "https://ysfine.com/world/feynrio.html" "Mozilla/5.0 (Macintosh; Intel Mac OS X 10_15_7) AppleWebKit/537.36 (KHTML, like Gecko) Chrome/106.0.0.0 Safari/537.36" "ysfine.com"
79.241.55.61 - - [10/Nov/2022:02:10:46 -0800] "GET /world/latina/rio024b.jpg HTTP/1.1" 200 31606 "https://ysfine.com/world/feynrio.html" "Mozilla/5.0 (Macintosh; Intel Mac OS X 10_15_7) AppleWebKit/537.36 (KHTML, like Gecko) Chrome/106.0.0.0 Safari/537.36" "ysfine.com"
79.241.55.61 - - [10/Nov/2022:02:10:46 -0800] "GET /world/latina/rio097b.jpg HTTP/1.1" 200 43071 "https://ysfine.com/world/feynrio.html" "Mozilla/5.0 (Macintosh; Intel Mac OS X 10_15_7) AppleWebKit/537.36 (KHTML, like Gecko) Chrome/106.0.0.0 Safari/537.36" "ysfine.com"
79.241.55.61 - - [10/Nov/2022:02:10:46 -0800] "GET /world/latina/rio003b.jpg HTTP/1.1" 200 28468 "https://ysfine.com/world/feynrio.html" "Mozilla/5.0 (Macintosh; Intel Mac OS X 10_15_7) AppleWebKit/537.36 (KHTML, like Gecko) Chrome/106.0.0.0 Safari/537.36" "ysfine.com"
79.241.55.61 - - [10/Nov/2022:02:10:50 -0800] "GET /favicon.ico HTTP/1.1" 404 88 "https://ysfine.com/world/feynrio.html" "Mozilla/5.0 (Macintosh; Intel Mac OS X 10_15_7) AppleWebKit/537.36 (KHTML, like Gecko) Chrome/106.0.0.0 Safari/537.36" "ysfine.com"
40.122.227.200 - - [10/Nov/2022:02:10:54 -0800] "GET /world/brit/windsor04b.jpg HTTP/1.1" 200 25783 "https://ysfine.com/world/brit" "Mozilla/5.0 (X11; Linux x86_64) AppleWebKit/537.36 (KHTML, like Gecko) Chrome/74.0.3729.169 Safari/537.36" "ysfine.com"
40.77.167.71 - - [10/Nov/2022:02:11:30 -0800] "GET /ysbio/yspapers/o33.pdf HTTP/1.1" 404 88 "-" "Mozilla/5.0 AppleWebKit/537.36 (KHTML, like Gecko; compatible; bingbot/2.0; +http://www.bing.com/bingbot.htm) Chrome/103.0.5060.134 Safari/537.36" "ysfine.com"
216.244.66.229 - - [10/Nov/2022:02:11:33 -0800] "GET /wdc/reagan55.jpg HTTP/1.1" 200 70774 "-" "Mozilla/5.0 (compatible; DotBot/1.2; +https://opensiteexplorer.org/dotbot; help@moz.com)" "ysfine.com"
40.86.101.165 - - [10/Nov/2022:02:11:42 -0800] "GET /maga/invent/inductmo2.jpg HTTP/1.1" 200 40426 "http://ysfine.com/maga/invent" "Mozilla/5.0 (Macintosh; Intel Mac OS X 10_11_6) AppleWebKit/605.1.15 (KHTML, like Gecko) Version/11.1.2 Safari/605.1.15" "ysfine.com"
73.16.240.144 - - [10/Nov/2022:02:11:43 -0800] "GET /yspapers/iopbook15.pdf HTTP/1.1" 200 2962673 "https://www.google.com/" "Mozilla/5.0 (Linux; Android 11; EC211003) AppleWebKit/537.36 (KHTML, like Gecko) Chrome/107.0.0.0 Mobile Safari/537.36" "ysfine.com"
73.16.240.144 - - [10/Nov/2022:02:11:43 -0800] "GET /yspapers/iopbook15.pdf HTTP/1.1" 206 1597340 "https://www.google.com/" "Mozilla/5.0 (Linux; Android 11; EC211003) AppleWebKit/537.36 (KHTML, like Gecko) Chrome/107.0.0.0 Mobile Safari/537.36" "ysfine.com"
40.77.167.71 - - [10/Nov/2022:02:11:51 -0800] "GET /world/germany/oktf14.jpg HTTP/1.1" 200 100660 "-" "Mozilla/5.0 AppleWebKit/537.36 (KHTML, like Gecko; compatible; bingbot/2.0; +http://www.bing.com/bingbot.htm) Chrome/103.0.5060.134 Safari/537.36" "ysfine.com"
40.86.101.252 - - [10/Nov/2022:02:12:31 -0800] "GET /world/france/stras27b.jpg HTTP/1.1" 200 53963 "https://ysfine.com/world/france" "Mozilla/5.0 (iPhone; CPU iPhone OS 13_5_1 like Mac OS X) AppleWebKit/605.1.15 (KHTML, like Gecko) Version/13.1.1 Mobile/15E148 Safari/604.1" "ysfine.com"
40.77.51.81 - - [10/Nov/2022:02:13:28 -0800] "GET /world/russ/spbf15b.jpg HTTP/1.1" 200 59687 "http://ysfine.com/world/russ" "Mozilla/5.0 (Windows NT 10.0; Win64; x64) AppleWebKit/537.36 (KHTML, like Gecko) Chrome/74.0.3729.157 Safari/537.36" "ysfine.com"
40.77.167.71 - - [10/Nov/2022:02:13:31 -0800] "GET /world/poland/krk20.jpg HTTP/1.1" 200 119247 "-" "Mozilla/5.0 (compatible; bingbot/2.0; +http://www.bing.com/bingbot.htm)" "ysfine.com"
20.12.191.73 - - [10/Nov/2022:02:13:37 -0800] "GET /world/china/shanghai054b.jpg HTTP/1.1" 200 38656 "https://ysfine.com/world/china" "Mozilla/5.0 (Macintosh; Intel Mac OS X 10_11_6) AppleWebKit/605.1.15 (KHTML, like Gecko) Version/11.1.2 Safari/605.1.15" "ysfine.com"
207.46.13.128 - - [10/Nov/2022:02:13:57 -0800] "GET /home/hmleft.html HTTP/1.1" 200 861 "-" "Mozilla/5.0 (compatible; bingbot/2.0; +http://www.bing.com/bingbot.htm)" "ysfine.com"
40.122.230.190 - - [10/Nov/2022:02:14:15 -0800] "GET /maga/phil/kant00b.jpg HTTP/1.1" 200 51853 "http://ysfine.com/maga/phil" "Mozilla/5.0 (Macintosh; Intel Mac OS X 10_11_6) AppleWebKit/605.1.15 (KHTML, like Gecko) Version/11.1.2 Safari/605.1.15" "ysfine.com"
185.227.134.217 - - [10/Nov/2022:02:14:17 -0800] "GET /assets/filemanager/dialog.php HTTP/1.1" 404 88 "-" "python-requests/2.27.1" "ysfine.com"
185.227.134.217 - - [10/Nov/2022:02:14:33 -0800] "GET /asset/filemanager/dialog.php HTTP/1.1" 404 88 "-" "python-requests/2.27.1" "ysfine.com"
51.222.253.17 - - [10/Nov/2022:02:14:36 -0800] "GET /kobak/yskor.html HTTP/1.1" 200 9943 "-" "Mozilla/5.0 (compatible; AhrefsBot/7.0; +http://ahrefs.com/robot/)" "ysfine.com"
157.55.39.76 - - [10/Nov/2022:02:14:53 -0800] "GET /wdc/eindc11.jpg HTTP/1.1" 200 93194 "-" "Mozilla/5.0 (compatible; bingbot/2.0; +http://www.bing.com/bingbot.htm)" "ysfine.com"
185.227.134.217 - - [10/Nov/2022:02:14:56 -0800] "GET /filemanager/dialog.php HTTP/1.1" 404 88 "-" "python-requests/2.27.1" "ysfine.com"
185.227.134.217 - - [10/Nov/2022:02:15:26 -0800] "GET /assets/admin/js/filemanager/ HTTP/1.1" 404 88 "-" "python-requests/2.27.1" "ysfine.com"
185.227.134.217 - - [10/Nov/2022:02:15:48 -0800] "GET /media/filemanager/dialog.php HTTP/1.1" 404 88 "-" "python-requests/2.27.1" "ysfine.com"
40.86.101.253 - - [10/Nov/2022:02:15:54 -0800] "GET /style/bstring33b.jpg HTTP/1.1" 200 34671 "http://ysfine.com/style" "Mozilla/5.0 (Linux; Android 10; SM-G960U) AppleWebKit/537.36 (KHTML, like Gecko) Chrome/88.0.4324.181 Mobile Safari/537.36" "ysfine.com"
185.227.134.217 - - [10/Nov/2022:02:16:04 -0800] "GET /assets/plugins/filemanager/dialog.php HTTP/1.1" 404 88 "-" "python-requests/2.27.1" "ysfine.com"
185.227.134.217 - - [10/Nov/2022:02:16:19 -0800] "GET /assets/admin/js/tinymce/plugins/filemanager/dialog.php HTTP/1.1" 404 88 "-" "python-requests/2.27.1" "ysfine.com"
71.178.208.102 - - [10/Nov/2022:02:16:19 -0800] "GET /favicon.ico HTTP/1.1" 404 88 "https://ysfine.com/ys11/" "Mozilla/5.0 (Windows NT 10.0; Win64; x64) AppleWebKit/537.36 (KHTML, like Gecko) Chrome/107.0.0.0 Safari/537.36 Edg/107.0.1418.35" "ysfine.com"
157.55.39.76 - - [10/Nov/2022:02:16:44 -0800] "GET /kobak/sormount2.jpg HTTP/1.1" 200 33552 "-" "Mozilla/5.0 AppleWebKit/537.36 (KHTML, like Gecko; compatible; bingbot/2.0; +http://www.bing.com/bingbot.htm) Chrome/103.0.5060.134 Safari/537.36" "ysfine.com"
71.178.208.102 - - [10/Nov/2022:02:17:12 -0800] "GET /home/bio22.html HTTP/1.1" 404 88 "-" "Mozilla/5.0 (Windows NT 10.0; Win64; x64) AppleWebKit/537.36 (KHTML, like Gecko) Chrome/107.0.0.0 Safari/537.36 Edg/107.0.1418.35" "ysfine.com"
71.178.208.102 - - [10/Nov/2022:02:17:12 -0800] "GET /favicon.ico HTTP/1.1" 404 88 "https://ysfine.com/home/bio22.html" "Mozilla/5.0 (Windows NT 10.0; Win64; x64) AppleWebKit/537.36 (KHTML, like Gecko) Chrome/107.0.0.0 Safari/537.36 Edg/107.0.1418.35" "ysfine.com"
216.244.66.229 - - [10/Nov/2022:02:17:46 -0800] "GET /archives/class5470/total_data/sub_701.htm HTTP/1.1" 404 73 "-" "Mozilla/5.0 (compatible; DotBot/1.2; +https://opensiteexplorer.org/dotbot; help@moz.com)" "www.ysfine.com"
71.178.208.102 - - [10/Nov/2022:02:17:50 -0800] "GET /princeton/index.html HTTP/1.1" 200 140 "https://www.google.com/" "Mozilla/5.0 (Windows NT 10.0; Win64; x64; rv:106.0) Gecko/20100101 Firefox/106.0" "ysfine.com"
71.178.208.102 - - [10/Nov/2022:02:17:50 -0800] "GET /princeton/prtop.html HTTP/1.1" 200 389 "https://ysfine.com/princeton/index.html" "Mozilla/5.0 (Windows NT 10.0; Win64; x64; rv:106.0) Gecko/20100101 Firefox/106.0" "ysfine.com"
71.178.208.102 - - [10/Nov/2022:02:17:50 -0800] "GET /princeton/prbot.html HTTP/1.1" 200 140 "https://ysfine.com/princeton/index.html" "Mozilla/5.0 (Windows NT 10.0; Win64; x64; rv:106.0) Gecko/20100101 Firefox/106.0" "ysfine.com"
71.178.208.102 - - [10/Nov/2022:02:17:50 -0800] "GET /princeton/pleft.html HTTP/1.1" 200 670 "https://ysfine.com/princeton/prbot.html" "Mozilla/5.0 (Windows NT 10.0; Win64; x64; rv:106.0) Gecko/20100101 Firefox/106.0" "ysfine.com"
71.178.208.102 - - [10/Nov/2022:02:17:50 -0800] "GET /princeton/prigh.html HTTP/1.1" 200 5268 "https://ysfine.com/princeton/prbot.html" "Mozilla/5.0 (Windows NT 10.0; Win64; x64; rv:106.0) Gecko/20100101 Firefox/106.0" "ysfine.com"
71.178.208.102 - - [10/Nov/2022:02:17:50 -0800] "GET /princeton/pawkim19c.jpg HTTP/1.1" 200 58199 "https://ysfine.com/princeton/prigh.html" "Mozilla/5.0 (Windows NT 10.0; Win64; x64; rv:106.0) Gecko/20100101 Firefox/106.0" "ysfine.com"
71.178.208.102 - - [10/Nov/2022:02:17:50 -0800] "GET /eink/further22a.jpg HTTP/1.1" 200 96140 "https://ysfine.com/princeton/prigh.html" "Mozilla/5.0 (Windows NT 10.0; Win64; x64; rv:106.0) Gecko/20100101 Firefox/106.0" "ysfine.com"
71.178.208.102 - - [10/Nov/2022:02:17:50 -0800] "GET /princeton/feyprince11c.jpg HTTP/1.1" 200 50500 "https://ysfine.com/princeton/prigh.html" "Mozilla/5.0 (Windows NT 10.0; Win64; x64; rv:106.0) Gecko/20100101 Firefox/106.0" "ysfine.com"
71.178.208.102 - - [10/Nov/2022:02:17:50 -0800] "GET /eink/ewk86a.jpg HTTP/1.1" 200 70895 "https://ysfine.com/princeton/prigh.html" "Mozilla/5.0 (Windows NT 10.0; Win64; x64; rv:106.0) Gecko/20100101 Firefox/106.0" "ysfine.com"
71.178.208.102 - - [10/Nov/2022:02:17:50 -0800] "GET /feynman/feyfirm66c.jpg HTTP/1.1" 200 36701 "https://ysfine.com/princeton/prigh.html" "Mozilla/5.0 (Windows NT 10.0; Win64; x64; rv:106.0) Gecko/20100101 Firefox/106.0" "ysfine.com"
71.178.208.102 - - [10/Nov/2022:02:17:50 -0800] "GET /princeton/gcollege61c.jpg HTTP/1.1" 200 25688 "https://ysfine.com/princeton/prigh.html" "Mozilla/5.0 (Windows NT 10.0; Win64; x64; rv:106.0) Gecko/20100101 Firefox/106.0" "ysfine.com"
71.178.208.102 - - [10/Nov/2022:02:17:50 -0800] "GET /princeton/yspr61c.jpg HTTP/1.1" 200 27257 "https://ysfine.com/princeton/prigh.html" "Mozilla/5.0 (Windows NT 10.0; Win64; x64; rv:106.0) Gecko/20100101 Firefox/106.0" "ysfine.com"
71.178.208.102 - - [10/Nov/2022:02:17:50 -0800] "GET /einstein/einbohr33c.jpg HTTP/1.1" 200 36410 "https://ysfine.com/princeton/prigh.html" "Mozilla/5.0 (Windows NT 10.0; Win64; x64; rv:106.0) Gecko/20100101 Firefox/106.0" "ysfine.com"
71.178.208.102 - - [10/Nov/2022:02:17:50 -0800] "GET /awards/hemis21a.jpg HTTP/1.1" 200 116270 "https://ysfine.com/princeton/prigh.html" "Mozilla/5.0 (Windows NT 10.0; Win64; x64; rv:106.0) Gecko/20100101 Firefox/106.0" "ysfine.com"
71.178.208.102 - - [10/Nov/2022:02:17:50 -0800] "GET /princeton/rheepr01c.jpg HTTP/1.1" 200 33538 "https://ysfine.com/princeton/prigh.html" "Mozilla/5.0 (Windows NT 10.0; Win64; x64; rv:106.0) Gecko/20100101 Firefox/106.0" "ysfine.com"
71.178.208.102 - - [10/Nov/2022:02:17:50 -0800] "GET /princeton/einpm300.jpg HTTP/1.1" 200 45605 "https://ysfine.com/princeton/prigh.html" "Mozilla/5.0 (Windows NT 10.0; Win64; x64; rv:106.0) Gecko/20100101 Firefox/106.0" "ysfine.com"
71.178.208.102 - - [10/Nov/2022:02:17:50 -0800] "GET /princeton/family87c.jpg HTTP/1.1" 200 41065 "https://ysfine.com/princeton/prigh.html" "Mozilla/5.0 (Windows NT 10.0; Win64; x64; rv:106.0) Gecko/20100101 Firefox/106.0" "ysfine.com"
71.178.208.102 - - [10/Nov/2022:02:17:58 -0800] "GET /princeton/campus.html HTTP/1.1" 200 15142 "https://ysfine.com/princeton/pleft.html" "Mozilla/5.0 (Windows NT 10.0; Win64; x64; rv:106.0) Gecko/20100101 Firefox/106.0" "ysfine.com"
71.178.208.102 - - [10/Nov/2022:02:17:58 -0800] "GET /princeton/withers01b.jpg HTTP/1.1" 200 53277 "https://ysfine.com/princeton/campus.html" "Mozilla/5.0 (Windows NT 10.0; Win64; x64; rv:106.0) Gecko/20100101 Firefox/106.0" "ysfine.com"
71.178.208.102 - - [10/Nov/2022:02:17:58 -0800] "GET /princeton/nasshall01b.jpg HTTP/1.1" 200 60879 "https://ysfine.com/princeton/campus.html" "Mozilla/5.0 (Windows NT 10.0; Win64; x64; rv:106.0) Gecko/20100101 Firefox/106.0" "ysfine.com"
71.178.208.102 - - [10/Nov/2022:02:17:58 -0800] "GET /princeton/prospectg33b.jpg HTTP/1.1" 200 39510 "https://ysfine.com/princeton/campus.html" "Mozilla/5.0 (Windows NT 10.0; Win64; x64; rv:106.0) Gecko/20100101 Firefox/106.0" "ysfine.com"
71.178.208.102 - - [10/Nov/2022:02:17:58 -0800] "GET /princeton/pumu11b.jpg HTTP/1.1" 200 46659 "https://ysfine.com/princeton/campus.html" "Mozilla/5.0 (Windows NT 10.0; Win64; x64; rv:106.0) Gecko/20100101 Firefox/106.0" "ysfine.com"
71.178.208.102 - - [10/Nov/2022:02:17:58 -0800] "GET /princeton/alexan22b.jpg HTTP/1.1" 200 55817 "https://ysfine.com/princeton/campus.html" "Mozilla/5.0 (Windows NT 10.0; Win64; x64; rv:106.0) Gecko/20100101 Firefox/106.0" "ysfine.com"
71.178.208.102 - - [10/Nov/2022:02:17:58 -0800] "GET /style/picasspr22b.jpg HTTP/1.1" 200 67766 "https://ysfine.com/princeton/campus.html" "Mozilla/5.0 (Windows NT 10.0; Win64; x64; rv:106.0) Gecko/20100101 Firefox/106.0" "ysfine.com"
71.178.208.102 - - [10/Nov/2022:02:17:58 -0800] "GET /princeton/cleve11b.jpg HTTP/1.1" 200 42431 "https://ysfine.com/princeton/campus.html" "Mozilla/5.0 (Windows NT 10.0; Win64; x64; rv:106.0) Gecko/20100101 Firefox/106.0" "ysfine.com"
71.178.208.102 - - [10/Nov/2022:02:17:58 -0800] "GET /princeton/pcomm01b.jpg HTTP/1.1" 200 46796 "https://ysfine.com/princeton/campus.html" "Mozilla/5.0 (Windows NT 10.0; Win64; x64; rv:106.0) Gecko/20100101 Firefox/106.0" "ysfine.com"
71.178.208.102 - - [10/Nov/2022:02:17:58 -0800] "GET /princeton/gcollege21b.jpg HTTP/1.1" 200 50053 "https://ysfine.com/princeton/campus.html" "Mozilla/5.0 (Windows NT 10.0; Win64; x64; rv:106.0) Gecko/20100101 Firefox/106.0" "ysfine.com"
71.178.208.102 - - [10/Nov/2022:02:17:58 -0800] "GET /princeton/wilson02b.jpg HTTP/1.1" 200 38092 "https://ysfine.com/princeton/campus.html" "Mozilla/5.0 (Windows NT 10.0; Win64; x64; rv:106.0) Gecko/20100101 Firefox/106.0" "ysfine.com"
