71.178.208.102 - - [09/Nov/2022:21:02:58 -0800] "GET /home/foto22/facu63c.jpg HTTP/1.1" 200 41710 "https://ysfine.com/bio07.html" "Mozilla/5.0 (Windows NT 10.0; Win64; x64) AppleWebKit/537.36 (KHTML, like Gecko) Chrome/107.0.0.0 Safari/537.36 Edg/107.0.1418.35" "ysfine.com"
51.222.253.4 - - [09/Nov/2022:21:03:01 -0800] "GET /class54/class5470/total_data/refer_img/7-36_f.jpg HTTP/1.1" 200 32652 "-" "Mozilla/5.0 (compatible; AhrefsBot/7.0; +http://ahrefs.com/robot/)" "ysfine.com"
216.244.66.229 - - [09/Nov/2022:21:03:03 -0800] "GET /maga/osc11.jpg HTTP/1.1" 200 9688465 "-" "Mozilla/5.0 (compatible; DotBot/1.2; +https://opensiteexplorer.org/dotbot; help@moz.com)" "ysfine.com"
51.222.253.16 - - [09/Nov/2022:21:03:07 -0800] "GET /class54/class5470/total_data/refer_img/7-35_f.jpg HTTP/1.1" 200 34715 "-" "Mozilla/5.0 (compatible; AhrefsBot/7.0; +http://ahrefs.com/robot/)" "ysfine.com"
71.178.208.102 - - [09/Nov/2022:21:03:09 -0800] "GET /bio08.html HTTP/1.1" 200 10631 "https://ysfine.com/bio07.html" "Mozilla/5.0 (Windows NT 10.0; Win64; x64) AppleWebKit/537.36 (KHTML, like Gecko) Chrome/107.0.0.0 Safari/537.36 Edg/107.0.1418.35" "ysfine.com"
71.178.208.102 - - [09/Nov/2022:21:03:09 -0800] "GET /wigner22d.jpg HTTP/1.1" 404 88 "https://ysfine.com/bio08.html" "Mozilla/5.0 (Windows NT 10.0; Win64; x64) AppleWebKit/537.36 (KHTML, like Gecko) Chrome/107.0.0.0 Safari/537.36 Edg/107.0.1418.35" "ysfine.com"
71.178.208.102 - - [09/Nov/2022:21:03:09 -0800] "GET /eink450.jpg HTTP/1.1" 404 88 "https://ysfine.com/bio08.html" "Mozilla/5.0 (Windows NT 10.0; Win64; x64) AppleWebKit/537.36 (KHTML, like Gecko) Chrome/107.0.0.0 Safari/537.36 Edg/107.0.1418.35" "ysfine.com"
71.178.208.102 - - [09/Nov/2022:21:03:09 -0800] "GET /phys/parton77g.jpg HTTP/1.1" 404 88 "https://ysfine.com/bio08.html" "Mozilla/5.0 (Windows NT 10.0; Win64; x64) AppleWebKit/537.36 (KHTML, like Gecko) Chrome/107.0.0.0 Safari/537.36 Edg/107.0.1418.35" "ysfine.com"
71.178.208.102 - - [09/Nov/2022:21:03:09 -0800] "GET /fotos/einmu41d.jpg HTTP/1.1" 200 62005 "https://ysfine.com/bio08.html" "Mozilla/5.0 (Windows NT 10.0; Win64; x64) AppleWebKit/537.36 (KHTML, like Gecko) Chrome/107.0.0.0 Safari/537.36 Edg/107.0.1418.35" "ysfine.com"
71.178.208.102 - - [09/Nov/2022:21:03:09 -0800] "GET /wigein11d.jpg HTTP/1.1" 404 88 "https://ysfine.com/bio08.html" "Mozilla/5.0 (Windows NT 10.0; Win64; x64) AppleWebKit/537.36 (KHTML, like Gecko) Chrome/107.0.0.0 Safari/537.36 Edg/107.0.1418.35" "ysfine.com"
71.178.208.102 - - [09/Nov/2022:21:03:09 -0800] "GET /further22f.jpg HTTP/1.1" 404 88 "https://ysfine.com/bio08.html" "Mozilla/5.0 (Windows NT 10.0; Win64; x64) AppleWebKit/537.36 (KHTML, like Gecko) Chrome/107.0.0.0 Safari/537.36 Edg/107.0.1418.35" "ysfine.com"
71.178.208.102 - - [09/Nov/2022:21:03:09 -0800] "GET /comet40f.jpg HTTP/1.1" 404 88 "https://ysfine.com/bio08.html" "Mozilla/5.0 (Windows NT 10.0; Win64; x64) AppleWebKit/537.36 (KHTML, like Gecko) Chrome/107.0.0.0 Safari/537.36 Edg/107.0.1418.35" "ysfine.com"
71.178.208.102 - - [09/Nov/2022:21:03:09 -0800] "GET /einstein/einbohr55f.jpg HTTP/1.1" 200 155618 "https://ysfine.com/bio08.html" "Mozilla/5.0 (Windows NT 10.0; Win64; x64) AppleWebKit/537.36 (KHTML, like Gecko) Chrome/107.0.0.0 Safari/537.36 Edg/107.0.1418.35" "ysfine.com"
71.178.208.102 - - [09/Nov/2022:21:03:09 -0800] "GET /wigkim450.jpg HTTP/1.1" 404 88 "https://ysfine.com/bio08.html" "Mozilla/5.0 (Windows NT 10.0; Win64; x64) AppleWebKit/537.36 (KHTML, like Gecko) Chrome/107.0.0.0 Safari/537.36 Edg/107.0.1418.35" "ysfine.com"
71.178.208.102 - - [09/Nov/2022:21:03:09 -0800] "GET /princeton/sbtwein450.jpg HTTP/1.1" 404 88 "https://ysfine.com/bio08.html" "Mozilla/5.0 (Windows NT 10.0; Win64; x64) AppleWebKit/537.36 (KHTML, like Gecko) Chrome/107.0.0.0 Safari/537.36 Edg/107.0.1418.35" "ysfine.com"
71.178.208.102 - - [09/Nov/2022:21:03:09 -0800] "GET /dirac/truck/truck18a.jpg HTTP/1.1" 200 78184 "https://ysfine.com/bio08.html" "Mozilla/5.0 (Windows NT 10.0; Win64; x64) AppleWebKit/537.36 (KHTML, like Gecko) Chrome/107.0.0.0 Safari/537.36 Edg/107.0.1418.35" "ysfine.com"
71.178.208.102 - - [09/Nov/2022:21:03:09 -0800] "GET /tollwig11d.jpg HTTP/1.1" 404 88 "https://ysfine.com/bio08.html" "Mozilla/5.0 (Windows NT 10.0; Win64; x64) AppleWebKit/537.36 (KHTML, like Gecko) Chrome/107.0.0.0 Safari/537.36 Edg/107.0.1418.35" "ysfine.com"
71.178.208.102 - - [09/Nov/2022:21:03:09 -0800] "GET /o32inho22g.jpg HTTP/1.1" 404 88 "https://ysfine.com/bio08.html" "Mozilla/5.0 (Windows NT 10.0; Win64; x64) AppleWebKit/537.36 (KHTML, like Gecko) Chrome/107.0.0.0 Safari/537.36 Edg/107.0.1418.35" "ysfine.com"
71.178.208.102 - - [09/Nov/2022:21:03:09 -0800] "GET /ewk86f.jpg HTTP/1.1" 404 88 "https://ysfine.com/bio08.html" "Mozilla/5.0 (Windows NT 10.0; Win64; x64) AppleWebKit/537.36 (KHTML, like Gecko) Chrome/107.0.0.0 Safari/537.36 Edg/107.0.1418.35" "ysfine.com"
71.178.208.102 - - [09/Nov/2022:21:03:09 -0800] "GET /sbt11d.jpg HTTP/1.1" 404 88 "https://ysfine.com/bio08.html" "Mozilla/5.0 (Windows NT 10.0; Win64; x64) AppleWebKit/537.36 (KHTML, like Gecko) Chrome/107.0.0.0 Safari/537.36 Edg/107.0.1418.35" "ysfine.com"
71.178.208.102 - - [09/Nov/2022:21:03:09 -0800] "GET /wigner/michwight640.jpg HTTP/1.1" 404 88 "https://ysfine.com/bio08.html" "Mozilla/5.0 (Windows NT 10.0; Win64; x64) AppleWebKit/537.36 (KHTML, like Gecko) Chrome/107.0.0.0 Safari/537.36 Edg/107.0.1418.35" "ysfine.com"
161.97.149.89 - - [09/Nov/2022:21:03:10 -0800] "GET /class54/class5480/Pictures/4.%C3%AA%C2%B8%C2%B0%C3%AB%C2%85%C2%90%C3%AC%C2%B4%C2%AC%C3%AC%C2%98%C2%81/%C3%AA%C2%B8%C2%B0%C3%AB%C2%85%C2%90%C3%AC%C2%B4%C2%AC%C3%AC%C2%98%C2%81%20(70).jpg HTTP/1.1" 200 8939060 "-" "Mozilla/5.0 (compatible; MJ12bot/v1.4.8; http://mj12bot.com/)" "ysfine.com"
51.222.253.2 - - [09/Nov/2022:21:03:13 -0800] "GET /class54/class5470/total_data/refer_img/7-29_f.jpg HTTP/1.1" 200 33079 "-" "Mozilla/5.0 (compatible; AhrefsBot/7.0; +http://ahrefs.com/robot/)" "ysfine.com"
51.222.253.14 - - [09/Nov/2022:21:03:19 -0800] "GET /class54/class5470/total_data/refer_img/7-23_f.jpg HTTP/1.1" 200 37428 "-" "Mozilla/5.0 (compatible; AhrefsBot/7.0; +http://ahrefs.com/robot/)" "ysfine.com"
51.222.253.11 - - [09/Nov/2022:21:03:19 -0800] "GET /class54/class5470/total_data/refer_img/7-37_f.jpg HTTP/1.1" 200 32634 "-" "Mozilla/5.0 (compatible; AhrefsBot/7.0; +http://ahrefs.com/robot/)" "ysfine.com"
71.178.208.102 - - [09/Nov/2022:21:03:19 -0800] "GET /home/sing.html HTTP/1.1" 304 - "https://ysfine.com/bio07.html" "Mozilla/5.0 (Windows NT 10.0; Win64; x64) AppleWebKit/537.36 (KHTML, like Gecko) Chrome/107.0.0.0 Safari/537.36 Edg/107.0.1418.35" "ysfine.com"
40.86.101.253 - - [09/Nov/2022:21:03:19 -0800] "GET /kobak/sorae/church05b.jpg HTTP/1.1" 200 66213 "http://ysfine.com/kobak/sorae" "Mozilla/5.0 (iPhone; CPU iPhone OS 13_5_1 like Mac OS X) AppleWebKit/605.1.15 (KHTML, like Gecko) Version/13.1.1 Mobile/15E148 Safari/604.1" "ysfine.com"
51.222.253.13 - - [09/Nov/2022:21:03:25 -0800] "GET /class54/class5470/total_data/sub_734.htm HTTP/1.1" 200 3294 "-" "Mozilla/5.0 (compatible; AhrefsBot/7.0; +http://ahrefs.com/robot/)" "ysfine.com"
51.222.253.4 - - [09/Nov/2022:21:03:25 -0800] "GET /class54/class5470/total_data/refer_img/7-33_f.jpg HTTP/1.1" 200 28140 "-" "Mozilla/5.0 (compatible; AhrefsBot/7.0; +http://ahrefs.com/robot/)" "ysfine.com"
51.222.253.1 - - [09/Nov/2022:21:03:25 -0800] "GET /class54/class5470/total_data/photo_img/7-39.jpg HTTP/1.1" 200 205445 "-" "Mozilla/5.0 (compatible; AhrefsBot/7.0; +http://ahrefs.com/robot/)" "ysfine.com"
161.97.149.89 - - [09/Nov/2022:21:03:29 -0800] "GET /class54/class5480/Pictures/4.%C3%AA%C2%B8%C2%B0%C3%AB%C2%85%C2%90%C3%AC%C2%B4%C2%AC%C3%AC%C2%98%C2%81/%C3%AA%C2%B8%C2%B0%C3%AB%C2%85%C2%90%C3%AC%C2%B4%C2%AC%C3%AC%C2%98%C2%81%20(71).jpg HTTP/1.1" 200 10036622 "-" "Mozilla/5.0 (compatible; MJ12bot/v1.4.8; http://mj12bot.com/)" "ysfine.com"
216.244.66.229 - - [09/Nov/2022:21:03:30 -0800] "GET /world/balkan/athf07.jpg HTTP/1.1" 200 133625 "-" "Mozilla/5.0 (compatible; DotBot/1.2; +https://opensiteexplorer.org/dotbot; help@moz.com)" "ysfine.com"
51.222.253.6 - - [09/Nov/2022:21:03:32 -0800] "GET /class54/class5470/total_data/refer_img/7-27_f.jpg HTTP/1.1" 200 36092 "-" "Mozilla/5.0 (compatible; AhrefsBot/7.0; +http://ahrefs.com/robot/)" "ysfine.com"
62.138.2.243 - - [09/Nov/2022:21:03:37 -0800] "GET /robots.txt HTTP/1.1" 404 73 "-" "Mozilla/5.0 (compatible; MJ12bot/v1.4.8; http://mj12bot.com/)" "ysfine.com"
51.222.253.1 - - [09/Nov/2022:21:03:38 -0800] "GET /class54/class5470/total_data/refer_img/7-24_f.jpg HTTP/1.1" 200 38321 "-" "Mozilla/5.0 (compatible; AhrefsBot/7.0; +http://ahrefs.com/robot/)" "ysfine.com"
71.178.208.102 - - [09/Nov/2022:21:03:41 -0800] "GET /home/wigner/e(2).html HTTP/1.1" 404 88 "https://ysfine.com/home/sing.html" "Mozilla/5.0 (Windows NT 10.0; Win64; x64) AppleWebKit/537.36 (KHTML, like Gecko) Chrome/107.0.0.0 Safari/537.36 Edg/107.0.1418.35" "ysfine.com"
62.138.2.243 - - [09/Nov/2022:21:03:41 -0800] "GET /class54/acs/acs17.jpg HTTP/1.1" 200 213767 "-" "Mozilla/5.0 (compatible; MJ12bot/v1.4.8; http://mj12bot.com/)" "ysfine.com"
51.222.253.9 - - [09/Nov/2022:21:03:44 -0800] "GET /class54/class5470/total_data/refer_img/7-30_f.jpg HTTP/1.1" 200 34040 "-" "Mozilla/5.0 (compatible; AhrefsBot/7.0; +http://ahrefs.com/robot/)" "ysfine.com"
71.178.208.102 - - [09/Nov/2022:21:03:48 -0800] "GET /home/wigner/wigner39.html HTTP/1.1" 404 88 "https://ysfine.com/home/sing.html" "Mozilla/5.0 (Windows NT 10.0; Win64; x64) AppleWebKit/537.36 (KHTML, like Gecko) Chrome/107.0.0.0 Safari/537.36 Edg/107.0.1418.35" "ysfine.com"
62.138.2.243 - - [09/Nov/2022:21:03:51 -0800] "GET /robots.txt HTTP/1.1" 404 73 "-" "Mozilla/5.0 (compatible; MJ12bot/v1.4.8; http://mj12bot.com/)" "ysfine.com"
161.97.149.89 - - [09/Nov/2022:21:03:51 -0800] "GET /class54/class5480/Pictures/4.%C3%AA%C2%B8%C2%B0%C3%AB%C2%85%C2%90%C3%AC%C2%B4%C2%AC%C3%AC%C2%98%C2%81/%C3%AA%C2%B8%C2%B0%C3%AB%C2%85%C2%90%C3%AC%C2%B4%C2%AC%C3%AC%C2%98%C2%81%20(72).jpg HTTP/1.1" 200 9703727 "-" "Mozilla/5.0 (compatible; MJ12bot/v1.4.8; http://mj12bot.com/)" "ysfine.com"
40.77.167.71 - - [09/Nov/2022:21:03:58 -0800] "GET / HTTP/1.1" 200 5283 "-" "Mozilla/5.0 (compatible; bingbot/2.0; +http://www.bing.com/bingbot.htm)" "www.ysfine.com"
38.126.157.40 - - [09/Nov/2022:21:03:58 -0800] "GET /newyork/wfc08c.jpg HTTP/1.1" 200 46799 "-" "Mozilla/5.0 (compatible; FemtosearchBot/1.0; http://femtosearch.com)" "ysfine.com"
38.126.157.40 - - [09/Nov/2022:21:03:58 -0800] "GET /princeton/coed.jpg HTTP/1.1" 200 93633 "-" "Mozilla/5.0 (compatible; FemtosearchBot/1.0; http://femtosearch.com)" "ysfine.com"
38.126.157.40 - - [09/Nov/2022:21:03:58 -0800] "GET /articles/cylin.pdf HTTP/1.1" 401 90 "-" "Mozilla/5.0 (compatible; FemtosearchBot/1.0; http://femtosearch.com)" "ysfine.com"
38.126.157.40 - - [09/Nov/2022:21:03:58 -0800] "GET /feynman/cooper.jpg HTTP/1.1" 200 70013 "-" "Mozilla/5.0 (compatible; FemtosearchBot/1.0; http://femtosearch.com)" "ysfine.com"
38.126.157.40 - - [09/Nov/2022:21:03:59 -0800] "GET /people/facu63b.jpg HTTP/1.1" 200 47712 "-" "Mozilla/5.0 (compatible; FemtosearchBot/1.0; http://femtosearch.com)" "ysfine.com"
38.126.157.40 - - [09/Nov/2022:21:03:59 -0800] "GET /style/athens05.jpg HTTP/1.1" 200 128877 "-" "Mozilla/5.0 (compatible; FemtosearchBot/1.0; http://femtosearch.com)" "ysfine.com"
38.126.157.40 - - [09/Nov/2022:21:03:59 -0800] "GET /feynman/yscoup.jpg HTTP/1.1" 200 68426 "-" "Mozilla/5.0 (compatible; FemtosearchBot/1.0; http://femtosearch.com)" "ysfine.com"
38.126.157.40 - - [09/Nov/2022:21:03:59 -0800] "GET /wdc/heyadams11.jpg HTTP/1.1" 200 124669 "-" "Mozilla/5.0 (compatible; FemtosearchBot/1.0; http://femtosearch.com)" "ysfine.com"
216.244.66.229 - - [09/Nov/2022:21:04:02 -0800] "GET /world/baltic/kantm08.jpg HTTP/1.1" 200 111853 "-" "Mozilla/5.0 (compatible; DotBot/1.2; +https://opensiteexplorer.org/dotbot; help@moz.com)" "ysfine.com"
20.29.110.170 - - [09/Nov/2022:21:04:02 -0800] "GET /world/eve/ukrapol01b.jpg HTTP/1.1" 404 88 "https://ysfine.com/world/eve" "Mozilla/5.0 (Windows NT 10.0; Win64; x64) AppleWebKit/537.36 (KHTML, like Gecko) Chrome/74.0.3729.157 Safari/537.36" "ysfine.com"
62.138.2.243 - - [09/Nov/2022:21:04:03 -0800] "GET /einstein/ulm.html HTTP/1.1" 200 6713 "-" "Mozilla/5.0 (compatible; MJ12bot/v1.4.8; http://mj12bot.com/)" "ysfine.com"
62.138.2.243 - - [09/Nov/2022:21:04:13 -0800] "GET /class54/class5480/Pictures/2.%C3%AA%C2%B8%C2%B0%C3%AB%C2%85%C2%90%C3%AD%C2%96%C2%89%C3%AC%C2%82%C2%AC/%C3%AA%C2%B8%C2%B0%C3%AB%C2%85%C2%90%C3%AD%C2%96%C2%89%C3%AC%C2%82%C2%AC%20(128).jpg HTTP/1.1" 200 3118650 "-" "Mozilla/5.0 (compatible; MJ12bot/v1.4.8; http://mj12bot.com/)" "ysfine.com"
216.244.66.229 - - [09/Nov/2022:21:04:15 -0800] "GET /world/ital/bologr09.jpg HTTP/1.1" 200 109175 "-" "Mozilla/5.0 (compatible; DotBot/1.2; +https://opensiteexplorer.org/dotbot; help@moz.com)" "ysfine.com"
161.97.149.89 - - [09/Nov/2022:21:04:15 -0800] "GET /class54/class5480/Pictures/4.%C3%AA%C2%B8%C2%B0%C3%AB%C2%85%C2%90%C3%AC%C2%B4%C2%AC%C3%AC%C2%98%C2%81/%C3%AA%C2%B8%C2%B0%C3%AB%C2%85%C2%90%C3%AC%C2%B4%C2%AC%C3%AC%C2%98%C2%81%20(73).jpg HTTP/1.1" 200 9500952 "-" "Mozilla/5.0 (compatible; MJ12bot/v1.4.8; http://mj12bot.com/)" "ysfine.com"
51.222.253.19 - - [09/Nov/2022:21:04:17 -0800] "GET /class54/class5470/total_data/sub_410.htm HTTP/1.1" 200 3214 "-" "Mozilla/5.0 (compatible; AhrefsBot/7.0; +http://ahrefs.com/robot/)" "www.ysfine.com"
62.138.2.243 - - [09/Nov/2022:21:04:19 -0800] "GET /class54/class5480/Pictures/2.%C3%AA%C2%B8%C2%B0%C3%AB%C2%85%C2%90%C3%AD%C2%96%C2%89%C3%AC%C2%82%C2%AC/%C3%AA%C2%B8%C2%B0%C3%AB%C2%85%C2%90%C3%AD%C2%96%C2%89%C3%AC%C2%82%C2%AC%20(13).jpg HTTP/1.1" 200 7317931 "-" "Mozilla/5.0 (compatible; MJ12bot/v1.4.8; http://mj12bot.com/)" "ysfine.com"
157.55.39.129 - - [09/Nov/2022:21:04:19 -0800] "GET /houses/yasane22b.jpg HTTP/1.1" 200 36051 "-" "Mozilla/5.0 AppleWebKit/537.36 (KHTML, like Gecko; compatible; bingbot/2.0; +http://www.bing.com/bingbot.htm) Chrome/103.0.5060.134 Safari/537.36" "ysfine.com"
157.55.39.76 - - [09/Nov/2022:21:04:26 -0800] "GET /usca/pitt/heinzfld03.jpg HTTP/1.1" 200 743325 "-" "Mozilla/5.0 (compatible; bingbot/2.0; +http://www.bing.com/bingbot.htm)" "ysfine.com"
174.215.246.168 - - [09/Nov/2022:21:04:27 -0800] "GET /world/russ/kazanmap22.jpg HTTP/1.1" 200 129761 "https://images.search.yahoo.com/search/images;_ylt=AwrO8JZOhmxjnS0cPUmJzbkF;_ylu=c2VjA3NlYXJjaARzbGsDYnV0dG9u;_ylc=X1MDOTYwNjI4NTcEX3IDMgRmcgNtY2FmZWUEZnIyA3A6cyx2OmksbTpzYi10b3AEZ3ByaWQDUlI2VTJPSDNUREtfNVRhdnBNQkd1QQRuX3JzbHQDMARuX3N1Z2cDNQRvcmlnaW4DaW1hZ2VzLnNlYXJjaC55YWhvby5jb20EcG9zAzAEcHFzdHIDBHBxc3RybAMwBHFzdHJsAzE2BHF1ZXJ5A2themFuJTIwcnVzc2lhJTIwbWFwBHRfc3RtcAMxNjY4MDU2NjYx?p=kazan+russia+map&fr=mcafee&fr2=p%3As%2Cv%3Ai%2Cm%3Asb-top&ei=UTF-8&x=wrt&type=E211US714G0" "Mozilla/5.0 (Macintosh; Intel Mac OS X 10_15_7) AppleWebKit/537.36 (KHTML, like Gecko) Chrome/106.0.0.0 Safari/537.36" "www.ysfine.com"
216.244.66.229 - - [09/Nov/2022:21:04:28 -0800] "GET /world/ital/bologsw24.jpg HTTP/1.1" 200 72403 "-" "Mozilla/5.0 (compatible; DotBot/1.2; +https://opensiteexplorer.org/dotbot; help@moz.com)" "ysfine.com"
62.138.2.243 - - [09/Nov/2022:21:04:29 -0800] "GET /class54/class5480/Pictures/2.%C3%AA%C2%B8%C2%B0%C3%AB%C2%85%C2%90%C3%AD%C2%96%C2%89%C3%AC%C2%82%C2%AC/%C3%AA%C2%B8%C2%B0%C3%AB%C2%85%C2%90%C3%AD%C2%96%C2%89%C3%AC%C2%82%C2%AC%20(130).jpg HTTP/1.1" 200 3452608 "-" "Mozilla/5.0 (compatible; MJ12bot/v1.4.8; http://mj12bot.com/)" "ysfine.com"
161.97.149.89 - - [09/Nov/2022:21:04:34 -0800] "GET /class54/class5480/Pictures/4.%C3%AA%C2%B8%C2%B0%C3%AB%C2%85%C2%90%C3%AC%C2%B4%C2%AC%C3%AC%C2%98%C2%81/%C3%AA%C2%B8%C2%B0%C3%AB%C2%85%C2%90%C3%AC%C2%B4%C2%AC%C3%AC%C2%98%C2%81%20(76).jpg HTTP/1.1" 200 9163603 "-" "Mozilla/5.0 (compatible; MJ12bot/v1.4.8; http://mj12bot.com/)" "ysfine.com"
62.138.2.243 - - [09/Nov/2022:21:04:35 -0800] "GET /class54/class5480/Pictures/2.%C3%AA%C2%B8%C2%B0%C3%AB%C2%85%C2%90%C3%AD%C2%96%C2%89%C3%AC%C2%82%C2%AC/%C3%AA%C2%B8%C2%B0%C3%AB%C2%85%C2%90%C3%AD%C2%96%C2%89%C3%AC%C2%82%C2%AC%20(131).jpg HTTP/1.1" 200 2594187 "-" "Mozilla/5.0 (compatible; MJ12bot/v1.4.8; http://mj12bot.com/)" "ysfine.com"
216.244.66.229 - - [09/Nov/2022:21:04:38 -0800] "GET /world/ital/flor020.jpg HTTP/1.1" 200 94393 "-" "Mozilla/5.0 (compatible; DotBot/1.2; +https://opensiteexplorer.org/dotbot; help@moz.com)" "ysfine.com"
62.138.2.243 - - [09/Nov/2022:21:04:41 -0800] "GET /class54/class5480/Pictures/2.%C3%AA%C2%B8%C2%B0%C3%AB%C2%85%C2%90%C3%AD%C2%96%C2%89%C3%AC%C2%82%C2%AC/%C3%AA%C2%B8%C2%B0%C3%AB%C2%85%C2%90%C3%AD%C2%96%C2%89%C3%AC%C2%82%C2%AC%20(132).jpg HTTP/1.1" 200 3332441 "-" "Mozilla/5.0 (compatible; MJ12bot/v1.4.8; http://mj12bot.com/)" "ysfine.com"
71.178.208.102 - - [09/Nov/2022:21:04:44 -0800] "GET /home/wigner/wigner39.html HTTP/1.1" 404 88 "https://ysfine.com/home/sing.html" "Mozilla/5.0 (Windows NT 10.0; Win64; x64) AppleWebKit/537.36 (KHTML, like Gecko) Chrome/107.0.0.0 Safari/537.36 Edg/107.0.1418.35" "ysfine.com"
157.55.39.76 - - [09/Nov/2022:21:04:45 -0800] "GET /bio/kobak/yskor.html HTTP/1.1" 404 88 "-" "Mozilla/5.0 (compatible; bingbot/2.0; +http://www.bing.com/bingbot.htm)" "ysfine.com"
62.138.2.243 - - [09/Nov/2022:21:04:49 -0800] "GET /class54/class5480/Pictures/2.%C3%AA%C2%B8%C2%B0%C3%AB%C2%85%C2%90%C3%AD%C2%96%C2%89%C3%AC%C2%82%C2%AC/%C3%AA%C2%B8%C2%B0%C3%AB%C2%85%C2%90%C3%AD%C2%96%C2%89%C3%AC%C2%82%C2%AC%20(133).jpg HTTP/1.1" 200 3907543 "-" "Mozilla/5.0 (compatible; MJ12bot/v1.4.8; http://mj12bot.com/)" "ysfine.com"
62.138.2.243 - - [09/Nov/2022:21:04:55 -0800] "GET /class54/class5480/Pictures/2.%C3%AA%C2%B8%C2%B0%C3%AB%C2%85%C2%90%C3%AD%C2%96%C2%89%C3%AC%C2%82%C2%AC/%C3%AA%C2%B8%C2%B0%C3%AB%C2%85%C2%90%C3%AD%C2%96%C2%89%C3%AC%C2%82%C2%AC%20(134).jpg HTTP/1.1" 200 5567923 "-" "Mozilla/5.0 (compatible; MJ12bot/v1.4.8; http://mj12bot.com/)" "ysfine.com"
62.138.2.243 - - [09/Nov/2022:21:05:03 -0800] "GET /class54/class5480/Pictures/2.%C3%AA%C2%B8%C2%B0%C3%AB%C2%85%C2%90%C3%AD%C2%96%C2%89%C3%AC%C2%82%C2%AC/%C3%AA%C2%B8%C2%B0%C3%AB%C2%85%C2%90%C3%AD%C2%96%C2%89%C3%AC%C2%82%C2%AC%20(135).jpg HTTP/1.1" 200 4945848 "-" "Mozilla/5.0 (compatible; MJ12bot/v1.4.8; http://mj12bot.com/)" "ysfine.com"
66.249.69.94 - - [09/Nov/2022:21:05:04 -0800] "GET /style/cameras/leicavlux22c.jpg HTTP/1.1" 200 32706 "-" "Googlebot-Image/1.0" "ysfine.com"
51.222.253.3 - - [09/Nov/2022:21:05:05 -0800] "GET /ysbio/world/london.html HTTP/1.1" 404 88 "-" "Mozilla/5.0 (compatible; AhrefsBot/7.0; +http://ahrefs.com/robot/)" "www.ysfine.com"
62.138.2.243 - - [09/Nov/2022:21:05:09 -0800] "GET /class54/class5480/Pictures/2.%C3%AA%C2%B8%C2%B0%C3%AB%C2%85%C2%90%C3%AD%C2%96%C2%89%C3%AC%C2%82%C2%AC/%C3%AA%C2%B8%C2%B0%C3%AB%C2%85%C2%90%C3%AD%C2%96%C2%89%C3%AC%C2%82%C2%AC%20(136).jpg HTTP/1.1" 200 4163035 "-" "Mozilla/5.0 (compatible; MJ12bot/v1.4.8; http://mj12bot.com/)" "ysfine.com"
216.244.66.229 - - [09/Nov/2022:21:05:12 -0800] "GET /world/ital/padova15.jpg HTTP/1.1" 200 75285 "-" "Mozilla/5.0 (compatible; DotBot/1.2; +https://opensiteexplorer.org/dotbot; help@moz.com)" "ysfine.com"
88.99.136.18 - - [09/Nov/2022:21:05:12 -0800] "GET / HTTP/1.1" 200 5283 "-" "Mozilla/5.0 (Windows NT 10.0; Win64; x64) AppleWebKit/537.36 (KHTML, like Gecko) Chrome/105.0.0.0 Safari/537.36" "ysfine.com"
62.138.2.243 - - [09/Nov/2022:21:05:15 -0800] "GET /class54/class5480/Pictures/2.%C3%AA%C2%B8%C2%B0%C3%AB%C2%85%C2%90%C3%AD%C2%96%C2%89%C3%AC%C2%82%C2%AC/%C3%AA%C2%B8%C2%B0%C3%AB%C2%85%C2%90%C3%AD%C2%96%C2%89%C3%AC%C2%82%C2%AC%20(137).jpg HTTP/1.1" 200 2619166 "-" "Mozilla/5.0 (compatible; MJ12bot/v1.4.8; http://mj12bot.com/)" "ysfine.com"
62.138.2.243 - - [09/Nov/2022:21:05:23 -0800] "GET /class54/class5480/Pictures/2.%C3%AA%C2%B8%C2%B0%C3%AB%C2%85%C2%90%C3%AD%C2%96%C2%89%C3%AC%C2%82%C2%AC/%C3%AA%C2%B8%C2%B0%C3%AB%C2%85%C2%90%C3%AD%C2%96%C2%89%C3%AC%C2%82%C2%AC%20(138).jpg HTTP/1.1" 200 3521290 "-" "Mozilla/5.0 (compatible; MJ12bot/v1.4.8; http://mj12bot.com/)" "ysfine.com"
213.202.230.56 - - [09/Nov/2022:21:05:29 -0800] "GET /feynman/feynman.jpg HTTP/1.1" 200 40536 "-" "Mozilla/5.0 (X11; Ubuntu; Linux x86_64; rv:72.0) Gecko/20100101 Firefox/72.0" "ysfine.com"
62.138.2.243 - - [09/Nov/2022:21:05:30 -0800] "GET /class54/class5480/Pictures/2.%C3%AA%C2%B8%C2%B0%C3%AB%C2%85%C2%90%C3%AD%C2%96%C2%89%C3%AC%C2%82%C2%AC/%C3%AA%C2%B8%C2%B0%C3%AB%C2%85%C2%90%C3%AD%C2%96%C2%89%C3%AC%C2%82%C2%AC%20(139).jpg HTTP/1.1" 200 3928061 "-" "Mozilla/5.0 (compatible; MJ12bot/v1.4.8; http://mj12bot.com/)" "ysfine.com"
62.138.2.243 - - [09/Nov/2022:21:05:36 -0800] "GET /class54/class5480/Pictures/2.%C3%AA%C2%B8%C2%B0%C3%AB%C2%85%C2%90%C3%AD%C2%96%C2%89%C3%AC%C2%82%C2%AC/%C3%AA%C2%B8%C2%B0%C3%AB%C2%85%C2%90%C3%AD%C2%96%C2%89%C3%AC%C2%82%C2%AC%20(14).jpg HTTP/1.1" 200 7006519 "-" "Mozilla/5.0 (compatible; MJ12bot/v1.4.8; http://mj12bot.com/)" "ysfine.com"
157.55.39.129 - - [09/Nov/2022:21:05:41 -0800] "GET /people/bindu.jpg HTTP/1.1" 200 61943 "-" "Mozilla/5.0 (compatible; bingbot/2.0; +http://www.bing.com/bingbot.htm)" "ysfine.com"
62.138.2.243 - - [09/Nov/2022:21:05:43 -0800] "GET /class54/class5480/Pictures/2.%C3%AA%C2%B8%C2%B0%C3%AB%C2%85%C2%90%C3%AD%C2%96%C2%89%C3%AC%C2%82%C2%AC/%C3%AA%C2%B8%C2%B0%C3%AB%C2%85%C2%90%C3%AD%C2%96%C2%89%C3%AC%C2%82%C2%AC%20(140).jpg HTTP/1.1" 200 5121227 "-" "Mozilla/5.0 (compatible; MJ12bot/v1.4.8; http://mj12bot.com/)" "ysfine.com"
216.244.66.229 - - [09/Nov/2022:21:05:43 -0800] "GET /world/ital/termini13.jpg HTTP/1.1" 200 135383 "-" "Mozilla/5.0 (compatible; DotBot/1.2; +https://opensiteexplorer.org/dotbot; help@moz.com)" "ysfine.com"
51.222.253.18 - - [09/Nov/2022:21:05:50 -0800] "GET /class54/class5470/total_data/sub_411.htm HTTP/1.1" 200 3214 "-" "Mozilla/5.0 (compatible; AhrefsBot/7.0; +http://ahrefs.com/robot/)" "www.ysfine.com"
62.138.2.243 - - [09/Nov/2022:21:05:50 -0800] "GET /class54/class5480/Pictures/2.%C3%AA%C2%B8%C2%B0%C3%AB%C2%85%C2%90%C3%AD%C2%96%C2%89%C3%AC%C2%82%C2%AC/%C3%AA%C2%B8%C2%B0%C3%AB%C2%85%C2%90%C3%AD%C2%96%C2%89%C3%AC%C2%82%C2%AC%20(141).jpg HTTP/1.1" 200 4944565 "-" "Mozilla/5.0 (compatible; MJ12bot/v1.4.8; http://mj12bot.com/)" "ysfine.com"
66.249.69.94 - - [09/Nov/2022:21:05:53 -0800] "GET /robots.txt HTTP/1.1" 404 88 "-" "Mozilla/5.0 (compatible; Googlebot/2.1; +http://www.google.com/bot.html)" "ysfine.com"
40.122.230.189 - - [09/Nov/2022:21:05:53 -0800] "GET /world/baltic/kalin02b.jpg HTTP/1.1" 200 46051 "https://www.ysfine.com/world/baltic" "Mozilla/5.0 (Linux; Android 10; SM-G960U) AppleWebKit/537.36 (KHTML, like Gecko) Chrome/88.0.4324.181 Mobile Safari/537.36" "www.ysfine.com"
66.249.69.94 - - [09/Nov/2022:21:05:54 -0800] "GET /home/eward55.jpg HTTP/1.1" 200 177769 "-" "Googlebot-Image/1.0" "ysfine.com"
62.138.2.243 - - [09/Nov/2022:21:05:58 -0800] "GET /class54/class5480/Pictures/2.%C3%AA%C2%B8%C2%B0%C3%AB%C2%85%C2%90%C3%AD%C2%96%C2%89%C3%AC%C2%82%C2%AC/%C3%AA%C2%B8%C2%B0%C3%AB%C2%85%C2%90%C3%AD%C2%96%C2%89%C3%AC%C2%82%C2%AC%20(143).jpg HTTP/1.1" 200 3883980 "-" "Mozilla/5.0 (compatible; MJ12bot/v1.4.8; http://mj12bot.com/)" "ysfine.com"
62.138.2.243 - - [09/Nov/2022:21:06:04 -0800] "GET /class54/class5480/Pictures/2.%C3%AA%C2%B8%C2%B0%C3%AB%C2%85%C2%90%C3%AD%C2%96%C2%89%C3%AC%C2%82%C2%AC/%C3%AA%C2%B8%C2%B0%C3%AB%C2%85%C2%90%C3%AD%C2%96%C2%89%C3%AC%C2%82%C2%AC%20(155).jpg HTTP/1.1" 200 4477593 "-" "Mozilla/5.0 (compatible; MJ12bot/v1.4.8; http://mj12bot.com/)" "ysfine.com"
62.138.2.243 - - [09/Nov/2022:21:06:11 -0800] "GET /class54/class5480/Pictures/2.%C3%AA%C2%B8%C2%B0%C3%AB%C2%85%C2%90%C3%AD%C2%96%C2%89%C3%AC%C2%82%C2%AC/%C3%AA%C2%B8%C2%B0%C3%AB%C2%85%C2%90%C3%AD%C2%96%C2%89%C3%AC%C2%82%C2%AC%20(156).jpg HTTP/1.1" 200 3473554 "-" "Mozilla/5.0 (compatible; MJ12bot/v1.4.8; http://mj12bot.com/)" "ysfine.com"
62.138.2.243 - - [09/Nov/2022:21:06:16 -0800] "GET /class54/class5480/Pictures/2.%C3%AA%C2%B8%C2%B0%C3%AB%C2%85%C2%90%C3%AD%C2%96%C2%89%C3%AC%C2%82%C2%AC/%C3%AA%C2%B8%C2%B0%C3%AB%C2%85%C2%90%C3%AD%C2%96%C2%89%C3%AC%C2%82%C2%AC%20(157).jpg HTTP/1.1" 200 4457146 "-" "Mozilla/5.0 (compatible; MJ12bot/v1.4.8; http://mj12bot.com/)" "ysfine.com"
62.138.2.243 - - [09/Nov/2022:21:06:21 -0800] "GET /class54/class5480/Pictures/2.%C3%AA%C2%B8%C2%B0%C3%AB%C2%85%C2%90%C3%AD%C2%96%C2%89%C3%AC%C2%82%C2%AC/%C3%AA%C2%B8%C2%B0%C3%AB%C2%85%C2%90%C3%AD%C2%96%C2%89%C3%AC%C2%82%C2%AC%20(158).jpg HTTP/1.1" 200 6102978 "-" "Mozilla/5.0 (compatible; MJ12bot/v1.4.8; http://mj12bot.com/)" "ysfine.com"
62.138.2.243 - - [09/Nov/2022:21:06:26 -0800] "GET /class54/class5480/Pictures/2.%C3%AA%C2%B8%C2%B0%C3%AB%C2%85%C2%90%C3%AD%C2%96%C2%89%C3%AC%C2%82%C2%AC/%C3%AA%C2%B8%C2%B0%C3%AB%C2%85%C2%90%C3%AD%C2%96%C2%89%C3%AC%C2%82%C2%AC%20(159).jpg HTTP/1.1" 200 4327035 "-" "Mozilla/5.0 (compatible; MJ12bot/v1.4.8; http://mj12bot.com/)" "ysfine.com"
66.249.69.69 - - [09/Nov/2022:21:06:30 -0800] "GET /kowar/tanks/sherman43b.jpg HTTP/1.1" 304 - "-" "Googlebot-Image/1.0" "ysfine.com"
62.138.2.243 - - [09/Nov/2022:21:06:31 -0800] "GET /class54/class5480/Pictures/2.%C3%AA%C2%B8%C2%B0%C3%AB%C2%85%C2%90%C3%AD%C2%96%C2%89%C3%AC%C2%82%C2%AC/%C3%AA%C2%B8%C2%B0%C3%AB%C2%85%C2%90%C3%AD%C2%96%C2%89%C3%AC%C2%82%C2%AC%20(16).jpg HTTP/1.1" 200 4240435 "-" "Mozilla/5.0 (compatible; MJ12bot/v1.4.8; http://mj12bot.com/)" "ysfine.com"
216.244.66.229 - - [09/Nov/2022:21:06:34 -0800] "GET /world/russ/petrov2.gif HTTP/1.1" 200 44309 "-" "Mozilla/5.0 (compatible; DotBot/1.2; +https://opensiteexplorer.org/dotbot; help@moz.com)" "ysfine.com"
62.138.2.243 - - [09/Nov/2022:21:06:36 -0800] "GET /class54/class5480/Pictures/2.%C3%AA%C2%B8%C2%B0%C3%AB%C2%85%C2%90%C3%AD%C2%96%C2%89%C3%AC%C2%82%C2%AC/%C3%AA%C2%B8%C2%B0%C3%AB%C2%85%C2%90%C3%AD%C2%96%C2%89%C3%AC%C2%82%C2%AC%20(160).jpg HTTP/1.1" 200 5602017 "-" "Mozilla/5.0 (compatible; MJ12bot/v1.4.8; http://mj12bot.com/)" "ysfine.com"
62.138.2.243 - - [09/Nov/2022:21:06:43 -0800] "GET /class54/class5480/Pictures/2.%C3%AA%C2%B8%C2%B0%C3%AB%C2%85%C2%90%C3%AD%C2%96%C2%89%C3%AC%C2%82%C2%AC/%C3%AA%C2%B8%C2%B0%C3%AB%C2%85%C2%90%C3%AD%C2%96%C2%89%C3%AC%C2%82%C2%AC%20(161).jpg HTTP/1.1" 200 5402324 "-" "Mozilla/5.0 (compatible; MJ12bot/v1.4.8; http://mj12bot.com/)" "ysfine.com"
51.222.253.18 - - [09/Nov/2022:21:06:45 -0800] "GET /class54/class5470/total_data/sub_412.htm HTTP/1.1" 200 3214 "-" "Mozilla/5.0 (compatible; AhrefsBot/7.0; +http://ahrefs.com/robot/)" "www.ysfine.com"
62.138.2.243 - - [09/Nov/2022:21:06:50 -0800] "GET /class54/class5480/Pictures/2.%C3%AA%C2%B8%C2%B0%C3%AB%C2%85%C2%90%C3%AD%C2%96%C2%89%C3%AC%C2%82%C2%AC/%C3%AA%C2%B8%C2%B0%C3%AB%C2%85%C2%90%C3%AD%C2%96%C2%89%C3%AC%C2%82%C2%AC%20(162).jpg HTTP/1.1" 200 4944287 "-" "Mozilla/5.0 (compatible; MJ12bot/v1.4.8; http://mj12bot.com/)" "ysfine.com"
62.138.2.243 - - [09/Nov/2022:21:06:56 -0800] "GET /class54/class5480/Pictures/2.%C3%AA%C2%B8%C2%B0%C3%AB%C2%85%C2%90%C3%AD%C2%96%C2%89%C3%AC%C2%82%C2%AC/%C3%AA%C2%B8%C2%B0%C3%AB%C2%85%C2%90%C3%AD%C2%96%C2%89%C3%AC%C2%82%C2%AC%20(163).jpg HTTP/1.1" 200 4422916 "-" "Mozilla/5.0 (compatible; MJ12bot/v1.4.8; http://mj12bot.com/)" "ysfine.com"
62.138.2.243 - - [09/Nov/2022:21:07:02 -0800] "GET /class54/class5480/Pictures/2.%C3%AA%C2%B8%C2%B0%C3%AB%C2%85%C2%90%C3%AD%C2%96%C2%89%C3%AC%C2%82%C2%AC/%C3%AA%C2%B8%C2%B0%C3%AB%C2%85%C2%90%C3%AD%C2%96%C2%89%C3%AC%C2%82%C2%AC%20(164).jpg HTTP/1.1" 200 3197836 "-" "Mozilla/5.0 (compatible; MJ12bot/v1.4.8; http://mj12bot.com/)" "ysfine.com"
62.138.2.243 - - [09/Nov/2022:21:07:07 -0800] "GET /class54/class5480/Pictures/2.%C3%AA%C2%B8%C2%B0%C3%AB%C2%85%C2%90%C3%AD%C2%96%C2%89%C3%AC%C2%82%C2%AC/%C3%AA%C2%B8%C2%B0%C3%AB%C2%85%C2%90%C3%AD%C2%96%C2%89%C3%AC%C2%82%C2%AC%20(165).jpg HTTP/1.1" 200 3344809 "-" "Mozilla/5.0 (compatible; MJ12bot/v1.4.8; http://mj12bot.com/)" "ysfine.com"
62.138.2.243 - - [09/Nov/2022:21:07:13 -0800] "GET /class54/class5480/Pictures/2.%C3%AA%C2%B8%C2%B0%C3%AB%C2%85%C2%90%C3%AD%C2%96%C2%89%C3%AC%C2%82%C2%AC/%C3%AA%C2%B8%C2%B0%C3%AB%C2%85%C2%90%C3%AD%C2%96%C2%89%C3%AC%C2%82%C2%AC%20(186).jpg HTTP/1.1" 200 6479677 "-" "Mozilla/5.0 (compatible; MJ12bot/v1.4.8; http://mj12bot.com/)" "ysfine.com"
71.178.208.102 - - [09/Nov/2022:21:07:15 -0800] "GET /home/sing.html HTTP/1.1" 304 - "https://ysfine.com/bio07.html" "Mozilla/5.0 (Windows NT 10.0; Win64; x64) AppleWebKit/537.36 (KHTML, like Gecko) Chrome/107.0.0.0 Safari/537.36 Edg/107.0.1418.35" "ysfine.com"
71.178.208.102 - - [09/Nov/2022:21:07:17 -0800] "GET /home/wigner/wigner39.html HTTP/1.1" 404 88 "https://ysfine.com/home/sing.html" "Mozilla/5.0 (Windows NT 10.0; Win64; x64) AppleWebKit/537.36 (KHTML, like Gecko) Chrome/107.0.0.0 Safari/537.36 Edg/107.0.1418.35" "ysfine.com"
40.77.167.27 - - [09/Nov/2022:21:07:19 -0800] "GET /bio/eink/buybook.html HTTP/1.1" 404 88 "-" "Mozilla/5.0 (compatible; bingbot/2.0; +http://www.bing.com/bingbot.htm)" "ysfine.com"
62.138.2.243 - - [09/Nov/2022:21:07:19 -0800] "GET /class54/class5480/Pictures/2.%C3%AA%C2%B8%C2%B0%C3%AB%C2%85%C2%90%C3%AD%C2%96%C2%89%C3%AC%C2%82%C2%AC/%C3%AA%C2%B8%C2%B0%C3%AB%C2%85%C2%90%C3%AD%C2%96%C2%89%C3%AC%C2%82%C2%AC%20(187).jpg HTTP/1.1" 200 6427964 "-" "Mozilla/5.0 (compatible; MJ12bot/v1.4.8; http://mj12bot.com/)" "ysfine.com"
62.138.2.243 - - [09/Nov/2022:21:07:25 -0800] "GET /class54/class5480/Pictures/2.%C3%AA%C2%B8%C2%B0%C3%AB%C2%85%C2%90%C3%AD%C2%96%C2%89%C3%AC%C2%82%C2%AC/%C3%AA%C2%B8%C2%B0%C3%AB%C2%85%C2%90%C3%AD%C2%96%C2%89%C3%AC%C2%82%C2%AC%20(191).jpg HTTP/1.1" 200 3650535 "-" "Mozilla/5.0 (compatible; MJ12bot/v1.4.8; http://mj12bot.com/)" "ysfine.com"
62.138.2.243 - - [09/Nov/2022:21:07:33 -0800] "GET /ysbio/world/brit/cam27.pdf HTTP/1.1" 404 88 "-" "Mozilla/5.0 (compatible; MJ12bot/v1.4.8; http://mj12bot.com/)" "ysfine.com"
62.138.2.243 - - [09/Nov/2022:21:07:35 -0800] "GET /robots.txt HTTP/1.1" 404 73 "-" "Mozilla/5.0 (compatible; MJ12bot/v1.4.8; http://mj12bot.com/)" "www.ysfine.com"
51.222.253.10 - - [09/Nov/2022:21:07:36 -0800] "GET /class54/class5470/total_data/sub_407.htm HTTP/1.1" 200 3214 "-" "Mozilla/5.0 (compatible; AhrefsBot/7.0; +http://ahrefs.com/robot/)" "www.ysfine.com"
62.138.2.243 - - [09/Nov/2022:21:07:43 -0800] "GET /ysbio//class54/acs/acs17.jpg HTTP/1.1" 404 88 "-" "Mozilla/5.0 (compatible; MJ12bot/v1.4.8; http://mj12bot.com/)" "www.ysfine.com"
62.138.2.243 - - [09/Nov/2022:21:07:49 -0800] "GET /ysbio//class54/acs/acs68.jpg HTTP/1.1" 404 88 "-" "Mozilla/5.0 (compatible; MJ12bot/v1.4.8; http://mj12bot.com/)" "www.ysfine.com"
40.122.227.202 - - [09/Nov/2022:21:07:50 -0800] "GET /beau/chinvien11c.jpg HTTP/1.1" 404 88 "https://ysfine.com/beau" "Mozilla/5.0 (iPhone; CPU iPhone OS 13_5_1 like Mac OS X) AppleWebKit/605.1.15 (KHTML, like Gecko) Version/13.1.1 Mobile/15E148 Safari/604.1" "ysfine.com"
62.138.2.243 - - [09/Nov/2022:21:07:53 -0800] "GET /ysbio//class54/acs/acs75.jpg HTTP/1.1" 404 88 "-" "Mozilla/5.0 (compatible; MJ12bot/v1.4.8; http://mj12bot.com/)" "www.ysfine.com"
62.138.2.243 - - [09/Nov/2022:21:07:58 -0800] "GET /ysbio//class54/acs/acs96.jpg HTTP/1.1" 404 88 "-" "Mozilla/5.0 (compatible; MJ12bot/v1.4.8; http://mj12bot.com/)" "www.ysfine.com"
62.138.2.243 - - [09/Nov/2022:21:08:01 -0800] "GET /ysbio//class54/class5470/total_data/sub_506.htm HTTP/1.1" 404 88 "-" "Mozilla/5.0 (compatible; MJ12bot/v1.4.8; http://mj12bot.com/)" "www.ysfine.com"
20.29.110.168 - - [09/Nov/2022:21:08:04 -0800] "GET /dongio/israel02c.jpg HTTP/1.1" 404 88 "https://ysfine.com/dongio" "Mozilla/5.0 (Linux; Android 10; SM-G960U) AppleWebKit/537.36 (KHTML, like Gecko) Chrome/88.0.4324.181 Mobile Safari/537.36" "ysfine.com"
62.138.2.243 - - [09/Nov/2022:21:08:05 -0800] "GET /ysbio//class54/class5470/total_data/sub_507.htm HTTP/1.1" 404 88 "-" "Mozilla/5.0 (compatible; MJ12bot/v1.4.8; http://mj12bot.com/)" "www.ysfine.com"
62.138.2.243 - - [09/Nov/2022:21:08:12 -0800] "GET /ysbio//class54/class5470/total_data/sub_508.htm HTTP/1.1" 404 88 "-" "Mozilla/5.0 (compatible; MJ12bot/v1.4.8; http://mj12bot.com/)" "www.ysfine.com"
62.138.2.243 - - [09/Nov/2022:21:08:18 -0800] "GET /ysbio//class54/class5470/total_data/sub_509.htm HTTP/1.1" 404 88 "-" "Mozilla/5.0 (compatible; MJ12bot/v1.4.8; http://mj12bot.com/)" "www.ysfine.com"
62.138.2.243 - - [09/Nov/2022:21:08:23 -0800] "GET /ysbio//class54/class5470/total_data/sub_510.htm HTTP/1.1" 404 88 "-" "Mozilla/5.0 (compatible; MJ12bot/v1.4.8; http://mj12bot.com/)" "www.ysfine.com"
62.138.2.243 - - [09/Nov/2022:21:08:28 -0800] "GET /ysbio//class54/class5470/total_data/sub_511.htm HTTP/1.1" 404 88 "-" "Mozilla/5.0 (compatible; MJ12bot/v1.4.8; http://mj12bot.com/)" "www.ysfine.com"
51.222.253.20 - - [09/Nov/2022:21:08:31 -0800] "GET /class54/class5470/total_data/sub_408.htm HTTP/1.1" 200 3214 "-" "Mozilla/5.0 (compatible; AhrefsBot/7.0; +http://ahrefs.com/robot/)" "www.ysfine.com"
62.138.2.243 - - [09/Nov/2022:21:08:35 -0800] "GET /ysbio//class54/class5470/total_data/sub_512.htm HTTP/1.1" 404 88 "-" "Mozilla/5.0 (compatible; MJ12bot/v1.4.8; http://mj12bot.com/)" "www.ysfine.com"
216.244.66.229 - - [09/Nov/2022:21:08:35 -0800] "GET /people/jgriffin.jpg HTTP/1.1" 200 110098 "-" "Mozilla/5.0 (compatible; DotBot/1.2; +https://opensiteexplorer.org/dotbot; help@moz.com)" "ysfine.com"
62.138.2.243 - - [09/Nov/2022:21:08:39 -0800] "GET /ysbio//class54/class5470/total_data/sub_513.htm HTTP/1.1" 404 88 "-" "Mozilla/5.0 (compatible; MJ12bot/v1.4.8; http://mj12bot.com/)" "www.ysfine.com"
71.178.208.102 - - [09/Nov/2022:21:08:40 -0800] "GET /home/sing.html HTTP/1.1" 200 2885 "https://ysfine.com/bio07.html" "Mozilla/5.0 (Windows NT 10.0; Win64; x64) AppleWebKit/537.36 (KHTML, like Gecko) Chrome/107.0.0.0 Safari/537.36 Edg/107.0.1418.35" "ysfine.com"
71.178.208.102 - - [09/Nov/2022:21:08:43 -0800] "GET /wigner/wigner39.html HTTP/1.1" 200 330 "https://ysfine.com/home/sing.html" "Mozilla/5.0 (Windows NT 10.0; Win64; x64) AppleWebKit/537.36 (KHTML, like Gecko) Chrome/107.0.0.0 Safari/537.36 Edg/107.0.1418.35" "ysfine.com"
71.178.208.102 - - [09/Nov/2022:21:08:43 -0800] "GET /wigner/wig39.jpg HTTP/1.1" 200 308724 "https://ysfine.com/wigner/wigner39.html" "Mozilla/5.0 (Windows NT 10.0; Win64; x64) AppleWebKit/537.36 (KHTML, like Gecko) Chrome/107.0.0.0 Safari/537.36 Edg/107.0.1418.35" "ysfine.com"
62.138.2.243 - - [09/Nov/2022:21:08:44 -0800] "GET /ysbio//class54/class5470/total_data/sub_514.htm HTTP/1.1" 404 88 "-" "Mozilla/5.0 (compatible; MJ12bot/v1.4.8; http://mj12bot.com/)" "www.ysfine.com"
71.178.208.102 - - [09/Nov/2022:21:08:47 -0800] "GET /wigner/e(2).html HTTP/1.1" 200 4288 "https://ysfine.com/home/sing.html" "Mozilla/5.0 (Windows NT 10.0; Win64; x64) AppleWebKit/537.36 (KHTML, like Gecko) Chrome/107.0.0.0 Safari/537.36 Edg/107.0.1418.35" "ysfine.com"
71.178.208.102 - - [09/Nov/2022:21:08:47 -0800] "GET /wigner/isomor77c.jpg HTTP/1.1" 200 43414 "https://ysfine.com/wigner/e(2).html" "Mozilla/5.0 (Windows NT 10.0; Win64; x64) AppleWebKit/537.36 (KHTML, like Gecko) Chrome/107.0.0.0 Safari/537.36 Edg/107.0.1418.35" "ysfine.com"
71.178.208.102 - - [09/Nov/2022:21:08:47 -0800] "GET /wigner/neupol01b.jpg HTTP/1.1" 200 30797 "https://ysfine.com/wigner/e(2).html" "Mozilla/5.0 (Windows NT 10.0; Win64; x64) AppleWebKit/537.36 (KHTML, like Gecko) Chrome/107.0.0.0 Safari/537.36 Edg/107.0.1418.35" "ysfine.com"
71.178.208.102 - - [09/Nov/2022:21:08:47 -0800] "GET /wigner/wigwein33b.jpg HTTP/1.1" 200 42269 "https://ysfine.com/wigner/e(2).html" "Mozilla/5.0 (Windows NT 10.0; Win64; x64) AppleWebKit/537.36 (KHTML, like Gecko) Chrome/107.0.0.0 Safari/537.36 Edg/107.0.1418.35" "ysfine.com"
71.178.208.102 - - [09/Nov/2022:21:08:47 -0800] "GET /wigner/hk88b.jpg HTTP/1.1" 200 41438 "https://ysfine.com/wigner/e(2).html" "Mozilla/5.0 (Windows NT 10.0; Win64; x64) AppleWebKit/537.36 (KHTML, like Gecko) Chrome/107.0.0.0 Safari/537.36 Edg/107.0.1418.35" "ysfine.com"
71.178.208.102 - - [09/Nov/2022:21:08:47 -0800] "GET /wigner/euclid05b.jpg HTTP/1.1" 200 33016 "https://ysfine.com/wigner/e(2).html" "Mozilla/5.0 (Windows NT 10.0; Win64; x64) AppleWebKit/537.36 (KHTML, like Gecko) Chrome/107.0.0.0 Safari/537.36 Edg/107.0.1418.35" "ysfine.com"
71.178.208.102 - - [09/Nov/2022:21:08:47 -0800] "GET /wigner/mzero03c.jpg HTTP/1.1" 200 22641 "https://ysfine.com/wigner/e(2).html" "Mozilla/5.0 (Windows NT 10.0; Win64; x64) AppleWebKit/537.36 (KHTML, like Gecko) Chrome/107.0.0.0 Safari/537.36 Edg/107.0.1418.35" "ysfine.com"
62.138.2.243 - - [09/Nov/2022:21:08:49 -0800] "GET /ysbio//folks/aline/alitalia33.jpg HTTP/1.1" 404 88 "-" "Mozilla/5.0 (compatible; MJ12bot/v1.4.8; http://mj12bot.com/)" "www.ysfine.com"
62.138.2.243 - - [09/Nov/2022:21:08:57 -0800] "GET /ysbio//folks/aline/alitalia44.jpg HTTP/1.1" 404 88 "-" "Mozilla/5.0 (compatible; MJ12bot/v1.4.8; http://mj12bot.com/)" "www.ysfine.com"
38.126.157.40 - - [09/Nov/2022:21:09:00 -0800] "GET /einstein/evol.html HTTP/1.1" 200 3830 "-" "Mozilla/5.0 (compatible; FemtosearchBot/1.0; http://femtosearch.com)" "ysfine.com"
62.138.2.243 - - [09/Nov/2022:21:09:03 -0800] "GET /ysbio//folks/aline/alitalia55.jpg HTTP/1.1" 404 88 "-" "Mozilla/5.0 (compatible; MJ12bot/v1.4.8; http://mj12bot.com/)" "www.ysfine.com"
38.126.157.40 - - [09/Nov/2022:21:09:03 -0800] "GET /princeton/jj02.jpg HTTP/1.1" 200 117551 "-" "Mozilla/5.0 (compatible; FemtosearchBot/1.0; http://femtosearch.com)" "ysfine.com"
38.126.157.40 - - [09/Nov/2022:21:09:03 -0800] "GET /newyork/gwbr55.jpg HTTP/1.1" 200 206434 "-" "Mozilla/5.0 (compatible; FemtosearchBot/1.0; http://femtosearch.com)" "ysfine.com"
38.126.157.40 - - [09/Nov/2022:21:09:03 -0800] "GET /kobak/yoonhm11.jpg HTTP/1.1" 404 88 "-" "Mozilla/5.0 (compatible; FemtosearchBot/1.0; http://femtosearch.com)" "ysfine.com"
38.126.157.40 - - [09/Nov/2022:21:09:03 -0800] "GET /newyork/gwbr44.jpg HTTP/1.1" 200 101436 "-" "Mozilla/5.0 (compatible; FemtosearchBot/1.0; http://femtosearch.com)" "ysfine.com"
38.126.157.40 - - [09/Nov/2022:21:09:03 -0800] "GET /newyork/emp15c.jpg HTTP/1.1" 200 27508 "-" "Mozilla/5.0 (compatible; FemtosearchBot/1.0; http://femtosearch.com)" "ysfine.com"
38.126.157.40 - - [09/Nov/2022:21:09:03 -0800] "GET /dirac/dirac84b.jpg HTTP/1.1" 200 42763 "-" "Mozilla/5.0 (compatible; FemtosearchBot/1.0; http://femtosearch.com)" "ysfine.com"
38.126.157.40 - - [09/Nov/2022:21:09:03 -0800] "GET /dirac/dirwig33.jpg HTTP/1.1" 200 49208 "-" "Mozilla/5.0 (compatible; FemtosearchBot/1.0; http://femtosearch.com)" "ysfine.com"
62.138.2.243 - - [09/Nov/2022:21:09:08 -0800] "GET /ysbio//folks/aline/alitalia66.jpg HTTP/1.1" 404 88 "-" "Mozilla/5.0 (compatible; MJ12bot/v1.4.8; http://mj12bot.com/)" "www.ysfine.com"
40.122.227.201 - - [09/Nov/2022:21:09:11 -0800] "GET /newyork/tournau22b.jpg HTTP/1.1" 200 38398 "https://ysfine.com/newyork" "Mozilla/5.0 (X11; Linux x86_64) AppleWebKit/537.36 (KHTML, like Gecko) Chrome/74.0.3729.169 Safari/537.36" "ysfine.com"
62.138.2.243 - - [09/Nov/2022:21:09:12 -0800] "GET /ysbio//folks/aline/ana11.jpg HTTP/1.1" 404 88 "-" "Mozilla/5.0 (compatible; MJ12bot/v1.4.8; http://mj12bot.com/)" "www.ysfine.com"
216.244.66.229 - - [09/Nov/2022:21:09:14 -0800] "GET /wdc/kennedyc04.jpg HTTP/1.1" 200 76587 "-" "Mozilla/5.0 (compatible; DotBot/1.2; +https://opensiteexplorer.org/dotbot; help@moz.com)" "ysfine.com"
62.138.2.243 - - [09/Nov/2022:21:09:15 -0800] "GET /ysbio//folks/aline/ana22.jpg HTTP/1.1" 404 88 "-" "Mozilla/5.0 (compatible; MJ12bot/v1.4.8; http://mj12bot.com/)" "www.ysfine.com"
62.138.2.243 - - [09/Nov/2022:21:09:18 -0800] "GET /ysbio//folks/aline/ana44.jpg HTTP/1.1" 404 88 "-" "Mozilla/5.0 (compatible; MJ12bot/v1.4.8; http://mj12bot.com/)" "www.ysfine.com"
185.191.171.22 - - [09/Nov/2022:21:09:18 -0800] "GET /100yrs.html HTTP/1.1" 404 88 "-" "Mozilla/5.0 (compatible; SemrushBot/7~bl; +http://www.semrush.com/bot.html)" "www.ysfine.com"
71.178.208.102 - - [09/Nov/2022:21:09:20 -0800] "GET /home/sing.html HTTP/1.1" 304 - "https://ysfine.com/bio07.html" "Mozilla/5.0 (Windows NT 10.0; Win64; x64) AppleWebKit/537.36 (KHTML, like Gecko) Chrome/107.0.0.0 Safari/537.36 Edg/107.0.1418.35" "ysfine.com"
62.138.2.243 - - [09/Nov/2022:21:09:21 -0800] "GET /ysbio//folks/aline/bangla.jpg HTTP/1.1" 404 88 "-" "Mozilla/5.0 (compatible; MJ12bot/v1.4.8; http://mj12bot.com/)" "www.ysfine.com"
62.138.2.243 - - [09/Nov/2022:21:09:25 -0800] "GET /ysbio//folks/aline/bmi11.jpg HTTP/1.1" 404 88 "-" "Mozilla/5.0 (compatible; MJ12bot/v1.4.8; http://mj12bot.com/)" "www.ysfine.com"
62.138.2.243 - - [09/Nov/2022:21:09:29 -0800] "GET /ysbio//folks/aline/bmi22.jpg HTTP/1.1" 404 88 "-" "Mozilla/5.0 (compatible; MJ12bot/v1.4.8; http://mj12bot.com/)" "www.ysfine.com"
51.222.253.8 - - [09/Nov/2022:21:09:33 -0800] "GET /class54/class5470/total_data/sub_413.htm HTTP/1.1" 200 3201 "-" "Mozilla/5.0 (compatible; AhrefsBot/7.0; +http://ahrefs.com/robot/)" "www.ysfine.com"
62.138.2.243 - - [09/Nov/2022:21:09:33 -0800] "GET /ysbio//folks/aline/bmi33.jpg HTTP/1.1" 404 88 "-" "Mozilla/5.0 (compatible; MJ12bot/v1.4.8; http://mj12bot.com/)" "www.ysfine.com"
62.138.2.243 - - [09/Nov/2022:21:09:37 -0800] "GET /ysbio//folks/aline/british05.jpg HTTP/1.1" 404 88 "-" "Mozilla/5.0 (compatible; MJ12bot/v1.4.8; http://mj12bot.com/)" "www.ysfine.com"
40.77.167.71 - - [09/Nov/2022:21:09:40 -0800] "GET /ysbio/folks/amkor/konurse.html HTTP/1.1" 404 88 "-" "Mozilla/5.0 (compatible; bingbot/2.0; +http://www.bing.com/bingbot.htm)" "ysfine.com"
62.138.2.243 - - [09/Nov/2022:21:09:42 -0800] "GET /ysbio//philo/sisfa12/frame22.html HTTP/1.1" 404 88 "-" "Mozilla/5.0 (compatible; MJ12bot/v1.4.8; http://mj12bot.com/)" "www.ysfine.com"
62.138.2.243 - - [09/Nov/2022:21:09:47 -0800] "GET /ysbio//philo/sisfa12/frame23.html HTTP/1.1" 404 88 "-" "Mozilla/5.0 (compatible; MJ12bot/v1.4.8; http://mj12bot.com/)" "www.ysfine.com"
62.138.2.243 - - [09/Nov/2022:21:09:51 -0800] "GET /ysbio//philo/sisfa12/frame24.html HTTP/1.1" 404 88 "-" "Mozilla/5.0 (compatible; MJ12bot/v1.4.8; http://mj12bot.com/)" "www.ysfine.com"
40.77.51.86 - - [09/Nov/2022:21:09:52 -0800] "GET /world/germany/berlinf01b.jpg HTTP/1.1" 200 36338 "https://ysfine.com/world/germany" "Mozilla/5.0 (Macintosh; Intel Mac OS X 10_11_6) AppleWebKit/605.1.15 (KHTML, like Gecko) Version/11.1.2 Safari/605.1.15" "ysfine.com"
216.244.66.229 - - [09/Nov/2022:21:09:53 -0800] "GET /wdc/kennedyc09.jpg HTTP/1.1" 200 87918 "-" "Mozilla/5.0 (compatible; DotBot/1.2; +https://opensiteexplorer.org/dotbot; help@moz.com)" "ysfine.com"
62.138.2.243 - - [09/Nov/2022:21:09:57 -0800] "GET /ysbio//philo/sisfa12/frame25.html HTTP/1.1" 404 88 "-" "Mozilla/5.0 (compatible; MJ12bot/v1.4.8; http://mj12bot.com/)" "www.ysfine.com"
71.178.208.102 - - [09/Nov/2022:21:09:57 -0800] "GET /home/internal.html HTTP/1.1" 200 2294 "https://ysfine.com/home/sing.html" "Mozilla/5.0 (Windows NT 10.0; Win64; x64) AppleWebKit/537.36 (KHTML, like Gecko) Chrome/107.0.0.0 Safari/537.36 Edg/107.0.1418.35" "ysfine.com"
71.178.208.102 - - [09/Nov/2022:21:09:57 -0800] "GET /home/newtgr33f.jpg HTTP/1.1" 200 67055 "https://ysfine.com/home/internal.html" "Mozilla/5.0 (Windows NT 10.0; Win64; x64) AppleWebKit/537.36 (KHTML, like Gecko) Chrome/107.0.0.0 Safari/537.36 Edg/107.0.1418.35" "ysfine.com"
71.178.208.102 - - [09/Nov/2022:21:09:57 -0800] "GET /home/einbohr21f.jpg HTTP/1.1" 200 63190 "https://ysfine.com/home/internal.html" "Mozilla/5.0 (Windows NT 10.0; Win64; x64) AppleWebKit/537.36 (KHTML, like Gecko) Chrome/107.0.0.0 Safari/537.36 Edg/107.0.1418.35" "ysfine.com"
71.178.208.102 - - [09/Nov/2022:21:09:57 -0800] "GET /home/fotos/einbohr11d.jpg HTTP/1.1" 200 63963 "https://ysfine.com/home/internal.html" "Mozilla/5.0 (Windows NT 10.0; Win64; x64) AppleWebKit/537.36 (KHTML, like Gecko) Chrome/107.0.0.0 Safari/537.36 Edg/107.0.1418.35" "ysfine.com"
62.138.2.243 - - [09/Nov/2022:21:10:02 -0800] "GET /ysbio//philo/sisfa12/frame26.html HTTP/1.1" 404 88 "-" "Mozilla/5.0 (compatible; MJ12bot/v1.4.8; http://mj12bot.com/)" "www.ysfine.com"
62.138.2.243 - - [09/Nov/2022:21:10:07 -0800] "GET /ysbio//philo/sisfa12/frame27.html HTTP/1.1" 404 88 "-" "Mozilla/5.0 (compatible; MJ12bot/v1.4.8; http://mj12bot.com/)" "www.ysfine.com"
71.178.208.102 - - [09/Nov/2022:21:10:09 -0800] "GET /wigner/e(2).html HTTP/1.1" 200 4288 "https://ysfine.com/home/sing.html" "Mozilla/5.0 (Windows NT 10.0; Win64; x64) AppleWebKit/537.36 (KHTML, like Gecko) Chrome/107.0.0.0 Safari/537.36 Edg/107.0.1418.35" "ysfine.com"
62.138.2.243 - - [09/Nov/2022:21:10:12 -0800] "GET /ysbio//philo/sisfa12/frame29.html HTTP/1.1" 404 88 "-" "Mozilla/5.0 (compatible; MJ12bot/v1.4.8; http://mj12bot.com/)" "www.ysfine.com"
62.138.2.243 - - [09/Nov/2022:21:10:16 -0800] "GET /ysbio//philo/sisfa12/frame30.html HTTP/1.1" 404 88 "-" "Mozilla/5.0 (compatible; MJ12bot/v1.4.8; http://mj12bot.com/)" "www.ysfine.com"
62.138.2.243 - - [09/Nov/2022:21:10:19 -0800] "GET /ysbio//philo/sisfa12/frame38.html HTTP/1.1" 404 88 "-" "Mozilla/5.0 (compatible; MJ12bot/v1.4.8; http://mj12bot.com/)" "www.ysfine.com"
93.158.161.50 - - [09/Nov/2022:21:10:21 -0800] "GET /robots.txt HTTP/1.1" 404 73 "-" "Mozilla/5.0 (compatible; YandexBot/3.0; +http://yandex.com/bots)" "ysfine.com"
62.138.2.243 - - [09/Nov/2022:21:10:23 -0800] "GET /ysbio//philo/sisfa12/frame39.html HTTP/1.1" 404 88 "-" "Mozilla/5.0 (compatible; MJ12bot/v1.4.8; http://mj12bot.com/)" "www.ysfine.com"
51.222.253.9 - - [09/Nov/2022:21:10:26 -0800] "GET /class54/class5470/total_data/sub_417.htm HTTP/1.1" 200 3214 "-" "Mozilla/5.0 (compatible; AhrefsBot/7.0; +http://ahrefs.com/robot/)" "www.ysfine.com"
62.138.2.243 - - [09/Nov/2022:21:10:27 -0800] "GET /ysbio//philo/sisfa12/frame40.html HTTP/1.1" 404 88 "-" "Mozilla/5.0 (compatible; MJ12bot/v1.4.8; http://mj12bot.com/)" "www.ysfine.com"
62.138.2.243 - - [09/Nov/2022:21:10:31 -0800] "GET /ysbio//philo/sisfa12/frame41.html HTTP/1.1" 404 88 "-" "Mozilla/5.0 (compatible; MJ12bot/v1.4.8; http://mj12bot.com/)" "www.ysfine.com"
216.244.66.229 - - [09/Nov/2022:21:10:31 -0800] "GET /world/russ/mosmusic18.jpg HTTP/1.1" 200 148891 "-" "Mozilla/5.0 (compatible; DotBot/1.2; +https://opensiteexplorer.org/dotbot; help@moz.com)" "ysfine.com"
51.222.253.2 - - [09/Nov/2022:21:10:32 -0800] "GET /class54/class5470/total_data/refer_img/4-10_f.jpg HTTP/1.1" 200 36419 "-" "Mozilla/5.0 (compatible; AhrefsBot/7.0; +http://ahrefs.com/robot/)" "www.ysfine.com"
62.138.2.243 - - [09/Nov/2022:21:10:34 -0800] "GET /ysbio//philo/sisfa12/frame42.html HTTP/1.1" 404 88 "-" "Mozilla/5.0 (compatible; MJ12bot/v1.4.8; http://mj12bot.com/)" "www.ysfine.com"
71.178.208.102 - - [09/Nov/2022:21:10:36 -0800] "GET /home/yshome.html HTTP/1.1" 200 5704 "https://ysfine.com/home/more.html" "Mozilla/5.0 (Windows NT 10.0; Win64; x64) AppleWebKit/537.36 (KHTML, like Gecko) Chrome/107.0.0.0 Safari/537.36 Edg/107.0.1418.35" "ysfine.com"
71.178.208.102 - - [09/Nov/2022:21:10:36 -0800] "GET /ysbio/eink54f.jpg HTTP/1.1" 404 88 "https://ysfine.com/home/yshome.html" "Mozilla/5.0 (Windows NT 10.0; Win64; x64) AppleWebKit/537.36 (KHTML, like Gecko) Chrome/107.0.0.0 Safari/537.36 Edg/107.0.1418.35" "ysfine.com"
71.178.208.102 - - [09/Nov/2022:21:10:36 -0800] "GET /ysbio/eink/einhaus11c.jpg HTTP/1.1" 404 88 "https://ysfine.com/home/yshome.html" "Mozilla/5.0 (Windows NT 10.0; Win64; x64) AppleWebKit/537.36 (KHTML, like Gecko) Chrome/107.0.0.0 Safari/537.36 Edg/107.0.1418.35" "ysfine.com"
71.178.208.102 - - [09/Nov/2022:21:10:36 -0800] "GET /ysbio/eward55f.jpg HTTP/1.1" 404 88 "https://ysfine.com/home/yshome.html" "Mozilla/5.0 (Windows NT 10.0; Win64; x64) AppleWebKit/537.36 (KHTML, like Gecko) Chrome/107.0.0.0 Safari/537.36 Edg/107.0.1418.35" "ysfine.com"
71.178.208.102 - - [09/Nov/2022:21:10:36 -0800] "GET /ysbio/taylor500.jpg HTTP/1.1" 404 88 "https://ysfine.com/home/yshome.html" "Mozilla/5.0 (Windows NT 10.0; Win64; x64) AppleWebKit/537.36 (KHTML, like Gecko) Chrome/107.0.0.0 Safari/537.36 Edg/107.0.1418.35" "ysfine.com"
93.158.161.41 - - [09/Nov/2022:21:10:37 -0800] "GET /wigner/neum/fuld.jpg HTTP/1.1" 200 172715 "-" "Mozilla/5.0 (compatible; YandexImages/3.0; +http://yandex.com/bots)" "ysfine.com"
51.222.253.12 - - [09/Nov/2022:21:10:38 -0800] "GET /class54/class5470/total_data/refer_img/4-8_f.jpg HTTP/1.1" 200 31593 "-" "Mozilla/5.0 (compatible; AhrefsBot/7.0; +http://ahrefs.com/robot/)" "www.ysfine.com"
62.138.2.243 - - [09/Nov/2022:21:10:40 -0800] "GET /ysbio//philo/sisfa12/frame43.html HTTP/1.1" 404 88 "-" "Mozilla/5.0 (compatible; MJ12bot/v1.4.8; http://mj12bot.com/)" "www.ysfine.com"
51.222.253.8 - - [09/Nov/2022:21:10:43 -0800] "GET /class54/class5470/total_data/refer_img/4-16_f.jpg HTTP/1.1" 200 47358 "-" "Mozilla/5.0 (compatible; AhrefsBot/7.0; +http://ahrefs.com/robot/)" "www.ysfine.com"
62.138.2.243 - - [09/Nov/2022:21:10:44 -0800] "GET /ysbio//philo/sisfa12/frame44.html HTTP/1.1" 404 88 "-" "Mozilla/5.0 (compatible; MJ12bot/v1.4.8; http://mj12bot.com/)" "www.ysfine.com"
62.138.2.243 - - [09/Nov/2022:21:10:47 -0800] "GET /ysbio//philo/sisfa12/frame45.html HTTP/1.1" 404 88 "-" "Mozilla/5.0 (compatible; MJ12bot/v1.4.8; http://mj12bot.com/)" "www.ysfine.com"
62.138.2.243 - - [09/Nov/2022:21:10:49 -0800] "GET /ysbio//philo/sisfa12/frame46.html HTTP/1.1" 404 88 "-" "Mozilla/5.0 (compatible; MJ12bot/v1.4.8; http://mj12bot.com/)" "www.ysfine.com"
51.222.253.15 - - [09/Nov/2022:21:10:49 -0800] "GET /class54/class5470/total_data/refer_img/4-1_f.jpg HTTP/1.1" 200 33160 "-" "Mozilla/5.0 (compatible; AhrefsBot/7.0; +http://ahrefs.com/robot/)" "www.ysfine.com"
62.138.2.243 - - [09/Nov/2022:21:10:52 -0800] "GET /ysbio//philo/sisfa12/frame47.html HTTP/1.1" 404 88 "-" "Mozilla/5.0 (compatible; MJ12bot/v1.4.8; http://mj12bot.com/)" "www.ysfine.com"
51.222.253.19 - - [09/Nov/2022:21:10:55 -0800] "GET /class54/class5470/total_data/refer_img/4-15_f.jpg HTTP/1.1" 200 52769 "-" "Mozilla/5.0 (compatible; AhrefsBot/7.0; +http://ahrefs.com/robot/)" "www.ysfine.com"
71.178.208.102 - - [09/Nov/2022:21:10:55 -0800] "GET /kobak/yskor.html HTTP/1.1" 200 9943 "https://ysfine.com/home/more.html" "Mozilla/5.0 (Windows NT 10.0; Win64; x64) AppleWebKit/537.36 (KHTML, like Gecko) Chrome/107.0.0.0 Safari/537.36 Edg/107.0.1418.35" "ysfine.com"
