49.35.140.65 - - [10/Nov/2022:07:30:12 -0800] "GET /dirac/dirheisen31c.jpg HTTP/1.1" 200 43569 "https://ysfine.com/einstein/heisenberg.html" "Mozilla/5.0 (Linux; Android 11; V2070) AppleWebKit/537.36 (KHTML, like Gecko) Chrome/104.0.0.0 Mobile Safari/537.36" "ysfine.com"
49.35.140.65 - - [10/Nov/2022:07:30:12 -0800] "GET /maga/phys/yukadirac53c.jpg HTTP/1.1" 200 40447 "https://ysfine.com/einstein/heisenberg.html" "Mozilla/5.0 (Linux; Android 11; V2070) AppleWebKit/537.36 (KHTML, like Gecko) Chrome/104.0.0.0 Mobile Safari/537.36" "ysfine.com"
49.35.140.65 - - [10/Nov/2022:07:30:12 -0800] "GET /dirac/o32c.jpg HTTP/1.1" 200 30707 "https://ysfine.com/einstein/heisenberg.html" "Mozilla/5.0 (Linux; Android 11; V2070) AppleWebKit/537.36 (KHTML, like Gecko) Chrome/104.0.0.0 Mobile Safari/537.36" "ysfine.com"
49.35.140.65 - - [10/Nov/2022:07:30:12 -0800] "GET /einstein/math/sp2c.jpg HTTP/1.1" 200 29719 "https://ysfine.com/einstein/heisenberg.html" "Mozilla/5.0 (Linux; Android 11; V2070) AppleWebKit/537.36 (KHTML, like Gecko) Chrome/104.0.0.0 Mobile Safari/537.36" "ysfine.com"
49.35.140.65 - - [10/Nov/2022:07:30:12 -0800] "GET /dirac/2osc22c.jpg HTTP/1.1" 200 28929 "https://ysfine.com/einstein/heisenberg.html" "Mozilla/5.0 (Linux; Android 11; V2070) AppleWebKit/537.36 (KHTML, like Gecko) Chrome/104.0.0.0 Mobile Safari/537.36" "ysfine.com"
49.35.140.65 - - [10/Nov/2022:07:30:12 -0800] "GET /feynman/ppic/parton88a.jpg HTTP/1.1" 200 55506 "https://ysfine.com/einstein/heisenberg.html" "Mozilla/5.0 (Linux; Android 11; V2070) AppleWebKit/537.36 (KHTML, like Gecko) Chrome/104.0.0.0 Mobile Safari/537.36" "ysfine.com"
49.35.140.65 - - [10/Nov/2022:07:30:12 -0800] "GET /einstein/texfiles/einheis02.jpg HTTP/1.1" 200 27605 "https://ysfine.com/einstein/heisenberg.html" "Mozilla/5.0 (Linux; Android 11; V2070) AppleWebKit/537.36 (KHTML, like Gecko) Chrome/104.0.0.0 Mobile Safari/537.36" "ysfine.com"
49.35.140.65 - - [10/Nov/2022:07:30:12 -0800] "GET /einstein/texfiles/einheis01.jpg HTTP/1.1" 200 32456 "https://ysfine.com/einstein/heisenberg.html" "Mozilla/5.0 (Linux; Android 11; V2070) AppleWebKit/537.36 (KHTML, like Gecko) Chrome/104.0.0.0 Mobile Safari/537.36" "ysfine.com"
49.35.140.65 - - [10/Nov/2022:07:30:12 -0800] "GET /einstein/texfiles/einheis05.jpg HTTP/1.1" 200 31679 "https://ysfine.com/einstein/heisenberg.html" "Mozilla/5.0 (Linux; Android 11; V2070) AppleWebKit/537.36 (KHTML, like Gecko) Chrome/104.0.0.0 Mobile Safari/537.36" "ysfine.com"
49.35.140.65 - - [10/Nov/2022:07:30:12 -0800] "GET /einstein/texfiles/einheis03.jpg HTTP/1.1" 200 46000 "https://ysfine.com/einstein/heisenberg.html" "Mozilla/5.0 (Linux; Android 11; V2070) AppleWebKit/537.36 (KHTML, like Gecko) Chrome/104.0.0.0 Mobile Safari/537.36" "ysfine.com"
49.35.140.65 - - [10/Nov/2022:07:30:12 -0800] "GET /dirac/o32inho22c.jpg HTTP/1.1" 200 33038 "https://ysfine.com/einstein/heisenberg.html" "Mozilla/5.0 (Linux; Android 11; V2070) AppleWebKit/537.36 (KHTML, like Gecko) Chrome/104.0.0.0 Mobile Safari/537.36" "ysfine.com"
49.35.140.65 - - [10/Nov/2022:07:30:12 -0800] "GET /eink/pwk19c.jpg HTTP/1.1" 200 57759 "https://ysfine.com/einstein/heisenberg.html" "Mozilla/5.0 (Linux; Android 11; V2070) AppleWebKit/537.36 (KHTML, like Gecko) Chrome/104.0.0.0 Mobile Safari/537.36" "ysfine.com"
49.35.140.65 - - [10/Nov/2022:07:30:12 -0800] "GET /home/figs/sq55c.jpg HTTP/1.1" 200 29581 "https://ysfine.com/einstein/heisenberg.html" "Mozilla/5.0 (Linux; Android 11; V2070) AppleWebKit/537.36 (KHTML, like Gecko) Chrome/104.0.0.0 Mobile Safari/537.36" "ysfine.com"
65.109.26.29 - - [10/Nov/2022:07:30:13 -0800] "GET /ysbio//maga/phil/sisfa12/frame34.html HTTP/1.1" 404 88 "-" "Mozilla/5.0 (compatible; MJ12bot/v1.4.8; http://mj12bot.com/)" "www.ysfine.com"
65.109.26.29 - - [10/Nov/2022:07:30:14 -0800] "GET /ysbio//maga/phil/sisfa12/frame35.html HTTP/1.1" 404 88 "-" "Mozilla/5.0 (compatible; MJ12bot/v1.4.8; http://mj12bot.com/)" "www.ysfine.com"
94.23.203.202 - - [10/Nov/2022:07:30:15 -0800] "GET /class54/class5480/Pictures/2.%C3%AA%C2%B8%C2%B0%C3%AB%C2%85%C2%90%C3%AD%C2%96%C2%89%C3%AC%C2%82%C2%AC/%C3%AA%C2%B8%C2%B0%C3%AB%C2%85%C2%90%C3%AD%C2%96%C2%89%C3%AC%C2%82%C2%AC%20(18).jpg HTTP/1.1" 200 3694227 "-" "Mozilla/5.0 (compatible; MJ12bot/v1.4.8; http://mj12bot.com/)" "www.ysfine.com"
65.109.26.29 - - [10/Nov/2022:07:30:16 -0800] "GET /ysbio//maga/phil/sisfa12/frame36.html HTTP/1.1" 404 88 "-" "Mozilla/5.0 (compatible; MJ12bot/v1.4.8; http://mj12bot.com/)" "www.ysfine.com"
65.109.26.29 - - [10/Nov/2022:07:30:17 -0800] "GET /ysbio//maga/phil/sisfa12/frame37.html HTTP/1.1" 404 88 "-" "Mozilla/5.0 (compatible; MJ12bot/v1.4.8; http://mj12bot.com/)" "www.ysfine.com"
51.222.253.9 - - [10/Nov/2022:07:30:18 -0800] "GET /class54/class5470/total_data/sub_8181.htm HTTP/1.1" 200 3496 "-" "Mozilla/5.0 (compatible; AhrefsBot/7.0; +http://ahrefs.com/robot/)" "www.ysfine.com"
94.23.203.202 - - [10/Nov/2022:07:30:19 -0800] "GET /class54/class5480/Pictures/2.%C3%AA%C2%B8%C2%B0%C3%AB%C2%85%C2%90%C3%AD%C2%96%C2%89%C3%AC%C2%82%C2%AC/%C3%AA%C2%B8%C2%B0%C3%AB%C2%85%C2%90%C3%AD%C2%96%C2%89%C3%AC%C2%82%C2%AC%20(180).jpg HTTP/1.1" 200 4810922 "-" "Mozilla/5.0 (compatible; MJ12bot/v1.4.8; http://mj12bot.com/)" "www.ysfine.com"
65.109.26.29 - - [10/Nov/2022:07:30:19 -0800] "GET /ysbio//maga/phil/sisfa12/frame38.html HTTP/1.1" 404 88 "-" "Mozilla/5.0 (compatible; MJ12bot/v1.4.8; http://mj12bot.com/)" "www.ysfine.com"
65.109.26.29 - - [10/Nov/2022:07:30:20 -0800] "GET /ysbio//maga/phil/sisfa12/frame39.html HTTP/1.1" 404 88 "-" "Mozilla/5.0 (compatible; MJ12bot/v1.4.8; http://mj12bot.com/)" "www.ysfine.com"
49.35.140.65 - - [10/Nov/2022:07:30:20 -0800] "GET /favicon.ico HTTP/1.1" 404 88 "https://ysfine.com/einstein/heisenberg.html" "Mozilla/5.0 (Linux; Android 11; V2070) AppleWebKit/537.36 (KHTML, like Gecko) Chrome/104.0.0.0 Mobile Safari/537.36" "ysfine.com"
65.109.26.29 - - [10/Nov/2022:07:30:22 -0800] "GET /ysbio//maga/phil/sisfa12/frame40.html HTTP/1.1" 404 88 "-" "Mozilla/5.0 (compatible; MJ12bot/v1.4.8; http://mj12bot.com/)" "www.ysfine.com"
65.109.26.29 - - [10/Nov/2022:07:30:23 -0800] "GET /ysbio//maga/phil/sisfa12/frame41.html HTTP/1.1" 404 88 "-" "Mozilla/5.0 (compatible; MJ12bot/v1.4.8; http://mj12bot.com/)" "www.ysfine.com"
94.23.203.202 - - [10/Nov/2022:07:30:24 -0800] "GET /class54/class5480/Pictures/2.%C3%AA%C2%B8%C2%B0%C3%AB%C2%85%C2%90%C3%AD%C2%96%C2%89%C3%AC%C2%82%C2%AC/%C3%AA%C2%B8%C2%B0%C3%AB%C2%85%C2%90%C3%AD%C2%96%C2%89%C3%AC%C2%82%C2%AC%20(181).jpg HTTP/1.1" 200 5699951 "-" "Mozilla/5.0 (compatible; MJ12bot/v1.4.8; http://mj12bot.com/)" "www.ysfine.com"
65.109.26.29 - - [10/Nov/2022:07:30:25 -0800] "GET /ysbio//maga/phil/sisfa12/frame42.html HTTP/1.1" 404 88 "-" "Mozilla/5.0 (compatible; MJ12bot/v1.4.8; http://mj12bot.com/)" "www.ysfine.com"
65.109.26.29 - - [10/Nov/2022:07:30:26 -0800] "GET /ysbio//maga/phil/sisfa12/frame43.html HTTP/1.1" 404 88 "-" "Mozilla/5.0 (compatible; MJ12bot/v1.4.8; http://mj12bot.com/)" "www.ysfine.com"
94.23.203.202 - - [10/Nov/2022:07:30:26 -0800] "GET /class54/class5480/Pictures/2.%C3%AA%C2%B8%C2%B0%C3%AB%C2%85%C2%90%C3%AD%C2%96%C2%89%C3%AC%C2%82%C2%AC/%C3%AA%C2%B8%C2%B0%C3%AB%C2%85%C2%90%C3%AD%C2%96%C2%89%C3%AC%C2%82%C2%AC%20(182).jpg HTTP/1.1" 200 7788510 "-" "Mozilla/5.0 (compatible; MJ12bot/v1.4.8; http://mj12bot.com/)" "www.ysfine.com"
65.109.26.29 - - [10/Nov/2022:07:30:28 -0800] "GET /ysbio//maga/phil/sisfa12/frame44.html HTTP/1.1" 404 88 "-" "Mozilla/5.0 (compatible; MJ12bot/v1.4.8; http://mj12bot.com/)" "www.ysfine.com"
216.244.66.229 - - [10/Nov/2022:07:30:29 -0800] "GET /ffriends/croatia02.jpg HTTP/1.1" 200 119109 "-" "Mozilla/5.0 (compatible; DotBot/1.2; +https://opensiteexplorer.org/dotbot; help@moz.com)" "ysfine.com"
65.109.26.29 - - [10/Nov/2022:07:30:30 -0800] "GET /ysbio//maga/phil/sisfa12/frame45.html HTTP/1.1" 404 88 "-" "Mozilla/5.0 (compatible; MJ12bot/v1.4.8; http://mj12bot.com/)" "www.ysfine.com"
94.23.203.202 - - [10/Nov/2022:07:30:31 -0800] "GET /class54/class5480/Pictures/2.%C3%AA%C2%B8%C2%B0%C3%AB%C2%85%C2%90%C3%AD%C2%96%C2%89%C3%AC%C2%82%C2%AC/%C3%AA%C2%B8%C2%B0%C3%AB%C2%85%C2%90%C3%AD%C2%96%C2%89%C3%AC%C2%82%C2%AC%20(183).jpg HTTP/1.1" 200 5414698 "-" "Mozilla/5.0 (compatible; MJ12bot/v1.4.8; http://mj12bot.com/)" "www.ysfine.com"
65.109.26.29 - - [10/Nov/2022:07:30:31 -0800] "GET /ysbio//maga/phil/sisfa12/frame46.html HTTP/1.1" 404 88 "-" "Mozilla/5.0 (compatible; MJ12bot/v1.4.8; http://mj12bot.com/)" "www.ysfine.com"
65.109.26.29 - - [10/Nov/2022:07:30:33 -0800] "GET /ysbio//maga/phil/sisfa12/frame47.html HTTP/1.1" 404 88 "-" "Mozilla/5.0 (compatible; MJ12bot/v1.4.8; http://mj12bot.com/)" "www.ysfine.com"
65.109.26.29 - - [10/Nov/2022:07:30:35 -0800] "GET /ysbio//maga/phil/sisfa12/frame48.html HTTP/1.1" 404 88 "-" "Mozilla/5.0 (compatible; MJ12bot/v1.4.8; http://mj12bot.com/)" "www.ysfine.com"
94.23.203.202 - - [10/Nov/2022:07:30:35 -0800] "GET /class54/class5480/Pictures/2.%C3%AA%C2%B8%C2%B0%C3%AB%C2%85%C2%90%C3%AD%C2%96%C2%89%C3%AC%C2%82%C2%AC/%C3%AA%C2%B8%C2%B0%C3%AB%C2%85%C2%90%C3%AD%C2%96%C2%89%C3%AC%C2%82%C2%AC%20(184).jpg HTTP/1.1" 200 5283643 "-" "Mozilla/5.0 (compatible; MJ12bot/v1.4.8; http://mj12bot.com/)" "www.ysfine.com"
65.109.26.29 - - [10/Nov/2022:07:30:36 -0800] "GET /ysbio//maga/phil/sisfa12/frame49.html HTTP/1.1" 404 88 "-" "Mozilla/5.0 (compatible; MJ12bot/v1.4.8; http://mj12bot.com/)" "www.ysfine.com"
65.109.26.29 - - [10/Nov/2022:07:30:38 -0800] "GET /ysbio//maga/phil/sisfa12/frame50.html HTTP/1.1" 404 88 "-" "Mozilla/5.0 (compatible; MJ12bot/v1.4.8; http://mj12bot.com/)" "www.ysfine.com"
94.23.203.202 - - [10/Nov/2022:07:30:39 -0800] "GET /class54/class5480/Pictures/2.%C3%AA%C2%B8%C2%B0%C3%AB%C2%85%C2%90%C3%AD%C2%96%C2%89%C3%AC%C2%82%C2%AC/%C3%AA%C2%B8%C2%B0%C3%AB%C2%85%C2%90%C3%AD%C2%96%C2%89%C3%AC%C2%82%C2%AC%20(185).jpg HTTP/1.1" 200 6436828 "-" "Mozilla/5.0 (compatible; MJ12bot/v1.4.8; http://mj12bot.com/)" "www.ysfine.com"
65.109.26.29 - - [10/Nov/2022:07:30:39 -0800] "GET /ysbio//maga/phil/sisfa12/frame51.html HTTP/1.1" 404 88 "-" "Mozilla/5.0 (compatible; MJ12bot/v1.4.8; http://mj12bot.com/)" "www.ysfine.com"
65.109.26.29 - - [10/Nov/2022:07:30:41 -0800] "GET /ysbio//maga/phil/sisfa12/frame52.html HTTP/1.1" 404 88 "-" "Mozilla/5.0 (compatible; MJ12bot/v1.4.8; http://mj12bot.com/)" "www.ysfine.com"
65.109.26.29 - - [10/Nov/2022:07:30:42 -0800] "GET /ysbio//maga/phil/sisfa12/frame53.html HTTP/1.1" 404 88 "-" "Mozilla/5.0 (compatible; MJ12bot/v1.4.8; http://mj12bot.com/)" "www.ysfine.com"
94.23.203.202 - - [10/Nov/2022:07:30:43 -0800] "GET /class54/class5480/Pictures/2.%C3%AA%C2%B8%C2%B0%C3%AB%C2%85%C2%90%C3%AD%C2%96%C2%89%C3%AC%C2%82%C2%AC/%C3%AA%C2%B8%C2%B0%C3%AB%C2%85%C2%90%C3%AD%C2%96%C2%89%C3%AC%C2%82%C2%AC%20(186).jpg HTTP/1.1" 200 6479677 "-" "Mozilla/5.0 (compatible; MJ12bot/v1.4.8; http://mj12bot.com/)" "www.ysfine.com"
65.109.26.29 - - [10/Nov/2022:07:30:44 -0800] "GET /ysbio//maga/phil/sisfa12/frame54.html HTTP/1.1" 404 88 "-" "Mozilla/5.0 (compatible; MJ12bot/v1.4.8; http://mj12bot.com/)" "www.ysfine.com"
65.109.26.29 - - [10/Nov/2022:07:30:45 -0800] "GET /ysbio//maga/phil/sisfa12/frame55.html HTTP/1.1" 404 88 "-" "Mozilla/5.0 (compatible; MJ12bot/v1.4.8; http://mj12bot.com/)" "www.ysfine.com"
65.109.26.29 - - [10/Nov/2022:07:30:47 -0800] "GET /ysbio//maga/phil/sisfa12/frame56.html HTTP/1.1" 404 88 "-" "Mozilla/5.0 (compatible; MJ12bot/v1.4.8; http://mj12bot.com/)" "www.ysfine.com"
65.109.26.29 - - [10/Nov/2022:07:30:48 -0800] "GET /ysbio//maga/phil/sisfa12/frame57.html HTTP/1.1" 404 88 "-" "Mozilla/5.0 (compatible; MJ12bot/v1.4.8; http://mj12bot.com/)" "www.ysfine.com"
94.23.203.202 - - [10/Nov/2022:07:30:49 -0800] "GET /class54/class5480/Pictures/2.%C3%AA%C2%B8%C2%B0%C3%AB%C2%85%C2%90%C3%AD%C2%96%C2%89%C3%AC%C2%82%C2%AC/%C3%AA%C2%B8%C2%B0%C3%AB%C2%85%C2%90%C3%AD%C2%96%C2%89%C3%AC%C2%82%C2%AC%20(187).jpg HTTP/1.1" 200 6427964 "-" "Mozilla/5.0 (compatible; MJ12bot/v1.4.8; http://mj12bot.com/)" "www.ysfine.com"
65.109.26.29 - - [10/Nov/2022:07:30:50 -0800] "GET /ysbio//maga/phil/sisfa12/frame58.html HTTP/1.1" 404 88 "-" "Mozilla/5.0 (compatible; MJ12bot/v1.4.8; http://mj12bot.com/)" "www.ysfine.com"
65.109.26.29 - - [10/Nov/2022:07:30:52 -0800] "GET /ysbio//maga/phil/sisfa12/frame59.html HTTP/1.1" 404 88 "-" "Mozilla/5.0 (compatible; MJ12bot/v1.4.8; http://mj12bot.com/)" "www.ysfine.com"
94.23.203.202 - - [10/Nov/2022:07:30:53 -0800] "GET /class54/class5480/Pictures/2.%C3%AA%C2%B8%C2%B0%C3%AB%C2%85%C2%90%C3%AD%C2%96%C2%89%C3%AC%C2%82%C2%AC/%C3%AA%C2%B8%C2%B0%C3%AB%C2%85%C2%90%C3%AD%C2%96%C2%89%C3%AC%C2%82%C2%AC%20(201).jpg HTTP/1.1" 200 7386937 "-" "Mozilla/5.0 (compatible; MJ12bot/v1.4.8; http://mj12bot.com/)" "www.ysfine.com"
65.109.26.29 - - [10/Nov/2022:07:30:54 -0800] "GET /ysbio//maga/phil/sisfa12/frame60.html HTTP/1.1" 404 88 "-" "Mozilla/5.0 (compatible; MJ12bot/v1.4.8; http://mj12bot.com/)" "www.ysfine.com"
65.109.26.29 - - [10/Nov/2022:07:30:55 -0800] "GET /ysbio//maga/phil/sisfa12/keigel.pdf HTTP/1.1" 404 88 "-" "Mozilla/5.0 (compatible; MJ12bot/v1.4.8; http://mj12bot.com/)" "www.ysfine.com"
94.23.203.202 - - [10/Nov/2022:07:30:57 -0800] "GET /class54/class5480/Pictures/2.%C3%AA%C2%B8%C2%B0%C3%AB%C2%85%C2%90%C3%AD%C2%96%C2%89%C3%AC%C2%82%C2%AC/%C3%AA%C2%B8%C2%B0%C3%AB%C2%85%C2%90%C3%AD%C2%96%C2%89%C3%AC%C2%82%C2%AC%20(202).jpg HTTP/1.1" 200 3803926 "-" "Mozilla/5.0 (compatible; MJ12bot/v1.4.8; http://mj12bot.com/)" "www.ysfine.com"
65.109.26.29 - - [10/Nov/2022:07:30:57 -0800] "GET /ysbio//maga/phil/sisfa12/keigel.pptx HTTP/1.1" 404 88 "-" "Mozilla/5.0 (compatible; MJ12bot/v1.4.8; http://mj12bot.com/)" "www.ysfine.com"
65.109.26.29 - - [10/Nov/2022:07:30:59 -0800] "GET /ysbio//newyork/koreaw01.jpg HTTP/1.1" 404 88 "-" "Mozilla/5.0 (compatible; MJ12bot/v1.4.8; http://mj12bot.com/)" "www.ysfine.com"
65.109.26.29 - - [10/Nov/2022:07:31:01 -0800] "GET /ysbio//philo/helena.html HTTP/1.1" 404 88 "-" "Mozilla/5.0 (compatible; MJ12bot/v1.4.8; http://mj12bot.com/)" "www.ysfine.com"
94.23.203.202 - - [10/Nov/2022:07:31:02 -0800] "GET /class54/class5480/Pictures/2.%C3%AA%C2%B8%C2%B0%C3%AB%C2%85%C2%90%C3%AD%C2%96%C2%89%C3%AC%C2%82%C2%AC/%C3%AA%C2%B8%C2%B0%C3%AB%C2%85%C2%90%C3%AD%C2%96%C2%89%C3%AC%C2%82%C2%AC%20(203).jpg HTTP/1.1" 200 5608507 "-" "Mozilla/5.0 (compatible; MJ12bot/v1.4.8; http://mj12bot.com/)" "www.ysfine.com"
65.109.26.29 - - [10/Nov/2022:07:31:02 -0800] "GET /ysbio//philo/sisfa12/frame01.html HTTP/1.1" 404 88 "-" "Mozilla/5.0 (compatible; MJ12bot/v1.4.8; http://mj12bot.com/)" "www.ysfine.com"
65.109.26.29 - - [10/Nov/2022:07:31:04 -0800] "GET /ysbio//philo/sisfa12/frame02.html HTTP/1.1" 404 88 "-" "Mozilla/5.0 (compatible; MJ12bot/v1.4.8; http://mj12bot.com/)" "www.ysfine.com"
65.109.26.29 - - [10/Nov/2022:07:31:05 -0800] "GET /ysbio//philo/sisfa12/frame03.html HTTP/1.1" 404 88 "-" "Mozilla/5.0 (compatible; MJ12bot/v1.4.8; http://mj12bot.com/)" "www.ysfine.com"
40.86.101.254 - - [10/Nov/2022:07:31:06 -0800] "GET /style/cameras/japam11b.jpg HTTP/1.1" 200 40894 "http://ysfine.com/style/cameras" "Mozilla/5.0 (Macintosh; Intel Mac OS X 10_11_6) AppleWebKit/605.1.15 (KHTML, like Gecko) Version/11.1.2 Safari/605.1.15" "ysfine.com"
94.23.203.202 - - [10/Nov/2022:07:31:06 -0800] "GET /class54/class5480/Pictures/2.%C3%AA%C2%B8%C2%B0%C3%AB%C2%85%C2%90%C3%AD%C2%96%C2%89%C3%AC%C2%82%C2%AC/%C3%AA%C2%B8%C2%B0%C3%AB%C2%85%C2%90%C3%AD%C2%96%C2%89%C3%AC%C2%82%C2%AC%20(204).jpg HTTP/1.1" 200 5966877 "-" "Mozilla/5.0 (compatible; MJ12bot/v1.4.8; http://mj12bot.com/)" "www.ysfine.com"
65.109.26.29 - - [10/Nov/2022:07:31:07 -0800] "GET /ysbio//philo/sisfa12/frame04.html HTTP/1.1" 404 88 "-" "Mozilla/5.0 (compatible; MJ12bot/v1.4.8; http://mj12bot.com/)" "www.ysfine.com"
65.109.26.29 - - [10/Nov/2022:07:31:08 -0800] "GET /ysbio//philo/sisfa12/frame05.html HTTP/1.1" 404 88 "-" "Mozilla/5.0 (compatible; MJ12bot/v1.4.8; http://mj12bot.com/)" "www.ysfine.com"
94.23.203.202 - - [10/Nov/2022:07:31:10 -0800] "GET /class54/class5480/Pictures/2.%C3%AA%C2%B8%C2%B0%C3%AB%C2%85%C2%90%C3%AD%C2%96%C2%89%C3%AC%C2%82%C2%AC/%C3%AA%C2%B8%C2%B0%C3%AB%C2%85%C2%90%C3%AD%C2%96%C2%89%C3%AC%C2%82%C2%AC%20(205).jpg HTTP/1.1" 200 6028825 "-" "Mozilla/5.0 (compatible; MJ12bot/v1.4.8; http://mj12bot.com/)" "www.ysfine.com"
65.109.26.29 - - [10/Nov/2022:07:31:10 -0800] "GET /ysbio//philo/sisfa12/frame06.html HTTP/1.1" 404 88 "-" "Mozilla/5.0 (compatible; MJ12bot/v1.4.8; http://mj12bot.com/)" "www.ysfine.com"
65.109.26.29 - - [10/Nov/2022:07:31:12 -0800] "GET /ysbio//philo/sisfa12/frame07.html HTTP/1.1" 404 88 "-" "Mozilla/5.0 (compatible; MJ12bot/v1.4.8; http://mj12bot.com/)" "www.ysfine.com"
65.109.26.29 - - [10/Nov/2022:07:31:14 -0800] "GET /ysbio//philo/sisfa12/frame08.html HTTP/1.1" 404 88 "-" "Mozilla/5.0 (compatible; MJ12bot/v1.4.8; http://mj12bot.com/)" "www.ysfine.com"
65.109.26.29 - - [10/Nov/2022:07:31:15 -0800] "GET /ysbio//philo/sisfa12/frame09.html HTTP/1.1" 404 88 "-" "Mozilla/5.0 (compatible; MJ12bot/v1.4.8; http://mj12bot.com/)" "www.ysfine.com"
65.109.26.29 - - [10/Nov/2022:07:31:17 -0800] "GET /ysbio//philo/sisfa12/frame10.html HTTP/1.1" 404 88 "-" "Mozilla/5.0 (compatible; MJ12bot/v1.4.8; http://mj12bot.com/)" "www.ysfine.com"
65.109.26.29 - - [10/Nov/2022:07:31:19 -0800] "GET /ysbio//philo/sisfa12/frame11.html HTTP/1.1" 404 88 "-" "Mozilla/5.0 (compatible; MJ12bot/v1.4.8; http://mj12bot.com/)" "www.ysfine.com"
65.109.26.29 - - [10/Nov/2022:07:31:20 -0800] "GET /ysbio//philo/sisfa12/frame12.html HTTP/1.1" 404 88 "-" "Mozilla/5.0 (compatible; MJ12bot/v1.4.8; http://mj12bot.com/)" "www.ysfine.com"
65.109.26.29 - - [10/Nov/2022:07:31:22 -0800] "GET /ysbio//philo/sisfa12/frame13.html HTTP/1.1" 404 88 "-" "Mozilla/5.0 (compatible; MJ12bot/v1.4.8; http://mj12bot.com/)" "www.ysfine.com"
65.109.26.29 - - [10/Nov/2022:07:31:23 -0800] "GET /ysbio//philo/sisfa12/frame14.html HTTP/1.1" 404 88 "-" "Mozilla/5.0 (compatible; MJ12bot/v1.4.8; http://mj12bot.com/)" "www.ysfine.com"
65.109.26.29 - - [10/Nov/2022:07:31:25 -0800] "GET /ysbio//philo/sisfa12/frame15.html HTTP/1.1" 404 88 "-" "Mozilla/5.0 (compatible; MJ12bot/v1.4.8; http://mj12bot.com/)" "www.ysfine.com"
51.222.253.3 - - [10/Nov/2022:07:31:26 -0800] "GET /robots.txt HTTP/1.1" 404 88 "-" "Mozilla/5.0 (compatible; AhrefsBot/7.0; +http://ahrefs.com/robot/)" "www.ysfine.com"
65.109.26.29 - - [10/Nov/2022:07:31:27 -0800] "GET /ysbio//philo/sisfa12/frame16.html HTTP/1.1" 404 88 "-" "Mozilla/5.0 (compatible; MJ12bot/v1.4.8; http://mj12bot.com/)" "www.ysfine.com"
51.222.253.17 - - [10/Nov/2022:07:31:27 -0800] "GET /class54/class5470/total_data/sub_8182.htm HTTP/1.1" 200 3499 "-" "Mozilla/5.0 (compatible; AhrefsBot/7.0; +http://ahrefs.com/robot/)" "www.ysfine.com"
65.109.26.29 - - [10/Nov/2022:07:31:29 -0800] "GET /ysbio//philo/sisfa12/frame17.html HTTP/1.1" 404 88 "-" "Mozilla/5.0 (compatible; MJ12bot/v1.4.8; http://mj12bot.com/)" "www.ysfine.com"
65.109.26.29 - - [10/Nov/2022:07:31:30 -0800] "GET /ysbio//philo/sisfa12/frame18.html HTTP/1.1" 404 88 "-" "Mozilla/5.0 (compatible; MJ12bot/v1.4.8; http://mj12bot.com/)" "www.ysfine.com"
40.86.101.254 - - [10/Nov/2022:07:31:30 -0800] "GET /einstein/einwife66b.jpg HTTP/1.1" 200 29967 "https://ysfine.com/einstein" "Mozilla/5.0 (Linux; Android 10; SM-G960U) AppleWebKit/537.36 (KHTML, like Gecko) Chrome/88.0.4324.181 Mobile Safari/537.36" "ysfine.com"
65.109.26.29 - - [10/Nov/2022:07:31:32 -0800] "GET /ysbio//philo/sisfa12/frame19.html HTTP/1.1" 404 88 "-" "Mozilla/5.0 (compatible; MJ12bot/v1.4.8; http://mj12bot.com/)" "www.ysfine.com"
65.109.26.29 - - [10/Nov/2022:07:31:34 -0800] "GET /ysbio//philo/sisfa12/frame20.html HTTP/1.1" 404 88 "-" "Mozilla/5.0 (compatible; MJ12bot/v1.4.8; http://mj12bot.com/)" "www.ysfine.com"
65.109.26.29 - - [10/Nov/2022:07:31:36 -0800] "GET /ysbio//philo/sisfa12/frame21.html HTTP/1.1" 404 88 "-" "Mozilla/5.0 (compatible; MJ12bot/v1.4.8; http://mj12bot.com/)" "www.ysfine.com"
40.122.227.202 - - [10/Nov/2022:07:31:45 -0800] "GET /world/germany/berlin008b.jpg HTTP/1.1" 200 38076 "https://ysfine.com/world/germany" "Mozilla/5.0 (Macintosh; Intel Mac OS X 10_11_6) AppleWebKit/605.1.15 (KHTML, like Gecko) Version/11.1.2 Safari/605.1.15" "ysfine.com"
17.121.115.148 - - [10/Nov/2022:07:32:15 -0800] "GET /style/stbot.html HTTP/1.1" 200 122 "-" "Mozilla/5.0 (Macintosh; Intel Mac OS X 10_15_5) AppleWebKit/605.1.15 (KHTML, like Gecko) Version/13.1.1 Safari/605.1.15 (Applebot/0.1; +http://www.apple.com/go/applebot)" "ysfine.com"
178.41.208.169 - - [10/Nov/2022:07:32:33 -0800] "GET /maga/histo/oscar33.jpg HTTP/1.1" 200 140181 "https://www.google.sk/" "Mozilla/5.0 (Windows NT 10.0; Win64; x64) AppleWebKit/537.36 (KHTML, like Gecko) Chrome/107.0.0.0 Safari/537.36" "ysfine.com"
77.75.78.162 - - [10/Nov/2022:07:32:38 -0800] "GET /robots.txt HTTP/1.1" 404 88 "-" "Mozilla/5.0 (compatible; SeznamBot/3.2; +http://napoveda.seznam.cz/en/seznambot-intro/)" "ysfine.com"
51.222.253.8 - - [10/Nov/2022:07:32:38 -0800] "GET /class54/class5470/total_data/sub_8164.htm HTTP/1.1" 200 3509 "-" "Mozilla/5.0 (compatible; AhrefsBot/7.0; +http://ahrefs.com/robot/)" "www.ysfine.com"
77.75.78.162 - - [10/Nov/2022:07:32:39 -0800] "GET /world/poland/polhillar11.jpg HTTP/1.1" 304 - "-" "Mozilla/5.0 (compatible; SeznamBot/3.2; +http://napoveda.seznam.cz/en/seznambot-intro/)" "ysfine.com"
77.75.78.162 - - [10/Nov/2022:07:32:40 -0800] "GET /world/germany/berlin021.jpg HTTP/1.1" 304 - "-" "Mozilla/5.0 (compatible; SeznamBot/3.2; +http://napoveda.seznam.cz/en/seznambot-intro/)" "ysfine.com"
77.75.78.162 - - [10/Nov/2022:07:32:41 -0800] "GET /world/baltic/kantname11.jpg HTTP/1.1" 304 - "-" "Mozilla/5.0 (compatible; SeznamBot/3.2; +http://napoveda.seznam.cz/en/seznambot-intro/)" "ysfine.com"
77.75.78.162 - - [10/Nov/2022:07:32:41 -0800] "GET /world/france/montpar19.jpg HTTP/1.1" 200 193308 "-" "Mozilla/5.0 (compatible; SeznamBot/3.2; +http://napoveda.seznam.cz/en/seznambot-intro/)" "ysfine.com"
77.75.78.162 - - [10/Nov/2022:07:32:46 -0800] "GET /world/germany/benz08.jpg HTTP/1.1" 304 - "-" "Mozilla/5.0 (compatible; SeznamBot/3.2; +http://napoveda.seznam.cz/en/seznambot-intro/)" "ysfine.com"
77.75.78.162 - - [10/Nov/2022:07:32:46 -0800] "GET /newyork/colum17.jpg HTTP/1.1" 304 - "-" "Mozilla/5.0 (compatible; SeznamBot/3.2; +http://napoveda.seznam.cz/en/seznambot-intro/)" "ysfine.com"
77.75.78.162 - - [10/Nov/2022:07:32:47 -0800] "GET /wdc/umd06.jpg HTTP/1.1" 304 - "-" "Mozilla/5.0 (compatible; SeznamBot/3.2; +http://napoveda.seznam.cz/en/seznambot-intro/)" "ysfine.com"
20.191.45.212 - - [10/Nov/2022:07:32:57 -0800] "GET / HTTP/1.1" 200 5283 "https://www.ysfine.com/" "Mozilla/5.0 (compatible; DuckDuckGo-Favicons-Bot/1.0; +http://duckduckgo.com)" "www.ysfine.com"
20.191.45.212 - - [10/Nov/2022:07:32:57 -0800] "GET /favicon.ico HTTP/1.1" 404 88 "https://www.ysfine.com/favicon.ico" "Mozilla/5.0 (compatible; DuckDuckGo-Favicons-Bot/1.0; +http://duckduckgo.com)" "www.ysfine.com"
20.191.45.212 - - [10/Nov/2022:07:32:58 -0800] "GET /favicon.ico HTTP/1.1" 404 88 "https://www.ysfine.com/favicon.ico" "Mozilla/5.0 (compatible; DuckDuckGo-Favicons-Bot/1.0; +http://duckduckgo.com)" "www.ysfine.com"
157.55.39.76 - - [10/Nov/2022:07:33:36 -0800] "GET /bio/harmoarchi.html HTTP/1.1" 404 88 "-" "Mozilla/5.0 AppleWebKit/537.36 (KHTML, like Gecko; compatible; bingbot/2.0; +http://www.bing.com/bingbot.htm) Chrome/103.0.5060.134 Safari/537.36" "ysfine.com"
51.222.253.4 - - [10/Nov/2022:07:33:53 -0800] "GET /class54/class5470/total_data/sub_8168.htm HTTP/1.1" 200 3513 "-" "Mozilla/5.0 (compatible; AhrefsBot/7.0; +http://ahrefs.com/robot/)" "www.ysfine.com"
20.29.110.169 - - [10/Nov/2022:07:33:58 -0800] "GET /world/brit/picca42b.jpg HTTP/1.1" 200 45323 "http://ysfine.com/world/brit" "Mozilla/5.0 (Windows NT 10.0; Win64; x64) AppleWebKit/537.36 (KHTML, like Gecko) Chrome/74.0.3729.157 Safari/537.36" "ysfine.com"
40.86.101.165 - - [10/Nov/2022:07:34:07 -0800] "GET /world/poland/krk62b.jpg HTTP/1.1" 200 38146 "http://www.ysfine.com/world/poland" "Mozilla/5.0 (X11; Linux x86_64) AppleWebKit/537.36 (KHTML, like Gecko) Chrome/74.0.3729.169 Safari/537.36" "www.ysfine.com"
51.222.253.12 - - [10/Nov/2022:07:35:01 -0800] "GET /class54/class5470/total_data/sub_8184.htm HTTP/1.1" 200 3509 "-" "Mozilla/5.0 (compatible; AhrefsBot/7.0; +http://ahrefs.com/robot/)" "www.ysfine.com"
51.222.253.18 - - [10/Nov/2022:07:36:00 -0800] "GET /class54/class5470/total_data/sub_8187.htm HTTP/1.1" 200 3509 "-" "Mozilla/5.0 (compatible; AhrefsBot/7.0; +http://ahrefs.com/robot/)" "www.ysfine.com"
185.191.171.37 - - [10/Nov/2022:07:36:27 -0800] "GET /dirac/locovar.html HTTP/1.1" 200 3545 "-" "Mozilla/5.0 (compatible; SemrushBot/7~bl; +http://www.semrush.com/bot.html)" "www.ysfine.com"
40.86.101.253 - - [10/Nov/2022:07:36:30 -0800] "GET /world/germany/berlinmus21b.jpg HTTP/1.1" 200 35257 "https://ysfine.com/world/germany" "Mozilla/5.0 (Windows NT 10.0; Win64; x64) AppleWebKit/537.36 (KHTML, like Gecko) Chrome/74.0.3729.157 Safari/537.36" "ysfine.com"
40.86.101.254 - - [10/Nov/2022:07:37:11 -0800] "GET /wdc/lincoln11.jpg HTTP/1.1" 200 104656 "https://www.ysfine.com/wdc" "Mozilla/5.0 (X11; Linux x86_64) AppleWebKit/537.36 (KHTML, like Gecko) Chrome/74.0.3729.169 Safari/537.36" "www.ysfine.com"
51.222.253.8 - - [10/Nov/2022:07:37:12 -0800] "GET /class54/class5470/total_data/sub_8188.htm HTTP/1.1" 200 3496 "-" "Mozilla/5.0 (compatible; AhrefsBot/7.0; +http://ahrefs.com/robot/)" "www.ysfine.com"
17.121.115.235 - - [10/Nov/2022:07:37:16 -0800] "GET /style/stleft.html HTTP/1.1" 200 548 "https://ysfine.com/style/stbot.html" "Mozilla/5.0 (Macintosh; Intel Mac OS X 10_15_5) AppleWebKit/605.1.15 (KHTML, like Gecko) Version/13.1.1 Safari/605.1.15 (Applebot/0.1; +http://www.apple.com/go/applebot)" "ysfine.com"
17.121.115.114 - - [10/Nov/2022:07:37:16 -0800] "GET /style/strigh.html HTTP/1.1" 200 1459 "https://ysfine.com/style/stbot.html" "Mozilla/5.0 (Macintosh; Intel Mac OS X 10_15_5) AppleWebKit/605.1.15 (KHTML, like Gecko) Version/13.1.1 Safari/605.1.15 (Applebot/0.1; +http://www.apple.com/go/applebot)" "ysfine.com"
13.67.228.136 - - [10/Nov/2022:07:37:29 -0800] "GET /style/music/rome171b.jpg HTTP/1.1" 200 42145 "https://ysfine.com/style/music" "Mozilla/5.0 (Windows NT 10.0; Win64; x64) AppleWebKit/537.36 (KHTML, like Gecko) Chrome/74.0.3729.157 Safari/537.36" "ysfine.com"
185.191.171.24 - - [10/Nov/2022:07:37:32 -0800] "GET /dwf.html HTTP/1.1" 404 88 "-" "Mozilla/5.0 (compatible; SemrushBot/7~bl; +http://www.semrush.com/bot.html)" "www.ysfine.com"
20.106.27.209 - - [10/Nov/2022:07:37:51 -0800] "GET /world/russ/orlov11b.jpg HTTP/1.1" 200 37260 "http://www.ysfine.com/world/russ" "Mozilla/5.0 (Macintosh; Intel Mac OS X 10_11_6) AppleWebKit/605.1.15 (KHTML, like Gecko) Version/11.1.2 Safari/605.1.15" "www.ysfine.com"
157.55.39.129 - - [10/Nov/2022:07:38:09 -0800] "GET /bio/kobak/soraech.html HTTP/1.1" 404 88 "-" "Mozilla/5.0 (compatible; bingbot/2.0; +http://www.bing.com/bingbot.htm)" "ysfine.com"
51.222.253.9 - - [10/Nov/2022:07:38:17 -0800] "GET /class54/class5470/total_data/sub_8159.htm HTTP/1.1" 200 3499 "-" "Mozilla/5.0 (compatible; AhrefsBot/7.0; +http://ahrefs.com/robot/)" "www.ysfine.com"
51.222.253.9 - - [10/Nov/2022:07:39:03 -0800] "GET /class54/class5470/total_data/sub_8183.htm HTTP/1.1" 200 3509 "-" "Mozilla/5.0 (compatible; AhrefsBot/7.0; +http://ahrefs.com/robot/)" "www.ysfine.com"
114.119.128.162 - - [10/Nov/2022:07:39:14 -0800] "GET /class54/class5470/total_data/photo_img/2-53.jpg HTTP/1.1" 200 107897 "https://ysfine.com/class54/class5470/total_data/sub_253.htm" "Mozilla/5.0 (Linux; Android 7.0;) AppleWebKit/537.36 (KHTML, like Gecko) Mobile Safari/537.36 (compatible; PetalBot;+https://webmaster.petalsearch.com/site/petalbot)" "ysfine.com"
51.222.253.1 - - [10/Nov/2022:07:39:51 -0800] "GET /class54/class5470/total_data/sub_8161.htm HTTP/1.1" 200 3509 "-" "Mozilla/5.0 (compatible; AhrefsBot/7.0; +http://ahrefs.com/robot/)" "www.ysfine.com"
40.122.230.188 - - [10/Nov/2022:07:40:05 -0800] "GET /world/germany/trier22c.jpg HTTP/1.1" 200 35582 "https://ysfine.com/world/germany" "Mozilla/5.0 (Macintosh; Intel Mac OS X 10_11_6) AppleWebKit/605.1.15 (KHTML, like Gecko) Version/11.1.2 Safari/605.1.15" "ysfine.com"
20.29.110.170 - - [10/Nov/2022:07:40:23 -0800] "GET /usca/pitt/donner07b.jpg HTTP/1.1" 200 49625 "https://ysfine.com/usca/pitt" "Mozilla/5.0 (X11; Linux x86_64) AppleWebKit/537.36 (KHTML, like Gecko) Chrome/74.0.3729.169 Safari/537.36" "ysfine.com"
51.222.253.17 - - [10/Nov/2022:07:40:52 -0800] "GET /class54/class5470/total_data/sub_8165.htm HTTP/1.1" 200 3509 "-" "Mozilla/5.0 (compatible; AhrefsBot/7.0; +http://ahrefs.com/robot/)" "www.ysfine.com"
216.244.66.229 - - [10/Nov/2022:07:41:08 -0800] "GET /ffriends/aline/uae07.jpg HTTP/1.1" 200 112099 "-" "Mozilla/5.0 (compatible; DotBot/1.2; +https://opensiteexplorer.org/dotbot; help@moz.com)" "ysfine.com"
207.46.13.107 - - [10/Nov/2022:07:41:24 -0800] "GET /bio/einstein/bern.html HTTP/1.1" 404 88 "-" "Mozilla/5.0 AppleWebKit/537.36 (KHTML, like Gecko; compatible; bingbot/2.0; +http://www.bing.com/bingbot.htm) Chrome/103.0.5060.134 Safari/537.36" "ysfine.com"
40.86.101.254 - - [10/Nov/2022:07:41:38 -0800] "GET /friends/aline/airtran11b.jpg HTTP/1.1" 404 88 "http://ysfine.com/friends/aline" "Mozilla/5.0 (iPhone; CPU iPhone OS 13_5_1 like Mac OS X) AppleWebKit/605.1.15 (KHTML, like Gecko) Version/13.1.1 Mobile/15E148 Safari/604.1" "ysfine.com"
40.77.167.71 - - [10/Nov/2022:07:41:53 -0800] "GET /bio/bio10.html HTTP/1.1" 404 88 "-" "Mozilla/5.0 AppleWebKit/537.36 (KHTML, like Gecko; compatible; bingbot/2.0; +http://www.bing.com/bingbot.htm) Chrome/103.0.5060.134 Safari/537.36" "ysfine.com"
216.244.66.229 - - [10/Nov/2022:07:41:58 -0800] "GET /ffriends/amkor/amstu09.jpg HTTP/1.1" 200 173501 "-" "Mozilla/5.0 (compatible; DotBot/1.2; +https://opensiteexplorer.org/dotbot; help@moz.com)" "ysfine.com"
51.222.253.4 - - [10/Nov/2022:07:42:03 -0800] "GET /class54/class5470/total_data/sub_8166.htm HTTP/1.1" 200 3512 "-" "Mozilla/5.0 (compatible; AhrefsBot/7.0; +http://ahrefs.com/robot/)" "www.ysfine.com"
51.222.253.13 - - [10/Nov/2022:07:42:13 -0800] "GET /class54/class5470/total_data/photo_img/8-166.jpg HTTP/1.1" 200 194967 "-" "Mozilla/5.0 (compatible; AhrefsBot/7.0; +http://ahrefs.com/robot/)" "www.ysfine.com"
206.214.147.2 - - [10/Nov/2022:07:42:33 -0800] "GET /feynman/standardmo01.jpg HTTP/1.1" 200 94736 "https://www.bing.com/" "Mozilla/5.0 (Windows NT 10.0; Win64; x64) AppleWebKit/537.36 (KHTML, like Gecko) Chrome/107.0.0.0 Safari/537.36 Edg/107.0.1418.35" "www.ysfine.com"
40.77.51.84 - - [10/Nov/2022:07:42:56 -0800] "GET /world/germany/berlinf32b.jpg HTTP/1.1" 200 50093 "https://ysfine.com/world/germany" "Mozilla/5.0 (Windows NT 10.0; Win64; x64) AppleWebKit/537.36 (KHTML, like Gecko) Chrome/74.0.3729.157 Safari/537.36" "ysfine.com"
20.29.111.244 - - [10/Nov/2022:07:43:03 -0800] "GET /usca/norl/jackson55.jpg HTTP/1.1" 200 76385 "https://ysfine.com/usca/norl" "Mozilla/5.0 (Macintosh; Intel Mac OS X 10_11_6) AppleWebKit/605.1.15 (KHTML, like Gecko) Version/11.1.2 Safari/605.1.15" "ysfine.com"
51.222.253.10 - - [10/Nov/2022:07:43:07 -0800] "GET /class54/class5470/total_data/sub_8174.htm HTTP/1.1" 200 3496 "-" "Mozilla/5.0 (compatible; AhrefsBot/7.0; +http://ahrefs.com/robot/)" "www.ysfine.com"
20.109.241.98 - - [10/Nov/2022:07:43:27 -0800] "GET /friends/kamchatka22b.jpg HTTP/1.1" 404 88 "https://ysfine.com/friends" "Mozilla/5.0 (Windows NT 10.0; Win64; x64) AppleWebKit/537.36 (KHTML, like Gecko) Chrome/74.0.3729.157 Safari/537.36" "ysfine.com"
40.86.101.166 - - [10/Nov/2022:07:43:35 -0800] "GET /world/russ/smorodin11b.jpg HTTP/1.1" 200 36745 "http://ysfine.com/world/russ" "Mozilla/5.0 (X11; Linux x86_64) AppleWebKit/537.36 (KHTML, like Gecko) Chrome/74.0.3729.169 Safari/537.36" "ysfine.com"
51.222.253.14 - - [10/Nov/2022:07:44:09 -0800] "GET /class54/class5470/total_data/sub_8173.htm HTTP/1.1" 200 3498 "-" "Mozilla/5.0 (compatible; AhrefsBot/7.0; +http://ahrefs.com/robot/)" "www.ysfine.com"
51.222.253.8 - - [10/Nov/2022:07:45:11 -0800] "GET /class54/class5470/total_data/sub_8172.htm HTTP/1.1" 200 3510 "-" "Mozilla/5.0 (compatible; AhrefsBot/7.0; +http://ahrefs.com/robot/)" "www.ysfine.com"
40.86.101.164 - - [10/Nov/2022:07:45:13 -0800] "GET /world/poland/krk68b.jpg HTTP/1.1" 200 37273 "http://www.ysfine.com/world/poland" "Mozilla/5.0 (X11; Linux x86_64) AppleWebKit/537.36 (KHTML, like Gecko) Chrome/74.0.3729.169 Safari/537.36" "www.ysfine.com"
134.158.117.151 - - [10/Nov/2022:07:45:53 -0800] "GET /wigner/wiglittle.pdf HTTP/1.1" 200 2659296 "https://www.google.com/" "Mozilla/5.0 (X11; Linux x86_64; rv:102.0) Gecko/20100101 Firefox/102.0" "ysfine.com"
134.158.117.151 - - [10/Nov/2022:07:45:53 -0800] "GET /favicon.ico HTTP/1.1" 404 88 "https://ysfine.com/" "Mozilla/5.0 (X11; Linux x86_64; rv:102.0) Gecko/20100101 Firefox/102.0" "ysfine.com"
134.158.117.151 - - [10/Nov/2022:07:45:54 -0800] "GET /wigner/wiglittle.pdf HTTP/1.1" 206 65536 "https://www.google.com/" "Mozilla/5.0 (X11; Linux x86_64; rv:102.0) Gecko/20100101 Firefox/102.0" "ysfine.com"
134.158.117.151 - - [10/Nov/2022:07:45:54 -0800] "GET /wigner/wiglittle.pdf HTTP/1.1" 206 37856 "https://www.google.com/" "Mozilla/5.0 (X11; Linux x86_64; rv:102.0) Gecko/20100101 Firefox/102.0" "ysfine.com"
134.158.117.151 - - [10/Nov/2022:07:45:55 -0800] "GET /wigner/wiglittle.pdf HTTP/1.1" 206 65536 "https://www.google.com/" "Mozilla/5.0 (X11; Linux x86_64; rv:102.0) Gecko/20100101 Firefox/102.0" "ysfine.com"
51.222.253.15 - - [10/Nov/2022:07:46:06 -0800] "GET /class54/class5470/total_data/sub_8167.htm HTTP/1.1" 200 3513 "-" "Mozilla/5.0 (compatible; AhrefsBot/7.0; +http://ahrefs.com/robot/)" "www.ysfine.com"
204.126.10.232 - - [10/Nov/2022:07:46:12 -0800] "GET /maga/histo/oscar22.jpg HTTP/1.1" 200 101665 "https://www.google.com/" "Mozilla/5.0 (X11; CrOS x86_64 14816.131.0) AppleWebKit/537.36 (KHTML, like Gecko) Chrome/103.0.0.0 Safari/537.36" "ysfine.com"
179.251.226.0 - - [10/Nov/2022:07:46:39 -0800] "GET /feynman/feydirac300.jpg HTTP/1.1" 200 38223 "https://www.google.com/" "Mozilla/5.0 (Windows NT 10.0; Win64; x64) AppleWebKit/537.36 (KHTML, like Gecko) Chrome/107.0.0.0 Safari/537.36" "ysfine.com"
134.158.117.151 - - [10/Nov/2022:07:47:03 -0800] "GET /yspapers/cylin.pdf HTTP/1.1" 200 358984 "https://www.google.com/" "Mozilla/5.0 (X11; Linux x86_64; rv:102.0) Gecko/20100101 Firefox/102.0" "ysfine.com"
134.158.117.151 - - [10/Nov/2022:07:47:03 -0800] "GET /yspapers/cylin.pdf HTTP/1.1" 206 31304 "https://www.google.com/" "Mozilla/5.0 (X11; Linux x86_64; rv:102.0) Gecko/20100101 Firefox/102.0" "ysfine.com"
51.222.253.10 - - [10/Nov/2022:07:47:04 -0800] "GET /class54/class5470/total_data/sub_813.htm HTTP/1.1" 200 3566 "-" "Mozilla/5.0 (compatible; AhrefsBot/7.0; +http://ahrefs.com/robot/)" "ysfine.com"
51.222.253.1 - - [10/Nov/2022:07:48:00 -0800] "GET /class54/class5470/total_data/sub_814.htm HTTP/1.1" 200 3574 "-" "Mozilla/5.0 (compatible; AhrefsBot/7.0; +http://ahrefs.com/robot/)" "ysfine.com"
185.191.171.26 - - [10/Nov/2022:07:48:06 -0800] "GET /robots.txt HTTP/1.1" 404 88 "-" "Mozilla/5.0 (compatible; SemrushBot/7~bl; +http://www.semrush.com/bot.html)" "ysfine.com"
185.191.171.15 - - [10/Nov/2022:07:48:07 -0800] "GET /maga/phil/sisfa12/frame50.html HTTP/1.1" 200 320 "-" "Mozilla/5.0 (compatible; SemrushBot/7~bl; +http://www.semrush.com/bot.html)" "ysfine.com"
216.244.66.229 - - [10/Nov/2022:07:48:13 -0800] "GET /wdc/gtown31.jpg HTTP/1.1" 200 98981 "-" "Mozilla/5.0 (compatible; DotBot/1.2; +https://opensiteexplorer.org/dotbot; help@moz.com)" "ysfine.com"
216.244.66.229 - - [10/Nov/2022:07:48:48 -0800] "GET /world/france/pariso03.jpg HTTP/1.1" 200 67883 "-" "Mozilla/5.0 (compatible; DotBot/1.2; +https://opensiteexplorer.org/dotbot; help@moz.com)" "ysfine.com"
51.222.253.19 - - [10/Nov/2022:07:48:54 -0800] "GET /class54/class5470/total_data/sub_816.htm HTTP/1.1" 200 3558 "-" "Mozilla/5.0 (compatible; AhrefsBot/7.0; +http://ahrefs.com/robot/)" "ysfine.com"
185.191.171.25 - - [10/Nov/2022:07:49:20 -0800] "GET /ysbio/kobak/shortw.html HTTP/1.1" 404 88 "-" "Mozilla/5.0 (compatible; SemrushBot/7~bl; +http://www.semrush.com/bot.html)" "www.ysfine.com"
40.77.51.85 - - [10/Nov/2022:07:49:44 -0800] "GET /world/ital/flor031b.jpg HTTP/1.1" 200 40386 "http://ysfine.com/world/ital" "Mozilla/5.0 (iPhone; CPU iPhone OS 13_5_1 like Mac OS X) AppleWebKit/605.1.15 (KHTML, like Gecko) Version/13.1.1 Mobile/15E148 Safari/604.1" "ysfine.com"
51.222.253.8 - - [10/Nov/2022:07:49:45 -0800] "GET /class54/class5470/total_data/sub_821.htm HTTP/1.1" 200 3558 "-" "Mozilla/5.0 (compatible; AhrefsBot/7.0; +http://ahrefs.com/robot/)" "ysfine.com"
216.244.66.229 - - [10/Nov/2022:07:49:49 -0800] "GET /kobak/sorae/church05.jpg HTTP/1.1" 200 210503 "-" "Mozilla/5.0 (compatible; DotBot/1.2; +https://opensiteexplorer.org/dotbot; help@moz.com)" "ysfine.com"
192.145.168.86 - - [10/Nov/2022:07:49:58 -0800] "GET /einstein/einbohr55.jpg HTTP/1.1" 200 227851 "https://www.google.com/" "Mozilla/5.0 (Windows NT 10.0; Win64; x64) AppleWebKit/537.36 (KHTML, like Gecko) Chrome/107.0.0.0 Safari/537.36" "ysfine.com"
207.46.13.128 - - [10/Nov/2022:07:50:10 -0800] "GET /world/polandp.html HTTP/1.1" 200 5412 "-" "Mozilla/5.0 AppleWebKit/537.36 (KHTML, like Gecko; compatible; bingbot/2.0; +http://www.bing.com/bingbot.htm) Chrome/103.0.5060.134 Safari/537.36" "ysfine.com"
207.46.13.128 - - [10/Nov/2022:07:50:10 -0800] "GET /bio/heisen/heisen54.html HTTP/1.1" 404 88 "-" "Mozilla/5.0 AppleWebKit/537.36 (KHTML, like Gecko; compatible; bingbot/2.0; +http://www.bing.com/bingbot.htm) Chrome/103.0.5060.134 Safari/537.36" "ysfine.com"
207.46.13.128 - - [10/Nov/2022:07:50:11 -0800] "GET /bio/wigner/e(2).html HTTP/1.1" 404 88 "-" "Mozilla/5.0 (compatible; bingbot/2.0; +http://www.bing.com/bingbot.htm)" "ysfine.com"
207.46.13.128 - - [10/Nov/2022:07:50:11 -0800] "GET /bio/world/trier.html HTTP/1.1" 404 88 "-" "Mozilla/5.0 AppleWebKit/537.36 (KHTML, like Gecko; compatible; bingbot/2.0; +http://www.bing.com/bingbot.htm) Chrome/103.0.5060.134 Safari/537.36" "ysfine.com"
207.46.13.128 - - [10/Nov/2022:07:50:11 -0800] "GET /world/muplace.html HTTP/1.1" 200 22028 "-" "Mozilla/5.0 (compatible; bingbot/2.0; +http://www.bing.com/bingbot.htm)" "ysfine.com"
216.244.66.229 - - [10/Nov/2022:07:50:39 -0800] "GET /world/france/flore08.jpg HTTP/1.1" 200 88762 "-" "Mozilla/5.0 (compatible; DotBot/1.2; +https://opensiteexplorer.org/dotbot; help@moz.com)" "ysfine.com"
51.222.253.8 - - [10/Nov/2022:07:50:42 -0800] "GET /class54/class5470/total_data/sub_822.htm HTTP/1.1" 200 3558 "-" "Mozilla/5.0 (compatible; AhrefsBot/7.0; +http://ahrefs.com/robot/)" "ysfine.com"
51.222.253.20 - - [10/Nov/2022:07:50:49 -0800] "GET /class54/class5470/total_data/photo_img/8-22.jpg HTTP/1.1" 200 185310 "-" "Mozilla/5.0 (compatible; AhrefsBot/7.0; +http://ahrefs.com/robot/)" "ysfine.com"
40.77.167.71 - - [10/Nov/2022:07:50:53 -0800] "GET /bio/feynman/feynbot.html HTTP/1.1" 404 88 "-" "Mozilla/5.0 (compatible; bingbot/2.0; +http://www.bing.com/bingbot.htm)" "ysfine.com"
40.77.167.71 - - [10/Nov/2022:07:51:12 -0800] "GET /ysbio/folks/british.html HTTP/1.1" 404 88 "-" "Mozilla/5.0 (compatible; bingbot/2.0; +http://www.bing.com/bingbot.htm)" "ysfine.com"
157.55.39.76 - - [10/Nov/2022:07:51:36 -0800] "GET /world/russ/arbat26b.jpg HTTP/1.1" 200 47406 "-" "Mozilla/5.0 AppleWebKit/537.36 (KHTML, like Gecko; compatible; bingbot/2.0; +http://www.bing.com/bingbot.htm) Chrome/103.0.5060.134 Safari/537.36" "ysfine.com"
51.222.253.16 - - [10/Nov/2022:07:51:36 -0800] "GET /class54/class5470/total_data/sub_823.htm HTTP/1.1" 200 3558 "-" "Mozilla/5.0 (compatible; AhrefsBot/7.0; +http://ahrefs.com/robot/)" "ysfine.com"
20.29.110.170 - - [10/Nov/2022:07:51:46 -0800] "GET /world/brit/loncafe01b.jpg HTTP/1.1" 200 48333 "https://ysfine.com/world/brit" "Mozilla/5.0 (Windows NT 10.0; Win64; x64) AppleWebKit/537.36 (KHTML, like Gecko) Chrome/74.0.3729.157 Safari/537.36" "ysfine.com"
51.222.253.8 - - [10/Nov/2022:07:52:34 -0800] "GET /class54/class5470/total_data/sub_802.htm HTTP/1.1" 200 3565 "-" "Mozilla/5.0 (compatible; AhrefsBot/7.0; +http://ahrefs.com/robot/)" "ysfine.com"
40.122.227.200 - - [10/Nov/2022:07:53:26 -0800] "GET /sbk/2019cordo03c.jpg HTTP/1.1" 200 37388 "https://ysfine.com/sbk" "Mozilla/5.0 (Linux; Android 10; SM-G960U) AppleWebKit/537.36 (KHTML, like Gecko) Chrome/88.0.4324.181 Mobile Safari/537.36" "ysfine.com"
40.86.101.254 - - [10/Nov/2022:07:53:36 -0800] "GET /world/ital/uffizi02.jpg HTTP/1.1" 200 122588 "http://ysfine.com/world/ital" "Mozilla/5.0 (Macintosh; Intel Mac OS X 10_11_6) AppleWebKit/605.1.15 (KHTML, like Gecko) Version/11.1.2 Safari/605.1.15" "ysfine.com"
51.222.253.1 - - [10/Nov/2022:07:53:40 -0800] "GET /class54/class5470/total_data/sub_831.htm HTTP/1.1" 200 3561 "-" "Mozilla/5.0 (compatible; AhrefsBot/7.0; +http://ahrefs.com/robot/)" "ysfine.com"
114.119.128.14 - - [10/Nov/2022:07:54:37 -0800] "GET /maga/phys/maxwell55b.jpg HTTP/1.1" 200 36378 "https://www.ysfine.com/dirac/dirpoet.html" "Mozilla/5.0 (Linux; Android 7.0;) AppleWebKit/537.36 (KHTML, like Gecko) Mobile Safari/537.36 (compatible; PetalBot;+https://webmaster.petalsearch.com/site/petalbot)" "www.ysfine.com"
51.222.253.20 - - [10/Nov/2022:07:54:44 -0800] "GET /class54/class5470/total_data/sub_807.htm HTTP/1.1" 200 3558 "-" "Mozilla/5.0 (compatible; AhrefsBot/7.0; +http://ahrefs.com/robot/)" "ysfine.com"
160.113.0.214 - - [10/Nov/2022:07:55:10 -0800] "GET /home/ewk86.jpg HTTP/1.1" 200 188473 "https://www.google.com/" "Mozilla/5.0 (Linux; Android 10; TECNO KD7h) AppleWebKit/537.36 (KHTML, like Gecko) Chrome/106.0.0.0 Mobile Safari/537.36" "ysfine.com"
51.222.253.9 - - [10/Nov/2022:07:55:40 -0800] "GET /class54/class5470/total_data/sub_808.htm HTTP/1.1" 200 3548 "-" "Mozilla/5.0 (compatible; AhrefsBot/7.0; +http://ahrefs.com/robot/)" "ysfine.com"
40.77.167.27 - - [10/Nov/2022:07:55:54 -0800] "GET /bio/style/proschanie.html HTTP/1.1" 404 88 "-" "Mozilla/5.0 (compatible; bingbot/2.0; +http://www.bing.com/bingbot.htm)" "ysfine.com"
66.249.66.43 - - [10/Nov/2022:07:55:55 -0800] "GET /robots.txt HTTP/1.1" 404 88 "-" "Mozilla/5.0 (compatible; Googlebot/2.1; +http://www.google.com/bot.html)" "ysfine.com"
114.119.128.14 - - [10/Nov/2022:07:56:00 -0800] "GET /world/istanbul.html HTTP/1.1" 200 11361 "http://www.ysfine.com/world/cities.html" "Mozilla/5.0 (Linux; Android 7.0;) AppleWebKit/537.36 (KHTML, like Gecko) Mobile Safari/537.36 (compatible; PetalBot;+https://webmaster.petalsearch.com/site/petalbot)" "www.ysfine.com"
157.40.101.52 - - [10/Nov/2022:07:56:01 -0800] "GET /kobak/rok48.jpg HTTP/1.1" 200 149888 "-" "com.google.android.googlequicksearchbox/301212707 (Linux; U; Android 12; en_GB; SM-A217F; Build/SP1A.210812.016; Cronet/107.0.5304.36)" "ysfine.com"
40.77.167.27 - - [10/Nov/2022:07:56:14 -0800] "GET /style/abstrac.html HTTP/1.1" 200 5571 "-" "Mozilla/5.0 (compatible; bingbot/2.0; +http://www.bing.com/bingbot.htm)" "www.ysfine.com"
65.88.88.19 - - [10/Nov/2022:07:56:21 -0800] "GET /world/china/china015.jpg HTTP/1.1" 200 208572 "https://www.bing.com/" "Mozilla/5.0 (Windows NT 10.0; Win64; x64) AppleWebKit/537.36 (KHTML, like Gecko) Chrome/107.0.0.0 Safari/537.36 Edg/107.0.1418.35" "www.ysfine.com"
51.222.253.1 - - [10/Nov/2022:07:56:31 -0800] "GET /class54/class5470/total_data/sub_826.htm HTTP/1.1" 200 3558 "-" "Mozilla/5.0 (compatible; AhrefsBot/7.0; +http://ahrefs.com/robot/)" "ysfine.com"
40.86.101.165 - - [10/Nov/2022:07:56:55 -0800] "GET /friends/amgermany01b.jpg HTTP/1.1" 404 88 "http://ysfine.com/friends" "Mozilla/5.0 (X11; Linux x86_64) AppleWebKit/537.36 (KHTML, like Gecko) Chrome/74.0.3729.169 Safari/537.36" "ysfine.com"
51.222.253.9 - - [10/Nov/2022:07:57:22 -0800] "GET /class54/class5470/total_data/sub_827.htm HTTP/1.1" 200 3558 "-" "Mozilla/5.0 (compatible; AhrefsBot/7.0; +http://ahrefs.com/robot/)" "ysfine.com"
17.121.112.44 - - [10/Nov/2022:07:57:34 -0800] "GET /princeton/index.html HTTP/1.1" 200 140 "-" "Mozilla/5.0 (Macintosh; Intel Mac OS X 10_15_5) AppleWebKit/605.1.15 (KHTML, like Gecko) Version/13.1.1 Safari/605.1.15 (Applebot/0.1; +http://www.apple.com/go/applebot)" "www.ysfine.com"
40.86.101.254 - - [10/Nov/2022:07:57:46 -0800] "GET /wdc/nga07b.jpg HTTP/1.1" 200 31781 "http://ysfine.com/wdc" "Mozilla/5.0 (iPhone; CPU iPhone OS 13_5_1 like Mac OS X) AppleWebKit/605.1.15 (KHTML, like Gecko) Version/13.1.1 Mobile/15E148 Safari/604.1" "ysfine.com"
20.109.241.82 - - [10/Nov/2022:07:58:10 -0800] "GET /home/fotos/dirac1939c.jpg HTTP/1.1" 200 55599 "https://ysfine.com/home/fotos" "Mozilla/5.0 (X11; Linux x86_64) AppleWebKit/537.36 (KHTML, like Gecko) Chrome/74.0.3729.169 Safari/537.36" "ysfine.com"
51.222.253.18 - - [10/Nov/2022:07:58:11 -0800] "GET /class54/class5470/total_data/sub_828.htm HTTP/1.1" 200 3561 "-" "Mozilla/5.0 (compatible; AhrefsBot/7.0; +http://ahrefs.com/robot/)" "ysfine.com"
51.222.253.6 - - [10/Nov/2022:07:58:20 -0800] "GET /class54/class5470/total_data/img/08_smtitle31.gif HTTP/1.1" 200 1668 "-" "Mozilla/5.0 (compatible; AhrefsBot/7.0; +http://ahrefs.com/robot/)" "ysfine.com"
51.222.253.3 - - [10/Nov/2022:07:58:25 -0800] "GET /class54/class5470/total_data/photo_img/8-28.jpg HTTP/1.1" 200 205219 "-" "Mozilla/5.0 (compatible; AhrefsBot/7.0; +http://ahrefs.com/robot/)" "ysfine.com"
40.77.167.27 - - [10/Nov/2022:07:58:35 -0800] "GET /bio/world/berlin.html HTTP/1.1" 404 88 "-" "Mozilla/5.0 (compatible; bingbot/2.0; +http://www.bing.com/bingbot.htm)" "ysfine.com"
216.244.66.229 - - [10/Nov/2022:07:58:50 -0800] "GET /sbk/2013salz02.jpg HTTP/1.1" 200 200302 "-" "Mozilla/5.0 (compatible; DotBot/1.2; +https://opensiteexplorer.org/dotbot; help@moz.com)" "ysfine.com"
51.222.253.12 - - [10/Nov/2022:07:58:58 -0800] "GET /class54/class5470/total_data/sub_803.htm HTTP/1.1" 200 3571 "-" "Mozilla/5.0 (compatible; AhrefsBot/7.0; +http://ahrefs.com/robot/)" "ysfine.com"
216.244.66.229 - - [10/Nov/2022:07:59:19 -0800] "GET /style/johannstra11.jpg HTTP/1.1" 200 147737 "-" "Mozilla/5.0 (compatible; DotBot/1.2; +https://opensiteexplorer.org/dotbot; help@moz.com)" "ysfine.com"
157.55.39.129 - - [10/Nov/2022:07:59:41 -0800] "GET /bio/eink/buythisbook.html HTTP/1.1" 404 88 "-" "Mozilla/5.0 (compatible; bingbot/2.0; +http://www.bing.com/bingbot.htm)" "ysfine.com"
51.222.253.8 - - [10/Nov/2022:07:59:44 -0800] "GET /class54/class5470/total_data/sub_830.htm HTTP/1.1" 200 3561 "-" "Mozilla/5.0 (compatible; AhrefsBot/7.0; +http://ahrefs.com/robot/)" "ysfine.com"
82.132.228.186 - - [10/Nov/2022:08:00:20 -0800] "GET /dirac/wigsis.html HTTP/1.1" 200 10275 "https://www.google.com/" "Mozilla/5.0 (Windows NT 10.0; Win64; x64) AppleWebKit/537.36 (KHTML, like Gecko) Chrome/107.0.0.0 Safari/537.36" "ysfine.com"
82.132.228.186 - - [10/Nov/2022:08:00:21 -0800] "GET /dirac/wigsis22.jpg HTTP/1.1" 200 39975 "https://ysfine.com/dirac/wigsis.html" "Mozilla/5.0 (Windows NT 10.0; Win64; x64) AppleWebKit/537.36 (KHTML, like Gecko) Chrome/107.0.0.0 Safari/537.36" "ysfine.com"
82.132.228.186 - - [10/Nov/2022:08:00:21 -0800] "GET /dirac/dirac63b.jpg HTTP/1.1" 200 41617 "https://ysfine.com/dirac/wigsis.html" "Mozilla/5.0 (Windows NT 10.0; Win64; x64) AppleWebKit/537.36 (KHTML, like Gecko) Chrome/107.0.0.0 Safari/537.36" "ysfine.com"
82.132.228.186 - - [10/Nov/2022:08:00:21 -0800] "GET /dirac/dirwig33b.jpg HTTP/1.1" 200 11663 "https://ysfine.com/dirac/wigsis.html" "Mozilla/5.0 (Windows NT 10.0; Win64; x64) AppleWebKit/537.36 (KHTML, like Gecko) Chrome/107.0.0.0 Safari/537.36" "ysfine.com"
82.132.228.186 - - [10/Nov/2022:08:00:21 -0800] "GET /dirac/hazi22.jpg HTTP/1.1" 200 37344 "https://ysfine.com/dirac/wigsis.html" "Mozilla/5.0 (Windows NT 10.0; Win64; x64) AppleWebKit/537.36 (KHTML, like Gecko) Chrome/107.0.0.0 Safari/537.36" "ysfine.com"
82.132.228.186 - - [10/Nov/2022:08:00:21 -0800] "GET /princeton/annex11b.jpg HTTP/1.1" 200 39639 "https://ysfine.com/dirac/wigsis.html" "Mozilla/5.0 (Windows NT 10.0; Win64; x64) AppleWebKit/537.36 (KHTML, like Gecko) Chrome/107.0.0.0 Safari/537.36" "ysfine.com"
82.132.228.186 - - [10/Nov/2022:08:00:21 -0800] "GET /dirac/dirac84b.jpg HTTP/1.1" 200 42763 "https://ysfine.com/dirac/wigsis.html" "Mozilla/5.0 (Windows NT 10.0; Win64; x64) AppleWebKit/537.36 (KHTML, like Gecko) Chrome/107.0.0.0 Safari/537.36" "ysfine.com"
82.132.228.186 - - [10/Nov/2022:08:00:21 -0800] "GET /feynman/feydirac270.jpg HTTP/1.1" 200 59000 "https://ysfine.com/dirac/wigsis.html" "Mozilla/5.0 (Windows NT 10.0; Win64; x64) AppleWebKit/537.36 (KHTML, like Gecko) Chrome/107.0.0.0 Safari/537.36" "ysfine.com"
82.132.228.186 - - [10/Nov/2022:08:00:21 -0800] "GET /world/poland/jablo08b.jpg HTTP/1.1" 200 42070 "https://ysfine.com/dirac/wigsis.html" "Mozilla/5.0 (Windows NT 10.0; Win64; x64) AppleWebKit/537.36 (KHTML, like Gecko) Chrome/107.0.0.0 Safari/537.36" "ysfine.com"
82.132.228.186 - - [10/Nov/2022:08:00:21 -0800] "GET /dirac/michaels22.jpg HTTP/1.1" 200 47473 "https://ysfine.com/dirac/wigsis.html" "Mozilla/5.0 (Windows NT 10.0; Win64; x64) AppleWebKit/537.36 (KHTML, like Gecko) Chrome/107.0.0.0 Safari/537.36" "ysfine.com"
82.132.228.186 - - [10/Nov/2022:08:00:21 -0800] "GET /world/poland/jablo01b.jpg HTTP/1.1" 200 39801 "https://ysfine.com/dirac/wigsis.html" "Mozilla/5.0 (Windows NT 10.0; Win64; x64) AppleWebKit/537.36 (KHTML, like Gecko) Chrome/107.0.0.0 Safari/537.36" "ysfine.com"
82.132.228.186 - - [10/Nov/2022:08:00:21 -0800] "GET /dirac/jablo62b.jpg HTTP/1.1" 200 42817 "https://ysfine.com/dirac/wigsis.html" "Mozilla/5.0 (Windows NT 10.0; Win64; x64) AppleWebKit/537.36 (KHTML, like Gecko) Chrome/107.0.0.0 Safari/537.36" "ysfine.com"
82.132.228.186 - - [10/Nov/2022:08:00:21 -0800] "GET /dirac/dirackim6202.jpg HTTP/1.1" 200 51465 "https://ysfine.com/dirac/wigsis.html" "Mozilla/5.0 (Windows NT 10.0; Win64; x64) AppleWebKit/537.36 (KHTML, like Gecko) Chrome/107.0.0.0 Safari/537.36" "ysfine.com"
