216.244.66.229 - - [10/Nov/2022:09:17:24 -0800] "GET /world/russ/mosmusic32.jpg HTTP/1.1" 200 101584 "-" "Mozilla/5.0 (compatible; DotBot/1.2; +https://opensiteexplorer.org/dotbot; help@moz.com)" "ysfine.com"
20.106.24.246 - - [10/Nov/2022:09:17:33 -0800] "GET /maga/phil/threewise01b.jpg HTTP/1.1" 200 51219 "http://ysfine.com/maga/phil" "Mozilla/5.0 (Linux; Android 10; SM-G960U) AppleWebKit/537.36 (KHTML, like Gecko) Chrome/88.0.4324.181 Mobile Safari/537.36" "ysfine.com"
20.109.241.98 - - [10/Nov/2022:09:17:50 -0800] "GET /world/france/notre01b.jpg HTTP/1.1" 200 35673 "https://ysfine.com/world/france" "Mozilla/5.0 (Macintosh; Intel Mac OS X 10_11_6) AppleWebKit/605.1.15 (KHTML, like Gecko) Version/11.1.2 Safari/605.1.15" "ysfine.com"
13.67.224.14 - - [10/Nov/2022:09:17:50 -0800] "GET /world/ital/venice08b.jpg HTTP/1.1" 200 46180 "http://ysfine.com/world/ital" "Mozilla/5.0 (Macintosh; Intel Mac OS X 10_11_6) AppleWebKit/605.1.15 (KHTML, like Gecko) Version/11.1.2 Safari/605.1.15" "ysfine.com"
216.244.66.229 - - [10/Nov/2022:09:18:32 -0800] "GET /kobak/sonja11.jpg HTTP/1.1" 200 46801 "-" "Mozilla/5.0 (compatible; DotBot/1.2; +https://opensiteexplorer.org/dotbot; help@moz.com)" "ysfine.com"
40.77.167.71 - - [10/Nov/2022:09:18:42 -0800] "GET /ysbio/folks/uscan.html HTTP/1.1" 404 88 "-" "Mozilla/5.0 (compatible; bingbot/2.0; +http://www.bing.com/bingbot.htm)" "ysfine.com"
207.46.13.128 - - [10/Nov/2022:09:18:47 -0800] "GET /bio/dirac/locovar.html HTTP/1.1" 404 88 "-" "Mozilla/5.0 (compatible; bingbot/2.0; +http://www.bing.com/bingbot.htm)" "ysfine.com"
216.244.66.229 - - [10/Nov/2022:09:19:06 -0800] "GET /kobak/underw02.jpg HTTP/1.1" 200 61728 "-" "Mozilla/5.0 (compatible; DotBot/1.2; +https://opensiteexplorer.org/dotbot; help@moz.com)" "ysfine.com"
40.122.230.188 - - [10/Nov/2022:09:19:06 -0800] "GET /world/ital/bologr10b.jpg HTTP/1.1" 200 48602 "https://ysfine.com/world/ital" "Mozilla/5.0 (X11; Linux x86_64) AppleWebKit/537.36 (KHTML, like Gecko) Chrome/74.0.3729.169 Safari/537.36" "ysfine.com"
216.244.66.229 - - [10/Nov/2022:09:19:37 -0800] "GET /people/kocinski.jpg HTTP/1.1" 200 81177 "-" "Mozilla/5.0 (compatible; DotBot/1.2; +https://opensiteexplorer.org/dotbot; help@moz.com)" "ysfine.com"
40.77.51.81 - - [10/Nov/2022:09:19:49 -0800] "GET /sbk/1995orleans55b.jpg HTTP/1.1" 404 88 "http://ysfine.com/sbk" "Mozilla/5.0 (Windows NT 10.0; Win64; x64) AppleWebKit/537.36 (KHTML, like Gecko) Chrome/74.0.3729.157 Safari/537.36" "ysfine.com"
20.29.110.168 - - [10/Nov/2022:09:19:55 -0800] "GET /style/music/hunband01b.jpg HTTP/1.1" 200 46280 "http://ysfine.com/style/music" "Mozilla/5.0 (Linux; Android 10; SM-G960U) AppleWebKit/537.36 (KHTML, like Gecko) Chrome/88.0.4324.181 Mobile Safari/537.36" "ysfine.com"
157.55.39.76 - - [10/Nov/2022:09:20:05 -0800] "GET /bio/style/artlove.html HTTP/1.1" 404 88 "-" "Mozilla/5.0 (compatible; bingbot/2.0; +http://www.bing.com/bingbot.htm)" "ysfine.com"
66.249.66.43 - - [10/Nov/2022:09:20:22 -0800] "GET /maga/phys/yukafeyn.jpg HTTP/1.1" 304 - "-" "Googlebot-Image/1.0" "ysfine.com"
216.244.66.229 - - [10/Nov/2022:09:20:27 -0800] "GET /sbk/2001toledo11.jpg HTTP/1.1" 200 210588 "-" "Mozilla/5.0 (compatible; DotBot/1.2; +https://opensiteexplorer.org/dotbot; help@moz.com)" "ysfine.com"
77.88.5.45 - - [10/Nov/2022:09:20:33 -0800] "GET /wigner/neum/ymath.jpg HTTP/1.1" 304 - "-" "Mozilla/5.0 (compatible; YandexImages/3.0; +http://yandex.com/bots)" "ysfine.com"
93.158.161.46 - - [10/Nov/2022:09:20:36 -0800] "GET /wigner/neum/pvn02.jpg HTTP/1.1" 200 76348 "-" "Mozilla/5.0 (compatible; YandexImages/3.0; +http://yandex.com/bots)" "ysfine.com"
20.29.110.168 - - [10/Nov/2022:09:20:39 -0800] "GET /world/ital/flor031b.jpg HTTP/1.1" 200 40386 "https://ysfine.com/world/ital" "Mozilla/5.0 (Windows NT 10.0; Win64; x64) AppleWebKit/537.36 (KHTML, like Gecko) Chrome/74.0.3729.157 Safari/537.36" "ysfine.com"
20.191.45.212 - - [10/Nov/2022:09:21:14 -0800] "GET / HTTP/1.1" 200 5283 "https://www.ysfine.com/" "Mozilla/5.0 (compatible; DuckDuckGo-Favicons-Bot/1.0; +http://duckduckgo.com)" "www.ysfine.com"
20.191.45.212 - - [10/Nov/2022:09:21:14 -0800] "GET /favicon.ico HTTP/1.1" 404 88 "https://www.ysfine.com/favicon.ico" "Mozilla/5.0 (compatible; DuckDuckGo-Favicons-Bot/1.0; +http://duckduckgo.com)" "www.ysfine.com"
20.191.45.212 - - [10/Nov/2022:09:21:14 -0800] "GET /favicon.ico HTTP/1.1" 404 88 "https://www.ysfine.com/favicon.ico" "Mozilla/5.0 (compatible; DuckDuckGo-Favicons-Bot/1.0; +http://duckduckgo.com)" "www.ysfine.com"
216.244.66.229 - - [10/Nov/2022:09:21:16 -0800] "GET /sbk/2004fra11.jpg HTTP/1.1" 200 264008 "-" "Mozilla/5.0 (compatible; DotBot/1.2; +https://opensiteexplorer.org/dotbot; help@moz.com)" "ysfine.com"
185.191.171.42 - - [10/Nov/2022:09:21:18 -0800] "GET /ysbio/eink/mose.html HTTP/1.1" 404 88 "-" "Mozilla/5.0 (compatible; SemrushBot/7~bl; +http://www.semrush.com/bot.html)" "www.ysfine.com"
17.121.115.205 - - [10/Nov/2022:09:21:23 -0800] "GET /home/hmtop.html HTTP/1.1" 200 452 "https://ysfine.com/home/" "Mozilla/5.0 (Macintosh; Intel Mac OS X 10_15_5) AppleWebKit/605.1.15 (KHTML, like Gecko) Version/13.1.1 Safari/605.1.15 (Applebot/0.1; +http://www.apple.com/go/applebot)" "ysfine.com"
17.121.113.238 - - [10/Nov/2022:09:21:24 -0800] "GET /home/hmbot.html HTTP/1.1" 200 132 "https://ysfine.com/home/" "Mozilla/5.0 (Macintosh; Intel Mac OS X 10_15_5) AppleWebKit/605.1.15 (KHTML, like Gecko) Version/13.1.1 Safari/605.1.15 (Applebot/0.1; +http://www.apple.com/go/applebot)" "ysfine.com"
17.121.115.205 - - [10/Nov/2022:09:21:24 -0800] "GET /home/hmleft.html HTTP/1.1" 200 861 "https://ysfine.com/home/hmbot.html" "Mozilla/5.0 (Macintosh; Intel Mac OS X 10_15_5) AppleWebKit/605.1.15 (KHTML, like Gecko) Version/13.1.1 Safari/605.1.15 (Applebot/0.1; +http://www.apple.com/go/applebot)" "ysfine.com"
17.121.113.238 - - [10/Nov/2022:09:21:25 -0800] "GET /home/hmrigh.html HTTP/1.1" 200 4214 "https://ysfine.com/home/hmbot.html" "Mozilla/5.0 (Macintosh; Intel Mac OS X 10_15_5) AppleWebKit/605.1.15 (KHTML, like Gecko) Version/13.1.1 Safari/605.1.15 (Applebot/0.1; +http://www.apple.com/go/applebot)" "ysfine.com"
77.88.5.45 - - [10/Nov/2022:09:21:42 -0800] "GET /wigner/neum/pvn02.jpg HTTP/1.1" 304 - "-" "Mozilla/5.0 (compatible; YandexImages/3.0; +http://yandex.com/bots)" "www.ysfine.com"
216.244.66.229 - - [10/Nov/2022:09:22:06 -0800] "GET /wdc/vietwar11.jpg HTTP/1.1" 200 117473 "-" "Mozilla/5.0 (compatible; DotBot/1.2; +https://opensiteexplorer.org/dotbot; help@moz.com)" "ysfine.com"
40.122.227.200 - - [10/Nov/2022:09:22:40 -0800] "GET /newyork/carnegie02c.jpg HTTP/1.1" 200 35684 "https://ysfine.com/newyork" "Mozilla/5.0 (iPhone; CPU iPhone OS 13_5_1 like Mac OS X) AppleWebKit/605.1.15 (KHTML, like Gecko) Version/13.1.1 Mobile/15E148 Safari/604.1" "ysfine.com"
157.55.39.129 - - [10/Nov/2022:09:22:49 -0800] "GET /ysbio/folks/latinam.html HTTP/1.1" 404 88 "-" "Mozilla/5.0 AppleWebKit/537.36 (KHTML, like Gecko; compatible; bingbot/2.0; +http://www.bing.com/bingbot.htm) Chrome/103.0.5060.134 Safari/537.36" "ysfine.com"
77.88.5.43 - - [10/Nov/2022:09:22:57 -0800] "GET /wdc/whx12.html HTTP/1.1" 200 1590 "-" "Mozilla/5.0 (compatible; YandexBot/3.0; +http://yandex.com/bots)" "www.ysfine.com"
184.177.118.116 - - [10/Nov/2022:09:22:58 -0800] "GET /maga/phys/schrod11b.jpg HTTP/1.1" 200 36796 "https://www.google.com/" "Mozilla/5.0 (X11; CrOS x86_64 15054.98.0) AppleWebKit/537.36 (KHTML, like Gecko) Chrome/106.0.0.0 Safari/537.36" "ysfine.com"
40.77.51.85 - - [10/Nov/2022:09:23:26 -0800] "GET /world/poland/polnobel01b.jpg HTTP/1.1" 200 42634 "https://ysfine.com/world/poland" "Mozilla/5.0 (iPhone; CPU iPhone OS 13_5_1 like Mac OS X) AppleWebKit/605.1.15 (KHTML, like Gecko) Version/13.1.1 Mobile/15E148 Safari/604.1" "ysfine.com"
77.75.77.109 - - [10/Nov/2022:09:24:49 -0800] "GET /robots.txt HTTP/1.1" 404 88 "-" "Mozilla/5.0 (compatible; SeznamBot/3.2; +http://napoveda.seznam.cz/en/seznambot-intro/)" "ysfine.com"
77.75.77.109 - - [10/Nov/2022:09:24:51 -0800] "GET /world/baltic/tallin80f.jpg HTTP/1.1" 304 - "-" "Mozilla/5.0 (compatible; SeznamBot/3.2; +http://napoveda.seznam.cz/en/seznambot-intro/)" "ysfine.com"
216.244.66.229 - - [10/Nov/2022:09:24:51 -0800] "GET /einstein/pics/minsk21.jpg HTTP/1.1" 200 98128 "-" "Mozilla/5.0 (compatible; DotBot/1.2; +https://opensiteexplorer.org/dotbot; help@moz.com)" "ysfine.com"
77.75.77.109 - - [10/Nov/2022:09:24:52 -0800] "GET /philo/keigel11g.jpg HTTP/1.1" 304 - "-" "Mozilla/5.0 (compatible; SeznamBot/3.2; +http://napoveda.seznam.cz/en/seznambot-intro/)" "ysfine.com"
77.75.77.109 - - [10/Nov/2022:09:24:52 -0800] "GET /philo/comet77f.jpg HTTP/1.1" 304 - "-" "Mozilla/5.0 (compatible; SeznamBot/3.2; +http://napoveda.seznam.cz/en/seznambot-intro/)" "ysfine.com"
207.46.13.128 - - [10/Nov/2022:09:25:08 -0800] "GET /bio/wigner/e(2).html HTTP/1.1" 404 88 "-" "Mozilla/5.0 AppleWebKit/537.36 (KHTML, like Gecko; compatible; bingbot/2.0; +http://www.bing.com/bingbot.htm) Chrome/103.0.5060.134 Safari/537.36" "ysfine.com"
94.194.202.186 - - [10/Nov/2022:09:25:41 -0800] "GET /kowar/tanks/tank21.jpg HTTP/1.1" 200 52329 "https://www.google.com/" "Mozilla/5.0 (Windows NT 10.0; Win64; x64) AppleWebKit/537.36 (KHTML, like Gecko) Chrome/107.0.0.0 Safari/537.36" "ysfine.com"
216.244.66.229 - - [10/Nov/2022:09:25:41 -0800] "GET /maga/phys/sommerfeld11.jpg HTTP/1.1" 200 57843 "-" "Mozilla/5.0 (compatible; DotBot/1.2; +https://opensiteexplorer.org/dotbot; help@moz.com)" "ysfine.com"
94.194.202.186 - - [10/Nov/2022:09:25:42 -0800] "GET /kowar/tanks/tank22.jpg HTTP/1.1" 200 85692 "https://www.google.com/" "Mozilla/5.0 (Windows NT 10.0; Win64; x64) AppleWebKit/537.36 (KHTML, like Gecko) Chrome/107.0.0.0 Safari/537.36" "ysfine.com"
40.122.230.190 - - [10/Nov/2022:09:25:53 -0800] "GET /world/baltic/kalin02b.jpg HTTP/1.1" 200 46051 "http://ysfine.com/world/baltic" "Mozilla/5.0 (Linux; Android 10; SM-G960U) AppleWebKit/537.36 (KHTML, like Gecko) Chrome/88.0.4324.181 Mobile Safari/537.36" "ysfine.com"
40.122.230.190 - - [10/Nov/2022:09:25:55 -0800] "GET /einstein/einglaub01c.jpg HTTP/1.1" 200 36935 "https://www.ysfine.com/einstein" "Mozilla/5.0 (Macintosh; Intel Mac OS X 10_11_6) AppleWebKit/605.1.15 (KHTML, like Gecko) Version/11.1.2 Safari/605.1.15" "www.ysfine.com"
216.244.66.229 - - [10/Nov/2022:09:26:15 -0800] "GET /world/france/luxem07.jpg HTTP/1.1" 200 132939 "-" "Mozilla/5.0 (compatible; DotBot/1.2; +https://opensiteexplorer.org/dotbot; help@moz.com)" "ysfine.com"
216.244.66.229 - - [10/Nov/2022:09:27:05 -0800] "GET /world/france/picassomp06.jpg HTTP/1.1" 200 119124 "-" "Mozilla/5.0 (compatible; DotBot/1.2; +https://opensiteexplorer.org/dotbot; help@moz.com)" "ysfine.com"
124.223.197.157 - - [10/Nov/2022:09:27:11 -0800] "GET / HTTP/1.1" 200 5283 "-" "Mozilla/5.0 (Linux; Android 6.0; Nexus 5 Build/MRA58N) AppleWebKit/537.36 (KHTML, like Gecko) Chrome/81.0.4044.138 Mobile Safari/537.36" "ysfine.com"
124.223.197.157 - - [10/Nov/2022:09:27:24 -0800] "GET / HTTP/1.1" 200 5283 "-" "Mozilla/5.0 (Linux; Android 6.0; Nexus 5 Build/MRA58N) AppleWebKit/537.36 (KHTML, like Gecko) Chrome/81.0.4044.138 Mobile Safari/537.36" "ysfine.com"
40.86.101.254 - - [10/Nov/2022:09:27:27 -0800] "GET /einstein/newtwig11a.jpg HTTP/1.1" 200 62939 "http://ysfine.com/einstein" "Mozilla/5.0 (Linux; Android 10; SM-G960U) AppleWebKit/537.36 (KHTML, like Gecko) Chrome/88.0.4324.181 Mobile Safari/537.36" "ysfine.com"
135.181.79.106 - - [10/Nov/2022:09:27:34 -0800] "GET /robots.txt HTTP/1.1" 404 73 "-" "Mozilla/5.0 (compatible; MJ12bot/v1.4.8; http://mj12bot.com/)" "ysfine.com"
135.181.79.106 - - [10/Nov/2022:09:27:36 -0800] "GET /ysbio/class54/class5480/Pictures/1.%C3%AC%C2%A0%C2%91%C3%AC%C2%88%C2%98%C3%AB%C2%B0%C2%8F%C3%AD%C2%99%C2%98%C3%AB%C2%8B%C2%B4/%C3%AC%C2%A0%C2%91%C3%AC%C2%88%C2%98%C3%AB%C2%B0%C2%8F%C3%AD%C2%99%C2%98%C3%AB%C2%8B%C2%B4%20(10).jpg HTTP/1.1" 404 88 "-" "Mozilla/5.0 (compatible; MJ12bot/v1.4.8; http://mj12bot.com/)" "ysfine.com"
135.181.79.106 - - [10/Nov/2022:09:27:37 -0800] "GET /ysbio/class54/class5480/Pictures/1.%C3%AC%C2%A0%C2%91%C3%AC%C2%88%C2%98%C3%AB%C2%B0%C2%8F%C3%AD%C2%99%C2%98%C3%AB%C2%8B%C2%B4/%C3%AC%C2%A0%C2%91%C3%AC%C2%88%C2%98%C3%AB%C2%B0%C2%8F%C3%AD%C2%99%C2%98%C3%AB%C2%8B%C2%B4%20(11).jpg HTTP/1.1" 404 88 "-" "Mozilla/5.0 (compatible; MJ12bot/v1.4.8; http://mj12bot.com/)" "ysfine.com"
135.181.79.106 - - [10/Nov/2022:09:27:39 -0800] "GET /ysbio/class54/class5480/Pictures/1.%C3%AC%C2%A0%C2%91%C3%AC%C2%88%C2%98%C3%AB%C2%B0%C2%8F%C3%AD%C2%99%C2%98%C3%AB%C2%8B%C2%B4/%C3%AC%C2%A0%C2%91%C3%AC%C2%88%C2%98%C3%AB%C2%B0%C2%8F%C3%AD%C2%99%C2%98%C3%AB%C2%8B%C2%B4%20(12).jpg HTTP/1.1" 404 88 "-" "Mozilla/5.0 (compatible; MJ12bot/v1.4.8; http://mj12bot.com/)" "ysfine.com"
135.181.79.106 - - [10/Nov/2022:09:27:41 -0800] "GET /ysbio/class54/class5480/Pictures/1.%C3%AC%C2%A0%C2%91%C3%AC%C2%88%C2%98%C3%AB%C2%B0%C2%8F%C3%AD%C2%99%C2%98%C3%AB%C2%8B%C2%B4/%C3%AC%C2%A0%C2%91%C3%AC%C2%88%C2%98%C3%AB%C2%B0%C2%8F%C3%AD%C2%99%C2%98%C3%AB%C2%8B%C2%B4%20(13).jpg HTTP/1.1" 404 88 "-" "Mozilla/5.0 (compatible; MJ12bot/v1.4.8; http://mj12bot.com/)" "ysfine.com"
216.244.66.229 - - [10/Nov/2022:09:27:43 -0800] "GET /world/france/picassomp16.jpg HTTP/1.1" 200 72159 "-" "Mozilla/5.0 (compatible; DotBot/1.2; +https://opensiteexplorer.org/dotbot; help@moz.com)" "ysfine.com"
135.181.79.106 - - [10/Nov/2022:09:27:43 -0800] "GET /ysbio/class54/class5480/Pictures/1.%C3%AC%C2%A0%C2%91%C3%AC%C2%88%C2%98%C3%AB%C2%B0%C2%8F%C3%AD%C2%99%C2%98%C3%AB%C2%8B%C2%B4/%C3%AC%C2%A0%C2%91%C3%AC%C2%88%C2%98%C3%AB%C2%B0%C2%8F%C3%AD%C2%99%C2%98%C3%AB%C2%8B%C2%B4%20(14).jpg HTTP/1.1" 404 88 "-" "Mozilla/5.0 (compatible; MJ12bot/v1.4.8; http://mj12bot.com/)" "ysfine.com"
135.181.79.106 - - [10/Nov/2022:09:27:45 -0800] "GET /ysbio/class54/class5480/Pictures/1.%C3%AC%C2%A0%C2%91%C3%AC%C2%88%C2%98%C3%AB%C2%B0%C2%8F%C3%AD%C2%99%C2%98%C3%AB%C2%8B%C2%B4/%C3%AC%C2%A0%C2%91%C3%AC%C2%88%C2%98%C3%AB%C2%B0%C2%8F%C3%AD%C2%99%C2%98%C3%AB%C2%8B%C2%B4%20(15).jpg HTTP/1.1" 404 88 "-" "Mozilla/5.0 (compatible; MJ12bot/v1.4.8; http://mj12bot.com/)" "ysfine.com"
124.223.197.157 - - [10/Nov/2022:09:27:45 -0800] "GET / HTTP/1.1" 200 5283 "-" "Mozilla/5.0 (Linux; Android 6.0; Nexus 5 Build/MRA58N) AppleWebKit/537.36 (KHTML, like Gecko) Chrome/81.0.4044.138 Mobile Safari/537.36" "ysfine.com"
135.181.79.106 - - [10/Nov/2022:09:27:47 -0800] "GET /ysbio/class54/class5480/Pictures/1.%C3%AC%C2%A0%C2%91%C3%AC%C2%88%C2%98%C3%AB%C2%B0%C2%8F%C3%AD%C2%99%C2%98%C3%AB%C2%8B%C2%B4/%C3%AC%C2%A0%C2%91%C3%AC%C2%88%C2%98%C3%AB%C2%B0%C2%8F%C3%AD%C2%99%C2%98%C3%AB%C2%8B%C2%B4%20(16).jpg HTTP/1.1" 404 88 "-" "Mozilla/5.0 (compatible; MJ12bot/v1.4.8; http://mj12bot.com/)" "ysfine.com"
135.181.79.106 - - [10/Nov/2022:09:27:49 -0800] "GET /ysbio/class54/class5480/Pictures/1.%C3%AC%C2%A0%C2%91%C3%AC%C2%88%C2%98%C3%AB%C2%B0%C2%8F%C3%AD%C2%99%C2%98%C3%AB%C2%8B%C2%B4/%C3%AC%C2%A0%C2%91%C3%AC%C2%88%C2%98%C3%AB%C2%B0%C2%8F%C3%AD%C2%99%C2%98%C3%AB%C2%8B%C2%B4%20(17).jpg HTTP/1.1" 404 88 "-" "Mozilla/5.0 (compatible; MJ12bot/v1.4.8; http://mj12bot.com/)" "ysfine.com"
135.181.79.106 - - [10/Nov/2022:09:27:50 -0800] "GET /ysbio/class54/class5480/Pictures/1.%C3%AC%C2%A0%C2%91%C3%AC%C2%88%C2%98%C3%AB%C2%B0%C2%8F%C3%AD%C2%99%C2%98%C3%AB%C2%8B%C2%B4/%C3%AC%C2%A0%C2%91%C3%AC%C2%88%C2%98%C3%AB%C2%B0%C2%8F%C3%AD%C2%99%C2%98%C3%AB%C2%8B%C2%B4%20(18).jpg HTTP/1.1" 404 88 "-" "Mozilla/5.0 (compatible; MJ12bot/v1.4.8; http://mj12bot.com/)" "ysfine.com"
135.181.79.106 - - [10/Nov/2022:09:27:52 -0800] "GET /ysbio/class54/class5480/Pictures/1.%C3%AC%C2%A0%C2%91%C3%AC%C2%88%C2%98%C3%AB%C2%B0%C2%8F%C3%AD%C2%99%C2%98%C3%AB%C2%8B%C2%B4/%C3%AC%C2%A0%C2%91%C3%AC%C2%88%C2%98%C3%AB%C2%B0%C2%8F%C3%AD%C2%99%C2%98%C3%AB%C2%8B%C2%B4%20(19).jpg HTTP/1.1" 404 88 "-" "Mozilla/5.0 (compatible; MJ12bot/v1.4.8; http://mj12bot.com/)" "ysfine.com"
135.181.79.106 - - [10/Nov/2022:09:27:54 -0800] "GET /ysbio/class54/class5480/Pictures/1.%C3%AC%C2%A0%C2%91%C3%AC%C2%88%C2%98%C3%AB%C2%B0%C2%8F%C3%AD%C2%99%C2%98%C3%AB%C2%8B%C2%B4/%C3%AC%C2%A0%C2%91%C3%AC%C2%88%C2%98%C3%AB%C2%B0%C2%8F%C3%AD%C2%99%C2%98%C3%AB%C2%8B%C2%B4%20(2).jpg HTTP/1.1" 404 88 "-" "Mozilla/5.0 (compatible; MJ12bot/v1.4.8; http://mj12bot.com/)" "ysfine.com"
135.181.79.106 - - [10/Nov/2022:09:27:56 -0800] "GET /ysbio/class54/class5480/Pictures/1.%C3%AC%C2%A0%C2%91%C3%AC%C2%88%C2%98%C3%AB%C2%B0%C2%8F%C3%AD%C2%99%C2%98%C3%AB%C2%8B%C2%B4/%C3%AC%C2%A0%C2%91%C3%AC%C2%88%C2%98%C3%AB%C2%B0%C2%8F%C3%AD%C2%99%C2%98%C3%AB%C2%8B%C2%B4%20(20).jpg HTTP/1.1" 404 88 "-" "Mozilla/5.0 (compatible; MJ12bot/v1.4.8; http://mj12bot.com/)" "ysfine.com"
135.181.79.106 - - [10/Nov/2022:09:27:58 -0800] "GET /ysbio/class54/class5480/Pictures/1.%C3%AC%C2%A0%C2%91%C3%AC%C2%88%C2%98%C3%AB%C2%B0%C2%8F%C3%AD%C2%99%C2%98%C3%AB%C2%8B%C2%B4/%C3%AC%C2%A0%C2%91%C3%AC%C2%88%C2%98%C3%AB%C2%B0%C2%8F%C3%AD%C2%99%C2%98%C3%AB%C2%8B%C2%B4%20(21).jpg HTTP/1.1" 404 88 "-" "Mozilla/5.0 (compatible; MJ12bot/v1.4.8; http://mj12bot.com/)" "ysfine.com"
135.181.79.106 - - [10/Nov/2022:09:28:00 -0800] "GET /ysbio/class54/class5480/Pictures/1.%C3%AC%C2%A0%C2%91%C3%AC%C2%88%C2%98%C3%AB%C2%B0%C2%8F%C3%AD%C2%99%C2%98%C3%AB%C2%8B%C2%B4/%C3%AC%C2%A0%C2%91%C3%AC%C2%88%C2%98%C3%AB%C2%B0%C2%8F%C3%AD%C2%99%C2%98%C3%AB%C2%8B%C2%B4%20(22).jpg HTTP/1.1" 404 88 "-" "Mozilla/5.0 (compatible; MJ12bot/v1.4.8; http://mj12bot.com/)" "ysfine.com"
135.181.79.106 - - [10/Nov/2022:09:28:02 -0800] "GET /ysbio/class54/class5480/Pictures/1.%C3%AC%C2%A0%C2%91%C3%AC%C2%88%C2%98%C3%AB%C2%B0%C2%8F%C3%AD%C2%99%C2%98%C3%AB%C2%8B%C2%B4/%C3%AC%C2%A0%C2%91%C3%AC%C2%88%C2%98%C3%AB%C2%B0%C2%8F%C3%AD%C2%99%C2%98%C3%AB%C2%8B%C2%B4%20(23).jpg HTTP/1.1" 404 88 "-" "Mozilla/5.0 (compatible; MJ12bot/v1.4.8; http://mj12bot.com/)" "ysfine.com"
43.143.60.88 - - [10/Nov/2022:09:28:03 -0800] "GET / HTTP/1.1" 200 5283 "-" "Mozilla/5.0 (Linux; Android 6.0; Nexus 5 Build/MRA58N) AppleWebKit/537.36 (KHTML, like Gecko) Chrome/81.0.4044.138 Mobile Safari/537.36" "ysfine.com"
135.181.79.106 - - [10/Nov/2022:09:28:04 -0800] "GET /ysbio/class54/class5480/Pictures/1.%C3%AC%C2%A0%C2%91%C3%AC%C2%88%C2%98%C3%AB%C2%B0%C2%8F%C3%AD%C2%99%C2%98%C3%AB%C2%8B%C2%B4/%C3%AC%C2%A0%C2%91%C3%AC%C2%88%C2%98%C3%AB%C2%B0%C2%8F%C3%AD%C2%99%C2%98%C3%AB%C2%8B%C2%B4%20(24).jpg HTTP/1.1" 404 88 "-" "Mozilla/5.0 (compatible; MJ12bot/v1.4.8; http://mj12bot.com/)" "ysfine.com"
135.181.79.106 - - [10/Nov/2022:09:28:06 -0800] "GET /ysbio/class54/class5480/Pictures/1.%C3%AC%C2%A0%C2%91%C3%AC%C2%88%C2%98%C3%AB%C2%B0%C2%8F%C3%AD%C2%99%C2%98%C3%AB%C2%8B%C2%B4/%C3%AC%C2%A0%C2%91%C3%AC%C2%88%C2%98%C3%AB%C2%B0%C2%8F%C3%AD%C2%99%C2%98%C3%AB%C2%8B%C2%B4%20(25).jpg HTTP/1.1" 404 88 "-" "Mozilla/5.0 (compatible; MJ12bot/v1.4.8; http://mj12bot.com/)" "ysfine.com"
157.55.39.76 - - [10/Nov/2022:09:28:07 -0800] "GET /bio/harmoarchi.html HTTP/1.1" 404 88 "-" "Mozilla/5.0 (compatible; bingbot/2.0; +http://www.bing.com/bingbot.htm)" "ysfine.com"
135.181.79.106 - - [10/Nov/2022:09:28:08 -0800] "GET /ysbio/class54/class5480/Pictures/1.%C3%AC%C2%A0%C2%91%C3%AC%C2%88%C2%98%C3%AB%C2%B0%C2%8F%C3%AD%C2%99%C2%98%C3%AB%C2%8B%C2%B4/%C3%AC%C2%A0%C2%91%C3%AC%C2%88%C2%98%C3%AB%C2%B0%C2%8F%C3%AD%C2%99%C2%98%C3%AB%C2%8B%C2%B4%20(26).jpg HTTP/1.1" 404 88 "-" "Mozilla/5.0 (compatible; MJ12bot/v1.4.8; http://mj12bot.com/)" "ysfine.com"
135.181.79.106 - - [10/Nov/2022:09:28:10 -0800] "GET /ysbio/class54/class5480/Pictures/1.%C3%AC%C2%A0%C2%91%C3%AC%C2%88%C2%98%C3%AB%C2%B0%C2%8F%C3%AD%C2%99%C2%98%C3%AB%C2%8B%C2%B4/%C3%AC%C2%A0%C2%91%C3%AC%C2%88%C2%98%C3%AB%C2%B0%C2%8F%C3%AD%C2%99%C2%98%C3%AB%C2%8B%C2%B4%20(27).jpg HTTP/1.1" 404 88 "-" "Mozilla/5.0 (compatible; MJ12bot/v1.4.8; http://mj12bot.com/)" "ysfine.com"
135.181.79.106 - - [10/Nov/2022:09:28:12 -0800] "GET /ysbio/class54/class5480/Pictures/1.%C3%AC%C2%A0%C2%91%C3%AC%C2%88%C2%98%C3%AB%C2%B0%C2%8F%C3%AD%C2%99%C2%98%C3%AB%C2%8B%C2%B4/%C3%AC%C2%A0%C2%91%C3%AC%C2%88%C2%98%C3%AB%C2%B0%C2%8F%C3%AD%C2%99%C2%98%C3%AB%C2%8B%C2%B4%20(28).jpg HTTP/1.1" 404 88 "-" "Mozilla/5.0 (compatible; MJ12bot/v1.4.8; http://mj12bot.com/)" "ysfine.com"
135.181.79.106 - - [10/Nov/2022:09:28:14 -0800] "GET /ysbio/class54/class5480/Pictures/1.%C3%AC%C2%A0%C2%91%C3%AC%C2%88%C2%98%C3%AB%C2%B0%C2%8F%C3%AD%C2%99%C2%98%C3%AB%C2%8B%C2%B4/%C3%AC%C2%A0%C2%91%C3%AC%C2%88%C2%98%C3%AB%C2%B0%C2%8F%C3%AD%C2%99%C2%98%C3%AB%C2%8B%C2%B4%20(29).jpg HTTP/1.1" 404 88 "-" "Mozilla/5.0 (compatible; MJ12bot/v1.4.8; http://mj12bot.com/)" "ysfine.com"
43.143.60.88 - - [10/Nov/2022:09:28:14 -0800] "GET / HTTP/1.1" 200 5283 "-" "Mozilla/5.0 (Linux; Android 6.0; Nexus 5 Build/MRA58N) AppleWebKit/537.36 (KHTML, like Gecko) Chrome/81.0.4044.138 Mobile Safari/537.36" "ysfine.com"
135.181.79.106 - - [10/Nov/2022:09:28:16 -0800] "GET /ysbio/class54/class5480/Pictures/1.%C3%AC%C2%A0%C2%91%C3%AC%C2%88%C2%98%C3%AB%C2%B0%C2%8F%C3%AD%C2%99%C2%98%C3%AB%C2%8B%C2%B4/%C3%AC%C2%A0%C2%91%C3%AC%C2%88%C2%98%C3%AB%C2%B0%C2%8F%C3%AD%C2%99%C2%98%C3%AB%C2%8B%C2%B4%20(3).jpg HTTP/1.1" 404 88 "-" "Mozilla/5.0 (compatible; MJ12bot/v1.4.8; http://mj12bot.com/)" "ysfine.com"
135.181.79.106 - - [10/Nov/2022:09:28:18 -0800] "GET /ysbio/class54/class5480/Pictures/1.%C3%AC%C2%A0%C2%91%C3%AC%C2%88%C2%98%C3%AB%C2%B0%C2%8F%C3%AD%C2%99%C2%98%C3%AB%C2%8B%C2%B4/%C3%AC%C2%A0%C2%91%C3%AC%C2%88%C2%98%C3%AB%C2%B0%C2%8F%C3%AD%C2%99%C2%98%C3%AB%C2%8B%C2%B4%20(30).jpg HTTP/1.1" 404 88 "-" "Mozilla/5.0 (compatible; MJ12bot/v1.4.8; http://mj12bot.com/)" "ysfine.com"
135.181.79.106 - - [10/Nov/2022:09:28:20 -0800] "GET /ysbio/class54/class5480/Pictures/1.%C3%AC%C2%A0%C2%91%C3%AC%C2%88%C2%98%C3%AB%C2%B0%C2%8F%C3%AD%C2%99%C2%98%C3%AB%C2%8B%C2%B4/%C3%AC%C2%A0%C2%91%C3%AC%C2%88%C2%98%C3%AB%C2%B0%C2%8F%C3%AD%C2%99%C2%98%C3%AB%C2%8B%C2%B4%20(31).jpg HTTP/1.1" 404 88 "-" "Mozilla/5.0 (compatible; MJ12bot/v1.4.8; http://mj12bot.com/)" "ysfine.com"
216.244.66.229 - - [10/Nov/2022:09:28:21 -0800] "GET /world/germany/salzm02.jpg HTTP/1.1" 200 89875 "-" "Mozilla/5.0 (compatible; DotBot/1.2; +https://opensiteexplorer.org/dotbot; help@moz.com)" "ysfine.com"
135.181.79.106 - - [10/Nov/2022:09:28:21 -0800] "GET /ysbio/class54/class5480/Pictures/1.%C3%AC%C2%A0%C2%91%C3%AC%C2%88%C2%98%C3%AB%C2%B0%C2%8F%C3%AD%C2%99%C2%98%C3%AB%C2%8B%C2%B4/%C3%AC%C2%A0%C2%91%C3%AC%C2%88%C2%98%C3%AB%C2%B0%C2%8F%C3%AD%C2%99%C2%98%C3%AB%C2%8B%C2%B4%20(32).jpg HTTP/1.1" 404 88 "-" "Mozilla/5.0 (compatible; MJ12bot/v1.4.8; http://mj12bot.com/)" "ysfine.com"
135.181.79.106 - - [10/Nov/2022:09:28:23 -0800] "GET /ysbio/class54/class5480/Pictures/1.%C3%AC%C2%A0%C2%91%C3%AC%C2%88%C2%98%C3%AB%C2%B0%C2%8F%C3%AD%C2%99%C2%98%C3%AB%C2%8B%C2%B4/%C3%AC%C2%A0%C2%91%C3%AC%C2%88%C2%98%C3%AB%C2%B0%C2%8F%C3%AD%C2%99%C2%98%C3%AB%C2%8B%C2%B4%20(33).jpg HTTP/1.1" 404 88 "-" "Mozilla/5.0 (compatible; MJ12bot/v1.4.8; http://mj12bot.com/)" "ysfine.com"
135.181.79.106 - - [10/Nov/2022:09:28:25 -0800] "GET /ysbio/class54/class5480/Pictures/1.%C3%AC%C2%A0%C2%91%C3%AC%C2%88%C2%98%C3%AB%C2%B0%C2%8F%C3%AD%C2%99%C2%98%C3%AB%C2%8B%C2%B4/%C3%AC%C2%A0%C2%91%C3%AC%C2%88%C2%98%C3%AB%C2%B0%C2%8F%C3%AD%C2%99%C2%98%C3%AB%C2%8B%C2%B4%20(34).jpg HTTP/1.1" 404 88 "-" "Mozilla/5.0 (compatible; MJ12bot/v1.4.8; http://mj12bot.com/)" "ysfine.com"
135.181.79.106 - - [10/Nov/2022:09:28:27 -0800] "GET /ysbio/class54/class5480/Pictures/1.%C3%AC%C2%A0%C2%91%C3%AC%C2%88%C2%98%C3%AB%C2%B0%C2%8F%C3%AD%C2%99%C2%98%C3%AB%C2%8B%C2%B4/%C3%AC%C2%A0%C2%91%C3%AC%C2%88%C2%98%C3%AB%C2%B0%C2%8F%C3%AD%C2%99%C2%98%C3%AB%C2%8B%C2%B4%20(35).jpg HTTP/1.1" 404 88 "-" "Mozilla/5.0 (compatible; MJ12bot/v1.4.8; http://mj12bot.com/)" "ysfine.com"
135.181.79.106 - - [10/Nov/2022:09:28:29 -0800] "GET /ysbio/class54/class5480/Pictures/1.%C3%AC%C2%A0%C2%91%C3%AC%C2%88%C2%98%C3%AB%C2%B0%C2%8F%C3%AD%C2%99%C2%98%C3%AB%C2%8B%C2%B4/%C3%AC%C2%A0%C2%91%C3%AC%C2%88%C2%98%C3%AB%C2%B0%C2%8F%C3%AD%C2%99%C2%98%C3%AB%C2%8B%C2%B4%20(36).jpg HTTP/1.1" 404 88 "-" "Mozilla/5.0 (compatible; MJ12bot/v1.4.8; http://mj12bot.com/)" "ysfine.com"
135.181.79.106 - - [10/Nov/2022:09:28:31 -0800] "GET /ysbio/class54/class5480/Pictures/1.%C3%AC%C2%A0%C2%91%C3%AC%C2%88%C2%98%C3%AB%C2%B0%C2%8F%C3%AD%C2%99%C2%98%C3%AB%C2%8B%C2%B4/%C3%AC%C2%A0%C2%91%C3%AC%C2%88%C2%98%C3%AB%C2%B0%C2%8F%C3%AD%C2%99%C2%98%C3%AB%C2%8B%C2%B4%20(37).jpg HTTP/1.1" 404 88 "-" "Mozilla/5.0 (compatible; MJ12bot/v1.4.8; http://mj12bot.com/)" "ysfine.com"
43.143.60.88 - - [10/Nov/2022:09:28:32 -0800] "GET / HTTP/1.1" 200 5283 "-" "Mozilla/5.0 (Linux; Android 6.0; Nexus 5 Build/MRA58N) AppleWebKit/537.36 (KHTML, like Gecko) Chrome/81.0.4044.138 Mobile Safari/537.36" "ysfine.com"
135.181.79.106 - - [10/Nov/2022:09:28:33 -0800] "GET /ysbio/class54/class5480/Pictures/1.%C3%AC%C2%A0%C2%91%C3%AC%C2%88%C2%98%C3%AB%C2%B0%C2%8F%C3%AD%C2%99%C2%98%C3%AB%C2%8B%C2%B4/%C3%AC%C2%A0%C2%91%C3%AC%C2%88%C2%98%C3%AB%C2%B0%C2%8F%C3%AD%C2%99%C2%98%C3%AB%C2%8B%C2%B4%20(38).jpg HTTP/1.1" 404 88 "-" "Mozilla/5.0 (compatible; MJ12bot/v1.4.8; http://mj12bot.com/)" "ysfine.com"
135.181.79.106 - - [10/Nov/2022:09:28:35 -0800] "GET /ysbio/class54/class5480/Pictures/1.%C3%AC%C2%A0%C2%91%C3%AC%C2%88%C2%98%C3%AB%C2%B0%C2%8F%C3%AD%C2%99%C2%98%C3%AB%C2%8B%C2%B4/%C3%AC%C2%A0%C2%91%C3%AC%C2%88%C2%98%C3%AB%C2%B0%C2%8F%C3%AD%C2%99%C2%98%C3%AB%C2%8B%C2%B4%20(39).jpg HTTP/1.1" 404 88 "-" "Mozilla/5.0 (compatible; MJ12bot/v1.4.8; http://mj12bot.com/)" "ysfine.com"
135.181.79.106 - - [10/Nov/2022:09:28:39 -0800] "GET /ysbio/class54/class5480/Pictures/1.%C3%AC%C2%A0%C2%91%C3%AC%C2%88%C2%98%C3%AB%C2%B0%C2%8F%C3%AD%C2%99%C2%98%C3%AB%C2%8B%C2%B4/%C3%AC%C2%A0%C2%91%C3%AC%C2%88%C2%98%C3%AB%C2%B0%C2%8F%C3%AD%C2%99%C2%98%C3%AB%C2%8B%C2%B4%20(40).jpg HTTP/1.1" 404 88 "-" "Mozilla/5.0 (compatible; MJ12bot/v1.4.8; http://mj12bot.com/)" "ysfine.com"
135.181.79.106 - - [10/Nov/2022:09:28:41 -0800] "GET /ysbio/class54/class5480/Pictures/1.%C3%AC%C2%A0%C2%91%C3%AC%C2%88%C2%98%C3%AB%C2%B0%C2%8F%C3%AD%C2%99%C2%98%C3%AB%C2%8B%C2%B4/%C3%AC%C2%A0%C2%91%C3%AC%C2%88%C2%98%C3%AB%C2%B0%C2%8F%C3%AD%C2%99%C2%98%C3%AB%C2%8B%C2%B4%20(41).jpg HTTP/1.1" 404 88 "-" "Mozilla/5.0 (compatible; MJ12bot/v1.4.8; http://mj12bot.com/)" "ysfine.com"
135.181.79.106 - - [10/Nov/2022:09:28:43 -0800] "GET /ysbio/class54/class5480/Pictures/1.%C3%AC%C2%A0%C2%91%C3%AC%C2%88%C2%98%C3%AB%C2%B0%C2%8F%C3%AD%C2%99%C2%98%C3%AB%C2%8B%C2%B4/%C3%AC%C2%A0%C2%91%C3%AC%C2%88%C2%98%C3%AB%C2%B0%C2%8F%C3%AD%C2%99%C2%98%C3%AB%C2%8B%C2%B4%20(42).jpg HTTP/1.1" 404 88 "-" "Mozilla/5.0 (compatible; MJ12bot/v1.4.8; http://mj12bot.com/)" "ysfine.com"
135.181.79.106 - - [10/Nov/2022:09:28:44 -0800] "GET /ysbio/class54/class5480/Pictures/1.%C3%AC%C2%A0%C2%91%C3%AC%C2%88%C2%98%C3%AB%C2%B0%C2%8F%C3%AD%C2%99%C2%98%C3%AB%C2%8B%C2%B4/%C3%AC%C2%A0%C2%91%C3%AC%C2%88%C2%98%C3%AB%C2%B0%C2%8F%C3%AD%C2%99%C2%98%C3%AB%C2%8B%C2%B4%20(43).jpg HTTP/1.1" 404 88 "-" "Mozilla/5.0 (compatible; MJ12bot/v1.4.8; http://mj12bot.com/)" "ysfine.com"
135.181.79.106 - - [10/Nov/2022:09:28:46 -0800] "GET /ysbio/class54/class5480/Pictures/1.%C3%AC%C2%A0%C2%91%C3%AC%C2%88%C2%98%C3%AB%C2%B0%C2%8F%C3%AD%C2%99%C2%98%C3%AB%C2%8B%C2%B4/%C3%AC%C2%A0%C2%91%C3%AC%C2%88%C2%98%C3%AB%C2%B0%C2%8F%C3%AD%C2%99%C2%98%C3%AB%C2%8B%C2%B4%20(44).jpg HTTP/1.1" 404 88 "-" "Mozilla/5.0 (compatible; MJ12bot/v1.4.8; http://mj12bot.com/)" "ysfine.com"
216.176.15.147 - - [10/Nov/2022:09:28:47 -0800] "GET /kowar/panmun04.jpg HTTP/1.1" 200 126386 "https://www.google.com/" "Mozilla/5.0 (X11; CrOS aarch64 14695.107.0) AppleWebKit/537.36 (KHTML, like Gecko) Chrome/102.0.0.0 Safari/537.36" "ysfine.com"
135.181.79.106 - - [10/Nov/2022:09:28:48 -0800] "GET /ysbio/class54/class5480/Pictures/1.%C3%AC%C2%A0%C2%91%C3%AC%C2%88%C2%98%C3%AB%C2%B0%C2%8F%C3%AD%C2%99%C2%98%C3%AB%C2%8B%C2%B4/%C3%AC%C2%A0%C2%91%C3%AC%C2%88%C2%98%C3%AB%C2%B0%C2%8F%C3%AD%C2%99%C2%98%C3%AB%C2%8B%C2%B4%20(45).jpg HTTP/1.1" 404 88 "-" "Mozilla/5.0 (compatible; MJ12bot/v1.4.8; http://mj12bot.com/)" "ysfine.com"
135.181.79.106 - - [10/Nov/2022:09:28:50 -0800] "GET /ysbio/class54/class5480/Pictures/1.%C3%AC%C2%A0%C2%91%C3%AC%C2%88%C2%98%C3%AB%C2%B0%C2%8F%C3%AD%C2%99%C2%98%C3%AB%C2%8B%C2%B4/%C3%AC%C2%A0%C2%91%C3%AC%C2%88%C2%98%C3%AB%C2%B0%C2%8F%C3%AD%C2%99%C2%98%C3%AB%C2%8B%C2%B4%20(46).jpg HTTP/1.1" 404 88 "-" "Mozilla/5.0 (compatible; MJ12bot/v1.4.8; http://mj12bot.com/)" "ysfine.com"
135.181.79.106 - - [10/Nov/2022:09:28:52 -0800] "GET /ysbio/class54/class5480/Pictures/1.%C3%AC%C2%A0%C2%91%C3%AC%C2%88%C2%98%C3%AB%C2%B0%C2%8F%C3%AD%C2%99%C2%98%C3%AB%C2%8B%C2%B4/%C3%AC%C2%A0%C2%91%C3%AC%C2%88%C2%98%C3%AB%C2%B0%C2%8F%C3%AD%C2%99%C2%98%C3%AB%C2%8B%C2%B4%20(47).jpg HTTP/1.1" 404 88 "-" "Mozilla/5.0 (compatible; MJ12bot/v1.4.8; http://mj12bot.com/)" "ysfine.com"
135.181.79.106 - - [10/Nov/2022:09:28:54 -0800] "GET /ysbio/class54/class5480/Pictures/1.%C3%AC%C2%A0%C2%91%C3%AC%C2%88%C2%98%C3%AB%C2%B0%C2%8F%C3%AD%C2%99%C2%98%C3%AB%C2%8B%C2%B4/%C3%AC%C2%A0%C2%91%C3%AC%C2%88%C2%98%C3%AB%C2%B0%C2%8F%C3%AD%C2%99%C2%98%C3%AB%C2%8B%C2%B4%20(48).jpg HTTP/1.1" 404 88 "-" "Mozilla/5.0 (compatible; MJ12bot/v1.4.8; http://mj12bot.com/)" "ysfine.com"
135.181.79.106 - - [10/Nov/2022:09:28:56 -0800] "GET /ysbio/class54/class5480/Pictures/1.%C3%AC%C2%A0%C2%91%C3%AC%C2%88%C2%98%C3%AB%C2%B0%C2%8F%C3%AD%C2%99%C2%98%C3%AB%C2%8B%C2%B4/%C3%AC%C2%A0%C2%91%C3%AC%C2%88%C2%98%C3%AB%C2%B0%C2%8F%C3%AD%C2%99%C2%98%C3%AB%C2%8B%C2%B4%20(49).jpg HTTP/1.1" 404 88 "-" "Mozilla/5.0 (compatible; MJ12bot/v1.4.8; http://mj12bot.com/)" "ysfine.com"
135.181.79.106 - - [10/Nov/2022:09:28:58 -0800] "GET /ysbio/class54/class5480/Pictures/1.%C3%AC%C2%A0%C2%91%C3%AC%C2%88%C2%98%C3%AB%C2%B0%C2%8F%C3%AD%C2%99%C2%98%C3%AB%C2%8B%C2%B4/%C3%AC%C2%A0%C2%91%C3%AC%C2%88%C2%98%C3%AB%C2%B0%C2%8F%C3%AD%C2%99%C2%98%C3%AB%C2%8B%C2%B4%20(5).jpg HTTP/1.1" 404 88 "-" "Mozilla/5.0 (compatible; MJ12bot/v1.4.8; http://mj12bot.com/)" "ysfine.com"
135.181.79.106 - - [10/Nov/2022:09:29:00 -0800] "GET /ysbio/class54/class5480/Pictures/1.%C3%AC%C2%A0%C2%91%C3%AC%C2%88%C2%98%C3%AB%C2%B0%C2%8F%C3%AD%C2%99%C2%98%C3%AB%C2%8B%C2%B4/%C3%AC%C2%A0%C2%91%C3%AC%C2%88%C2%98%C3%AB%C2%B0%C2%8F%C3%AD%C2%99%C2%98%C3%AB%C2%8B%C2%B4%20(50).jpg HTTP/1.1" 404 88 "-" "Mozilla/5.0 (compatible; MJ12bot/v1.4.8; http://mj12bot.com/)" "ysfine.com"
135.181.79.106 - - [10/Nov/2022:09:29:01 -0800] "GET /ysbio/class54/class5480/Pictures/1.%C3%AC%C2%A0%C2%91%C3%AC%C2%88%C2%98%C3%AB%C2%B0%C2%8F%C3%AD%C2%99%C2%98%C3%AB%C2%8B%C2%B4/%C3%AC%C2%A0%C2%91%C3%AC%C2%88%C2%98%C3%AB%C2%B0%C2%8F%C3%AD%C2%99%C2%98%C3%AB%C2%8B%C2%B4%20(51).jpg HTTP/1.1" 404 88 "-" "Mozilla/5.0 (compatible; MJ12bot/v1.4.8; http://mj12bot.com/)" "ysfine.com"
135.181.79.106 - - [10/Nov/2022:09:29:03 -0800] "GET /ysbio/class54/class5480/Pictures/1.%C3%AC%C2%A0%C2%91%C3%AC%C2%88%C2%98%C3%AB%C2%B0%C2%8F%C3%AD%C2%99%C2%98%C3%AB%C2%8B%C2%B4/%C3%AC%C2%A0%C2%91%C3%AC%C2%88%C2%98%C3%AB%C2%B0%C2%8F%C3%AD%C2%99%C2%98%C3%AB%C2%8B%C2%B4%20(52).jpg HTTP/1.1" 404 88 "-" "Mozilla/5.0 (compatible; MJ12bot/v1.4.8; http://mj12bot.com/)" "ysfine.com"
135.181.79.106 - - [10/Nov/2022:09:29:05 -0800] "GET /ysbio/class54/class5480/Pictures/1.%C3%AC%C2%A0%C2%91%C3%AC%C2%88%C2%98%C3%AB%C2%B0%C2%8F%C3%AD%C2%99%C2%98%C3%AB%C2%8B%C2%B4/%C3%AC%C2%A0%C2%91%C3%AC%C2%88%C2%98%C3%AB%C2%B0%C2%8F%C3%AD%C2%99%C2%98%C3%AB%C2%8B%C2%B4%20(53).jpg HTTP/1.1" 404 88 "-" "Mozilla/5.0 (compatible; MJ12bot/v1.4.8; http://mj12bot.com/)" "ysfine.com"
135.181.79.106 - - [10/Nov/2022:09:29:07 -0800] "GET /ysbio/class54/class5480/Pictures/1.%C3%AC%C2%A0%C2%91%C3%AC%C2%88%C2%98%C3%AB%C2%B0%C2%8F%C3%AD%C2%99%C2%98%C3%AB%C2%8B%C2%B4/%C3%AC%C2%A0%C2%91%C3%AC%C2%88%C2%98%C3%AB%C2%B0%C2%8F%C3%AD%C2%99%C2%98%C3%AB%C2%8B%C2%B4%20(54).jpg HTTP/1.1" 404 88 "-" "Mozilla/5.0 (compatible; MJ12bot/v1.4.8; http://mj12bot.com/)" "ysfine.com"
216.244.66.229 - - [10/Nov/2022:09:29:07 -0800] "GET /world/germany/vienna15.jpg HTTP/1.1" 200 138576 "-" "Mozilla/5.0 (compatible; DotBot/1.2; +https://opensiteexplorer.org/dotbot; help@moz.com)" "ysfine.com"
135.181.79.106 - - [10/Nov/2022:09:29:09 -0800] "GET /ysbio/class54/class5480/Pictures/1.%C3%AC%C2%A0%C2%91%C3%AC%C2%88%C2%98%C3%AB%C2%B0%C2%8F%C3%AD%C2%99%C2%98%C3%AB%C2%8B%C2%B4/%C3%AC%C2%A0%C2%91%C3%AC%C2%88%C2%98%C3%AB%C2%B0%C2%8F%C3%AD%C2%99%C2%98%C3%AB%C2%8B%C2%B4%20(55).jpg HTTP/1.1" 404 88 "-" "Mozilla/5.0 (compatible; MJ12bot/v1.4.8; http://mj12bot.com/)" "ysfine.com"
135.181.79.106 - - [10/Nov/2022:09:29:11 -0800] "GET /ysbio/class54/class5480/Pictures/1.%C3%AC%C2%A0%C2%91%C3%AC%C2%88%C2%98%C3%AB%C2%B0%C2%8F%C3%AD%C2%99%C2%98%C3%AB%C2%8B%C2%B4/%C3%AC%C2%A0%C2%91%C3%AC%C2%88%C2%98%C3%AB%C2%B0%C2%8F%C3%AD%C2%99%C2%98%C3%AB%C2%8B%C2%B4%20(56).jpg HTTP/1.1" 404 88 "-" "Mozilla/5.0 (compatible; MJ12bot/v1.4.8; http://mj12bot.com/)" "ysfine.com"
135.181.79.106 - - [10/Nov/2022:09:29:13 -0800] "GET /ysbio/class54/class5480/Pictures/1.%C3%AC%C2%A0%C2%91%C3%AC%C2%88%C2%98%C3%AB%C2%B0%C2%8F%C3%AD%C2%99%C2%98%C3%AB%C2%8B%C2%B4/%C3%AC%C2%A0%C2%91%C3%AC%C2%88%C2%98%C3%AB%C2%B0%C2%8F%C3%AD%C2%99%C2%98%C3%AB%C2%8B%C2%B4%20(6).jpg HTTP/1.1" 404 88 "-" "Mozilla/5.0 (compatible; MJ12bot/v1.4.8; http://mj12bot.com/)" "ysfine.com"
135.181.79.106 - - [10/Nov/2022:09:29:15 -0800] "GET /ysbio/class54/class5480/Pictures/1.%C3%AC%C2%A0%C2%91%C3%AC%C2%88%C2%98%C3%AB%C2%B0%C2%8F%C3%AD%C2%99%C2%98%C3%AB%C2%8B%C2%B4/%C3%AC%C2%A0%C2%91%C3%AC%C2%88%C2%98%C3%AB%C2%B0%C2%8F%C3%AD%C2%99%C2%98%C3%AB%C2%8B%C2%B4%20(7).jpg HTTP/1.1" 404 88 "-" "Mozilla/5.0 (compatible; MJ12bot/v1.4.8; http://mj12bot.com/)" "ysfine.com"
135.181.79.106 - - [10/Nov/2022:09:29:16 -0800] "GET /ysbio/class54/class5480/Pictures/1.%C3%AC%C2%A0%C2%91%C3%AC%C2%88%C2%98%C3%AB%C2%B0%C2%8F%C3%AD%C2%99%C2%98%C3%AB%C2%8B%C2%B4/%C3%AC%C2%A0%C2%91%C3%AC%C2%88%C2%98%C3%AB%C2%B0%C2%8F%C3%AD%C2%99%C2%98%C3%AB%C2%8B%C2%B4%20(8).jpg HTTP/1.1" 404 88 "-" "Mozilla/5.0 (compatible; MJ12bot/v1.4.8; http://mj12bot.com/)" "ysfine.com"
135.181.79.106 - - [10/Nov/2022:09:29:18 -0800] "GET /ysbio/class54/class5480/Pictures/1.%C3%AC%C2%A0%C2%91%C3%AC%C2%88%C2%98%C3%AB%C2%B0%C2%8F%C3%AD%C2%99%C2%98%C3%AB%C2%8B%C2%B4/%C3%AC%C2%A0%C2%91%C3%AC%C2%88%C2%98%C3%AB%C2%B0%C2%8F%C3%AD%C2%99%C2%98%C3%AB%C2%8B%C2%B4%20(9).jpg HTTP/1.1" 404 88 "-" "Mozilla/5.0 (compatible; MJ12bot/v1.4.8; http://mj12bot.com/)" "ysfine.com"
135.181.79.106 - - [10/Nov/2022:09:29:20 -0800] "GET /ysbio/class54/class5480/Pictures/2.%C3%AA%C2%B8%C2%B0%C3%AB%C2%85%C2%90%C3%AD%C2%96%C2%89%C3%AC%C2%82%C2%AC/%C3%AA%C2%B8%C2%B0%C3%AB%C2%85%C2%90%C3%AD%C2%96%C2%89%C3%AC%C2%82%C2%AC%20(1).jpg HTTP/1.1" 404 88 "-" "Mozilla/5.0 (compatible; MJ12bot/v1.4.8; http://mj12bot.com/)" "ysfine.com"
135.181.79.106 - - [10/Nov/2022:09:29:22 -0800] "GET /ysbio/class54/class5480/Pictures/2.%C3%AA%C2%B8%C2%B0%C3%AB%C2%85%C2%90%C3%AD%C2%96%C2%89%C3%AC%C2%82%C2%AC/%C3%AA%C2%B8%C2%B0%C3%AB%C2%85%C2%90%C3%AD%C2%96%C2%89%C3%AC%C2%82%C2%AC%20(10).jpg HTTP/1.1" 404 88 "-" "Mozilla/5.0 (compatible; MJ12bot/v1.4.8; http://mj12bot.com/)" "ysfine.com"
135.181.79.106 - - [10/Nov/2022:09:29:24 -0800] "GET /ysbio/class54/class5480/Pictures/2.%C3%AA%C2%B8%C2%B0%C3%AB%C2%85%C2%90%C3%AD%C2%96%C2%89%C3%AC%C2%82%C2%AC/%C3%AA%C2%B8%C2%B0%C3%AB%C2%85%C2%90%C3%AD%C2%96%C2%89%C3%AC%C2%82%C2%AC%20(100).jpg HTTP/1.1" 404 88 "-" "Mozilla/5.0 (compatible; MJ12bot/v1.4.8; http://mj12bot.com/)" "ysfine.com"
135.181.79.106 - - [10/Nov/2022:09:29:26 -0800] "GET /ysbio/class54/class5480/Pictures/2.%C3%AA%C2%B8%C2%B0%C3%AB%C2%85%C2%90%C3%AD%C2%96%C2%89%C3%AC%C2%82%C2%AC/%C3%AA%C2%B8%C2%B0%C3%AB%C2%85%C2%90%C3%AD%C2%96%C2%89%C3%AC%C2%82%C2%AC%20(101).jpg HTTP/1.1" 404 88 "-" "Mozilla/5.0 (compatible; MJ12bot/v1.4.8; http://mj12bot.com/)" "ysfine.com"
135.181.79.106 - - [10/Nov/2022:09:29:28 -0800] "GET /ysbio/class54/class5480/Pictures/2.%C3%AA%C2%B8%C2%B0%C3%AB%C2%85%C2%90%C3%AD%C2%96%C2%89%C3%AC%C2%82%C2%AC/%C3%AA%C2%B8%C2%B0%C3%AB%C2%85%C2%90%C3%AD%C2%96%C2%89%C3%AC%C2%82%C2%AC%20(102).jpg HTTP/1.1" 404 88 "-" "Mozilla/5.0 (compatible; MJ12bot/v1.4.8; http://mj12bot.com/)" "ysfine.com"
135.181.79.106 - - [10/Nov/2022:09:29:29 -0800] "GET /ysbio/class54/class5480/Pictures/2.%C3%AA%C2%B8%C2%B0%C3%AB%C2%85%C2%90%C3%AD%C2%96%C2%89%C3%AC%C2%82%C2%AC/%C3%AA%C2%B8%C2%B0%C3%AB%C2%85%C2%90%C3%AD%C2%96%C2%89%C3%AC%C2%82%C2%AC%20(103).jpg HTTP/1.1" 404 88 "-" "Mozilla/5.0 (compatible; MJ12bot/v1.4.8; http://mj12bot.com/)" "ysfine.com"
135.181.79.106 - - [10/Nov/2022:09:29:31 -0800] "GET /ysbio/class54/class5480/Pictures/2.%C3%AA%C2%B8%C2%B0%C3%AB%C2%85%C2%90%C3%AD%C2%96%C2%89%C3%AC%C2%82%C2%AC/%C3%AA%C2%B8%C2%B0%C3%AB%C2%85%C2%90%C3%AD%C2%96%C2%89%C3%AC%C2%82%C2%AC%20(104).jpg HTTP/1.1" 404 88 "-" "Mozilla/5.0 (compatible; MJ12bot/v1.4.8; http://mj12bot.com/)" "ysfine.com"
135.181.79.106 - - [10/Nov/2022:09:29:33 -0800] "GET /ysbio/class54/class5480/Pictures/2.%C3%AA%C2%B8%C2%B0%C3%AB%C2%85%C2%90%C3%AD%C2%96%C2%89%C3%AC%C2%82%C2%AC/%C3%AA%C2%B8%C2%B0%C3%AB%C2%85%C2%90%C3%AD%C2%96%C2%89%C3%AC%C2%82%C2%AC%20(105).jpg HTTP/1.1" 404 88 "-" "Mozilla/5.0 (compatible; MJ12bot/v1.4.8; http://mj12bot.com/)" "ysfine.com"
135.181.79.106 - - [10/Nov/2022:09:29:35 -0800] "GET /ysbio/class54/class5480/Pictures/2.%C3%AA%C2%B8%C2%B0%C3%AB%C2%85%C2%90%C3%AD%C2%96%C2%89%C3%AC%C2%82%C2%AC/%C3%AA%C2%B8%C2%B0%C3%AB%C2%85%C2%90%C3%AD%C2%96%C2%89%C3%AC%C2%82%C2%AC%20(106).jpg HTTP/1.1" 404 88 "-" "Mozilla/5.0 (compatible; MJ12bot/v1.4.8; http://mj12bot.com/)" "ysfine.com"
135.181.79.106 - - [10/Nov/2022:09:29:37 -0800] "GET /ysbio/class54/class5480/Pictures/2.%C3%AA%C2%B8%C2%B0%C3%AB%C2%85%C2%90%C3%AD%C2%96%C2%89%C3%AC%C2%82%C2%AC/%C3%AA%C2%B8%C2%B0%C3%AB%C2%85%C2%90%C3%AD%C2%96%C2%89%C3%AC%C2%82%C2%AC%20(107).jpg HTTP/1.1" 404 88 "-" "Mozilla/5.0 (compatible; MJ12bot/v1.4.8; http://mj12bot.com/)" "ysfine.com"
135.181.79.106 - - [10/Nov/2022:09:29:39 -0800] "GET /ysbio/class54/class5480/Pictures/2.%C3%AA%C2%B8%C2%B0%C3%AB%C2%85%C2%90%C3%AD%C2%96%C2%89%C3%AC%C2%82%C2%AC/%C3%AA%C2%B8%C2%B0%C3%AB%C2%85%C2%90%C3%AD%C2%96%C2%89%C3%AC%C2%82%C2%AC%20(108).jpg HTTP/1.1" 404 88 "-" "Mozilla/5.0 (compatible; MJ12bot/v1.4.8; http://mj12bot.com/)" "ysfine.com"
135.181.79.106 - - [10/Nov/2022:09:29:41 -0800] "GET /ysbio/class54/class5480/Pictures/2.%C3%AA%C2%B8%C2%B0%C3%AB%C2%85%C2%90%C3%AD%C2%96%C2%89%C3%AC%C2%82%C2%AC/%C3%AA%C2%B8%C2%B0%C3%AB%C2%85%C2%90%C3%AD%C2%96%C2%89%C3%AC%C2%82%C2%AC%20(109).jpg HTTP/1.1" 404 88 "-" "Mozilla/5.0 (compatible; MJ12bot/v1.4.8; http://mj12bot.com/)" "ysfine.com"
135.181.79.106 - - [10/Nov/2022:09:29:43 -0800] "GET /ysbio/class54/class5480/Pictures/2.%C3%AA%C2%B8%C2%B0%C3%AB%C2%85%C2%90%C3%AD%C2%96%C2%89%C3%AC%C2%82%C2%AC/%C3%AA%C2%B8%C2%B0%C3%AB%C2%85%C2%90%C3%AD%C2%96%C2%89%C3%AC%C2%82%C2%AC%20(11).jpg HTTP/1.1" 404 88 "-" "Mozilla/5.0 (compatible; MJ12bot/v1.4.8; http://mj12bot.com/)" "ysfine.com"
135.181.79.106 - - [10/Nov/2022:09:29:45 -0800] "GET /ysbio/class54/class5480/Pictures/2.%C3%AA%C2%B8%C2%B0%C3%AB%C2%85%C2%90%C3%AD%C2%96%C2%89%C3%AC%C2%82%C2%AC/%C3%AA%C2%B8%C2%B0%C3%AB%C2%85%C2%90%C3%AD%C2%96%C2%89%C3%AC%C2%82%C2%AC%20(110).jpg HTTP/1.1" 404 88 "-" "Mozilla/5.0 (compatible; MJ12bot/v1.4.8; http://mj12bot.com/)" "ysfine.com"
135.181.79.106 - - [10/Nov/2022:09:29:47 -0800] "GET /ysbio/class54/class5480/Pictures/2.%C3%AA%C2%B8%C2%B0%C3%AB%C2%85%C2%90%C3%AD%C2%96%C2%89%C3%AC%C2%82%C2%AC/%C3%AA%C2%B8%C2%B0%C3%AB%C2%85%C2%90%C3%AD%C2%96%C2%89%C3%AC%C2%82%C2%AC%20(111).jpg HTTP/1.1" 404 88 "-" "Mozilla/5.0 (compatible; MJ12bot/v1.4.8; http://mj12bot.com/)" "ysfine.com"
135.181.79.106 - - [10/Nov/2022:09:29:49 -0800] "GET /ysbio/class54/class5480/Pictures/2.%C3%AA%C2%B8%C2%B0%C3%AB%C2%85%C2%90%C3%AD%C2%96%C2%89%C3%AC%C2%82%C2%AC/%C3%AA%C2%B8%C2%B0%C3%AB%C2%85%C2%90%C3%AD%C2%96%C2%89%C3%AC%C2%82%C2%AC%20(112).jpg HTTP/1.1" 404 88 "-" "Mozilla/5.0 (compatible; MJ12bot/v1.4.8; http://mj12bot.com/)" "ysfine.com"
135.181.79.106 - - [10/Nov/2022:09:29:51 -0800] "GET /ysbio/class54/class5480/Pictures/2.%C3%AA%C2%B8%C2%B0%C3%AB%C2%85%C2%90%C3%AD%C2%96%C2%89%C3%AC%C2%82%C2%AC/%C3%AA%C2%B8%C2%B0%C3%AB%C2%85%C2%90%C3%AD%C2%96%C2%89%C3%AC%C2%82%C2%AC%20(113).jpg HTTP/1.1" 404 88 "-" "Mozilla/5.0 (compatible; MJ12bot/v1.4.8; http://mj12bot.com/)" "ysfine.com"
216.244.66.229 - - [10/Nov/2022:09:29:51 -0800] "GET /world/scandi/fin04.jpg HTTP/1.1" 200 124064 "-" "Mozilla/5.0 (compatible; DotBot/1.2; +https://opensiteexplorer.org/dotbot; help@moz.com)" "ysfine.com"
135.181.79.106 - - [10/Nov/2022:09:29:52 -0800] "GET /ysbio/class54/class5480/Pictures/2.%C3%AA%C2%B8%C2%B0%C3%AB%C2%85%C2%90%C3%AD%C2%96%C2%89%C3%AC%C2%82%C2%AC/%C3%AA%C2%B8%C2%B0%C3%AB%C2%85%C2%90%C3%AD%C2%96%C2%89%C3%AC%C2%82%C2%AC%20(114).jpg HTTP/1.1" 404 88 "-" "Mozilla/5.0 (compatible; MJ12bot/v1.4.8; http://mj12bot.com/)" "ysfine.com"
135.181.79.106 - - [10/Nov/2022:09:29:54 -0800] "GET /ysbio/class54/class5480/Pictures/2.%C3%AA%C2%B8%C2%B0%C3%AB%C2%85%C2%90%C3%AD%C2%96%C2%89%C3%AC%C2%82%C2%AC/%C3%AA%C2%B8%C2%B0%C3%AB%C2%85%C2%90%C3%AD%C2%96%C2%89%C3%AC%C2%82%C2%AC%20(115).jpg HTTP/1.1" 404 88 "-" "Mozilla/5.0 (compatible; MJ12bot/v1.4.8; http://mj12bot.com/)" "ysfine.com"
135.181.79.106 - - [10/Nov/2022:09:29:56 -0800] "GET /ysbio/class54/class5480/Pictures/2.%C3%AA%C2%B8%C2%B0%C3%AB%C2%85%C2%90%C3%AD%C2%96%C2%89%C3%AC%C2%82%C2%AC/%C3%AA%C2%B8%C2%B0%C3%AB%C2%85%C2%90%C3%AD%C2%96%C2%89%C3%AC%C2%82%C2%AC%20(116).jpg HTTP/1.1" 404 88 "-" "Mozilla/5.0 (compatible; MJ12bot/v1.4.8; http://mj12bot.com/)" "ysfine.com"
135.181.79.106 - - [10/Nov/2022:09:29:58 -0800] "GET /ysbio/class54/class5480/Pictures/2.%C3%AA%C2%B8%C2%B0%C3%AB%C2%85%C2%90%C3%AD%C2%96%C2%89%C3%AC%C2%82%C2%AC/%C3%AA%C2%B8%C2%B0%C3%AB%C2%85%C2%90%C3%AD%C2%96%C2%89%C3%AC%C2%82%C2%AC%20(117).jpg HTTP/1.1" 404 88 "-" "Mozilla/5.0 (compatible; MJ12bot/v1.4.8; http://mj12bot.com/)" "ysfine.com"
40.122.227.201 - - [10/Nov/2022:09:29:59 -0800] "GET /style/venus02b.jpg HTTP/1.1" 200 50071 "https://ysfine.com/style" "Mozilla/5.0 (Windows NT 10.0; Win64; x64) AppleWebKit/537.36 (KHTML, like Gecko) Chrome/74.0.3729.157 Safari/537.36" "ysfine.com"
135.181.79.106 - - [10/Nov/2022:09:30:00 -0800] "GET /ysbio/class54/class5480/Pictures/2.%C3%AA%C2%B8%C2%B0%C3%AB%C2%85%C2%90%C3%AD%C2%96%C2%89%C3%AC%C2%82%C2%AC/%C3%AA%C2%B8%C2%B0%C3%AB%C2%85%C2%90%C3%AD%C2%96%C2%89%C3%AC%C2%82%C2%AC%20(118).jpg HTTP/1.1" 404 88 "-" "Mozilla/5.0 (compatible; MJ12bot/v1.4.8; http://mj12bot.com/)" "ysfine.com"
135.181.79.106 - - [10/Nov/2022:09:30:02 -0800] "GET /ysbio/class54/class5480/Pictures/2.%C3%AA%C2%B8%C2%B0%C3%AB%C2%85%C2%90%C3%AD%C2%96%C2%89%C3%AC%C2%82%C2%AC/%C3%AA%C2%B8%C2%B0%C3%AB%C2%85%C2%90%C3%AD%C2%96%C2%89%C3%AC%C2%82%C2%AC%20(119).jpg HTTP/1.1" 404 88 "-" "Mozilla/5.0 (compatible; MJ12bot/v1.4.8; http://mj12bot.com/)" "ysfine.com"
135.181.79.106 - - [10/Nov/2022:09:30:04 -0800] "GET /ysbio/class54/class5480/Pictures/2.%C3%AA%C2%B8%C2%B0%C3%AB%C2%85%C2%90%C3%AD%C2%96%C2%89%C3%AC%C2%82%C2%AC/%C3%AA%C2%B8%C2%B0%C3%AB%C2%85%C2%90%C3%AD%C2%96%C2%89%C3%AC%C2%82%C2%AC%20(12).jpg HTTP/1.1" 404 88 "-" "Mozilla/5.0 (compatible; MJ12bot/v1.4.8; http://mj12bot.com/)" "ysfine.com"
135.181.79.106 - - [10/Nov/2022:09:30:08 -0800] "GET /ysbio/class54/class5480/Pictures/2.%C3%AA%C2%B8%C2%B0%C3%AB%C2%85%C2%90%C3%AD%C2%96%C2%89%C3%AC%C2%82%C2%AC/%C3%AA%C2%B8%C2%B0%C3%AB%C2%85%C2%90%C3%AD%C2%96%C2%89%C3%AC%C2%82%C2%AC%20(121).jpg HTTP/1.1" 404 88 "-" "Mozilla/5.0 (compatible; MJ12bot/v1.4.8; http://mj12bot.com/)" "ysfine.com"
135.181.79.106 - - [10/Nov/2022:09:30:10 -0800] "GET /ysbio/class54/class5480/Pictures/2.%C3%AA%C2%B8%C2%B0%C3%AB%C2%85%C2%90%C3%AD%C2%96%C2%89%C3%AC%C2%82%C2%AC/%C3%AA%C2%B8%C2%B0%C3%AB%C2%85%C2%90%C3%AD%C2%96%C2%89%C3%AC%C2%82%C2%AC%20(122).jpg HTTP/1.1" 404 88 "-" "Mozilla/5.0 (compatible; MJ12bot/v1.4.8; http://mj12bot.com/)" "ysfine.com"
135.181.79.106 - - [10/Nov/2022:09:30:12 -0800] "GET /ysbio/class54/class5480/Pictures/2.%C3%AA%C2%B8%C2%B0%C3%AB%C2%85%C2%90%C3%AD%C2%96%C2%89%C3%AC%C2%82%C2%AC/%C3%AA%C2%B8%C2%B0%C3%AB%C2%85%C2%90%C3%AD%C2%96%C2%89%C3%AC%C2%82%C2%AC%20(123).jpg HTTP/1.1" 404 88 "-" "Mozilla/5.0 (compatible; MJ12bot/v1.4.8; http://mj12bot.com/)" "ysfine.com"
135.181.79.106 - - [10/Nov/2022:09:30:13 -0800] "GET /ysbio/class54/class5480/Pictures/2.%C3%AA%C2%B8%C2%B0%C3%AB%C2%85%C2%90%C3%AD%C2%96%C2%89%C3%AC%C2%82%C2%AC/%C3%AA%C2%B8%C2%B0%C3%AB%C2%85%C2%90%C3%AD%C2%96%C2%89%C3%AC%C2%82%C2%AC%20(124).jpg HTTP/1.1" 404 88 "-" "Mozilla/5.0 (compatible; MJ12bot/v1.4.8; http://mj12bot.com/)" "ysfine.com"
135.181.79.106 - - [10/Nov/2022:09:30:15 -0800] "GET /ysbio/class54/class5480/Pictures/2.%C3%AA%C2%B8%C2%B0%C3%AB%C2%85%C2%90%C3%AD%C2%96%C2%89%C3%AC%C2%82%C2%AC/%C3%AA%C2%B8%C2%B0%C3%AB%C2%85%C2%90%C3%AD%C2%96%C2%89%C3%AC%C2%82%C2%AC%20(125).jpg HTTP/1.1" 404 88 "-" "Mozilla/5.0 (compatible; MJ12bot/v1.4.8; http://mj12bot.com/)" "ysfine.com"
135.181.79.106 - - [10/Nov/2022:09:30:17 -0800] "GET /ysbio/class54/class5480/Pictures/2.%C3%AA%C2%B8%C2%B0%C3%AB%C2%85%C2%90%C3%AD%C2%96%C2%89%C3%AC%C2%82%C2%AC/%C3%AA%C2%B8%C2%B0%C3%AB%C2%85%C2%90%C3%AD%C2%96%C2%89%C3%AC%C2%82%C2%AC%20(126).jpg HTTP/1.1" 404 88 "-" "Mozilla/5.0 (compatible; MJ12bot/v1.4.8; http://mj12bot.com/)" "ysfine.com"
135.181.79.106 - - [10/Nov/2022:09:30:19 -0800] "GET /ysbio/class54/class5480/Pictures/2.%C3%AA%C2%B8%C2%B0%C3%AB%C2%85%C2%90%C3%AD%C2%96%C2%89%C3%AC%C2%82%C2%AC/%C3%AA%C2%B8%C2%B0%C3%AB%C2%85%C2%90%C3%AD%C2%96%C2%89%C3%AC%C2%82%C2%AC%20(127).jpg HTTP/1.1" 404 88 "-" "Mozilla/5.0 (compatible; MJ12bot/v1.4.8; http://mj12bot.com/)" "ysfine.com"
135.181.79.106 - - [10/Nov/2022:09:30:21 -0800] "GET /ysbio/class54/class5480/Pictures/2.%C3%AA%C2%B8%C2%B0%C3%AB%C2%85%C2%90%C3%AD%C2%96%C2%89%C3%AC%C2%82%C2%AC/%C3%AA%C2%B8%C2%B0%C3%AB%C2%85%C2%90%C3%AD%C2%96%C2%89%C3%AC%C2%82%C2%AC%20(128).jpg HTTP/1.1" 404 88 "-" "Mozilla/5.0 (compatible; MJ12bot/v1.4.8; http://mj12bot.com/)" "ysfine.com"
185.191.171.12 - - [10/Nov/2022:09:30:21 -0800] "GET /robots.txt HTTP/1.1" 404 88 "-" "Mozilla/5.0 (compatible; SemrushBot/7~bl; +http://www.semrush.com/bot.html)" "www.ysfine.com"
185.191.171.21 - - [10/Nov/2022:09:30:21 -0800] "GET /dirac/lorendir.html HTTP/1.1" 200 2426 "-" "Mozilla/5.0 (compatible; SemrushBot/7~bl; +http://www.semrush.com/bot.html)" "www.ysfine.com"
135.181.79.106 - - [10/Nov/2022:09:30:23 -0800] "GET /ysbio/class54/class5480/Pictures/2.%C3%AA%C2%B8%C2%B0%C3%AB%C2%85%C2%90%C3%AD%C2%96%C2%89%C3%AC%C2%82%C2%AC/%C3%AA%C2%B8%C2%B0%C3%AB%C2%85%C2%90%C3%AD%C2%96%C2%89%C3%AC%C2%82%C2%AC%20(129).jpg HTTP/1.1" 404 88 "-" "Mozilla/5.0 (compatible; MJ12bot/v1.4.8; http://mj12bot.com/)" "ysfine.com"
135.181.79.106 - - [10/Nov/2022:09:30:25 -0800] "GET /ysbio/class54/class5480/Pictures/2.%C3%AA%C2%B8%C2%B0%C3%AB%C2%85%C2%90%C3%AD%C2%96%C2%89%C3%AC%C2%82%C2%AC/%C3%AA%C2%B8%C2%B0%C3%AB%C2%85%C2%90%C3%AD%C2%96%C2%89%C3%AC%C2%82%C2%AC%20(13).jpg HTTP/1.1" 404 88 "-" "Mozilla/5.0 (compatible; MJ12bot/v1.4.8; http://mj12bot.com/)" "ysfine.com"
135.181.79.106 - - [10/Nov/2022:09:30:27 -0800] "GET /ysbio/class54/class5480/Pictures/2.%C3%AA%C2%B8%C2%B0%C3%AB%C2%85%C2%90%C3%AD%C2%96%C2%89%C3%AC%C2%82%C2%AC/%C3%AA%C2%B8%C2%B0%C3%AB%C2%85%C2%90%C3%AD%C2%96%C2%89%C3%AC%C2%82%C2%AC%20(130).jpg HTTP/1.1" 404 88 "-" "Mozilla/5.0 (compatible; MJ12bot/v1.4.8; http://mj12bot.com/)" "ysfine.com"
135.181.79.106 - - [10/Nov/2022:09:30:28 -0800] "GET /ysbio/class54/class5480/Pictures/2.%C3%AA%C2%B8%C2%B0%C3%AB%C2%85%C2%90%C3%AD%C2%96%C2%89%C3%AC%C2%82%C2%AC/%C3%AA%C2%B8%C2%B0%C3%AB%C2%85%C2%90%C3%AD%C2%96%C2%89%C3%AC%C2%82%C2%AC%20(131).jpg HTTP/1.1" 404 88 "-" "Mozilla/5.0 (compatible; MJ12bot/v1.4.8; http://mj12bot.com/)" "ysfine.com"
80.114.166.122 - - [10/Nov/2022:09:30:30 -0800] "GET /maga/phil/hegel10c.jpg HTTP/1.1" 200 591384 "https://www.google.com/" "Mozilla/5.0 (Macintosh; Intel Mac OS X 10_14_6) AppleWebKit/537.36 (KHTML, like Gecko) Chrome/107.0.0.0 Safari/537.36" "ysfine.com"
135.181.79.106 - - [10/Nov/2022:09:30:30 -0800] "GET /ysbio/class54/class5480/Pictures/2.%C3%AA%C2%B8%C2%B0%C3%AB%C2%85%C2%90%C3%AD%C2%96%C2%89%C3%AC%C2%82%C2%AC/%C3%AA%C2%B8%C2%B0%C3%AB%C2%85%C2%90%C3%AD%C2%96%C2%89%C3%AC%C2%82%C2%AC%20(132).jpg HTTP/1.1" 404 88 "-" "Mozilla/5.0 (compatible; MJ12bot/v1.4.8; http://mj12bot.com/)" "ysfine.com"
135.181.79.106 - - [10/Nov/2022:09:30:32 -0800] "GET /ysbio/class54/class5480/Pictures/2.%C3%AA%C2%B8%C2%B0%C3%AB%C2%85%C2%90%C3%AD%C2%96%C2%89%C3%AC%C2%82%C2%AC/%C3%AA%C2%B8%C2%B0%C3%AB%C2%85%C2%90%C3%AD%C2%96%C2%89%C3%AC%C2%82%C2%AC%20(133).jpg HTTP/1.1" 404 88 "-" "Mozilla/5.0 (compatible; MJ12bot/v1.4.8; http://mj12bot.com/)" "ysfine.com"
77.88.5.245 - - [10/Nov/2022:09:30:33 -0800] "GET /kowar/war53.html HTTP/1.1" 200 6652 "-" "Mozilla/5.0 (compatible; YandexBot/3.0; +http://yandex.com/bots)" "www.ysfine.com"
207.46.13.107 - - [10/Nov/2022:09:30:34 -0800] "GET /bio/newyork/index.html HTTP/1.1" 404 88 "-" "Mozilla/5.0 AppleWebKit/537.36 (KHTML, like Gecko; compatible; bingbot/2.0; +http://www.bing.com/bingbot.htm) Chrome/103.0.5060.134 Safari/537.36" "ysfine.com"
135.181.79.106 - - [10/Nov/2022:09:30:34 -0800] "GET /ysbio/class54/class5480/Pictures/2.%C3%AA%C2%B8%C2%B0%C3%AB%C2%85%C2%90%C3%AD%C2%96%C2%89%C3%AC%C2%82%C2%AC/%C3%AA%C2%B8%C2%B0%C3%AB%C2%85%C2%90%C3%AD%C2%96%C2%89%C3%AC%C2%82%C2%AC%20(134).jpg HTTP/1.1" 404 88 "-" "Mozilla/5.0 (compatible; MJ12bot/v1.4.8; http://mj12bot.com/)" "ysfine.com"
135.181.79.106 - - [10/Nov/2022:09:30:36 -0800] "GET /ysbio/class54/class5480/Pictures/2.%C3%AA%C2%B8%C2%B0%C3%AB%C2%85%C2%90%C3%AD%C2%96%C2%89%C3%AC%C2%82%C2%AC/%C3%AA%C2%B8%C2%B0%C3%AB%C2%85%C2%90%C3%AD%C2%96%C2%89%C3%AC%C2%82%C2%AC%20(135).jpg HTTP/1.1" 404 88 "-" "Mozilla/5.0 (compatible; MJ12bot/v1.4.8; http://mj12bot.com/)" "ysfine.com"
135.181.79.106 - - [10/Nov/2022:09:30:37 -0800] "GET /ysbio/class54/class5480/Pictures/2.%C3%AA%C2%B8%C2%B0%C3%AB%C2%85%C2%90%C3%AD%C2%96%C2%89%C3%AC%C2%82%C2%AC/%C3%AA%C2%B8%C2%B0%C3%AB%C2%85%C2%90%C3%AD%C2%96%C2%89%C3%AC%C2%82%C2%AC%20(136).jpg HTTP/1.1" 404 88 "-" "Mozilla/5.0 (compatible; MJ12bot/v1.4.8; http://mj12bot.com/)" "ysfine.com"
