40.122.230.189 - - [10/Nov/2022:01:24:55 -0800] "GET /usca/pitt/poli55b.jpg HTTP/1.1" 200 39961 "https://ysfine.com/usca/pitt" "Mozilla/5.0 (Windows NT 10.0; Win64; x64) AppleWebKit/537.36 (KHTML, like Gecko) Chrome/74.0.3729.157 Safari/537.36" "ysfine.com"
216.244.66.229 - - [10/Nov/2022:01:25:03 -0800] "GET /kowar/roostalin.html HTTP/1.1" 200 2350 "-" "Mozilla/5.0 (compatible; DotBot/1.2; +https://opensiteexplorer.org/dotbot; help@moz.com)" "www.ysfine.com"
185.191.171.21 - - [10/Nov/2022:01:25:14 -0800] "GET /ysbio/world/visas.html HTTP/1.1" 404 88 "-" "Mozilla/5.0 (compatible; SemrushBot/7~bl; +http://www.semrush.com/bot.html)" "www.ysfine.com"
118.184.177.51 - - [10/Nov/2022:01:25:20 -0800] "GET / HTTP/1.1" 200 5283 "-" "Sogou web spider/4.0(+http://www.sogou.com/docs/help/webmasters.htm#07)" "www.ysfine.com"
216.244.66.229 - - [10/Nov/2022:01:25:25 -0800] "GET /archives/proceedings/wpro01/gromov.html HTTP/1.1" 200 3334 "-" "Mozilla/5.0 (compatible; DotBot/1.2; +https://opensiteexplorer.org/dotbot; help@moz.com)" "ysfine.com"
175.176.20.13 - - [10/Nov/2022:01:25:28 -0800] "GET /maga/phys/schrod11.jpg HTTP/1.1" 200 107958 "https://images.search.yahoo.com/search/images;_ylt=AwrO_SLCwmxjGDceLBaJzbkF;_ylu=c2VjA3NlYXJjaARzbGsDYnV0dG9u;_ylc=X1MDOTYwNjI4NTcEX3IDMgRmcgNtY2FmZWUEZnIyA3A6cyx2OmksbTpzYi10b3AEZ3ByaWQDekJRNWNEdXRRVlN5SkNFNS5wUS5rQQRuX3JzbHQDMARuX3N1Z2cDMTAEb3JpZ2luA2ltYWdlcy5zZWFyY2gueWFob28uY29tBHBvcwMwBHBxc3RyAwRwcXN0cmwDMARxc3RybAMxNwRxdWVyeQNlcndpbiUyMHNjaHJvZGluZ2VyBHRfc3RtcAMxNjY4MDcyMzEy?p=erwin+schrodinger&fr=mcafee&fr2=p%3As%2Cv%3Ai%2Cm%3Asb-top&ei=UTF-8&x=wrt&type=E210US91215G0" "Mozilla/5.0 (Windows NT 10.0; Win64; x64) AppleWebKit/537.36 (KHTML, like Gecko) Chrome/107.0.0.0 Safari/537.36" "ysfine.com"
207.46.13.128 - - [10/Nov/2022:01:25:31 -0800] "GET /sbk/2008milan11.jpg HTTP/1.1" 200 260984 "-" "Mozilla/5.0 (compatible; bingbot/2.0; +http://www.bing.com/bingbot.htm)" "www.ysfine.com"
71.178.208.102 - - [10/Nov/2022:01:25:38 -0800] "GET /bio10.html HTTP/1.1" 200 4228 "-" "Mozilla/5.0 (Windows NT 10.0; Win64; x64; rv:106.0) Gecko/20100101 Firefox/106.0" "www.ysfine.com"
71.178.208.102 - - [10/Nov/2022:01:25:38 -0800] "GET /ysnr11c.jpg HTTP/1.1" 404 88 "https://www.ysfine.com/bio10.html" "Mozilla/5.0 (Windows NT 10.0; Win64; x64; rv:106.0) Gecko/20100101 Firefox/106.0" "www.ysfine.com"
71.178.208.102 - - [10/Nov/2022:01:25:38 -0800] "GET /favicon.ico HTTP/1.1" 404 88 "https://www.ysfine.com/bio10.html" "Mozilla/5.0 (Windows NT 10.0; Win64; x64; rv:106.0) Gecko/20100101 Firefox/106.0" "www.ysfine.com"
71.178.208.102 - - [10/Nov/2022:01:25:45 -0800] "GET /home/ewk86.jpg HTTP/1.1" 200 188473 "https://www.ysfine.com/bio10.html" "Mozilla/5.0 (Windows NT 10.0; Win64; x64; rv:106.0) Gecko/20100101 Firefox/106.0" "www.ysfine.com"
216.244.66.229 - - [10/Nov/2022:01:25:45 -0800] "GET /maga/phys/schrod22.jpg HTTP/1.1" 200 41352 "-" "Mozilla/5.0 (compatible; DotBot/1.2; +https://opensiteexplorer.org/dotbot; help@moz.com)" "ysfine.com"
216.244.66.229 - - [10/Nov/2022:01:26:07 -0800] "GET /wigner/neum/vnc18.jpg HTTP/1.1" 200 89614 "-" "Mozilla/5.0 (compatible; DotBot/1.2; +https://opensiteexplorer.org/dotbot; help@moz.com)" "ysfine.com"
185.191.171.7 - - [10/Nov/2022:01:26:14 -0800] "GET /kowar/sampal.html HTTP/1.1" 200 12090 "-" "Mozilla/5.0 (compatible; SemrushBot/7~bl; +http://www.semrush.com/bot.html)" "www.ysfine.com"
216.244.66.229 - - [10/Nov/2022:01:26:34 -0800] "GET /world/france/lilas02.jpg HTTP/1.1" 200 89476 "-" "Mozilla/5.0 (compatible; DotBot/1.2; +https://opensiteexplorer.org/dotbot; help@moz.com)" "ysfine.com"
157.55.39.129 - - [10/Nov/2022:01:26:42 -0800] "GET /ysbio/articles/kim89.pdf HTTP/1.1" 404 88 "-" "Mozilla/5.0 (compatible; bingbot/2.0; +http://www.bing.com/bingbot.htm)" "ysfine.com"
216.244.66.229 - - [10/Nov/2022:01:27:04 -0800] "GET /world/france/matisse04.jpg HTTP/1.1" 200 119796 "-" "Mozilla/5.0 (compatible; DotBot/1.2; +https://opensiteexplorer.org/dotbot; help@moz.com)" "ysfine.com"
71.178.208.102 - - [10/Nov/2022:01:27:06 -0800] "GET /yspapers/plb83.pdf HTTP/1.1" 200 195268 "https://www.ysfine.com/home/wigstu.html" "Mozilla/5.0 (Windows NT 10.0; Win64; x64; rv:106.0) Gecko/20100101 Firefox/106.0" "www.ysfine.com"
71.178.208.102 - - [10/Nov/2022:01:27:08 -0800] "GET /yspapers/plb83.pdf HTTP/1.1" 200 195268 "https://www.ysfine.com/home/wigstu.html" "Mozilla/5.0 (Windows NT 10.0; Win64; x64; rv:106.0) Gecko/20100101 Firefox/106.0" "www.ysfine.com"
71.178.208.102 - - [10/Nov/2022:01:27:23 -0800] "GET /favicon.ico HTTP/1.1" 404 88 "https://www.ysfine.com/wigner/gcontrac.html" "Mozilla/5.0 (Windows NT 10.0; Win64; x64; rv:106.0) Gecko/20100101 Firefox/106.0" "www.ysfine.com"
71.178.208.102 - - [10/Nov/2022:01:27:31 -0800] "GET /wigner/little.html HTTP/1.1" 200 3088 "https://www.ysfine.com/home/wigstu.html" "Mozilla/5.0 (Windows NT 10.0; Win64; x64; rv:106.0) Gecko/20100101 Firefox/106.0" "www.ysfine.com"
71.178.208.102 - - [10/Nov/2022:01:27:31 -0800] "GET /wigner/isomor66b.jpg HTTP/1.1" 200 60963 "https://www.ysfine.com/wigner/little.html" "Mozilla/5.0 (Windows NT 10.0; Win64; x64; rv:106.0) Gecko/20100101 Firefox/106.0" "www.ysfine.com"
71.178.208.102 - - [10/Nov/2022:01:27:31 -0800] "GET /einstein/newtwig11a.jpg HTTP/1.1" 200 62939 "https://www.ysfine.com/wigner/little.html" "Mozilla/5.0 (Windows NT 10.0; Win64; x64; rv:106.0) Gecko/20100101 Firefox/106.0" "www.ysfine.com"
71.178.208.102 - - [10/Nov/2022:01:27:31 -0800] "GET /einstein/newtein11a.jpg HTTP/1.1" 200 58594 "https://www.ysfine.com/wigner/little.html" "Mozilla/5.0 (Windows NT 10.0; Win64; x64; rv:106.0) Gecko/20100101 Firefox/106.0" "www.ysfine.com"
71.178.208.102 - - [10/Nov/2022:01:27:31 -0800] "GET /wigner/isomor33b.jpg HTTP/1.1" 200 42438 "https://www.ysfine.com/wigner/little.html" "Mozilla/5.0 (Windows NT 10.0; Win64; x64; rv:106.0) Gecko/20100101 Firefox/106.0" "www.ysfine.com"
71.178.208.102 - - [10/Nov/2022:01:27:31 -0800] "GET /wigner/gim/gimn63b.jpg HTTP/1.1" 200 31560 "https://www.ysfine.com/wigner/little.html" "Mozilla/5.0 (Windows NT 10.0; Win64; x64; rv:106.0) Gecko/20100101 Firefox/106.0" "www.ysfine.com"
71.178.208.102 - - [10/Nov/2022:01:27:31 -0800] "GET /wigner/wigein11a.jpg HTTP/1.1" 200 58036 "https://www.ysfine.com/wigner/little.html" "Mozilla/5.0 (Windows NT 10.0; Win64; x64; rv:106.0) Gecko/20100101 Firefox/106.0" "www.ysfine.com"
71.178.208.102 - - [10/Nov/2022:01:27:31 -0800] "GET /einstein/newton55b.jpg HTTP/1.1" 200 20261 "https://www.ysfine.com/wigner/little.html" "Mozilla/5.0 (Windows NT 10.0; Win64; x64; rv:106.0) Gecko/20100101 Firefox/106.0" "www.ysfine.com"
71.178.208.102 - - [10/Nov/2022:01:27:36 -0800] "GET /wigner/e(2).html HTTP/1.1" 200 4288 "https://www.ysfine.com/home/wigstu.html" "Mozilla/5.0 (Windows NT 10.0; Win64; x64; rv:106.0) Gecko/20100101 Firefox/106.0" "www.ysfine.com"
71.178.208.102 - - [10/Nov/2022:01:27:36 -0800] "GET /wigner/wigwein33b.jpg HTTP/1.1" 200 42269 "https://www.ysfine.com/wigner/e(2).html" "Mozilla/5.0 (Windows NT 10.0; Win64; x64; rv:106.0) Gecko/20100101 Firefox/106.0" "www.ysfine.com"
71.178.208.102 - - [10/Nov/2022:01:27:47 -0800] "GET /yspapers/stg.pdf HTTP/1.1" 200 97437 "https://www.ysfine.com/home/wigstu.html" "Mozilla/5.0 (Windows NT 10.0; Win64; x64; rv:106.0) Gecko/20100101 Firefox/106.0" "www.ysfine.com"
71.178.208.102 - - [10/Nov/2022:01:27:53 -0800] "GET /yspapers/cylin.pdf HTTP/1.1" 200 358984 "https://www.ysfine.com/home/wigstu.html" "Mozilla/5.0 (Windows NT 10.0; Win64; x64; rv:106.0) Gecko/20100101 Firefox/106.0" "www.ysfine.com"
77.88.5.126 - - [10/Nov/2022:01:27:54 -0800] "GET /home/bio66.html HTTP/1.1" 404 88 "-" "Mozilla/5.0 (compatible; YandexBot/3.0; +http://yandex.com/bots)" "www.ysfine.com"
216.244.66.229 - - [10/Nov/2022:01:27:55 -0800] "GET /world/israel/jeru17.jpg HTTP/1.1" 200 241335 "-" "Mozilla/5.0 (compatible; DotBot/1.2; +https://opensiteexplorer.org/dotbot; help@moz.com)" "ysfine.com"
71.178.208.102 - - [10/Nov/2022:01:28:01 -0800] "GET /people/sbt.html HTTP/1.1" 200 529 "https://www.ysfine.com/home/wigstu.html" "Mozilla/5.0 (Windows NT 10.0; Win64; x64; rv:106.0) Gecko/20100101 Firefox/106.0" "www.ysfine.com"
71.178.208.102 - - [10/Nov/2022:01:28:01 -0800] "GET /people/sbt11a.jpg HTTP/1.1" 200 109936 "https://www.ysfine.com/people/sbt.html" "Mozilla/5.0 (Windows NT 10.0; Win64; x64; rv:106.0) Gecko/20100101 Firefox/106.0" "www.ysfine.com"
71.178.208.102 - - [10/Nov/2022:01:28:09 -0800] "GET /home/dashen.html HTTP/1.1" 200 4015 "https://www.ysfine.com/home/wigstu.html" "Mozilla/5.0 (Windows NT 10.0; Win64; x64; rv:106.0) Gecko/20100101 Firefox/106.0" "www.ysfine.com"
71.178.208.102 - - [10/Nov/2022:01:28:09 -0800] "GET /home/goodbad11c.jpg HTTP/1.1" 200 18799 "https://www.ysfine.com/home/dashen.html" "Mozilla/5.0 (Windows NT 10.0; Win64; x64; rv:106.0) Gecko/20100101 Firefox/106.0" "www.ysfine.com"
71.178.208.102 - - [10/Nov/2022:01:28:09 -0800] "GET /home/dyson63c.jpg HTTP/1.1" 200 32101 "https://www.ysfine.com/home/dashen.html" "Mozilla/5.0 (Windows NT 10.0; Win64; x64; rv:106.0) Gecko/20100101 Firefox/106.0" "www.ysfine.com"
71.178.208.102 - - [10/Nov/2022:01:28:09 -0800] "GET /home/baranger97c.jpg HTTP/1.1" 200 25248 "https://www.ysfine.com/home/dashen.html" "Mozilla/5.0 (Windows NT 10.0; Win64; x64; rv:106.0) Gecko/20100101 Firefox/106.0" "www.ysfine.com"
40.86.101.252 - - [10/Nov/2022:01:28:13 -0800] "GET /world/latina/rio056b.jpg HTTP/1.1" 200 30911 "https://www.ysfine.com/world/latina" "Mozilla/5.0 (iPhone; CPU iPhone OS 13_5_1 like Mac OS X) AppleWebKit/605.1.15 (KHTML, like Gecko) Version/13.1.1 Mobile/15E148 Safari/604.1" "www.ysfine.com"
20.29.110.168 - - [10/Nov/2022:01:28:14 -0800] "GET /style/cameras/contax22b.jpg HTTP/1.1" 200 43332 "http://ysfine.com/style/cameras" "Mozilla/5.0 (Macintosh; Intel Mac OS X 10_11_6) AppleWebKit/605.1.15 (KHTML, like Gecko) Version/11.1.2 Safari/605.1.15" "ysfine.com"
157.55.39.129 - - [10/Nov/2022:01:28:23 -0800] "GET /bio/world/kalinin22.html HTTP/1.1" 404 88 "-" "Mozilla/5.0 (compatible; bingbot/2.0; +http://www.bing.com/bingbot.htm)" "ysfine.com"
71.178.208.102 - - [10/Nov/2022:01:28:35 -0800] "GET /style/stbot.html HTTP/1.1" 200 122 "https://www.ysfine.com/home/wigstu.html" "Mozilla/5.0 (Windows NT 10.0; Win64; x64; rv:106.0) Gecko/20100101 Firefox/106.0" "www.ysfine.com"
71.178.208.102 - - [10/Nov/2022:01:28:35 -0800] "GET /style/stleft.html HTTP/1.1" 200 548 "https://www.ysfine.com/style/stbot.html" "Mozilla/5.0 (Windows NT 10.0; Win64; x64; rv:106.0) Gecko/20100101 Firefox/106.0" "www.ysfine.com"
71.178.208.102 - - [10/Nov/2022:01:28:35 -0800] "GET /style/strigh.html HTTP/1.1" 200 1459 "https://www.ysfine.com/style/stbot.html" "Mozilla/5.0 (Windows NT 10.0; Win64; x64; rv:106.0) Gecko/20100101 Firefox/106.0" "www.ysfine.com"
40.122.230.188 - - [10/Nov/2022:01:28:37 -0800] "GET /world/china/china034b.jpg HTTP/1.1" 200 30968 "http://www.ysfine.com/world/china" "Mozilla/5.0 (iPhone; CPU iPhone OS 13_5_1 like Mac OS X) AppleWebKit/605.1.15 (KHTML, like Gecko) Version/13.1.1 Mobile/15E148 Safari/604.1" "www.ysfine.com"
216.244.66.229 - - [10/Nov/2022:01:28:37 -0800] "GET /world/poland/polstu09.jpg HTTP/1.1" 200 162676 "-" "Mozilla/5.0 (compatible; DotBot/1.2; +https://opensiteexplorer.org/dotbot; help@moz.com)" "ysfine.com"
216.244.66.229 - - [10/Nov/2022:01:29:14 -0800] "GET /world/russ/kazan081.jpg HTTP/1.1" 200 75486 "-" "Mozilla/5.0 (compatible; DotBot/1.2; +https://opensiteexplorer.org/dotbot; help@moz.com)" "ysfine.com"
40.77.167.27 - - [10/Nov/2022:01:29:27 -0800] "GET /usca/pitt/fortpitt01.jpg HTTP/1.1" 200 87587 "-" "Mozilla/5.0 (compatible; bingbot/2.0; +http://www.bing.com/bingbot.htm)" "ysfine.com"
157.55.39.129 - - [10/Nov/2022:01:29:44 -0800] "GET /usca/canada/montrf05.jpg HTTP/1.1" 200 222698 "-" "Mozilla/5.0 (compatible; bingbot/2.0; +http://www.bing.com/bingbot.htm)" "ysfine.com"
216.244.66.229 - - [10/Nov/2022:01:29:44 -0800] "GET /world/russ/redsq01.jpg HTTP/1.1" 200 68420 "-" "Mozilla/5.0 (compatible; DotBot/1.2; +https://opensiteexplorer.org/dotbot; help@moz.com)" "ysfine.com"
40.86.101.164 - - [10/Nov/2022:01:29:55 -0800] "GET /world/israel/tlv23c.jpg HTTP/1.1" 200 27789 "https://ysfine.com/world/israel" "Mozilla/5.0 (Macintosh; Intel Mac OS X 10_11_6) AppleWebKit/605.1.15 (KHTML, like Gecko) Version/11.1.2 Safari/605.1.15" "ysfine.com"
216.244.66.229 - - [10/Nov/2022:01:30:19 -0800] "GET /world/scandi/sto035.jpg HTTP/1.1" 200 93331 "-" "Mozilla/5.0 (compatible; DotBot/1.2; +https://opensiteexplorer.org/dotbot; help@moz.com)" "ysfine.com"
71.178.208.102 - - [10/Nov/2022:01:30:23 -0800] "GET /home/wigstu.html HTTP/1.1" 304 - "https://www.ysfine.com/bio10.html" "Mozilla/5.0 (Windows NT 10.0; Win64; x64; rv:106.0) Gecko/20100101 Firefox/106.0" "www.ysfine.com"
71.178.208.102 - - [10/Nov/2022:01:30:32 -0800] "GET /bio10.html HTTP/1.1" 200 4233 "-" "Mozilla/5.0 (Windows NT 10.0; Win64; x64; rv:106.0) Gecko/20100101 Firefox/106.0" "www.ysfine.com"
71.178.208.102 - - [10/Nov/2022:01:30:32 -0800] "GET /ysnr11c.jpg HTTP/1.1" 404 88 "https://www.ysfine.com/bio10.html" "Mozilla/5.0 (Windows NT 10.0; Win64; x64; rv:106.0) Gecko/20100101 Firefox/106.0" "www.ysfine.com"
71.178.208.102 - - [10/Nov/2022:01:30:32 -0800] "GET /favicon.ico HTTP/1.1" 404 88 "https://www.ysfine.com/bio10.html" "Mozilla/5.0 (Windows NT 10.0; Win64; x64; rv:106.0) Gecko/20100101 Firefox/106.0" "www.ysfine.com"
71.178.208.102 - - [10/Nov/2022:01:30:37 -0800] "GET /einstein/einstirie.html HTTP/1.1" 404 88 "https://www.ysfine.com/bio10.html" "Mozilla/5.0 (Windows NT 10.0; Win64; x64; rv:106.0) Gecko/20100101 Firefox/106.0" "www.ysfine.com"
185.191.171.43 - - [10/Nov/2022:01:30:44 -0800] "GET /robots.txt HTTP/1.1" 404 88 "-" "Mozilla/5.0 (compatible; SemrushBot/7~bl; +http://www.semrush.com/bot.html)" "ysfine.com"
185.191.171.11 - - [10/Nov/2022:01:30:46 -0800] "GET /ffriends/british.html HTTP/1.1" 200 3195 "-" "Mozilla/5.0 (compatible; SemrushBot/7~bl; +http://www.semrush.com/bot.html)" "ysfine.com"
77.75.79.36 - - [10/Nov/2022:01:31:12 -0800] "GET /robots.txt HTTP/1.1" 404 88 "-" "Mozilla/5.0 (compatible; SeznamBot/3.2; +http://napoveda.seznam.cz/en/seznambot-intro/)" "ysfine.com"
77.75.79.36 - - [10/Nov/2022:01:31:14 -0800] "GET /awards/marq/amway21.jpg HTTP/1.1" 200 201972 "-" "Mozilla/5.0 (compatible; SeznamBot/3.2; +http://napoveda.seznam.cz/en/seznambot-intro/)" "ysfine.com"
77.75.79.36 - - [10/Nov/2022:01:31:19 -0800] "GET /world/poland/gdn52.jpg HTTP/1.1" 304 - "-" "Mozilla/5.0 (compatible; SeznamBot/3.2; +http://napoveda.seznam.cz/en/seznambot-intro/)" "ysfine.com"
77.75.79.36 - - [10/Nov/2022:01:31:20 -0800] "GET /world/poland/gdn61.jpg HTTP/1.1" 304 - "-" "Mozilla/5.0 (compatible; SeznamBot/3.2; +http://napoveda.seznam.cz/en/seznambot-intro/)" "ysfine.com"
77.75.79.36 - - [10/Nov/2022:01:31:20 -0800] "GET /newyork/chinat11.jpg HTTP/1.1" 304 - "-" "Mozilla/5.0 (compatible; SeznamBot/3.2; +http://napoveda.seznam.cz/en/seznambot-intro/)" "ysfine.com"
77.75.79.36 - - [10/Nov/2022:01:31:20 -0800] "GET /dirac/o32inho22.jpg HTTP/1.1" 200 215421 "-" "Mozilla/5.0 (compatible; SeznamBot/3.2; +http://napoveda.seznam.cz/en/seznambot-intro/)" "ysfine.com"
77.75.79.36 - - [10/Nov/2022:01:31:24 -0800] "GET /newyork/wtc24.jpg HTTP/1.1" 304 - "-" "Mozilla/5.0 (compatible; SeznamBot/3.2; +http://napoveda.seznam.cz/en/seznambot-intro/)" "ysfine.com"
77.75.79.36 - - [10/Nov/2022:01:31:25 -0800] "GET /newyork/wtc14.jpg HTTP/1.1" 304 - "-" "Mozilla/5.0 (compatible; SeznamBot/3.2; +http://napoveda.seznam.cz/en/seznambot-intro/)" "ysfine.com"
71.178.208.102 - - [10/Nov/2022:01:31:30 -0800] "GET /bio10.html HTTP/1.1" 200 4232 "-" "Mozilla/5.0 (Windows NT 10.0; Win64; x64; rv:106.0) Gecko/20100101 Firefox/106.0" "www.ysfine.com"
71.178.208.102 - - [10/Nov/2022:01:31:30 -0800] "GET /ysnr11c.jpg HTTP/1.1" 404 88 "https://www.ysfine.com/bio10.html" "Mozilla/5.0 (Windows NT 10.0; Win64; x64; rv:106.0) Gecko/20100101 Firefox/106.0" "www.ysfine.com"
71.178.208.102 - - [10/Nov/2022:01:31:32 -0800] "GET /einstein/einstorie.html HTTP/1.1" 200 2505 "https://www.ysfine.com/bio10.html" "Mozilla/5.0 (Windows NT 10.0; Win64; x64; rv:106.0) Gecko/20100101 Firefox/106.0" "www.ysfine.com"
20.29.110.168 - - [10/Nov/2022:01:31:40 -0800] "GET /friends/telefon2.jpg HTTP/1.1" 404 88 "http://www.ysfine.com/friends" "Mozilla/5.0 (Linux; Android 10; SM-G960U) AppleWebKit/537.36 (KHTML, like Gecko) Chrome/88.0.4324.181 Mobile Safari/537.36" "www.ysfine.com"
157.55.39.76 - - [10/Nov/2022:01:31:42 -0800] "GET /wisdom/wkstorie.html HTTP/1.1" 200 954 "-" "Mozilla/5.0 AppleWebKit/537.36 (KHTML, like Gecko; compatible; bingbot/2.0; +http://www.bing.com/bingbot.htm) Chrome/103.0.5060.134 Safari/537.36" "www.ysfine.com"
71.178.208.102 - - [10/Nov/2022:01:31:58 -0800] "GET /einstein/further.html HTTP/1.1" 200 4338 "https://www.ysfine.com/einstein/einstorie.html" "Mozilla/5.0 (Windows NT 10.0; Win64; x64; rv:106.0) Gecko/20100101 Firefox/106.0" "www.ysfine.com"
71.178.208.102 - - [10/Nov/2022:01:31:58 -0800] "GET /einstein/places/einha01c.jpg HTTP/1.1" 200 39982 "https://www.ysfine.com/einstein/further.html" "Mozilla/5.0 (Windows NT 10.0; Win64; x64; rv:106.0) Gecko/20100101 Firefox/106.0" "www.ysfine.com"
71.178.208.102 - - [10/Nov/2022:01:31:58 -0800] "GET /einstein/eward33f.jpg HTTP/1.1" 200 77764 "https://www.ysfine.com/einstein/further.html" "Mozilla/5.0 (Windows NT 10.0; Win64; x64; rv:106.0) Gecko/20100101 Firefox/106.0" "www.ysfine.com"
71.178.208.102 - - [10/Nov/2022:01:31:58 -0800] "GET /einstein/eins05c.jpg HTTP/1.1" 200 52461 "https://www.ysfine.com/einstein/further.html" "Mozilla/5.0 (Windows NT 10.0; Win64; x64; rv:106.0) Gecko/20100101 Firefox/106.0" "www.ysfine.com"
71.178.208.102 - - [10/Nov/2022:01:31:58 -0800] "GET /einstein/ewk86f.jpg HTTP/1.1" 200 127172 "https://www.ysfine.com/einstein/further.html" "Mozilla/5.0 (Windows NT 10.0; Win64; x64; rv:106.0) Gecko/20100101 Firefox/106.0" "www.ysfine.com"
71.178.208.102 - - [10/Nov/2022:01:31:58 -0800] "GET /einstein/newtwig11f.jpg HTTP/1.1" 200 75618 "https://www.ysfine.com/einstein/further.html" "Mozilla/5.0 (Windows NT 10.0; Win64; x64; rv:106.0) Gecko/20100101 Firefox/106.0" "www.ysfine.com"
71.178.208.102 - - [10/Nov/2022:01:31:58 -0800] "GET /einstein/places/einha02c.jpg HTTP/1.1" 200 23710 "https://www.ysfine.com/einstein/further.html" "Mozilla/5.0 (Windows NT 10.0; Win64; x64; rv:106.0) Gecko/20100101 Firefox/106.0" "www.ysfine.com"
71.178.208.102 - - [10/Nov/2022:01:31:58 -0800] "GET /einstein/newtein11f.jpg HTTP/1.1" 200 75467 "https://www.ysfine.com/einstein/further.html" "Mozilla/5.0 (Windows NT 10.0; Win64; x64; rv:106.0) Gecko/20100101 Firefox/106.0" "www.ysfine.com"
71.178.208.102 - - [10/Nov/2022:01:31:58 -0800] "GET /einstein/dirfeyn55f.jpg HTTP/1.1" 200 106448 "https://www.ysfine.com/einstein/further.html" "Mozilla/5.0 (Windows NT 10.0; Win64; x64; rv:106.0) Gecko/20100101 Firefox/106.0" "www.ysfine.com"
71.178.208.102 - - [10/Nov/2022:01:32:20 -0800] "GET /eink/mose.html HTTP/1.1" 200 14315 "https://www.ysfine.com/einstein/einstorie.html" "Mozilla/5.0 (Windows NT 10.0; Win64; x64; rv:106.0) Gecko/20100101 Firefox/106.0" "www.ysfine.com"
71.178.208.102 - - [10/Nov/2022:01:32:20 -0800] "GET /eink/moses450.jpg HTTP/1.1" 200 109858 "https://www.ysfine.com/eink/mose.html" "Mozilla/5.0 (Windows NT 10.0; Win64; x64; rv:106.0) Gecko/20100101 Firefox/106.0" "www.ysfine.com"
71.178.208.102 - - [10/Nov/2022:01:32:20 -0800] "GET /eink/ysrhee33d.jpg HTTP/1.1" 200 38065 "https://www.ysfine.com/eink/mose.html" "Mozilla/5.0 (Windows NT 10.0; Win64; x64; rv:106.0) Gecko/20100101 Firefox/106.0" "www.ysfine.com"
71.178.208.102 - - [10/Nov/2022:01:32:20 -0800] "GET /eink/feygell88f.jpg HTTP/1.1" 200 96630 "https://www.ysfine.com/eink/mose.html" "Mozilla/5.0 (Windows NT 10.0; Win64; x64; rv:106.0) Gecko/20100101 Firefox/106.0" "www.ysfine.com"
71.178.208.102 - - [10/Nov/2022:01:32:20 -0800] "GET /eink/isomor55d.jpg HTTP/1.1" 200 54587 "https://www.ysfine.com/eink/mose.html" "Mozilla/5.0 (Windows NT 10.0; Win64; x64; rv:106.0) Gecko/20100101 Firefox/106.0" "www.ysfine.com"
71.178.208.102 - - [10/Nov/2022:01:32:20 -0800] "GET /eink/sorae01d.jpg HTTP/1.1" 200 35433 "https://www.ysfine.com/eink/mose.html" "Mozilla/5.0 (Windows NT 10.0; Win64; x64; rv:106.0) Gecko/20100101 Firefox/106.0" "www.ysfine.com"
71.178.208.102 - - [10/Nov/2022:01:32:20 -0800] "GET /eink/zhuxi300.jpg HTTP/1.1" 200 49536 "https://www.ysfine.com/eink/mose.html" "Mozilla/5.0 (Windows NT 10.0; Win64; x64; rv:106.0) Gecko/20100101 Firefox/106.0" "www.ysfine.com"
71.178.208.102 - - [10/Nov/2022:01:32:20 -0800] "GET /eink/feyfirm55c.jpg HTTP/1.1" 200 32171 "https://www.ysfine.com/eink/mose.html" "Mozilla/5.0 (Windows NT 10.0; Win64; x64; rv:106.0) Gecko/20100101 Firefox/106.0" "www.ysfine.com"
71.178.208.102 - - [10/Nov/2022:01:32:20 -0800] "GET /eink/evol77a.jpg HTTP/1.1" 200 87188 "https://www.ysfine.com/eink/mose.html" "Mozilla/5.0 (Windows NT 10.0; Win64; x64; rv:106.0) Gecko/20100101 Firefox/106.0" "www.ysfine.com"
71.178.208.102 - - [10/Nov/2022:01:32:20 -0800] "GET /eink/underw03d.jpg HTTP/1.1" 200 40793 "https://www.ysfine.com/eink/mose.html" "Mozilla/5.0 (Windows NT 10.0; Win64; x64; rv:106.0) Gecko/20100101 Firefox/106.0" "www.ysfine.com"
71.178.208.102 - - [10/Nov/2022:01:32:20 -0800] "GET /eink/parton33f.jpg HTTP/1.1" 200 87862 "https://www.ysfine.com/eink/mose.html" "Mozilla/5.0 (Windows NT 10.0; Win64; x64; rv:106.0) Gecko/20100101 Firefox/106.0" "www.ysfine.com"
71.178.208.102 - - [10/Nov/2022:01:32:20 -0800] "GET /eink/eward11d.jpg HTTP/1.1" 200 76549 "https://www.ysfine.com/eink/mose.html" "Mozilla/5.0 (Windows NT 10.0; Win64; x64; rv:106.0) Gecko/20100101 Firefox/106.0" "www.ysfine.com"
71.178.208.102 - - [10/Nov/2022:01:32:20 -0800] "GET /eink/tollwig11d.jpg HTTP/1.1" 200 45634 "https://www.ysfine.com/eink/mose.html" "Mozilla/5.0 (Windows NT 10.0; Win64; x64; rv:106.0) Gecko/20100101 Firefox/106.0" "www.ysfine.com"
71.178.208.102 - - [10/Nov/2022:01:32:20 -0800] "GET /eink/eintao33d.jpg HTTP/1.1" 200 51097 "https://www.ysfine.com/eink/mose.html" "Mozilla/5.0 (Windows NT 10.0; Win64; x64; rv:106.0) Gecko/20100101 Firefox/106.0" "www.ysfine.com"
71.178.208.102 - - [10/Nov/2022:01:32:20 -0800] "GET /eink/eintao55d.jpg HTTP/1.1" 200 50540 "https://www.ysfine.com/eink/mose.html" "Mozilla/5.0 (Windows NT 10.0; Win64; x64; rv:106.0) Gecko/20100101 Firefox/106.0" "www.ysfine.com"
71.178.208.102 - - [10/Nov/2022:01:32:20 -0800] "GET /eink/michwight11d.jpg HTTP/1.1" 200 57798 "https://www.ysfine.com/eink/mose.html" "Mozilla/5.0 (Windows NT 10.0; Win64; x64; rv:106.0) Gecko/20100101 Firefox/106.0" "www.ysfine.com"
71.178.208.102 - - [10/Nov/2022:01:32:20 -0800] "GET /eink/tao55f.jpg HTTP/1.1" 200 128668 "https://www.ysfine.com/eink/mose.html" "Mozilla/5.0 (Windows NT 10.0; Win64; x64; rv:106.0) Gecko/20100101 Firefox/106.0" "www.ysfine.com"
71.178.208.102 - - [10/Nov/2022:01:32:20 -0800] "GET /eink/wsj21f.jpg HTTP/1.1" 200 172238 "https://www.ysfine.com/eink/mose.html" "Mozilla/5.0 (Windows NT 10.0; Win64; x64; rv:106.0) Gecko/20100101 Firefox/106.0" "www.ysfine.com"
71.178.208.102 - - [10/Nov/2022:01:32:20 -0800] "GET /eink/milanf01d.jpg HTTP/1.1" 200 62371 "https://www.ysfine.com/eink/mose.html" "Mozilla/5.0 (Windows NT 10.0; Win64; x64; rv:106.0) Gecko/20100101 Firefox/106.0" "www.ysfine.com"
71.178.208.102 - - [10/Nov/2022:01:32:20 -0800] "GET /eink/church06d.jpg HTTP/1.1" 200 73777 "https://www.ysfine.com/eink/mose.html" "Mozilla/5.0 (Windows NT 10.0; Win64; x64; rv:106.0) Gecko/20100101 Firefox/106.0" "www.ysfine.com"
71.178.208.102 - - [10/Nov/2022:01:32:20 -0800] "GET /eink/bieden02d.jpg HTTP/1.1" 200 55623 "https://www.ysfine.com/eink/mose.html" "Mozilla/5.0 (Windows NT 10.0; Win64; x64; rv:106.0) Gecko/20100101 Firefox/106.0" "www.ysfine.com"
71.178.208.102 - - [10/Nov/2022:01:32:20 -0800] "GET /eink/hegel09d.jpg HTTP/1.1" 200 51438 "https://www.ysfine.com/eink/mose.html" "Mozilla/5.0 (Windows NT 10.0; Win64; x64; rv:106.0) Gecko/20100101 Firefox/106.0" "www.ysfine.com"
71.178.208.102 - - [10/Nov/2022:01:32:20 -0800] "GET /home/facu450.jpg HTTP/1.1" 200 74535 "https://www.ysfine.com/eink/mose.html" "Mozilla/5.0 (Windows NT 10.0; Win64; x64; rv:106.0) Gecko/20100101 Firefox/106.0" "www.ysfine.com"
71.178.208.102 - - [10/Nov/2022:01:32:20 -0800] "GET /eink/eintao55f.jpg HTTP/1.1" 200 110322 "https://www.ysfine.com/eink/mose.html" "Mozilla/5.0 (Windows NT 10.0; Win64; x64; rv:106.0) Gecko/20100101 Firefox/106.0" "www.ysfine.com"
71.178.208.102 - - [10/Nov/2022:01:32:20 -0800] "GET /eink/eink26a.jpg HTTP/1.1" 200 48279 "https://www.ysfine.com/eink/mose.html" "Mozilla/5.0 (Windows NT 10.0; Win64; x64; rv:106.0) Gecko/20100101 Firefox/106.0" "www.ysfine.com"
71.178.208.102 - - [10/Nov/2022:01:32:20 -0800] "GET /eink/rheepr01d.jpg HTTP/1.1" 200 52650 "https://www.ysfine.com/eink/mose.html" "Mozilla/5.0 (Windows NT 10.0; Win64; x64; rv:106.0) Gecko/20100101 Firefox/106.0" "www.ysfine.com"
71.178.208.102 - - [10/Nov/2022:01:32:20 -0800] "GET /eink/kflag11c.jpg HTTP/1.1" 200 27284 "https://www.ysfine.com/eink/mose.html" "Mozilla/5.0 (Windows NT 10.0; Win64; x64; rv:106.0) Gecko/20100101 Firefox/106.0" "www.ysfine.com"
71.178.208.102 - - [10/Nov/2022:01:32:20 -0800] "GET /eink/taylor11d.jpg HTTP/1.1" 200 42097 "https://www.ysfine.com/eink/mose.html" "Mozilla/5.0 (Windows NT 10.0; Win64; x64; rv:106.0) Gecko/20100101 Firefox/106.0" "www.ysfine.com"
71.178.208.102 - - [10/Nov/2022:01:32:20 -0800] "GET /eink/wigkim11d.jpg HTTP/1.1" 200 51892 "https://www.ysfine.com/eink/mose.html" "Mozilla/5.0 (Windows NT 10.0; Win64; x64; rv:106.0) Gecko/20100101 Firefox/106.0" "www.ysfine.com"
71.178.208.102 - - [10/Nov/2022:01:32:20 -0800] "GET /eink/inonu97d.jpg HTTP/1.1" 200 41351 "https://www.ysfine.com/eink/mose.html" "Mozilla/5.0 (Windows NT 10.0; Win64; x64; rv:106.0) Gecko/20100101 Firefox/106.0" "www.ysfine.com"
71.178.208.102 - - [10/Nov/2022:01:32:20 -0800] "GET /eink/chungilk05f.jpg HTTP/1.1" 200 128213 "https://www.ysfine.com/eink/mose.html" "Mozilla/5.0 (Windows NT 10.0; Win64; x64; rv:106.0) Gecko/20100101 Firefox/106.0" "www.ysfine.com"
71.178.208.102 - - [10/Nov/2022:01:32:20 -0800] "GET /eink/kantbooks11d.jpg HTTP/1.1" 200 39604 "https://www.ysfine.com/eink/mose.html" "Mozilla/5.0 (Windows NT 10.0; Win64; x64; rv:106.0) Gecko/20100101 Firefox/106.0" "www.ysfine.com"
71.178.208.102 - - [10/Nov/2022:01:32:20 -0800] "GET /eink/dirbust22d.jpg HTTP/1.1" 200 52160 "https://www.ysfine.com/eink/mose.html" "Mozilla/5.0 (Windows NT 10.0; Win64; x64; rv:106.0) Gecko/20100101 Firefox/106.0" "www.ysfine.com"
71.178.208.102 - - [10/Nov/2022:01:32:20 -0800] "GET /eink/michwight22d.jpg HTTP/1.1" 200 47211 "https://www.ysfine.com/eink/mose.html" "Mozilla/5.0 (Windows NT 10.0; Win64; x64; rv:106.0) Gecko/20100101 Firefox/106.0" "www.ysfine.com"
71.178.208.102 - - [10/Nov/2022:01:32:20 -0800] "GET /eink/reagan01d.jpg HTTP/1.1" 200 63614 "https://www.ysfine.com/eink/mose.html" "Mozilla/5.0 (Windows NT 10.0; Win64; x64; rv:106.0) Gecko/20100101 Firefox/106.0" "www.ysfine.com"
40.77.167.71 - - [10/Nov/2022:01:32:56 -0800] "GET /home/style/digilit.html HTTP/1.1" 404 88 "-" "Mozilla/5.0 (compatible; bingbot/2.0; +http://www.bing.com/bingbot.htm)" "ysfine.com"
207.46.13.107 - - [10/Nov/2022:01:33:01 -0800] "GET /world/baltic/kalin18.jpg HTTP/1.1" 200 66935 "-" "Mozilla/5.0 (compatible; bingbot/2.0; +http://www.bing.com/bingbot.htm)" "ysfine.com"
71.178.208.102 - - [10/Nov/2022:01:33:07 -0800] "GET /favicon.ico HTTP/1.1" 404 88 "https://ysfine.com/ys11/" "Mozilla/5.0 (Windows NT 10.0; Win64; x64) AppleWebKit/537.36 (KHTML, like Gecko) Chrome/107.0.0.0 Safari/537.36 Edg/107.0.1418.35" "ysfine.com"
223.72.93.145 - - [10/Nov/2022:01:33:48 -0800] "GET /maga/invent/inductmo.jpg HTTP/1.1" 200 100995 "https://cn.bing.com/" "Mozilla/5.0 (Windows NT 10.0; Win64; x64) AppleWebKit/537.36 (KHTML, like Gecko) Chrome/102.0.0.0 Safari/537.36" "www.ysfine.com"
40.77.167.71 - - [10/Nov/2022:01:33:57 -0800] "GET /world/china/dalian41.jpg HTTP/1.1" 200 111582 "-" "Mozilla/5.0 AppleWebKit/537.36 (KHTML, like Gecko; compatible; bingbot/2.0; +http://www.bing.com/bingbot.htm) Chrome/103.0.5060.134 Safari/537.36" "ysfine.com"
40.77.167.71 - - [10/Nov/2022:01:33:57 -0800] "GET /ysbio/folks/uscan.html HTTP/1.1" 404 88 "-" "Mozilla/5.0 AppleWebKit/537.36 (KHTML, like Gecko; compatible; bingbot/2.0; +http://www.bing.com/bingbot.htm) Chrome/103.0.5060.134 Safari/537.36" "ysfine.com"
40.77.167.27 - - [10/Nov/2022:01:34:06 -0800] "GET /world/russ/mosf36.jpg HTTP/1.1" 200 131282 "-" "Mozilla/5.0 (compatible; bingbot/2.0; +http://www.bing.com/bingbot.htm)" "www.ysfine.com"
40.77.167.71 - - [10/Nov/2022:01:34:26 -0800] "GET /ysbio/beau/admire.html HTTP/1.1" 404 88 "-" "Mozilla/5.0 (compatible; bingbot/2.0; +http://www.bing.com/bingbot.htm)" "ysfine.com"
71.178.208.102 - - [10/Nov/2022:01:34:34 -0800] "GET /ys11/index.html HTTP/1.1" 304 - "https://www.bing.com/" "Mozilla/5.0 (Windows NT 10.0; Win64; x64; rv:106.0) Gecko/20100101 Firefox/106.0" "www.ysfine.com"
172.241.143.54 - - [10/Nov/2022:01:34:35 -0800] "GET /einstein/einbot.html HTTP/1.1" 200 126 "-" "Mozilla/5.0 (Windows NT 10.0; Win64; x64) AppleWebKit/537.36 (KHTML, like Gecko) Chrome/103.0.0.0 Safari/537.36 Vivaldi/5.3.2679.68" "ysfine.com"
172.241.143.54 - - [10/Nov/2022:01:34:36 -0800] "GET /einstein/einleft.htm HTTP/1.1" 404 88 "https://ysfine.com/einstein/einbot.html" "Mozilla/5.0 (Windows NT 10.0; Win64; x64) AppleWebKit/537.36 (KHTML, like Gecko) Chrome/103.0.0.0 Safari/537.36 Vivaldi/5.3.2679.68" "ysfine.com"
172.241.143.54 - - [10/Nov/2022:01:34:37 -0800] "GET /einstein/einkim.htm HTTP/1.1" 404 88 "https://ysfine.com/einstein/einbot.html" "Mozilla/5.0 (Windows NT 10.0; Win64; x64) AppleWebKit/537.36 (KHTML, like Gecko) Chrome/103.0.0.0 Safari/537.36 Vivaldi/5.3.2679.68" "ysfine.com"
51.222.253.4 - - [10/Nov/2022:01:34:48 -0800] "GET /class54/class5470/total_data/sub_506.htm HTTP/1.1" 200 3196 "-" "Mozilla/5.0 (compatible; AhrefsBot/7.0; +http://ahrefs.com/robot/)" "www.ysfine.com"
207.46.13.128 - - [10/Nov/2022:01:35:02 -0800] "GET /ysbio/world/marx.html HTTP/1.1" 404 88 "-" "Mozilla/5.0 (compatible; bingbot/2.0; +http://www.bing.com/bingbot.htm)" "ysfine.com"
82.132.219.181 - - [10/Nov/2022:01:35:33 -0800] "GET /world/sfrance.html HTTP/1.1" 200 8453 "https://www.google.co.uk/" "Mozilla/5.0 (iPhone; CPU iPhone OS 15_6_1 like Mac OS X) AppleWebKit/605.1.15 (KHTML, like Gecko) Version/15.6.1 Mobile/15E148 Safari/604.1" "ysfine.com"
82.132.219.181 - - [10/Nov/2022:01:35:33 -0800] "GET /world/france/chagall30b.jpg HTTP/1.1" 200 51086 "https://ysfine.com/world/sfrance.html" "Mozilla/5.0 (iPhone; CPU iPhone OS 15_6_1 like Mac OS X) AppleWebKit/605.1.15 (KHTML, like Gecko) Version/15.6.1 Mobile/15E148 Safari/604.1" "ysfine.com"
82.132.219.181 - - [10/Nov/2022:01:35:33 -0800] "GET /style/picass55b.jpg HTTP/1.1" 200 45890 "https://ysfine.com/world/sfrance.html" "Mozilla/5.0 (iPhone; CPU iPhone OS 15_6_1 like Mac OS X) AppleWebKit/605.1.15 (KHTML, like Gecko) Version/15.6.1 Mobile/15E148 Safari/604.1" "ysfine.com"
82.132.219.181 - - [10/Nov/2022:01:35:33 -0800] "GET /world/france/chagall02b.jpg HTTP/1.1" 200 38394 "https://ysfine.com/world/sfrance.html" "Mozilla/5.0 (iPhone; CPU iPhone OS 15_6_1 like Mac OS X) AppleWebKit/605.1.15 (KHTML, like Gecko) Version/15.6.1 Mobile/15E148 Safari/604.1" "ysfine.com"
82.132.219.181 - - [10/Nov/2022:01:35:33 -0800] "GET /world/france/chagall29b.jpg HTTP/1.1" 200 47051 "https://ysfine.com/world/sfrance.html" "Mozilla/5.0 (iPhone; CPU iPhone OS 15_6_1 like Mac OS X) AppleWebKit/605.1.15 (KHTML, like Gecko) Version/15.6.1 Mobile/15E148 Safari/604.1" "ysfine.com"
82.132.219.181 - - [10/Nov/2022:01:35:34 -0800] "GET /world/france/matisse05b.jpg HTTP/1.1" 200 29140 "https://ysfine.com/world/sfrance.html" "Mozilla/5.0 (iPhone; CPU iPhone OS 15_6_1 like Mac OS X) AppleWebKit/605.1.15 (KHTML, like Gecko) Version/15.6.1 Mobile/15E148 Safari/604.1" "ysfine.com"
82.132.219.181 - - [10/Nov/2022:01:35:34 -0800] "GET /world/france/matisse09b.jpg HTTP/1.1" 200 33648 "https://ysfine.com/world/sfrance.html" "Mozilla/5.0 (iPhone; CPU iPhone OS 15_6_1 like Mac OS X) AppleWebKit/605.1.15 (KHTML, like Gecko) Version/15.6.1 Mobile/15E148 Safari/604.1" "ysfine.com"
82.132.219.181 - - [10/Nov/2022:01:35:34 -0800] "GET /world/france/antibes03b.jpg HTTP/1.1" 200 48883 "https://ysfine.com/world/sfrance.html" "Mozilla/5.0 (iPhone; CPU iPhone OS 15_6_1 like Mac OS X) AppleWebKit/605.1.15 (KHTML, like Gecko) Version/15.6.1 Mobile/15E148 Safari/604.1" "ysfine.com"
82.132.219.181 - - [10/Nov/2022:01:35:34 -0800] "GET /style/cezanne01b.jpg HTTP/1.1" 200 45494 "https://ysfine.com/world/sfrance.html" "Mozilla/5.0 (iPhone; CPU iPhone OS 15_6_1 like Mac OS X) AppleWebKit/605.1.15 (KHTML, like Gecko) Version/15.6.1 Mobile/15E148 Safari/604.1" "ysfine.com"
82.132.219.181 - - [10/Nov/2022:01:35:34 -0800] "GET /eink/eink61c.jpg HTTP/1.1" 200 34119 "https://ysfine.com/world/sfrance.html" "Mozilla/5.0 (iPhone; CPU iPhone OS 15_6_1 like Mac OS X) AppleWebKit/605.1.15 (KHTML, like Gecko) Version/15.6.1 Mobile/15E148 Safari/604.1" "ysfine.com"
82.132.219.181 - - [10/Nov/2022:01:35:34 -0800] "GET /world/france/matisse52b.jpg HTTP/1.1" 200 43761 "https://ysfine.com/world/sfrance.html" "Mozilla/5.0 (iPhone; CPU iPhone OS 15_6_1 like Mac OS X) AppleWebKit/605.1.15 (KHTML, like Gecko) Version/15.6.1 Mobile/15E148 Safari/604.1" "ysfine.com"
82.132.219.181 - - [10/Nov/2022:01:35:34 -0800] "GET /world/france/arles07b.jpg HTTP/1.1" 200 38026 "https://ysfine.com/world/sfrance.html" "Mozilla/5.0 (iPhone; CPU iPhone OS 15_6_1 like Mac OS X) AppleWebKit/605.1.15 (KHTML, like Gecko) Version/15.6.1 Mobile/15E148 Safari/604.1" "ysfine.com"
82.132.219.181 - - [10/Nov/2022:01:35:34 -0800] "GET /world/france/aix02b.jpg HTTP/1.1" 200 50746 "https://ysfine.com/world/sfrance.html" "Mozilla/5.0 (iPhone; CPU iPhone OS 15_6_1 like Mac OS X) AppleWebKit/605.1.15 (KHTML, like Gecko) Version/15.6.1 Mobile/15E148 Safari/604.1" "ysfine.com"
82.132.219.181 - - [10/Nov/2022:01:35:34 -0800] "GET /world/france/pontdg12b.jpg HTTP/1.1" 200 31210 "https://ysfine.com/world/sfrance.html" "Mozilla/5.0 (iPhone; CPU iPhone OS 15_6_1 like Mac OS X) AppleWebKit/605.1.15 (KHTML, like Gecko) Version/15.6.1 Mobile/15E148 Safari/604.1" "ysfine.com"
82.132.219.181 - - [10/Nov/2022:01:35:34 -0800] "GET /feynman/feygell66b.jpg HTTP/1.1" 200 28843 "https://ysfine.com/world/sfrance.html" "Mozilla/5.0 (iPhone; CPU iPhone OS 15_6_1 like Mac OS X) AppleWebKit/605.1.15 (KHTML, like Gecko) Version/15.6.1 Mobile/15E148 Safari/604.1" "ysfine.com"
82.132.219.181 - - [10/Nov/2022:01:35:34 -0800] "GET /feynman/feydirac270.jpg HTTP/1.1" 200 59000 "https://ysfine.com/world/sfrance.html" "Mozilla/5.0 (iPhone; CPU iPhone OS 15_6_1 like Mac OS X) AppleWebKit/605.1.15 (KHTML, like Gecko) Version/15.6.1 Mobile/15E148 Safari/604.1" "ysfine.com"
82.132.219.181 - - [10/Nov/2022:01:35:34 -0800] "GET /style/picasso11b.jpg HTTP/1.1" 200 48241 "https://ysfine.com/world/sfrance.html" "Mozilla/5.0 (iPhone; CPU iPhone OS 15_6_1 like Mac OS X) AppleWebKit/605.1.15 (KHTML, like Gecko) Version/15.6.1 Mobile/15E148 Safari/604.1" "ysfine.com"
82.132.219.181 - - [10/Nov/2022:01:35:34 -0800] "GET /world/russ/czar08b.jpg HTTP/1.1" 200 51147 "https://ysfine.com/world/sfrance.html" "Mozilla/5.0 (iPhone; CPU iPhone OS 15_6_1 like Mac OS X) AppleWebKit/605.1.15 (KHTML, like Gecko) Version/15.6.1 Mobile/15E148 Safari/604.1" "ysfine.com"
82.132.219.181 - - [10/Nov/2022:01:35:34 -0800] "GET /world/france/pontdg06a.jpg HTTP/1.1" 200 81413 "https://ysfine.com/world/sfrance.html" "Mozilla/5.0 (iPhone; CPU iPhone OS 15_6_1 like Mac OS X) AppleWebKit/605.1.15 (KHTML, like Gecko) Version/15.6.1 Mobile/15E148 Safari/604.1" "ysfine.com"
82.132.219.181 - - [10/Nov/2022:01:35:34 -0800] "GET /einstein/canal11b.jpg HTTP/1.1" 200 32504 "https://ysfine.com/world/sfrance.html" "Mozilla/5.0 (iPhone; CPU iPhone OS 15_6_1 like Mac OS X) AppleWebKit/605.1.15 (KHTML, like Gecko) Version/15.6.1 Mobile/15E148 Safari/604.1" "ysfine.com"
82.132.219.181 - - [10/Nov/2022:01:35:34 -0800] "GET /kobak/harbin33b.jpg HTTP/1.1" 200 55791 "https://ysfine.com/world/sfrance.html" "Mozilla/5.0 (iPhone; CPU iPhone OS 15_6_1 like Mac OS X) AppleWebKit/605.1.15 (KHTML, like Gecko) Version/15.6.1 Mobile/15E148 Safari/604.1" "ysfine.com"
82.132.219.181 - - [10/Nov/2022:01:35:34 -0800] "GET /kobak/turktroops11b.jpg HTTP/1.1" 200 37518 "https://ysfine.com/world/sfrance.html" "Mozilla/5.0 (iPhone; CPU iPhone OS 15_6_1 like Mac OS X) AppleWebKit/605.1.15 (KHTML, like Gecko) Version/15.6.1 Mobile/15E148 Safari/604.1" "ysfine.com"
82.132.219.181 - - [10/Nov/2022:01:35:34 -0800] "GET /world/france/nice302b.jpg HTTP/1.1" 200 52446 "https://ysfine.com/world/sfrance.html" "Mozilla/5.0 (iPhone; CPU iPhone OS 15_6_1 like Mac OS X) AppleWebKit/605.1.15 (KHTML, like Gecko) Version/15.6.1 Mobile/15E148 Safari/604.1" "ysfine.com"
82.132.219.181 - - [10/Nov/2022:01:35:34 -0800] "GET /world/france/aix03b.jpg HTTP/1.1" 200 41709 "https://ysfine.com/world/sfrance.html" "Mozilla/5.0 (iPhone; CPU iPhone OS 15_6_1 like Mac OS X) AppleWebKit/605.1.15 (KHTML, like Gecko) Version/15.6.1 Mobile/15E148 Safari/604.1" "ysfine.com"
82.132.219.181 - - [10/Nov/2022:01:35:34 -0800] "GET /world/france/pontdg05b.jpg HTTP/1.1" 200 31046 "https://ysfine.com/world/sfrance.html" "Mozilla/5.0 (iPhone; CPU iPhone OS 15_6_1 like Mac OS X) AppleWebKit/605.1.15 (KHTML, like Gecko) Version/15.6.1 Mobile/15E148 Safari/604.1" "ysfine.com"
82.132.219.181 - - [10/Nov/2022:01:35:34 -0800] "GET /world/france/nice306b.jpg HTTP/1.1" 200 52233 "https://ysfine.com/world/sfrance.html" "Mozilla/5.0 (iPhone; CPU iPhone OS 15_6_1 like Mac OS X) AppleWebKit/605.1.15 (KHTML, like Gecko) Version/15.6.1 Mobile/15E148 Safari/604.1" "ysfine.com"
82.132.219.181 - - [10/Nov/2022:01:35:36 -0800] "GET /favicon.ico HTTP/1.1" 404 88 "https://ysfine.com/world/sfrance.html" "Mozilla/5.0 (iPhone; CPU iPhone OS 15_6_1 like Mac OS X) AppleWebKit/605.1.15 (KHTML, like Gecko) Version/15.6.1 Mobile/15E148 Safari/604.1" "ysfine.com"
40.77.167.71 - - [10/Nov/2022:01:36:08 -0800] "GET /wdc/whouse11.jpg HTTP/1.1" 200 110059 "-" "Mozilla/5.0 (compatible; bingbot/2.0; +http://www.bing.com/bingbot.htm)" "ysfine.com"
51.222.253.18 - - [10/Nov/2022:01:36:38 -0800] "GET /class54/class5470/total_data/sub_517.htm HTTP/1.1" 200 3193 "-" "Mozilla/5.0 (compatible; AhrefsBot/7.0; +http://ahrefs.com/robot/)" "www.ysfine.com"
51.222.253.9 - - [10/Nov/2022:01:36:46 -0800] "GET /class54/class5470/total_data/refer_img/5-11_f.jpg HTTP/1.1" 200 50321 "-" "Mozilla/5.0 (compatible; AhrefsBot/7.0; +http://ahrefs.com/robot/)" "www.ysfine.com"
157.55.39.76 - - [10/Nov/2022:01:36:51 -0800] "GET /bio/style/artlove.html HTTP/1.1" 404 88 "-" "Mozilla/5.0 AppleWebKit/537.36 (KHTML, like Gecko; compatible; bingbot/2.0; +http://www.bing.com/bingbot.htm) Chrome/103.0.5060.134 Safari/537.36" "ysfine.com"
51.222.253.14 - - [10/Nov/2022:01:36:52 -0800] "GET /class54/class5470/total_data/refer_img/5-3_f.jpg HTTP/1.1" 200 30444 "-" "Mozilla/5.0 (compatible; AhrefsBot/7.0; +http://ahrefs.com/robot/)" "www.ysfine.com"
51.222.253.6 - - [10/Nov/2022:01:36:57 -0800] "GET /class54/class5470/total_data/refer_img/5-14_f.jpg HTTP/1.1" 200 36864 "-" "Mozilla/5.0 (compatible; AhrefsBot/7.0; +http://ahrefs.com/robot/)" "www.ysfine.com"
51.222.253.10 - - [10/Nov/2022:01:37:03 -0800] "GET /class54/class5470/total_data/refer_img/5-17_f.jpg HTTP/1.1" 200 62019 "-" "Mozilla/5.0 (compatible; AhrefsBot/7.0; +http://ahrefs.com/robot/)" "www.ysfine.com"
51.222.253.2 - - [10/Nov/2022:01:37:09 -0800] "GET /class54/class5470/total_data/img/08_alumni.gif HTTP/1.1" 200 903 "-" "Mozilla/5.0 (compatible; AhrefsBot/7.0; +http://ahrefs.com/robot/)" "www.ysfine.com"
51.222.253.17 - - [10/Nov/2022:01:37:14 -0800] "GET /class54/class5470/total_data/img/05_title.gif HTTP/1.1" 200 6871 "-" "Mozilla/5.0 (compatible; AhrefsBot/7.0; +http://ahrefs.com/robot/)" "www.ysfine.com"
51.222.253.4 - - [10/Nov/2022:01:37:20 -0800] "GET /class54/class5470/total_data/refer_img/5-7_f.jpg HTTP/1.1" 200 53196 "-" "Mozilla/5.0 (compatible; AhrefsBot/7.0; +http://ahrefs.com/robot/)" "www.ysfine.com"
207.46.13.128 - - [10/Nov/2022:01:37:23 -0800] "GET /home/hmleft.html HTTP/1.1" 200 861 "-" "Mozilla/5.0 (compatible; bingbot/2.0; +http://www.bing.com/bingbot.htm)" "ysfine.com"
51.222.253.12 - - [10/Nov/2022:01:37:25 -0800] "GET /class54/class5470/total_data/refer_img/5-5_f.jpg HTTP/1.1" 200 37114 "-" "Mozilla/5.0 (compatible; AhrefsBot/7.0; +http://ahrefs.com/robot/)" "www.ysfine.com"
51.222.253.9 - - [10/Nov/2022:01:37:31 -0800] "GET /class54/class5470/total_data/refer_img/5-1_f.jpg HTTP/1.1" 200 35192 "-" "Mozilla/5.0 (compatible; AhrefsBot/7.0; +http://ahrefs.com/robot/)" "www.ysfine.com"
51.222.253.5 - - [10/Nov/2022:01:37:36 -0800] "GET /class54/class5470/total_data/refer_img/5-8_f.jpg HTTP/1.1" 200 55953 "-" "Mozilla/5.0 (compatible; AhrefsBot/7.0; +http://ahrefs.com/robot/)" "www.ysfine.com"
51.222.253.4 - - [10/Nov/2022:01:37:42 -0800] "GET /class54/class5470/total_data/photo_img/5-17.jpg HTTP/1.1" 200 514335 "-" "Mozilla/5.0 (compatible; AhrefsBot/7.0; +http://ahrefs.com/robot/)" "www.ysfine.com"
51.222.253.14 - - [10/Nov/2022:01:37:51 -0800] "GET /class54/class5470/total_data/refer_img/5-9_f.jpg HTTP/1.1" 200 51954 "-" "Mozilla/5.0 (compatible; AhrefsBot/7.0; +http://ahrefs.com/robot/)" "www.ysfine.com"
51.222.253.2 - - [10/Nov/2022:01:37:56 -0800] "GET /class54/class5470/total_data/refer_img/5-13_f.jpg HTTP/1.1" 200 37190 "-" "Mozilla/5.0 (compatible; AhrefsBot/7.0; +http://ahrefs.com/robot/)" "www.ysfine.com"
51.222.253.2 - - [10/Nov/2022:01:38:02 -0800] "GET /class54/class5470/total_data/refer_img/5-15_f.jpg HTTP/1.1" 200 35613 "-" "Mozilla/5.0 (compatible; AhrefsBot/7.0; +http://ahrefs.com/robot/)" "www.ysfine.com"
51.222.253.20 - - [10/Nov/2022:01:38:08 -0800] "GET /class54/class5470/total_data/refer_img/5-16_f.jpg HTTP/1.1" 200 39601 "-" "Mozilla/5.0 (compatible; AhrefsBot/7.0; +http://ahrefs.com/robot/)" "www.ysfine.com"
71.178.208.102 - - [10/Nov/2022:01:38:11 -0800] "GET /favicon.ico HTTP/1.1" 404 88 "https://ysfine.com/ys11/" "Mozilla/5.0 (Windows NT 10.0; Win64; x64) AppleWebKit/537.36 (KHTML, like Gecko) Chrome/107.0.0.0 Safari/537.36" "ysfine.com"
51.222.253.3 - - [10/Nov/2022:01:38:14 -0800] "GET /class54/class5470/total_data/refer_img/5-2_f.jpg HTTP/1.1" 200 37205 "-" "Mozilla/5.0 (compatible; AhrefsBot/7.0; +http://ahrefs.com/robot/)" "www.ysfine.com"
51.222.253.9 - - [10/Nov/2022:01:38:16 -0800] "GET /class54/class5470/total_data/sub_507.htm HTTP/1.1" 200 3196 "-" "Mozilla/5.0 (compatible; AhrefsBot/7.0; +http://ahrefs.com/robot/)" "www.ysfine.com"
51.222.253.20 - - [10/Nov/2022:01:38:19 -0800] "GET /class54/class5470/total_data/refer_img/5-10_f.jpg HTTP/1.1" 200 34701 "-" "Mozilla/5.0 (compatible; AhrefsBot/7.0; +http://ahrefs.com/robot/)" "www.ysfine.com"
51.222.253.5 - - [10/Nov/2022:01:38:25 -0800] "GET /class54/class5470/total_data/refer_img/5-4_f.jpg HTTP/1.1" 200 40987 "-" "Mozilla/5.0 (compatible; AhrefsBot/7.0; +http://ahrefs.com/robot/)" "www.ysfine.com"
51.222.253.9 - - [10/Nov/2022:01:38:31 -0800] "GET /class54/class5470/total_data/refer_img/5-12_f.jpg HTTP/1.1" 200 50906 "-" "Mozilla/5.0 (compatible; AhrefsBot/7.0; +http://ahrefs.com/robot/)" "www.ysfine.com"
184.147.61.217 - - [10/Nov/2022:01:38:54 -0800] "GET /style/tatiana11.jpg HTTP/1.1" 200 146910 "https://www.google.ca/" "Mozilla/5.0 (iPhone; CPU iPhone OS 15_6_1 like Mac OS X) AppleWebKit/605.1.15 (KHTML, like Gecko) Version/15.6.1 Mobile/15E148 Safari/604.1" "ysfine.com"
13.67.224.14 - - [10/Nov/2022:01:39:04 -0800] "GET /kowar/tehran43b.jpg HTTP/1.1" 200 45127 "https://ysfine.com/kowar" "Mozilla/5.0 (Linux; Android 10; SM-G960U) AppleWebKit/537.36 (KHTML, like Gecko) Chrome/88.0.4324.181 Mobile Safari/537.36" "ysfine.com"
40.77.167.27 - - [10/Nov/2022:01:39:48 -0800] "GET /bio/world/scandi/copen061.jpg HTTP/1.1" 404 88 "-" "Mozilla/5.0 AppleWebKit/537.36 (KHTML, like Gecko; compatible; bingbot/2.0; +http://www.bing.com/bingbot.htm) Chrome/103.0.5060.134 Safari/537.36" "ysfine.com"
71.178.208.102 - - [10/Nov/2022:01:39:48 -0800] "GET /favicon.ico HTTP/1.1" 404 88 "https://www.ysfine.com/ys11/index.html" "Mozilla/5.0 (Windows NT 10.0; Win64; x64) AppleWebKit/537.36 (KHTML, like Gecko) Chrome/107.0.0.0 Safari/537.36 Edg/107.0.1418.35" "www.ysfine.com"
51.222.253.15 - - [10/Nov/2022:01:39:50 -0800] "GET /class54/class5470/total_data/sub_508.htm HTTP/1.1" 200 3198 "-" "Mozilla/5.0 (compatible; AhrefsBot/7.0; +http://ahrefs.com/robot/)" "www.ysfine.com"
216.244.66.229 - - [10/Nov/2022:01:40:10 -0800] "GET /robots.txt HTTP/1.1" 404 73 "-" "Mozilla/5.0 (compatible; DotBot/1.2; +https://opensiteexplorer.org/dotbot; help@moz.com)" "ysfine.com"
216.244.66.229 - - [10/Nov/2022:01:40:10 -0800] "GET /robots.txt HTTP/1.1" 404 73 "-" "Mozilla/5.0 (compatible; DotBot/1.2; +https://opensiteexplorer.org/dotbot; help@moz.com)" "www.ysfine.com"
185.191.171.44 - - [10/Nov/2022:01:40:12 -0800] "GET /ysbio/dirac/wigsis.html HTTP/1.1" 404 88 "-" "Mozilla/5.0 (compatible; SemrushBot/7~bl; +http://www.semrush.com/bot.html)" "www.ysfine.com"
185.191.171.40 - - [10/Nov/2022:01:40:16 -0800] "GET /ysbio/eink/index.html HTTP/1.1" 404 88 "-" "Mozilla/5.0 (compatible; SemrushBot/7~bl; +http://www.semrush.com/bot.html)" "ysfine.com"
207.46.13.107 - - [10/Nov/2022:01:40:39 -0800] "GET /bio/einstein/bern.html HTTP/1.1" 404 88 "-" "Mozilla/5.0 AppleWebKit/537.36 (KHTML, like Gecko; compatible; bingbot/2.0; +http://www.bing.com/bingbot.htm) Chrome/103.0.5060.134 Safari/537.36" "ysfine.com"
185.227.134.217 - - [10/Nov/2022:01:40:52 -0800] "GET /upload/server/php/ HTTP/1.1" 404 88 "-" "python-requests/2.27.1" "ysfine.com"
20.106.27.173 - - [10/Nov/2022:01:41:09 -0800] "GET /friends/aline/virgin02b.jpg HTTP/1.1" 404 88 "https://ysfine.com/friends/aline" "Mozilla/5.0 (Macintosh; Intel Mac OS X 10_11_6) AppleWebKit/605.1.15 (KHTML, like Gecko) Version/11.1.2 Safari/605.1.15" "ysfine.com"
185.227.134.217 - - [10/Nov/2022:01:41:11 -0800] "GET /admin/server/php/ HTTP/1.1" 404 88 "-" "python-requests/2.27.1" "ysfine.com"
40.77.51.85 - - [10/Nov/2022:01:41:28 -0800] "GET /wdc/whouse05.jpg HTTP/1.1" 200 75352 "https://ysfine.com/wdc" "Mozilla/5.0 (Linux; Android 10; SM-G960U) AppleWebKit/537.36 (KHTML, like Gecko) Chrome/88.0.4324.181 Mobile Safari/537.36" "ysfine.com"
185.227.134.217 - - [10/Nov/2022:01:41:37 -0800] "GET /fileupload/server/php/ HTTP/1.1" 404 88 "-" "python-requests/2.27.1" "ysfine.com"
51.222.253.18 - - [10/Nov/2022:01:41:38 -0800] "GET /class54/class5470/total_data/sub_516.htm HTTP/1.1" 200 3202 "-" "Mozilla/5.0 (compatible; AhrefsBot/7.0; +http://ahrefs.com/robot/)" "www.ysfine.com"
185.227.134.217 - - [10/Nov/2022:01:41:55 -0800] "GET /server/php/ HTTP/1.1" 404 88 "-" "python-requests/2.27.1" "ysfine.com"
87.103.127.150 - - [10/Nov/2022:01:41:57 -0800] "GET /wigner/neum/vnc01.jpg HTTP/1.1" 200 133641 "https://www.google.com/" "Mozilla/5.0 (Windows NT 10.0; Win64; x64) AppleWebKit/537.36 (KHTML, like Gecko) Chrome/107.0.0.0 Safari/537.36" "ysfine.com"
207.46.13.128 - - [10/Nov/2022:01:42:03 -0800] "GET /bio/style/ystyle.html HTTP/1.1" 404 88 "-" "Mozilla/5.0 (compatible; bingbot/2.0; +http://www.bing.com/bingbot.htm)" "ysfine.com"
207.46.13.128 - - [10/Nov/2022:01:42:03 -0800] "GET /bio/wigner/e(2).html HTTP/1.1" 404 88 "-" "Mozilla/5.0 (compatible; bingbot/2.0; +http://www.bing.com/bingbot.htm)" "ysfine.com"
157.55.39.76 - - [10/Nov/2022:01:42:21 -0800] "GET /kobak/sonja.jpg HTTP/1.1" 200 46801 "-" "Mozilla/5.0 AppleWebKit/537.36 (KHTML, like Gecko; compatible; bingbot/2.0; +http://www.bing.com/bingbot.htm) Chrome/103.0.5060.134 Safari/537.36" "ysfine.com"
157.55.39.76 - - [10/Nov/2022:01:42:21 -0800] "GET /bio/bio04.html HTTP/1.1" 404 88 "-" "Mozilla/5.0 (compatible; bingbot/2.0; +http://www.bing.com/bingbot.htm)" "ysfine.com"
185.227.134.217 - - [10/Nov/2022:01:42:22 -0800] "GET /admin/tools/assets/jquery-file-upload/server/php/ HTTP/1.1" 404 88 "-" "python-requests/2.27.1" "ysfine.com"
87.103.127.150 - - [10/Nov/2022:01:42:32 -0800] "GET /wigner/neum/vnc01.jpg HTTP/1.1" 200 133641 "-" "Mozilla/4.0 (compatible; MSIE 7.0; Windows NT 6.2; Win64; x64; Trident/7.0; .NET4.0C; .NET4.0E; .NET CLR 2.0.50727; .NET CLR 3.0.30729; .NET CLR 3.5.30729; ms-office; MSOffice 14)" "ysfine.com"
185.191.171.20 - - [10/Nov/2022:01:42:48 -0800] "GET /ysbio/eink/mose.html HTTP/1.1" 404 88 "-" "Mozilla/5.0 (compatible; SemrushBot/7~bl; +http://www.semrush.com/bot.html)" "ysfine.com"
185.227.134.217 - - [10/Nov/2022:01:42:52 -0800] "GET /assets/jquery-file-upload/server/php/ HTTP/1.1" 404 88 "-" "python-requests/2.27.1" "ysfine.com"
20.29.110.169 - - [10/Nov/2022:01:42:56 -0800] "GET /world/russ/minsk002b.jpg HTTP/1.1" 200 28977 "http://www.ysfine.com/world/russ" "Mozilla/5.0 (X11; Linux x86_64) AppleWebKit/537.36 (KHTML, like Gecko) Chrome/74.0.3729.169 Safari/537.36" "www.ysfine.com"
185.227.134.217 - - [10/Nov/2022:01:43:11 -0800] "GET /assets/plugins/jquery-file-upload/server/php/ HTTP/1.1" 404 88 "-" "python-requests/2.27.1" "ysfine.com"
51.222.253.20 - - [10/Nov/2022:01:43:24 -0800] "GET /class54/class5470/total_data/sub_503.htm HTTP/1.1" 200 3207 "-" "Mozilla/5.0 (compatible; AhrefsBot/7.0; +http://ahrefs.com/robot/)" "www.ysfine.com"
185.191.171.23 - - [10/Nov/2022:01:43:27 -0800] "GET /ysbio/kobak/shortw.html HTTP/1.1" 404 88 "-" "Mozilla/5.0 (compatible; SemrushBot/7~bl; +http://www.semrush.com/bot.html)" "ysfine.com"
51.222.253.17 - - [10/Nov/2022:01:43:29 -0800] "GET /class54/class5470/total_data/photo_img/5-3.jpg HTTP/1.1" 200 203976 "-" "Mozilla/5.0 (compatible; AhrefsBot/7.0; +http://ahrefs.com/robot/)" "www.ysfine.com"
