13.67.224.14 - - [09/Nov/2022:20:33:01 -0800] "GET /philo/kanthegel02c.jpg HTTP/1.1" 200 31506 "https://ysfine.com/philo" "Mozilla/5.0 (Windows NT 10.0; Win64; x64) AppleWebKit/537.36 (KHTML, like Gecko) Chrome/74.0.3729.157 Safari/537.36" "ysfine.com"
40.77.51.85 - - [09/Nov/2022:20:33:02 -0800] "GET /world/france/orsaym06b.jpg HTTP/1.1" 200 47315 "https://ysfine.com/world/france" "Mozilla/5.0 (Windows NT 10.0; Win64; x64) AppleWebKit/537.36 (KHTML, like Gecko) Chrome/74.0.3729.157 Safari/537.36" "ysfine.com"
51.222.253.10 - - [09/Nov/2022:20:33:04 -0800] "GET /world/russ/minskf23b.jpg HTTP/1.1" 200 48996 "-" "Mozilla/5.0 (compatible; AhrefsBot/7.0; +http://ahrefs.com/robot/)" "ysfine.com"
192.99.160.200 - - [09/Nov/2022:20:33:09 -0800] "GET /class54/class5480/Pictures/4.%C3%AA%C2%B8%C2%B0%C3%AB%C2%85%C2%90%C3%AC%C2%B4%C2%AC%C3%AC%C2%98%C2%81/%C3%AA%C2%B8%C2%B0%C3%AB%C2%85%C2%90%C3%AC%C2%B4%C2%AC%C3%AC%C2%98%C2%81%20(75).jpg HTTP/1.1" 200 9229520 "-" "Mozilla/5.0 (compatible; MJ12bot/v1.4.8; http://mj12bot.com/)" "ysfine.com"
51.222.253.8 - - [09/Nov/2022:20:33:10 -0800] "GET /maga/invent/sarnoff1922b.jpg HTTP/1.1" 200 35049 "-" "Mozilla/5.0 (compatible; AhrefsBot/7.0; +http://ahrefs.com/robot/)" "ysfine.com"
51.222.253.6 - - [09/Nov/2022:20:33:13 -0800] "GET /world/russ/minsk067b.jpg HTTP/1.1" 200 40459 "-" "Mozilla/5.0 (compatible; AhrefsBot/7.0; +http://ahrefs.com/robot/)" "ysfine.com"
51.222.253.2 - - [09/Nov/2022:20:33:13 -0800] "GET /kobak/rifles.html HTTP/1.1" 200 1360 "-" "Mozilla/5.0 (compatible; AhrefsBot/7.0; +http://ahrefs.com/robot/)" "www.ysfine.com"
192.99.160.200 - - [09/Nov/2022:20:33:17 -0800] "GET /class54/class5480/Pictures/4.%C3%AA%C2%B8%C2%B0%C3%AB%C2%85%C2%90%C3%AC%C2%B4%C2%AC%C3%AC%C2%98%C2%81/%C3%AA%C2%B8%C2%B0%C3%AB%C2%85%C2%90%C3%AC%C2%B4%C2%AC%C3%AC%C2%98%C2%81%20(77).jpg HTTP/1.1" 200 9118771 "-" "Mozilla/5.0 (compatible; MJ12bot/v1.4.8; http://mj12bot.com/)" "ysfine.com"
40.86.101.252 - - [09/Nov/2022:20:33:17 -0800] "GET /usca/norl/missi32b.jpg HTTP/1.1" 200 44937 "https://ysfine.com/usca/norl" "Mozilla/5.0 (X11; Linux x86_64) AppleWebKit/537.36 (KHTML, like Gecko) Chrome/74.0.3729.169 Safari/537.36" "ysfine.com"
51.222.253.6 - - [09/Nov/2022:20:33:19 -0800] "GET /world/russ/minsk034b.jpg HTTP/1.1" 200 40968 "-" "Mozilla/5.0 (compatible; AhrefsBot/7.0; +http://ahrefs.com/robot/)" "ysfine.com"
51.222.253.7 - - [09/Nov/2022:20:33:25 -0800] "GET /style/cameras/zenit11b.jpg HTTP/1.1" 200 38496 "-" "Mozilla/5.0 (compatible; AhrefsBot/7.0; +http://ahrefs.com/robot/)" "ysfine.com"
216.244.66.229 - - [09/Nov/2022:20:33:25 -0800] "GET /remote/wigner111/frame18.html HTTP/1.1" 200 2319 "-" "Mozilla/5.0 (compatible; DotBot/1.2; +https://opensiteexplorer.org/dotbot; help@moz.com)" "ysfine.com"
192.99.160.200 - - [09/Nov/2022:20:33:28 -0800] "GET /class54/class5480/Pictures/4.%C3%AA%C2%B8%C2%B0%C3%AB%C2%85%C2%90%C3%AC%C2%B4%C2%AC%C3%AC%C2%98%C2%81/%C3%AA%C2%B8%C2%B0%C3%AB%C2%85%C2%90%C3%AC%C2%B4%C2%AC%C3%AC%C2%98%C2%81%20(78).jpg HTTP/1.1" 200 12951534 "-" "Mozilla/5.0 (compatible; MJ12bot/v1.4.8; http://mj12bot.com/)" "ysfine.com"
40.77.51.81 - - [09/Nov/2022:20:33:29 -0800] "GET /people/yuen01b.jpg HTTP/1.1" 200 24922 "http://ysfine.com/people" "Mozilla/5.0 (Windows NT 10.0; Win64; x64) AppleWebKit/537.36 (KHTML, like Gecko) Chrome/74.0.3729.157 Safari/537.36" "ysfine.com"
51.222.253.10 - - [09/Nov/2022:20:33:30 -0800] "GET /world/russ/minsk040b.jpg HTTP/1.1" 200 41302 "-" "Mozilla/5.0 (compatible; AhrefsBot/7.0; +http://ahrefs.com/robot/)" "ysfine.com"
51.222.253.7 - - [09/Nov/2022:20:33:36 -0800] "GET /world/russ/minsk002b.jpg HTTP/1.1" 200 28977 "-" "Mozilla/5.0 (compatible; AhrefsBot/7.0; +http://ahrefs.com/robot/)" "ysfine.com"
51.222.253.19 - - [09/Nov/2022:20:33:41 -0800] "GET /world/russ/minsk026b.jpg HTTP/1.1" 200 45201 "-" "Mozilla/5.0 (compatible; AhrefsBot/7.0; +http://ahrefs.com/robot/)" "ysfine.com"
192.99.160.200 - - [09/Nov/2022:20:33:42 -0800] "GET /class54/class5480/Pictures/4.%C3%AA%C2%B8%C2%B0%C3%AB%C2%85%C2%90%C3%AC%C2%B4%C2%AC%C3%AC%C2%98%C2%81/%C3%AA%C2%B8%C2%B0%C3%AB%C2%85%C2%90%C3%AC%C2%B4%C2%AC%C3%AC%C2%98%C2%81%20(79).jpg HTTP/1.1" 200 13841358 "-" "Mozilla/5.0 (compatible; MJ12bot/v1.4.8; http://mj12bot.com/)" "ysfine.com"
51.222.253.18 - - [09/Nov/2022:20:33:47 -0800] "GET /world/russ/roskei06b.jpg HTTP/1.1" 200 48694 "-" "Mozilla/5.0 (compatible; AhrefsBot/7.0; +http://ahrefs.com/robot/)" "ysfine.com"
38.126.157.40 - - [09/Nov/2022:20:33:54 -0800] "GET /kobak/underw12.jpg HTTP/1.1" 200 105170 "-" "Mozilla/5.0 (compatible; FemtosearchBot/1.0; http://femtosearch.com)" "ysfine.com"
38.126.157.40 - - [09/Nov/2022:20:33:54 -0800] "GET /wigner/gcontr.html HTTP/1.1" 404 88 "-" "Mozilla/5.0 (compatible; FemtosearchBot/1.0; http://femtosearch.com)" "ysfine.com"
216.244.66.229 - - [09/Nov/2022:20:33:54 -0800] "GET /style/cameras/deer11.jpg HTTP/1.1" 200 75896 "-" "Mozilla/5.0 (compatible; DotBot/1.2; +https://opensiteexplorer.org/dotbot; help@moz.com)" "ysfine.com"
40.86.101.252 - - [09/Nov/2022:20:33:54 -0800] "GET /world/ital/milan01fb.jpg HTTP/1.1" 404 88 "http://ysfine.com/world/ital" "Mozilla/5.0 (Linux; Android 10; SM-G960U) AppleWebKit/537.36 (KHTML, like Gecko) Chrome/88.0.4324.181 Mobile Safari/537.36" "ysfine.com"
38.126.157.40 - - [09/Nov/2022:20:33:54 -0800] "GET /newyork/wtc07c.jpg HTTP/1.1" 200 27932 "-" "Mozilla/5.0 (compatible; FemtosearchBot/1.0; http://femtosearch.com)" "ysfine.com"
38.126.157.40 - - [09/Nov/2022:20:33:54 -0800] "GET /fbook/osaka128.jpg HTTP/1.1" 200 377839 "-" "Mozilla/5.0 (compatible; FemtosearchBot/1.0; http://femtosearch.com)" "ysfine.com"
192.99.160.200 - - [09/Nov/2022:20:33:54 -0800] "GET /class54/class5480/Pictures/4.%C3%AA%C2%B8%C2%B0%C3%AB%C2%85%C2%90%C3%AC%C2%B4%C2%AC%C3%AC%C2%98%C2%81/%C3%AA%C2%B8%C2%B0%C3%AB%C2%85%C2%90%C3%AC%C2%B4%C2%AC%C3%AC%C2%98%C2%81%20(8).jpg HTTP/1.1" 200 9897932 "-" "Mozilla/5.0 (compatible; MJ12bot/v1.4.8; http://mj12bot.com/)" "ysfine.com"
38.126.157.40 - - [09/Nov/2022:20:33:54 -0800] "GET /feynman/illusf.pdf HTTP/1.1" 200 146979 "-" "Mozilla/5.0 (compatible; FemtosearchBot/1.0; http://femtosearch.com)" "ysfine.com"
38.126.157.40 - - [09/Nov/2022:20:33:54 -0800] "GET /philo/comet30a.jpg HTTP/1.1" 200 70279 "-" "Mozilla/5.0 (compatible; FemtosearchBot/1.0; http://femtosearch.com)" "ysfine.com"
38.126.157.40 - - [09/Nov/2022:20:33:55 -0800] "GET /newyork/saks01.jpg HTTP/1.1" 200 152379 "-" "Mozilla/5.0 (compatible; FemtosearchBot/1.0; http://femtosearch.com)" "ysfine.com"
38.126.157.40 - - [09/Nov/2022:20:33:55 -0800] "GET /style/venus02b.jpg HTTP/1.1" 200 50071 "-" "Mozilla/5.0 (compatible; FemtosearchBot/1.0; http://femtosearch.com)" "ysfine.com"
77.75.79.95 - - [09/Nov/2022:20:33:55 -0800] "GET /robots.txt HTTP/1.1" 404 88 "-" "Mozilla/5.0 (compatible; SeznamBot/3.2; +http://napoveda.seznam.cz/en/seznambot-intro/)" "ysfine.com"
77.75.79.95 - - [09/Nov/2022:20:33:57 -0800] "GET /world/scandi/copenf19.jpg HTTP/1.1" 304 - "-" "Mozilla/5.0 (compatible; SeznamBot/3.2; +http://napoveda.seznam.cz/en/seznambot-intro/)" "ysfine.com"
77.75.79.95 - - [09/Nov/2022:20:33:58 -0800] "GET /world/france/orsaym01.jpg HTTP/1.1" 200 141339 "-" "Mozilla/5.0 (compatible; SeznamBot/3.2; +http://napoveda.seznam.cz/en/seznambot-intro/)" "ysfine.com"
66.249.69.69 - - [09/Nov/2022:20:33:59 -0800] "GET /princeton/nordisk11b.jpg HTTP/1.1" 200 30945 "-" "Googlebot-Image/1.0" "ysfine.com"
77.75.79.95 - - [09/Nov/2022:20:34:02 -0800] "GET /style/musee/louvre18.jpg HTTP/1.1" 200 78436 "-" "Mozilla/5.0 (compatible; SeznamBot/3.2; +http://napoveda.seznam.cz/en/seznambot-intro/)" "ysfine.com"
77.75.79.95 - - [09/Nov/2022:20:34:04 -0800] "GET /world/baltic/riga34.jpg HTTP/1.1" 304 - "-" "Mozilla/5.0 (compatible; SeznamBot/3.2; +http://napoveda.seznam.cz/en/seznambot-intro/)" "ysfine.com"
77.75.79.95 - - [09/Nov/2022:20:34:04 -0800] "GET /style/musee/ams003.jpg HTTP/1.1" 200 143676 "-" "Mozilla/5.0 (compatible; SeznamBot/3.2; +http://napoveda.seznam.cz/en/seznambot-intro/)" "ysfine.com"
51.222.253.1 - - [09/Nov/2022:20:34:04 -0800] "GET /class54/class5470/total_data/sub_305.htm HTTP/1.1" 200 3330 "-" "Mozilla/5.0 (compatible; AhrefsBot/7.0; +http://ahrefs.com/robot/)" "www.ysfine.com"
77.75.79.95 - - [09/Nov/2022:20:34:07 -0800] "GET /awards/eward33a.jpg HTTP/1.1" 200 63370 "-" "Mozilla/5.0 (compatible; SeznamBot/3.2; +http://napoveda.seznam.cz/en/seznambot-intro/)" "ysfine.com"
192.99.160.200 - - [09/Nov/2022:20:34:07 -0800] "GET /class54/class5480/Pictures/4.%C3%AA%C2%B8%C2%B0%C3%AB%C2%85%C2%90%C3%AC%C2%B4%C2%AC%C3%AC%C2%98%C2%81/%C3%AA%C2%B8%C2%B0%C3%AB%C2%85%C2%90%C3%AC%C2%B4%C2%AC%C3%AC%C2%98%C2%81%20(80).jpg HTTP/1.1" 200 15850452 "-" "Mozilla/5.0 (compatible; MJ12bot/v1.4.8; http://mj12bot.com/)" "ysfine.com"
157.55.39.129 - - [09/Nov/2022:20:34:11 -0800] "GET /class54/class5470/total_data/refer_img/1-15_f.jpg HTTP/1.1" 200 14231 "-" "Mozilla/5.0 AppleWebKit/537.36 (KHTML, like Gecko; compatible; bingbot/2.0; +http://www.bing.com/bingbot.htm) Chrome/103.0.5060.134 Safari/537.36" "ysfine.com"
157.55.39.129 - - [09/Nov/2022:20:34:12 -0800] "GET /bio/style/rieu.html HTTP/1.1" 404 88 "-" "Mozilla/5.0 AppleWebKit/537.36 (KHTML, like Gecko; compatible; bingbot/2.0; +http://www.bing.com/bingbot.htm) Chrome/103.0.5060.134 Safari/537.36" "ysfine.com"
40.77.51.85 - - [09/Nov/2022:20:34:14 -0800] "GET /class54/stcars/stcar05b.jpg HTTP/1.1" 200 38162 "https://ysfine.com/class54/stcars" "Mozilla/5.0 (X11; Linux x86_64) AppleWebKit/537.36 (KHTML, like Gecko) Chrome/74.0.3729.169 Safari/537.36" "ysfine.com"
192.99.160.200 - - [09/Nov/2022:20:34:18 -0800] "GET /class54/class5480/Pictures/4.%C3%AA%C2%B8%C2%B0%C3%AB%C2%85%C2%90%C3%AC%C2%B4%C2%AC%C3%AC%C2%98%C2%81/%C3%AA%C2%B8%C2%B0%C3%AB%C2%85%C2%90%C3%AC%C2%B4%C2%AC%C3%AC%C2%98%C2%81%20(81).jpg HTTP/1.1" 200 15107406 "-" "Mozilla/5.0 (compatible; MJ12bot/v1.4.8; http://mj12bot.com/)" "ysfine.com"
216.244.66.229 - - [09/Nov/2022:20:34:26 -0800] "GET /wigner/gim/gimn63.jpg HTTP/1.1" 200 88484 "-" "Mozilla/5.0 (compatible; DotBot/1.2; +https://opensiteexplorer.org/dotbot; help@moz.com)" "ysfine.com"
192.99.160.200 - - [09/Nov/2022:20:34:27 -0800] "GET /class54/class5480/Pictures/4.%C3%AA%C2%B8%C2%B0%C3%AB%C2%85%C2%90%C3%AC%C2%B4%C2%AC%C3%AC%C2%98%C2%81/%C3%AA%C2%B8%C2%B0%C3%AB%C2%85%C2%90%C3%AC%C2%B4%C2%AC%C3%AC%C2%98%C2%81%20(82).jpg HTTP/1.1" 200 15452526 "-" "Mozilla/5.0 (compatible; MJ12bot/v1.4.8; http://mj12bot.com/)" "ysfine.com"
185.191.171.19 - - [09/Nov/2022:20:34:31 -0800] "GET /ysbio/more.html HTTP/1.1" 404 88 "-" "Mozilla/5.0 (compatible; SemrushBot/7~bl; +http://www.semrush.com/bot.html)" "www.ysfine.com"
192.99.160.200 - - [09/Nov/2022:20:34:36 -0800] "GET /class54/class5480/Pictures/4.%C3%AA%C2%B8%C2%B0%C3%AB%C2%85%C2%90%C3%AC%C2%B4%C2%AC%C3%AC%C2%98%C2%81/%C3%AA%C2%B8%C2%B0%C3%AB%C2%85%C2%90%C3%AC%C2%B4%C2%AC%C3%AC%C2%98%C2%81%20(9).jpg HTTP/1.1" 200 8693550 "-" "Mozilla/5.0 (compatible; MJ12bot/v1.4.8; http://mj12bot.com/)" "ysfine.com"
192.99.160.200 - - [09/Nov/2022:20:34:45 -0800] "GET /robots.txt HTTP/1.1" 404 73 "-" "Mozilla/5.0 (compatible; MJ12bot/v1.4.8; http://mj12bot.com/)" "www.ysfine.com"
20.12.191.72 - - [09/Nov/2022:20:34:46 -0800] "GET /world/china/china019b.jpg HTTP/1.1" 200 31821 "https://www.ysfine.com/world/china" "Mozilla/5.0 (Macintosh; Intel Mac OS X 10_11_6) AppleWebKit/605.1.15 (KHTML, like Gecko) Version/11.1.2 Safari/605.1.15" "www.ysfine.com"
192.99.160.200 - - [09/Nov/2022:20:34:53 -0800] "GET /ysbio//class54/class5470/total_data/sub_518.htm HTTP/1.1" 404 88 "-" "Mozilla/5.0 (compatible; MJ12bot/v1.4.8; http://mj12bot.com/)" "www.ysfine.com"
216.244.66.229 - - [09/Nov/2022:20:34:55 -0800] "GET /world/brit/bond01.jpg HTTP/1.1" 200 74813 "-" "Mozilla/5.0 (compatible; DotBot/1.2; +https://opensiteexplorer.org/dotbot; help@moz.com)" "ysfine.com"
51.222.253.14 - - [09/Nov/2022:20:35:01 -0800] "GET /class54/class5470/total_data/sub_315.htm HTTP/1.1" 200 3287 "-" "Mozilla/5.0 (compatible; AhrefsBot/7.0; +http://ahrefs.com/robot/)" "www.ysfine.com"
192.99.160.200 - - [09/Nov/2022:20:35:04 -0800] "GET /ysbio//class54/class5470/total_data/sub_618.htm HTTP/1.1" 404 88 "-" "Mozilla/5.0 (compatible; MJ12bot/v1.4.8; http://mj12bot.com/)" "www.ysfine.com"
51.222.253.11 - - [09/Nov/2022:20:35:06 -0800] "GET /class54/class5470/total_data/refer_img/3-18_f.jpg HTTP/1.1" 200 22592 "-" "Mozilla/5.0 (compatible; AhrefsBot/7.0; +http://ahrefs.com/robot/)" "www.ysfine.com"
51.222.253.14 - - [09/Nov/2022:20:35:14 -0800] "GET /class54/class5470/total_data/refer_img/3-20_f.jpg HTTP/1.1" 200 22984 "-" "Mozilla/5.0 (compatible; AhrefsBot/7.0; +http://ahrefs.com/robot/)" "www.ysfine.com"
192.99.160.200 - - [09/Nov/2022:20:35:16 -0800] "GET /ysbio//class54/class5470/total_data/sub_619.htm HTTP/1.1" 404 88 "-" "Mozilla/5.0 (compatible; MJ12bot/v1.4.8; http://mj12bot.com/)" "www.ysfine.com"
51.222.253.3 - - [09/Nov/2022:20:35:20 -0800] "GET /class54/class5470/total_data/refer_img/3-12_f.jpg HTTP/1.1" 200 29397 "-" "Mozilla/5.0 (compatible; AhrefsBot/7.0; +http://ahrefs.com/robot/)" "www.ysfine.com"
157.55.39.129 - - [09/Nov/2022:20:35:21 -0800] "GET /class54/tallm21b.jpg HTTP/1.1" 200 42691 "-" "Mozilla/5.0 (compatible; bingbot/2.0; +http://www.bing.com/bingbot.htm)" "www.ysfine.com"
51.222.253.20 - - [09/Nov/2022:20:35:25 -0800] "GET /class54/class5470/total_data/refer_img/3-19_f.jpg HTTP/1.1" 200 19615 "-" "Mozilla/5.0 (compatible; AhrefsBot/7.0; +http://ahrefs.com/robot/)" "www.ysfine.com"
157.55.39.76 - - [09/Nov/2022:20:35:25 -0800] "GET /bio/bio03.html HTTP/1.1" 404 88 "-" "Mozilla/5.0 (compatible; bingbot/2.0; +http://www.bing.com/bingbot.htm)" "ysfine.com"
157.55.39.76 - - [09/Nov/2022:20:35:26 -0800] "GET /ysbio/folks/fdw.html HTTP/1.1" 404 88 "-" "Mozilla/5.0 (compatible; bingbot/2.0; +http://www.bing.com/bingbot.htm)" "ysfine.com"
192.99.160.200 - - [09/Nov/2022:20:35:30 -0800] "GET /ysbio//class54/class5470/total_data/sub_620.htm HTTP/1.1" 404 88 "-" "Mozilla/5.0 (compatible; MJ12bot/v1.4.8; http://mj12bot.com/)" "www.ysfine.com"
51.222.253.20 - - [09/Nov/2022:20:35:30 -0800] "GET /class54/class5470/total_data/refer_img/3-14_f.jpg HTTP/1.1" 200 21220 "-" "Mozilla/5.0 (compatible; AhrefsBot/7.0; +http://ahrefs.com/robot/)" "www.ysfine.com"
216.244.66.229 - - [09/Nov/2022:20:35:34 -0800] "GET /world/germany/nurem01.jpg HTTP/1.1" 200 85326 "-" "Mozilla/5.0 (compatible; DotBot/1.2; +https://opensiteexplorer.org/dotbot; help@moz.com)" "ysfine.com"
51.222.253.7 - - [09/Nov/2022:20:35:36 -0800] "GET /class54/class5470/total_data/photo_img/3-15.jpg HTTP/1.1" 200 204011 "-" "Mozilla/5.0 (compatible; AhrefsBot/7.0; +http://ahrefs.com/robot/)" "www.ysfine.com"
51.222.253.18 - - [09/Nov/2022:20:35:43 -0800] "GET /class54/class5470/total_data/refer_img/3-6_f.jpg HTTP/1.1" 200 34282 "-" "Mozilla/5.0 (compatible; AhrefsBot/7.0; +http://ahrefs.com/robot/)" "www.ysfine.com"
192.99.160.200 - - [09/Nov/2022:20:35:46 -0800] "GET /ysbio//class54/class5470/total_data/sub_621.htm HTTP/1.1" 404 88 "-" "Mozilla/5.0 (compatible; MJ12bot/v1.4.8; http://mj12bot.com/)" "www.ysfine.com"
51.222.253.20 - - [09/Nov/2022:20:35:49 -0800] "GET /class54/class5470/total_data/refer_img/3-9_f.jpg HTTP/1.1" 200 30923 "-" "Mozilla/5.0 (compatible; AhrefsBot/7.0; +http://ahrefs.com/robot/)" "www.ysfine.com"
77.88.5.222 - - [09/Nov/2022:20:35:53 -0800] "GET /robots.txt HTTP/1.1" 404 73 "-" "Mozilla/5.0 (compatible; YandexBot/3.0; +http://yandex.com/bots)" "www.ysfine.com"
51.222.253.13 - - [09/Nov/2022:20:35:55 -0800] "GET /class54/class5470/total_data/img/03_smline.gif HTTP/1.1" 200 3214 "-" "Mozilla/5.0 (compatible; AhrefsBot/7.0; +http://ahrefs.com/robot/)" "www.ysfine.com"
77.88.5.168 - - [09/Nov/2022:20:35:57 -0800] "GET /confer/popular.html HTTP/1.1" 200 2351 "-" "Mozilla/5.0 (compatible; YandexBot/3.0; +http://yandex.com/bots)" "www.ysfine.com"
51.222.253.4 - - [09/Nov/2022:20:36:00 -0800] "GET /class54/class5470/total_data/img/sm01_off.gif HTTP/1.1" 200 412 "-" "Mozilla/5.0 (compatible; AhrefsBot/7.0; +http://ahrefs.com/robot/)" "www.ysfine.com"
51.222.253.17 - - [09/Nov/2022:20:36:00 -0800] "GET /class54/class5470/total_data/refer_img/3-3_f.jpg HTTP/1.1" 200 35517 "-" "Mozilla/5.0 (compatible; AhrefsBot/7.0; +http://ahrefs.com/robot/)" "www.ysfine.com"
51.222.253.9 - - [09/Nov/2022:20:36:01 -0800] "GET /class54/class5470/total_data/sub_316.htm HTTP/1.1" 200 3323 "-" "Mozilla/5.0 (compatible; AhrefsBot/7.0; +http://ahrefs.com/robot/)" "www.ysfine.com"
20.12.191.72 - - [09/Nov/2022:20:36:03 -0800] "GET /home/pgh/cmall57d.jpg HTTP/1.1" 200 45539 "https://ysfine.com/home/pgh" "Mozilla/5.0 (Windows NT 10.0; Win64; x64) AppleWebKit/537.36 (KHTML, like Gecko) Chrome/74.0.3729.157 Safari/537.36" "ysfine.com"
51.222.253.17 - - [09/Nov/2022:20:36:06 -0800] "GET /class54/class5470/total_data/refer_img/3-13_f.jpg HTTP/1.1" 200 21120 "-" "Mozilla/5.0 (compatible; AhrefsBot/7.0; +http://ahrefs.com/robot/)" "www.ysfine.com"
216.244.66.229 - - [09/Nov/2022:20:36:09 -0800] "GET /world/russ/bachkova22.jpg HTTP/1.1" 200 68898 "-" "Mozilla/5.0 (compatible; DotBot/1.2; +https://opensiteexplorer.org/dotbot; help@moz.com)" "ysfine.com"
51.222.253.16 - - [09/Nov/2022:20:36:11 -0800] "GET /class54/class5470/total_data/refer_img/3-8_f.jpg HTTP/1.1" 200 26967 "-" "Mozilla/5.0 (compatible; AhrefsBot/7.0; +http://ahrefs.com/robot/)" "www.ysfine.com"
207.46.13.128 - - [09/Nov/2022:20:36:16 -0800] "GET /world/scandi/sto042.jpg HTTP/1.1" 200 69245 "-" "Mozilla/5.0 (compatible; bingbot/2.0; +http://www.bing.com/bingbot.htm)" "ysfine.com"
51.222.253.14 - - [09/Nov/2022:20:36:16 -0800] "GET /class54/class5470/total_data/refer_img/3-10_f.jpg HTTP/1.1" 200 35360 "-" "Mozilla/5.0 (compatible; AhrefsBot/7.0; +http://ahrefs.com/robot/)" "www.ysfine.com"
51.222.253.4 - - [09/Nov/2022:20:36:22 -0800] "GET /class54/class5470/total_data/refer_img/3-2_f.jpg HTTP/1.1" 200 26427 "-" "Mozilla/5.0 (compatible; AhrefsBot/7.0; +http://ahrefs.com/robot/)" "www.ysfine.com"
51.222.253.19 - - [09/Nov/2022:20:36:27 -0800] "GET /class54/class5470/total_data/refer_img/3-7_f.jpg HTTP/1.1" 200 27397 "-" "Mozilla/5.0 (compatible; AhrefsBot/7.0; +http://ahrefs.com/robot/)" "www.ysfine.com"
51.222.253.6 - - [09/Nov/2022:20:36:33 -0800] "GET /class54/class5470/total_data/refer_img/3-1_f.jpg HTTP/1.1" 200 35017 "-" "Mozilla/5.0 (compatible; AhrefsBot/7.0; +http://ahrefs.com/robot/)" "www.ysfine.com"
216.244.66.229 - - [09/Nov/2022:20:36:39 -0800] "GET /world/russ/volga06.jpg HTTP/1.1" 200 127332 "-" "Mozilla/5.0 (compatible; DotBot/1.2; +https://opensiteexplorer.org/dotbot; help@moz.com)" "ysfine.com"
51.222.253.15 - - [09/Nov/2022:20:36:39 -0800] "GET /class54/class5470/total_data/refer_img/3-4_f.jpg HTTP/1.1" 200 29538 "-" "Mozilla/5.0 (compatible; AhrefsBot/7.0; +http://ahrefs.com/robot/)" "www.ysfine.com"
51.222.253.13 - - [09/Nov/2022:20:36:42 -0800] "GET /class54/class5470/total_data/refer_img/3-11_f.jpg HTTP/1.1" 200 23582 "-" "Mozilla/5.0 (compatible; AhrefsBot/7.0; +http://ahrefs.com/robot/)" "www.ysfine.com"
51.222.253.4 - - [09/Nov/2022:20:36:47 -0800] "GET /class54/class5470/total_data/refer_img/3-16_f.jpg HTTP/1.1" 200 30897 "-" "Mozilla/5.0 (compatible; AhrefsBot/7.0; +http://ahrefs.com/robot/)" "www.ysfine.com"
51.222.253.2 - - [09/Nov/2022:20:36:48 -0800] "GET /class54/class5470/total_data/refer_img/3-17_f.jpg HTTP/1.1" 200 20135 "-" "Mozilla/5.0 (compatible; AhrefsBot/7.0; +http://ahrefs.com/robot/)" "www.ysfine.com"
51.222.253.15 - - [09/Nov/2022:20:36:53 -0800] "GET /class54/class5470/total_data/refer_img/3-15_f.jpg HTTP/1.1" 200 30741 "-" "Mozilla/5.0 (compatible; AhrefsBot/7.0; +http://ahrefs.com/robot/)" "www.ysfine.com"
51.222.253.9 - - [09/Nov/2022:20:36:56 -0800] "GET /wdc/obama12.html HTTP/1.1" 200 204 "-" "Mozilla/5.0 (compatible; AhrefsBot/7.0; +http://ahrefs.com/robot/)" "ysfine.com"
51.222.253.13 - - [09/Nov/2022:20:36:59 -0800] "GET /class54/class5470/total_data/img/03_title.gif HTTP/1.1" 200 5602 "-" "Mozilla/5.0 (compatible; AhrefsBot/7.0; +http://ahrefs.com/robot/)" "www.ysfine.com"
51.222.253.8 - - [09/Nov/2022:20:37:05 -0800] "GET /class54/class5470/total_data/refer_img/3-5_f.jpg HTTP/1.1" 200 26723 "-" "Mozilla/5.0 (compatible; AhrefsBot/7.0; +http://ahrefs.com/robot/)" "www.ysfine.com"
51.222.253.19 - - [09/Nov/2022:20:37:06 -0800] "GET /wdc/obama02.jpg HTTP/1.1" 200 68490 "-" "Mozilla/5.0 (compatible; AhrefsBot/7.0; +http://ahrefs.com/robot/)" "ysfine.com"
51.222.253.20 - - [09/Nov/2022:20:37:12 -0800] "GET /wdc/obama01.jpg HTTP/1.1" 200 93218 "-" "Mozilla/5.0 (compatible; AhrefsBot/7.0; +http://ahrefs.com/robot/)" "ysfine.com"
216.244.66.229 - - [09/Nov/2022:20:37:12 -0800] "GET /class54/class5470/total_data/sub_8172.htm HTTP/1.1" 200 15750 "-" "Mozilla/5.0 (compatible; DotBot/1.2; +https://opensiteexplorer.org/dotbot; help@moz.com)" "ysfine.com"
40.122.32.170 - - [09/Nov/2022:20:37:28 -0800] "GET /wisdom/lindenpower2.jpg HTTP/1.1" 200 32397 "https://ysfine.com/wisdom" "Mozilla/5.0 (Windows NT 10.0; Win64; x64) AppleWebKit/537.36 (KHTML, like Gecko) Chrome/74.0.3729.157 Safari/537.36" "ysfine.com"
216.244.66.229 - - [09/Nov/2022:20:37:39 -0800] "GET /class54/class5470/total_data/sub_820.htm HTTP/1.1" 200 16174 "-" "Mozilla/5.0 (compatible; DotBot/1.2; +https://opensiteexplorer.org/dotbot; help@moz.com)" "ysfine.com"
20.109.241.82 - - [09/Nov/2022:20:37:44 -0800] "GET /world/germany/leipzig22b.jpg HTTP/1.1" 200 41253 "https://ysfine.com/world/germany" "Mozilla/5.0 (iPhone; CPU iPhone OS 13_5_1 like Mac OS X) AppleWebKit/605.1.15 (KHTML, like Gecko) Version/13.1.1 Mobile/15E148 Safari/604.1" "ysfine.com"
51.222.253.9 - - [09/Nov/2022:20:37:50 -0800] "GET /class54/class5470/total_data/sub_307.htm HTTP/1.1" 200 3332 "-" "Mozilla/5.0 (compatible; AhrefsBot/7.0; +http://ahrefs.com/robot/)" "www.ysfine.com"
176.88.60.102 - - [09/Nov/2022:20:38:04 -0800] "GET /maga/phys/yukawa00.jpg HTTP/1.1" 200 84885 "-" "Python/3.8 aiohttp/3.8.1" "ysfine.com"
176.88.60.102 - - [09/Nov/2022:20:38:04 -0800] "GET /maga/phys/yukafeyn3.jpg HTTP/1.1" 200 41879 "-" "Python/3.8 aiohttp/3.8.1" "ysfine.com"
176.88.60.102 - - [09/Nov/2022:20:38:04 -0800] "GET /people/markov84.jpg HTTP/1.1" 200 101065 "-" "Python/3.8 aiohttp/3.8.1" "ysfine.com"
176.88.60.102 - - [09/Nov/2022:20:38:04 -0800] "GET /maga/phys/yukafeyn2.jpg HTTP/1.1" 200 36709 "-" "Python/3.8 aiohttp/3.8.1" "ysfine.com"
176.88.60.102 - - [09/Nov/2022:20:38:04 -0800] "GET /maga/phys/yukafeyn.jpg HTTP/1.1" 200 111167 "-" "Python/3.8 aiohttp/3.8.1" "ysfine.com"
176.88.60.102 - - [09/Nov/2022:20:38:05 -0800] "GET /maga/phys/yukafeyn2.jpg HTTP/1.1" 200 36709 "-" "Python/3.8 aiohttp/3.8.1" "ysfine.com"
176.88.60.102 - - [09/Nov/2022:20:38:05 -0800] "GET /people/markov84.jpg HTTP/1.1" 200 101065 "-" "Python/3.8 aiohttp/3.8.1" "ysfine.com"
216.244.66.229 - - [09/Nov/2022:20:38:05 -0800] "GET /class54/class5470/total_data/sub_899.htm HTTP/1.1" 200 15733 "-" "Mozilla/5.0 (compatible; DotBot/1.2; +https://opensiteexplorer.org/dotbot; help@moz.com)" "ysfine.com"
176.88.60.102 - - [09/Nov/2022:20:38:05 -0800] "GET /maga/phys/yukawa00.jpg HTTP/1.1" 200 84885 "-" "Python/3.8 aiohttp/3.8.1" "ysfine.com"
176.88.60.102 - - [09/Nov/2022:20:38:05 -0800] "GET /maga/phys/yukafeyn3.jpg HTTP/1.1" 200 41879 "-" "Python/3.8 aiohttp/3.8.1" "ysfine.com"
176.88.60.102 - - [09/Nov/2022:20:38:05 -0800] "GET /maga/phys/yukafeyn.jpg HTTP/1.1" 200 111167 "-" "Python/3.8 aiohttp/3.8.1" "ysfine.com"
40.122.230.190 - - [09/Nov/2022:20:38:22 -0800] "GET /world/germany/mucf27b.jpg HTTP/1.1" 200 44420 "https://ysfine.com/world/germany" "Mozilla/5.0 (X11; Linux x86_64) AppleWebKit/537.36 (KHTML, like Gecko) Chrome/74.0.3729.169 Safari/537.36" "ysfine.com"
216.244.66.229 - - [09/Nov/2022:20:38:29 -0800] "GET /dirac/dirac88.jpg HTTP/1.1" 200 11290 "-" "Mozilla/5.0 (compatible; DotBot/1.2; +https://opensiteexplorer.org/dotbot; help@moz.com)" "ysfine.com"
185.191.171.44 - - [09/Nov/2022:20:38:30 -0800] "GET /wisdom/wkwireless.html HTTP/1.1" 200 6236 "-" "Mozilla/5.0 (compatible; SemrushBot/7~bl; +http://www.semrush.com/bot.html)" "ysfine.com"
51.222.253.19 - - [09/Nov/2022:20:38:46 -0800] "GET /wdc/was69kor.html HTTP/1.1" 200 304 "-" "Mozilla/5.0 (compatible; AhrefsBot/7.0; +http://ahrefs.com/robot/)" "www.ysfine.com"
66.249.69.69 - - [09/Nov/2022:20:38:48 -0800] "GET /world/france/stras30.jpg HTTP/1.1" 304 - "-" "Googlebot-Image/1.0" "ysfine.com"
38.126.157.40 - - [09/Nov/2022:20:38:53 -0800] "GET /newyork/gwbr33.jpg HTTP/1.1" 200 599508 "-" "Mozilla/5.0 (compatible; FemtosearchBot/1.0; http://femtosearch.com)" "ysfine.com"
38.126.157.40 - - [09/Nov/2022:20:38:54 -0800] "GET /philo/reagan22.jpg HTTP/1.1" 200 127574 "-" "Mozilla/5.0 (compatible; FemtosearchBot/1.0; http://femtosearch.com)" "ysfine.com"
38.126.157.40 - - [09/Nov/2022:20:38:54 -0800] "GET /wigner/weiss11.jpg HTTP/1.1" 200 68129 "-" "Mozilla/5.0 (compatible; FemtosearchBot/1.0; http://femtosearch.com)" "ysfine.com"
38.126.157.40 - - [09/Nov/2022:20:38:54 -0800] "GET /wdc/heyadams44.jpg HTTP/1.1" 200 109411 "-" "Mozilla/5.0 (compatible; FemtosearchBot/1.0; http://femtosearch.com)" "ysfine.com"
38.126.157.40 - - [09/Nov/2022:20:38:54 -0800] "GET /newyork/macy20.jpg HTTP/1.1" 200 87189 "-" "Mozilla/5.0 (compatible; FemtosearchBot/1.0; http://femtosearch.com)" "ysfine.com"
38.126.157.40 - - [09/Nov/2022:20:38:54 -0800] "GET /wigner/einwig.html HTTP/1.1" 200 3897 "-" "Mozilla/5.0 (compatible; FemtosearchBot/1.0; http://femtosearch.com)" "ysfine.com"
38.126.157.40 - - [09/Nov/2022:20:38:55 -0800] "GET /dirac/canal55a.jpg HTTP/1.1" 200 78602 "-" "Mozilla/5.0 (compatible; FemtosearchBot/1.0; http://femtosearch.com)" "ysfine.com"
38.126.157.40 - - [09/Nov/2022:20:38:55 -0800] "GET /wigner/maxwig.html HTTP/1.1" 200 8080 "-" "Mozilla/5.0 (compatible; FemtosearchBot/1.0; http://femtosearch.com)" "ysfine.com"
40.86.101.166 - - [09/Nov/2022:20:39:19 -0800] "GET /world/russ/mosf63b.jpg HTTP/1.1" 200 39123 "http://ysfine.com/world/russ" "Mozilla/5.0 (Linux; Android 10; SM-G960U) AppleWebKit/537.36 (KHTML, like Gecko) Chrome/88.0.4324.181 Mobile Safari/537.36" "ysfine.com"
40.77.167.71 - - [09/Nov/2022:20:39:35 -0800] "GET /sarnoff.html HTTP/1.1" 404 88 "-" "Mozilla/5.0 (compatible; bingbot/2.0; +http://www.bing.com/bingbot.htm)" "www.ysfine.com"
51.222.253.7 - - [09/Nov/2022:20:39:40 -0800] "GET /class54/class5470/total_data/sub_308.htm HTTP/1.1" 200 3331 "-" "Mozilla/5.0 (compatible; AhrefsBot/7.0; +http://ahrefs.com/robot/)" "www.ysfine.com"
65.108.108.163 - - [09/Nov/2022:20:39:44 -0800] "GET /princeton/undorm02.jpg HTTP/1.1" 200 192454 "https://kingstonyouthlacrosse.org/800/600/https/www.ysfine.com/princeton" "Mozilla/5.0 (Macintosh; Intel Mac OS X 10_11_6) AppleWebKit/605.1.15 (KHTML, like Gecko) Version/11.1.2 Safari/605.1.15" "www.ysfine.com"
207.46.13.128 - - [09/Nov/2022:20:40:06 -0800] "GET /wdc/usna07.jpg HTTP/1.1" 200 96517 "-" "Mozilla/5.0 (compatible; bingbot/2.0; +http://www.bing.com/bingbot.htm)" "www.ysfine.com"
207.46.13.128 - - [09/Nov/2022:20:40:28 -0800] "GET /home/hmleft.html HTTP/1.1" 200 861 "-" "Mozilla/5.0 (compatible; bingbot/2.0; +http://www.bing.com/bingbot.htm)" "ysfine.com"
20.106.28.18 - - [09/Nov/2022:20:40:32 -0800] "GET /world/ital/venicef24b.jpg HTTP/1.1" 200 36285 "http://ysfine.com/world/ital" "Mozilla/5.0 (Windows NT 10.0; Win64; x64) AppleWebKit/537.36 (KHTML, like Gecko) Chrome/74.0.3729.157 Safari/537.36" "ysfine.com"
185.191.171.43 - - [09/Nov/2022:20:40:35 -0800] "GET /robots.txt HTTP/1.1" 404 88 "-" "Mozilla/5.0 (compatible; SemrushBot/7~bl; +http://www.semrush.com/bot.html)" "www.ysfine.com"
185.191.171.5 - - [09/Nov/2022:20:40:35 -0800] "GET /einstein/einstorie.html HTTP/1.1" 200 2505 "-" "Mozilla/5.0 (compatible; SemrushBot/7~bl; +http://www.semrush.com/bot.html)" "www.ysfine.com"
51.222.253.11 - - [09/Nov/2022:20:40:37 -0800] "GET /world/ital/uffizi02.html HTTP/1.1" 200 401 "-" "Mozilla/5.0 (compatible; AhrefsBot/7.0; +http://ahrefs.com/robot/)" "ysfine.com"
51.222.253.5 - - [09/Nov/2022:20:41:24 -0800] "GET /class54/class5470/total_data/sub_313.htm HTTP/1.1" 200 3303 "-" "Mozilla/5.0 (compatible; AhrefsBot/7.0; +http://ahrefs.com/robot/)" "www.ysfine.com"
173.252.79.17 - - [09/Nov/2022:20:41:52 -0800] "GET /wigner/neum/vnc01.jpg HTTP/1.1" 200 133641 "-" "facebookexternalhit/1.1 (+http://www.facebook.com/externalhit_uatext.php)" "ysfine.com"
51.222.253.20 - - [09/Nov/2022:20:42:10 -0800] "GET /class54/class5470/total_data/sub_310.htm HTTP/1.1" 200 3333 "-" "Mozilla/5.0 (compatible; AhrefsBot/7.0; +http://ahrefs.com/robot/)" "www.ysfine.com"
51.222.253.7 - - [09/Nov/2022:20:42:15 -0800] "GET /class54/class5470/total_data/photo_img/3-10.jpg HTTP/1.1" 200 184263 "-" "Mozilla/5.0 (compatible; AhrefsBot/7.0; +http://ahrefs.com/robot/)" "www.ysfine.com"
77.88.5.46 - - [09/Nov/2022:20:42:18 -0800] "GET /ffriends/fdw.html HTTP/1.1" 200 45463 "-" "Mozilla/5.0 (compatible; YandexBot/3.0; +http://yandex.com/bots)" "www.ysfine.com"
71.187.225.224 - - [09/Nov/2022:20:42:26 -0800] "GET /kowar/panmun04.jpg HTTP/1.1" 200 126386 "https://www.google.com/" "Mozilla/5.0 (iPhone; CPU iPhone OS 15_6_1 like Mac OS X) AppleWebKit/605.1.15 (KHTML, like Gecko) Version/15.6.1 Mobile/15E148 Safari/604.1" "ysfine.com"
207.46.13.128 - - [09/Nov/2022:20:42:48 -0800] "GET /newyork/radioci04.jpg HTTP/1.1" 200 77673 "-" "Mozilla/5.0 AppleWebKit/537.36 (KHTML, like Gecko; compatible; bingbot/2.0; +http://www.bing.com/bingbot.htm) Chrome/103.0.5060.134 Safari/537.36" "ysfine.com"
51.222.253.19 - - [09/Nov/2022:20:42:57 -0800] "GET /class54/class5470/total_data/sub_319.htm HTTP/1.1" 200 3310 "-" "Mozilla/5.0 (compatible; AhrefsBot/7.0; +http://ahrefs.com/robot/)" "www.ysfine.com"
51.222.253.15 - - [09/Nov/2022:20:43:05 -0800] "GET /class54/class5470/total_data/photo_img/3-19.jpg HTTP/1.1" 200 89064 "-" "Mozilla/5.0 (compatible; AhrefsBot/7.0; +http://ahrefs.com/robot/)" "www.ysfine.com"
51.222.253.16 - - [09/Nov/2022:20:43:11 -0800] "GET /class54/class5470/total_data/img/03_smtitle05.gif HTTP/1.1" 200 827 "-" "Mozilla/5.0 (compatible; AhrefsBot/7.0; +http://ahrefs.com/robot/)" "www.ysfine.com"
71.178.208.102 - - [09/Nov/2022:20:43:44 -0800] "GET /home/more.html HTTP/1.1" 200 3044 "-" "Mozilla/5.0 (Windows NT 10.0; Win64; x64) AppleWebKit/537.36 (KHTML, like Gecko) Chrome/107.0.0.0 Safari/537.36 Edg/107.0.1418.35" "ysfine.com"
51.222.253.9 - - [09/Nov/2022:20:43:44 -0800] "GET /class54/class5470/total_data/sub_304.htm HTTP/1.1" 200 3325 "-" "Mozilla/5.0 (compatible; AhrefsBot/7.0; +http://ahrefs.com/robot/)" "www.ysfine.com"
51.222.253.6 - - [09/Nov/2022:20:43:48 -0800] "GET /class54/class5470/total_data/img/03_smtitle04.gif HTTP/1.1" 200 417 "-" "Mozilla/5.0 (compatible; AhrefsBot/7.0; +http://ahrefs.com/robot/)" "www.ysfine.com"
51.222.253.6 - - [09/Nov/2022:20:43:49 -0800] "GET /class54/class5470/total_data/photo_img/3-4.jpg HTTP/1.1" 200 126070 "-" "Mozilla/5.0 (compatible; AhrefsBot/7.0; +http://ahrefs.com/robot/)" "www.ysfine.com"
71.178.208.102 - - [09/Nov/2022:20:43:58 -0800] "GET /dirac/dirk62.html HTTP/1.1" 200 3930 "https://ysfine.com/home/more.html" "Mozilla/5.0 (Windows NT 10.0; Win64; x64) AppleWebKit/537.36 (KHTML, like Gecko) Chrome/107.0.0.0 Safari/537.36 Edg/107.0.1418.35" "ysfine.com"
71.178.208.102 - - [09/Nov/2022:20:43:58 -0800] "GET /dirac/feydirac450.jpg HTTP/1.1" 200 40491 "https://ysfine.com/dirac/dirk62.html" "Mozilla/5.0 (Windows NT 10.0; Win64; x64) AppleWebKit/537.36 (KHTML, like Gecko) Chrome/107.0.0.0 Safari/537.36 Edg/107.0.1418.35" "ysfine.com"
71.178.208.102 - - [09/Nov/2022:20:43:58 -0800] "GET /dirac/dirwig55d.jpg HTTP/1.1" 200 47442 "https://ysfine.com/dirac/dirk62.html" "Mozilla/5.0 (Windows NT 10.0; Win64; x64) AppleWebKit/537.36 (KHTML, like Gecko) Chrome/107.0.0.0 Safari/537.36 Edg/107.0.1418.35" "ysfine.com"
71.178.208.102 - - [09/Nov/2022:20:43:58 -0800] "GET /dirac/dirk6202f.jpg HTTP/1.1" 200 62459 "https://ysfine.com/dirac/dirk62.html" "Mozilla/5.0 (Windows NT 10.0; Win64; x64) AppleWebKit/537.36 (KHTML, like Gecko) Chrome/107.0.0.0 Safari/537.36 Edg/107.0.1418.35" "ysfine.com"
71.178.208.102 - - [09/Nov/2022:20:43:58 -0800] "GET /dirac/nicodem11d.jpg HTTP/1.1" 200 141167 "https://ysfine.com/dirac/dirk62.html" "Mozilla/5.0 (Windows NT 10.0; Win64; x64) AppleWebKit/537.36 (KHTML, like Gecko) Chrome/107.0.0.0 Safari/537.36 Edg/107.0.1418.35" "ysfine.com"
71.178.208.102 - - [09/Nov/2022:20:43:58 -0800] "GET /dirac/dirk6201.jpg HTTP/1.1" 200 51283 "https://ysfine.com/dirac/dirk62.html" "Mozilla/5.0 (Windows NT 10.0; Win64; x64) AppleWebKit/537.36 (KHTML, like Gecko) Chrome/107.0.0.0 Safari/537.36 Edg/107.0.1418.35" "ysfine.com"
71.178.208.102 - - [09/Nov/2022:20:43:58 -0800] "GET /dirac/diracqm11f.jpg HTTP/1.1" 200 109178 "https://ysfine.com/dirac/dirk62.html" "Mozilla/5.0 (Windows NT 10.0; Win64; x64) AppleWebKit/537.36 (KHTML, like Gecko) Chrome/107.0.0.0 Safari/537.36 Edg/107.0.1418.35" "ysfine.com"
71.178.208.102 - - [09/Nov/2022:20:43:58 -0800] "GET /dirac/coupo02d.jpg HTTP/1.1" 200 49502 "https://ysfine.com/dirac/dirk62.html" "Mozilla/5.0 (Windows NT 10.0; Win64; x64) AppleWebKit/537.36 (KHTML, like Gecko) Chrome/107.0.0.0 Safari/537.36 Edg/107.0.1418.35" "ysfine.com"
71.178.208.102 - - [09/Nov/2022:20:43:58 -0800] "GET /dirac/dfkim11d.jpg HTTP/1.1" 200 51242 "https://ysfine.com/dirac/dirk62.html" "Mozilla/5.0 (Windows NT 10.0; Win64; x64) AppleWebKit/537.36 (KHTML, like Gecko) Chrome/107.0.0.0 Safari/537.36 Edg/107.0.1418.35" "ysfine.com"
38.126.157.40 - - [09/Nov/2022:20:44:05 -0800] "GET /newyork/macy17.jpg HTTP/1.1" 200 147664 "-" "Mozilla/5.0 (compatible; FemtosearchBot/1.0; http://femtosearch.com)" "ysfine.com"
38.126.157.40 - - [09/Nov/2022:20:44:05 -0800] "GET /ysbio/family66.jpg HTTP/1.1" 404 88 "-" "Mozilla/5.0 (compatible; FemtosearchBot/1.0; http://femtosearch.com)" "ysfine.com"
38.126.157.40 - - [09/Nov/2022:20:44:05 -0800] "GET /kowar/kimis53b.jpg HTTP/1.1" 200 44376 "-" "Mozilla/5.0 (compatible; FemtosearchBot/1.0; http://femtosearch.com)" "ysfine.com"
38.126.157.40 - - [09/Nov/2022:20:44:05 -0800] "GET /wigner/wigfine.jpg HTTP/1.1" 200 59178 "-" "Mozilla/5.0 (compatible; FemtosearchBot/1.0; http://femtosearch.com)" "ysfine.com"
71.178.208.102 - - [09/Nov/2022:20:44:05 -0800] "GET /maga/herod.html HTTP/1.1" 200 4341 "https://ysfine.com/home/more.html" "Mozilla/5.0 (Windows NT 10.0; Win64; x64) AppleWebKit/537.36 (KHTML, like Gecko) Chrome/107.0.0.0 Safari/537.36 Edg/107.0.1418.35" "ysfine.com"
71.178.208.102 - - [09/Nov/2022:20:44:05 -0800] "GET /wigner/michwight22c.jpg HTTP/1.1" 200 32821 "https://ysfine.com/maga/herod.html" "Mozilla/5.0 (Windows NT 10.0; Win64; x64) AppleWebKit/537.36 (KHTML, like Gecko) Chrome/107.0.0.0 Safari/537.36 Edg/107.0.1418.35" "ysfine.com"
71.178.208.102 - - [09/Nov/2022:20:44:05 -0800] "GET /wigner/wigkim11c.jpg HTTP/1.1" 200 30443 "https://ysfine.com/maga/herod.html" "Mozilla/5.0 (Windows NT 10.0; Win64; x64) AppleWebKit/537.36 (KHTML, like Gecko) Chrome/107.0.0.0 Safari/537.36 Edg/107.0.1418.35" "ysfine.com"
71.178.208.102 - - [09/Nov/2022:20:44:05 -0800] "GET /home/taylor400.jpg HTTP/1.1" 200 56181 "https://ysfine.com/maga/herod.html" "Mozilla/5.0 (Windows NT 10.0; Win64; x64) AppleWebKit/537.36 (KHTML, like Gecko) Chrome/107.0.0.0 Safari/537.36 Edg/107.0.1418.35" "ysfine.com"
71.178.208.102 - - [09/Nov/2022:20:44:05 -0800] "GET /eink/pawkim19e.jpg HTTP/1.1" 200 85621 "https://ysfine.com/maga/herod.html" "Mozilla/5.0 (Windows NT 10.0; Win64; x64) AppleWebKit/537.36 (KHTML, like Gecko) Chrome/107.0.0.0 Safari/537.36 Edg/107.0.1418.35" "ysfine.com"
71.178.208.102 - - [09/Nov/2022:20:44:05 -0800] "GET /maga/phil/herod11c.jpg HTTP/1.1" 200 76011 "https://ysfine.com/maga/herod.html" "Mozilla/5.0 (Windows NT 10.0; Win64; x64) AppleWebKit/537.36 (KHTML, like Gecko) Chrome/107.0.0.0 Safari/537.36 Edg/107.0.1418.35" "ysfine.com"
71.178.208.102 - - [09/Nov/2022:20:44:05 -0800] "GET /maga/phil/herod33c.jpg HTTP/1.1" 200 45604 "https://ysfine.com/maga/herod.html" "Mozilla/5.0 (Windows NT 10.0; Win64; x64) AppleWebKit/537.36 (KHTML, like Gecko) Chrome/107.0.0.0 Safari/537.36 Edg/107.0.1418.35" "ysfine.com"
71.178.208.102 - - [09/Nov/2022:20:44:05 -0800] "GET /wigner/michwight11c.jpg HTTP/1.1" 200 38388 "https://ysfine.com/maga/herod.html" "Mozilla/5.0 (Windows NT 10.0; Win64; x64) AppleWebKit/537.36 (KHTML, like Gecko) Chrome/107.0.0.0 Safari/537.36 Edg/107.0.1418.35" "ysfine.com"
71.178.208.102 - - [09/Nov/2022:20:44:05 -0800] "GET /wigner/tollwig11c.jpg HTTP/1.1" 200 30497 "https://ysfine.com/maga/herod.html" "Mozilla/5.0 (Windows NT 10.0; Win64; x64) AppleWebKit/537.36 (KHTML, like Gecko) Chrome/107.0.0.0 Safari/537.36 Edg/107.0.1418.35" "ysfine.com"
38.126.157.40 - - [09/Nov/2022:20:44:07 -0800] "GET /people/wheejac.jpg HTTP/1.1" 200 113624 "-" "Mozilla/5.0 (compatible; FemtosearchBot/1.0; http://femtosearch.com)" "ysfine.com"
38.126.157.40 - - [09/Nov/2022:20:44:08 -0800] "GET /wdc/sherman11b.jpg HTTP/1.1" 200 27477 "-" "Mozilla/5.0 (compatible; FemtosearchBot/1.0; http://femtosearch.com)" "ysfine.com"
38.126.157.40 - - [09/Nov/2022:20:44:08 -0800] "GET /dirac/hyperell.jpg HTTP/1.1" 200 42675 "-" "Mozilla/5.0 (compatible; FemtosearchBot/1.0; http://femtosearch.com)" "ysfine.com"
51.222.253.18 - - [09/Nov/2022:20:44:33 -0800] "GET /class54/class5470/total_data/sub_311.htm HTTP/1.1" 200 3317 "-" "Mozilla/5.0 (compatible; AhrefsBot/7.0; +http://ahrefs.com/robot/)" "www.ysfine.com"
71.178.208.102 - - [09/Nov/2022:20:44:36 -0800] "GET /bio07.html HTTP/1.1" 304 - "https://ysfine.com/home/more.html" "Mozilla/5.0 (Windows NT 10.0; Win64; x64) AppleWebKit/537.36 (KHTML, like Gecko) Chrome/107.0.0.0 Safari/537.36 Edg/107.0.1418.35" "ysfine.com"
71.178.208.102 - - [09/Nov/2022:20:44:36 -0800] "GET /facu63c.jpg HTTP/1.1" 404 88 "https://ysfine.com/bio07.html" "Mozilla/5.0 (Windows NT 10.0; Win64; x64) AppleWebKit/537.36 (KHTML, like Gecko) Chrome/107.0.0.0 Safari/537.36 Edg/107.0.1418.35" "ysfine.com"
71.178.208.102 - - [09/Nov/2022:20:44:36 -0800] "GET /eward11c.jpg HTTP/1.1" 404 88 "https://ysfine.com/bio07.html" "Mozilla/5.0 (Windows NT 10.0; Win64; x64) AppleWebKit/537.36 (KHTML, like Gecko) Chrome/107.0.0.0 Safari/537.36 Edg/107.0.1418.35" "ysfine.com"
71.178.208.102 - - [09/Nov/2022:20:44:36 -0800] "GET /ys90b.jpg HTTP/1.1" 404 88 "https://ysfine.com/bio07.html" "Mozilla/5.0 (Windows NT 10.0; Win64; x64) AppleWebKit/537.36 (KHTML, like Gecko) Chrome/107.0.0.0 Safari/537.36 Edg/107.0.1418.35" "ysfine.com"
71.178.208.102 - - [09/Nov/2022:20:44:46 -0800] "GET /bio07.html HTTP/1.1" 304 - "https://ysfine.com/home/more.html" "Mozilla/5.0 (Windows NT 10.0; Win64; x64) AppleWebKit/537.36 (KHTML, like Gecko) Chrome/107.0.0.0 Safari/537.36 Edg/107.0.1418.35" "ysfine.com"
71.178.208.102 - - [09/Nov/2022:20:44:46 -0800] "GET /facu63c.jpg HTTP/1.1" 404 88 "https://ysfine.com/bio07.html" "Mozilla/5.0 (Windows NT 10.0; Win64; x64) AppleWebKit/537.36 (KHTML, like Gecko) Chrome/107.0.0.0 Safari/537.36 Edg/107.0.1418.35" "ysfine.com"
71.178.208.102 - - [09/Nov/2022:20:44:46 -0800] "GET /eward11c.jpg HTTP/1.1" 404 88 "https://ysfine.com/bio07.html" "Mozilla/5.0 (Windows NT 10.0; Win64; x64) AppleWebKit/537.36 (KHTML, like Gecko) Chrome/107.0.0.0 Safari/537.36 Edg/107.0.1418.35" "ysfine.com"
51.222.253.14 - - [09/Nov/2022:20:45:15 -0800] "GET /world/russ/proudm.html HTTP/1.1" 200 696 "-" "Mozilla/5.0 (compatible; AhrefsBot/7.0; +http://ahrefs.com/robot/)" "www.ysfine.com"
207.46.13.128 - - [09/Nov/2022:20:45:18 -0800] "GET /bio/style/ystyle.html HTTP/1.1" 404 88 "-" "Mozilla/5.0 (compatible; bingbot/2.0; +http://www.bing.com/bingbot.htm)" "ysfine.com"
207.46.13.128 - - [09/Nov/2022:20:45:18 -0800] "GET /bio/dirac/dirpoems.html HTTP/1.1" 404 88 "-" "Mozilla/5.0 AppleWebKit/537.36 (KHTML, like Gecko; compatible; bingbot/2.0; +http://www.bing.com/bingbot.htm) Chrome/103.0.5060.134 Safari/537.36" "ysfine.com"
51.222.253.19 - - [09/Nov/2022:20:45:19 -0800] "GET /world/russ/proudm.jpg HTTP/1.1" 200 83009 "-" "Mozilla/5.0 (compatible; AhrefsBot/7.0; +http://ahrefs.com/robot/)" "www.ysfine.com"
207.46.13.107 - - [09/Nov/2022:20:45:57 -0800] "GET /bio/style/leica.html HTTP/1.1" 404 88 "-" "Mozilla/5.0 (compatible; bingbot/2.0; +http://www.bing.com/bingbot.htm)" "ysfine.com"
51.222.253.12 - - [09/Nov/2022:20:45:57 -0800] "GET /ysbio/style/admire.html HTTP/1.1" 404 88 "-" "Mozilla/5.0 (compatible; AhrefsBot/7.0; +http://ahrefs.com/robot/)" "www.ysfine.com"
71.178.208.102 - - [09/Nov/2022:20:46:29 -0800] "GET /facu63.jpg HTTP/1.1" 404 88 "https://ysfine.com/bio07.html" "Mozilla/5.0 (Windows NT 10.0; Win64; x64) AppleWebKit/537.36 (KHTML, like Gecko) Chrome/107.0.0.0 Safari/537.36 Edg/107.0.1418.35" "ysfine.com"
51.222.253.8 - - [09/Nov/2022:20:46:46 -0800] "GET /ysbio/wigner/gim/map05.html HTTP/1.1" 404 88 "-" "Mozilla/5.0 (compatible; AhrefsBot/7.0; +http://ahrefs.com/robot/)" "www.ysfine.com"
71.178.208.102 - - [09/Nov/2022:20:46:48 -0800] "GET /bio06.html HTTP/1.1" 200 6846 "https://ysfine.com/bio07.html" "Mozilla/5.0 (Windows NT 10.0; Win64; x64) AppleWebKit/537.36 (KHTML, like Gecko) Chrome/107.0.0.0 Safari/537.36 Edg/107.0.1418.35" "ysfine.com"
71.178.208.102 - - [09/Nov/2022:20:46:48 -0800] "GET /sbt11d.jpg HTTP/1.1" 404 88 "https://ysfine.com/bio06.html" "Mozilla/5.0 (Windows NT 10.0; Win64; x64) AppleWebKit/537.36 (KHTML, like Gecko) Chrome/107.0.0.0 Safari/537.36 Edg/107.0.1418.35" "ysfine.com"
71.178.208.102 - - [09/Nov/2022:20:46:48 -0800] "GET /wigein11d.jpg HTTP/1.1" 404 88 "https://ysfine.com/bio06.html" "Mozilla/5.0 (Windows NT 10.0; Win64; x64) AppleWebKit/537.36 (KHTML, like Gecko) Chrome/107.0.0.0 Safari/537.36 Edg/107.0.1418.35" "ysfine.com"
71.178.208.102 - - [09/Nov/2022:20:46:48 -0800] "GET /ewk86f.jpg HTTP/1.1" 404 88 "https://ysfine.com/bio06.html" "Mozilla/5.0 (Windows NT 10.0; Win64; x64) AppleWebKit/537.36 (KHTML, like Gecko) Chrome/107.0.0.0 Safari/537.36 Edg/107.0.1418.35" "ysfine.com"
71.178.208.102 - - [09/Nov/2022:20:46:48 -0800] "GET /truck20k.jpg HTTP/1.1" 404 88 "https://ysfine.com/bio06.html" "Mozilla/5.0 (Windows NT 10.0; Win64; x64) AppleWebKit/537.36 (KHTML, like Gecko) Chrome/107.0.0.0 Safari/537.36 Edg/107.0.1418.35" "ysfine.com"
71.178.208.102 - - [09/Nov/2022:20:46:48 -0800] "GET /fotos/sbtwein11d.jpg HTTP/1.1" 200 61469 "https://ysfine.com/bio06.html" "Mozilla/5.0 (Windows NT 10.0; Win64; x64) AppleWebKit/537.36 (KHTML, like Gecko) Chrome/107.0.0.0 Safari/537.36 Edg/107.0.1418.35" "ysfine.com"
71.178.208.102 - - [09/Nov/2022:20:46:48 -0800] "GET /bek22k.jpg HTTP/1.1" 404 88 "https://ysfine.com/bio06.html" "Mozilla/5.0 (Windows NT 10.0; Win64; x64) AppleWebKit/537.36 (KHTML, like Gecko) Chrome/107.0.0.0 Safari/537.36 Edg/107.0.1418.35" "ysfine.com"
71.178.208.102 - - [09/Nov/2022:20:46:48 -0800] "GET /facu450.jpg HTTP/1.1" 404 88 "https://ysfine.com/bio06.html" "Mozilla/5.0 (Windows NT 10.0; Win64; x64) AppleWebKit/537.36 (KHTML, like Gecko) Chrome/107.0.0.0 Safari/537.36 Edg/107.0.1418.35" "ysfine.com"
71.178.208.102 - - [09/Nov/2022:20:46:48 -0800] "GET /figs/pwk450.jpg HTTP/1.1" 200 84171 "https://ysfine.com/bio06.html" "Mozilla/5.0 (Windows NT 10.0; Win64; x64) AppleWebKit/537.36 (KHTML, like Gecko) Chrome/107.0.0.0 Safari/537.36 Edg/107.0.1418.35" "ysfine.com"
71.178.208.102 - - [09/Nov/2022:20:46:48 -0800] "GET /sbk/1987pr22c.jpg HTTP/1.1" 200 40964 "https://ysfine.com/bio06.html" "Mozilla/5.0 (Windows NT 10.0; Win64; x64) AppleWebKit/537.36 (KHTML, like Gecko) Chrome/107.0.0.0 Safari/537.36 Edg/107.0.1418.35" "ysfine.com"
71.178.208.102 - - [09/Nov/2022:20:46:52 -0800] "GET /awards/index.html HTTP/1.1" 200 10083 "https://ysfine.com/bio07.html" "Mozilla/5.0 (Windows NT 10.0; Win64; x64) AppleWebKit/537.36 (KHTML, like Gecko) Chrome/107.0.0.0 Safari/537.36 Edg/107.0.1418.35" "ysfine.com"
71.178.208.102 - - [09/Nov/2022:20:46:52 -0800] "GET /ysbio/marquis/marq12d.jpg HTTP/1.1" 404 88 "https://ysfine.com/awards/index.html" "Mozilla/5.0 (Windows NT 10.0; Win64; x64) AppleWebKit/537.36 (KHTML, like Gecko) Chrome/107.0.0.0 Safari/537.36 Edg/107.0.1418.35" "ysfine.com"
71.178.208.102 - - [09/Nov/2022:20:46:52 -0800] "GET /awards/ysnr11d.jpg HTTP/1.1" 200 61140 "https://ysfine.com/awards/index.html" "Mozilla/5.0 (Windows NT 10.0; Win64; x64) AppleWebKit/537.36 (KHTML, like Gecko) Chrome/107.0.0.0 Safari/537.36 Edg/107.0.1418.35" "ysfine.com"
71.178.208.102 - - [09/Nov/2022:20:46:52 -0800] "GET /awards/timeline11f.jpg HTTP/1.1" 200 169039 "https://ysfine.com/awards/index.html" "Mozilla/5.0 (Windows NT 10.0; Win64; x64) AppleWebKit/537.36 (KHTML, like Gecko) Chrome/107.0.0.0 Safari/537.36 Edg/107.0.1418.35" "ysfine.com"
71.178.208.102 - - [09/Nov/2022:20:46:52 -0800] "GET /awards/top100d.jpg HTTP/1.1" 200 74998 "https://ysfine.com/awards/index.html" "Mozilla/5.0 (Windows NT 10.0; Win64; x64) AppleWebKit/537.36 (KHTML, like Gecko) Chrome/107.0.0.0 Safari/537.36 Edg/107.0.1418.35" "ysfine.com"
71.178.208.102 - - [09/Nov/2022:20:46:52 -0800] "GET /awards/marq/marq22f.jpg HTTP/1.1" 200 142401 "https://ysfine.com/awards/index.html" "Mozilla/5.0 (Windows NT 10.0; Win64; x64) AppleWebKit/537.36 (KHTML, like Gecko) Chrome/107.0.0.0 Safari/537.36 Edg/107.0.1418.35" "ysfine.com"
71.178.208.102 - - [09/Nov/2022:20:46:52 -0800] "GET /awards/timessq11d.jpg HTTP/1.1" 200 105546 "https://ysfine.com/awards/index.html" "Mozilla/5.0 (Windows NT 10.0; Win64; x64) AppleWebKit/537.36 (KHTML, like Gecko) Chrome/107.0.0.0 Safari/537.36 Edg/107.0.1418.35" "ysfine.com"
71.178.208.102 - - [09/Nov/2022:20:46:52 -0800] "GET /awards/fortune21f.jpg HTTP/1.1" 200 234815 "https://ysfine.com/awards/index.html" "Mozilla/5.0 (Windows NT 10.0; Win64; x64) AppleWebKit/537.36 (KHTML, like Gecko) Chrome/107.0.0.0 Safari/537.36 Edg/107.0.1418.35" "ysfine.com"
71.178.208.102 - - [09/Nov/2022:20:46:52 -0800] "GET /awards/acs55f.jpg HTTP/1.1" 200 83340 "https://ysfine.com/awards/index.html" "Mozilla/5.0 (Windows NT 10.0; Win64; x64) AppleWebKit/537.36 (KHTML, like Gecko) Chrome/107.0.0.0 Safari/537.36 Edg/107.0.1418.35" "ysfine.com"
71.178.208.102 - - [09/Nov/2022:20:46:52 -0800] "GET /awards/einbohr25d.jpg HTTP/1.1" 200 49476 "https://ysfine.com/awards/index.html" "Mozilla/5.0 (Windows NT 10.0; Win64; x64) AppleWebKit/537.36 (KHTML, like Gecko) Chrome/107.0.0.0 Safari/537.36 Edg/107.0.1418.35" "ysfine.com"
71.178.208.102 - - [09/Nov/2022:20:46:52 -0800] "GET /awards/whoswho22f.jpg HTTP/1.1" 200 106044 "https://ysfine.com/awards/index.html" "Mozilla/5.0 (Windows NT 10.0; Win64; x64) AppleWebKit/537.36 (KHTML, like Gecko) Chrome/107.0.0.0 Safari/537.36 Edg/107.0.1418.35" "ysfine.com"
71.178.208.102 - - [09/Nov/2022:20:46:52 -0800] "GET /awards/acs20f.jpg HTTP/1.1" 200 145842 "https://ysfine.com/awards/index.html" "Mozilla/5.0 (Windows NT 10.0; Win64; x64) AppleWebKit/537.36 (KHTML, like Gecko) Chrome/107.0.0.0 Safari/537.36 Edg/107.0.1418.35" "ysfine.com"
71.178.208.102 - - [09/Nov/2022:20:46:52 -0800] "GET /awards/truck20d.jpg HTTP/1.1" 200 43868 "https://ysfine.com/awards/index.html" "Mozilla/5.0 (Windows NT 10.0; Win64; x64) AppleWebKit/537.36 (KHTML, like Gecko) Chrome/107.0.0.0 Safari/537.36 Edg/107.0.1418.35" "ysfine.com"
71.178.208.102 - - [09/Nov/2022:20:46:52 -0800] "GET /awards/ewk88d.jpg HTTP/1.1" 200 96031 "https://ysfine.com/awards/index.html" "Mozilla/5.0 (Windows NT 10.0; Win64; x64) AppleWebKit/537.36 (KHTML, like Gecko) Chrome/107.0.0.0 Safari/537.36 Edg/107.0.1418.35" "ysfine.com"
71.178.208.102 - - [09/Nov/2022:20:46:52 -0800] "GET /awards/bridge22f.jpg HTTP/1.1" 200 98225 "https://ysfine.com/awards/index.html" "Mozilla/5.0 (Windows NT 10.0; Win64; x64) AppleWebKit/537.36 (KHTML, like Gecko) Chrome/107.0.0.0 Safari/537.36 Edg/107.0.1418.35" "ysfine.com"
71.178.208.102 - - [09/Nov/2022:20:46:52 -0800] "GET /awards/wsj21f.jpg HTTP/1.1" 200 172238 "https://ysfine.com/awards/index.html" "Mozilla/5.0 (Windows NT 10.0; Win64; x64) AppleWebKit/537.36 (KHTML, like Gecko) Chrome/107.0.0.0 Safari/537.36 Edg/107.0.1418.35" "ysfine.com"
71.178.208.102 - - [09/Nov/2022:20:46:52 -0800] "GET /awards/feygell01d.jpg HTTP/1.1" 200 31895 "https://ysfine.com/awards/index.html" "Mozilla/5.0 (Windows NT 10.0; Win64; x64) AppleWebKit/537.36 (KHTML, like Gecko) Chrome/107.0.0.0 Safari/537.36 Edg/107.0.1418.35" "ysfine.com"
71.178.208.102 - - [09/Nov/2022:20:46:52 -0800] "GET /awards/acs96f.jpg HTTP/1.1" 200 118636 "https://ysfine.com/awards/index.html" "Mozilla/5.0 (Windows NT 10.0; Win64; x64) AppleWebKit/537.36 (KHTML, like Gecko) Chrome/107.0.0.0 Safari/537.36 Edg/107.0.1418.35" "ysfine.com"
71.178.208.102 - - [09/Nov/2022:20:46:52 -0800] "GET /home/yspr61d.jpg HTTP/1.1" 200 64126 "https://ysfine.com/awards/index.html" "Mozilla/5.0 (Windows NT 10.0; Win64; x64) AppleWebKit/537.36 (KHTML, like Gecko) Chrome/107.0.0.0 Safari/537.36 Edg/107.0.1418.35" "ysfine.com"
71.178.208.102 - - [09/Nov/2022:20:46:52 -0800] "GET /awards/marq/hemis21f.jpg HTTP/1.1" 200 180095 "https://ysfine.com/awards/index.html" "Mozilla/5.0 (Windows NT 10.0; Win64; x64) AppleWebKit/537.36 (KHTML, like Gecko) Chrome/107.0.0.0 Safari/537.36 Edg/107.0.1418.35" "ysfine.com"
157.55.39.129 - - [09/Nov/2022:20:47:28 -0800] "GET /bio/world/kalinin22.html HTTP/1.1" 404 88 "-" "Mozilla/5.0 (compatible; bingbot/2.0; +http://www.bing.com/bingbot.htm)" "ysfine.com"
51.222.253.15 - - [09/Nov/2022:20:47:30 -0800] "GET /class54/class5470/total_data/sub_309.htm HTTP/1.1" 200 3332 "-" "Mozilla/5.0 (compatible; AhrefsBot/7.0; +http://ahrefs.com/robot/)" "www.ysfine.com"
66.249.69.66 - - [09/Nov/2022:20:47:34 -0800] "GET /world/france/flore02.jpg HTTP/1.1" 304 - "-" "Googlebot-Image/1.0" "ysfine.com"
51.222.253.20 - - [09/Nov/2022:20:48:19 -0800] "GET /class54/class5470/total_data/sub_314.htm HTTP/1.1" 200 3310 "-" "Mozilla/5.0 (compatible; AhrefsBot/7.0; +http://ahrefs.com/robot/)" "www.ysfine.com"
66.249.69.66 - - [09/Nov/2022:20:48:27 -0800] "GET /people/noz03.jpg HTTP/1.1" 304 - "-" "Googlebot-Image/1.0" "ysfine.com"
