79.148.183.78 - - [31/Oct/2022:01:53:20 -0700] "GET /heisen/heisen22c.jpg HTTP/1.1" 200 33300 "https://ysfine.com/einstein/heisenberg.html" "Mozilla/5.0 (Windows NT 10.0; Win64; x64) AppleWebKit/537.36 (KHTML, like Gecko) Chrome/107.0.0.0 Safari/537.36" "ysfine.com"
79.148.183.78 - - [31/Oct/2022:01:53:21 -0700] "GET /einstein/tsepa11c.jpg HTTP/1.1" 200 28691 "https://ysfine.com/einstein/heisenberg.html" "Mozilla/5.0 (Windows NT 10.0; Win64; x64) AppleWebKit/537.36 (KHTML, like Gecko) Chrome/107.0.0.0 Safari/537.36" "ysfine.com"
79.148.183.78 - - [31/Oct/2022:01:53:21 -0700] "GET /einstein/einbohr33c.jpg HTTP/1.1" 200 36410 "https://ysfine.com/einstein/heisenberg.html" "Mozilla/5.0 (Windows NT 10.0; Win64; x64) AppleWebKit/537.36 (KHTML, like Gecko) Chrome/107.0.0.0 Safari/537.36" "ysfine.com"
79.148.183.78 - - [31/Oct/2022:01:53:21 -0700] "GET /wigner/wighome11c.jpg HTTP/1.1" 200 45648 "https://ysfine.com/einstein/heisenberg.html" "Mozilla/5.0 (Windows NT 10.0; Win64; x64) AppleWebKit/537.36 (KHTML, like Gecko) Chrome/107.0.0.0 Safari/537.36" "ysfine.com"
79.148.183.78 - - [31/Oct/2022:01:53:21 -0700] "GET /einstein/texfiles/einheis01.jpg HTTP/1.1" 200 32456 "https://ysfine.com/einstein/heisenberg.html" "Mozilla/5.0 (Windows NT 10.0; Win64; x64) AppleWebKit/537.36 (KHTML, like Gecko) Chrome/107.0.0.0 Safari/537.36" "ysfine.com"
79.148.183.78 - - [31/Oct/2022:01:53:21 -0700] "GET /einstein/texfiles/einheis02.jpg HTTP/1.1" 200 27605 "https://ysfine.com/einstein/heisenberg.html" "Mozilla/5.0 (Windows NT 10.0; Win64; x64) AppleWebKit/537.36 (KHTML, like Gecko) Chrome/107.0.0.0 Safari/537.36" "ysfine.com"
79.148.183.78 - - [31/Oct/2022:01:53:21 -0700] "GET /einstein/texfiles/einheis03.jpg HTTP/1.1" 200 46000 "https://ysfine.com/einstein/heisenberg.html" "Mozilla/5.0 (Windows NT 10.0; Win64; x64) AppleWebKit/537.36 (KHTML, like Gecko) Chrome/107.0.0.0 Safari/537.36" "ysfine.com"
79.148.183.78 - - [31/Oct/2022:01:53:22 -0700] "GET /einstein/texfiles/einheis05.jpg HTTP/1.1" 200 31679 "https://ysfine.com/einstein/heisenberg.html" "Mozilla/5.0 (Windows NT 10.0; Win64; x64) AppleWebKit/537.36 (KHTML, like Gecko) Chrome/107.0.0.0 Safari/537.36" "ysfine.com"
79.148.183.78 - - [31/Oct/2022:01:53:22 -0700] "GET /maga/phys/yukadirac53c.jpg HTTP/1.1" 200 40447 "https://ysfine.com/einstein/heisenberg.html" "Mozilla/5.0 (Windows NT 10.0; Win64; x64) AppleWebKit/537.36 (KHTML, like Gecko) Chrome/107.0.0.0 Safari/537.36" "ysfine.com"
79.148.183.78 - - [31/Oct/2022:01:53:22 -0700] "GET /feynman/ppic/parton88a.jpg HTTP/1.1" 200 55506 "https://ysfine.com/einstein/heisenberg.html" "Mozilla/5.0 (Windows NT 10.0; Win64; x64) AppleWebKit/537.36 (KHTML, like Gecko) Chrome/107.0.0.0 Safari/537.36" "ysfine.com"
79.148.183.78 - - [31/Oct/2022:01:53:22 -0700] "GET /wigner/wigkim11c.jpg HTTP/1.1" 200 30443 "https://ysfine.com/einstein/heisenberg.html" "Mozilla/5.0 (Windows NT 10.0; Win64; x64) AppleWebKit/537.36 (KHTML, like Gecko) Chrome/107.0.0.0 Safari/537.36" "ysfine.com"
79.148.183.78 - - [31/Oct/2022:01:53:22 -0700] "GET /dirac/dirheisen31c.jpg HTTP/1.1" 200 43569 "https://ysfine.com/einstein/heisenberg.html" "Mozilla/5.0 (Windows NT 10.0; Win64; x64) AppleWebKit/537.36 (KHTML, like Gecko) Chrome/107.0.0.0 Safari/537.36" "ysfine.com"
79.148.183.78 - - [31/Oct/2022:01:53:22 -0700] "GET /einstein/math/sp2c.jpg HTTP/1.1" 200 29719 "https://ysfine.com/einstein/heisenberg.html" "Mozilla/5.0 (Windows NT 10.0; Win64; x64) AppleWebKit/537.36 (KHTML, like Gecko) Chrome/107.0.0.0 Safari/537.36" "ysfine.com"
79.148.183.78 - - [31/Oct/2022:01:53:22 -0700] "GET /dirac/2osc22c.jpg HTTP/1.1" 200 28929 "https://ysfine.com/einstein/heisenberg.html" "Mozilla/5.0 (Windows NT 10.0; Win64; x64) AppleWebKit/537.36 (KHTML, like Gecko) Chrome/107.0.0.0 Safari/537.36" "ysfine.com"
79.148.183.78 - - [31/Oct/2022:01:53:22 -0700] "GET /dirac/o32c.jpg HTTP/1.1" 200 30707 "https://ysfine.com/einstein/heisenberg.html" "Mozilla/5.0 (Windows NT 10.0; Win64; x64) AppleWebKit/537.36 (KHTML, like Gecko) Chrome/107.0.0.0 Safari/537.36" "ysfine.com"
79.148.183.78 - - [31/Oct/2022:01:53:23 -0700] "GET /dirac/o32inho22c.jpg HTTP/1.1" 200 33038 "https://ysfine.com/einstein/heisenberg.html" "Mozilla/5.0 (Windows NT 10.0; Win64; x64) AppleWebKit/537.36 (KHTML, like Gecko) Chrome/107.0.0.0 Safari/537.36" "ysfine.com"
79.148.183.78 - - [31/Oct/2022:01:53:23 -0700] "GET /eink/pwk19c.jpg HTTP/1.1" 200 57759 "https://ysfine.com/einstein/heisenberg.html" "Mozilla/5.0 (Windows NT 10.0; Win64; x64) AppleWebKit/537.36 (KHTML, like Gecko) Chrome/107.0.0.0 Safari/537.36" "ysfine.com"
79.148.183.78 - - [31/Oct/2022:01:53:23 -0700] "GET /home/figs/sq55c.jpg HTTP/1.1" 200 29581 "https://ysfine.com/einstein/heisenberg.html" "Mozilla/5.0 (Windows NT 10.0; Win64; x64) AppleWebKit/537.36 (KHTML, like Gecko) Chrome/107.0.0.0 Safari/537.36" "ysfine.com"
79.148.183.78 - - [31/Oct/2022:01:53:23 -0700] "GET /favicon.ico HTTP/1.1" 404 88 "https://ysfine.com/einstein/heisenberg.html" "Mozilla/5.0 (Windows NT 10.0; Win64; x64) AppleWebKit/537.36 (KHTML, like Gecko) Chrome/107.0.0.0 Safari/537.36" "ysfine.com"
173.73.77.36 - - [31/Oct/2022:01:54:28 -0700] "GET /eink/ewk86a.jpg HTTP/1.1" 200 70895 "http://www2.physics.umd.edu/" "Mozilla/5.0 (Windows NT 10.0; Win64; x64) AppleWebKit/537.36 (KHTML, like Gecko) Chrome/107.0.0.0 Safari/537.36 Edg/107.0.1418.26" "ysfine.com"
173.73.77.36 - - [31/Oct/2022:01:54:28 -0700] "GET /home/eward55f.jpg HTTP/1.1" 200 122802 "http://www2.physics.umd.edu/" "Mozilla/5.0 (Windows NT 10.0; Win64; x64) AppleWebKit/537.36 (KHTML, like Gecko) Chrome/107.0.0.0 Safari/537.36 Edg/107.0.1418.26" "ysfine.com"
173.73.77.36 - - [31/Oct/2022:01:54:28 -0700] "GET /home/goodbad55c.jpg HTTP/1.1" 200 24415 "http://www2.physics.umd.edu/" "Mozilla/5.0 (Windows NT 10.0; Win64; x64) AppleWebKit/537.36 (KHTML, like Gecko) Chrome/107.0.0.0 Safari/537.36 Edg/107.0.1418.26" "ysfine.com"
173.73.77.36 - - [31/Oct/2022:01:54:28 -0700] "GET /home/eink77c.jpg HTTP/1.1" 200 47471 "http://www2.physics.umd.edu/" "Mozilla/5.0 (Windows NT 10.0; Win64; x64) AppleWebKit/537.36 (KHTML, like Gecko) Chrome/107.0.0.0 Safari/537.36 Edg/107.0.1418.26" "ysfine.com"
173.73.77.36 - - [31/Oct/2022:01:54:28 -0700] "GET /home/top21c.jpg HTTP/1.1" 200 53120 "http://www2.physics.umd.edu/" "Mozilla/5.0 (Windows NT 10.0; Win64; x64) AppleWebKit/537.36 (KHTML, like Gecko) Chrome/107.0.0.0 Safari/537.36 Edg/107.0.1418.26" "ysfine.com"
173.73.77.36 - - [31/Oct/2022:01:54:28 -0700] "GET /home/facu63c.jpg HTTP/1.1" 200 41710 "http://www2.physics.umd.edu/" "Mozilla/5.0 (Windows NT 10.0; Win64; x64) AppleWebKit/537.36 (KHTML, like Gecko) Chrome/107.0.0.0 Safari/537.36 Edg/107.0.1418.26" "ysfine.com"
173.73.77.36 - - [31/Oct/2022:01:54:28 -0700] "GET /home/truck/truck20c.jpg HTTP/1.1" 200 29999 "http://www2.physics.umd.edu/" "Mozilla/5.0 (Windows NT 10.0; Win64; x64) AppleWebKit/537.36 (KHTML, like Gecko) Chrome/107.0.0.0 Safari/537.36 Edg/107.0.1418.26" "ysfine.com"
173.73.77.36 - - [31/Oct/2022:01:54:29 -0700] "GET /wdc/washmo23c.jpg HTTP/1.1" 200 21217 "http://www2.physics.umd.edu/" "Mozilla/5.0 (Windows NT 10.0; Win64; x64) AppleWebKit/537.36 (KHTML, like Gecko) Chrome/107.0.0.0 Safari/537.36 Edg/107.0.1418.26" "ysfine.com"
173.73.77.36 - - [31/Oct/2022:01:54:29 -0700] "GET /wdc/eindc03c.jpg HTTP/1.1" 200 48446 "http://www2.physics.umd.edu/" "Mozilla/5.0 (Windows NT 10.0; Win64; x64) AppleWebKit/537.36 (KHTML, like Gecko) Chrome/107.0.0.0 Safari/537.36 Edg/107.0.1418.26" "ysfine.com"
173.73.77.36 - - [31/Oct/2022:01:54:29 -0700] "GET /sbk/1987pr22c.jpg HTTP/1.1" 200 40964 "http://www2.physics.umd.edu/" "Mozilla/5.0 (Windows NT 10.0; Win64; x64) AppleWebKit/537.36 (KHTML, like Gecko) Chrome/107.0.0.0 Safari/537.36 Edg/107.0.1418.26" "ysfine.com"
173.73.77.36 - - [31/Oct/2022:01:54:29 -0700] "GET /eink/einhaus11c.jpg HTTP/1.1" 200 42522 "http://www2.physics.umd.edu/" "Mozilla/5.0 (Windows NT 10.0; Win64; x64) AppleWebKit/537.36 (KHTML, like Gecko) Chrome/107.0.0.0 Safari/537.36 Edg/107.0.1418.26" "ysfine.com"
173.73.77.36 - - [31/Oct/2022:01:54:29 -0700] "GET /eink/einhaus33c.jpg HTTP/1.1" 200 23792 "http://www2.physics.umd.edu/" "Mozilla/5.0 (Windows NT 10.0; Win64; x64) AppleWebKit/537.36 (KHTML, like Gecko) Chrome/107.0.0.0 Safari/537.36 Edg/107.0.1418.26" "ysfine.com"
173.73.77.36 - - [31/Oct/2022:01:54:29 -0700] "GET /kobak/taylor33c.jpg HTTP/1.1" 200 39951 "http://www2.physics.umd.edu/" "Mozilla/5.0 (Windows NT 10.0; Win64; x64) AppleWebKit/537.36 (KHTML, like Gecko) Chrome/107.0.0.0 Safari/537.36 Edg/107.0.1418.26" "ysfine.com"
173.73.77.36 - - [31/Oct/2022:01:54:29 -0700] "GET /eink/eink54a.jpg HTTP/1.1" 200 79717 "http://www2.physics.umd.edu/" "Mozilla/5.0 (Windows NT 10.0; Win64; x64) AppleWebKit/537.36 (KHTML, like Gecko) Chrome/107.0.0.0 Safari/537.36 Edg/107.0.1418.26" "ysfine.com"
66.249.66.40 - - [31/Oct/2022:01:55:39 -0700] "GET /dongio/amkor/hillary10c.jpg HTTP/1.1" 404 88 "https://ysfine.com/einstein/einplanck.html" "Mozilla/5.0 AppleWebKit/537.36 (KHTML, like Gecko; compatible; Googlebot/2.1; +http://www.google.com/bot.html) Chrome/106.0.5249.119 Safari/537.36" "ysfine.com"
157.55.39.113 - - [31/Oct/2022:01:55:47 -0700] "GET /bio/feynman/feynbot.html HTTP/1.1" 404 88 "-" "Mozilla/5.0 AppleWebKit/537.36 (KHTML, like Gecko; compatible; bingbot/2.0; +http://www.bing.com/bingbot.htm) Chrome/103.0.5060.134 Safari/537.36" "ysfine.com"
87.6.252.40 - - [31/Oct/2022:01:56:41 -0700] "GET /style/musee/vatican33.jpg HTTP/1.1" 200 84548 "https://www.bing.com/" "Mozilla/5.0 (Windows NT 10.0; Win64; x64) AppleWebKit/537.36 (KHTML, like Gecko) Chrome/106.0.0.0 Safari/537.36 Edg/106.0.1370.52" "ysfine.com"
37.48.40.57 - - [31/Oct/2022:01:56:44 -0700] "GET /style/verein.jpg HTTP/1.1" 200 83100 "https://www.google.com/" "Mozilla/5.0 (Windows NT 10.0; Win64; x64) AppleWebKit/537.36 (KHTML, like Gecko) Chrome/106.0.0.0 Safari/537.36" "ysfine.com"
37.48.40.57 - - [31/Oct/2022:01:56:44 -0700] "GET /style/vienopera11.jpg HTTP/1.1" 200 105702 "https://www.google.com/" "Mozilla/5.0 (Windows NT 10.0; Win64; x64) AppleWebKit/537.36 (KHTML, like Gecko) Chrome/106.0.0.0 Safari/537.36" "ysfine.com"
40.77.167.27 - - [31/Oct/2022:01:57:12 -0700] "GET /ysbio/wigner/wig39b.pdf HTTP/1.1" 200 4552146 "-" "Mozilla/5.0 (compatible; bingbot/2.0; +http://www.bing.com/bingbot.htm)" "ysfine.com"
157.55.39.14 - - [31/Oct/2022:01:57:18 -0700] "GET /ysbio/yspapers/stg.pdf HTTP/1.1" 200 97437 "-" "Mozilla/5.0 (compatible; bingbot/2.0; +http://www.bing.com/bingbot.htm)" "ysfine.com"
40.77.167.71 - - [31/Oct/2022:01:57:44 -0700] "GET /bio/houses/myhouse.html HTTP/1.1" 404 88 "-" "Mozilla/5.0 (compatible; bingbot/2.0; +http://www.bing.com/bingbot.htm)" "ysfine.com"
157.55.39.113 - - [31/Oct/2022:01:57:48 -0700] "GET /ysbio/bio05 HTTP/1.1" 200 14660 "-" "Mozilla/5.0 (compatible; bingbot/2.0; +http://www.bing.com/bingbot.htm)" "ysfine.com"
157.55.39.14 - - [31/Oct/2022:01:58:09 -0700] "GET /bio/style/leica.html HTTP/1.1" 404 88 "-" "Mozilla/5.0 (compatible; bingbot/2.0; +http://www.bing.com/bingbot.htm)" "ysfine.com"
157.55.39.14 - - [31/Oct/2022:01:58:10 -0700] "GET /bio/einstein/bern.html HTTP/1.1" 404 88 "-" "Mozilla/5.0 (compatible; bingbot/2.0; +http://www.bing.com/bingbot.htm)" "ysfine.com"
40.77.167.71 - - [31/Oct/2022:01:58:54 -0700] "GET /bio/einstein/maxein.html HTTP/1.1" 404 88 "-" "Mozilla/5.0 (compatible; bingbot/2.0; +http://www.bing.com/bingbot.htm)" "ysfine.com"
51.222.253.4 - - [31/Oct/2022:01:59:12 -0700] "GET /maga/bohratom.html HTTP/1.1" 200 5125 "-" "Mozilla/5.0 (compatible; AhrefsBot/7.0; +http://ahrefs.com/robot/)" "ysfine.com"
40.77.167.71 - - [31/Oct/2022:01:59:14 -0700] "GET /bio/dirac/dirpoems.html HTTP/1.1" 404 88 "-" "Mozilla/5.0 (compatible; bingbot/2.0; +http://www.bing.com/bingbot.htm)" "ysfine.com"
157.55.39.14 - - [31/Oct/2022:01:59:50 -0700] "GET /ysbio/feynman/feynart.html HTTP/1.1" 200 10277 "-" "Mozilla/5.0 (compatible; bingbot/2.0; +http://www.bing.com/bingbot.htm)" "ysfine.com"
157.55.39.121 - - [31/Oct/2022:02:01:05 -0700] "GET /bio/world/kalinin22.html HTTP/1.1" 404 88 "-" "Mozilla/5.0 (compatible; bingbot/2.0; +http://www.bing.com/bingbot.htm)" "ysfine.com"
216.244.66.229 - - [31/Oct/2022:02:02:50 -0700] "GET /ffriends/venez05.jpg HTTP/1.1" 200 227922 "-" "Mozilla/5.0 (compatible; DotBot/1.2; +https://opensiteexplorer.org/dotbot; help@moz.com)" "www.ysfine.com"
87.27.106.73 - - [31/Oct/2022:02:03:27 -0700] "GET /world/brit/etonharrow.html HTTP/1.1" 200 4546 "https://yandex.ru/" "Mozilla/5.0 (iPhone; CPU iPhone OS 16_0_3 like Mac OS X) AppleWebKit/605.1.15 (KHTML, like Gecko) Version/16.0 Mobile/15E148 Safari/604.1" "www.ysfine.com"
87.27.106.73 - - [31/Oct/2022:02:03:27 -0700] "GET /world/brit/nehru11b.jpg HTTP/1.1" 200 43052 "https://www.ysfine.com/world/brit/etonharrow.html" "Mozilla/5.0 (iPhone; CPU iPhone OS 16_0_3 like Mac OS X) AppleWebKit/605.1.15 (KHTML, like Gecko) Version/16.0 Mobile/15E148 Safari/604.1" "www.ysfine.com"
87.27.106.73 - - [31/Oct/2022:02:03:27 -0700] "GET /world/brit/winston01b.jpg HTTP/1.1" 200 38436 "https://www.ysfine.com/world/brit/etonharrow.html" "Mozilla/5.0 (iPhone; CPU iPhone OS 16_0_3 like Mac OS X) AppleWebKit/605.1.15 (KHTML, like Gecko) Version/16.0 Mobile/15E148 Safari/604.1" "www.ysfine.com"
87.27.106.73 - - [31/Oct/2022:02:03:27 -0700] "GET /world/brit/eton01b.jpg HTTP/1.1" 200 47771 "https://www.ysfine.com/world/brit/etonharrow.html" "Mozilla/5.0 (iPhone; CPU iPhone OS 16_0_3 like Mac OS X) AppleWebKit/605.1.15 (KHTML, like Gecko) Version/16.0 Mobile/15E148 Safari/604.1" "www.ysfine.com"
87.27.106.73 - - [31/Oct/2022:02:03:27 -0700] "GET /world/brit/eton07b.jpg HTTP/1.1" 200 36566 "https://www.ysfine.com/world/brit/etonharrow.html" "Mozilla/5.0 (iPhone; CPU iPhone OS 16_0_3 like Mac OS X) AppleWebKit/605.1.15 (KHTML, like Gecko) Version/16.0 Mobile/15E148 Safari/604.1" "www.ysfine.com"
87.27.106.73 - - [31/Oct/2022:02:03:27 -0700] "GET /kobak/kwk11b.jpg HTTP/1.1" 200 46888 "https://www.ysfine.com/world/brit/etonharrow.html" "Mozilla/5.0 (iPhone; CPU iPhone OS 16_0_3 like Mac OS X) AppleWebKit/605.1.15 (KHTML, like Gecko) Version/16.0 Mobile/15E148 Safari/604.1" "www.ysfine.com"
87.27.106.73 - - [31/Oct/2022:02:03:27 -0700] "GET /world/brit/eton02b.jpg HTTP/1.1" 200 39432 "https://www.ysfine.com/world/brit/etonharrow.html" "Mozilla/5.0 (iPhone; CPU iPhone OS 16_0_3 like Mac OS X) AppleWebKit/605.1.15 (KHTML, like Gecko) Version/16.0 Mobile/15E148 Safari/604.1" "www.ysfine.com"
87.27.106.73 - - [31/Oct/2022:02:03:28 -0700] "GET /eink/pwk19c.jpg HTTP/1.1" 200 57759 "https://www.ysfine.com/world/brit/etonharrow.html" "Mozilla/5.0 (iPhone; CPU iPhone OS 16_0_3 like Mac OS X) AppleWebKit/605.1.15 (KHTML, like Gecko) Version/16.0 Mobile/15E148 Safari/604.1" "www.ysfine.com"
87.27.106.73 - - [31/Oct/2022:02:03:28 -0700] "GET /world/brit/harrow09b.jpg HTTP/1.1" 200 48797 "https://www.ysfine.com/world/brit/etonharrow.html" "Mozilla/5.0 (iPhone; CPU iPhone OS 16_0_3 like Mac OS X) AppleWebKit/605.1.15 (KHTML, like Gecko) Version/16.0 Mobile/15E148 Safari/604.1" "www.ysfine.com"
87.27.106.73 - - [31/Oct/2022:02:03:28 -0700] "GET /world/brit/harrow04b.jpg HTTP/1.1" 200 48004 "https://www.ysfine.com/world/brit/etonharrow.html" "Mozilla/5.0 (iPhone; CPU iPhone OS 16_0_3 like Mac OS X) AppleWebKit/605.1.15 (KHTML, like Gecko) Version/16.0 Mobile/15E148 Safari/604.1" "www.ysfine.com"
87.27.106.73 - - [31/Oct/2022:02:03:28 -0700] "GET /world/brit/windsor02b.jpg HTTP/1.1" 200 40724 "https://www.ysfine.com/world/brit/etonharrow.html" "Mozilla/5.0 (iPhone; CPU iPhone OS 16_0_3 like Mac OS X) AppleWebKit/605.1.15 (KHTML, like Gecko) Version/16.0 Mobile/15E148 Safari/604.1" "www.ysfine.com"
87.27.106.73 - - [31/Oct/2022:02:03:28 -0700] "GET /world/brit/harrow01b.jpg HTTP/1.1" 200 54632 "https://www.ysfine.com/world/brit/etonharrow.html" "Mozilla/5.0 (iPhone; CPU iPhone OS 16_0_3 like Mac OS X) AppleWebKit/605.1.15 (KHTML, like Gecko) Version/16.0 Mobile/15E148 Safari/604.1" "www.ysfine.com"
87.27.106.73 - - [31/Oct/2022:02:03:28 -0700] "GET /kobak/taylor33c.jpg HTTP/1.1" 200 39951 "https://www.ysfine.com/world/brit/etonharrow.html" "Mozilla/5.0 (iPhone; CPU iPhone OS 16_0_3 like Mac OS X) AppleWebKit/605.1.15 (KHTML, like Gecko) Version/16.0 Mobile/15E148 Safari/604.1" "www.ysfine.com"
87.27.106.73 - - [31/Oct/2022:02:03:28 -0700] "GET /world/brit/eton03b.jpg HTTP/1.1" 200 45141 "https://www.ysfine.com/world/brit/etonharrow.html" "Mozilla/5.0 (iPhone; CPU iPhone OS 16_0_3 like Mac OS X) AppleWebKit/605.1.15 (KHTML, like Gecko) Version/16.0 Mobile/15E148 Safari/604.1" "www.ysfine.com"
87.27.106.73 - - [31/Oct/2022:02:03:28 -0700] "GET /world/brit/harrow12b.jpg HTTP/1.1" 200 45104 "https://www.ysfine.com/world/brit/etonharrow.html" "Mozilla/5.0 (iPhone; CPU iPhone OS 16_0_3 like Mac OS X) AppleWebKit/605.1.15 (KHTML, like Gecko) Version/16.0 Mobile/15E148 Safari/604.1" "www.ysfine.com"
87.27.106.73 - - [31/Oct/2022:02:03:28 -0700] "GET /world/brit/harrow11b.jpg HTTP/1.1" 200 42533 "https://www.ysfine.com/world/brit/etonharrow.html" "Mozilla/5.0 (iPhone; CPU iPhone OS 16_0_3 like Mac OS X) AppleWebKit/605.1.15 (KHTML, like Gecko) Version/16.0 Mobile/15E148 Safari/604.1" "www.ysfine.com"
87.27.106.73 - - [31/Oct/2022:02:03:29 -0700] "GET /favicon.ico HTTP/1.1" 404 88 "https://www.ysfine.com/world/brit/etonharrow.html" "Mozilla/5.0 (iPhone; CPU iPhone OS 16_0_3 like Mac OS X) AppleWebKit/605.1.15 (KHTML, like Gecko) Version/16.0 Mobile/15E148 Safari/604.1" "www.ysfine.com"
216.244.66.229 - - [31/Oct/2022:02:03:38 -0700] "GET /ffriends/amkor/amstu16.jpg HTTP/1.1" 200 121900 "-" "Mozilla/5.0 (compatible; DotBot/1.2; +https://opensiteexplorer.org/dotbot; help@moz.com)" "www.ysfine.com"
157.55.39.14 - - [31/Oct/2022:02:03:51 -0700] "GET /ysbio/world/polandw.html HTTP/1.1" 200 17892 "-" "Mozilla/5.0 (compatible; bingbot/2.0; +http://www.bing.com/bingbot.htm)" "ysfine.com"
51.222.253.18 - - [31/Oct/2022:02:04:08 -0700] "GET /kowar/index.html HTTP/1.1" 200 135 "-" "Mozilla/5.0 (compatible; AhrefsBot/7.0; +http://ahrefs.com/robot/)" "www.ysfine.com"
216.244.66.229 - - [31/Oct/2022:02:04:14 -0700] "GET /ffriends/amkor/komos01.jpg HTTP/1.1" 200 74057 "-" "Mozilla/5.0 (compatible; DotBot/1.2; +https://opensiteexplorer.org/dotbot; help@moz.com)" "www.ysfine.com"
40.77.167.71 - - [31/Oct/2022:02:04:24 -0700] "GET /bio/einstein/einkant.html HTTP/1.1" 404 88 "-" "Mozilla/5.0 (compatible; bingbot/2.0; +http://www.bing.com/bingbot.htm)" "ysfine.com"
173.73.77.36 - - [31/Oct/2022:02:04:45 -0700] "GET /home/ysrhee33.jpg HTTP/1.1" 200 112060 "https://www.bing.com/" "Mozilla/5.0 (Windows NT 10.0; Win64; x64) AppleWebKit/537.36 (KHTML, like Gecko) Chrome/107.0.0.0 Safari/537.36 Edg/107.0.1418.26" "ysfine.com"
173.73.77.36 - - [31/Oct/2022:02:04:45 -0700] "GET /home/yskim10c.jpg HTTP/1.1" 200 88826 "https://www.bing.com/" "Mozilla/5.0 (Windows NT 10.0; Win64; x64) AppleWebKit/537.36 (KHTML, like Gecko) Chrome/107.0.0.0 Safari/537.36 Edg/107.0.1418.26" "ysfine.com"
216.244.66.229 - - [31/Oct/2022:02:04:52 -0700] "GET /ffriends/mil/nato11.jpg HTTP/1.1" 200 88461 "-" "Mozilla/5.0 (compatible; DotBot/1.2; +https://opensiteexplorer.org/dotbot; help@moz.com)" "www.ysfine.com"
157.55.39.14 - - [31/Oct/2022:02:04:59 -0700] "GET /bio/wisdom/quovadis.html HTTP/1.1" 404 88 "-" "Mozilla/5.0 (compatible; bingbot/2.0; +http://www.bing.com/bingbot.htm)" "ysfine.com"
40.77.167.71 - - [31/Oct/2022:02:05:44 -0700] "GET /bio/style/ystyle.html HTTP/1.1" 404 88 "-" "Mozilla/5.0 (compatible; bingbot/2.0; +http://www.bing.com/bingbot.htm)" "ysfine.com"
173.73.77.36 - - [31/Oct/2022:02:06:29 -0700] "GET /favicon.ico HTTP/1.1" 404 88 "https://ysfine.com/ys11/" "Mozilla/5.0 (Windows NT 10.0; Win64; x64) AppleWebKit/537.36 (KHTML, like Gecko) Chrome/107.0.0.0 Safari/537.36" "ysfine.com"
40.77.167.27 - - [31/Oct/2022:02:07:03 -0700] "GET /ysbio/einstein/einusa.html HTTP/1.1" 200 8153 "-" "Mozilla/5.0 AppleWebKit/537.36 (KHTML, like Gecko; compatible; bingbot/2.0; +http://www.bing.com/bingbot.htm) Chrome/103.0.5060.134 Safari/537.36" "ysfine.com"
157.55.39.14 - - [31/Oct/2022:02:08:11 -0700] "GET /ysbio/world/polandp.html HTTP/1.1" 200 5412 "-" "Mozilla/5.0 AppleWebKit/537.36 (KHTML, like Gecko; compatible; bingbot/2.0; +http://www.bing.com/bingbot.htm) Chrome/103.0.5060.134 Safari/537.36" "ysfine.com"
51.222.253.16 - - [31/Oct/2022:02:08:27 -0700] "GET /ysbio/awards/iao.html HTTP/1.1" 200 2718 "-" "Mozilla/5.0 (compatible; AhrefsBot/7.0; +http://ahrefs.com/robot/)" "www.ysfine.com"
157.55.39.121 - - [31/Oct/2022:02:08:27 -0700] "GET /ysbio/world/andal.html HTTP/1.1" 200 10099 "-" "Mozilla/5.0 (compatible; bingbot/2.0; +http://www.bing.com/bingbot.htm)" "ysfine.com"
93.158.161.40 - - [31/Oct/2022:02:09:46 -0700] "GET /robots.txt HTTP/1.1" 404 73 "-" "Mozilla/5.0 (compatible; YandexBot/3.0; +http://yandex.com/bots)" "www.ysfine.com"
77.88.5.46 - - [31/Oct/2022:02:09:49 -0700] "GET /world/china/hongkong.html HTTP/1.1" 200 4914 "-" "Mozilla/5.0 (compatible; YandexBot/3.0; +http://yandex.com/bots)" "www.ysfine.com"
157.55.39.14 - - [31/Oct/2022:02:11:39 -0700] "GET /bio/einstein/bern.html HTTP/1.1" 404 88 "-" "Mozilla/5.0 AppleWebKit/537.36 (KHTML, like Gecko; compatible; bingbot/2.0; +http://www.bing.com/bingbot.htm) Chrome/103.0.5060.134 Safari/537.36" "ysfine.com"
51.222.253.8 - - [31/Oct/2022:02:12:43 -0700] "GET /ysbio/kobak/namdae.html HTTP/1.1" 200 5295 "-" "Mozilla/5.0 (compatible; AhrefsBot/7.0; +http://ahrefs.com/robot/)" "www.ysfine.com"
20.191.45.212 - - [31/Oct/2022:02:13:09 -0700] "GET / HTTP/1.1" 200 5283 "https://www.ysfine.com/" "Mozilla/5.0 (compatible; DuckDuckGo-Favicons-Bot/1.0; +http://duckduckgo.com)" "www.ysfine.com"
20.191.45.212 - - [31/Oct/2022:02:13:09 -0700] "GET /favicon.ico HTTP/1.1" 404 88 "https://www.ysfine.com/favicon.ico" "Mozilla/5.0 (compatible; DuckDuckGo-Favicons-Bot/1.0; +http://duckduckgo.com)" "www.ysfine.com"
20.191.45.212 - - [31/Oct/2022:02:13:09 -0700] "GET /favicon.ico HTTP/1.1" 404 88 "https://www.ysfine.com/favicon.ico" "Mozilla/5.0 (compatible; DuckDuckGo-Favicons-Bot/1.0; +http://duckduckgo.com)" "www.ysfine.com"
157.55.39.113 - - [31/Oct/2022:02:14:10 -0700] "GET /ysbio/bio05 HTTP/1.1" 200 14660 "-" "Mozilla/5.0 AppleWebKit/537.36 (KHTML, like Gecko; compatible; bingbot/2.0; +http://www.bing.com/bingbot.htm) Chrome/103.0.5060.134 Safari/537.36" "ysfine.com"
210.30.104.238 - - [31/Oct/2022:02:14:28 -0700] "GET /maga/naimark.html HTTP/1.1" 200 4603 "https://www.baidu.com/link?url=thNnupML_cfR41ONE_yfHljwa-mjMKtZ_V0OBA-idXxhGrbl-wL1UxPXaBohzrAB&wd=&eqid=e449f0b90009c43300000003635f91b4" "Mozilla/5.0 (Windows NT 10.0; Win64; x64) AppleWebKit/537.36 (KHTML, like Gecko) Chrome/107.0.0.0 Safari/537.36 Edg/107.0.1418.24" "ysfine.com"
210.30.104.238 - - [31/Oct/2022:02:14:28 -0700] "GET /princeton/wightman01b.jpg HTTP/1.1" 200 39820 "https://ysfine.com/maga/naimark.html" "Mozilla/5.0 (Windows NT 10.0; Win64; x64) AppleWebKit/537.36 (KHTML, like Gecko) Chrome/107.0.0.0 Safari/537.36 Edg/107.0.1418.24" "ysfine.com"
210.30.104.238 - - [31/Oct/2022:02:14:28 -0700] "GET /maga/phys/naimar/pewk02b.jpg HTTP/1.1" 200 32109 "https://ysfine.com/maga/naimark.html" "Mozilla/5.0 (Windows NT 10.0; Win64; x64) AppleWebKit/537.36 (KHTML, like Gecko) Chrome/107.0.0.0 Safari/537.36 Edg/107.0.1418.24" "ysfine.com"
210.30.104.238 - - [31/Oct/2022:02:14:28 -0700] "GET /feynman/feynman270.jpg HTTP/1.1" 200 37830 "https://ysfine.com/maga/naimark.html" "Mozilla/5.0 (Windows NT 10.0; Win64; x64) AppleWebKit/537.36 (KHTML, like Gecko) Chrome/107.0.0.0 Safari/537.36 Edg/107.0.1418.24" "ysfine.com"
210.30.104.238 - - [31/Oct/2022:02:14:28 -0700] "GET /wigner/wig270.jpg HTTP/1.1" 200 43273 "https://ysfine.com/maga/naimark.html" "Mozilla/5.0 (Windows NT 10.0; Win64; x64) AppleWebKit/537.36 (KHTML, like Gecko) Chrome/107.0.0.0 Safari/537.36 Edg/107.0.1418.24" "ysfine.com"
210.30.104.238 - - [31/Oct/2022:02:14:28 -0700] "GET /maga/phys/naimar/pewk14b.jpg HTTP/1.1" 200 35927 "https://ysfine.com/maga/naimark.html" "Mozilla/5.0 (Windows NT 10.0; Win64; x64) AppleWebKit/537.36 (KHTML, like Gecko) Chrome/107.0.0.0 Safari/537.36 Edg/107.0.1418.24" "ysfine.com"
210.30.104.238 - - [31/Oct/2022:02:14:28 -0700] "GET /maga/phys/naimar/pewk09b.jpg HTTP/1.1" 200 35133 "https://ysfine.com/maga/naimark.html" "Mozilla/5.0 (Windows NT 10.0; Win64; x64) AppleWebKit/537.36 (KHTML, like Gecko) Chrome/107.0.0.0 Safari/537.36 Edg/107.0.1418.24" "ysfine.com"
210.30.104.238 - - [31/Oct/2022:02:14:28 -0700] "GET /maga/phys/naimar/pewk03b.jpg HTTP/1.1" 200 29359 "https://ysfine.com/maga/naimark.html" "Mozilla/5.0 (Windows NT 10.0; Win64; x64) AppleWebKit/537.36 (KHTML, like Gecko) Chrome/107.0.0.0 Safari/537.36 Edg/107.0.1418.24" "ysfine.com"
210.30.104.238 - - [31/Oct/2022:02:14:28 -0700] "GET /maga/phys/naimar/poincs33b.jpg HTTP/1.1" 200 65195 "https://ysfine.com/maga/naimark.html" "Mozilla/5.0 (Windows NT 10.0; Win64; x64) AppleWebKit/537.36 (KHTML, like Gecko) Chrome/107.0.0.0 Safari/537.36 Edg/107.0.1418.24" "ysfine.com"
210.30.104.238 - - [31/Oct/2022:02:14:28 -0700] "GET /maga/phys/naimar/pewk10b.jpg HTTP/1.1" 200 44175 "https://ysfine.com/maga/naimark.html" "Mozilla/5.0 (Windows NT 10.0; Win64; x64) AppleWebKit/537.36 (KHTML, like Gecko) Chrome/107.0.0.0 Safari/537.36 Edg/107.0.1418.24" "ysfine.com"
66.249.66.40 - - [31/Oct/2022:02:14:29 -0700] "GET /wigner/neum/vnc19.jpg HTTP/1.1" 200 105124 "-" "Googlebot-Image/1.0" "ysfine.com"
157.55.39.14 - - [31/Oct/2022:02:14:31 -0700] "GET /ysbio/yspapers/illusf.pdf HTTP/1.1" 200 89766 "-" "Mozilla/5.0 (compatible; bingbot/2.0; +http://www.bing.com/bingbot.htm)" "ysfine.com"
210.30.104.238 - - [31/Oct/2022:02:14:33 -0700] "GET /favicon.ico HTTP/1.1" 404 88 "https://ysfine.com/maga/naimark.html" "Mozilla/5.0 (Windows NT 10.0; Win64; x64) AppleWebKit/537.36 (KHTML, like Gecko) Chrome/107.0.0.0 Safari/537.36 Edg/107.0.1418.24" "ysfine.com"
157.55.39.14 - - [31/Oct/2022:02:17:01 -0700] "GET /bio/world/leipzig.html HTTP/1.1" 404 88 "-" "Mozilla/5.0 AppleWebKit/537.36 (KHTML, like Gecko; compatible; bingbot/2.0; +http://www.bing.com/bingbot.htm) Chrome/103.0.5060.134 Safari/537.36" "ysfine.com"
51.222.253.16 - - [31/Oct/2022:02:17:07 -0700] "GET /ysbio/maga/editesl.html HTTP/1.1" 200 7578 "-" "Mozilla/5.0 (compatible; AhrefsBot/7.0; +http://ahrefs.com/robot/)" "www.ysfine.com"
157.55.39.113 - - [31/Oct/2022:02:17:10 -0700] "GET /ysbio/bio05 HTTP/1.1" 200 14660 "-" "Mozilla/5.0 AppleWebKit/537.36 (KHTML, like Gecko; compatible; bingbot/2.0; +http://www.bing.com/bingbot.htm) Chrome/103.0.5060.134 Safari/537.36" "ysfine.com"
157.55.39.113 - - [31/Oct/2022:02:17:40 -0700] "GET /ysbio/maga/mellon.html HTTP/1.1" 200 2947 "-" "Mozilla/5.0 (compatible; bingbot/2.0; +http://www.bing.com/bingbot.htm)" "ysfine.com"
157.55.39.14 - - [31/Oct/2022:02:17:51 -0700] "GET /bio/princeton/index.html HTTP/1.1" 404 88 "-" "Mozilla/5.0 AppleWebKit/537.36 (KHTML, like Gecko; compatible; bingbot/2.0; +http://www.bing.com/bingbot.htm) Chrome/103.0.5060.134 Safari/537.36" "ysfine.com"
157.55.39.121 - - [31/Oct/2022:02:18:57 -0700] "GET /bio/kobak/soraech.html HTTP/1.1" 404 88 "-" "Mozilla/5.0 (compatible; bingbot/2.0; +http://www.bing.com/bingbot.htm)" "ysfine.com"
65.109.26.102 - - [31/Oct/2022:02:19:30 -0700] "GET /world/germany/berlin022.jpg HTTP/1.1" 200 110113 "-" "Mozilla/5.0 (compatible; MJ12bot/v1.4.8; http://mj12bot.com/)" "www.ysfine.com"
156.35.57.191 - - [31/Oct/2022:02:20:25 -0700] "GET /maga/phys/solvayc27c.jpg HTTP/1.1" 200 53464 "https://www.google.com/" "Mozilla/5.0 (Macintosh; Intel Mac OS X 10_15_7) AppleWebKit/605.1.15 (KHTML, like Gecko) Version/16.0 Safari/605.1.15" "ysfine.com"
40.77.167.71 - - [31/Oct/2022:02:21:04 -0700] "GET /bio/style/ystyle.html HTTP/1.1" 404 88 "-" "Mozilla/5.0 AppleWebKit/537.36 (KHTML, like Gecko; compatible; bingbot/2.0; +http://www.bing.com/bingbot.htm) Chrome/103.0.5060.134 Safari/537.36" "ysfine.com"
51.222.253.1 - - [31/Oct/2022:02:21:39 -0700] "GET /ysbio/class54/class5470/total_data/sub_322.htm HTTP/1.1" 200 3295 "-" "Mozilla/5.0 (compatible; AhrefsBot/7.0; +http://ahrefs.com/robot/)" "ysfine.com"
51.222.253.10 - - [31/Oct/2022:02:21:44 -0700] "GET /ysbio/class54/class5470/total_data/refer_img/3-31_f.jpg HTTP/1.1" 200 22649 "-" "Mozilla/5.0 (compatible; AhrefsBot/7.0; +http://ahrefs.com/robot/)" "ysfine.com"
51.222.253.11 - - [31/Oct/2022:02:21:50 -0700] "GET /ysbio/class54/class5470/total_data/refer_img/3-25_f.jpg HTTP/1.1" 200 22786 "-" "Mozilla/5.0 (compatible; AhrefsBot/7.0; +http://ahrefs.com/robot/)" "ysfine.com"
51.222.253.13 - - [31/Oct/2022:02:21:55 -0700] "GET /ysbio/class54/class5470/total_data/photo_img/3-22.jpg HTTP/1.1" 200 149887 "-" "Mozilla/5.0 (compatible; AhrefsBot/7.0; +http://ahrefs.com/robot/)" "ysfine.com"
51.222.253.13 - - [31/Oct/2022:02:22:02 -0700] "GET /ysbio/class54/class5470/total_data/refer_img/3-38_f.jpg HTTP/1.1" 200 21913 "-" "Mozilla/5.0 (compatible; AhrefsBot/7.0; +http://ahrefs.com/robot/)" "ysfine.com"
207.46.13.104 - - [31/Oct/2022:02:22:06 -0700] "GET /bio/sbk/1950.html HTTP/1.1" 404 88 "-" "Mozilla/5.0 AppleWebKit/537.36 (KHTML, like Gecko; compatible; bingbot/2.0; +http://www.bing.com/bingbot.htm) Chrome/103.0.5060.134 Safari/537.36" "ysfine.com"
51.222.253.16 - - [31/Oct/2022:02:22:07 -0700] "GET /ysbio/class54/class5470/total_data/refer_img/3-35_f.jpg HTTP/1.1" 200 23153 "-" "Mozilla/5.0 (compatible; AhrefsBot/7.0; +http://ahrefs.com/robot/)" "ysfine.com"
51.222.253.6 - - [31/Oct/2022:02:22:12 -0700] "GET /ysbio/class54/class5470/total_data/refer_img/3-39_f.jpg HTTP/1.1" 200 37491 "-" "Mozilla/5.0 (compatible; AhrefsBot/7.0; +http://ahrefs.com/robot/)" "ysfine.com"
51.222.253.1 - - [31/Oct/2022:02:22:18 -0700] "GET /ysbio/class54/class5470/total_data/refer_img/3-23_f.jpg HTTP/1.1" 200 36091 "-" "Mozilla/5.0 (compatible; AhrefsBot/7.0; +http://ahrefs.com/robot/)" "ysfine.com"
51.222.253.6 - - [31/Oct/2022:02:22:23 -0700] "GET /ysbio/class54/class5470/total_data/refer_img/3-33_f.jpg HTTP/1.1" 200 40216 "-" "Mozilla/5.0 (compatible; AhrefsBot/7.0; +http://ahrefs.com/robot/)" "ysfine.com"
51.222.253.11 - - [31/Oct/2022:02:22:29 -0700] "GET /ysbio/class54/class5470/total_data/refer_img/3-26_f.jpg HTTP/1.1" 200 22547 "-" "Mozilla/5.0 (compatible; AhrefsBot/7.0; +http://ahrefs.com/robot/)" "ysfine.com"
51.222.253.8 - - [31/Oct/2022:02:22:35 -0700] "GET /ysbio/class54/class5470/total_data/refer_img/3-42_f.jpg HTTP/1.1" 200 30448 "-" "Mozilla/5.0 (compatible; AhrefsBot/7.0; +http://ahrefs.com/robot/)" "ysfine.com"
51.222.253.6 - - [31/Oct/2022:02:22:40 -0700] "GET /ysbio/class54/class5470/total_data/refer_img/3-34_f.jpg HTTP/1.1" 200 35500 "-" "Mozilla/5.0 (compatible; AhrefsBot/7.0; +http://ahrefs.com/robot/)" "ysfine.com"
157.55.39.113 - - [31/Oct/2022:02:22:41 -0700] "GET /ysbio/world/musplace.html HTTP/1.1" 200 22077 "-" "Mozilla/5.0 AppleWebKit/537.36 (KHTML, like Gecko; compatible; bingbot/2.0; +http://www.bing.com/bingbot.htm) Chrome/103.0.5060.134 Safari/537.36" "ysfine.com"
172.58.191.38 - - [31/Oct/2022:02:22:42 -0700] "GET /world/russ/spbpi02.jpg HTTP/1.1" 200 74623 "https://www.google.com/" "Mozilla/5.0 (Linux; Android 11; GM1917) AppleWebKit/537.36 (KHTML, like Gecko) Chrome/107.0.0.0 Mobile Safari/537.36" "ysfine.com"
51.222.253.8 - - [31/Oct/2022:02:22:46 -0700] "GET /ysbio/class54/class5470/total_data/refer_img/3-24_f.jpg HTTP/1.1" 200 35516 "-" "Mozilla/5.0 (compatible; AhrefsBot/7.0; +http://ahrefs.com/robot/)" "ysfine.com"
51.222.253.15 - - [31/Oct/2022:02:22:51 -0700] "GET /ysbio/class54/class5470/total_data/img/03_title.gif HTTP/1.1" 200 5602 "-" "Mozilla/5.0 (compatible; AhrefsBot/7.0; +http://ahrefs.com/robot/)" "ysfine.com"
51.222.253.20 - - [31/Oct/2022:02:22:56 -0700] "GET /ysbio/class54/class5470/total_data/refer_img/3-41_f.jpg HTTP/1.1" 200 23389 "-" "Mozilla/5.0 (compatible; AhrefsBot/7.0; +http://ahrefs.com/robot/)" "ysfine.com"
51.222.253.19 - - [31/Oct/2022:02:23:02 -0700] "GET /ysbio/class54/class5470/total_data/refer_img/3-29_f.jpg HTTP/1.1" 200 22426 "-" "Mozilla/5.0 (compatible; AhrefsBot/7.0; +http://ahrefs.com/robot/)" "ysfine.com"
157.55.39.14 - - [31/Oct/2022:02:23:02 -0700] "GET /ysbio/maga/poincare.html HTTP/1.1" 200 7726 "-" "Mozilla/5.0 AppleWebKit/537.36 (KHTML, like Gecko; compatible; bingbot/2.0; +http://www.bing.com/bingbot.htm) Chrome/103.0.5060.134 Safari/537.36" "ysfine.com"
51.222.253.17 - - [31/Oct/2022:02:23:08 -0700] "GET /ysbio/class54/class5470/total_data/refer_img/3-30_f.jpg HTTP/1.1" 200 33130 "-" "Mozilla/5.0 (compatible; AhrefsBot/7.0; +http://ahrefs.com/robot/)" "ysfine.com"
51.222.253.15 - - [31/Oct/2022:02:23:10 -0700] "GET /ysbio/class54/class5470/total_data/refer_img/3-28_f.jpg HTTP/1.1" 200 33067 "-" "Mozilla/5.0 (compatible; AhrefsBot/7.0; +http://ahrefs.com/robot/)" "ysfine.com"
51.222.253.4 - - [31/Oct/2022:02:23:11 -0700] "GET /ysbio/class54/class5470/total_data/refer_img/3-40_f.jpg HTTP/1.1" 200 23116 "-" "Mozilla/5.0 (compatible; AhrefsBot/7.0; +http://ahrefs.com/robot/)" "ysfine.com"
51.222.253.9 - - [31/Oct/2022:02:23:16 -0700] "GET /ysbio/class54/class5470/total_data/refer_img/3-32_f.jpg HTTP/1.1" 200 23863 "-" "Mozilla/5.0 (compatible; AhrefsBot/7.0; +http://ahrefs.com/robot/)" "ysfine.com"
51.222.253.1 - - [31/Oct/2022:02:23:22 -0700] "GET /ysbio/class54/class5470/total_data/img/03_smline.gif HTTP/1.1" 200 3214 "-" "Mozilla/5.0 (compatible; AhrefsBot/7.0; +http://ahrefs.com/robot/)" "ysfine.com"
172.58.191.38 - - [31/Oct/2022:02:23:23 -0700] "GET /world/russ/spbpi05.jpg HTTP/1.1" 200 68421 "https://www.google.com/" "Mozilla/5.0 (Linux; Android 11; GM1917) AppleWebKit/537.36 (KHTML, like Gecko) Chrome/107.0.0.0 Mobile Safari/537.36" "ysfine.com"
51.222.253.12 - - [31/Oct/2022:02:23:27 -0700] "GET /ysbio/class54/class5470/total_data/refer_img/3-36_f.jpg HTTP/1.1" 200 25050 "-" "Mozilla/5.0 (compatible; AhrefsBot/7.0; +http://ahrefs.com/robot/)" "ysfine.com"
51.222.253.20 - - [31/Oct/2022:02:23:32 -0700] "GET /ysbio/class54/class5470/total_data/refer_img/3-27_f.jpg HTTP/1.1" 200 33039 "-" "Mozilla/5.0 (compatible; AhrefsBot/7.0; +http://ahrefs.com/robot/)" "ysfine.com"
51.222.253.20 - - [31/Oct/2022:02:23:38 -0700] "GET /ysbio/class54/class5470/total_data/refer_img/3-37_f.jpg HTTP/1.1" 200 23666 "-" "Mozilla/5.0 (compatible; AhrefsBot/7.0; +http://ahrefs.com/robot/)" "ysfine.com"
40.77.167.71 - - [31/Oct/2022:02:24:36 -0700] "GET /newyork/ HTTP/1.1" 304 - "-" "Mozilla/5.0 (compatible; bingbot/2.0; +http://www.bing.com/bingbot.htm)" "ysfine.com"
114.119.128.158 - - [31/Oct/2022:02:25:15 -0700] "GET /world/russ/msukor.html HTTP/1.1" 200 1055 "https://www.ysfine.com/world/moscow.html" "Mozilla/5.0 (Linux; Android 7.0;) AppleWebKit/537.36 (KHTML, like Gecko) Mobile Safari/537.36 (compatible; PetalBot;+https://webmaster.petalsearch.com/site/petalbot)" "www.ysfine.com"
51.222.253.18 - - [31/Oct/2022:02:26:08 -0700] "GET /feynman/feykant.html HTTP/1.1" 200 3350 "-" "Mozilla/5.0 (compatible; AhrefsBot/7.0; +http://ahrefs.com/robot/)" "ysfine.com"
157.55.39.121 - - [31/Oct/2022:02:26:30 -0700] "GET /ysbio/world/china11.html HTTP/1.1" 200 24682 "-" "Mozilla/5.0 AppleWebKit/537.36 (KHTML, like Gecko; compatible; bingbot/2.0; +http://www.bing.com/bingbot.htm) Chrome/103.0.5060.134 Safari/537.36" "ysfine.com"
40.77.167.71 - - [31/Oct/2022:02:27:26 -0700] "GET /ysbio/wdc/wasdc.html HTTP/1.1" 200 13715 "-" "Mozilla/5.0 AppleWebKit/537.36 (KHTML, like Gecko; compatible; bingbot/2.0; +http://www.bing.com/bingbot.htm) Chrome/103.0.5060.134 Safari/537.36" "ysfine.com"
157.55.39.14 - - [31/Oct/2022:02:28:13 -0700] "GET /bio/einstein/bern.html HTTP/1.1" 404 88 "-" "Mozilla/5.0 AppleWebKit/537.36 (KHTML, like Gecko; compatible; bingbot/2.0; +http://www.bing.com/bingbot.htm) Chrome/103.0.5060.134 Safari/537.36" "ysfine.com"
157.55.39.113 - - [31/Oct/2022:02:28:32 -0700] "GET /ysbio/bio05 HTTP/1.1" 200 14660 "-" "Mozilla/5.0 AppleWebKit/537.36 (KHTML, like Gecko; compatible; bingbot/2.0; +http://www.bing.com/bingbot.htm) Chrome/103.0.5060.134 Safari/537.36" "ysfine.com"
207.46.13.104 - - [31/Oct/2022:02:30:27 -0700] "GET /bio/bio07.html HTTP/1.1" 404 88 "-" "Mozilla/5.0 AppleWebKit/537.36 (KHTML, like Gecko; compatible; bingbot/2.0; +http://www.bing.com/bingbot.htm) Chrome/103.0.5060.134 Safari/537.36" "ysfine.com"
151.70.62.165 - - [31/Oct/2022:02:30:35 -0700] "GET /maga/histo/swedking01.jpg HTTP/1.1" 200 150012 "https://www.google.com/" "Mozilla/5.0 (Windows NT 10.0; Win64; x64) AppleWebKit/537.36 (KHTML, like Gecko) Chrome/106.0.0.0 Safari/537.36" "ysfine.com"
51.222.253.5 - - [31/Oct/2022:02:30:51 -0700] "GET /ysbio/class54/class5470/total_data/sub_343.htm HTTP/1.1" 200 3310 "-" "Mozilla/5.0 (compatible; AhrefsBot/7.0; +http://ahrefs.com/robot/)" "ysfine.com"
51.222.253.3 - - [31/Oct/2022:02:30:57 -0700] "GET /ysbio/class54/class5470/total_data/refer_img/3-56_f.jpg HTTP/1.1" 200 26641 "-" "Mozilla/5.0 (compatible; AhrefsBot/7.0; +http://ahrefs.com/robot/)" "ysfine.com"
51.222.253.8 - - [31/Oct/2022:02:31:02 -0700] "GET /ysbio/class54/class5470/total_data/refer_img/3-48_f.jpg HTTP/1.1" 200 25331 "-" "Mozilla/5.0 (compatible; AhrefsBot/7.0; +http://ahrefs.com/robot/)" "ysfine.com"
51.222.253.7 - - [31/Oct/2022:02:31:08 -0700] "GET /ysbio/class54/class5470/total_data/refer_img/3-61_f.jpg HTTP/1.1" 200 29648 "-" "Mozilla/5.0 (compatible; AhrefsBot/7.0; +http://ahrefs.com/robot/)" "ysfine.com"
51.222.253.13 - - [31/Oct/2022:02:31:14 -0700] "GET /ysbio/class54/class5470/total_data/refer_img/3-47_f.jpg HTTP/1.1" 200 24082 "-" "Mozilla/5.0 (compatible; AhrefsBot/7.0; +http://ahrefs.com/robot/)" "ysfine.com"
51.222.253.17 - - [31/Oct/2022:02:31:19 -0700] "GET /ysbio/class54/class5470/total_data/refer_img/3-44_f.jpg HTTP/1.1" 200 28533 "-" "Mozilla/5.0 (compatible; AhrefsBot/7.0; +http://ahrefs.com/robot/)" "ysfine.com"
51.222.253.15 - - [31/Oct/2022:02:31:25 -0700] "GET /ysbio/class54/class5470/total_data/img/sm03_off.gif HTTP/1.1" 200 429 "-" "Mozilla/5.0 (compatible; AhrefsBot/7.0; +http://ahrefs.com/robot/)" "ysfine.com"
51.222.253.19 - - [31/Oct/2022:02:31:25 -0700] "GET /ysbio/class54/class5470/total_data/refer_img/3-51_f.jpg HTTP/1.1" 200 22369 "-" "Mozilla/5.0 (compatible; AhrefsBot/7.0; +http://ahrefs.com/robot/)" "ysfine.com"
51.222.253.17 - - [31/Oct/2022:02:31:30 -0700] "GET /ysbio/class54/class5470/total_data/photo_img/3-43.jpg HTTP/1.1" 200 160770 "-" "Mozilla/5.0 (compatible; AhrefsBot/7.0; +http://ahrefs.com/robot/)" "ysfine.com"
185.87.105.72 - - [31/Oct/2022:02:31:37 -0700] "GET /world/kor/sel803.jpg HTTP/1.1" 200 195155 "https://www.google.com/" "Mozilla/5.0 (Macintosh; Intel Mac OS X 10_15_7) AppleWebKit/537.36 (KHTML, like Gecko) Chrome/106.0.0.0 Safari/537.36" "ysfine.com"
51.222.253.17 - - [31/Oct/2022:02:31:37 -0700] "GET /ysbio/class54/class5470/total_data/refer_img/3-45_f.jpg HTTP/1.1" 200 24684 "-" "Mozilla/5.0 (compatible; AhrefsBot/7.0; +http://ahrefs.com/robot/)" "ysfine.com"
51.222.253.13 - - [31/Oct/2022:02:31:43 -0700] "GET /ysbio/class54/class5470/total_data/refer_img/3-53_f.jpg HTTP/1.1" 200 29740 "-" "Mozilla/5.0 (compatible; AhrefsBot/7.0; +http://ahrefs.com/robot/)" "ysfine.com"
51.222.253.2 - - [31/Oct/2022:02:31:49 -0700] "GET /ysbio/class54/class5470/total_data/refer_img/3-46_f.jpg HTTP/1.1" 200 25588 "-" "Mozilla/5.0 (compatible; AhrefsBot/7.0; +http://ahrefs.com/robot/)" "ysfine.com"
51.222.253.11 - - [31/Oct/2022:02:31:54 -0700] "GET /ysbio/class54/class5470/total_data/refer_img/3-60_f.jpg HTTP/1.1" 200 35134 "-" "Mozilla/5.0 (compatible; AhrefsBot/7.0; +http://ahrefs.com/robot/)" "ysfine.com"
51.222.253.19 - - [31/Oct/2022:02:32:00 -0700] "GET /ysbio/class54/class5470/total_data/refer_img/3-58_f.jpg HTTP/1.1" 200 27702 "-" "Mozilla/5.0 (compatible; AhrefsBot/7.0; +http://ahrefs.com/robot/)" "ysfine.com"
51.222.253.6 - - [31/Oct/2022:02:32:05 -0700] "GET /ysbio/class54/class5470/total_data/refer_img/3-57_f.jpg HTTP/1.1" 200 24371 "-" "Mozilla/5.0 (compatible; AhrefsBot/7.0; +http://ahrefs.com/robot/)" "ysfine.com"
51.222.253.10 - - [31/Oct/2022:02:32:11 -0700] "GET /ysbio/class54/class5470/total_data/refer_img/3-54_f.jpg HTTP/1.1" 200 32041 "-" "Mozilla/5.0 (compatible; AhrefsBot/7.0; +http://ahrefs.com/robot/)" "ysfine.com"
51.222.253.19 - - [31/Oct/2022:02:32:17 -0700] "GET /ysbio/class54/class5470/total_data/refer_img/3-52_f.jpg HTTP/1.1" 200 23531 "-" "Mozilla/5.0 (compatible; AhrefsBot/7.0; +http://ahrefs.com/robot/)" "ysfine.com"
51.222.253.18 - - [31/Oct/2022:02:32:17 -0700] "GET /ysbio/class54/class5470/total_data/refer_img/3-62_f.jpg HTTP/1.1" 200 31697 "-" "Mozilla/5.0 (compatible; AhrefsBot/7.0; +http://ahrefs.com/robot/)" "ysfine.com"
51.222.253.17 - - [31/Oct/2022:02:32:23 -0700] "GET /ysbio/class54/class5470/total_data/img/03_smtitle21.gif HTTP/1.1" 200 706 "-" "Mozilla/5.0 (compatible; AhrefsBot/7.0; +http://ahrefs.com/robot/)" "ysfine.com"
51.222.253.13 - - [31/Oct/2022:02:32:28 -0700] "GET /ysbio/class54/class5470/total_data/refer_img/3-55_f.jpg HTTP/1.1" 200 26683 "-" "Mozilla/5.0 (compatible; AhrefsBot/7.0; +http://ahrefs.com/robot/)" "ysfine.com"
51.222.253.6 - - [31/Oct/2022:02:32:34 -0700] "GET /ysbio/class54/class5470/total_data/refer_img/3-50_f.jpg HTTP/1.1" 200 31418 "-" "Mozilla/5.0 (compatible; AhrefsBot/7.0; +http://ahrefs.com/robot/)" "ysfine.com"
51.222.253.13 - - [31/Oct/2022:02:32:39 -0700] "GET /ysbio/class54/class5470/total_data/refer_img/3-59_f.jpg HTTP/1.1" 200 24902 "-" "Mozilla/5.0 (compatible; AhrefsBot/7.0; +http://ahrefs.com/robot/)" "ysfine.com"
51.222.253.2 - - [31/Oct/2022:02:32:45 -0700] "GET /ysbio/class54/class5470/total_data/refer_img/3-43_f.jpg HTTP/1.1" 200 29242 "-" "Mozilla/5.0 (compatible; AhrefsBot/7.0; +http://ahrefs.com/robot/)" "ysfine.com"
40.77.167.27 - - [31/Oct/2022:02:34:26 -0700] "GET /ysbio/bio04.html HTTP/1.1" 200 4635 "-" "Mozilla/5.0 (compatible; bingbot/2.0; +http://www.bing.com/bingbot.htm)" "ysfine.com"
157.55.39.14 - - [31/Oct/2022:02:34:34 -0700] "GET /ysbio/kowar/tanks.html HTTP/1.1" 200 8702 "-" "Mozilla/5.0 (compatible; bingbot/2.0; +http://www.bing.com/bingbot.htm)" "ysfine.com"
153.246.200.232 - - [31/Oct/2022:02:35:40 -0700] "GET /maga/phil/knox01.jpg HTTP/1.1" 200 121721 "-" "Mozilla/5.0 (Macintosh; Intel Mac OS X 10_11_3) AppleWebKit/537.36 (KHTML, like Gecko) Chrome/48.0.2564.116 Safari/537.36" "ysfine.com"
51.222.253.1 - - [31/Oct/2022:02:35:41 -0700] "GET /ysbio/class54/class5470/total_data/refer_img/3-78_f.jpg HTTP/1.1" 200 27509 "-" "Mozilla/5.0 (compatible; AhrefsBot/7.0; +http://ahrefs.com/robot/)" "ysfine.com"
51.222.253.7 - - [31/Oct/2022:02:35:47 -0700] "GET /ysbio/class54/class5470/total_data/refer_img/3-80_f.jpg HTTP/1.1" 200 31761 "-" "Mozilla/5.0 (compatible; AhrefsBot/7.0; +http://ahrefs.com/robot/)" "ysfine.com"
51.222.253.13 - - [31/Oct/2022:02:35:58 -0700] "GET /ysbio/class54/class5470/total_data/refer_img/3-77_f.jpg HTTP/1.1" 200 31307 "-" "Mozilla/5.0 (compatible; AhrefsBot/7.0; +http://ahrefs.com/robot/)" "ysfine.com"
51.222.253.9 - - [31/Oct/2022:02:35:59 -0700] "GET /ysbio/class54/class5470/total_data/photo_img/3-63.jpg HTTP/1.1" 200 174298 "-" "Mozilla/5.0 (compatible; AhrefsBot/7.0; +http://ahrefs.com/robot/)" "ysfine.com"
51.222.253.16 - - [31/Oct/2022:02:36:05 -0700] "GET /ysbio/class54/class5470/total_data/refer_img/3-79_f.jpg HTTP/1.1" 200 26694 "-" "Mozilla/5.0 (compatible; AhrefsBot/7.0; +http://ahrefs.com/robot/)" "ysfine.com"
51.222.253.8 - - [31/Oct/2022:02:36:11 -0700] "GET /ysbio/class54/class5470/total_data/refer_img/3-64_f.jpg HTTP/1.1" 200 30092 "-" "Mozilla/5.0 (compatible; AhrefsBot/7.0; +http://ahrefs.com/robot/)" "ysfine.com"
51.222.253.16 - - [31/Oct/2022:02:36:16 -0700] "GET /ysbio/class54/class5470/total_data/refer_img/3-82_f.jpg HTTP/1.1" 200 20257 "-" "Mozilla/5.0 (compatible; AhrefsBot/7.0; +http://ahrefs.com/robot/)" "ysfine.com"
51.222.253.9 - - [31/Oct/2022:02:36:21 -0700] "GET /ysbio/class54/class5470/total_data/refer_img/3-63_f.jpg HTTP/1.1" 200 28838 "-" "Mozilla/5.0 (compatible; AhrefsBot/7.0; +http://ahrefs.com/robot/)" "ysfine.com"
40.77.167.71 - - [31/Oct/2022:02:36:28 -0700] "GET /bio/style/ystyle.html HTTP/1.1" 404 88 "-" "Mozilla/5.0 (compatible; bingbot/2.0; +http://www.bing.com/bingbot.htm)" "ysfine.com"
51.222.253.19 - - [31/Oct/2022:02:36:28 -0700] "GET /ysbio/class54/class5470/total_data/refer_img/3-71_f.jpg HTTP/1.1" 200 38254 "-" "Mozilla/5.0 (compatible; AhrefsBot/7.0; +http://ahrefs.com/robot/)" "ysfine.com"
51.222.253.12 - - [31/Oct/2022:02:36:34 -0700] "GET /ysbio/class54/class5470/total_data/refer_img/3-81_f.jpg HTTP/1.1" 200 34869 "-" "Mozilla/5.0 (compatible; AhrefsBot/7.0; +http://ahrefs.com/robot/)" "ysfine.com"
51.222.253.11 - - [31/Oct/2022:02:36:45 -0700] "GET /ysbio/class54/class5470/total_data/refer_img/3-69_f.jpg HTTP/1.1" 200 24663 "-" "Mozilla/5.0 (compatible; AhrefsBot/7.0; +http://ahrefs.com/robot/)" "ysfine.com"
51.222.253.3 - - [31/Oct/2022:02:36:48 -0700] "GET /ysbio/class54/class5470/total_data/refer_img/3-68_f.jpg HTTP/1.1" 200 25200 "-" "Mozilla/5.0 (compatible; AhrefsBot/7.0; +http://ahrefs.com/robot/)" "ysfine.com"
51.222.253.9 - - [31/Oct/2022:02:36:53 -0700] "GET /ysbio/class54/class5470/total_data/refer_img/3-76_f.jpg HTTP/1.1" 200 21114 "-" "Mozilla/5.0 (compatible; AhrefsBot/7.0; +http://ahrefs.com/robot/)" "ysfine.com"
51.222.253.8 - - [31/Oct/2022:02:36:58 -0700] "GET /ysbio/class54/class5470/total_data/refer_img/3-65_f.jpg HTTP/1.1" 200 28020 "-" "Mozilla/5.0 (compatible; AhrefsBot/7.0; +http://ahrefs.com/robot/)" "ysfine.com"
51.222.253.11 - - [31/Oct/2022:02:37:04 -0700] "GET /ysbio/class54/class5470/total_data/refer_img/3-73_f.jpg HTTP/1.1" 200 24874 "-" "Mozilla/5.0 (compatible; AhrefsBot/7.0; +http://ahrefs.com/robot/)" "ysfine.com"
51.222.253.12 - - [31/Oct/2022:02:37:09 -0700] "GET /ysbio/class54/class5470/total_data/refer_img/3-75_f.jpg HTTP/1.1" 200 28244 "-" "Mozilla/5.0 (compatible; AhrefsBot/7.0; +http://ahrefs.com/robot/)" "ysfine.com"
51.222.253.19 - - [31/Oct/2022:02:37:15 -0700] "GET /ysbio/class54/class5470/total_data/img/sm04_off.gif HTTP/1.1" 200 529 "-" "Mozilla/5.0 (compatible; AhrefsBot/7.0; +http://ahrefs.com/robot/)" "ysfine.com"
51.222.253.3 - - [31/Oct/2022:02:37:15 -0700] "GET /ysbio/class54/class5470/total_data/refer_img/3-66_f.jpg HTTP/1.1" 200 30869 "-" "Mozilla/5.0 (compatible; AhrefsBot/7.0; +http://ahrefs.com/robot/)" "ysfine.com"
199.47.82.21 - - [31/Oct/2022:02:39:06 -0700] "GET /robots.txt HTTP/1.1" 404 88 "-" "Turnitin (https://bit.ly/2UvnfoQ)" "ysfine.com"
199.47.82.21 - - [31/Oct/2022:02:39:06 -0700] "GET /robots.txt HTTP/1.1" 404 88 "-" "Turnitin (https://bit.ly/2UvnfoQ)" "ysfine.com"
199.47.82.21 - - [31/Oct/2022:02:39:06 -0700] "GET /dirac/dart/dirac27a HTTP/1.1" 304 - "-" "Turnitin (https://bit.ly/2UvnfoQ)" "ysfine.com"
199.47.82.21 - - [31/Oct/2022:02:39:07 -0700] "GET /dirac/dart/dirac27a.pdf HTTP/1.1" 304 - "-" "Turnitin (https://bit.ly/2UvnfoQ)" "ysfine.com"
199.47.82.21 - - [31/Oct/2022:02:39:07 -0700] "GET /dirac/dart/dirac45a.pdf HTTP/1.1" 304 - "-" "Turnitin (https://bit.ly/2UvnfoQ)" "ysfine.com"
199.47.82.21 - - [31/Oct/2022:02:39:08 -0700] "GET /dirac/dart/kno79.pdf HTTP/1.1" 304 - "-" "Turnitin (https://bit.ly/2UvnfoQ)" "ysfine.com"
199.47.82.21 - - [31/Oct/2022:02:39:08 -0700] "GET /einstein/bern.html HTTP/1.1" 304 - "-" "Turnitin (https://bit.ly/2UvnfoQ)" "ysfine.com"
199.47.82.21 - - [31/Oct/2022:02:39:09 -0700] "GET /einstein/einabel.html HTTP/1.1" 304 - "-" "Turnitin (https://bit.ly/2UvnfoQ)" "ysfine.com"
199.47.82.21 - - [31/Oct/2022:02:39:09 -0700] "GET /einstein/einbohr.html HTTP/1.1" 304 - "-" "Turnitin (https://bit.ly/2UvnfoQ)" "ysfine.com"
199.47.82.21 - - [31/Oct/2022:02:39:10 -0700] "GET /einstein/eincopen.html HTTP/1.1" 304 - "-" "Turnitin (https://bit.ly/2UvnfoQ)" "ysfine.com"
199.47.82.21 - - [31/Oct/2022:02:39:10 -0700] "GET /einstein/einharmo.html HTTP/1.1" 304 - "-" "Turnitin (https://bit.ly/2UvnfoQ)" "ysfine.com"
199.47.82.21 - - [31/Oct/2022:02:39:11 -0700] "GET /einstein/einnobel.html HTTP/1.1" 304 - "-" "Turnitin (https://bit.ly/2UvnfoQ)" "ysfine.com"
199.47.82.21 - - [31/Oct/2022:02:39:11 -0700] "GET /einstein/einphil.html HTTP/1.1" 304 - "-" "Turnitin (https://bit.ly/2UvnfoQ)" "ysfine.com"
199.47.82.21 - - [31/Oct/2022:02:39:12 -0700] "GET /einstein/einphoto.html HTTP/1.1" 304 - "-" "Turnitin (https://bit.ly/2UvnfoQ)" "ysfine.com"
199.47.82.21 - - [31/Oct/2022:02:39:12 -0700] "GET /einstein/einplanck.html HTTP/1.1" 304 - "-" "Turnitin (https://bit.ly/2UvnfoQ)" "ysfine.com"
199.47.82.21 - - [31/Oct/2022:02:39:13 -0700] "GET /einstein/einqm.html HTTP/1.1" 304 - "-" "Turnitin (https://bit.ly/2UvnfoQ)" "ysfine.com"
199.47.82.21 - - [31/Oct/2022:02:39:13 -0700] "GET /einstein/einstorie.html HTTP/1.1" 304 - "-" "Turnitin (https://bit.ly/2UvnfoQ)" "ysfine.com"
199.47.82.21 - - [31/Oct/2022:02:39:14 -0700] "GET /einstein/einusa.html HTTP/1.1" 304 - "-" "Turnitin (https://bit.ly/2UvnfoQ)" "ysfine.com"
199.47.82.21 - - [31/Oct/2022:02:39:14 -0700] "GET /einstein/eward33 HTTP/1.1" 304 - "-" "Turnitin (https://bit.ly/2UvnfoQ)" "ysfine.com"
199.47.82.21 - - [31/Oct/2022:02:39:15 -0700] "GET /einstein/ewk.html HTTP/1.1" 304 - "-" "Turnitin (https://bit.ly/2UvnfoQ)" "ysfine.com"
199.47.82.21 - - [31/Oct/2022:02:39:15 -0700] "GET /einstein/further.html HTTP/1.1" 304 - "-" "Turnitin (https://bit.ly/2UvnfoQ)" "ysfine.com"
199.47.82.21 - - [31/Oct/2022:02:39:16 -0700] "GET /einstein/heisenberg.html HTTP/1.1" 304 - "-" "Turnitin (https://bit.ly/2UvnfoQ)" "ysfine.com"
199.47.82.21 - - [31/Oct/2022:02:39:16 -0700] "GET /einstein/maxein.html HTTP/1.1" 304 - "-" "Turnitin (https://bit.ly/2UvnfoQ)" "ysfine.com"
199.47.82.21 - - [31/Oct/2022:02:39:17 -0700] "GET /einstein/newton.html HTTP/1.1" 304 - "-" "Turnitin (https://bit.ly/2UvnfoQ)" "ysfine.com"
199.47.82.21 - - [31/Oct/2022:02:39:17 -0700] "GET /einstein/quantu11.html HTTP/1.1" 304 - "-" "Turnitin (https://bit.ly/2UvnfoQ)" "ysfine.com"
