157.55.39.113 - - [30/Oct/2022:21:00:20 -0700] "GET /bio/dirac/index.html HTTP/1.1" 404 88 "-" "Mozilla/5.0 AppleWebKit/537.36 (KHTML, like Gecko; compatible; bingbot/2.0; +http://www.bing.com/bingbot.htm) Chrome/103.0.5060.134 Safari/537.36" "ysfine.com"
51.222.253.8 - - [30/Oct/2022:21:01:04 -0700] "GET /ysbio/kobak/shortw.html HTTP/1.1" 200 3113 "-" "Mozilla/5.0 (compatible; AhrefsBot/7.0; +http://ahrefs.com/robot/)" "ysfine.com"
51.222.253.20 - - [30/Oct/2022:21:01:13 -0700] "GET /ysbio/eink/eink61c.jpg HTTP/1.1" 200 34119 "-" "Mozilla/5.0 (compatible; AhrefsBot/7.0; +http://ahrefs.com/robot/)" "ysfine.com"
51.222.253.18 - - [30/Oct/2022:21:01:18 -0700] "GET /ysbio/kobak/swr64c.jpg HTTP/1.1" 200 28709 "-" "Mozilla/5.0 (compatible; AhrefsBot/7.0; +http://ahrefs.com/robot/)" "ysfine.com"
51.222.253.13 - - [30/Oct/2022:21:01:24 -0700] "GET /ysbio/kobak/swr57c.jpg HTTP/1.1" 200 27674 "-" "Mozilla/5.0 (compatible; AhrefsBot/7.0; +http://ahrefs.com/robot/)" "ysfine.com"
51.222.253.18 - - [30/Oct/2022:21:01:30 -0700] "GET /ysbio/kobak/repose11c.jpg HTTP/1.1" 200 32862 "-" "Mozilla/5.0 (compatible; AhrefsBot/7.0; +http://ahrefs.com/robot/)" "ysfine.com"
173.73.77.36 - - [30/Oct/2022:21:01:35 -0700] "GET /ysbio/princeton/yspr.html HTTP/1.1" 200 5447 "https://www.ysfine.com/ysbio/awards/index.html" "Mozilla/5.0 (Windows NT 10.0; Win64; x64) AppleWebKit/537.36 (KHTML, like Gecko) Chrome/107.0.0.0 Safari/537.36 Edg/107.0.1418.24" "www.ysfine.com"
51.222.253.7 - - [30/Oct/2022:21:01:35 -0700] "GET /ysbio/kobak/swr07c.jpg HTTP/1.1" 200 45085 "-" "Mozilla/5.0 (compatible; AhrefsBot/7.0; +http://ahrefs.com/robot/)" "ysfine.com"
173.73.77.36 - - [30/Oct/2022:21:01:35 -0700] "GET /ysbio/eink/further22a.jpg HTTP/1.1" 200 96140 "https://www.ysfine.com/ysbio/princeton/yspr.html" "Mozilla/5.0 (Windows NT 10.0; Win64; x64) AppleWebKit/537.36 (KHTML, like Gecko) Chrome/107.0.0.0 Safari/537.36 Edg/107.0.1418.24" "www.ysfine.com"
173.73.77.36 - - [30/Oct/2022:21:01:35 -0700] "GET /ysbio/eink/eink24c.jpg HTTP/1.1" 200 45060 "https://www.ysfine.com/ysbio/princeton/yspr.html" "Mozilla/5.0 (Windows NT 10.0; Win64; x64) AppleWebKit/537.36 (KHTML, like Gecko) Chrome/107.0.0.0 Safari/537.36 Edg/107.0.1418.24" "www.ysfine.com"
173.73.77.36 - - [30/Oct/2022:21:01:35 -0700] "GET /ysbio/princeton/feyprince11c.jpg HTTP/1.1" 200 50500 "https://www.ysfine.com/ysbio/princeton/yspr.html" "Mozilla/5.0 (Windows NT 10.0; Win64; x64) AppleWebKit/537.36 (KHTML, like Gecko) Chrome/107.0.0.0 Safari/537.36 Edg/107.0.1418.24" "www.ysfine.com"
173.73.77.36 - - [30/Oct/2022:21:01:35 -0700] "GET /ysbio/princeton/ysrhee33c.jpg HTTP/1.1" 200 26817 "https://www.ysfine.com/ysbio/princeton/yspr.html" "Mozilla/5.0 (Windows NT 10.0; Win64; x64) AppleWebKit/537.36 (KHTML, like Gecko) Chrome/107.0.0.0 Safari/537.36 Edg/107.0.1418.24" "www.ysfine.com"
173.73.77.36 - - [30/Oct/2022:21:01:35 -0700] "GET /ysbio/feynman/feyfirm66c.jpg HTTP/1.1" 200 36701 "https://www.ysfine.com/ysbio/princeton/yspr.html" "Mozilla/5.0 (Windows NT 10.0; Win64; x64) AppleWebKit/537.36 (KHTML, like Gecko) Chrome/107.0.0.0 Safari/537.36 Edg/107.0.1418.24" "www.ysfine.com"
173.73.77.36 - - [30/Oct/2022:21:01:35 -0700] "GET /ysbio/princeton/rheepr01c.jpg HTTP/1.1" 200 33538 "https://www.ysfine.com/ysbio/princeton/yspr.html" "Mozilla/5.0 (Windows NT 10.0; Win64; x64) AppleWebKit/537.36 (KHTML, like Gecko) Chrome/107.0.0.0 Safari/537.36 Edg/107.0.1418.24" "www.ysfine.com"
173.73.77.36 - - [30/Oct/2022:21:01:35 -0700] "GET /ysbio/princeton/einpm300.jpg HTTP/1.1" 200 45605 "https://www.ysfine.com/ysbio/princeton/yspr.html" "Mozilla/5.0 (Windows NT 10.0; Win64; x64) AppleWebKit/537.36 (KHTML, like Gecko) Chrome/107.0.0.0 Safari/537.36 Edg/107.0.1418.24" "www.ysfine.com"
173.73.77.36 - - [30/Oct/2022:21:01:35 -0700] "GET /ysbio/princeton/pawkim19c.jpg HTTP/1.1" 200 58199 "https://www.ysfine.com/ysbio/princeton/yspr.html" "Mozilla/5.0 (Windows NT 10.0; Win64; x64) AppleWebKit/537.36 (KHTML, like Gecko) Chrome/107.0.0.0 Safari/537.36 Edg/107.0.1418.24" "www.ysfine.com"
173.73.77.36 - - [30/Oct/2022:21:01:35 -0700] "GET /ysbio/princeton/family87c.jpg HTTP/1.1" 200 41065 "https://www.ysfine.com/ysbio/princeton/yspr.html" "Mozilla/5.0 (Windows NT 10.0; Win64; x64) AppleWebKit/537.36 (KHTML, like Gecko) Chrome/107.0.0.0 Safari/537.36 Edg/107.0.1418.24" "www.ysfine.com"
173.73.77.36 - - [30/Oct/2022:21:01:35 -0700] "GET /ysbio/einstein/einbohr33c.jpg HTTP/1.1" 200 36410 "https://www.ysfine.com/ysbio/princeton/yspr.html" "Mozilla/5.0 (Windows NT 10.0; Win64; x64) AppleWebKit/537.36 (KHTML, like Gecko) Chrome/107.0.0.0 Safari/537.36 Edg/107.0.1418.24" "www.ysfine.com"
114.119.128.142 - - [30/Oct/2022:21:01:42 -0700] "GET /world/scanw.html HTTP/1.1" 200 8407 "http://www.ysfine.com/world/cities.html" "Mozilla/5.0 (Linux; Android 7.0;) AppleWebKit/537.36 (KHTML, like Gecko) Mobile Safari/537.36 (compatible; PetalBot;+https://webmaster.petalsearch.com/site/petalbot)" "www.ysfine.com"
51.222.253.17 - - [30/Oct/2022:21:03:23 -0700] "GET /maga/faraday.html HTTP/1.1" 200 6233 "-" "Mozilla/5.0 (compatible; AhrefsBot/7.0; +http://ahrefs.com/robot/)" "ysfine.com"
77.88.5.237 - - [30/Oct/2022:21:03:52 -0700] "GET /robots.txt HTTP/1.1" 404 73 "-" "Mozilla/5.0 (compatible; YandexBot/3.0; +http://yandex.com/bots)" "www.ysfine.com"
77.88.5.50 - - [30/Oct/2022:21:03:56 -0700] "GET /ys22/dondon.html HTTP/1.1" 401 90 "-" "Mozilla/5.0 (compatible; YandexBot/3.0; +http://yandex.com/bots)" "www.ysfine.com"
51.222.253.3 - - [30/Oct/2022:21:05:41 -0700] "GET /feynman/quark50.html HTTP/1.1" 200 4079 "-" "Mozilla/5.0 (compatible; AhrefsBot/7.0; +http://ahrefs.com/robot/)" "ysfine.com"
114.119.128.154 - - [30/Oct/2022:21:06:02 -0700] "GET /style/songs54.html HTTP/1.1" 200 2599 "https://ysfine.com/style/songs22.html" "Mozilla/5.0 (Linux; Android 7.0;) AppleWebKit/537.36 (KHTML, like Gecko) Mobile Safari/537.36 (compatible; PetalBot;+https://webmaster.petalsearch.com/site/petalbot)" "ysfine.com"
40.77.167.71 - - [30/Oct/2022:21:06:16 -0700] "GET /bio/style/ystyle.html HTTP/1.1" 404 88 "-" "Mozilla/5.0 (compatible; bingbot/2.0; +http://www.bing.com/bingbot.htm)" "ysfine.com"
106.217.31.171 - - [30/Oct/2022:21:06:22 -0700] "GET /wigner/wiglittle.pdf HTTP/1.1" 200 2659296 "https://www.google.com/" "Mozilla/5.0 (Macintosh; Intel Mac OS X 10_15_7) AppleWebKit/537.36 (KHTML, like Gecko) Chrome/106.0.0.0 Safari/537.36" "ysfine.com"
106.217.31.171 - - [30/Oct/2022:21:06:24 -0700] "GET /favicon.ico HTTP/1.1" 404 88 "https://ysfine.com/wigner/wiglittle.pdf" "Mozilla/5.0 (Macintosh; Intel Mac OS X 10_15_7) AppleWebKit/537.36 (KHTML, like Gecko) Chrome/106.0.0.0 Safari/537.36" "ysfine.com"
74.96.69.181 - - [30/Oct/2022:21:07:56 -0700] "GET /world/brit/eton11.jpg HTTP/1.1" 200 107084 "https://www.google.com/" "Mozilla/5.0 (Macintosh; Intel Mac OS X 10_15_7) AppleWebKit/537.36 (KHTML, like Gecko) Chrome/107.0.0.0 Safari/537.36" "ysfine.com"
173.73.77.36 - - [30/Oct/2022:21:07:58 -0700] "GET /ysbio/princeton/yspr.html HTTP/1.1" 200 5447 "https://www.ysfine.com/ysbio/awards/index.html" "Mozilla/5.0 (Windows NT 10.0; Win64; x64) AppleWebKit/537.36 (KHTML, like Gecko) Chrome/107.0.0.0 Safari/537.36 Edg/107.0.1418.24" "www.ysfine.com"
51.222.253.19 - - [30/Oct/2022:21:07:59 -0700] "GET /ysbio/usca/pgh.html HTTP/1.1" 200 13572 "-" "Mozilla/5.0 (compatible; AhrefsBot/7.0; +http://ahrefs.com/robot/)" "ysfine.com"
207.46.13.163 - - [30/Oct/2022:21:08:30 -0700] "GET /ysbio/bio05 HTTP/1.1" 200 14660 "-" "Mozilla/5.0 AppleWebKit/537.36 (KHTML, like Gecko; compatible; bingbot/2.0; +http://www.bing.com/bingbot.htm) Chrome/103.0.5060.134 Safari/537.36" "ysfine.com"
157.55.39.121 - - [30/Oct/2022:21:08:38 -0700] "GET /ysbio/eink/mose.html HTTP/1.1" 200 14315 "-" "Mozilla/5.0 AppleWebKit/537.36 (KHTML, like Gecko; compatible; bingbot/2.0; +http://www.bing.com/bingbot.htm) Chrome/103.0.5060.134 Safari/537.36" "ysfine.com"
157.55.39.14 - - [30/Oct/2022:21:10:12 -0700] "GET /bio/einstein/bern.html HTTP/1.1" 404 88 "-" "Mozilla/5.0 (compatible; bingbot/2.0; +http://www.bing.com/bingbot.htm)" "ysfine.com"
51.222.253.11 - - [30/Oct/2022:21:10:16 -0700] "GET /kobak/shortw.html HTTP/1.1" 200 3128 "-" "Mozilla/5.0 (compatible; AhrefsBot/7.0; +http://ahrefs.com/robot/)" "ysfine.com"
207.46.13.104 - - [30/Oct/2022:21:10:17 -0700] "GET /ysbio/yspapers/zakopane96.pdf HTTP/1.1" 200 184122 "-" "Mozilla/5.0 (compatible; bingbot/2.0; +http://www.bing.com/bingbot.htm)" "ysfine.com"
3.211.110.80 - - [30/Oct/2022:21:10:18 -0700] "GET /kobak/sl629.jpg HTTP/1.1" 200 141503 "-" "Mozilla/5.0 (X11; Ubuntu; Linux x86_64; rv:72.0) Gecko/20100101 Firefox/72.0" "ysfine.com"
114.119.128.158 - - [30/Oct/2022:21:10:25 -0700] "GET /wigner/neum/feyn31.html HTTP/1.1" 200 389 "https://www.ysfine.com/wigner/neum/futcomp.html" "Mozilla/5.0 (Linux; Android 7.0;) AppleWebKit/537.36 (KHTML, like Gecko) Mobile Safari/537.36 (compatible; PetalBot;+https://webmaster.petalsearch.com/site/petalbot)" "www.ysfine.com"
173.73.77.36 - - [30/Oct/2022:21:10:27 -0700] "GET /ysbio/princeton/yspr.html HTTP/1.1" 200 5448 "https://www.ysfine.com/ysbio/awards/index.html" "Mozilla/5.0 (Windows NT 10.0; Win64; x64) AppleWebKit/537.36 (KHTML, like Gecko) Chrome/107.0.0.0 Safari/537.36 Edg/107.0.1418.24" "www.ysfine.com"
51.222.253.7 - - [30/Oct/2022:21:12:31 -0700] "GET /ysbio/folks/admire.html HTTP/1.1" 200 408 "-" "Mozilla/5.0 (compatible; AhrefsBot/7.0; +http://ahrefs.com/robot/)" "ysfine.com"
216.244.66.229 - - [30/Oct/2022:21:13:51 -0700] "GET /robots.txt HTTP/1.1" 404 73 "-" "Mozilla/5.0 (compatible; DotBot/1.2; +https://opensiteexplorer.org/dotbot; help@moz.com)" "www.ysfine.com"
157.55.39.14 - - [30/Oct/2022:21:14:23 -0700] "GET /ysbio/feynman/feynart.html HTTP/1.1" 200 10277 "-" "Mozilla/5.0 AppleWebKit/537.36 (KHTML, like Gecko; compatible; bingbot/2.0; +http://www.bing.com/bingbot.htm) Chrome/103.0.5060.134 Safari/537.36" "ysfine.com"
51.222.253.20 - - [30/Oct/2022:21:14:57 -0700] "GET /ysbio/folks/african.html HTTP/1.1" 200 3870 "-" "Mozilla/5.0 (compatible; AhrefsBot/7.0; +http://ahrefs.com/robot/)" "ysfine.com"
64.233.173.57 - - [30/Oct/2022:21:15:03 -0700] "GET /einstein/photoelr.gif HTTP/1.1" 200 4549 "-" "Mozilla/5.0 (Windows NT 5.1; rv:11.0) Gecko Firefox/11.0 (via ggpht.com GoogleImageProxy)" "www.ysfine.com"
40.77.167.71 - - [30/Oct/2022:21:15:28 -0700] "GET /ysbio/wigner/wigrigh.html HTTP/1.1" 200 2476 "-" "Mozilla/5.0 AppleWebKit/537.36 (KHTML, like Gecko; compatible; bingbot/2.0; +http://www.bing.com/bingbot.htm) Chrome/103.0.5060.134 Safari/537.36" "ysfine.com"
66.249.66.44 - - [30/Oct/2022:21:15:46 -0700] "GET /dirac/dirackn33c.jpg HTTP/1.1" 304 - "-" "Googlebot-Image/1.0" "ysfine.com"
207.46.13.104 - - [30/Oct/2022:21:15:56 -0700] "GET /bio/style/artlove.html HTTP/1.1" 404 88 "-" "Mozilla/5.0 (compatible; bingbot/2.0; +http://www.bing.com/bingbot.htm)" "ysfine.com"
51.222.253.19 - - [30/Oct/2022:21:17:42 -0700] "GET /ysbio/folks/airlines.html HTTP/1.1" 200 19033 "-" "Mozilla/5.0 (compatible; AhrefsBot/7.0; +http://ahrefs.com/robot/)" "ysfine.com"
51.222.253.12 - - [30/Oct/2022:21:17:49 -0700] "GET /ysbio/folks/aline/panam66c.jpg HTTP/1.1" 200 32240 "-" "Mozilla/5.0 (compatible; AhrefsBot/7.0; +http://ahrefs.com/robot/)" "ysfine.com"
51.222.253.13 - - [30/Oct/2022:21:17:55 -0700] "GET /ysbio/folks/aline/airfr16c.jpg HTTP/1.1" 200 30637 "-" "Mozilla/5.0 (compatible; AhrefsBot/7.0; +http://ahrefs.com/robot/)" "ysfine.com"
51.222.253.11 - - [30/Oct/2022:21:18:00 -0700] "GET /ysbio/folks/aline/northwes07c.jpg HTTP/1.1" 200 36738 "-" "Mozilla/5.0 (compatible; AhrefsBot/7.0; +http://ahrefs.com/robot/)" "ysfine.com"
157.55.39.14 - - [30/Oct/2022:21:18:02 -0700] "GET /class54/acs/cafe33a.jpg HTTP/1.1" 200 103391 "-" "Mozilla/5.0 (compatible; bingbot/2.0; +http://www.bing.com/bingbot.htm)" "www.ysfine.com"
114.119.128.14 - - [30/Oct/2022:21:18:03 -0700] "GET /wisdom/wkbot.html HTTP/1.1" 200 130 "-" "Mozilla/5.0 (Linux; Android 7.0;) AppleWebKit/537.36 (KHTML, like Gecko) Mobile Safari/537.36 (compatible; PetalBot;+https://webmaster.petalsearch.com/site/petalbot)" "ysfine.com"
51.222.253.7 - - [30/Oct/2022:21:18:06 -0700] "GET /ysbio/folks/aline/ana11c.jpg HTTP/1.1" 200 35072 "-" "Mozilla/5.0 (compatible; AhrefsBot/7.0; +http://ahrefs.com/robot/)" "ysfine.com"
51.222.253.19 - - [30/Oct/2022:21:18:12 -0700] "GET /ysbio/folks/aline/usair11c.jpg HTTP/1.1" 200 38775 "-" "Mozilla/5.0 (compatible; AhrefsBot/7.0; +http://ahrefs.com/robot/)" "ysfine.com"
51.222.253.14 - - [30/Oct/2022:21:18:17 -0700] "GET /ysbio/folks/aline/northwes06c.jpg HTTP/1.1" 200 34239 "-" "Mozilla/5.0 (compatible; AhrefsBot/7.0; +http://ahrefs.com/robot/)" "ysfine.com"
51.222.253.18 - - [30/Oct/2022:21:18:18 -0700] "GET /ysbio/folks/aline/swissair11c.jpg HTTP/1.1" 200 30606 "-" "Mozilla/5.0 (compatible; AhrefsBot/7.0; +http://ahrefs.com/robot/)" "ysfine.com"
51.222.253.4 - - [30/Oct/2022:21:18:23 -0700] "GET /ysbio/folks/aline/airfr18c.jpg HTTP/1.1" 200 33986 "-" "Mozilla/5.0 (compatible; AhrefsBot/7.0; +http://ahrefs.com/robot/)" "ysfine.com"
51.222.253.1 - - [30/Oct/2022:21:18:24 -0700] "GET /ysbio/folks/aline/northwes09c.jpg HTTP/1.1" 200 38394 "-" "Mozilla/5.0 (compatible; AhrefsBot/7.0; +http://ahrefs.com/robot/)" "ysfine.com"
40.77.167.71 - - [30/Oct/2022:21:18:27 -0700] "GET /bio/dirac/dirleft.html HTTP/1.1" 404 88 "-" "Mozilla/5.0 (compatible; bingbot/2.0; +http://www.bing.com/bingbot.htm)" "ysfine.com"
51.222.253.19 - - [30/Oct/2022:21:18:29 -0700] "GET /ysbio/folks/aline/contin07c.jpg HTTP/1.1" 200 24197 "-" "Mozilla/5.0 (compatible; AhrefsBot/7.0; +http://ahrefs.com/robot/)" "ysfine.com"
51.222.253.12 - - [30/Oct/2022:21:18:32 -0700] "GET /ysbio/folks/aline/northwes10c.jpg HTTP/1.1" 200 32919 "-" "Mozilla/5.0 (compatible; AhrefsBot/7.0; +http://ahrefs.com/robot/)" "ysfine.com"
51.222.253.10 - - [30/Oct/2022:21:18:38 -0700] "GET /ysbio/folks/aline/virgin01c.jpg HTTP/1.1" 200 42858 "-" "Mozilla/5.0 (compatible; AhrefsBot/7.0; +http://ahrefs.com/robot/)" "ysfine.com"
51.222.253.19 - - [30/Oct/2022:21:18:44 -0700] "GET /ysbio/folks/aline/jal24c.jpg HTTP/1.1" 200 40451 "-" "Mozilla/5.0 (compatible; AhrefsBot/7.0; +http://ahrefs.com/robot/)" "ysfine.com"
51.222.253.3 - - [30/Oct/2022:21:18:49 -0700] "GET /ysbio/folks/aline/delta05c.jpg HTTP/1.1" 200 33145 "-" "Mozilla/5.0 (compatible; AhrefsBot/7.0; +http://ahrefs.com/robot/)" "ysfine.com"
51.222.253.11 - - [30/Oct/2022:21:18:55 -0700] "GET /ysbio/folks/aline/delta23c.jpg HTTP/1.1" 200 42995 "-" "Mozilla/5.0 (compatible; AhrefsBot/7.0; +http://ahrefs.com/robot/)" "ysfine.com"
216.244.66.229 - - [30/Oct/2022:21:18:56 -0700] "GET /ffriends/russlon01.jpg HTTP/1.1" 200 118788 "-" "Mozilla/5.0 (compatible; DotBot/1.2; +https://opensiteexplorer.org/dotbot; help@moz.com)" "www.ysfine.com"
51.222.253.2 - - [30/Oct/2022:21:19:01 -0700] "GET /ysbio/folks/aline/airfr08c.jpg HTTP/1.1" 200 36038 "-" "Mozilla/5.0 (compatible; AhrefsBot/7.0; +http://ahrefs.com/robot/)" "ysfine.com"
51.222.253.20 - - [30/Oct/2022:21:19:06 -0700] "GET /ysbio/folks/aline/aal05c.jpg HTTP/1.1" 200 40755 "-" "Mozilla/5.0 (compatible; AhrefsBot/7.0; +http://ahrefs.com/robot/)" "ysfine.com"
51.222.253.6 - - [30/Oct/2022:21:19:12 -0700] "GET /ysbio/folks/aline/wpilot11c.jpg HTTP/1.1" 200 31723 "-" "Mozilla/5.0 (compatible; AhrefsBot/7.0; +http://ahrefs.com/robot/)" "ysfine.com"
51.222.253.9 - - [30/Oct/2022:21:19:13 -0700] "GET /ysbio/folks/aline/pakis66c.jpg HTTP/1.1" 200 40285 "-" "Mozilla/5.0 (compatible; AhrefsBot/7.0; +http://ahrefs.com/robot/)" "ysfine.com"
51.222.253.19 - - [30/Oct/2022:21:19:19 -0700] "GET /ysbio/folks/aline/northwes03c.jpg HTTP/1.1" 200 44263 "-" "Mozilla/5.0 (compatible; AhrefsBot/7.0; +http://ahrefs.com/robot/)" "ysfine.com"
51.222.253.20 - - [30/Oct/2022:21:19:25 -0700] "GET /ysbio/folks/aline/jal11c.jpg HTTP/1.1" 200 32521 "-" "Mozilla/5.0 (compatible; AhrefsBot/7.0; +http://ahrefs.com/robot/)" "ysfine.com"
51.222.253.4 - - [30/Oct/2022:21:19:30 -0700] "GET /ysbio/folks/aline/pakis33c.jpg HTTP/1.1" 200 31360 "-" "Mozilla/5.0 (compatible; AhrefsBot/7.0; +http://ahrefs.com/robot/)" "ysfine.com"
51.222.253.18 - - [30/Oct/2022:21:19:36 -0700] "GET /ysbio/folks/aline/quantas33c.jpg HTTP/1.1" 200 28596 "-" "Mozilla/5.0 (compatible; AhrefsBot/7.0; +http://ahrefs.com/robot/)" "ysfine.com"
216.244.66.229 - - [30/Oct/2022:21:19:37 -0700] "GET /ffriends/russzuri02.jpg HTTP/1.1" 200 102647 "-" "Mozilla/5.0 (compatible; DotBot/1.2; +https://opensiteexplorer.org/dotbot; help@moz.com)" "www.ysfine.com"
40.77.167.71 - - [30/Oct/2022:21:19:38 -0700] "GET /ysbio/feynman/feynbot.html HTTP/1.1" 200 138 "-" "Mozilla/5.0 (compatible; bingbot/2.0; +http://www.bing.com/bingbot.htm)" "ysfine.com"
51.222.253.7 - - [30/Oct/2022:21:19:41 -0700] "GET /ysbio/folks/aline/morocc22c.jpg HTTP/1.1" 200 28770 "-" "Mozilla/5.0 (compatible; AhrefsBot/7.0; +http://ahrefs.com/robot/)" "ysfine.com"
51.222.253.20 - - [30/Oct/2022:21:19:44 -0700] "GET /ysbio/folks/aline/chinasouth02c.jpg HTTP/1.1" 200 33508 "-" "Mozilla/5.0 (compatible; AhrefsBot/7.0; +http://ahrefs.com/robot/)" "ysfine.com"
51.222.253.2 - - [30/Oct/2022:21:19:49 -0700] "GET /ysbio/folks/aline/lufthan12c.jpg HTTP/1.1" 200 28950 "-" "Mozilla/5.0 (compatible; AhrefsBot/7.0; +http://ahrefs.com/robot/)" "ysfine.com"
51.222.253.1 - - [30/Oct/2022:21:19:55 -0700] "GET /ysbio/folks/aline/aeroflot01c.jpg HTTP/1.1" 200 28587 "-" "Mozilla/5.0 (compatible; AhrefsBot/7.0; +http://ahrefs.com/robot/)" "ysfine.com"
51.222.253.15 - - [30/Oct/2022:21:19:56 -0700] "GET /ysbio/folks/aline/panam55c.jpg HTTP/1.1" 200 33672 "-" "Mozilla/5.0 (compatible; AhrefsBot/7.0; +http://ahrefs.com/robot/)" "ysfine.com"
51.222.253.9 - - [30/Oct/2022:21:20:02 -0700] "GET /ysbio/folks/aline/aeroflot02c.jpg HTTP/1.1" 200 42215 "-" "Mozilla/5.0 (compatible; AhrefsBot/7.0; +http://ahrefs.com/robot/)" "ysfine.com"
40.77.167.71 - - [30/Oct/2022:21:20:07 -0700] "GET /bio/style/ystyle.html HTTP/1.1" 404 88 "-" "Mozilla/5.0 AppleWebKit/537.36 (KHTML, like Gecko; compatible; bingbot/2.0; +http://www.bing.com/bingbot.htm) Chrome/103.0.5060.134 Safari/537.36" "ysfine.com"
51.222.253.20 - - [30/Oct/2022:21:20:08 -0700] "GET /ysbio/folks/aline/kal05c.jpg HTTP/1.1" 200 44215 "-" "Mozilla/5.0 (compatible; AhrefsBot/7.0; +http://ahrefs.com/robot/)" "ysfine.com"
216.244.66.229 - - [30/Oct/2022:21:20:13 -0700] "GET /ffriends/amkor/ewha41.jpg HTTP/1.1" 200 78134 "-" "Mozilla/5.0 (compatible; DotBot/1.2; +https://opensiteexplorer.org/dotbot; help@moz.com)" "www.ysfine.com"
51.222.253.5 - - [30/Oct/2022:21:20:13 -0700] "GET /ysbio/folks/aline/united01c.jpg HTTP/1.1" 200 32651 "-" "Mozilla/5.0 (compatible; AhrefsBot/7.0; +http://ahrefs.com/robot/)" "ysfine.com"
51.222.253.11 - - [30/Oct/2022:21:20:14 -0700] "GET /ysbio/folks/amkor/elena.html HTTP/1.1" 200 598 "-" "Mozilla/5.0 (compatible; AhrefsBot/7.0; +http://ahrefs.com/robot/)" "ysfine.com"
51.222.253.19 - - [30/Oct/2022:21:20:19 -0700] "GET /ysbio/folks/aline/uae06c.jpg HTTP/1.1" 200 36403 "-" "Mozilla/5.0 (compatible; AhrefsBot/7.0; +http://ahrefs.com/robot/)" "ysfine.com"
51.222.253.9 - - [30/Oct/2022:21:20:25 -0700] "GET /ysbio/folks/aline/kuwaitf11c.jpg HTTP/1.1" 200 39068 "-" "Mozilla/5.0 (compatible; AhrefsBot/7.0; +http://ahrefs.com/robot/)" "ysfine.com"
51.222.253.8 - - [30/Oct/2022:21:20:30 -0700] "GET /ysbio/folks/aline/uae01c.jpg HTTP/1.1" 200 31245 "-" "Mozilla/5.0 (compatible; AhrefsBot/7.0; +http://ahrefs.com/robot/)" "ysfine.com"
203.25.75.52 - - [30/Oct/2022:21:20:33 -0700] "GET /wigner/teller.jpg HTTP/1.1" 200 98739 "http://nucleargreen.blogspot.com/" "Mozilla/5.0 (Windows NT 10.0; Win64; x64; rv:106.0) Gecko/20100101 Firefox/106.0" "ysfine.com"
51.222.253.18 - - [30/Oct/2022:21:20:36 -0700] "GET /ysbio/folks/aline/scanair02c.jpg HTTP/1.1" 200 27414 "-" "Mozilla/5.0 (compatible; AhrefsBot/7.0; +http://ahrefs.com/robot/)" "ysfine.com"
51.222.253.11 - - [30/Oct/2022:21:20:41 -0700] "GET /ysbio/folks/aline/northwes01c.jpg HTTP/1.1" 200 28216 "-" "Mozilla/5.0 (compatible; AhrefsBot/7.0; +http://ahrefs.com/robot/)" "ysfine.com"
51.222.253.2 - - [30/Oct/2022:21:20:47 -0700] "GET /ysbio/folks/aline/aeroflot05c.jpg HTTP/1.1" 200 34426 "-" "Mozilla/5.0 (compatible; AhrefsBot/7.0; +http://ahrefs.com/robot/)" "ysfine.com"
51.222.253.9 - - [30/Oct/2022:21:20:49 -0700] "GET /ysbio/folks/aline/ana44c.jpg HTTP/1.1" 200 39080 "-" "Mozilla/5.0 (compatible; AhrefsBot/7.0; +http://ahrefs.com/robot/)" "ysfine.com"
51.222.253.14 - - [30/Oct/2022:21:20:55 -0700] "GET /ysbio/folks/aline/lufthan08c.jpg HTTP/1.1" 200 28071 "-" "Mozilla/5.0 (compatible; AhrefsBot/7.0; +http://ahrefs.com/robot/)" "ysfine.com"
51.222.253.13 - - [30/Oct/2022:21:21:00 -0700] "GET /ysbio/folks/aline/czechair11c.jpg HTTP/1.1" 200 33425 "-" "Mozilla/5.0 (compatible; AhrefsBot/7.0; +http://ahrefs.com/robot/)" "ysfine.com"
207.46.13.163 - - [30/Oct/2022:21:21:02 -0700] "GET /ysbio/bio05 HTTP/1.1" 200 14660 "-" "Mozilla/5.0 (compatible; bingbot/2.0; +http://www.bing.com/bingbot.htm)" "ysfine.com"
51.222.253.10 - - [30/Oct/2022:21:21:06 -0700] "GET /ysbio/folks/aline/delta26c.jpg HTTP/1.1" 200 38025 "-" "Mozilla/5.0 (compatible; AhrefsBot/7.0; +http://ahrefs.com/robot/)" "ysfine.com"
51.222.253.1 - - [30/Oct/2022:21:21:12 -0700] "GET /ysbio/folks/aline/airberlin22c.jpg HTTP/1.1" 200 39328 "-" "Mozilla/5.0 (compatible; AhrefsBot/7.0; +http://ahrefs.com/robot/)" "ysfine.com"
51.222.253.17 - - [30/Oct/2022:21:21:17 -0700] "GET /ysbio/folks/aline/jal21c.jpg HTTP/1.1" 200 36726 "-" "Mozilla/5.0 (compatible; AhrefsBot/7.0; +http://ahrefs.com/robot/)" "ysfine.com"
51.222.253.8 - - [30/Oct/2022:21:21:20 -0700] "GET /ysbio/folks/aline/uae18c.jpg HTTP/1.1" 200 34464 "-" "Mozilla/5.0 (compatible; AhrefsBot/7.0; +http://ahrefs.com/robot/)" "ysfine.com"
51.222.253.8 - - [30/Oct/2022:21:21:25 -0700] "GET /ysbio/folks/aline/jordpilot11c.jpg HTTP/1.1" 200 31662 "-" "Mozilla/5.0 (compatible; AhrefsBot/7.0; +http://ahrefs.com/robot/)" "ysfine.com"
51.222.253.19 - - [30/Oct/2022:21:21:31 -0700] "GET /ysbio/folks/aline/iraqair03c.jpg HTTP/1.1" 200 50870 "-" "Mozilla/5.0 (compatible; AhrefsBot/7.0; +http://ahrefs.com/robot/)" "ysfine.com"
51.222.253.11 - - [30/Oct/2022:21:21:37 -0700] "GET /ysbio/folks/aline/klm01c.jpg HTTP/1.1" 200 44699 "-" "Mozilla/5.0 (compatible; AhrefsBot/7.0; +http://ahrefs.com/robot/)" "ysfine.com"
51.222.253.16 - - [30/Oct/2022:21:21:42 -0700] "GET /ysbio/folks/aline/chinaeast04c.jpg HTTP/1.1" 200 33409 "-" "Mozilla/5.0 (compatible; AhrefsBot/7.0; +http://ahrefs.com/robot/)" "ysfine.com"
51.222.253.7 - - [30/Oct/2022:21:21:48 -0700] "GET /ysbio/folks/aline/united06c.jpg HTTP/1.1" 200 27002 "-" "Mozilla/5.0 (compatible; AhrefsBot/7.0; +http://ahrefs.com/robot/)" "ysfine.com"
157.55.39.121 - - [30/Oct/2022:21:21:49 -0700] "GET /bio/optics.html HTTP/1.1" 404 88 "-" "Mozilla/5.0 AppleWebKit/537.36 (KHTML, like Gecko; compatible; bingbot/2.0; +http://www.bing.com/bingbot.htm) Chrome/103.0.5060.134 Safari/537.36" "ysfine.com"
51.222.253.3 - - [30/Oct/2022:21:21:54 -0700] "GET /ysbio/folks/aline/mexicana11c.jpg HTTP/1.1" 200 36097 "-" "Mozilla/5.0 (compatible; AhrefsBot/7.0; +http://ahrefs.com/robot/)" "ysfine.com"
203.25.75.52 - - [30/Oct/2022:21:21:59 -0700] "GET /wigner/teller.jpg HTTP/1.1" 200 98739 "-" "Mozilla/5.0 (Windows NT 10.0; Win64; x64; rv:106.0) Gecko/20100101 Firefox/106.0" "ysfine.com"
51.222.253.8 - - [30/Oct/2022:21:22:00 -0700] "GET /ysbio/folks/aline/klm05c.jpg HTTP/1.1" 200 34779 "-" "Mozilla/5.0 (compatible; AhrefsBot/7.0; +http://ahrefs.com/robot/)" "ysfine.com"
203.25.75.52 - - [30/Oct/2022:21:22:01 -0700] "GET /favicon.ico HTTP/1.1" 404 88 "https://ysfine.com/wigner/teller.jpg" "Mozilla/5.0 (Windows NT 10.0; Win64; x64; rv:106.0) Gecko/20100101 Firefox/106.0" "ysfine.com"
51.222.253.20 - - [30/Oct/2022:21:22:05 -0700] "GET /ysbio/folks/aline/northwes18c.jpg HTTP/1.1" 200 32615 "-" "Mozilla/5.0 (compatible; AhrefsBot/7.0; +http://ahrefs.com/robot/)" "ysfine.com"
51.222.253.14 - - [30/Oct/2022:21:22:11 -0700] "GET /ysbio/folks/aline/uae15c.jpg HTTP/1.1" 200 36538 "-" "Mozilla/5.0 (compatible; AhrefsBot/7.0; +http://ahrefs.com/robot/)" "ysfine.com"
51.222.253.2 - - [30/Oct/2022:21:22:16 -0700] "GET /ysbio/folks/aline/qatar01c.jpg HTTP/1.1" 200 37451 "-" "Mozilla/5.0 (compatible; AhrefsBot/7.0; +http://ahrefs.com/robot/)" "ysfine.com"
51.222.253.9 - - [30/Oct/2022:21:22:22 -0700] "GET /ysbio/folks/aline/icelandair03c.jpg HTTP/1.1" 200 42763 "-" "Mozilla/5.0 (compatible; AhrefsBot/7.0; +http://ahrefs.com/robot/)" "ysfine.com"
51.222.253.4 - - [30/Oct/2022:21:22:28 -0700] "GET /ysbio/folks/aline/usair55c.jpg HTTP/1.1" 200 35406 "-" "Mozilla/5.0 (compatible; AhrefsBot/7.0; +http://ahrefs.com/robot/)" "ysfine.com"
207.46.13.104 - - [30/Oct/2022:21:22:28 -0700] "GET /bio/bio07.html HTTP/1.1" 404 88 "-" "Mozilla/5.0 (compatible; bingbot/2.0; +http://www.bing.com/bingbot.htm)" "ysfine.com"
51.222.253.16 - - [30/Oct/2022:21:22:33 -0700] "GET /ysbio/folks/aline/contin01c.jpg HTTP/1.1" 200 34475 "-" "Mozilla/5.0 (compatible; AhrefsBot/7.0; +http://ahrefs.com/robot/)" "ysfine.com"
51.222.253.1 - - [30/Oct/2022:21:22:39 -0700] "GET /ysbio/folks/aline/chinasouth05c.jpg HTTP/1.1" 200 30734 "-" "Mozilla/5.0 (compatible; AhrefsBot/7.0; +http://ahrefs.com/robot/)" "ysfine.com"
51.222.253.15 - - [30/Oct/2022:21:22:45 -0700] "GET /ysbio/folks/aline/uae11c.jpg HTTP/1.1" 200 40238 "-" "Mozilla/5.0 (compatible; AhrefsBot/7.0; +http://ahrefs.com/robot/)" "ysfine.com"
51.222.253.13 - - [30/Oct/2022:21:22:47 -0700] "GET /ysbio/folks/amkor/hillary.html HTTP/1.1" 404 88 "-" "Mozilla/5.0 (compatible; AhrefsBot/7.0; +http://ahrefs.com/robot/)" "ysfine.com"
157.55.39.14 - - [30/Oct/2022:21:22:54 -0700] "GET /bio/einstein/bern.html HTTP/1.1" 404 88 "-" "Mozilla/5.0 AppleWebKit/537.36 (KHTML, like Gecko; compatible; bingbot/2.0; +http://www.bing.com/bingbot.htm) Chrome/103.0.5060.134 Safari/537.36" "ysfine.com"
51.222.253.12 - - [30/Oct/2022:21:25:23 -0700] "GET /ysbio/folks/beau.html HTTP/1.1" 200 14834 "-" "Mozilla/5.0 (compatible; AhrefsBot/7.0; +http://ahrefs.com/robot/)" "ysfine.com"
173.252.95.116 - - [30/Oct/2022:21:25:29 -0700] "GET /home/bio.html HTTP/1.1" 404 88 "-" "facebookexternalhit/1.1 (+http://www.facebook.com/externalhit_uatext.php)" "ysfine.com"
173.73.77.36 - - [30/Oct/2022:21:26:30 -0700] "GET /ysbio/princeton/yspr.html HTTP/1.1" 200 5447 "https://www.ysfine.com/ysbio/awards/index.html" "Mozilla/5.0 (Windows NT 10.0; Win64; x64) AppleWebKit/537.36 (KHTML, like Gecko) Chrome/107.0.0.0 Safari/537.36 Edg/107.0.1418.24" "www.ysfine.com"
173.73.77.36 - - [30/Oct/2022:21:26:31 -0700] "GET /ysbio/eink/further22f.jpg HTTP/1.1" 200 99099 "https://www.ysfine.com/ysbio/princeton/yspr.html" "Mozilla/5.0 (Windows NT 10.0; Win64; x64) AppleWebKit/537.36 (KHTML, like Gecko) Chrome/107.0.0.0 Safari/537.36 Edg/107.0.1418.24" "www.ysfine.com"
173.73.77.36 - - [30/Oct/2022:21:26:31 -0700] "GET /ysbio/ewk86f.jpg HTTP/1.1" 200 123121 "https://www.ysfine.com/ysbio/princeton/yspr.html" "Mozilla/5.0 (Windows NT 10.0; Win64; x64) AppleWebKit/537.36 (KHTML, like Gecko) Chrome/107.0.0.0 Safari/537.36 Edg/107.0.1418.24" "www.ysfine.com"
114.119.128.158 - - [30/Oct/2022:21:27:18 -0700] "GET /archives/proceedings/boston/mista.pdf HTTP/1.1" 200 155472 "https://ysfine.com/archives/proceedings/boston/mista.html" "Mozilla/5.0 (Linux; Android 7.0;) AppleWebKit/537.36 (KHTML, like Gecko) Mobile Safari/537.36 (compatible; PetalBot;+https://webmaster.petalsearch.com/site/petalbot)" "ysfine.com"
51.222.253.20 - - [30/Oct/2022:21:27:47 -0700] "GET /ysbio/folks/british.html HTTP/1.1" 200 3195 "-" "Mozilla/5.0 (compatible; AhrefsBot/7.0; +http://ahrefs.com/robot/)" "ysfine.com"
173.73.77.36 - - [30/Oct/2022:21:28:03 -0700] "GET /ysbio/yspapers/euler.pdf HTTP/1.1" 200 738507 "https://www.ysfine.com/ysbio/princeton/yspr.html" "Mozilla/5.0 (Windows NT 10.0; Win64; x64) AppleWebKit/537.36 (KHTML, like Gecko) Chrome/107.0.0.0 Safari/537.36 Edg/107.0.1418.24" "www.ysfine.com"
173.73.77.36 - - [30/Oct/2022:21:28:12 -0700] "GET /ysbio/home/dwf.html HTTP/1.1" 404 88 "https://www.ysfine.com/ysbio/princeton/yspr.html" "Mozilla/5.0 (Windows NT 10.0; Win64; x64) AppleWebKit/537.36 (KHTML, like Gecko) Chrome/107.0.0.0 Safari/537.36 Edg/107.0.1418.24" "www.ysfine.com"
40.77.167.27 - - [30/Oct/2022:21:29:56 -0700] "GET /bio/wigner/wigleft.html HTTP/1.1" 404 88 "-" "Mozilla/5.0 (compatible; bingbot/2.0; +http://www.bing.com/bingbot.htm)" "ysfine.com"
77.88.5.245 - - [30/Oct/2022:21:30:03 -0700] "GET /world/cordoba.html HTTP/1.1" 200 5417 "-" "Mozilla/5.0 (compatible; YandexBot/3.0; +http://yandex.com/bots)" "www.ysfine.com"
51.222.253.2 - - [30/Oct/2022:21:30:20 -0700] "GET /ysbio/folks/european.html HTTP/1.1" 200 10712 "-" "Mozilla/5.0 (compatible; AhrefsBot/7.0; +http://ahrefs.com/robot/)" "ysfine.com"
40.77.167.71 - - [30/Oct/2022:21:30:48 -0700] "GET /bio/princeton/campus.html HTTP/1.1" 404 88 "-" "Mozilla/5.0 AppleWebKit/537.36 (KHTML, like Gecko; compatible; bingbot/2.0; +http://www.bing.com/bingbot.htm) Chrome/103.0.5060.134 Safari/537.36" "ysfine.com"
173.73.77.36 - - [30/Oct/2022:21:30:51 -0700] "GET /ysbio/home/further22.jpg HTTP/1.1" 404 88 "https://www.ysfine.com/ysbio/princeton/yspr.html" "Mozilla/5.0 (Windows NT 10.0; Win64; x64) AppleWebKit/537.36 (KHTML, like Gecko) Chrome/107.0.0.0 Safari/537.36 Edg/107.0.1418.24" "www.ysfine.com"
173.73.77.36 - - [30/Oct/2022:21:30:57 -0700] "GET /ysbio/dirac/truck/truck12.jpg HTTP/1.1" 200 98541 "https://www.ysfine.com/ysbio/princeton/yspr.html" "Mozilla/5.0 (Windows NT 10.0; Win64; x64) AppleWebKit/537.36 (KHTML, like Gecko) Chrome/107.0.0.0 Safari/537.36 Edg/107.0.1418.24" "www.ysfine.com"
173.73.77.36 - - [30/Oct/2022:21:31:02 -0700] "GET /ysbio/feynman/partons.html HTTP/1.1" 200 5807 "https://www.ysfine.com/ysbio/princeton/yspr.html" "Mozilla/5.0 (Windows NT 10.0; Win64; x64) AppleWebKit/537.36 (KHTML, like Gecko) Chrome/107.0.0.0 Safari/537.36 Edg/107.0.1418.24" "www.ysfine.com"
173.73.77.36 - - [30/Oct/2022:21:31:02 -0700] "GET /ysbio/feynman/ppic/hyperell01c.jpg HTTP/1.1" 200 26491 "https://www.ysfine.com/ysbio/feynman/partons.html" "Mozilla/5.0 (Windows NT 10.0; Win64; x64) AppleWebKit/537.36 (KHTML, like Gecko) Chrome/107.0.0.0 Safari/537.36 Edg/107.0.1418.24" "www.ysfine.com"
173.73.77.36 - - [30/Oct/2022:21:31:02 -0700] "GET /ysbio/feynman/ppic/quantum01c.jpg HTTP/1.1" 200 24878 "https://www.ysfine.com/ysbio/feynman/partons.html" "Mozilla/5.0 (Windows NT 10.0; Win64; x64) AppleWebKit/537.36 (KHTML, like Gecko) Chrome/107.0.0.0 Safari/537.36 Edg/107.0.1418.24" "www.ysfine.com"
173.73.77.36 - - [30/Oct/2022:21:31:02 -0700] "GET /ysbio/feynman/ppic/entro33f.jpg HTTP/1.1" 200 46387 "https://www.ysfine.com/ysbio/feynman/partons.html" "Mozilla/5.0 (Windows NT 10.0; Win64; x64) AppleWebKit/537.36 (KHTML, like Gecko) Chrome/107.0.0.0 Safari/537.36 Edg/107.0.1418.24" "www.ysfine.com"
173.73.77.36 - - [30/Oct/2022:21:31:02 -0700] "GET /ysbio/feynman/ppic/parton33f.jpg HTTP/1.1" 200 81850 "https://www.ysfine.com/ysbio/feynman/partons.html" "Mozilla/5.0 (Windows NT 10.0; Win64; x64) AppleWebKit/537.36 (KHTML, like Gecko) Chrome/107.0.0.0 Safari/537.36 Edg/107.0.1418.24" "www.ysfine.com"
173.73.77.36 - - [30/Oct/2022:21:31:02 -0700] "GET /ysbio/feynman/ppic/licone01c.jpg HTTP/1.1" 200 28712 "https://www.ysfine.com/ysbio/feynman/partons.html" "Mozilla/5.0 (Windows NT 10.0; Win64; x64) AppleWebKit/537.36 (KHTML, like Gecko) Chrome/107.0.0.0 Safari/537.36 Edg/107.0.1418.24" "www.ysfine.com"
173.73.77.36 - - [30/Oct/2022:21:31:02 -0700] "GET /ysbio/feynman/ppic/hussar01c.jpg HTTP/1.1" 200 21644 "https://www.ysfine.com/ysbio/feynman/partons.html" "Mozilla/5.0 (Windows NT 10.0; Win64; x64) AppleWebKit/537.36 (KHTML, like Gecko) Chrome/107.0.0.0 Safari/537.36 Edg/107.0.1418.24" "www.ysfine.com"
173.73.77.36 - - [30/Oct/2022:21:31:02 -0700] "GET /ysbio/feynman/ppic/parton01c.jpg HTTP/1.1" 200 40984 "https://www.ysfine.com/ysbio/feynman/partons.html" "Mozilla/5.0 (Windows NT 10.0; Win64; x64) AppleWebKit/537.36 (KHTML, like Gecko) Chrome/107.0.0.0 Safari/537.36 Edg/107.0.1418.24" "www.ysfine.com"
173.73.77.36 - - [30/Oct/2022:21:31:02 -0700] "GET /ysbio/feynman/ppic/einbohr56f.jpg HTTP/1.1" 200 69043 "https://www.ysfine.com/ysbio/feynman/partons.html" "Mozilla/5.0 (Windows NT 10.0; Win64; x64) AppleWebKit/537.36 (KHTML, like Gecko) Chrome/107.0.0.0 Safari/537.36 Edg/107.0.1418.24" "www.ysfine.com"
173.73.77.36 - - [30/Oct/2022:21:31:02 -0700] "GET /ysbio/feynman/ppic/ellipse53f.jpg HTTP/1.1" 200 114731 "https://www.ysfine.com/ysbio/feynman/partons.html" "Mozilla/5.0 (Windows NT 10.0; Win64; x64) AppleWebKit/537.36 (KHTML, like Gecko) Chrome/107.0.0.0 Safari/537.36 Edg/107.0.1418.24" "www.ysfine.com"
173.73.77.36 - - [30/Oct/2022:21:31:02 -0700] "GET /ysbio/feynman/ppic/tdil01c.jpg HTTP/1.1" 200 43765 "https://www.ysfine.com/ysbio/feynman/partons.html" "Mozilla/5.0 (Windows NT 10.0; Win64; x64) AppleWebKit/537.36 (KHTML, like Gecko) Chrome/107.0.0.0 Safari/537.36 Edg/107.0.1418.24" "www.ysfine.com"
173.73.77.36 - - [30/Oct/2022:21:31:02 -0700] "GET /ysbio/feynman/ppic/qboil66f.jpg HTTP/1.1" 200 83993 "https://www.ysfine.com/ysbio/feynman/partons.html" "Mozilla/5.0 (Windows NT 10.0; Win64; x64) AppleWebKit/537.36 (KHTML, like Gecko) Chrome/107.0.0.0 Safari/537.36 Edg/107.0.1418.24" "www.ysfine.com"
173.73.77.36 - - [30/Oct/2022:21:31:02 -0700] "GET /ysbio/feynman/ppic/phasetr33f.jpg HTTP/1.1" 200 37190 "https://www.ysfine.com/ysbio/feynman/partons.html" "Mozilla/5.0 (Windows NT 10.0; Win64; x64) AppleWebKit/537.36 (KHTML, like Gecko) Chrome/107.0.0.0 Safari/537.36 Edg/107.0.1418.24" "www.ysfine.com"
173.73.77.36 - - [30/Oct/2022:21:31:02 -0700] "GET /ysbio/feynman/ppic/quapar55c.jpg HTTP/1.1" 200 49178 "https://www.ysfine.com/ysbio/feynman/partons.html" "Mozilla/5.0 (Windows NT 10.0; Win64; x64) AppleWebKit/537.36 (KHTML, like Gecko) Chrome/107.0.0.0 Safari/537.36 Edg/107.0.1418.24" "www.ysfine.com"
157.55.39.113 - - [30/Oct/2022:21:32:03 -0700] "GET /bio/feynman/partons.html HTTP/1.1" 404 88 "-" "Mozilla/5.0 (compatible; bingbot/2.0; +http://www.bing.com/bingbot.htm)" "ysfine.com"
40.77.167.71 - - [30/Oct/2022:21:32:49 -0700] "GET /bio/style/ystyle.html HTTP/1.1" 404 88 "-" "Mozilla/5.0 (compatible; bingbot/2.0; +http://www.bing.com/bingbot.htm)" "ysfine.com"
93.158.161.39 - - [30/Oct/2022:21:33:12 -0700] "GET /world/baltic/baltic/arana.html HTTP/1.1" 404 88 "-" "Mozilla/5.0 (compatible; YandexBot/3.0; +http://yandex.com/bots)" "www.ysfine.com"
130.209.251.173 - - [30/Oct/2022:21:33:22 -0700] "GET /world/russ/krem25.jpg HTTP/1.1" 200 95275 "-" "python-requests/2.25.1" "ysfine.com"
173.73.77.36 - - [30/Oct/2022:21:33:32 -0700] "GET /home/index.html HTTP/1.1" 200 142 "-" "Mozilla/5.0 (Windows NT 10.0; Win64; x64; rv:106.0) Gecko/20100101 Firefox/106.0" "www.ysfine.com"
173.73.77.36 - - [30/Oct/2022:21:33:32 -0700] "GET /home/hmbot.html HTTP/1.1" 200 132 "https://www.ysfine.com/home/index.html" "Mozilla/5.0 (Windows NT 10.0; Win64; x64; rv:106.0) Gecko/20100101 Firefox/106.0" "www.ysfine.com"
173.73.77.36 - - [30/Oct/2022:21:33:32 -0700] "GET /home/hmtop.html HTTP/1.1" 200 452 "https://www.ysfine.com/home/index.html" "Mozilla/5.0 (Windows NT 10.0; Win64; x64; rv:106.0) Gecko/20100101 Firefox/106.0" "www.ysfine.com"
173.73.77.36 - - [30/Oct/2022:21:33:32 -0700] "GET /home/hmleft.html HTTP/1.1" 200 861 "https://www.ysfine.com/home/hmbot.html" "Mozilla/5.0 (Windows NT 10.0; Win64; x64; rv:106.0) Gecko/20100101 Firefox/106.0" "www.ysfine.com"
173.73.77.36 - - [30/Oct/2022:21:33:32 -0700] "GET /home/hmrigh.html HTTP/1.1" 200 4214 "https://www.ysfine.com/home/hmbot.html" "Mozilla/5.0 (Windows NT 10.0; Win64; x64; rv:106.0) Gecko/20100101 Firefox/106.0" "www.ysfine.com"
173.73.77.36 - - [30/Oct/2022:21:33:32 -0700] "GET /home/further22a.jpg HTTP/1.1" 200 75776 "https://www.ysfine.com/home/hmrigh.html" "Mozilla/5.0 (Windows NT 10.0; Win64; x64; rv:106.0) Gecko/20100101 Firefox/106.0" "www.ysfine.com"
173.73.77.36 - - [30/Oct/2022:21:33:32 -0700] "GET /home/facu63c.jpg HTTP/1.1" 200 41710 "https://www.ysfine.com/home/hmrigh.html" "Mozilla/5.0 (Windows NT 10.0; Win64; x64; rv:106.0) Gecko/20100101 Firefox/106.0" "www.ysfine.com"
173.73.77.36 - - [30/Oct/2022:21:33:32 -0700] "GET /ysbio/top21c.jpg HTTP/1.1" 200 53120 "https://www.ysfine.com/home/hmrigh.html" "Mozilla/5.0 (Windows NT 10.0; Win64; x64; rv:106.0) Gecko/20100101 Firefox/106.0" "www.ysfine.com"
173.73.77.36 - - [30/Oct/2022:21:33:32 -0700] "GET /home/comet50a.jpg HTTP/1.1" 200 52015 "https://www.ysfine.com/home/hmrigh.html" "Mozilla/5.0 (Windows NT 10.0; Win64; x64; rv:106.0) Gecko/20100101 Firefox/106.0" "www.ysfine.com"
173.73.77.36 - - [30/Oct/2022:21:33:32 -0700] "GET /ysbio/think55c.jpg HTTP/1.1" 200 37438 "https://www.ysfine.com/home/hmrigh.html" "Mozilla/5.0 (Windows NT 10.0; Win64; x64; rv:106.0) Gecko/20100101 Firefox/106.0" "www.ysfine.com"
173.73.77.36 - - [30/Oct/2022:21:33:32 -0700] "GET /home/emc22a.jpg HTTP/1.1" 200 59239 "https://www.ysfine.com/home/hmrigh.html" "Mozilla/5.0 (Windows NT 10.0; Win64; x64; rv:106.0) Gecko/20100101 Firefox/106.0" "www.ysfine.com"
173.73.77.36 - - [30/Oct/2022:21:33:32 -0700] "GET /home/tollwig11c.jpg HTTP/1.1" 200 28199 "https://www.ysfine.com/home/hmrigh.html" "Mozilla/5.0 (Windows NT 10.0; Win64; x64; rv:106.0) Gecko/20100101 Firefox/106.0" "www.ysfine.com"
173.73.77.36 - - [30/Oct/2022:21:33:32 -0700] "GET /ysbio/socrates55c.jpg HTTP/1.1" 200 36471 "https://www.ysfine.com/home/hmrigh.html" "Mozilla/5.0 (Windows NT 10.0; Win64; x64; rv:106.0) Gecko/20100101 Firefox/106.0" "www.ysfine.com"
173.73.77.36 - - [30/Oct/2022:21:33:32 -0700] "GET /ysbio/eward55a.jpg HTTP/1.1" 200 84523 "https://www.ysfine.com/home/hmrigh.html" "Mozilla/5.0 (Windows NT 10.0; Win64; x64; rv:106.0) Gecko/20100101 Firefox/106.0" "www.ysfine.com"
173.73.77.36 - - [30/Oct/2022:21:33:32 -0700] "GET /ysbio/eink77c.jpg HTTP/1.1" 200 47471 "https://www.ysfine.com/home/hmrigh.html" "Mozilla/5.0 (Windows NT 10.0; Win64; x64; rv:106.0) Gecko/20100101 Firefox/106.0" "www.ysfine.com"
173.73.77.36 - - [30/Oct/2022:21:33:32 -0700] "GET /ysbio/coke300.jpg HTTP/1.1" 200 50941 "https://www.ysfine.com/home/hmrigh.html" "Mozilla/5.0 (Windows NT 10.0; Win64; x64; rv:106.0) Gecko/20100101 Firefox/106.0" "www.ysfine.com"
173.73.77.36 - - [30/Oct/2022:21:33:32 -0700] "GET /home/figs/einbohr33c.jpg HTTP/1.1" 200 36413 "https://www.ysfine.com/home/hmrigh.html" "Mozilla/5.0 (Windows NT 10.0; Win64; x64; rv:106.0) Gecko/20100101 Firefox/106.0" "www.ysfine.com"
54.236.1.13 - - [30/Oct/2022:21:33:39 -0700] "GET /robots.txt HTTP/1.1" 404 88 "-" "Mozilla/5.0 (compatible; Pinterestbot/1.0; +http://www.pinterest.com/bot.html)" "ysfine.com"
54.236.1.13 - - [30/Oct/2022:21:33:39 -0700] "GET / HTTP/1.1" 200 5283 "-" "Mozilla/5.0 (compatible; Pinterestbot/1.0; +http://www.pinterest.com/bot.html)" "ysfine.com"
54.236.1.13 - - [30/Oct/2022:21:33:40 -0700] "GET /feynman/feygell.html HTTP/1.1" 200 4714 "-" "Mozilla/5.0 (compatible; Pinterestbot/1.0; +http://www.pinterest.com/bot.html)" "ysfine.com"
114.119.128.158 - - [30/Oct/2022:21:33:51 -0700] "GET /yspapers/entro.pdf HTTP/1.1" 200 1311318 "https://ysfine.com/maga/boltzmann.html" "Mozilla/5.0 (Linux; Android 7.0;) AppleWebKit/537.36 (KHTML, like Gecko) Mobile Safari/537.36 (compatible; PetalBot;+https://webmaster.petalsearch.com/site/petalbot)" "ysfine.com"
51.222.253.11 - - [30/Oct/2022:21:33:53 -0700] "GET /ysbio/folks/french.html HTTP/1.1" 200 8116 "-" "Mozilla/5.0 (compatible; AhrefsBot/7.0; +http://ahrefs.com/robot/)" "ysfine.com"
51.222.253.3 - - [30/Oct/2022:21:34:03 -0700] "GET /ysbio/world/france/stras27c.jpg HTTP/1.1" 200 42181 "-" "Mozilla/5.0 (compatible; AhrefsBot/7.0; +http://ahrefs.com/robot/)" "ysfine.com"
157.55.39.14 - - [30/Oct/2022:21:34:05 -0700] "GET /ysbio/feynman/partons.html HTTP/1.1" 200 5807 "-" "Mozilla/5.0 (compatible; bingbot/2.0; +http://www.bing.com/bingbot.htm)" "ysfine.com"
51.222.253.6 - - [30/Oct/2022:21:34:09 -0700] "GET /ysbio/folks/ingridberg11c.jpg HTTP/1.1" 200 40730 "-" "Mozilla/5.0 (compatible; AhrefsBot/7.0; +http://ahrefs.com/robot/)" "ysfine.com"
51.222.253.1 - - [30/Oct/2022:21:34:15 -0700] "GET /ysbio/world/france/nicef09c.jpg HTTP/1.1" 200 53735 "-" "Mozilla/5.0 (compatible; AhrefsBot/7.0; +http://ahrefs.com/robot/)" "ysfine.com"
51.222.253.2 - - [30/Oct/2022:21:34:16 -0700] "GET /ysbio/folks/frsp01c.jpg HTTP/1.1" 200 48142 "-" "Mozilla/5.0 (compatible; AhrefsBot/7.0; +http://ahrefs.com/robot/)" "ysfine.com"
40.77.167.71 - - [30/Oct/2022:21:34:18 -0700] "GET /bio/pquartet.html HTTP/1.1" 404 88 "-" "Mozilla/5.0 AppleWebKit/537.36 (KHTML, like Gecko; compatible; bingbot/2.0; +http://www.bing.com/bingbot.htm) Chrome/103.0.5060.134 Safari/537.36" "ysfine.com"
51.222.253.10 - - [30/Oct/2022:21:34:22 -0700] "GET /ysbio/folks/frkor01c.jpg HTTP/1.1" 200 51450 "-" "Mozilla/5.0 (compatible; AhrefsBot/7.0; +http://ahrefs.com/robot/)" "ysfine.com"
51.222.253.12 - - [30/Oct/2022:21:34:28 -0700] "GET /ysbio/world/france/grandcafe06c.jpg HTTP/1.1" 200 37215 "-" "Mozilla/5.0 (compatible; AhrefsBot/7.0; +http://ahrefs.com/robot/)" "ysfine.com"
51.222.253.7 - - [30/Oct/2022:21:34:34 -0700] "GET /ysbio/world/france/frstu03c.jpg HTTP/1.1" 200 43791 "-" "Mozilla/5.0 (compatible; AhrefsBot/7.0; +http://ahrefs.com/robot/)" "ysfine.com"
40.77.167.27 - - [30/Oct/2022:21:34:38 -0700] "GET /ysbio/style/songs.html HTTP/1.1" 200 31567 "-" "Mozilla/5.0 (compatible; bingbot/2.0; +http://www.bing.com/bingbot.htm)" "ysfine.com"
51.222.253.6 - - [30/Oct/2022:21:34:40 -0700] "GET /ysbio/world/france/metz41c.jpg HTTP/1.1" 200 38449 "-" "Mozilla/5.0 (compatible; AhrefsBot/7.0; +http://ahrefs.com/robot/)" "ysfine.com"
51.222.253.1 - - [30/Oct/2022:21:34:45 -0700] "GET /ysbio/world/france/montmar16c.jpg HTTP/1.1" 200 63113 "-" "Mozilla/5.0 (compatible; AhrefsBot/7.0; +http://ahrefs.com/robot/)" "ysfine.com"
51.222.253.4 - - [30/Oct/2022:21:34:51 -0700] "GET /ysbio/world/france/parisf17c.jpg HTTP/1.1" 200 36884 "-" "Mozilla/5.0 (compatible; AhrefsBot/7.0; +http://ahrefs.com/robot/)" "ysfine.com"
51.222.253.8 - - [30/Oct/2022:21:34:57 -0700] "GET /ysbio/world/france/stras42c.jpg HTTP/1.1" 200 36310 "-" "Mozilla/5.0 (compatible; AhrefsBot/7.0; +http://ahrefs.com/robot/)" "ysfine.com"
51.222.253.16 - - [30/Oct/2022:21:35:03 -0700] "GET /ysbio/world/france/lilas06c.jpg HTTP/1.1" 200 44689 "-" "Mozilla/5.0 (compatible; AhrefsBot/7.0; +http://ahrefs.com/robot/)" "ysfine.com"
51.222.253.19 - - [30/Oct/2022:21:35:08 -0700] "GET /ysbio/world/france/hugobes01c.jpg HTTP/1.1" 200 70701 "-" "Mozilla/5.0 (compatible; AhrefsBot/7.0; +http://ahrefs.com/robot/)" "ysfine.com"
51.222.253.10 - - [30/Oct/2022:21:35:14 -0700] "GET /ysbio/world/france/parisf01c.jpg HTTP/1.1" 200 40935 "-" "Mozilla/5.0 (compatible; AhrefsBot/7.0; +http://ahrefs.com/robot/)" "ysfine.com"
51.222.253.20 - - [30/Oct/2022:21:35:20 -0700] "GET /ysbio/folks/frportu01c.jpg HTTP/1.1" 200 48417 "-" "Mozilla/5.0 (compatible; AhrefsBot/7.0; +http://ahrefs.com/robot/)" "ysfine.com"
157.55.39.113 - - [30/Oct/2022:21:35:22 -0700] "GET /bio/genea.html HTTP/1.1" 404 88 "-" "Mozilla/5.0 AppleWebKit/537.36 (KHTML, like Gecko; compatible; bingbot/2.0; +http://www.bing.com/bingbot.htm) Chrome/103.0.5060.134 Safari/537.36" "ysfine.com"
51.222.253.20 - - [30/Oct/2022:21:35:26 -0700] "GET /ysbio/world/france/sorbonnef10c.jpg HTTP/1.1" 200 42994 "-" "Mozilla/5.0 (compatible; AhrefsBot/7.0; +http://ahrefs.com/robot/)" "ysfine.com"
51.222.253.7 - - [30/Oct/2022:21:35:32 -0700] "GET /ysbio/folks/matisse11c.jpg HTTP/1.1" 200 32320 "-" "Mozilla/5.0 (compatible; AhrefsBot/7.0; +http://ahrefs.com/robot/)" "ysfine.com"
157.55.39.113 - - [30/Oct/2022:21:35:32 -0700] "GET /bio/einstein/further.html HTTP/1.1" 404 88 "-" "Mozilla/5.0 (compatible; bingbot/2.0; +http://www.bing.com/bingbot.htm)" "ysfine.com"
157.55.39.113 - - [30/Oct/2022:21:35:33 -0700] "GET /ysbio/bio05 HTTP/1.1" 200 14660 "-" "Mozilla/5.0 (compatible; bingbot/2.0; +http://www.bing.com/bingbot.htm)" "ysfine.com"
51.222.253.16 - - [30/Oct/2022:21:35:38 -0700] "GET /ysbio/folks/aline/airfr03c.jpg HTTP/1.1" 200 28768 "-" "Mozilla/5.0 (compatible; AhrefsBot/7.0; +http://ahrefs.com/robot/)" "ysfine.com"
51.222.253.3 - - [30/Oct/2022:21:35:40 -0700] "GET /ysbio/world/france/stras30c.jpg HTTP/1.1" 200 34002 "-" "Mozilla/5.0 (compatible; AhrefsBot/7.0; +http://ahrefs.com/robot/)" "ysfine.com"
51.222.253.19 - - [30/Oct/2022:21:35:46 -0700] "GET /ysbio/folks/fromania01c.jpg HTTP/1.1" 200 40417 "-" "Mozilla/5.0 (compatible; AhrefsBot/7.0; +http://ahrefs.com/robot/)" "ysfine.com"
51.222.253.9 - - [30/Oct/2022:21:35:52 -0700] "GET /ysbio/world/france/pmetro18c.jpg HTTP/1.1" 200 39988 "-" "Mozilla/5.0 (compatible; AhrefsBot/7.0; +http://ahrefs.com/robot/)" "ysfine.com"
51.222.253.20 - - [30/Oct/2022:21:36:23 -0700] "GET /ysbio/folks/german.html HTTP/1.1" 200 8155 "-" "Mozilla/5.0 (compatible; AhrefsBot/7.0; +http://ahrefs.com/robot/)" "ysfine.com"
66.249.66.40 - - [30/Oct/2022:21:36:26 -0700] "GET /world/france/sartsq10.jpg HTTP/1.1" 304 - "-" "Googlebot-Image/1.0" "ysfine.com"
157.55.39.14 - - [30/Oct/2022:21:37:14 -0700] "GET /bio/einstein/bern.html HTTP/1.1" 404 88 "-" "Mozilla/5.0 AppleWebKit/537.36 (KHTML, like Gecko; compatible; bingbot/2.0; +http://www.bing.com/bingbot.htm) Chrome/103.0.5060.134 Safari/537.36" "ysfine.com"
51.222.253.15 - - [30/Oct/2022:21:38:28 -0700] "GET /ysbio/folks/israel.html HTTP/1.1" 200 2695 "-" "Mozilla/5.0 (compatible; AhrefsBot/7.0; +http://ahrefs.com/robot/)" "ysfine.com"
51.222.253.4 - - [30/Oct/2022:21:38:35 -0700] "GET /ysbio/folks/israel12b.jpg HTTP/1.1" 200 52812 "-" "Mozilla/5.0 (compatible; AhrefsBot/7.0; +http://ahrefs.com/robot/)" "ysfine.com"
51.222.253.12 - - [30/Oct/2022:21:38:41 -0700] "GET /ysbio/folks/israel08b.jpg HTTP/1.1" 200 55978 "-" "Mozilla/5.0 (compatible; AhrefsBot/7.0; +http://ahrefs.com/robot/)" "ysfine.com"
51.222.253.9 - - [30/Oct/2022:21:38:45 -0700] "GET /ysbio/folks/israel11b.jpg HTTP/1.1" 200 51258 "-" "Mozilla/5.0 (compatible; AhrefsBot/7.0; +http://ahrefs.com/robot/)" "ysfine.com"
51.222.253.1 - - [30/Oct/2022:21:38:50 -0700] "GET /ysbio/world/israel/tlvf15b.jpg HTTP/1.1" 200 46315 "-" "Mozilla/5.0 (compatible; AhrefsBot/7.0; +http://ahrefs.com/robot/)" "ysfine.com"
51.222.253.10 - - [30/Oct/2022:21:38:51 -0700] "GET /ysbio/world/israel/tlvf01b.jpg HTTP/1.1" 200 29500 "-" "Mozilla/5.0 (compatible; AhrefsBot/7.0; +http://ahrefs.com/robot/)" "ysfine.com"
51.222.253.2 - - [30/Oct/2022:21:38:56 -0700] "GET /ysbio/folks/israel05b.jpg HTTP/1.1" 200 41655 "-" "Mozilla/5.0 (compatible; AhrefsBot/7.0; +http://ahrefs.com/robot/)" "ysfine.com"
51.222.253.14 - - [30/Oct/2022:21:39:02 -0700] "GET /ysbio/folks/israel02b.jpg HTTP/1.1" 200 42031 "-" "Mozilla/5.0 (compatible; AhrefsBot/7.0; +http://ahrefs.com/robot/)" "ysfine.com"
51.222.253.15 - - [30/Oct/2022:21:39:08 -0700] "GET /ysbio/world/israel/tlvf05b.jpg HTTP/1.1" 200 29510 "-" "Mozilla/5.0 (compatible; AhrefsBot/7.0; +http://ahrefs.com/robot/)" "ysfine.com"
77.88.5.46 - - [30/Oct/2022:21:39:34 -0700] "GET /einstein/einphoto.html HTTP/1.1" 200 1970 "-" "Mozilla/5.0 (compatible; YandexBot/3.0; +http://yandex.com/bots)" "www.ysfine.com"
35.160.19.78 - - [30/Oct/2022:21:40:17 -0700] "GET / HTTP/1.1" 200 5283 "-" "Mozilla/5.0 (X11; Linux x86_64) AppleWebKit/537.36 (KHTML, like Gecko) Chrome/83.0.4103.97 Safari/537.36" "ysfine.com"
49.144.53.153 - - [30/Oct/2022:21:40:23 -0700] "GET / HTTP/1.1" 200 5283 "-" "Mozilla/5.0 (Windows NT 10.0; Win64; x64) AppleWebKit/537.36 (KHTML, like Gecko) Chrome/107.0.0.0 Safari/537.36" "ysfine.com"
49.144.53.153 - - [30/Oct/2022:21:40:24 -0700] "GET /home/eink450.jpg HTTP/1.1" 200 66794 "https://ysfine.com/" "Mozilla/5.0 (Windows NT 10.0; Win64; x64) AppleWebKit/537.36 (KHTML, like Gecko) Chrome/107.0.0.0 Safari/537.36" "ysfine.com"
49.144.53.153 - - [30/Oct/2022:21:40:24 -0700] "GET /home/facu450.jpg HTTP/1.1" 200 74535 "https://ysfine.com/" "Mozilla/5.0 (Windows NT 10.0; Win64; x64) AppleWebKit/537.36 (KHTML, like Gecko) Chrome/107.0.0.0 Safari/537.36" "ysfine.com"
49.144.53.153 - - [30/Oct/2022:21:40:24 -0700] "GET /home/top21d.jpg HTTP/1.1" 200 74409 "https://ysfine.com/" "Mozilla/5.0 (Windows NT 10.0; Win64; x64) AppleWebKit/537.36 (KHTML, like Gecko) Chrome/107.0.0.0 Safari/537.36" "ysfine.com"
49.144.53.153 - - [30/Oct/2022:21:40:24 -0700] "GET /home/1987pr22d.jpg HTTP/1.1" 200 66428 "https://ysfine.com/" "Mozilla/5.0 (Windows NT 10.0; Win64; x64) AppleWebKit/537.36 (KHTML, like Gecko) Chrome/107.0.0.0 Safari/537.36" "ysfine.com"
49.144.53.153 - - [30/Oct/2022:21:40:24 -0700] "GET /home/eindc03d.jpg HTTP/1.1" 200 95860 "https://ysfine.com/" "Mozilla/5.0 (Windows NT 10.0; Win64; x64) AppleWebKit/537.36 (KHTML, like Gecko) Chrome/107.0.0.0 Safari/537.36" "ysfine.com"
49.144.53.153 - - [30/Oct/2022:21:40:24 -0700] "GET /home/eward55f.jpg HTTP/1.1" 200 122802 "https://ysfine.com/" "Mozilla/5.0 (Windows NT 10.0; Win64; x64) AppleWebKit/537.36 (KHTML, like Gecko) Chrome/107.0.0.0 Safari/537.36" "ysfine.com"
49.144.53.153 - - [30/Oct/2022:21:40:24 -0700] "GET /home/truck450.jpg HTTP/1.1" 200 42871 "https://ysfine.com/" "Mozilla/5.0 (Windows NT 10.0; Win64; x64) AppleWebKit/537.36 (KHTML, like Gecko) Chrome/107.0.0.0 Safari/537.36" "ysfine.com"
49.144.53.153 - - [30/Oct/2022:21:40:24 -0700] "GET /home/taylor500.jpg HTTP/1.1" 200 79197 "https://ysfine.com/" "Mozilla/5.0 (Windows NT 10.0; Win64; x64) AppleWebKit/537.36 (KHTML, like Gecko) Chrome/107.0.0.0 Safari/537.36" "ysfine.com"
49.144.53.153 - - [30/Oct/2022:21:40:24 -0700] "GET /eink/einhaus11c.jpg HTTP/1.1" 200 42522 "https://ysfine.com/" "Mozilla/5.0 (Windows NT 10.0; Win64; x64) AppleWebKit/537.36 (KHTML, like Gecko) Chrome/107.0.0.0 Safari/537.36" "ysfine.com"
