157.55.39.121 - - [30/Oct/2022:22:33:47 -0700] "GET /ysbio/world/london.html HTTP/1.1" 200 16969 "-" "Mozilla/5.0 AppleWebKit/537.36 (KHTML, like Gecko; compatible; bingbot/2.0; +http://www.bing.com/bingbot.htm) Chrome/103.0.5060.134 Safari/537.36" "ysfine.com"
114.119.128.142 - - [30/Oct/2022:22:34:41 -0700] "GET /maga/invent/deforest.html HTTP/1.1" 404 88 "http://ysfine.com/wisdom/wkwireless.html" "Mozilla/5.0 (Linux; Android 7.0;) AppleWebKit/537.36 (KHTML, like Gecko) Mobile Safari/537.36 (compatible; PetalBot;+https://webmaster.petalsearch.com/site/petalbot)" "ysfine.com"
54.234.127.160 - - [30/Oct/2022:22:34:49 -0700] "GET /usca/neworl.html HTTP/1.1" 200 14308 "-" "Mozilla/5.0 (Windows NT 10.0; Win64; x64) AppleWebKit/537.36 (KHTML, like Gecko) Chrome/106.0.0.0 Safari/537.36" "ysfine.com"
3.92.182.118 - - [30/Oct/2022:22:34:52 -0700] "GET /usca/norl/bour02.jpg HTTP/1.1" 200 95395 "-" "Mozilla/5.0 (Windows NT 10.0; Win64; x64) AppleWebKit/537.36 (KHTML, like Gecko) Chrome/105.0.0.0 Safari/537.36 OPR/91.0.4516.65" "ysfine.com"
157.55.39.14 - - [30/Oct/2022:22:35:40 -0700] "GET /bio/kobak/namdae.html HTTP/1.1" 404 88 "-" "Mozilla/5.0 AppleWebKit/537.36 (KHTML, like Gecko; compatible; bingbot/2.0; +http://www.bing.com/bingbot.htm) Chrome/103.0.5060.134 Safari/537.36" "ysfine.com"
51.222.253.3 - - [30/Oct/2022:22:36:01 -0700] "GET /world/tdrome.html HTTP/1.1" 200 5611 "-" "Mozilla/5.0 (compatible; AhrefsBot/7.0; +http://ahrefs.com/robot/)" "ysfine.com"
157.55.39.121 - - [30/Oct/2022:22:36:17 -0700] "GET /ysbio/sbk/1950.html HTTP/1.1" 200 5522 "-" "Mozilla/5.0 (compatible; bingbot/2.0; +http://www.bing.com/bingbot.htm)" "ysfine.com"
207.46.13.104 - - [30/Oct/2022:22:36:35 -0700] "GET /bio/sbk/1950.html HTTP/1.1" 404 88 "-" "Mozilla/5.0 (compatible; bingbot/2.0; +http://www.bing.com/bingbot.htm)" "ysfine.com"
216.244.66.229 - - [30/Oct/2022:22:38:57 -0700] "GET /usca/pitt/emblem01.jpg HTTP/1.1" 200 134378 "-" "Mozilla/5.0 (compatible; DotBot/1.2; +https://opensiteexplorer.org/dotbot; help@moz.com)" "www.ysfine.com"
157.55.39.121 - - [30/Oct/2022:22:39:17 -0700] "GET /bio/style/rieu.html HTTP/1.1" 404 88 "-" "Mozilla/5.0 (compatible; bingbot/2.0; +http://www.bing.com/bingbot.htm)" "ysfine.com"
93.158.161.73 - - [30/Oct/2022:22:39:53 -0700] "GET /kobak/repose11b.jpg HTTP/1.1" 200 32052 "-" "Mozilla/5.0 (compatible; YandexImages/3.0; +http://yandex.com/bots)" "www.ysfine.com"
77.88.5.25 - - [30/Oct/2022:22:39:57 -0700] "GET /kobak/father2.jpg HTTP/1.1" 200 27723 "-" "Mozilla/5.0 (compatible; YandexImages/3.0; +http://yandex.com/bots)" "www.ysfine.com"
77.88.5.237 - - [30/Oct/2022:22:39:59 -0700] "GET /kobak/lemnitzer.jpg HTTP/1.1" 200 123112 "-" "Mozilla/5.0 (compatible; YandexImages/3.0; +http://yandex.com/bots)" "www.ysfine.com"
93.158.161.59 - - [30/Oct/2022:22:40:02 -0700] "GET /kobak/swr51b.jpg HTTP/1.1" 200 31277 "-" "Mozilla/5.0 (compatible; YandexImages/3.0; +http://yandex.com/bots)" "www.ysfine.com"
77.88.5.222 - - [30/Oct/2022:22:40:04 -0700] "GET /kobak/sorae01b.jpg HTTP/1.1" 200 31668 "-" "Mozilla/5.0 (compatible; YandexImages/3.0; +http://yandex.com/bots)" "www.ysfine.com"
93.158.161.50 - - [30/Oct/2022:22:40:07 -0700] "GET /kobak/sorae01b.jpg HTTP/1.1" 200 31668 "-" "Mozilla/5.0 (compatible; YandexBot/3.0; +http://yandex.com/bots)" "www.ysfine.com"
93.158.161.47 - - [30/Oct/2022:22:40:10 -0700] "GET /kobak/carbine11.jpg HTTP/1.1" 200 23508 "-" "Mozilla/5.0 (compatible; YandexImages/3.0; +http://yandex.com/bots)" "www.ysfine.com"
77.88.5.25 - - [30/Oct/2022:22:40:12 -0700] "GET /kobak/carbine11b.jpg HTTP/1.1" 200 27588 "-" "Mozilla/5.0 (compatible; YandexImages/3.0; +http://yandex.com/bots)" "www.ysfine.com"
77.88.5.237 - - [30/Oct/2022:22:40:18 -0700] "GET /kobak/underw31b.jpg HTTP/1.1" 200 42761 "-" "Mozilla/5.0 (compatible; YandexImages/3.0; +http://yandex.com/bots)" "www.ysfine.com"
77.88.5.86 - - [30/Oct/2022:22:40:20 -0700] "GET /kobak/lemnitzer2.jpg HTTP/1.1" 200 31222 "-" "Mozilla/5.0 (compatible; YandexImages/3.0; +http://yandex.com/bots)" "www.ysfine.com"
51.222.253.6 - - [30/Oct/2022:22:40:20 -0700] "GET /robots.txt HTTP/1.1" 404 88 "-" "Mozilla/5.0 (compatible; AhrefsBot/7.0; +http://ahrefs.com/robot/)" "ysfine.com"
93.158.161.73 - - [30/Oct/2022:22:40:23 -0700] "GET /kobak/father.jpg HTTP/1.1" 200 75154 "-" "Mozilla/5.0 (compatible; YandexImages/3.0; +http://yandex.com/bots)" "www.ysfine.com"
40.77.167.71 - - [30/Oct/2022:22:40:25 -0700] "GET /bio/style/ystyle.html HTTP/1.1" 404 88 "-" "Mozilla/5.0 AppleWebKit/537.36 (KHTML, like Gecko; compatible; bingbot/2.0; +http://www.bing.com/bingbot.htm) Chrome/103.0.5060.134 Safari/537.36" "ysfine.com"
77.88.5.46 - - [30/Oct/2022:22:40:25 -0700] "GET /kobak/carbine22.jpg HTTP/1.1" 200 83498 "-" "Mozilla/5.0 (compatible; YandexImages/3.0; +http://yandex.com/bots)" "www.ysfine.com"
157.55.39.113 - - [30/Oct/2022:22:42:20 -0700] "GET /ysbio/bio05 HTTP/1.1" 200 14660 "-" "Mozilla/5.0 (compatible; bingbot/2.0; +http://www.bing.com/bingbot.htm)" "ysfine.com"
114.119.128.154 - - [30/Oct/2022:22:42:34 -0700] "GET /class54/class5470/total_data/sub_144.htm HTTP/1.1" 200 3287 "https://ysfine.com/class54/class5470/total_data/sub_133.htm" "Mozilla/5.0 (Linux; Android 7.0;) AppleWebKit/537.36 (KHTML, like Gecko) Mobile Safari/537.36 (compatible; PetalBot;+https://webmaster.petalsearch.com/site/petalbot)" "ysfine.com"
44.202.158.188 - - [30/Oct/2022:22:43:42 -0700] "HEAD /world/germany/trier14.jpg HTTP/1.1" 200 - "-" "Mozilla/5.0 (Windows NT 10.0; Win64; x64) AppleWebKit/537.36 (KHTML, like Gecko) Chrome/106.0.0.0 Safari/537.36" "ysfine.com"
52.90.228.105 - - [30/Oct/2022:22:43:45 -0700] "GET /philo/helena.html HTTP/1.1" 200 6350 "-" "Mozilla/5.0 (Macintosh; Intel Mac OS X 10_15_7) AppleWebKit/537.36 (KHTML, like Gecko) Chrome/105.0.0.0 Safari/537.36" "ysfine.com"
157.55.39.14 - - [30/Oct/2022:22:44:10 -0700] "GET /bio/einstein/bern.html HTTP/1.1" 404 88 "-" "Mozilla/5.0 AppleWebKit/537.36 (KHTML, like Gecko; compatible; bingbot/2.0; +http://www.bing.com/bingbot.htm) Chrome/103.0.5060.134 Safari/537.36" "ysfine.com"
185.16.31.79 - - [30/Oct/2022:22:44:39 -0700] "GET /kowar/tanks/tank21.jpg HTTP/1.1" 200 52329 "https://novyefoto.ru/" "Mozilla/5.0 (iPhone; CPU iPhone OS 15_7_1 like Mac OS X) AppleWebKit/605.1.15 (KHTML, like Gecko) Version/15.6.3 Mobile/15E148 Safari/604.1" "ysfine.com"
51.222.253.4 - - [30/Oct/2022:22:44:50 -0700] "GET /ysbio/world/travel.html HTTP/1.1" 200 1633 "-" "Mozilla/5.0 (compatible; AhrefsBot/7.0; +http://ahrefs.com/robot/)" "www.ysfine.com"
157.55.39.14 - - [30/Oct/2022:22:45:51 -0700] "GET /ysbio/world/istanbul.html HTTP/1.1" 200 11361 "-" "Mozilla/5.0 (compatible; bingbot/2.0; +http://www.bing.com/bingbot.htm)" "ysfine.com"
173.242.113.70 - - [30/Oct/2022:22:46:06 -0700] "GET /kowar/panmun04.jpg HTTP/1.1" 200 126386 "https://www.google.com/" "Mozilla/5.0 (Macintosh; Intel Mac OS X 10_15_7) AppleWebKit/537.36 (KHTML, like Gecko) Chrome/106.0.0.0 Safari/537.36" "ysfine.com"
157.55.39.14 - - [30/Oct/2022:22:46:11 -0700] "GET /bio/awards/iao.html HTTP/1.1" 404 88 "-" "Mozilla/5.0 (compatible; bingbot/2.0; +http://www.bing.com/bingbot.htm)" "ysfine.com"
40.77.167.27 - - [30/Oct/2022:22:46:34 -0700] "GET /ysbio/style/stbot.html HTTP/1.1" 200 122 "-" "Mozilla/5.0 AppleWebKit/537.36 (KHTML, like Gecko; compatible; bingbot/2.0; +http://www.bing.com/bingbot.htm) Chrome/103.0.5060.134 Safari/537.36" "ysfine.com"
207.46.13.104 - - [30/Oct/2022:22:47:16 -0700] "GET /ysbio/feynman/index.html HTTP/1.1" 200 124 "-" "Mozilla/5.0 (compatible; bingbot/2.0; +http://www.bing.com/bingbot.htm)" "ysfine.com"
157.55.39.14 - - [30/Oct/2022:22:48:11 -0700] "GET /ysbio/dirac/dirfeyn.html HTTP/1.1" 200 6341 "-" "Mozilla/5.0 AppleWebKit/537.36 (KHTML, like Gecko; compatible; bingbot/2.0; +http://www.bing.com/bingbot.htm) Chrome/103.0.5060.134 Safari/537.36" "ysfine.com"
51.222.253.11 - - [30/Oct/2022:22:49:34 -0700] "GET /ysbio/dirac/dirfeyn.html HTTP/1.1" 200 6341 "-" "Mozilla/5.0 (compatible; AhrefsBot/7.0; +http://ahrefs.com/robot/)" "ysfine.com"
51.222.253.20 - - [30/Oct/2022:22:49:40 -0700] "GET /ysbio/dirac/dfkim11c.jpg HTTP/1.1" 200 34801 "-" "Mozilla/5.0 (compatible; AhrefsBot/7.0; +http://ahrefs.com/robot/)" "ysfine.com"
51.222.253.15 - - [30/Oct/2022:22:49:45 -0700] "GET /ysbio/dirac/sq73c.jpg HTTP/1.1" 200 35501 "-" "Mozilla/5.0 (compatible; AhrefsBot/7.0; +http://ahrefs.com/robot/)" "ysfine.com"
51.222.253.12 - - [30/Oct/2022:22:49:51 -0700] "GET /ysbio/people/sbt11c.jpg HTTP/1.1" 404 88 "-" "Mozilla/5.0 (compatible; AhrefsBot/7.0; +http://ahrefs.com/robot/)" "ysfine.com"
51.222.253.4 - - [30/Oct/2022:22:49:51 -0700] "GET /ysbio/dirac/dirackn33c.jpg HTTP/1.1" 200 50420 "-" "Mozilla/5.0 (compatible; AhrefsBot/7.0; +http://ahrefs.com/robot/)" "ysfine.com"
51.222.253.12 - - [30/Oct/2022:22:49:57 -0700] "GET /ysbio/feynman/jacdrum11c.jpg HTTP/1.1" 200 39178 "-" "Mozilla/5.0 (compatible; AhrefsBot/7.0; +http://ahrefs.com/robot/)" "ysfine.com"
51.222.253.10 - - [30/Oct/2022:22:50:03 -0700] "GET /ysbio/dirac/feydirac300.jpg HTTP/1.1" 200 38223 "-" "Mozilla/5.0 (compatible; AhrefsBot/7.0; +http://ahrefs.com/robot/)" "ysfine.com"
51.222.253.6 - - [30/Oct/2022:22:50:08 -0700] "GET /ysbio/dirac/nicodem11c.jpg HTTP/1.1" 200 72684 "-" "Mozilla/5.0 (compatible; AhrefsBot/7.0; +http://ahrefs.com/robot/)" "ysfine.com"
51.222.253.10 - - [30/Oct/2022:22:50:14 -0700] "GET /ysbio/wigner/wigkim11c.jpg HTTP/1.1" 200 30443 "-" "Mozilla/5.0 (compatible; AhrefsBot/7.0; +http://ahrefs.com/robot/)" "ysfine.com"
173.242.113.70 - - [30/Oct/2022:22:52:29 -0700] "GET /kowar/shinsm11c.jpg HTTP/1.1" 200 43567 "https://www.google.com/" "Mozilla/5.0 (Macintosh; Intel Mac OS X 10_15_7) AppleWebKit/537.36 (KHTML, like Gecko) Chrome/106.0.0.0 Safari/537.36" "ysfine.com"
115.154.164.200 - - [30/Oct/2022:22:53:22 -0700] "GET /wigner/wigheis11c.jpg HTTP/1.1" 200 41279 "https://cn.bing.com/" "Mozilla/5.0 (Windows NT 10.0; Win64; x64) AppleWebKit/537.36 (KHTML, like Gecko) Chrome/107.0.0.0 Safari/537.36" "ysfine.com"
115.154.164.200 - - [30/Oct/2022:22:53:47 -0700] "GET /dirac/dirheisen.jpg HTTP/1.1" 200 75452 "https://cn.bing.com/" "Mozilla/5.0 (Windows NT 10.0; Win64; x64) AppleWebKit/537.36 (KHTML, like Gecko) Chrome/107.0.0.0 Safari/537.36" "www.ysfine.com"
115.154.164.200 - - [30/Oct/2022:22:53:47 -0700] "GET /world/scandi/nbi26.jpg HTTP/1.1" 200 75196 "https://cn.bing.com/" "Mozilla/5.0 (Windows NT 10.0; Win64; x64) AppleWebKit/537.36 (KHTML, like Gecko) Chrome/107.0.0.0 Safari/537.36" "www.ysfine.com"
40.77.167.71 - - [30/Oct/2022:22:53:56 -0700] "GET /bio/style/ystyle.html HTTP/1.1" 404 88 "-" "Mozilla/5.0 AppleWebKit/537.36 (KHTML, like Gecko; compatible; bingbot/2.0; +http://www.bing.com/bingbot.htm) Chrome/103.0.5060.134 Safari/537.36" "ysfine.com"
115.154.164.200 - - [30/Oct/2022:22:54:18 -0700] "GET /world/scandi/nbi26.jpg HTTP/1.1" 200 75196 "https://cn.bing.com/" "Mozilla/5.0 (Windows NT 10.0; Win64; x64) AppleWebKit/537.36 (KHTML, like Gecko) Chrome/107.0.0.0 Safari/537.36" "www.ysfine.com"
115.154.164.200 - - [30/Oct/2022:22:54:18 -0700] "GET /dirac/dirheisen.jpg HTTP/1.1" 206 1 "https://cn.bing.com/" "Mozilla/5.0 (Windows NT 10.0; Win64; x64) AppleWebKit/537.36 (KHTML, like Gecko) Chrome/107.0.0.0 Safari/537.36" "www.ysfine.com"
115.154.164.200 - - [30/Oct/2022:22:54:20 -0700] "GET /dirac/dirheisen.jpg HTTP/1.1" 206 43177 "https://cn.bing.com/" "Mozilla/5.0 (Windows NT 10.0; Win64; x64) AppleWebKit/537.36 (KHTML, like Gecko) Chrome/107.0.0.0 Safari/537.36" "www.ysfine.com"
216.244.66.229 - - [30/Oct/2022:22:54:20 -0700] "GET /robots.txt HTTP/1.1" 404 73 "-" "Mozilla/5.0 (compatible; DotBot/1.2; +https://opensiteexplorer.org/dotbot; help@moz.com)" "www.ysfine.com"
51.222.253.6 - - [30/Oct/2022:22:54:51 -0700] "GET /maga/popov.html HTTP/1.1" 200 8651 "-" "Mozilla/5.0 (compatible; AhrefsBot/7.0; +http://ahrefs.com/robot/)" "ysfine.com"
157.55.39.14 - - [30/Oct/2022:22:55:23 -0700] "GET /ysbio/class54/classphoto.html HTTP/1.1" 200 489 "-" "Mozilla/5.0 AppleWebKit/537.36 (KHTML, like Gecko; compatible; bingbot/2.0; +http://www.bing.com/bingbot.htm) Chrome/103.0.5060.134 Safari/537.36" "ysfine.com"
173.73.77.36 - - [30/Oct/2022:22:56:39 -0700] "GET /ysbio/maga/phys/bohrheis11c.jpg HTTP/1.1" 200 41285 "https://www.ysfine.com/ysbio/maga/index.html" "Mozilla/5.0 (Windows NT 10.0; Win64; x64; rv:106.0) Gecko/20100101 Firefox/106.0" "www.ysfine.com"
173.73.77.36 - - [30/Oct/2022:22:56:39 -0700] "GET /ysbio/wigner/lunch300.jpg HTTP/1.1" 200 31870 "https://www.ysfine.com/ysbio/maga/index.html" "Mozilla/5.0 (Windows NT 10.0; Win64; x64; rv:106.0) Gecko/20100101 Firefox/106.0" "www.ysfine.com"
173.73.77.36 - - [30/Oct/2022:22:56:39 -0700] "GET /ysbio/usca/pitt/giants55c.jpg HTTP/1.1" 200 47404 "https://www.ysfine.com/ysbio/maga/index.html" "Mozilla/5.0 (Windows NT 10.0; Win64; x64; rv:106.0) Gecko/20100101 Firefox/106.0" "www.ysfine.com"
173.73.77.36 - - [30/Oct/2022:22:56:39 -0700] "GET /ysbio/maga/osc300.jpg HTTP/1.1" 200 49873 "https://www.ysfine.com/ysbio/maga/index.html" "Mozilla/5.0 (Windows NT 10.0; Win64; x64; rv:106.0) Gecko/20100101 Firefox/106.0" "www.ysfine.com"
173.73.77.36 - - [30/Oct/2022:22:56:39 -0700] "GET /ysbio/eink/eink61c.jpg HTTP/1.1" 200 34119 "https://www.ysfine.com/ysbio/maga/index.html" "Mozilla/5.0 (Windows NT 10.0; Win64; x64; rv:106.0) Gecko/20100101 Firefox/106.0" "www.ysfine.com"
173.73.77.36 - - [30/Oct/2022:22:56:39 -0700] "GET /ysbio/world/ital/stcroce02c.jpg HTTP/1.1" 200 53725 "https://www.ysfine.com/ysbio/maga/index.html" "Mozilla/5.0 (Windows NT 10.0; Win64; x64; rv:106.0) Gecko/20100101 Firefox/106.0" "www.ysfine.com"
173.73.77.36 - - [30/Oct/2022:22:56:39 -0700] "GET /ysbio/kobak/swr51c.jpg HTTP/1.1" 200 35677 "https://www.ysfine.com/ysbio/maga/index.html" "Mozilla/5.0 (Windows NT 10.0; Win64; x64; rv:106.0) Gecko/20100101 Firefox/106.0" "www.ysfine.com"
173.73.77.36 - - [30/Oct/2022:22:56:43 -0700] "GET /ysbio/maga/index.html HTTP/1.1" 200 6129 "-" "Mozilla/5.0 (Windows NT 10.0; Win64; x64; rv:106.0) Gecko/20100101 Firefox/106.0" "www.ysfine.com"
173.73.77.36 - - [30/Oct/2022:22:56:54 -0700] "GET /ysbio/maga/bohrkierk.html HTTP/1.1" 200 2947 "https://www.ysfine.com/ysbio/maga/index.html" "Mozilla/5.0 (Windows NT 10.0; Win64; x64; rv:106.0) Gecko/20100101 Firefox/106.0" "www.ysfine.com"
173.73.77.36 - - [30/Oct/2022:22:56:54 -0700] "GET /ysbio/maga/phys/bohr22b.jpg HTTP/1.1" 200 31482 "https://www.ysfine.com/ysbio/maga/bohrkierk.html" "Mozilla/5.0 (Windows NT 10.0; Win64; x64; rv:106.0) Gecko/20100101 Firefox/106.0" "www.ysfine.com"
173.73.77.36 - - [30/Oct/2022:22:56:54 -0700] "GET /ysbio/feynman/chewfra2.jpg HTTP/1.1" 200 40458 "https://www.ysfine.com/ysbio/maga/bohrkierk.html" "Mozilla/5.0 (Windows NT 10.0; Win64; x64; rv:106.0) Gecko/20100101 Firefox/106.0" "www.ysfine.com"
173.73.77.36 - - [30/Oct/2022:22:56:54 -0700] "GET /ysbio/maga/phys/bohr11b.jpg HTTP/1.1" 200 30607 "https://www.ysfine.com/ysbio/maga/bohrkierk.html" "Mozilla/5.0 (Windows NT 10.0; Win64; x64; rv:106.0) Gecko/20100101 Firefox/106.0" "www.ysfine.com"
173.73.77.36 - - [30/Oct/2022:22:56:54 -0700] "GET /ysbio/maga/phil/kierke11b.jpg HTTP/1.1" 200 32163 "https://www.ysfine.com/ysbio/maga/bohrkierk.html" "Mozilla/5.0 (Windows NT 10.0; Win64; x64; rv:106.0) Gecko/20100101 Firefox/106.0" "www.ysfine.com"
173.73.77.36 - - [30/Oct/2022:22:56:54 -0700] "GET /ysbio/einstein/evol22b.jpg HTTP/1.1" 200 29614 "https://www.ysfine.com/ysbio/maga/bohrkierk.html" "Mozilla/5.0 (Windows NT 10.0; Win64; x64; rv:106.0) Gecko/20100101 Firefox/106.0" "www.ysfine.com"
173.73.77.36 - - [30/Oct/2022:22:56:54 -0700] "GET /ysbio/world/france/magots03b.jpg HTTP/1.1" 200 48195 "https://www.ysfine.com/ysbio/maga/bohrkierk.html" "Mozilla/5.0 (Windows NT 10.0; Win64; x64; rv:106.0) Gecko/20100101 Firefox/106.0" "www.ysfine.com"
207.46.13.104 - - [30/Oct/2022:22:56:56 -0700] "GET /bio/feynman/fthtop.html HTTP/1.1" 404 88 "-" "Mozilla/5.0 (compatible; bingbot/2.0; +http://www.bing.com/bingbot.htm)" "ysfine.com"
173.73.77.36 - - [30/Oct/2022:22:57:01 -0700] "GET /ysbio/dirac/dirkim.html HTTP/1.1" 200 3690 "https://www.ysfine.com/ysbio/maga/index.html" "Mozilla/5.0 (Windows NT 10.0; Win64; x64; rv:106.0) Gecko/20100101 Firefox/106.0" "www.ysfine.com"
173.73.77.36 - - [30/Oct/2022:22:57:01 -0700] "GET /ysbio/feynman/feydirac300.jpg HTTP/1.1" 200 38223 "https://www.ysfine.com/ysbio/dirac/dirkim.html" "Mozilla/5.0 (Windows NT 10.0; Win64; x64; rv:106.0) Gecko/20100101 Firefox/106.0" "www.ysfine.com"
173.73.77.36 - - [30/Oct/2022:22:57:01 -0700] "GET /ysbio/dirac/sq73c.jpg HTTP/1.1" 200 35501 "https://www.ysfine.com/ysbio/dirac/dirkim.html" "Mozilla/5.0 (Windows NT 10.0; Win64; x64; rv:106.0) Gecko/20100101 Firefox/106.0" "www.ysfine.com"
173.73.77.36 - - [30/Oct/2022:22:57:01 -0700] "GET /ysbio/dirac/nicodem11c.jpg HTTP/1.1" 200 72684 "https://www.ysfine.com/ysbio/dirac/dirkim.html" "Mozilla/5.0 (Windows NT 10.0; Win64; x64; rv:106.0) Gecko/20100101 Firefox/106.0" "www.ysfine.com"
173.73.77.36 - - [30/Oct/2022:22:57:01 -0700] "GET /ysbio/dirac/dirac11c.jpg HTTP/1.1" 200 39003 "https://www.ysfine.com/ysbio/dirac/dirkim.html" "Mozilla/5.0 (Windows NT 10.0; Win64; x64; rv:106.0) Gecko/20100101 Firefox/106.0" "www.ysfine.com"
173.73.77.36 - - [30/Oct/2022:22:57:01 -0700] "GET /ysbio/eink/wsj21a.jpg HTTP/1.1" 200 117645 "https://www.ysfine.com/ysbio/dirac/dirkim.html" "Mozilla/5.0 (Windows NT 10.0; Win64; x64; rv:106.0) Gecko/20100101 Firefox/106.0" "www.ysfine.com"
173.73.77.36 - - [30/Oct/2022:22:57:01 -0700] "GET /ysbio/dirac/dirbust22c.jpg HTTP/1.1" 200 36029 "https://www.ysfine.com/ysbio/dirac/dirkim.html" "Mozilla/5.0 (Windows NT 10.0; Win64; x64; rv:106.0) Gecko/20100101 Firefox/106.0" "www.ysfine.com"
173.73.77.36 - - [30/Oct/2022:22:57:01 -0700] "GET /ysbio/home/goodbad11c.jpg HTTP/1.1" 404 88 "https://www.ysfine.com/ysbio/dirac/dirkim.html" "Mozilla/5.0 (Windows NT 10.0; Win64; x64; rv:106.0) Gecko/20100101 Firefox/106.0" "www.ysfine.com"
173.73.77.36 - - [30/Oct/2022:22:57:06 -0700] "GET /ysbio/home/goodbad11c.jpg HTTP/1.1" 404 88 "https://www.ysfine.com/ysbio/dirac/dirkim.html" "Mozilla/5.0 (Windows NT 10.0; Win64; x64; rv:106.0) Gecko/20100101 Firefox/106.0" "www.ysfine.com"
35.160.27.221 - - [30/Oct/2022:22:57:09 -0700] "GET /robots.txt HTTP/1.1" 404 88 "-" "Mozilla/5.0 (compatible) SemanticScholarBot (+https://www.semanticscholar.org/crawler)" "ysfine.com"
173.73.77.36 - - [30/Oct/2022:22:57:26 -0700] "GET /ysbio/style/digilit.html HTTP/1.1" 200 8470 "https://www.ysfine.com/ysbio/maga/index.html" "Mozilla/5.0 (Windows NT 10.0; Win64; x64; rv:106.0) Gecko/20100101 Firefox/106.0" "www.ysfine.com"
173.73.77.36 - - [30/Oct/2022:22:57:26 -0700] "GET /ysbio/home/tollwig11c.jpg HTTP/1.1" 404 88 "https://www.ysfine.com/ysbio/style/digilit.html" "Mozilla/5.0 (Windows NT 10.0; Win64; x64; rv:106.0) Gecko/20100101 Firefox/106.0" "www.ysfine.com"
173.73.77.36 - - [30/Oct/2022:22:57:26 -0700] "GET /ysbio/style/admire11c.jpg HTTP/1.1" 200 28335 "https://www.ysfine.com/ysbio/style/digilit.html" "Mozilla/5.0 (Windows NT 10.0; Win64; x64; rv:106.0) Gecko/20100101 Firefox/106.0" "www.ysfine.com"
173.73.77.36 - - [30/Oct/2022:22:57:26 -0700] "GET /ysbio/eink/eink17c.jpg HTTP/1.1" 200 39635 "https://www.ysfine.com/ysbio/style/digilit.html" "Mozilla/5.0 (Windows NT 10.0; Win64; x64; rv:106.0) Gecko/20100101 Firefox/106.0" "www.ysfine.com"
173.73.77.36 - - [30/Oct/2022:22:57:26 -0700] "GET /ysbio/philo/kant05c.jpg HTTP/1.1" 200 29443 "https://www.ysfine.com/ysbio/style/digilit.html" "Mozilla/5.0 (Windows NT 10.0; Win64; x64; rv:106.0) Gecko/20100101 Firefox/106.0" "www.ysfine.com"
173.73.77.36 - - [30/Oct/2022:22:57:26 -0700] "GET /ysbio/feynman/jacdrum11c.jpg HTTP/1.1" 200 39178 "https://www.ysfine.com/ysbio/style/digilit.html" "Mozilla/5.0 (Windows NT 10.0; Win64; x64; rv:106.0) Gecko/20100101 Firefox/106.0" "www.ysfine.com"
173.73.77.36 - - [30/Oct/2022:22:57:26 -0700] "GET /ysbio/style/monet01c.jpg HTTP/1.1" 200 29457 "https://www.ysfine.com/ysbio/style/digilit.html" "Mozilla/5.0 (Windows NT 10.0; Win64; x64; rv:106.0) Gecko/20100101 Firefox/106.0" "www.ysfine.com"
173.73.77.36 - - [30/Oct/2022:22:57:26 -0700] "GET /ysbio/style/venus09c.jpg HTTP/1.1" 200 44617 "https://www.ysfine.com/ysbio/style/digilit.html" "Mozilla/5.0 (Windows NT 10.0; Win64; x64; rv:106.0) Gecko/20100101 Firefox/106.0" "www.ysfine.com"
173.73.77.36 - - [30/Oct/2022:22:57:26 -0700] "GET /ysbio/style/cameras/canonp66c.jpg HTTP/1.1" 200 23047 "https://www.ysfine.com/ysbio/style/digilit.html" "Mozilla/5.0 (Windows NT 10.0; Win64; x64; rv:106.0) Gecko/20100101 Firefox/106.0" "www.ysfine.com"
173.73.77.36 - - [30/Oct/2022:22:57:26 -0700] "GET /ysbio/dirac/dirackn33c.jpg HTTP/1.1" 200 50420 "https://www.ysfine.com/ysbio/style/digilit.html" "Mozilla/5.0 (Windows NT 10.0; Win64; x64; rv:106.0) Gecko/20100101 Firefox/106.0" "www.ysfine.com"
173.73.77.36 - - [30/Oct/2022:22:57:26 -0700] "GET /ysbio/usca/pitt/leigh01c.jpg HTTP/1.1" 200 42302 "https://www.ysfine.com/ysbio/style/digilit.html" "Mozilla/5.0 (Windows NT 10.0; Win64; x64; rv:106.0) Gecko/20100101 Firefox/106.0" "www.ysfine.com"
173.73.77.36 - - [30/Oct/2022:22:57:26 -0700] "GET /ysbio/style/admire22c.jpg HTTP/1.1" 200 27053 "https://www.ysfine.com/ysbio/style/digilit.html" "Mozilla/5.0 (Windows NT 10.0; Win64; x64; rv:106.0) Gecko/20100101 Firefox/106.0" "www.ysfine.com"
173.73.77.36 - - [30/Oct/2022:22:57:26 -0700] "GET /ysbio/feynman/fb44f.jpg HTTP/1.1" 200 54612 "https://www.ysfine.com/ysbio/style/digilit.html" "Mozilla/5.0 (Windows NT 10.0; Win64; x64; rv:106.0) Gecko/20100101 Firefox/106.0" "www.ysfine.com"
173.73.77.36 - - [30/Oct/2022:22:57:26 -0700] "GET /ysbio/world/china/china039c.jpg HTTP/1.1" 200 68726 "https://www.ysfine.com/ysbio/style/digilit.html" "Mozilla/5.0 (Windows NT 10.0; Win64; x64; rv:106.0) Gecko/20100101 Firefox/106.0" "www.ysfine.com"
173.73.77.36 - - [30/Oct/2022:22:57:26 -0700] "GET /ysbio/home/wheestat11c.jpg HTTP/1.1" 404 88 "https://www.ysfine.com/ysbio/style/digilit.html" "Mozilla/5.0 (Windows NT 10.0; Win64; x64; rv:106.0) Gecko/20100101 Firefox/106.0" "www.ysfine.com"
173.73.77.36 - - [30/Oct/2022:22:57:26 -0700] "GET /ysbio/philo/hugom11c.jpg HTTP/1.1" 200 34783 "https://www.ysfine.com/ysbio/style/digilit.html" "Mozilla/5.0 (Windows NT 10.0; Win64; x64; rv:106.0) Gecko/20100101 Firefox/106.0" "www.ysfine.com"
35.160.27.221 - - [30/Oct/2022:22:57:36 -0700] "GET /robots.txt HTTP/1.1" 404 88 "-" "Mozilla/5.0 (compatible) SemanticScholarBot (+https://www.semanticscholar.org/crawler)" "ysfine.com"
157.55.39.14 - - [30/Oct/2022:22:57:42 -0700] "GET /bio/einstein/bern.html HTTP/1.1" 404 88 "-" "Mozilla/5.0 AppleWebKit/537.36 (KHTML, like Gecko; compatible; bingbot/2.0; +http://www.bing.com/bingbot.htm) Chrome/103.0.5060.134 Safari/537.36" "ysfine.com"
35.160.27.221 - - [30/Oct/2022:22:57:59 -0700] "GET /robots.txt HTTP/1.1" 404 88 "-" "Mozilla/5.0 (compatible) SemanticScholarBot (+https://www.semanticscholar.org/crawler)" "ysfine.com"
35.160.27.221 - - [30/Oct/2022:22:58:11 -0700] "GET /robots.txt HTTP/1.1" 404 88 "-" "Mozilla/5.0 (compatible) SemanticScholarBot (+https://www.semanticscholar.org/crawler)" "ysfine.com"
35.160.27.221 - - [30/Oct/2022:22:58:22 -0700] "GET / HTTP/1.1" 200 5283 "-" "Mozilla/5.0 (compatible) SemanticScholarBot (+https://www.semanticscholar.org/crawler)" "ysfine.com"
173.73.77.36 - - [30/Oct/2022:22:59:31 -0700] "GET /ys11/ HTTP/1.1" 200 3423 "-" "Mozilla/5.0 (Windows NT 10.0; Win64; x64) AppleWebKit/537.36 (KHTML, like Gecko) Chrome/106.0.0.0 Safari/537.36 Edg/106.0.1370.42" "ysfine.com"
173.73.77.36 - - [30/Oct/2022:22:59:32 -0700] "GET /favicon.ico HTTP/1.1" 404 88 "https://ysfine.com/ys11/" "Mozilla/5.0 (Windows NT 10.0; Win64; x64) AppleWebKit/537.36 (KHTML, like Gecko) Chrome/106.0.0.0 Safari/537.36 Edg/106.0.1370.42" "ysfine.com"
66.249.66.43 - - [30/Oct/2022:22:59:50 -0700] "GET /world/russ/koryo22.jpg HTTP/1.1" 304 - "-" "Googlebot-Image/1.0" "ysfine.com"
157.55.39.14 - - [30/Oct/2022:23:00:02 -0700] "GET /ysbio/einstein/newton.html HTTP/1.1" 200 650 "-" "Mozilla/5.0 (compatible; bingbot/2.0; +http://www.bing.com/bingbot.htm)" "ysfine.com"
103.131.71.43 - - [30/Oct/2022:23:00:10 -0700] "GET /robots.txt HTTP/1.1" 404 88 "-" "Mozilla/5.0 (compatible; coccocbot-image/1.0; +http://help.coccoc.com/searchengine)" "www.ysfine.com"
103.131.71.30 - - [30/Oct/2022:23:00:16 -0700] "GET /world/ital/venice01.jpg HTTP/1.1" 304 - "-" "Mozilla/5.0 (compatible; coccocbot-image/1.0; +http://help.coccoc.com/searchengine)" "www.ysfine.com"
138.220.17.8 - - [30/Oct/2022:23:01:14 -0700] "GET /kobak/1014.jpg HTTP/1.1" 200 125873 "https://www.google.com/" "Mozilla/5.0 (Windows NT 10.0; Win64; x64) AppleWebKit/537.36 (KHTML, like Gecko) Chrome/106.0.0.0 Safari/537.36" "ysfine.com"
51.222.253.5 - - [30/Oct/2022:23:01:14 -0700] "GET /maga/kant.html HTTP/1.1" 200 8714 "-" "Mozilla/5.0 (compatible; AhrefsBot/7.0; +http://ahrefs.com/robot/)" "ysfine.com"
51.222.253.5 - - [30/Oct/2022:23:01:19 -0700] "GET /kobak/taylor33c.jpg HTTP/1.1" 200 39951 "-" "Mozilla/5.0 (compatible; AhrefsBot/7.0; +http://ahrefs.com/robot/)" "ysfine.com"
51.222.253.11 - - [30/Oct/2022:23:01:25 -0700] "GET /world/baltic/kalinmap77b.jpg HTTP/1.1" 200 30429 "-" "Mozilla/5.0 (compatible; AhrefsBot/7.0; +http://ahrefs.com/robot/)" "ysfine.com"
51.222.253.8 - - [30/Oct/2022:23:01:31 -0700] "GET /eink/ewk86a.jpg HTTP/1.1" 200 70895 "-" "Mozilla/5.0 (compatible; AhrefsBot/7.0; +http://ahrefs.com/robot/)" "ysfine.com"
72.14.201.97 - - [30/Oct/2022:23:01:33 -0700] "GET /feynman/fphoto.html HTTP/1.1" 200 3714 "-" "Mozilla/5.0 (Linux; Android 10; K) AppleWebKit/537.36 (KHTML, like Gecko) Chrome/105.0.0.0 Safari/537.36" "ysfine.com"
51.222.253.11 - - [30/Oct/2022:23:01:37 -0700] "GET /wigner/wigkim2.jpg HTTP/1.1" 200 40700 "-" "Mozilla/5.0 (compatible; AhrefsBot/7.0; +http://ahrefs.com/robot/)" "ysfine.com"
103.131.71.37 - - [30/Oct/2022:23:01:37 -0700] "GET /robots.txt HTTP/1.1" 404 88 "-" "Mozilla/5.0 (compatible; coccocbot-image/1.0; +http://help.coccoc.com/searchengine)" "ysfine.com"
51.222.253.17 - - [30/Oct/2022:23:01:39 -0700] "GET /maga/phil/lao2.jpg HTTP/1.1" 200 29456 "-" "Mozilla/5.0 (compatible; AhrefsBot/7.0; +http://ahrefs.com/robot/)" "ysfine.com"
173.252.107.4 - - [30/Oct/2022:23:01:40 -0700] "GET /einstein/einbohr.html HTTP/1.1" 206 6142 "-" "facebookexternalhit/1.1 (+http://www.facebook.com/externalhit_uatext.php)" "ysfine.com"
103.131.71.36 - - [30/Oct/2022:23:01:43 -0700] "GET /feynman/chewfra2.jpg HTTP/1.1" 200 40458 "-" "Mozilla/5.0 (compatible; coccocbot-image/1.0; +http://help.coccoc.com/searchengine)" "ysfine.com"
51.222.253.13 - - [30/Oct/2022:23:01:45 -0700] "GET /maga/phil/shiyu2.jpg HTTP/1.1" 200 29875 "-" "Mozilla/5.0 (compatible; AhrefsBot/7.0; +http://ahrefs.com/robot/)" "ysfine.com"
51.222.253.12 - - [30/Oct/2022:23:01:50 -0700] "GET /maga/phil/suntzu2.jpg HTTP/1.1" 200 31693 "-" "Mozilla/5.0 (compatible; AhrefsBot/7.0; +http://ahrefs.com/robot/)" "ysfine.com"
51.222.253.16 - - [30/Oct/2022:23:01:56 -0700] "GET /maga/phil/kant00b.jpg HTTP/1.1" 200 51853 "-" "Mozilla/5.0 (compatible; AhrefsBot/7.0; +http://ahrefs.com/robot/)" "ysfine.com"
66.249.66.43 - - [30/Oct/2022:23:01:57 -0700] "GET /world/china/china048.jpg HTTP/1.1" 304 - "-" "Googlebot-Image/1.0" "ysfine.com"
173.73.77.36 - - [30/Oct/2022:23:03:12 -0700] "GET /ysbio/sing.html?fbclid=IwAR02zqqRuALKZ-ze1P6qfsg8XuMh9lAVKDr14yfCCVvevNmounKuFWCb1OQ HTTP/1.1" 200 2962 "https://l.facebook.com/" "Mozilla/5.0 (Windows NT 10.0; Win64; x64) AppleWebKit/537.36 (KHTML, like Gecko) Chrome/106.0.0.0 Safari/537.36 Edg/106.0.1370.42" "ysfine.com"
173.73.77.36 - - [30/Oct/2022:23:03:12 -0700] "GET /ysbio/eink61c.jpg HTTP/1.1" 200 30120 "https://ysfine.com/ysbio/sing.html?fbclid=IwAR02zqqRuALKZ-ze1P6qfsg8XuMh9lAVKDr14yfCCVvevNmounKuFWCb1OQ" "Mozilla/5.0 (Windows NT 10.0; Win64; x64) AppleWebKit/537.36 (KHTML, like Gecko) Chrome/106.0.0.0 Safari/537.36 Edg/106.0.1370.42" "ysfine.com"
173.73.77.36 - - [30/Oct/2022:23:03:12 -0700] "GET /ysbio/ewk86k.jpg HTTP/1.1" 200 103154 "https://ysfine.com/ysbio/sing.html?fbclid=IwAR02zqqRuALKZ-ze1P6qfsg8XuMh9lAVKDr14yfCCVvevNmounKuFWCb1OQ" "Mozilla/5.0 (Windows NT 10.0; Win64; x64) AppleWebKit/537.36 (KHTML, like Gecko) Chrome/106.0.0.0 Safari/537.36 Edg/106.0.1370.42" "ysfine.com"
173.73.77.36 - - [30/Oct/2022:23:03:12 -0700] "GET /ysbio/fotos/einhaus450.jpg HTTP/1.1" 200 65369 "https://ysfine.com/ysbio/sing.html?fbclid=IwAR02zqqRuALKZ-ze1P6qfsg8XuMh9lAVKDr14yfCCVvevNmounKuFWCb1OQ" "Mozilla/5.0 (Windows NT 10.0; Win64; x64) AppleWebKit/537.36 (KHTML, like Gecko) Chrome/106.0.0.0 Safari/537.36 Edg/106.0.1370.42" "ysfine.com"
173.73.77.36 - - [30/Oct/2022:23:03:12 -0700] "GET /ysbio/wigner62c.jpg HTTP/1.1" 200 41727 "https://ysfine.com/ysbio/sing.html?fbclid=IwAR02zqqRuALKZ-ze1P6qfsg8XuMh9lAVKDr14yfCCVvevNmounKuFWCb1OQ" "Mozilla/5.0 (Windows NT 10.0; Win64; x64) AppleWebKit/537.36 (KHTML, like Gecko) Chrome/106.0.0.0 Safari/537.36 Edg/106.0.1370.42" "ysfine.com"
173.73.77.36 - - [30/Oct/2022:23:03:30 -0700] "GET /ysbio/awards/index.html?fbclid=IwAR3XSHS6LDvAa0Q8ScfeUZ1l9LDsgcNAOSZ4V8hd-CQnWpFXhO1Q2jOCICI HTTP/1.1" 200 10060 "https://l.facebook.com/" "Mozilla/5.0 (Windows NT 10.0; Win64; x64) AppleWebKit/537.36 (KHTML, like Gecko) Chrome/106.0.0.0 Safari/537.36 Edg/106.0.1370.42" "ysfine.com"
173.73.77.36 - - [30/Oct/2022:23:03:30 -0700] "GET /ysbio/awards/ewk88d.jpg HTTP/1.1" 200 96031 "https://ysfine.com/ysbio/awards/index.html?fbclid=IwAR3XSHS6LDvAa0Q8ScfeUZ1l9LDsgcNAOSZ4V8hd-CQnWpFXhO1Q2jOCICI" "Mozilla/5.0 (Windows NT 10.0; Win64; x64) AppleWebKit/537.36 (KHTML, like Gecko) Chrome/106.0.0.0 Safari/537.36 Edg/106.0.1370.42" "ysfine.com"
173.73.77.36 - - [30/Oct/2022:23:03:30 -0700] "GET /ysbio/ysnr11d.jpg HTTP/1.1" 200 61140 "https://ysfine.com/ysbio/awards/index.html?fbclid=IwAR3XSHS6LDvAa0Q8ScfeUZ1l9LDsgcNAOSZ4V8hd-CQnWpFXhO1Q2jOCICI" "Mozilla/5.0 (Windows NT 10.0; Win64; x64) AppleWebKit/537.36 (KHTML, like Gecko) Chrome/106.0.0.0 Safari/537.36 Edg/106.0.1370.42" "ysfine.com"
173.73.77.36 - - [30/Oct/2022:23:03:30 -0700] "GET /ysbio/awards/marq/marq22f.jpg HTTP/1.1" 200 142401 "https://ysfine.com/ysbio/awards/index.html?fbclid=IwAR3XSHS6LDvAa0Q8ScfeUZ1l9LDsgcNAOSZ4V8hd-CQnWpFXhO1Q2jOCICI" "Mozilla/5.0 (Windows NT 10.0; Win64; x64) AppleWebKit/537.36 (KHTML, like Gecko) Chrome/106.0.0.0 Safari/537.36 Edg/106.0.1370.42" "ysfine.com"
173.73.77.36 - - [30/Oct/2022:23:03:30 -0700] "GET /ysbio/awards/marq/marq10d.jpg HTTP/1.1" 200 77533 "https://ysfine.com/ysbio/awards/index.html?fbclid=IwAR3XSHS6LDvAa0Q8ScfeUZ1l9LDsgcNAOSZ4V8hd-CQnWpFXhO1Q2jOCICI" "Mozilla/5.0 (Windows NT 10.0; Win64; x64) AppleWebKit/537.36 (KHTML, like Gecko) Chrome/106.0.0.0 Safari/537.36 Edg/106.0.1370.42" "ysfine.com"
173.73.77.36 - - [30/Oct/2022:23:03:30 -0700] "GET /ysbio/awards/timessq11d.jpg HTTP/1.1" 200 105546 "https://ysfine.com/ysbio/awards/index.html?fbclid=IwAR3XSHS6LDvAa0Q8ScfeUZ1l9LDsgcNAOSZ4V8hd-CQnWpFXhO1Q2jOCICI" "Mozilla/5.0 (Windows NT 10.0; Win64; x64) AppleWebKit/537.36 (KHTML, like Gecko) Chrome/106.0.0.0 Safari/537.36 Edg/106.0.1370.42" "ysfine.com"
173.73.77.36 - - [30/Oct/2022:23:03:30 -0700] "GET /ysbio/awards/top100d.jpg HTTP/1.1" 200 74998 "https://ysfine.com/ysbio/awards/index.html?fbclid=IwAR3XSHS6LDvAa0Q8ScfeUZ1l9LDsgcNAOSZ4V8hd-CQnWpFXhO1Q2jOCICI" "Mozilla/5.0 (Windows NT 10.0; Win64; x64) AppleWebKit/537.36 (KHTML, like Gecko) Chrome/106.0.0.0 Safari/537.36 Edg/106.0.1370.42" "ysfine.com"
173.73.77.36 - - [30/Oct/2022:23:03:30 -0700] "GET /ysbio/awards/timeline11f.jpg HTTP/1.1" 200 169039 "https://ysfine.com/ysbio/awards/index.html?fbclid=IwAR3XSHS6LDvAa0Q8ScfeUZ1l9LDsgcNAOSZ4V8hd-CQnWpFXhO1Q2jOCICI" "Mozilla/5.0 (Windows NT 10.0; Win64; x64) AppleWebKit/537.36 (KHTML, like Gecko) Chrome/106.0.0.0 Safari/537.36 Edg/106.0.1370.42" "ysfine.com"
173.73.77.36 - - [30/Oct/2022:23:03:30 -0700] "GET /ysbio/awards/feygell01d.jpg HTTP/1.1" 200 31895 "https://ysfine.com/ysbio/awards/index.html?fbclid=IwAR3XSHS6LDvAa0Q8ScfeUZ1l9LDsgcNAOSZ4V8hd-CQnWpFXhO1Q2jOCICI" "Mozilla/5.0 (Windows NT 10.0; Win64; x64) AppleWebKit/537.36 (KHTML, like Gecko) Chrome/106.0.0.0 Safari/537.36 Edg/106.0.1370.42" "ysfine.com"
173.73.77.36 - - [30/Oct/2022:23:03:30 -0700] "GET /ysbio/awards/bridge22f.jpg HTTP/1.1" 200 98225 "https://ysfine.com/ysbio/awards/index.html?fbclid=IwAR3XSHS6LDvAa0Q8ScfeUZ1l9LDsgcNAOSZ4V8hd-CQnWpFXhO1Q2jOCICI" "Mozilla/5.0 (Windows NT 10.0; Win64; x64) AppleWebKit/537.36 (KHTML, like Gecko) Chrome/106.0.0.0 Safari/537.36 Edg/106.0.1370.42" "ysfine.com"
173.73.77.36 - - [30/Oct/2022:23:03:30 -0700] "GET /ysbio/awards/eward33f.jpg HTTP/1.1" 200 86617 "https://ysfine.com/ysbio/awards/index.html?fbclid=IwAR3XSHS6LDvAa0Q8ScfeUZ1l9LDsgcNAOSZ4V8hd-CQnWpFXhO1Q2jOCICI" "Mozilla/5.0 (Windows NT 10.0; Win64; x64) AppleWebKit/537.36 (KHTML, like Gecko) Chrome/106.0.0.0 Safari/537.36 Edg/106.0.1370.42" "ysfine.com"
173.73.77.36 - - [30/Oct/2022:23:03:30 -0700] "GET /ysbio/awards/fortune21f.jpg HTTP/1.1" 200 234815 "https://ysfine.com/ysbio/awards/index.html?fbclid=IwAR3XSHS6LDvAa0Q8ScfeUZ1l9LDsgcNAOSZ4V8hd-CQnWpFXhO1Q2jOCICI" "Mozilla/5.0 (Windows NT 10.0; Win64; x64) AppleWebKit/537.36 (KHTML, like Gecko) Chrome/106.0.0.0 Safari/537.36 Edg/106.0.1370.42" "ysfine.com"
173.73.77.36 - - [30/Oct/2022:23:03:30 -0700] "GET /ysbio/awards/marq/hemis21f.jpg HTTP/1.1" 200 180095 "https://ysfine.com/ysbio/awards/index.html?fbclid=IwAR3XSHS6LDvAa0Q8ScfeUZ1l9LDsgcNAOSZ4V8hd-CQnWpFXhO1Q2jOCICI" "Mozilla/5.0 (Windows NT 10.0; Win64; x64) AppleWebKit/537.36 (KHTML, like Gecko) Chrome/106.0.0.0 Safari/537.36 Edg/106.0.1370.42" "ysfine.com"
173.73.77.36 - - [30/Oct/2022:23:03:30 -0700] "GET /ysbio/awards/acs55f.jpg HTTP/1.1" 200 83340 "https://ysfine.com/ysbio/awards/index.html?fbclid=IwAR3XSHS6LDvAa0Q8ScfeUZ1l9LDsgcNAOSZ4V8hd-CQnWpFXhO1Q2jOCICI" "Mozilla/5.0 (Windows NT 10.0; Win64; x64) AppleWebKit/537.36 (KHTML, like Gecko) Chrome/106.0.0.0 Safari/537.36 Edg/106.0.1370.42" "ysfine.com"
173.73.77.36 - - [30/Oct/2022:23:03:30 -0700] "GET /ysbio/awards/wsj21f.jpg HTTP/1.1" 200 172238 "https://ysfine.com/ysbio/awards/index.html?fbclid=IwAR3XSHS6LDvAa0Q8ScfeUZ1l9LDsgcNAOSZ4V8hd-CQnWpFXhO1Q2jOCICI" "Mozilla/5.0 (Windows NT 10.0; Win64; x64) AppleWebKit/537.36 (KHTML, like Gecko) Chrome/106.0.0.0 Safari/537.36 Edg/106.0.1370.42" "ysfine.com"
173.73.77.36 - - [30/Oct/2022:23:03:30 -0700] "GET /ysbio/yspr61d.jpg HTTP/1.1" 200 64126 "https://ysfine.com/ysbio/awards/index.html?fbclid=IwAR3XSHS6LDvAa0Q8ScfeUZ1l9LDsgcNAOSZ4V8hd-CQnWpFXhO1Q2jOCICI" "Mozilla/5.0 (Windows NT 10.0; Win64; x64) AppleWebKit/537.36 (KHTML, like Gecko) Chrome/106.0.0.0 Safari/537.36 Edg/106.0.1370.42" "ysfine.com"
173.73.77.36 - - [30/Oct/2022:23:03:30 -0700] "GET /ysbio/eink/eink54f.jpg HTTP/1.1" 200 98068 "https://ysfine.com/ysbio/awards/index.html?fbclid=IwAR3XSHS6LDvAa0Q8ScfeUZ1l9LDsgcNAOSZ4V8hd-CQnWpFXhO1Q2jOCICI" "Mozilla/5.0 (Windows NT 10.0; Win64; x64) AppleWebKit/537.36 (KHTML, like Gecko) Chrome/106.0.0.0 Safari/537.36 Edg/106.0.1370.42" "ysfine.com"
173.73.77.36 - - [30/Oct/2022:23:03:30 -0700] "GET /ysbio/kobak/taylor400.jpg HTTP/1.1" 200 56181 "https://ysfine.com/ysbio/awards/index.html?fbclid=IwAR3XSHS6LDvAa0Q8ScfeUZ1l9LDsgcNAOSZ4V8hd-CQnWpFXhO1Q2jOCICI" "Mozilla/5.0 (Windows NT 10.0; Win64; x64) AppleWebKit/537.36 (KHTML, like Gecko) Chrome/106.0.0.0 Safari/537.36 Edg/106.0.1370.42" "ysfine.com"
173.73.77.36 - - [30/Oct/2022:23:03:30 -0700] "GET /ysbio/awards/einbohr25d.jpg HTTP/1.1" 200 49476 "https://ysfine.com/ysbio/awards/index.html?fbclid=IwAR3XSHS6LDvAa0Q8ScfeUZ1l9LDsgcNAOSZ4V8hd-CQnWpFXhO1Q2jOCICI" "Mozilla/5.0 (Windows NT 10.0; Win64; x64) AppleWebKit/537.36 (KHTML, like Gecko) Chrome/106.0.0.0 Safari/537.36 Edg/106.0.1370.42" "ysfine.com"
173.73.77.36 - - [30/Oct/2022:23:03:30 -0700] "GET /ysbio/home/ewk86f.jpg HTTP/1.1" 404 88 "https://ysfine.com/ysbio/awards/index.html?fbclid=IwAR3XSHS6LDvAa0Q8ScfeUZ1l9LDsgcNAOSZ4V8hd-CQnWpFXhO1Q2jOCICI" "Mozilla/5.0 (Windows NT 10.0; Win64; x64) AppleWebKit/537.36 (KHTML, like Gecko) Chrome/106.0.0.0 Safari/537.36 Edg/106.0.1370.42" "ysfine.com"
173.73.77.36 - - [30/Oct/2022:23:03:30 -0700] "GET /ysbio/eink/pwk450.jpg HTTP/1.1" 200 84974 "https://ysfine.com/ysbio/awards/index.html?fbclid=IwAR3XSHS6LDvAa0Q8ScfeUZ1l9LDsgcNAOSZ4V8hd-CQnWpFXhO1Q2jOCICI" "Mozilla/5.0 (Windows NT 10.0; Win64; x64) AppleWebKit/537.36 (KHTML, like Gecko) Chrome/106.0.0.0 Safari/537.36 Edg/106.0.1370.42" "ysfine.com"
173.73.77.36 - - [30/Oct/2022:23:03:30 -0700] "GET /ysbio/awards/acs96f.jpg HTTP/1.1" 200 118636 "https://ysfine.com/ysbio/awards/index.html?fbclid=IwAR3XSHS6LDvAa0Q8ScfeUZ1l9LDsgcNAOSZ4V8hd-CQnWpFXhO1Q2jOCICI" "Mozilla/5.0 (Windows NT 10.0; Win64; x64) AppleWebKit/537.36 (KHTML, like Gecko) Chrome/106.0.0.0 Safari/537.36 Edg/106.0.1370.42" "ysfine.com"
173.73.77.36 - - [30/Oct/2022:23:03:30 -0700] "GET /ysbio/awards/truck20d.jpg HTTP/1.1" 200 43868 "https://ysfine.com/ysbio/awards/index.html?fbclid=IwAR3XSHS6LDvAa0Q8ScfeUZ1l9LDsgcNAOSZ4V8hd-CQnWpFXhO1Q2jOCICI" "Mozilla/5.0 (Windows NT 10.0; Win64; x64) AppleWebKit/537.36 (KHTML, like Gecko) Chrome/106.0.0.0 Safari/537.36 Edg/106.0.1370.42" "ysfine.com"
173.73.77.36 - - [30/Oct/2022:23:03:30 -0700] "GET /ysbio/awards/whoswho22f.jpg HTTP/1.1" 200 106044 "https://ysfine.com/ysbio/awards/index.html?fbclid=IwAR3XSHS6LDvAa0Q8ScfeUZ1l9LDsgcNAOSZ4V8hd-CQnWpFXhO1Q2jOCICI" "Mozilla/5.0 (Windows NT 10.0; Win64; x64) AppleWebKit/537.36 (KHTML, like Gecko) Chrome/106.0.0.0 Safari/537.36 Edg/106.0.1370.42" "ysfine.com"
173.73.77.36 - - [30/Oct/2022:23:03:30 -0700] "GET /ysbio/awards/acs20f.jpg HTTP/1.1" 200 145842 "https://ysfine.com/ysbio/awards/index.html?fbclid=IwAR3XSHS6LDvAa0Q8ScfeUZ1l9LDsgcNAOSZ4V8hd-CQnWpFXhO1Q2jOCICI" "Mozilla/5.0 (Windows NT 10.0; Win64; x64) AppleWebKit/537.36 (KHTML, like Gecko) Chrome/106.0.0.0 Safari/537.36 Edg/106.0.1370.42" "ysfine.com"
157.55.39.121 - - [30/Oct/2022:23:03:50 -0700] "GET /bio/kobak/soraech.html HTTP/1.1" 404 88 "-" "Mozilla/5.0 (compatible; bingbot/2.0; +http://www.bing.com/bingbot.htm)" "ysfine.com"
40.77.167.71 - - [30/Oct/2022:23:04:28 -0700] "GET /ysbio/newyork/nyc.html HTTP/1.1" 200 31389 "-" "Mozilla/5.0 (compatible; bingbot/2.0; +http://www.bing.com/bingbot.htm)" "ysfine.com"
40.77.167.71 - - [30/Oct/2022:23:04:47 -0700] "GET /bio/houses/christmas.html HTTP/1.1" 404 88 "-" "Mozilla/5.0 (compatible; bingbot/2.0; +http://www.bing.com/bingbot.htm)" "ysfine.com"
173.73.77.36 - - [30/Oct/2022:23:05:28 -0700] "GET /favicon.ico HTTP/1.1" 404 88 "https://ysfine.com/ys11/" "Mozilla/5.0 (Windows NT 10.0; Win64; x64) AppleWebKit/537.36 (KHTML, like Gecko) Chrome/106.0.0.0 Safari/537.36 Edg/106.0.1370.42" "ysfine.com"
157.55.39.113 - - [30/Oct/2022:23:05:32 -0700] "GET /ysbio/wigner/wignobel.html HTTP/1.1" 200 4026 "-" "Mozilla/5.0 (compatible; bingbot/2.0; +http://www.bing.com/bingbot.htm)" "ysfine.com"
40.77.167.71 - - [30/Oct/2022:23:05:37 -0700] "GET /bio/wigner/e(2).html HTTP/1.1" 404 88 "-" "Mozilla/5.0 AppleWebKit/537.36 (KHTML, like Gecko; compatible; bingbot/2.0; +http://www.bing.com/bingbot.htm) Chrome/103.0.5060.134 Safari/537.36" "ysfine.com"
40.77.167.71 - - [30/Oct/2022:23:06:16 -0700] "GET /bio/dirac/dirk62.html HTTP/1.1" 404 88 "-" "Mozilla/5.0 AppleWebKit/537.36 (KHTML, like Gecko; compatible; bingbot/2.0; +http://www.bing.com/bingbot.htm) Chrome/103.0.5060.134 Safari/537.36" "www.ysfine.com"
173.73.77.36 - - [30/Oct/2022:23:07:07 -0700] "GET /ys11/ HTTP/1.1" 200 3423 "-" "Mozilla/5.0 (Windows NT 10.0; Win64; x64) AppleWebKit/537.36 (KHTML, like Gecko) Chrome/107.0.0.0 Safari/537.36" "ysfine.com"
173.73.77.36 - - [30/Oct/2022:23:07:07 -0700] "GET /favicon.ico HTTP/1.1" 404 88 "https://ysfine.com/ys11/" "Mozilla/5.0 (Windows NT 10.0; Win64; x64) AppleWebKit/537.36 (KHTML, like Gecko) Chrome/107.0.0.0 Safari/537.36" "ysfine.com"
40.77.167.71 - - [30/Oct/2022:23:07:27 -0700] "GET /bio/style/ystyle.html HTTP/1.1" 404 88 "-" "Mozilla/5.0 (compatible; bingbot/2.0; +http://www.bing.com/bingbot.htm)" "ysfine.com"
67.202.48.39 - - [30/Oct/2022:23:07:45 -0700] "GET /wigner/ias.jpg HTTP/1.1" 200 76978 "-" "Mozilla/5.0 (Macintosh; Intel Mac OS X 12_3) AppleWebKit/537.36 (KHTML, like Gecko) Chrome/100.0.4896.60 Safari/537.36" "ysfine.com"
40.77.167.71 - - [30/Oct/2022:23:08:27 -0700] "GET /ysbio/yspapers/kiev11.pdf HTTP/1.1" 200 366152 "-" "Mozilla/5.0 AppleWebKit/537.36 (KHTML, like Gecko; compatible; bingbot/2.0; +http://www.bing.com/bingbot.htm) Chrome/103.0.5060.134 Safari/537.36" "ysfine.com"
157.55.39.113 - - [30/Oct/2022:23:08:43 -0700] "GET /ysbio/bio05 HTTP/1.1" 200 14660 "-" "Mozilla/5.0 AppleWebKit/537.36 (KHTML, like Gecko; compatible; bingbot/2.0; +http://www.bing.com/bingbot.htm) Chrome/103.0.5060.134 Safari/537.36" "ysfine.com"
157.55.39.14 - - [30/Oct/2022:23:08:47 -0700] "GET /ysbio/maga/index.html HTTP/1.1" 200 6129 "-" "Mozilla/5.0 (compatible; bingbot/2.0; +http://www.bing.com/bingbot.htm)" "ysfine.com"
77.88.5.253 - - [30/Oct/2022:23:10:15 -0700] "GET /style/nga.html HTTP/1.1" 200 1010 "-" "Mozilla/5.0 (compatible; YandexBot/3.0; +http://yandex.com/bots)" "www.ysfine.com"
51.222.253.18 - - [30/Oct/2022:23:10:34 -0700] "GET /ysbio/folks/twosist.html HTTP/1.1" 404 88 "-" "Mozilla/5.0 (compatible; AhrefsBot/7.0; +http://ahrefs.com/robot/)" "ysfine.com"
157.55.39.14 - - [30/Oct/2022:23:11:04 -0700] "GET /bio/einstein/bern.html HTTP/1.1" 404 88 "-" "Mozilla/5.0 (compatible; bingbot/2.0; +http://www.bing.com/bingbot.htm)" "ysfine.com"
207.46.13.104 - - [30/Oct/2022:23:11:28 -0700] "GET /ysbio/yspapers/jkps76.pdf HTTP/1.1" 200 293372 "-" "Mozilla/5.0 AppleWebKit/537.36 (KHTML, like Gecko; compatible; bingbot/2.0; +http://www.bing.com/bingbot.htm) Chrome/103.0.5060.134 Safari/537.36" "ysfine.com"
157.55.39.121 - - [30/Oct/2022:23:11:39 -0700] "GET /bio/world/kalinin22.html HTTP/1.1" 404 88 "-" "Mozilla/5.0 (compatible; bingbot/2.0; +http://www.bing.com/bingbot.htm)" "ysfine.com"
51.222.253.11 - - [30/Oct/2022:23:15:55 -0700] "GET /ysbio/world/poland/jarema.html HTTP/1.1" 200 334 "-" "Mozilla/5.0 (compatible; AhrefsBot/7.0; +http://ahrefs.com/robot/)" "ysfine.com"
157.55.39.14 - - [30/Oct/2022:23:16:25 -0700] "GET /ysbio/dirac/dart/dirac27a.pdf HTTP/1.1" 200 3396153 "-" "Mozilla/5.0 AppleWebKit/537.36 (KHTML, like Gecko; compatible; bingbot/2.0; +http://www.bing.com/bingbot.htm) Chrome/103.0.5060.134 Safari/537.36" "ysfine.com"
216.244.66.229 - - [30/Oct/2022:23:16:51 -0700] "GET /einstein/eincurie.jpg HTTP/1.1" 200 66178 "-" "Mozilla/5.0 (compatible; DotBot/1.2; +https://opensiteexplorer.org/dotbot; help@moz.com)" "www.ysfine.com"
93.158.161.41 - - [30/Oct/2022:23:18:49 -0700] "GET /world/cordoba.html HTTP/1.1" 200 5417 "-" "Mozilla/5.0 (compatible; YandexBot/3.0; +http://yandex.com/bots)" "www.ysfine.com"
173.73.77.36 - - [30/Oct/2022:23:19:03 -0700] "GET /ys11/ HTTP/1.1" 200 3426 "-" "Mozilla/5.0 (Windows NT 10.0; Win64; x64; rv:106.0) Gecko/20100101 Firefox/106.0" "www.ysfine.com"
40.77.167.71 - - [30/Oct/2022:23:19:18 -0700] "GET /bio/style/ystyle.html HTTP/1.1" 404 88 "-" "Mozilla/5.0 (compatible; bingbot/2.0; +http://www.bing.com/bingbot.htm)" "ysfine.com"
173.73.77.36 - - [30/Oct/2022:23:19:52 -0700] "GET /ysbio/awards/iao.html HTTP/1.1" 200 2718 "https://www.ysfine.com/ys11/" "Mozilla/5.0 (Windows NT 10.0; Win64; x64; rv:106.0) Gecko/20100101 Firefox/106.0" "www.ysfine.com"
173.73.77.36 - - [30/Oct/2022:23:19:52 -0700] "GET /ysbio/timessq33d.jpg HTTP/1.1" 200 69824 "https://www.ysfine.com/ysbio/awards/iao.html" "Mozilla/5.0 (Windows NT 10.0; Win64; x64; rv:106.0) Gecko/20100101 Firefox/106.0" "www.ysfine.com"
173.73.77.36 - - [30/Oct/2022:23:19:52 -0700] "GET /ysbio/top21d.jpg HTTP/1.1" 200 74409 "https://www.ysfine.com/ysbio/awards/iao.html" "Mozilla/5.0 (Windows NT 10.0; Win64; x64; rv:106.0) Gecko/20100101 Firefox/106.0" "www.ysfine.com"
157.55.39.113 - - [30/Oct/2022:23:20:23 -0700] "GET /ysbio/bio05 HTTP/1.1" 200 14660 "-" "Mozilla/5.0 (compatible; bingbot/2.0; +http://www.bing.com/bingbot.htm)" "ysfine.com"
51.222.253.3 - - [30/Oct/2022:23:20:24 -0700] "GET /ysbio/folks/world/ulm.html HTTP/1.1" 404 88 "-" "Mozilla/5.0 (compatible; AhrefsBot/7.0; +http://ahrefs.com/robot/)" "ysfine.com"
157.55.39.14 - - [30/Oct/2022:23:20:55 -0700] "GET /bio/world/leipzig.html HTTP/1.1" 404 88 "-" "Mozilla/5.0 (compatible; bingbot/2.0; +http://www.bing.com/bingbot.htm)" "ysfine.com"
1.31.126.209 - - [30/Oct/2022:23:21:54 -0700] "GET /maga/phys/schrod11.jpg HTTP/1.1" 200 107958 "https://cn.bing.com/" "Mozilla/5.0 (Windows NT 10.0; Win64; x64; rv:106.0) Gecko/20100101 Firefox/106.0" "www.ysfine.com"
40.77.167.71 - - [30/Oct/2022:23:23:28 -0700] "GET /bio/feynman/fphoto.html HTTP/1.1" 404 88 "-" "Mozilla/5.0 AppleWebKit/537.36 (KHTML, like Gecko; compatible; bingbot/2.0; +http://www.bing.com/bingbot.htm) Chrome/103.0.5060.134 Safari/537.36" "ysfine.com"
157.55.39.14 - - [30/Oct/2022:23:24:15 -0700] "GET /ysbio/bio02.html HTTP/1.1" 200 10044 "-" "Mozilla/5.0 (compatible; bingbot/2.0; +http://www.bing.com/bingbot.htm)" "ysfine.com"
51.222.253.11 - - [30/Oct/2022:23:24:36 -0700] "GET /ysbio/style/holycoper.html HTTP/1.1" 404 88 "-" "Mozilla/5.0 (compatible; AhrefsBot/7.0; +http://ahrefs.com/robot/)" "ysfine.com"
114.119.128.158 - - [30/Oct/2022:23:25:43 -0700] "GET /home/cv/kimcv.pdf HTTP/1.1" 200 26932 "https://www.ysfine.com/home/yshome.html" "Mozilla/5.0 (Linux; Android 7.0;) AppleWebKit/537.36 (KHTML, like Gecko) Mobile Safari/537.36 (compatible; PetalBot;+https://webmaster.petalsearch.com/site/petalbot)" "www.ysfine.com"
157.55.39.14 - - [30/Oct/2022:23:25:55 -0700] "GET /bio/einstein/bern.html HTTP/1.1" 404 88 "-" "Mozilla/5.0 AppleWebKit/537.36 (KHTML, like Gecko; compatible; bingbot/2.0; +http://www.bing.com/bingbot.htm) Chrome/103.0.5060.134 Safari/537.36" "ysfine.com"
112.134.198.55 - - [30/Oct/2022:23:26:20 -0700] "GET /einstein/eincurie11.jpg HTTP/1.1" 200 71229 "https://www.google.com/" "Mozilla/5.0 (Windows NT 10.0; Win64; x64) AppleWebKit/537.36 (KHTML, like Gecko) Chrome/106.0.0.0 Safari/537.36" "ysfine.com"
157.55.39.121 - - [30/Oct/2022:23:26:33 -0700] "GET /ysbio/easy.html HTTP/1.1" 200 7877 "-" "Mozilla/5.0 (compatible; bingbot/2.0; +http://www.bing.com/bingbot.htm)" "ysfine.com"
157.55.39.121 - - [30/Oct/2022:23:27:01 -0700] "GET /ysbio/maga/sarnoff.html HTTP/1.1" 200 7540 "-" "Mozilla/5.0 AppleWebKit/537.36 (KHTML, like Gecko; compatible; bingbot/2.0; +http://www.bing.com/bingbot.htm) Chrome/103.0.5060.134 Safari/537.36" "ysfine.com"
157.55.39.113 - - [30/Oct/2022:23:28:33 -0700] "GET /bio/feynman/feynbot.html HTTP/1.1" 404 88 "-" "Mozilla/5.0 (compatible; bingbot/2.0; +http://www.bing.com/bingbot.htm)" "ysfine.com"
51.222.253.20 - - [30/Oct/2022:23:28:45 -0700] "GET /ysbio/world/poland/polstu03.html HTTP/1.1" 404 88 "-" "Mozilla/5.0 (compatible; AhrefsBot/7.0; +http://ahrefs.com/robot/)" "ysfine.com"
66.160.140.183 - - [30/Oct/2022:23:30:34 -0700] "GET /robots.txt HTTP/1.1" 404 88 "-" "The Knowledge AI" "ysfine.com"
104.35.246.175 - - [30/Oct/2022:23:31:12 -0700] "GET /style/tatiana11.jpg HTTP/1.1" 200 146910 "https://www.google.com/" "Mozilla/5.0 (iPhone; CPU iPhone OS 16_0 like Mac OS X) AppleWebKit/605.1.15 (KHTML, like Gecko) FxiOS/106 Mobile/15E148 Version/15.0" "ysfine.com"
119.29.2.94 - - [30/Oct/2022:23:32:29 -0700] "GET / HTTP/1.1" 200 5283 "http://www.ysfine.com" "Mozilla/5.0 (Windows NT 10.0; Win64; x64) AppleWebKit/537.36 (KHTML, like Gecko) Chrome/87.0.4280.67 Safari/537.36 Edg/87.0.664.52" "www.ysfine.com"
51.222.253.10 - - [30/Oct/2022:23:32:54 -0700] "GET /ysbio/maga/invent/fountain.html HTTP/1.1" 404 88 "-" "Mozilla/5.0 (compatible; AhrefsBot/7.0; +http://ahrefs.com/robot/)" "ysfine.com"
106.51.70.183 - - [30/Oct/2022:23:33:09 -0700] "GET /philo/kantao11.jpg HTTP/1.1" 200 49132 "https://www.bing.com/" "Mozilla/5.0 (Windows NT 10.0; Win64; x64) AppleWebKit/537.36 (KHTML, like Gecko) Chrome/107.0.0.0 Safari/537.36 Edg/107.0.1418.26" "ysfine.com"
40.77.167.71 - - [30/Oct/2022:23:33:10 -0700] "GET /bio/style/ystyle.html HTTP/1.1" 404 88 "-" "Mozilla/5.0 (compatible; bingbot/2.0; +http://www.bing.com/bingbot.htm)" "ysfine.com"
204.210.125.204 - - [30/Oct/2022:23:33:33 -0700] "GET /princeton/alexan22.jpg HTTP/1.1" 200 175436 "https://www.google.com/" "Mozilla/5.0 (Linux; Android 13; SM-S901U) AppleWebKit/537.36 (KHTML, like Gecko) Chrome/106.0.0.0 Mobile Safari/537.36" "ysfine.com"
204.210.125.204 - - [30/Oct/2022:23:33:57 -0700] "GET /princeton/withers01.jpg HTTP/1.1" 200 113946 "https://www.google.com/" "Mozilla/5.0 (Linux; Android 13; SM-S901U) AppleWebKit/537.36 (KHTML, like Gecko) Chrome/106.0.0.0 Mobile Safari/537.36" "ysfine.com"
93.158.161.42 - - [30/Oct/2022:23:34:29 -0700] "GET /robots.txt HTTP/1.1" 404 73 "-" "Mozilla/5.0 (compatible; YandexBot/3.0; +http://yandex.com/bots)" "www.ysfine.com"
77.88.5.231 - - [30/Oct/2022:23:34:34 -0700] "GET /archives/proceedings/boston/casado.html HTTP/1.1" 200 768 "-" "Mozilla/5.0 (compatible; YandexBot/3.0; +http://yandex.com/bots)" "www.ysfine.com"
93.158.161.47 - - [30/Oct/2022:23:34:36 -0700] "GET /philo/sisfa12/frame33.html HTTP/1.1" 200 319 "-" "Mozilla/5.0 (compatible; YandexBot/3.0; +http://yandex.com/bots)" "www.ysfine.com"
77.88.5.27 - - [30/Oct/2022:23:34:39 -0700] "GET /world/dubna.html HTTP/1.1" 200 1604 "-" "Mozilla/5.0 (compatible; YandexBot/3.0; +http://yandex.com/bots)" "www.ysfine.com"
77.88.5.233 - - [30/Oct/2022:23:34:42 -0700] "GET /archives/proceedings/ff3/trans.html HTTP/1.1" 200 977 "-" "Mozilla/5.0 (compatible; YandexBot/3.0; +http://yandex.com/bots)" "www.ysfine.com"
77.88.5.50 - - [30/Oct/2022:23:34:45 -0700] "GET /world/ital/tuscany.bak HTTP/1.1" 200 747 "-" "Mozilla/5.0 (compatible; YandexBot/3.0; +http://yandex.com/bots)" "www.ysfine.com"
77.88.5.168 - - [30/Oct/2022:23:34:47 -0700] "GET /princeton/morecars.html HTTP/1.1" 200 245 "-" "Mozilla/5.0 (compatible; YandexBot/3.0; +http://yandex.com/bots)" "www.ysfine.com"
