173.73.77.36 - - [30/Oct/2022:21:57:34 -0700] "GET /home/goodbad11c.jpg HTTP/1.1" 200 18799 "https://www.ysfine.com/dirac/dirkim.html" "Mozilla/5.0 (Linux; Android 5.1.1; KFSUWI) AppleWebKit/537.36 (KHTML, like Gecko) Silk/104.3.37 like Chrome/104.0.5112.126 Safari/537.36" "www.ysfine.com"
173.73.77.36 - - [30/Oct/2022:21:57:34 -0700] "GET /dirac/nicodem11c.jpg HTTP/1.1" 200 72684 "https://www.ysfine.com/dirac/dirkim.html" "Mozilla/5.0 (Linux; Android 5.1.1; KFSUWI) AppleWebKit/537.36 (KHTML, like Gecko) Silk/104.3.37 like Chrome/104.0.5112.126 Safari/537.36" "www.ysfine.com"
173.73.77.36 - - [30/Oct/2022:21:57:34 -0700] "GET /dirac/dirbust22c.jpg HTTP/1.1" 200 36029 "https://www.ysfine.com/dirac/dirkim.html" "Mozilla/5.0 (Linux; Android 5.1.1; KFSUWI) AppleWebKit/537.36 (KHTML, like Gecko) Silk/104.3.37 like Chrome/104.0.5112.126 Safari/537.36" "www.ysfine.com"
173.73.77.36 - - [30/Oct/2022:21:57:34 -0700] "GET /dirac/sq73c.jpg HTTP/1.1" 200 35501 "https://www.ysfine.com/dirac/dirkim.html" "Mozilla/5.0 (Linux; Android 5.1.1; KFSUWI) AppleWebKit/537.36 (KHTML, like Gecko) Silk/104.3.37 like Chrome/104.0.5112.126 Safari/537.36" "www.ysfine.com"
173.73.77.36 - - [30/Oct/2022:21:57:34 -0700] "GET /feynman/feydirac300.jpg HTTP/1.1" 200 38223 "https://www.ysfine.com/dirac/dirkim.html" "Mozilla/5.0 (Linux; Android 5.1.1; KFSUWI) AppleWebKit/537.36 (KHTML, like Gecko) Silk/104.3.37 like Chrome/104.0.5112.126 Safari/537.36" "www.ysfine.com"
173.73.77.36 - - [30/Oct/2022:21:57:34 -0700] "GET /eink/wsj21a.jpg HTTP/1.1" 200 117645 "https://www.ysfine.com/dirac/dirkim.html" "Mozilla/5.0 (Linux; Android 5.1.1; KFSUWI) AppleWebKit/537.36 (KHTML, like Gecko) Silk/104.3.37 like Chrome/104.0.5112.126 Safari/537.36" "www.ysfine.com"
51.222.253.5 - - [30/Oct/2022:21:57:53 -0700] "GET /ysbio/folks/ukrainian.html HTTP/1.1" 200 5606 "-" "Mozilla/5.0 (compatible; AhrefsBot/7.0; +http://ahrefs.com/robot/)" "ysfine.com"
173.73.77.36 - - [30/Oct/2022:21:57:55 -0700] "GET /world/musplace.html HTTP/1.1" 200 22077 "https://www.ysfine.com/ysbio/pquartet.html" "Mozilla/5.0 (Linux; Android 5.1.1; KFSUWI) AppleWebKit/537.36 (KHTML, like Gecko) Silk/104.3.37 like Chrome/104.0.5112.126 Safari/537.36" "www.ysfine.com"
173.73.77.36 - - [30/Oct/2022:21:57:55 -0700] "GET /wigner/weiss22b.jpg HTTP/1.1" 200 31649 "https://www.ysfine.com/world/musplace.html" "Mozilla/5.0 (Linux; Android 5.1.1; KFSUWI) AppleWebKit/537.36 (KHTML, like Gecko) Silk/104.3.37 like Chrome/104.0.5112.126 Safari/537.36" "www.ysfine.com"
173.73.77.36 - - [30/Oct/2022:21:57:55 -0700] "GET /style/previn11b.jpg HTTP/1.1" 200 35211 "https://www.ysfine.com/world/musplace.html" "Mozilla/5.0 (Linux; Android 5.1.1; KFSUWI) AppleWebKit/537.36 (KHTML, like Gecko) Silk/104.3.37 like Chrome/104.0.5112.126 Safari/537.36" "www.ysfine.com"
173.73.77.36 - - [30/Oct/2022:21:57:55 -0700] "GET /style/beetho11b.jpg HTTP/1.1" 200 51004 "https://www.ysfine.com/world/musplace.html" "Mozilla/5.0 (Linux; Android 5.1.1; KFSUWI) AppleWebKit/537.36 (KHTML, like Gecko) Silk/104.3.37 like Chrome/104.0.5112.126 Safari/537.36" "www.ysfine.com"
173.73.77.36 - - [30/Oct/2022:21:57:55 -0700] "GET /world/germany/salzmo03b.jpg HTTP/1.1" 200 52584 "https://www.ysfine.com/world/musplace.html" "Mozilla/5.0 (Linux; Android 5.1.1; KFSUWI) AppleWebKit/537.36 (KHTML, like Gecko) Silk/104.3.37 like Chrome/104.0.5112.126 Safari/537.36" "www.ysfine.com"
173.73.77.36 - - [30/Oct/2022:21:57:55 -0700] "GET /world/germany/schonbr03b.jpg HTTP/1.1" 200 46623 "https://www.ysfine.com/world/musplace.html" "Mozilla/5.0 (Linux; Android 5.1.1; KFSUWI) AppleWebKit/537.36 (KHTML, like Gecko) Silk/104.3.37 like Chrome/104.0.5112.126 Safari/537.36" "www.ysfine.com"
173.73.77.36 - - [30/Oct/2022:21:57:55 -0700] "GET /world/hungary/buda125b.jpg HTTP/1.1" 200 53000 "https://www.ysfine.com/world/musplace.html" "Mozilla/5.0 (Linux; Android 5.1.1; KFSUWI) AppleWebKit/537.36 (KHTML, like Gecko) Silk/104.3.37 like Chrome/104.0.5112.126 Safari/537.36" "www.ysfine.com"
173.73.77.36 - - [30/Oct/2022:21:57:55 -0700] "GET /style/tatiana11b.jpg HTTP/1.1" 200 29416 "https://www.ysfine.com/world/musplace.html" "Mozilla/5.0 (Linux; Android 5.1.1; KFSUWI) AppleWebKit/537.36 (KHTML, like Gecko) Silk/104.3.37 like Chrome/104.0.5112.126 Safari/537.36" "www.ysfine.com"
173.73.77.36 - - [30/Oct/2022:21:57:55 -0700] "GET /world/poland/chopin02b.jpg HTTP/1.1" 200 58015 "https://www.ysfine.com/world/musplace.html" "Mozilla/5.0 (Linux; Android 5.1.1; KFSUWI) AppleWebKit/537.36 (KHTML, like Gecko) Silk/104.3.37 like Chrome/104.0.5112.126 Safari/537.36" "www.ysfine.com"
173.73.77.36 - - [30/Oct/2022:21:57:55 -0700] "GET /wdc/wasopera11b.jpg HTTP/1.1" 200 33919 "https://www.ysfine.com/world/musplace.html" "Mozilla/5.0 (Linux; Android 5.1.1; KFSUWI) AppleWebKit/537.36 (KHTML, like Gecko) Silk/104.3.37 like Chrome/104.0.5112.126 Safari/537.36" "www.ysfine.com"
173.73.77.36 - - [30/Oct/2022:21:57:55 -0700] "GET /world/russ/ballerina11b.jpg HTTP/1.1" 200 41163 "https://www.ysfine.com/world/musplace.html" "Mozilla/5.0 (Linux; Android 5.1.1; KFSUWI) AppleWebKit/537.36 (KHTML, like Gecko) Silk/104.3.37 like Chrome/104.0.5112.126 Safari/537.36" "www.ysfine.com"
173.73.77.36 - - [30/Oct/2022:21:57:55 -0700] "GET /world/russ/bachkova11b.jpg HTTP/1.1" 200 45475 "https://www.ysfine.com/world/musplace.html" "Mozilla/5.0 (Linux; Android 5.1.1; KFSUWI) AppleWebKit/537.36 (KHTML, like Gecko) Silk/104.3.37 like Chrome/104.0.5112.126 Safari/537.36" "www.ysfine.com"
173.73.77.36 - - [30/Oct/2022:21:57:55 -0700] "GET /style/conway2.jpg HTTP/1.1" 200 43069 "https://www.ysfine.com/world/musplace.html" "Mozilla/5.0 (Linux; Android 5.1.1; KFSUWI) AppleWebKit/537.36 (KHTML, like Gecko) Silk/104.3.37 like Chrome/104.0.5112.126 Safari/537.36" "www.ysfine.com"
173.73.77.36 - - [30/Oct/2022:21:57:55 -0700] "GET /style/sicily22b.jpg HTTP/1.1" 200 42594 "https://www.ysfine.com/world/musplace.html" "Mozilla/5.0 (Linux; Android 5.1.1; KFSUWI) AppleWebKit/537.36 (KHTML, like Gecko) Silk/104.3.37 like Chrome/104.0.5112.126 Safari/537.36" "www.ysfine.com"
173.73.77.36 - - [30/Oct/2022:21:57:55 -0700] "GET /kobak/swr51b.jpg HTTP/1.1" 200 31277 "https://www.ysfine.com/world/musplace.html" "Mozilla/5.0 (Linux; Android 5.1.1; KFSUWI) AppleWebKit/537.36 (KHTML, like Gecko) Silk/104.3.37 like Chrome/104.0.5112.126 Safari/537.36" "www.ysfine.com"
173.73.77.36 - - [30/Oct/2022:21:57:55 -0700] "GET /style/klauder22b.jpg HTTP/1.1" 200 44277 "https://www.ysfine.com/world/musplace.html" "Mozilla/5.0 (Linux; Android 5.1.1; KFSUWI) AppleWebKit/537.36 (KHTML, like Gecko) Silk/104.3.37 like Chrome/104.0.5112.126 Safari/537.36" "www.ysfine.com"
173.73.77.36 - - [30/Oct/2022:21:57:55 -0700] "GET /usca/pitt/syriamos55b.jpg HTTP/1.1" 200 30284 "https://www.ysfine.com/world/musplace.html" "Mozilla/5.0 (Linux; Android 5.1.1; KFSUWI) AppleWebKit/537.36 (KHTML, like Gecko) Silk/104.3.37 like Chrome/104.0.5112.126 Safari/537.36" "www.ysfine.com"
173.73.77.36 - - [30/Oct/2022:21:57:55 -0700] "GET /world/germany/vienopera11b.jpg HTTP/1.1" 200 44505 "https://www.ysfine.com/world/musplace.html" "Mozilla/5.0 (Linux; Android 5.1.1; KFSUWI) AppleWebKit/537.36 (KHTML, like Gecko) Silk/104.3.37 like Chrome/104.0.5112.126 Safari/537.36" "www.ysfine.com"
173.73.77.36 - - [30/Oct/2022:21:57:55 -0700] "GET /world/germany/vienstdpark05b.jpg HTTP/1.1" 200 44667 "https://www.ysfine.com/world/musplace.html" "Mozilla/5.0 (Linux; Android 5.1.1; KFSUWI) AppleWebKit/537.36 (KHTML, like Gecko) Silk/104.3.37 like Chrome/104.0.5112.126 Safari/537.36" "www.ysfine.com"
173.73.77.36 - - [30/Oct/2022:21:57:55 -0700] "GET /world/germany/augustiner11b.jpg HTTP/1.1" 200 39308 "https://www.ysfine.com/world/musplace.html" "Mozilla/5.0 (Linux; Android 5.1.1; KFSUWI) AppleWebKit/537.36 (KHTML, like Gecko) Silk/104.3.37 like Chrome/104.0.5112.126 Safari/537.36" "www.ysfine.com"
173.73.77.36 - - [30/Oct/2022:21:57:55 -0700] "GET /world/germany/berlino25b.jpg HTTP/1.1" 200 33449 "https://www.ysfine.com/world/musplace.html" "Mozilla/5.0 (Linux; Android 5.1.1; KFSUWI) AppleWebKit/537.36 (KHTML, like Gecko) Silk/104.3.37 like Chrome/104.0.5112.126 Safari/537.36" "www.ysfine.com"
173.73.77.36 - - [30/Oct/2022:21:57:55 -0700] "GET /world/russ/mosmusic53b.jpg HTTP/1.1" 200 36509 "https://www.ysfine.com/world/musplace.html" "Mozilla/5.0 (Linux; Android 5.1.1; KFSUWI) AppleWebKit/537.36 (KHTML, like Gecko) Silk/104.3.37 like Chrome/104.0.5112.126 Safari/537.36" "www.ysfine.com"
173.73.77.36 - - [30/Oct/2022:21:57:55 -0700] "GET /world/russ/bolshoi22b.jpg HTTP/1.1" 200 49548 "https://www.ysfine.com/world/musplace.html" "Mozilla/5.0 (Linux; Android 5.1.1; KFSUWI) AppleWebKit/537.36 (KHTML, like Gecko) Silk/104.3.37 like Chrome/104.0.5112.126 Safari/537.36" "www.ysfine.com"
173.73.77.36 - - [30/Oct/2022:21:57:55 -0700] "GET /world/russ/mosmusic31b.jpg HTTP/1.1" 200 48603 "https://www.ysfine.com/world/musplace.html" "Mozilla/5.0 (Linux; Android 5.1.1; KFSUWI) AppleWebKit/537.36 (KHTML, like Gecko) Silk/104.3.37 like Chrome/104.0.5112.126 Safari/537.36" "www.ysfine.com"
173.73.77.36 - - [30/Oct/2022:21:57:55 -0700] "GET /world/russ/spbm03b.jpg HTTP/1.1" 200 39569 "https://www.ysfine.com/world/musplace.html" "Mozilla/5.0 (Linux; Android 5.1.1; KFSUWI) AppleWebKit/537.36 (KHTML, like Gecko) Silk/104.3.37 like Chrome/104.0.5112.126 Safari/537.36" "www.ysfine.com"
173.73.77.36 - - [30/Oct/2022:21:57:55 -0700] "GET /world/russ/mosf52b.jpg HTTP/1.1" 200 46452 "https://www.ysfine.com/world/musplace.html" "Mozilla/5.0 (Linux; Android 5.1.1; KFSUWI) AppleWebKit/537.36 (KHTML, like Gecko) Silk/104.3.37 like Chrome/104.0.5112.126 Safari/537.36" "www.ysfine.com"
173.73.77.36 - - [30/Oct/2022:21:57:55 -0700] "GET /world/germany/johannstra11b.jpg HTTP/1.1" 200 50468 "https://www.ysfine.com/world/musplace.html" "Mozilla/5.0 (Linux; Android 5.1.1; KFSUWI) AppleWebKit/537.36 (KHTML, like Gecko) Silk/104.3.37 like Chrome/104.0.5112.126 Safari/537.36" "www.ysfine.com"
173.73.77.36 - - [30/Oct/2022:21:57:55 -0700] "GET /world/germany/dresden01b.jpg HTTP/1.1" 200 27720 "https://www.ysfine.com/world/musplace.html" "Mozilla/5.0 (Linux; Android 5.1.1; KFSUWI) AppleWebKit/537.36 (KHTML, like Gecko) Silk/104.3.37 like Chrome/104.0.5112.126 Safari/537.36" "www.ysfine.com"
173.73.77.36 - - [30/Oct/2022:21:57:55 -0700] "GET /world/germany/berlino04b.jpg HTTP/1.1" 200 41909 "https://www.ysfine.com/world/musplace.html" "Mozilla/5.0 (Linux; Android 5.1.1; KFSUWI) AppleWebKit/537.36 (KHTML, like Gecko) Silk/104.3.37 like Chrome/104.0.5112.126 Safari/537.36" "www.ysfine.com"
173.73.77.36 - - [30/Oct/2022:21:57:55 -0700] "GET /world/germany/dresdenf16b.jpg HTTP/1.1" 200 44293 "https://www.ysfine.com/world/musplace.html" "Mozilla/5.0 (Linux; Android 5.1.1; KFSUWI) AppleWebKit/537.36 (KHTML, like Gecko) Silk/104.3.37 like Chrome/104.0.5112.126 Safari/537.36" "www.ysfine.com"
173.73.77.36 - - [30/Oct/2022:21:57:55 -0700] "GET /world/germany/schonbr02b.jpg HTTP/1.1" 200 45463 "https://www.ysfine.com/world/musplace.html" "Mozilla/5.0 (Linux; Android 5.1.1; KFSUWI) AppleWebKit/537.36 (KHTML, like Gecko) Silk/104.3.37 like Chrome/104.0.5112.126 Safari/537.36" "www.ysfine.com"
173.73.77.36 - - [30/Oct/2022:21:57:55 -0700] "GET /einstein/maxwell55b.jpg HTTP/1.1" 200 36378 "https://www.ysfine.com/world/musplace.html" "Mozilla/5.0 (Linux; Android 5.1.1; KFSUWI) AppleWebKit/537.36 (KHTML, like Gecko) Silk/104.3.37 like Chrome/104.0.5112.126 Safari/537.36" "www.ysfine.com"
173.73.77.36 - - [30/Oct/2022:21:57:55 -0700] "GET /world/germany/johannstra88b.jpg HTTP/1.1" 200 39339 "https://www.ysfine.com/world/musplace.html" "Mozilla/5.0 (Linux; Android 5.1.1; KFSUWI) AppleWebKit/537.36 (KHTML, like Gecko) Silk/104.3.37 like Chrome/104.0.5112.126 Safari/537.36" "www.ysfine.com"
173.73.77.36 - - [30/Oct/2022:21:57:55 -0700] "GET /world/russ/tchaikovhall02b.jpg HTTP/1.1" 200 29193 "https://www.ysfine.com/world/musplace.html" "Mozilla/5.0 (Linux; Android 5.1.1; KFSUWI) AppleWebKit/537.36 (KHTML, like Gecko) Silk/104.3.37 like Chrome/104.0.5112.126 Safari/537.36" "www.ysfine.com"
173.73.77.36 - - [30/Oct/2022:21:57:55 -0700] "GET /style/rieu02b.jpg HTTP/1.1" 200 52217 "https://www.ysfine.com/world/musplace.html" "Mozilla/5.0 (Linux; Android 5.1.1; KFSUWI) AppleWebKit/537.36 (KHTML, like Gecko) Silk/104.3.37 like Chrome/104.0.5112.126 Safari/537.36" "www.ysfine.com"
173.73.77.36 - - [30/Oct/2022:21:57:55 -0700] "GET /style/klauder33b.jpg HTTP/1.1" 200 48434 "https://www.ysfine.com/world/musplace.html" "Mozilla/5.0 (Linux; Android 5.1.1; KFSUWI) AppleWebKit/537.36 (KHTML, like Gecko) Silk/104.3.37 like Chrome/104.0.5112.126 Safari/537.36" "www.ysfine.com"
173.73.77.36 - - [30/Oct/2022:21:57:55 -0700] "GET /world/russ/spbm07b.jpg HTTP/1.1" 200 42946 "https://www.ysfine.com/world/musplace.html" "Mozilla/5.0 (Linux; Android 5.1.1; KFSUWI) AppleWebKit/537.36 (KHTML, like Gecko) Silk/104.3.37 like Chrome/104.0.5112.126 Safari/537.36" "www.ysfine.com"
173.73.77.36 - - [30/Oct/2022:21:57:55 -0700] "GET /world/russ/spbm02b.jpg HTTP/1.1" 200 48172 "https://www.ysfine.com/world/musplace.html" "Mozilla/5.0 (Linux; Android 5.1.1; KFSUWI) AppleWebKit/537.36 (KHTML, like Gecko) Silk/104.3.37 like Chrome/104.0.5112.126 Safari/537.36" "www.ysfine.com"
173.73.77.36 - - [30/Oct/2022:21:57:55 -0700] "GET /world/germany/berlino15b.jpg HTTP/1.1" 200 37409 "https://www.ysfine.com/world/musplace.html" "Mozilla/5.0 (Linux; Android 5.1.1; KFSUWI) AppleWebKit/537.36 (KHTML, like Gecko) Silk/104.3.37 like Chrome/104.0.5112.126 Safari/537.36" "www.ysfine.com"
173.73.77.36 - - [30/Oct/2022:21:57:55 -0700] "GET /world/ital/rome171b.jpg HTTP/1.1" 200 42145 "https://www.ysfine.com/world/musplace.html" "Mozilla/5.0 (Linux; Android 5.1.1; KFSUWI) AppleWebKit/537.36 (KHTML, like Gecko) Silk/104.3.37 like Chrome/104.0.5112.126 Safari/537.36" "www.ysfine.com"
173.73.77.36 - - [30/Oct/2022:21:57:55 -0700] "GET /ffriends/amkor/koharp05b.jpg HTTP/1.1" 200 55326 "https://www.ysfine.com/world/musplace.html" "Mozilla/5.0 (Linux; Android 5.1.1; KFSUWI) AppleWebKit/537.36 (KHTML, like Gecko) Silk/104.3.37 like Chrome/104.0.5112.126 Safari/537.36" "www.ysfine.com"
173.73.77.36 - - [30/Oct/2022:21:57:55 -0700] "GET /world/germany/dresdenf01b.jpg HTTP/1.1" 200 31080 "https://www.ysfine.com/world/musplace.html" "Mozilla/5.0 (Linux; Android 5.1.1; KFSUWI) AppleWebKit/537.36 (KHTML, like Gecko) Silk/104.3.37 like Chrome/104.0.5112.126 Safari/537.36" "www.ysfine.com"
173.73.77.36 - - [30/Oct/2022:21:57:55 -0700] "GET /usca/pitt/syriamos11b.jpg HTTP/1.1" 200 28006 "https://www.ysfine.com/world/musplace.html" "Mozilla/5.0 (Linux; Android 5.1.1; KFSUWI) AppleWebKit/537.36 (KHTML, like Gecko) Silk/104.3.37 like Chrome/104.0.5112.126 Safari/537.36" "www.ysfine.com"
173.73.77.36 - - [30/Oct/2022:21:57:55 -0700] "GET /world/germany/franko22b.jpg HTTP/1.1" 200 43358 "https://www.ysfine.com/world/musplace.html" "Mozilla/5.0 (Linux; Android 5.1.1; KFSUWI) AppleWebKit/537.36 (KHTML, like Gecko) Silk/104.3.37 like Chrome/104.0.5112.126 Safari/537.36" "www.ysfine.com"
173.73.77.36 - - [30/Oct/2022:21:57:55 -0700] "GET /world/hungary/liszt02b.jpg HTTP/1.1" 200 62590 "https://www.ysfine.com/world/musplace.html" "Mozilla/5.0 (Linux; Android 5.1.1; KFSUWI) AppleWebKit/537.36 (KHTML, like Gecko) Silk/104.3.37 like Chrome/104.0.5112.126 Safari/537.36" "www.ysfine.com"
173.73.77.36 - - [30/Oct/2022:21:57:55 -0700] "GET /world/germany/berlino12b.jpg HTTP/1.1" 200 31685 "https://www.ysfine.com/world/musplace.html" "Mozilla/5.0 (Linux; Android 5.1.1; KFSUWI) AppleWebKit/537.36 (KHTML, like Gecko) Silk/104.3.37 like Chrome/104.0.5112.126 Safari/537.36" "www.ysfine.com"
173.73.77.36 - - [30/Oct/2022:21:57:55 -0700] "GET /style/palmusic44b.jpg HTTP/1.1" 200 37655 "https://www.ysfine.com/world/musplace.html" "Mozilla/5.0 (Linux; Android 5.1.1; KFSUWI) AppleWebKit/537.36 (KHTML, like Gecko) Silk/104.3.37 like Chrome/104.0.5112.126 Safari/537.36" "www.ysfine.com"
173.73.77.36 - - [30/Oct/2022:21:57:55 -0700] "GET /world/germany/salzm05b.jpg HTTP/1.1" 200 52328 "https://www.ysfine.com/world/musplace.html" "Mozilla/5.0 (Linux; Android 5.1.1; KFSUWI) AppleWebKit/537.36 (KHTML, like Gecko) Silk/104.3.37 like Chrome/104.0.5112.126 Safari/537.36" "www.ysfine.com"
173.73.77.36 - - [30/Oct/2022:21:57:55 -0700] "GET /world/germany/nurem03b.jpg HTTP/1.1" 200 53783 "https://www.ysfine.com/world/musplace.html" "Mozilla/5.0 (Linux; Android 5.1.1; KFSUWI) AppleWebKit/537.36 (KHTML, like Gecko) Silk/104.3.37 like Chrome/104.0.5112.126 Safari/537.36" "www.ysfine.com"
173.73.77.36 - - [30/Oct/2022:21:57:55 -0700] "GET /style/sydneyo22b.jpg HTTP/1.1" 200 67719 "https://www.ysfine.com/world/musplace.html" "Mozilla/5.0 (Linux; Android 5.1.1; KFSUWI) AppleWebKit/537.36 (KHTML, like Gecko) Silk/104.3.37 like Chrome/104.0.5112.126 Safari/537.36" "www.ysfine.com"
173.73.77.36 - - [30/Oct/2022:21:57:55 -0700] "GET /world/germany/franko11b.jpg HTTP/1.1" 200 37524 "https://www.ysfine.com/world/musplace.html" "Mozilla/5.0 (Linux; Android 5.1.1; KFSUWI) AppleWebKit/537.36 (KHTML, like Gecko) Silk/104.3.37 like Chrome/104.0.5112.126 Safari/537.36" "www.ysfine.com"
173.73.77.36 - - [30/Oct/2022:21:57:55 -0700] "GET /style/kirovken22b.jpg HTTP/1.1" 200 36856 "https://www.ysfine.com/world/musplace.html" "Mozilla/5.0 (Linux; Android 5.1.1; KFSUWI) AppleWebKit/537.36 (KHTML, like Gecko) Silk/104.3.37 like Chrome/104.0.5112.126 Safari/537.36" "www.ysfine.com"
173.73.77.36 - - [30/Oct/2022:21:57:55 -0700] "GET /wdc/dar11b.jpg HTTP/1.1" 200 37978 "https://www.ysfine.com/world/musplace.html" "Mozilla/5.0 (Linux; Android 5.1.1; KFSUWI) AppleWebKit/537.36 (KHTML, like Gecko) Silk/104.3.37 like Chrome/104.0.5112.126 Safari/537.36" "www.ysfine.com"
173.73.77.36 - - [30/Oct/2022:21:57:55 -0700] "GET /style/swanlake2.jpg HTTP/1.1" 200 28176 "https://www.ysfine.com/world/musplace.html" "Mozilla/5.0 (Linux; Android 5.1.1; KFSUWI) AppleWebKit/537.36 (KHTML, like Gecko) Silk/104.3.37 like Chrome/104.0.5112.126 Safari/537.36" "www.ysfine.com"
173.73.77.36 - - [30/Oct/2022:21:57:55 -0700] "GET /style/trouba11b.jpg HTTP/1.1" 200 33528 "https://www.ysfine.com/world/musplace.html" "Mozilla/5.0 (Linux; Android 5.1.1; KFSUWI) AppleWebKit/537.36 (KHTML, like Gecko) Silk/104.3.37 like Chrome/104.0.5112.126 Safari/537.36" "www.ysfine.com"
173.73.77.36 - - [30/Oct/2022:21:57:55 -0700] "GET /style/gaya03b.jpg HTTP/1.1" 200 51889 "https://www.ysfine.com/world/musplace.html" "Mozilla/5.0 (Linux; Android 5.1.1; KFSUWI) AppleWebKit/537.36 (KHTML, like Gecko) Silk/104.3.37 like Chrome/104.0.5112.126 Safari/537.36" "www.ysfine.com"
173.73.77.36 - - [30/Oct/2022:21:57:55 -0700] "GET /world/france/pariso15b.jpg HTTP/1.1" 200 37033 "https://www.ysfine.com/world/musplace.html" "Mozilla/5.0 (Linux; Android 5.1.1; KFSUWI) AppleWebKit/537.36 (KHTML, like Gecko) Silk/104.3.37 like Chrome/104.0.5112.126 Safari/537.36" "www.ysfine.com"
173.73.77.36 - - [30/Oct/2022:21:57:55 -0700] "GET /style/rigaopera11b.jpg HTTP/1.1" 200 40758 "https://www.ysfine.com/world/musplace.html" "Mozilla/5.0 (Linux; Android 5.1.1; KFSUWI) AppleWebKit/537.36 (KHTML, like Gecko) Silk/104.3.37 like Chrome/104.0.5112.126 Safari/537.36" "www.ysfine.com"
173.73.77.36 - - [30/Oct/2022:21:57:55 -0700] "GET /style/yerevano33b.jpg HTTP/1.1" 200 44635 "https://www.ysfine.com/world/musplace.html" "Mozilla/5.0 (Linux; Android 5.1.1; KFSUWI) AppleWebKit/537.36 (KHTML, like Gecko) Silk/104.3.37 like Chrome/104.0.5112.126 Safari/537.36" "www.ysfine.com"
173.73.77.36 - - [30/Oct/2022:21:57:55 -0700] "GET /world/brit/covent07b.jpg HTTP/1.1" 200 48899 "https://www.ysfine.com/world/musplace.html" "Mozilla/5.0 (Linux; Android 5.1.1; KFSUWI) AppleWebKit/537.36 (KHTML, like Gecko) Silk/104.3.37 like Chrome/104.0.5112.126 Safari/537.36" "www.ysfine.com"
173.73.77.36 - - [30/Oct/2022:21:57:55 -0700] "GET /world/brit/covent01b.jpg HTTP/1.1" 200 31592 "https://www.ysfine.com/world/musplace.html" "Mozilla/5.0 (Linux; Android 5.1.1; KFSUWI) AppleWebKit/537.36 (KHTML, like Gecko) Silk/104.3.37 like Chrome/104.0.5112.126 Safari/537.36" "www.ysfine.com"
173.73.77.36 - - [30/Oct/2022:21:57:55 -0700] "GET /world/germany/johannstra77b.jpg HTTP/1.1" 200 39575 "https://www.ysfine.com/world/musplace.html" "Mozilla/5.0 (Linux; Android 5.1.1; KFSUWI) AppleWebKit/537.36 (KHTML, like Gecko) Silk/104.3.37 like Chrome/104.0.5112.126 Safari/537.36" "www.ysfine.com"
173.73.77.36 - - [30/Oct/2022:21:57:55 -0700] "GET /world/hungary/hunband01b.jpg HTTP/1.1" 200 46280 "https://www.ysfine.com/world/musplace.html" "Mozilla/5.0 (Linux; Android 5.1.1; KFSUWI) AppleWebKit/537.36 (KHTML, like Gecko) Silk/104.3.37 like Chrome/104.0.5112.126 Safari/537.36" "www.ysfine.com"
173.73.77.36 - - [30/Oct/2022:21:57:55 -0700] "GET /style/kievopera44b.jpg HTTP/1.1" 200 38813 "https://www.ysfine.com/world/musplace.html" "Mozilla/5.0 (Linux; Android 5.1.1; KFSUWI) AppleWebKit/537.36 (KHTML, like Gecko) Silk/104.3.37 like Chrome/104.0.5112.126 Safari/537.36" "www.ysfine.com"
173.73.77.36 - - [30/Oct/2022:21:57:55 -0700] "GET /style/owaves2.jpg HTTP/1.1" 200 55324 "https://www.ysfine.com/world/musplace.html" "Mozilla/5.0 (Linux; Android 5.1.1; KFSUWI) AppleWebKit/537.36 (KHTML, like Gecko) Silk/104.3.37 like Chrome/104.0.5112.126 Safari/537.36" "www.ysfine.com"
173.73.77.36 - - [30/Oct/2022:21:57:55 -0700] "GET /world/russ/mosmusic18b.jpg HTTP/1.1" 200 51573 "https://www.ysfine.com/world/musplace.html" "Mozilla/5.0 (Linux; Android 5.1.1; KFSUWI) AppleWebKit/537.36 (KHTML, like Gecko) Silk/104.3.37 like Chrome/104.0.5112.126 Safari/537.36" "www.ysfine.com"
173.73.77.36 - - [30/Oct/2022:21:57:55 -0700] "GET /world/ital/lascala05b.jpg HTTP/1.1" 200 35719 "https://www.ysfine.com/world/musplace.html" "Mozilla/5.0 (Linux; Android 5.1.1; KFSUWI) AppleWebKit/537.36 (KHTML, like Gecko) Silk/104.3.37 like Chrome/104.0.5112.126 Safari/537.36" "www.ysfine.com"
173.73.77.36 - - [30/Oct/2022:21:57:55 -0700] "GET /style/lincolnc22b.jpg HTTP/1.1" 200 47769 "https://www.ysfine.com/world/musplace.html" "Mozilla/5.0 (Linux; Android 5.1.1; KFSUWI) AppleWebKit/537.36 (KHTML, like Gecko) Silk/104.3.37 like Chrome/104.0.5112.126 Safari/537.36" "www.ysfine.com"
173.73.77.36 - - [30/Oct/2022:21:57:55 -0700] "GET /style/kievopera77b.jpg HTTP/1.1" 200 43046 "https://www.ysfine.com/world/musplace.html" "Mozilla/5.0 (Linux; Android 5.1.1; KFSUWI) AppleWebKit/537.36 (KHTML, like Gecko) Silk/104.3.37 like Chrome/104.0.5112.126 Safari/537.36" "www.ysfine.com"
173.73.77.36 - - [30/Oct/2022:21:57:55 -0700] "GET /wdc/kennedyc05b.jpg HTTP/1.1" 200 26902 "https://www.ysfine.com/world/musplace.html" "Mozilla/5.0 (Linux; Android 5.1.1; KFSUWI) AppleWebKit/537.36 (KHTML, like Gecko) Silk/104.3.37 like Chrome/104.0.5112.126 Safari/537.36" "www.ysfine.com"
173.73.77.36 - - [30/Oct/2022:21:57:55 -0700] "GET /style/flamen2.jpg HTTP/1.1" 200 46908 "https://www.ysfine.com/world/musplace.html" "Mozilla/5.0 (Linux; Android 5.1.1; KFSUWI) AppleWebKit/537.36 (KHTML, like Gecko) Silk/104.3.37 like Chrome/104.0.5112.126 Safari/537.36" "www.ysfine.com"
173.73.77.36 - - [30/Oct/2022:21:57:55 -0700] "GET /world/ital/lascala01b.jpg HTTP/1.1" 200 37072 "https://www.ysfine.com/world/musplace.html" "Mozilla/5.0 (Linux; Android 5.1.1; KFSUWI) AppleWebKit/537.36 (KHTML, like Gecko) Silk/104.3.37 like Chrome/104.0.5112.126 Safari/537.36" "www.ysfine.com"
173.73.77.36 - - [30/Oct/2022:21:57:55 -0700] "GET /style/alexandrov11b.jpg HTTP/1.1" 200 49523 "https://www.ysfine.com/world/musplace.html" "Mozilla/5.0 (Linux; Android 5.1.1; KFSUWI) AppleWebKit/537.36 (KHTML, like Gecko) Silk/104.3.37 like Chrome/104.0.5112.126 Safari/537.36" "www.ysfine.com"
173.73.77.36 - - [30/Oct/2022:21:57:55 -0700] "GET /world/germany/hofbrau33b.jpg HTTP/1.1" 200 51219 "https://www.ysfine.com/world/musplace.html" "Mozilla/5.0 (Linux; Android 5.1.1; KFSUWI) AppleWebKit/537.36 (KHTML, like Gecko) Silk/104.3.37 like Chrome/104.0.5112.126 Safari/537.36" "www.ysfine.com"
173.73.77.36 - - [30/Oct/2022:21:57:55 -0700] "GET /world/ital/rome174b.jpg HTTP/1.1" 200 48574 "https://www.ysfine.com/world/musplace.html" "Mozilla/5.0 (Linux; Android 5.1.1; KFSUWI) AppleWebKit/537.36 (KHTML, like Gecko) Silk/104.3.37 like Chrome/104.0.5112.126 Safari/537.36" "www.ysfine.com"
173.73.77.36 - - [30/Oct/2022:21:57:55 -0700] "GET /world/france/pariso01b.jpg HTTP/1.1" 200 35581 "https://www.ysfine.com/world/musplace.html" "Mozilla/5.0 (Linux; Android 5.1.1; KFSUWI) AppleWebKit/537.36 (KHTML, like Gecko) Silk/104.3.37 like Chrome/104.0.5112.126 Safari/537.36" "www.ysfine.com"
173.73.77.36 - - [30/Oct/2022:21:57:55 -0700] "GET /world/germany/hofbrau44b.jpg HTTP/1.1" 200 40073 "https://www.ysfine.com/world/musplace.html" "Mozilla/5.0 (Linux; Android 5.1.1; KFSUWI) AppleWebKit/537.36 (KHTML, like Gecko) Silk/104.3.37 like Chrome/104.0.5112.126 Safari/537.36" "www.ysfine.com"
40.77.167.71 - - [30/Oct/2022:21:58:11 -0700] "GET /bio/style/ystyle.html HTTP/1.1" 404 88 "-" "Mozilla/5.0 (compatible; bingbot/2.0; +http://www.bing.com/bingbot.htm)" "ysfine.com"
5.161.61.50 - - [30/Oct/2022:21:58:13 -0700] "GET /kobak/sebiro.html HTTP/1.1" 200 8966 "-" "Mozilla/5.0 (Windows NT 10.0; Win64; x64) AppleWebKit/537.36 (KHTML, like Gecko) Chrome/84.0.4147.105 Safari/537.36" "ysfine.com"
115.164.203.71 - - [30/Oct/2022:21:58:40 -0700] "GET /kobak/1014c.jpg HTTP/1.1" 200 164928 "https://www.google.com/" "Mozilla/5.0 (Linux; Android 12; RMX3491 Build/RKQ1.211119.001; wv) AppleWebKit/537.36 (KHTML, like Gecko) Version/4.0 Chrome/104.0.5112.97 Mobile Safari/537.36 GoogleApp/13.34.12.26.arm64" "ysfine.com"
207.46.13.104 - - [30/Oct/2022:22:00:02 -0700] "GET /bio/world/index.html HTTP/1.1" 404 88 "-" "Mozilla/5.0 AppleWebKit/537.36 (KHTML, like Gecko; compatible; bingbot/2.0; +http://www.bing.com/bingbot.htm) Chrome/103.0.5060.134 Safari/537.36" "ysfine.com"
51.222.253.15 - - [30/Oct/2022:22:00:05 -0700] "GET /ysbio/folks/uscan.html HTTP/1.1" 200 18155 "-" "Mozilla/5.0 (compatible; AhrefsBot/7.0; +http://ahrefs.com/robot/)" "ysfine.com"
40.77.167.71 - - [30/Oct/2022:22:00:51 -0700] "GET /bio/feynman/fphoto.html HTTP/1.1" 404 88 "-" "Mozilla/5.0 AppleWebKit/537.36 (KHTML, like Gecko; compatible; bingbot/2.0; +http://www.bing.com/bingbot.htm) Chrome/103.0.5060.134 Safari/537.36" "ysfine.com"
115.27.200.77 - - [30/Oct/2022:22:01:22 -0700] "GET /dirac/dirosc.pdf HTTP/1.1" 200 41985 "https://www.google.com/" "Mozilla/5.0 (Windows NT 10.0; Win64; x64) AppleWebKit/537.36 (KHTML, like Gecko) Chrome/106.0.0.0 Safari/537.36" "ysfine.com"
115.27.200.77 - - [30/Oct/2022:22:01:23 -0700] "GET /favicon.ico HTTP/1.1" 404 88 "https://ysfine.com/dirac/dirosc.pdf" "Mozilla/5.0 (Windows NT 10.0; Win64; x64) AppleWebKit/537.36 (KHTML, like Gecko) Chrome/106.0.0.0 Safari/537.36" "ysfine.com"
216.244.66.229 - - [30/Oct/2022:22:01:35 -0700] "GET /robots.txt HTTP/1.1" 404 73 "-" "Mozilla/5.0 (compatible; DotBot/1.2; +https://opensiteexplorer.org/dotbot; help@moz.com)" "www.ysfine.com"
157.55.39.113 - - [30/Oct/2022:22:02:26 -0700] "GET /ysbio/bio05 HTTP/1.1" 200 14660 "-" "Mozilla/5.0 AppleWebKit/537.36 (KHTML, like Gecko; compatible; bingbot/2.0; +http://www.bing.com/bingbot.htm) Chrome/103.0.5060.134 Safari/537.36" "ysfine.com"
173.73.77.36 - - [30/Oct/2022:22:02:32 -0700] "GET /wigner/wigbot.html HTTP/1.1" 200 123 "-" "Mozilla/5.0 (Linux; Android 5.1.1; KFSUWI) AppleWebKit/537.36 (KHTML, like Gecko) Silk/104.3.37 like Chrome/104.0.5112.126 Safari/537.36" "www.ysfine.com"
173.73.77.36 - - [30/Oct/2022:22:02:32 -0700] "GET /wigner/wigrigh.html HTTP/1.1" 200 2476 "https://www.ysfine.com/wigner/wigbot.html" "Mozilla/5.0 (Linux; Android 5.1.1; KFSUWI) AppleWebKit/537.36 (KHTML, like Gecko) Silk/104.3.37 like Chrome/104.0.5112.126 Safari/537.36" "www.ysfine.com"
173.73.77.36 - - [30/Oct/2022:22:02:32 -0700] "GET /wigner/wigleft.html HTTP/1.1" 200 659 "https://www.ysfine.com/wigner/wigbot.html" "Mozilla/5.0 (Linux; Android 5.1.1; KFSUWI) AppleWebKit/537.36 (KHTML, like Gecko) Silk/104.3.37 like Chrome/104.0.5112.126 Safari/537.36" "www.ysfine.com"
173.73.77.36 - - [30/Oct/2022:22:02:33 -0700] "GET /princeton/sbt11b.jpg HTTP/1.1" 200 25236 "https://www.ysfine.com/wigner/wigrigh.html" "Mozilla/5.0 (Linux; Android 5.1.1; KFSUWI) AppleWebKit/537.36 (KHTML, like Gecko) Silk/104.3.37 like Chrome/104.0.5112.126 Safari/537.36" "www.ysfine.com"
173.73.77.36 - - [30/Oct/2022:22:02:33 -0700] "GET /wigner/wigkim22b.jpg HTTP/1.1" 200 33880 "https://www.ysfine.com/wigner/wigrigh.html" "Mozilla/5.0 (Linux; Android 5.1.1; KFSUWI) AppleWebKit/537.36 (KHTML, like Gecko) Silk/104.3.37 like Chrome/104.0.5112.126 Safari/537.36" "www.ysfine.com"
173.73.77.36 - - [30/Oct/2022:22:02:33 -0700] "GET /wigner/isomor66b.jpg HTTP/1.1" 200 60963 "https://www.ysfine.com/wigner/wigrigh.html" "Mozilla/5.0 (Linux; Android 5.1.1; KFSUWI) AppleWebKit/537.36 (KHTML, like Gecko) Silk/104.3.37 like Chrome/104.0.5112.126 Safari/537.36" "www.ysfine.com"
173.73.77.36 - - [30/Oct/2022:22:02:33 -0700] "GET /favicon.ico HTTP/1.1" 404 88 "https://www.ysfine.com/wigner/wigbot.html" "Mozilla/5.0 (Linux; Android 5.1.1; KFSUWI) AppleWebKit/537.36 (KHTML, like Gecko) Silk/104.3.37 like Chrome/104.0.5112.126 Safari/537.36" "www.ysfine.com"
173.73.77.36 - - [30/Oct/2022:22:02:44 -0700] "GET /style/bstring.html HTTP/1.1" 200 901 "-" "Mozilla/5.0 (Linux; Android 5.1.1; KFSUWI) AppleWebKit/537.36 (KHTML, like Gecko) Silk/104.3.37 like Chrome/104.0.5112.126 Safari/537.36" "www.ysfine.com"
173.73.77.36 - - [30/Oct/2022:22:02:59 -0700] "GET /dirac/wigsis.html HTTP/1.1" 200 10275 "-" "Mozilla/5.0 (Linux; Android 5.1.1; KFSUWI) AppleWebKit/537.36 (KHTML, like Gecko) Silk/104.3.37 like Chrome/104.0.5112.126 Safari/537.36" "www.ysfine.com"
173.73.77.36 - - [30/Oct/2022:22:02:59 -0700] "GET /dirac/wigsis22.jpg HTTP/1.1" 200 39975 "https://www.ysfine.com/dirac/wigsis.html" "Mozilla/5.0 (Linux; Android 5.1.1; KFSUWI) AppleWebKit/537.36 (KHTML, like Gecko) Silk/104.3.37 like Chrome/104.0.5112.126 Safari/537.36" "www.ysfine.com"
173.73.77.36 - - [30/Oct/2022:22:02:59 -0700] "GET /dirac/dirac63b.jpg HTTP/1.1" 200 41617 "https://www.ysfine.com/dirac/wigsis.html" "Mozilla/5.0 (Linux; Android 5.1.1; KFSUWI) AppleWebKit/537.36 (KHTML, like Gecko) Silk/104.3.37 like Chrome/104.0.5112.126 Safari/537.36" "www.ysfine.com"
173.73.77.36 - - [30/Oct/2022:22:02:59 -0700] "GET /princeton/annex11b.jpg HTTP/1.1" 200 39639 "https://www.ysfine.com/dirac/wigsis.html" "Mozilla/5.0 (Linux; Android 5.1.1; KFSUWI) AppleWebKit/537.36 (KHTML, like Gecko) Silk/104.3.37 like Chrome/104.0.5112.126 Safari/537.36" "www.ysfine.com"
173.73.77.36 - - [30/Oct/2022:22:02:59 -0700] "GET /dirac/dirwig33b.jpg HTTP/1.1" 200 11663 "https://www.ysfine.com/dirac/wigsis.html" "Mozilla/5.0 (Linux; Android 5.1.1; KFSUWI) AppleWebKit/537.36 (KHTML, like Gecko) Silk/104.3.37 like Chrome/104.0.5112.126 Safari/537.36" "www.ysfine.com"
173.73.77.36 - - [30/Oct/2022:22:02:59 -0700] "GET /dirac/hazi22.jpg HTTP/1.1" 200 37344 "https://www.ysfine.com/dirac/wigsis.html" "Mozilla/5.0 (Linux; Android 5.1.1; KFSUWI) AppleWebKit/537.36 (KHTML, like Gecko) Silk/104.3.37 like Chrome/104.0.5112.126 Safari/537.36" "www.ysfine.com"
173.73.77.36 - - [30/Oct/2022:22:02:59 -0700] "GET /feynman/feydirac270.jpg HTTP/1.1" 200 59000 "https://www.ysfine.com/dirac/wigsis.html" "Mozilla/5.0 (Linux; Android 5.1.1; KFSUWI) AppleWebKit/537.36 (KHTML, like Gecko) Silk/104.3.37 like Chrome/104.0.5112.126 Safari/537.36" "www.ysfine.com"
173.73.77.36 - - [30/Oct/2022:22:02:59 -0700] "GET /world/poland/jablo19b.jpg HTTP/1.1" 200 49913 "https://www.ysfine.com/dirac/wigsis.html" "Mozilla/5.0 (Linux; Android 5.1.1; KFSUWI) AppleWebKit/537.36 (KHTML, like Gecko) Silk/104.3.37 like Chrome/104.0.5112.126 Safari/537.36" "www.ysfine.com"
173.73.77.36 - - [30/Oct/2022:22:02:59 -0700] "GET /dirac/jablo62b.jpg HTTP/1.1" 200 42817 "https://www.ysfine.com/dirac/wigsis.html" "Mozilla/5.0 (Linux; Android 5.1.1; KFSUWI) AppleWebKit/537.36 (KHTML, like Gecko) Silk/104.3.37 like Chrome/104.0.5112.126 Safari/537.36" "www.ysfine.com"
173.73.77.36 - - [30/Oct/2022:22:02:59 -0700] "GET /world/poland/jablo08b.jpg HTTP/1.1" 200 42070 "https://www.ysfine.com/dirac/wigsis.html" "Mozilla/5.0 (Linux; Android 5.1.1; KFSUWI) AppleWebKit/537.36 (KHTML, like Gecko) Silk/104.3.37 like Chrome/104.0.5112.126 Safari/537.36" "www.ysfine.com"
173.73.77.36 - - [30/Oct/2022:22:02:59 -0700] "GET /world/poland/jablo20b.jpg HTTP/1.1" 200 41339 "https://www.ysfine.com/dirac/wigsis.html" "Mozilla/5.0 (Linux; Android 5.1.1; KFSUWI) AppleWebKit/537.36 (KHTML, like Gecko) Silk/104.3.37 like Chrome/104.0.5112.126 Safari/537.36" "www.ysfine.com"
173.73.77.36 - - [30/Oct/2022:22:02:59 -0700] "GET /dirac/dirac84b.jpg HTTP/1.1" 200 42763 "https://www.ysfine.com/dirac/wigsis.html" "Mozilla/5.0 (Linux; Android 5.1.1; KFSUWI) AppleWebKit/537.36 (KHTML, like Gecko) Silk/104.3.37 like Chrome/104.0.5112.126 Safari/537.36" "www.ysfine.com"
173.73.77.36 - - [30/Oct/2022:22:02:59 -0700] "GET /dirac/michaels22.jpg HTTP/1.1" 200 47473 "https://www.ysfine.com/dirac/wigsis.html" "Mozilla/5.0 (Linux; Android 5.1.1; KFSUWI) AppleWebKit/537.36 (KHTML, like Gecko) Silk/104.3.37 like Chrome/104.0.5112.126 Safari/537.36" "www.ysfine.com"
173.73.77.36 - - [30/Oct/2022:22:02:59 -0700] "GET /world/poland/jablo01b.jpg HTTP/1.1" 200 39801 "https://www.ysfine.com/dirac/wigsis.html" "Mozilla/5.0 (Linux; Android 5.1.1; KFSUWI) AppleWebKit/537.36 (KHTML, like Gecko) Silk/104.3.37 like Chrome/104.0.5112.126 Safari/537.36" "www.ysfine.com"
173.73.77.36 - - [30/Oct/2022:22:02:59 -0700] "GET /kobak/nicodem11b.jpg HTTP/1.1" 200 79065 "https://www.ysfine.com/dirac/wigsis.html" "Mozilla/5.0 (Linux; Android 5.1.1; KFSUWI) AppleWebKit/537.36 (KHTML, like Gecko) Silk/104.3.37 like Chrome/104.0.5112.126 Safari/537.36" "www.ysfine.com"
173.73.77.36 - - [30/Oct/2022:22:02:59 -0700] "GET /dirac/dirackim6201.jpg HTTP/1.1" 200 51283 "https://www.ysfine.com/dirac/wigsis.html" "Mozilla/5.0 (Linux; Android 5.1.1; KFSUWI) AppleWebKit/537.36 (KHTML, like Gecko) Silk/104.3.37 like Chrome/104.0.5112.126 Safari/537.36" "www.ysfine.com"
173.73.77.36 - - [30/Oct/2022:22:02:59 -0700] "GET /dirac/dirackim6202.jpg HTTP/1.1" 200 51465 "https://www.ysfine.com/dirac/wigsis.html" "Mozilla/5.0 (Linux; Android 5.1.1; KFSUWI) AppleWebKit/537.36 (KHTML, like Gecko) Silk/104.3.37 like Chrome/104.0.5112.126 Safari/537.36" "www.ysfine.com"
173.73.77.36 - - [30/Oct/2022:22:02:59 -0700] "GET /dirac/hyperell2.jpg HTTP/1.1" 200 29858 "https://www.ysfine.com/dirac/wigsis.html" "Mozilla/5.0 (Linux; Android 5.1.1; KFSUWI) AppleWebKit/537.36 (KHTML, like Gecko) Silk/104.3.37 like Chrome/104.0.5112.126 Safari/537.36" "www.ysfine.com"
173.73.77.36 - - [30/Oct/2022:22:02:59 -0700] "GET /dirac/dirackn33b.jpg HTTP/1.1" 200 48200 "https://www.ysfine.com/dirac/wigsis.html" "Mozilla/5.0 (Linux; Android 5.1.1; KFSUWI) AppleWebKit/537.36 (KHTML, like Gecko) Silk/104.3.37 like Chrome/104.0.5112.126 Safari/537.36" "www.ysfine.com"
73.44.193.30 - - [30/Oct/2022:22:03:29 -0700] "GET /princeton/withers01.jpg HTTP/1.1" 200 113946 "https://www.google.com/" "Mozilla/5.0 (Windows NT 10.0; Win64; x64) AppleWebKit/537.36 (KHTML, like Gecko) Chrome/106.0.0.0 Safari/537.36" "ysfine.com"
157.55.39.14 - - [30/Oct/2022:22:03:57 -0700] "GET /bio/einstein/bern.html HTTP/1.1" 404 88 "-" "Mozilla/5.0 (compatible; bingbot/2.0; +http://www.bing.com/bingbot.htm)" "ysfine.com"
65.108.128.54 - - [30/Oct/2022:22:04:30 -0700] "GET /robots.txt HTTP/1.1" 404 73 "-" "Mozilla/5.0 (compatible; MJ12bot/v1.4.8; http://mj12bot.com/)" "www.ysfine.com"
65.108.128.54 - - [30/Oct/2022:22:04:32 -0700] "GET /world/berlin.html HTTP/1.1" 200 16173 "-" "Mozilla/5.0 (compatible; MJ12bot/v1.4.8; http://mj12bot.com/)" "www.ysfine.com"
65.108.128.54 - - [30/Oct/2022:22:04:34 -0700] "GET /world/germany/berlin021.jpg HTTP/1.1" 200 106691 "-" "Mozilla/5.0 (compatible; MJ12bot/v1.4.8; http://mj12bot.com/)" "www.ysfine.com"
107.167.39.210 - - [30/Oct/2022:22:05:51 -0700] "GET /data/admin/allowurl.txt HTTP/1.1" 404 88 "-" "Mozilla/5.0 (Windows NT 10.0; WOW64; rv:48.0) Gecko/20100101 Firefox/48.0" "ysfine.com"
77.88.5.237 - - [30/Oct/2022:22:06:40 -0700] "GET /archives/proceedings/boston/jakob.pdf HTTP/1.1" 200 1126970 "-" "Mozilla/5.0 (compatible; YandexBot/3.0; +http://yandex.com/bots)" "www.ysfine.com"
216.244.66.229 - - [30/Oct/2022:22:06:50 -0700] "GET /ffriends/armenjeru01.jpg HTTP/1.1" 200 235297 "-" "Mozilla/5.0 (compatible; DotBot/1.2; +https://opensiteexplorer.org/dotbot; help@moz.com)" "www.ysfine.com"
216.244.66.229 - - [30/Oct/2022:22:07:15 -0700] "GET /ffriends/italprince01.jpg HTTP/1.1" 200 164689 "-" "Mozilla/5.0 (compatible; DotBot/1.2; +https://opensiteexplorer.org/dotbot; help@moz.com)" "www.ysfine.com"
207.46.13.104 - - [30/Oct/2022:22:08:23 -0700] "GET /bio/kobak/yskor.html HTTP/1.1" 404 88 "-" "Mozilla/5.0 (compatible; bingbot/2.0; +http://www.bing.com/bingbot.htm)" "ysfine.com"
216.244.66.229 - - [30/Oct/2022:22:08:29 -0700] "GET /ffriends/amkor/ampitt02.jpg HTTP/1.1" 200 104050 "-" "Mozilla/5.0 (compatible; DotBot/1.2; +https://opensiteexplorer.org/dotbot; help@moz.com)" "www.ysfine.com"
77.88.5.245 - - [30/Oct/2022:22:08:35 -0700] "GET /world/russ/protvi01.jpg HTTP/1.1" 200 102406 "-" "Mozilla/5.0 (compatible; YandexImages/3.0; +http://yandex.com/bots)" "www.ysfine.com"
43.226.30.229 - - [30/Oct/2022:22:08:44 -0700] "GET /wigner/neum/pvn03.jpg HTTP/1.1" 200 83757 "https://www.google.com/" "Mozilla/5.0 (Windows NT 10.0; Win64; x64) AppleWebKit/537.36 (KHTML, like Gecko) Chrome/106.0.0.0 Safari/537.36" "ysfine.com"
216.244.66.229 - - [30/Oct/2022:22:09:04 -0700] "GET /ffriends/amkor/ewha45.jpg HTTP/1.1" 200 112514 "-" "Mozilla/5.0 (compatible; DotBot/1.2; +https://opensiteexplorer.org/dotbot; help@moz.com)" "www.ysfine.com"
40.77.167.27 - - [30/Oct/2022:22:09:29 -0700] "GET /class54/tallm07.pdf HTTP/1.1" 200 6477463 "-" "Mozilla/5.0 (compatible; bingbot/2.0; +http://www.bing.com/bingbot.htm)" "www.ysfine.com"
216.244.66.229 - - [30/Oct/2022:22:09:54 -0700] "GET /ffriends/amkor/jasmilan11.jpg HTTP/1.1" 200 234946 "-" "Mozilla/5.0 (compatible; DotBot/1.2; +https://opensiteexplorer.org/dotbot; help@moz.com)" "www.ysfine.com"
118.184.177.122 - - [30/Oct/2022:22:13:10 -0700] "GET / HTTP/1.1" 200 5283 "-" "Sogou web spider/4.0(+http://www.sogou.com/docs/help/webmasters.htm#07)" "www.ysfine.com"
40.77.167.71 - - [30/Oct/2022:22:13:11 -0700] "GET /bio/style/ystyle.html HTTP/1.1" 404 88 "-" "Mozilla/5.0 AppleWebKit/537.36 (KHTML, like Gecko; compatible; bingbot/2.0; +http://www.bing.com/bingbot.htm) Chrome/103.0.5060.134 Safari/537.36" "ysfine.com"
77.88.5.233 - - [30/Oct/2022:22:13:21 -0700] "GET /kobak/repose.html HTTP/1.1" 200 4578 "-" "Mozilla/5.0 (compatible; YandexBot/3.0; +http://yandex.com/bots)" "www.ysfine.com"
77.88.5.135 - - [30/Oct/2022:22:13:24 -0700] "GET /kobak/repose.html HTTP/1.1" 200 4578 "-" "Mozilla/5.0 (compatible; YandexBot/3.0; +http://yandex.com/bots)" "www.ysfine.com"
66.249.66.40 - - [30/Oct/2022:22:14:33 -0700] "GET /kobak/kwk11.jpg HTTP/1.1" 304 - "-" "Googlebot-Image/1.0" "ysfine.com"
177.225.17.62 - - [30/Oct/2022:22:14:58 -0700] "GET /maga/phil/marxlon01.jpg HTTP/1.1" 200 263404 "https://www.google.com/" "Mozilla/5.0 (Windows NT 10.0; Win64; x64) AppleWebKit/537.36 (KHTML, like Gecko) Chrome/106.0.0.0 Safari/537.36" "ysfine.com"
157.55.39.113 - - [30/Oct/2022:22:15:48 -0700] "GET /ysbio/bio05 HTTP/1.1" 200 14660 "-" "Mozilla/5.0 AppleWebKit/537.36 (KHTML, like Gecko; compatible; bingbot/2.0; +http://www.bing.com/bingbot.htm) Chrome/103.0.5060.134 Safari/537.36" "ysfine.com"
157.55.39.113 - - [30/Oct/2022:22:17:16 -0700] "GET /home/easy.html HTTP/1.1" 200 7877 "-" "Mozilla/5.0 AppleWebKit/537.36 (KHTML, like Gecko; compatible; bingbot/2.0; +http://www.bing.com/bingbot.htm) Chrome/103.0.5060.134 Safari/537.36" "ysfine.com"
40.77.167.27 - - [30/Oct/2022:22:17:21 -0700] "GET /kobak/sebiro.html HTTP/1.1" 200 8966 "-" "Mozilla/5.0 (compatible; bingbot/2.0; +http://www.bing.com/bingbot.htm)" "ysfine.com"
157.55.39.14 - - [30/Oct/2022:22:17:21 -0700] "GET /bio/einstein/bern.html HTTP/1.1" 404 88 "-" "Mozilla/5.0 AppleWebKit/537.36 (KHTML, like Gecko; compatible; bingbot/2.0; +http://www.bing.com/bingbot.htm) Chrome/103.0.5060.134 Safari/537.36" "ysfine.com"
122.173.34.200 - - [30/Oct/2022:22:17:24 -0700] "GET /einstein/places/einha17.jpg HTTP/1.1" 200 76725 "https://www.google.com/" "Mozilla/5.0 (Windows NT 10.0; Win64; x64) AppleWebKit/537.36 (KHTML, like Gecko) Chrome/106.0.0.0 Safari/537.36" "ysfine.com"
40.77.167.71 - - [30/Oct/2022:22:17:25 -0700] "GET /confer/newsgr.html HTTP/1.1" 200 944 "-" "Mozilla/5.0 (compatible; bingbot/2.0; +http://www.bing.com/bingbot.htm)" "ysfine.com"
40.77.167.71 - - [30/Oct/2022:22:17:32 -0700] "GET /bio/world/trier.html HTTP/1.1" 404 88 "-" "Mozilla/5.0 AppleWebKit/537.36 (KHTML, like Gecko; compatible; bingbot/2.0; +http://www.bing.com/bingbot.htm) Chrome/103.0.5060.134 Safari/537.36" "ysfine.com"
122.173.34.200 - - [30/Oct/2022:22:17:36 -0700] "GET /einstein/places/einmu17.jpg HTTP/1.1" 200 67347 "https://www.google.com/" "Mozilla/5.0 (Windows NT 10.0; Win64; x64) AppleWebKit/537.36 (KHTML, like Gecko) Chrome/106.0.0.0 Safari/537.36" "ysfine.com"
207.46.13.104 - - [30/Oct/2022:22:17:53 -0700] "GET /bio/harmoarchi.html HTTP/1.1" 404 88 "-" "Mozilla/5.0 AppleWebKit/537.36 (KHTML, like Gecko; compatible; bingbot/2.0; +http://www.bing.com/bingbot.htm) Chrome/103.0.5060.134 Safari/537.36" "ysfine.com"
173.73.77.36 - - [30/Oct/2022:22:19:45 -0700] "GET /wisdom/korart03b.jpg HTTP/1.1" 200 70101 "-" "Mozilla/5.0 (Windows NT 10.0; Win64; x64; rv:106.0) Gecko/20100101 Firefox/106.0" "ysfine.com"
157.55.39.14 - - [30/Oct/2022:22:21:07 -0700] "GET /bio/einstein/einharmo.html HTTP/1.1" 404 88 "-" "Mozilla/5.0 (compatible; bingbot/2.0; +http://www.bing.com/bingbot.htm)" "ysfine.com"
157.55.39.14 - - [30/Oct/2022:22:21:08 -0700] "GET /ysbio/maga/poincare.html HTTP/1.1" 200 7726 "-" "Mozilla/5.0 AppleWebKit/537.36 (KHTML, like Gecko; compatible; bingbot/2.0; +http://www.bing.com/bingbot.htm) Chrome/103.0.5060.134 Safari/537.36" "ysfine.com"
196.240.143.135 - - [30/Oct/2022:22:22:12 -0700] "GET / HTTP/1.1" 200 5283 "http://ysfine.com" "Mozilla/5.0 (Macintosh; Intel Mac OS X 12_5) AppleWebKit/537.36 (KHTML, like Gecko) Chrome/103.0.0.0 Safari/537.36" "ysfine.com"
196.240.143.135 - - [30/Oct/2022:22:22:18 -0700] "GET /jobs/index.html HTTP/1.1" 200 123 "http://ysfine.com/jobs/index.html" "Mozilla/5.0 (Macintosh; Intel Mac OS X 12_5) AppleWebKit/537.36 (KHTML, like Gecko) Chrome/103.0.0.0 Safari/537.36" "ysfine.com"
196.240.143.135 - - [30/Oct/2022:22:22:22 -0700] "GET /style/stbot.html HTTP/1.1" 200 122 "http://ysfine.com/style/stbot.html" "Mozilla/5.0 (Macintosh; Intel Mac OS X 12_5) AppleWebKit/537.36 (KHTML, like Gecko) Chrome/103.0.0.0 Safari/537.36" "ysfine.com"
196.240.143.135 - - [30/Oct/2022:22:22:25 -0700] "GET /eink/mose.html HTTP/1.1" 200 14315 "http://ysfine.com/eink/mose.html" "Mozilla/5.0 (Macintosh; Intel Mac OS X 12_5) AppleWebKit/537.36 (KHTML, like Gecko) Chrome/103.0.0.0 Safari/537.36" "ysfine.com"
196.240.143.135 - - [30/Oct/2022:22:22:30 -0700] "GET /world/ysworld.html HTTP/1.1" 200 3195 "http://ysfine.com/world/ysworld.html" "Mozilla/5.0 (Macintosh; Intel Mac OS X 12_5) AppleWebKit/537.36 (KHTML, like Gecko) Chrome/103.0.0.0 Safari/537.36" "ysfine.com"
196.240.143.135 - - [30/Oct/2022:22:22:34 -0700] "GET /home/bio.html HTTP/1.1" 404 88 "http://ysfine.com/home/bio.html" "Mozilla/5.0 (Macintosh; Intel Mac OS X 12_5) AppleWebKit/537.36 (KHTML, like Gecko) Chrome/103.0.0.0 Safari/537.36" "ysfine.com"
196.240.143.135 - - [30/Oct/2022:22:22:38 -0700] "GET /princeton/yspr.html HTTP/1.1" 200 5439 "http://ysfine.com/princeton/yspr.html" "Mozilla/5.0 (Macintosh; Intel Mac OS X 12_5) AppleWebKit/537.36 (KHTML, like Gecko) Chrome/103.0.0.0 Safari/537.36" "ysfine.com"
103.221.235.80 - - [30/Oct/2022:22:22:40 -0700] "GET /feynman/fthesis.html HTTP/1.1" 200 144 "http://ysfine.com" "Mozilla/5.0 (Macintosh; Intel Mac OS X 12_5) AppleWebKit/537.36 (KHTML, like Gecko) Chrome/103.0.0.0 Safari/537.36" "ysfine.com"
77.88.5.5 - - [30/Oct/2022:22:23:56 -0700] "GET /robots.txt HTTP/1.1" 404 73 "-" "Mozilla/5.0 (compatible; YandexBot/3.0; +http://yandex.com/bots)" "www.ysfine.com"
77.88.5.233 - - [30/Oct/2022:22:24:00 -0700] "GET /princeton/prince.html HTTP/1.1" 200 2567 "-" "Mozilla/5.0 (compatible; YandexBot/3.0; +http://yandex.com/bots)" "www.ysfine.com"
157.55.39.113 - - [30/Oct/2022:22:24:38 -0700] "GET /bio/internal.html HTTP/1.1" 404 88 "-" "Mozilla/5.0 AppleWebKit/537.36 (KHTML, like Gecko; compatible; bingbot/2.0; +http://www.bing.com/bingbot.htm) Chrome/103.0.5060.134 Safari/537.36" "ysfine.com"
157.55.39.14 - - [30/Oct/2022:22:26:19 -0700] "GET /bio/style/leica.html HTTP/1.1" 404 88 "-" "Mozilla/5.0 AppleWebKit/537.36 (KHTML, like Gecko; compatible; bingbot/2.0; +http://www.bing.com/bingbot.htm) Chrome/103.0.5060.134 Safari/537.36" "ysfine.com"
51.222.253.17 - - [30/Oct/2022:22:26:53 -0700] "GET /dirac/locovar.html HTTP/1.1" 200 3545 "-" "Mozilla/5.0 (compatible; AhrefsBot/7.0; +http://ahrefs.com/robot/)" "ysfine.com"
40.77.167.71 - - [30/Oct/2022:22:26:54 -0700] "GET /bio/style/ystyle.html HTTP/1.1" 404 88 "-" "Mozilla/5.0 AppleWebKit/537.36 (KHTML, like Gecko; compatible; bingbot/2.0; +http://www.bing.com/bingbot.htm) Chrome/103.0.5060.134 Safari/537.36" "ysfine.com"
51.222.253.17 - - [30/Oct/2022:22:27:00 -0700] "GET /dirac/quantum2.jpg HTTP/1.1" 200 28714 "-" "Mozilla/5.0 (compatible; AhrefsBot/7.0; +http://ahrefs.com/robot/)" "ysfine.com"
51.222.253.2 - - [30/Oct/2022:22:27:05 -0700] "GET /dirac/quapa300.jpg HTTP/1.1" 200 21165 "-" "Mozilla/5.0 (compatible; AhrefsBot/7.0; +http://ahrefs.com/robot/)" "ysfine.com"
51.222.253.8 - - [30/Oct/2022:22:27:11 -0700] "GET /dirac/dirac77b.jpg HTTP/1.1" 200 30588 "-" "Mozilla/5.0 (compatible; AhrefsBot/7.0; +http://ahrefs.com/robot/)" "ysfine.com"
40.77.167.27 - - [30/Oct/2022:22:27:12 -0700] "GET /ysbio/wigner/wigner/e(2).html HTTP/1.1" 404 88 "-" "Mozilla/5.0 AppleWebKit/537.36 (KHTML, like Gecko; compatible; bingbot/2.0; +http://www.bing.com/bingbot.htm) Chrome/103.0.5060.134 Safari/537.36" "ysfine.com"
51.222.253.13 - - [30/Oct/2022:22:27:16 -0700] "GET /dirac/licone2.jpg HTTP/1.1" 200 31937 "-" "Mozilla/5.0 (compatible; AhrefsBot/7.0; +http://ahrefs.com/robot/)" "ysfine.com"
51.222.253.15 - - [30/Oct/2022:22:27:22 -0700] "GET /dirac/circle2.jpg HTTP/1.1" 200 28741 "-" "Mozilla/5.0 (compatible; AhrefsBot/7.0; +http://ahrefs.com/robot/)" "ysfine.com"
51.222.253.12 - - [30/Oct/2022:22:27:28 -0700] "GET /dirac/overlap2.jpg HTTP/1.1" 200 34092 "-" "Mozilla/5.0 (compatible; AhrefsBot/7.0; +http://ahrefs.com/robot/)" "ysfine.com"
51.222.253.12 - - [30/Oct/2022:22:27:33 -0700] "GET /dirac/hyperell2.jpg HTTP/1.1" 200 29858 "-" "Mozilla/5.0 (compatible; AhrefsBot/7.0; +http://ahrefs.com/robot/)" "ysfine.com"
51.222.253.7 - - [30/Oct/2022:22:27:39 -0700] "GET /dirac/parton2.jpg HTTP/1.1" 200 32005 "-" "Mozilla/5.0 (compatible; AhrefsBot/7.0; +http://ahrefs.com/robot/)" "ysfine.com"
157.55.39.113 - - [30/Oct/2022:22:27:48 -0700] "GET /bio/kowar/index.html HTTP/1.1" 404 88 "-" "Mozilla/5.0 AppleWebKit/537.36 (KHTML, like Gecko; compatible; bingbot/2.0; +http://www.bing.com/bingbot.htm) Chrome/103.0.5060.134 Safari/537.36" "ysfine.com"
66.249.66.43 - - [30/Oct/2022:22:28:08 -0700] "GET /world/baltic/kalin21.jpg HTTP/1.1" 304 - "-" "Googlebot-Image/1.0" "ysfine.com"
54.236.1.11 - - [30/Oct/2022:22:28:50 -0700] "GET /robots.txt HTTP/1.1" 404 88 "-" "Mozilla/5.0 (compatible; Pinterestbot/1.0; +http://www.pinterest.com/bot.html)" "ysfine.com"
54.236.1.11 - - [30/Oct/2022:22:28:50 -0700] "GET /kobak/namdae.html HTTP/1.1" 200 5295 "-" "Mozilla/5.0 (compatible; Pinterestbot/1.0; +http://www.pinterest.com/bot.html)" "ysfine.com"
157.55.39.113 - - [30/Oct/2022:22:28:59 -0700] "GET /ysbio/bio05 HTTP/1.1" 200 14660 "-" "Mozilla/5.0 AppleWebKit/537.36 (KHTML, like Gecko; compatible; bingbot/2.0; +http://www.bing.com/bingbot.htm) Chrome/103.0.5060.134 Safari/537.36" "ysfine.com"
157.55.39.14 - - [30/Oct/2022:22:29:03 -0700] "GET /ysbio/princeton/yspr.html HTTP/1.1" 200 5445 "-" "Mozilla/5.0 AppleWebKit/537.36 (KHTML, like Gecko; compatible; bingbot/2.0; +http://www.bing.com/bingbot.htm) Chrome/103.0.5060.134 Safari/537.36" "ysfine.com"
40.77.167.71 - - [30/Oct/2022:22:30:34 -0700] "GET /bio/kobak/shortw.html HTTP/1.1" 404 88 "-" "Mozilla/5.0 (compatible; bingbot/2.0; +http://www.bing.com/bingbot.htm)" "ysfine.com"
157.55.39.14 - - [30/Oct/2022:22:30:48 -0700] "GET /bio/einstein/bern.html HTTP/1.1" 404 88 "-" "Mozilla/5.0 AppleWebKit/537.36 (KHTML, like Gecko; compatible; bingbot/2.0; +http://www.bing.com/bingbot.htm) Chrome/103.0.5060.134 Safari/537.36" "ysfine.com"
35.186.100.103 - - [30/Oct/2022:22:30:52 -0700] "GET /kobak/sl629.jpg HTTP/1.1" 200 141503 "-" "Mozilla/5.0 (X11; Ubuntu; Linux x86_64; rv:72.0) Gecko/20100101 Firefox/72.0" "ysfine.com"
51.222.253.17 - - [30/Oct/2022:22:31:34 -0700] "GET /ysbio/class54/roskeim.html HTTP/1.1" 200 824 "-" "Mozilla/5.0 (compatible; AhrefsBot/7.0; +http://ahrefs.com/robot/)" "www.ysfine.com"
77.88.5.174 - - [30/Oct/2022:22:32:02 -0700] "GET /kobak/repose.html HTTP/1.1" 200 4578 "-" "Mozilla/5.0 (compatible; YandexBot/3.0; +http://yandex.com/bots)" "www.ysfine.com"
40.77.167.71 - - [30/Oct/2022:22:32:04 -0700] "GET /ysbio/yspapers/newphys68.pdf HTTP/1.1" 200 62436 "-" "Mozilla/5.0 (compatible; bingbot/2.0; +http://www.bing.com/bingbot.htm)" "ysfine.com"
77.88.5.245 - - [30/Oct/2022:22:32:43 -0700] "GET /people/peo.html HTTP/1.1" 200 13502 "-" "Mozilla/5.0 (compatible; YandexBot/3.0; +http://yandex.com/bots)" "www.ysfine.com"
157.55.39.113 - - [30/Oct/2022:22:33:09 -0700] "GET /ysbio/princeton/index.html HTTP/1.1" 200 140 "-" "Mozilla/5.0 (compatible; bingbot/2.0; +http://www.bing.com/bingbot.htm)" "ysfine.com"
