109.192.177.95 - - [31/Oct/2022:04:36:50 -0700] "GET /feynman/feynrigh.html HTTP/1.1" 200 2183 "https://ysfine.com/feynman/feynbot.html" "Mozilla/5.0 (Windows NT 10.0; Win64; x64) AppleWebKit/537.36 (KHTML, like Gecko) Chrome/106.0.0.0 Safari/537.36" "ysfine.com"
109.192.177.95 - - [31/Oct/2022:04:36:50 -0700] "GET /feynman/feynleft.html HTTP/1.1" 200 523 "https://ysfine.com/feynman/feynbot.html" "Mozilla/5.0 (Windows NT 10.0; Win64; x64) AppleWebKit/537.36 (KHTML, like Gecko) Chrome/106.0.0.0 Safari/537.36" "ysfine.com"
109.192.177.95 - - [31/Oct/2022:04:36:50 -0700] "GET /feynman/feyn86b.jpg HTTP/1.1" 200 26190 "https://ysfine.com/feynman/feynrigh.html" "Mozilla/5.0 (Windows NT 10.0; Win64; x64) AppleWebKit/537.36 (KHTML, like Gecko) Chrome/106.0.0.0 Safari/537.36" "ysfine.com"
109.192.177.95 - - [31/Oct/2022:04:36:50 -0700] "GET /feynman/feyfirm3.jpg HTTP/1.1" 200 39603 "https://ysfine.com/feynman/feynrigh.html" "Mozilla/5.0 (Windows NT 10.0; Win64; x64) AppleWebKit/537.36 (KHTML, like Gecko) Chrome/106.0.0.0 Safari/537.36" "ysfine.com"
109.192.177.95 - - [31/Oct/2022:04:36:50 -0700] "GET /feynman/jacdrum11b.jpg HTTP/1.1" 200 49846 "https://ysfine.com/feynman/feynrigh.html" "Mozilla/5.0 (Windows NT 10.0; Win64; x64) AppleWebKit/537.36 (KHTML, like Gecko) Chrome/106.0.0.0 Safari/537.36" "ysfine.com"
109.192.177.95 - - [31/Oct/2022:04:36:52 -0700] "GET /favicon.ico HTTP/1.1" 404 88 "https://ysfine.com/feynman/" "Mozilla/5.0 (Windows NT 10.0; Win64; x64) AppleWebKit/537.36 (KHTML, like Gecko) Chrome/106.0.0.0 Safari/537.36" "ysfine.com"
109.192.177.95 - - [31/Oct/2022:04:37:08 -0700] "GET /feynman/fstorie.html HTTP/1.1" 200 790 "https://ysfine.com/feynman/feynleft.html" "Mozilla/5.0 (Windows NT 10.0; Win64; x64) AppleWebKit/537.36 (KHTML, like Gecko) Chrome/106.0.0.0 Safari/537.36" "ysfine.com"
40.77.167.71 - - [31/Oct/2022:04:37:37 -0700] "GET /bio/style/ystyle.html HTTP/1.1" 404 88 "-" "Mozilla/5.0 (compatible; bingbot/2.0; +http://www.bing.com/bingbot.htm)" "ysfine.com"
216.244.66.229 - - [31/Oct/2022:04:38:04 -0700] "GET /ffriends/amkor/canprof01.jpg HTTP/1.1" 200 74867 "-" "Mozilla/5.0 (compatible; DotBot/1.2; +https://opensiteexplorer.org/dotbot; help@moz.com)" "www.ysfine.com"
40.77.167.27 - - [31/Oct/2022:04:38:28 -0700] "GET /world/venice.html HTTP/1.1" 200 8457 "-" "Mozilla/5.0 (compatible; bingbot/2.0; +http://www.bing.com/bingbot.htm)" "www.ysfine.com"
216.244.66.229 - - [31/Oct/2022:04:38:29 -0700] "GET /ffriends/amkor/jpstoc11.jpg HTTP/1.1" 200 82097 "-" "Mozilla/5.0 (compatible; DotBot/1.2; +https://opensiteexplorer.org/dotbot; help@moz.com)" "www.ysfine.com"
40.77.167.71 - - [31/Oct/2022:04:38:32 -0700] "GET /world/jeru.html HTTP/1.1" 200 6991 "-" "Mozilla/5.0 (compatible; bingbot/2.0; +http://www.bing.com/bingbot.htm)" "www.ysfine.com"
157.55.39.14 - - [31/Oct/2022:04:38:34 -0700] "GET /bio/world/leipzig.html HTTP/1.1" 404 88 "-" "Mozilla/5.0 (compatible; bingbot/2.0; +http://www.bing.com/bingbot.htm)" "ysfine.com"
157.55.39.113 - - [31/Oct/2022:04:38:38 -0700] "GET /ysbio/princeton/index.html HTTP/1.1" 200 140 "-" "Mozilla/5.0 AppleWebKit/537.36 (KHTML, like Gecko; compatible; bingbot/2.0; +http://www.bing.com/bingbot.htm) Chrome/103.0.5060.134 Safari/537.36" "ysfine.com"
86.44.154.165 - - [31/Oct/2022:04:39:53 -0700] "GET /world/baltic/kalin02.jpg HTTP/1.1" 200 89989 "https://www.google.com/" "Mozilla/5.0 (Windows NT 10.0; Win64; x64) AppleWebKit/537.36 (KHTML, like Gecko) Chrome/107.0.0.0 Safari/537.36" "ysfine.com"
157.55.39.14 - - [31/Oct/2022:04:40:35 -0700] "GET /ysbio/more.html HTTP/1.1" 200 3158 "-" "Mozilla/5.0 (compatible; bingbot/2.0; +http://www.bing.com/bingbot.htm)" "ysfine.com"
77.88.5.45 - - [31/Oct/2022:04:41:07 -0700] "GET /newyork/nyc.html HTTP/1.1" 200 31389 "-" "Mozilla/5.0 (compatible; YandexBot/3.0; +http://yandex.com/bots)" "www.ysfine.com"
207.46.13.104 - - [31/Oct/2022:04:43:29 -0700] "GET /wigner/neum/futcomp.html HTTP/1.1" 200 1986 "-" "Mozilla/5.0 AppleWebKit/537.36 (KHTML, like Gecko; compatible; bingbot/2.0; +http://www.bing.com/bingbot.htm) Chrome/103.0.5060.134 Safari/537.36" "www.ysfine.com"
157.55.39.121 - - [31/Oct/2022:04:44:20 -0700] "GET /bio/kobak/soraech.html HTTP/1.1" 404 88 "-" "Mozilla/5.0 (compatible; bingbot/2.0; +http://www.bing.com/bingbot.htm)" "ysfine.com"
157.55.39.14 - - [31/Oct/2022:04:44:25 -0700] "GET /bio/einstein/bern.html HTTP/1.1" 404 88 "-" "Mozilla/5.0 (compatible; bingbot/2.0; +http://www.bing.com/bingbot.htm)" "ysfine.com"
157.55.39.113 - - [31/Oct/2022:04:44:25 -0700] "GET /ysbio/bio05 HTTP/1.1" 200 14660 "-" "Mozilla/5.0 (compatible; bingbot/2.0; +http://www.bing.com/bingbot.htm)" "ysfine.com"
40.77.167.71 - - [31/Oct/2022:04:44:39 -0700] "GET /ysbio/world/germany.html HTTP/1.1" 200 474 "-" "Mozilla/5.0 AppleWebKit/537.36 (KHTML, like Gecko; compatible; bingbot/2.0; +http://www.bing.com/bingbot.htm) Chrome/103.0.5060.134 Safari/537.36" "ysfine.com"
92.20.200.203 - - [31/Oct/2022:04:44:56 -0700] "GET /kobak/sl628.jpg HTTP/1.1" 200 225100 "https://www.google.com/" "Mozilla/5.0 (Windows NT 10.0; Win64; x64) AppleWebKit/537.36 (KHTML, like Gecko) Chrome/107.0.0.0 Safari/537.36" "ysfine.com"
217.131.103.40 - - [31/Oct/2022:04:45:37 -0700] "GET /world/germany/leipzig04.jpg HTTP/1.1" 200 298470 "https://www.google.com/" "Mozilla/5.0 (Windows NT 10.0; Win64; x64) AppleWebKit/537.36 (KHTML, like Gecko) Chrome/106.0.0.0 Safari/537.36" "ysfine.com"
207.46.13.104 - - [31/Oct/2022:04:45:50 -0700] "GET /bio/sbk/1950.html HTTP/1.1" 404 88 "-" "Mozilla/5.0 AppleWebKit/537.36 (KHTML, like Gecko; compatible; bingbot/2.0; +http://www.bing.com/bingbot.htm) Chrome/103.0.5060.134 Safari/537.36" "ysfine.com"
90.154.71.215 - - [31/Oct/2022:04:46:06 -0700] "GET /world/russ/kazanmap22.jpg HTTP/1.1" 200 129761 "https://yandex.ru/" "Mozilla/5.0 (Windows NT 10.0; Win64; x64; rv:106.0) Gecko/20100101 Firefox/106.0" "www.ysfine.com"
103.131.71.150 - - [31/Oct/2022:04:46:31 -0700] "GET /robots.txt HTTP/1.1" 404 88 "-" "Mozilla/5.0 (compatible; coccocbot-web/1.0; +http://help.coccoc.com/searchengine)" "ysfine.com"
103.131.71.166 - - [31/Oct/2022:04:46:37 -0700] "GET / HTTP/1.1" 304 - "-" "Mozilla/5.0 (compatible; coccocbot-web/1.0; +http://help.coccoc.com/searchengine)" "ysfine.com"
103.131.71.166 - - [31/Oct/2022:04:46:43 -0700] "GET /confer/conbot.html HTTP/1.1" 200 124 "-" "Mozilla/5.0 (compatible; coccocbot-web/1.0; +http://help.coccoc.com/searchengine)" "ysfine.com"
3.129.68.227 - - [31/Oct/2022:04:46:47 -0700] "GET /ads.txt HTTP/1.1" 404 88 "http://ysfine.com/ads.txt" "AdsTxtCrawler/1.0; +https://github.com/InteractiveAdvertisingBureau/adstxtcrawler" "ysfine.com"
40.77.167.27 - - [31/Oct/2022:04:47:38 -0700] "GET /confer/osc.html HTTP/1.1" 404 88 "-" "Mozilla/5.0 (compatible; bingbot/2.0; +http://www.bing.com/bingbot.htm)" "ysfine.com"
77.88.5.46 - - [31/Oct/2022:04:48:05 -0700] "GET /style/leica.html HTTP/1.1" 200 17158 "-" "Mozilla/5.0 (compatible; YandexBot/3.0; +http://yandex.com/bots)" "www.ysfine.com"
114.119.128.142 - - [31/Oct/2022:04:49:47 -0700] "GET /world/brit/parlia04.jpg HTTP/1.1" 200 72405 "-" "Mozilla/5.0 (Linux; Android 7.0;) AppleWebKit/537.36 (KHTML, like Gecko) Mobile Safari/537.36 (compatible; PetalBot;+https://webmaster.petalsearch.com/site/petalbot)" "ysfine.com"
40.77.167.71 - - [31/Oct/2022:04:51:00 -0700] "GET /ysbio/wdc/wasdc.html HTTP/1.1" 200 13715 "-" "Mozilla/5.0 (compatible; bingbot/2.0; +http://www.bing.com/bingbot.htm)" "ysfine.com"
66.249.66.156 - - [31/Oct/2022:04:51:15 -0700] "GET /maga/phys/sakata01b.jpg HTTP/1.1" 200 37754 "-" "Googlebot-Image/1.0" "ysfine.com"
207.46.13.104 - - [31/Oct/2022:04:51:20 -0700] "GET /bio/bio07.html HTTP/1.1" 404 88 "-" "Mozilla/5.0 (compatible; bingbot/2.0; +http://www.bing.com/bingbot.htm)" "ysfine.com"
114.119.128.142 - - [31/Oct/2022:04:51:34 -0700] "GET /class54/class5480/Pictures/?C=M%3BO%3DA HTTP/1.1" 200 578 "https://ysfine.com/class54/class5480/Pictures/?C=N%3BO%3DD" "Mozilla/5.0 (Linux; Android 7.0;) AppleWebKit/537.36 (KHTML, like Gecko) Mobile Safari/537.36 (compatible; PetalBot;+https://webmaster.petalsearch.com/site/petalbot)" "ysfine.com"
40.77.167.71 - - [31/Oct/2022:04:51:41 -0700] "GET /bio/style/ystyle.html HTTP/1.1" 404 88 "-" "Mozilla/5.0 (compatible; bingbot/2.0; +http://www.bing.com/bingbot.htm)" "ysfine.com"
40.77.167.71 - - [31/Oct/2022:04:51:51 -0700] "GET /ysbio/usca/neworl.html HTTP/1.1" 200 14308 "-" "Mozilla/5.0 AppleWebKit/537.36 (KHTML, like Gecko; compatible; bingbot/2.0; +http://www.bing.com/bingbot.htm) Chrome/103.0.5060.134 Safari/537.36" "ysfine.com"
40.77.167.27 - - [31/Oct/2022:04:52:00 -0700] "GET /ysbio/princeton/morecars.html HTTP/1.1" 200 245 "-" "Mozilla/5.0 AppleWebKit/537.36 (KHTML, like Gecko; compatible; bingbot/2.0; +http://www.bing.com/bingbot.htm) Chrome/103.0.5060.134 Safari/537.36" "ysfine.com"
140.112.215.95 - - [31/Oct/2022:04:52:16 -0700] "GET /wigner/wiglittle.pdf HTTP/1.1" 200 2659296 "https://www.google.com.tw/" "Mozilla/5.0 (Macintosh; Intel Mac OS X 10_15_7) AppleWebKit/605.1.15 (KHTML, like Gecko) Version/16.1 Safari/605.1.15" "ysfine.com"
207.46.13.104 - - [31/Oct/2022:04:52:50 -0700] "GET /friends/moso.html HTTP/1.1" 404 88 "-" "Mozilla/5.0 AppleWebKit/537.36 (KHTML, like Gecko; compatible; bingbot/2.0; +http://www.bing.com/bingbot.htm) Chrome/103.0.5060.134 Safari/537.36" "ysfine.com"
17.121.113.94 - - [31/Oct/2022:04:53:54 -0700] "GET /robots.txt HTTP/1.1" 404 88 "-" "Mozilla/5.0 (Macintosh; Intel Mac OS X 10_15_5) AppleWebKit/605.1.15 (KHTML, like Gecko) Version/13.1.1 Safari/605.1.15 (Applebot/0.1; +http://www.apple.com/go/applebot)" "www.ysfine.com"
17.121.113.94 - - [31/Oct/2022:04:53:54 -0700] "GET /maga/galileo.html HTTP/1.1" 200 4725 "-" "Mozilla/5.0 (Macintosh; Intel Mac OS X 10_15_5) AppleWebKit/605.1.15 (KHTML, like Gecko) Version/13.1.1 Safari/605.1.15 (Applebot/0.1; +http://www.apple.com/go/applebot)" "www.ysfine.com"
93.158.161.40 - - [31/Oct/2022:04:54:31 -0700] "GET /ffriends/polnewyork01c.jpg HTTP/1.1" 200 33569 "-" "Mozilla/5.0 (compatible; YandexImages/3.0; +http://yandex.com/bots)" "www.ysfine.com"
40.77.167.27 - - [31/Oct/2022:04:56:00 -0700] "GET /bio/bostein.html HTTP/1.1" 404 88 "-" "Mozilla/5.0 (compatible; bingbot/2.0; +http://www.bing.com/bingbot.htm)" "ysfine.com"
210.220.74.2 - - [31/Oct/2022:04:57:32 -0700] "GET /maga/bridge22.html HTTP/1.1" 200 6587 "-" "Mozilla/5.0 (Macintosh; Intel Mac OS X 10_15_6) AppleWebKit/537.36 (KHTML, like Gecko) Chrome/85.0.4183.83 Safari/537.36" "ysfine.com"
157.55.39.14 - - [31/Oct/2022:04:58:37 -0700] "GET /bio/einstein/bern.html HTTP/1.1" 404 88 "-" "Mozilla/5.0 AppleWebKit/537.36 (KHTML, like Gecko; compatible; bingbot/2.0; +http://www.bing.com/bingbot.htm) Chrome/103.0.5060.134 Safari/537.36" "ysfine.com"
157.55.39.14 - - [31/Oct/2022:04:58:38 -0700] "GET /ysbio/maga/poincare.html HTTP/1.1" 200 7726 "-" "Mozilla/5.0 (compatible; bingbot/2.0; +http://www.bing.com/bingbot.htm)" "ysfine.com"
51.222.253.17 - - [31/Oct/2022:04:58:53 -0700] "GET /remote/wigner111/frame03.html HTTP/1.1" 200 1087 "-" "Mozilla/5.0 (compatible; AhrefsBot/7.0; +http://ahrefs.com/robot/)" "www.ysfine.com"
51.222.253.14 - - [31/Oct/2022:04:58:58 -0700] "GET /remote/wigner111/kim-03b.jpg HTTP/1.1" 200 41496 "-" "Mozilla/5.0 (compatible; AhrefsBot/7.0; +http://ahrefs.com/robot/)" "www.ysfine.com"
169.0.38.122 - - [31/Oct/2022:04:59:16 -0700] "GET /ysbio/world/visas.html HTTP/1.1" 200 2626 "-" "Mozilla/5.0 (Macintosh; Intel Mac OS X 10_15_7) AppleWebKit/537.36 (KHTML, like Gecko) Chrome/105.0.0.0 Safari/537.36" "ysfine.com"
169.0.38.122 - - [31/Oct/2022:04:59:16 -0700] "GET /ysbio/world/coke270.jpg HTTP/1.1" 200 56411 "https://ysfine.com/ysbio/world/visas.html" "Mozilla/5.0 (Macintosh; Intel Mac OS X 10_15_7) AppleWebKit/537.36 (KHTML, like Gecko) Chrome/105.0.0.0 Safari/537.36" "ysfine.com"
169.0.38.122 - - [31/Oct/2022:04:59:16 -0700] "GET /ysbio/world/china/beijing101b.jpg HTTP/1.1" 200 39321 "https://ysfine.com/ysbio/world/visas.html" "Mozilla/5.0 (Macintosh; Intel Mac OS X 10_15_7) AppleWebKit/537.36 (KHTML, like Gecko) Chrome/105.0.0.0 Safari/537.36" "ysfine.com"
169.0.38.122 - - [31/Oct/2022:04:59:16 -0700] "GET /ysbio/world/china/nanjing55b.jpg HTTP/1.1" 200 42937 "https://ysfine.com/ysbio/world/visas.html" "Mozilla/5.0 (Macintosh; Intel Mac OS X 10_15_7) AppleWebKit/537.36 (KHTML, like Gecko) Chrome/105.0.0.0 Safari/537.36" "ysfine.com"
169.0.38.122 - - [31/Oct/2022:04:59:16 -0700] "GET /ysbio/world/russ/spbf11b.jpg HTTP/1.1" 200 49354 "https://ysfine.com/ysbio/world/visas.html" "Mozilla/5.0 (Macintosh; Intel Mac OS X 10_15_7) AppleWebKit/537.36 (KHTML, like Gecko) Chrome/105.0.0.0 Safari/537.36" "ysfine.com"
169.0.38.122 - - [31/Oct/2022:04:59:16 -0700] "GET /ysbio/world/brit/towerbr11b.jpg HTTP/1.1" 200 32741 "https://ysfine.com/ysbio/world/visas.html" "Mozilla/5.0 (Macintosh; Intel Mac OS X 10_15_7) AppleWebKit/537.36 (KHTML, like Gecko) Chrome/105.0.0.0 Safari/537.36" "ysfine.com"
169.0.38.122 - - [31/Oct/2022:04:59:16 -0700] "GET /ysbio/world/balkan/istan001b.jpg HTTP/1.1" 200 36438 "https://ysfine.com/ysbio/world/visas.html" "Mozilla/5.0 (Macintosh; Intel Mac OS X 10_15_7) AppleWebKit/537.36 (KHTML, like Gecko) Chrome/105.0.0.0 Safari/537.36" "ysfine.com"
169.0.38.122 - - [31/Oct/2022:04:59:16 -0700] "GET /ysbio/world/china/shanghai002b.jpg HTTP/1.1" 200 34489 "https://ysfine.com/ysbio/world/visas.html" "Mozilla/5.0 (Macintosh; Intel Mac OS X 10_15_7) AppleWebKit/537.36 (KHTML, like Gecko) Chrome/105.0.0.0 Safari/537.36" "ysfine.com"
169.0.38.122 - - [31/Oct/2022:04:59:16 -0700] "GET /ysbio/world/france/triomf08b.jpg HTTP/1.1" 200 48006 "https://ysfine.com/ysbio/world/visas.html" "Mozilla/5.0 (Macintosh; Intel Mac OS X 10_15_7) AppleWebKit/537.36 (KHTML, like Gecko) Chrome/105.0.0.0 Safari/537.36" "ysfine.com"
169.0.38.122 - - [31/Oct/2022:04:59:16 -0700] "GET /ysbio/world/russ/kazan035b.jpg HTTP/1.1" 200 41723 "https://ysfine.com/ysbio/world/visas.html" "Mozilla/5.0 (Macintosh; Intel Mac OS X 10_15_7) AppleWebKit/537.36 (KHTML, like Gecko) Chrome/105.0.0.0 Safari/537.36" "ysfine.com"
169.0.38.122 - - [31/Oct/2022:04:59:16 -0700] "GET /ysbio/world/ital/coloss04b.jpg HTTP/1.1" 200 42090 "https://ysfine.com/ysbio/world/visas.html" "Mozilla/5.0 (Macintosh; Intel Mac OS X 10_15_7) AppleWebKit/537.36 (KHTML, like Gecko) Chrome/105.0.0.0 Safari/537.36" "ysfine.com"
169.0.38.122 - - [31/Oct/2022:04:59:16 -0700] "GET /ysbio/world/balkan/ath001b.jpg HTTP/1.1" 200 45436 "https://ysfine.com/ysbio/world/visas.html" "Mozilla/5.0 (Macintosh; Intel Mac OS X 10_15_7) AppleWebKit/537.36 (KHTML, like Gecko) Chrome/105.0.0.0 Safari/537.36" "ysfine.com"
169.0.38.122 - - [31/Oct/2022:04:59:19 -0700] "GET /favicon.ico HTTP/1.1" 404 88 "https://ysfine.com/ysbio/world/visas.html" "Mozilla/5.0 (Macintosh; Intel Mac OS X 10_15_7) AppleWebKit/537.36 (KHTML, like Gecko) Chrome/105.0.0.0 Safari/537.36" "ysfine.com"
93.158.161.40 - - [31/Oct/2022:04:59:25 -0700] "GET /feynman/chapline.html HTTP/1.1" 200 974 "-" "Mozilla/5.0 (compatible; YandexBot/3.0; +http://yandex.com/bots)" "www.ysfine.com"
157.55.39.113 - - [31/Oct/2022:04:59:27 -0700] "GET /ysbio/bio05 HTTP/1.1" 200 14660 "-" "Mozilla/5.0 (compatible; bingbot/2.0; +http://www.bing.com/bingbot.htm)" "ysfine.com"
173.73.77.36 - - [31/Oct/2022:04:59:59 -0700] "GET /favicon.ico HTTP/1.1" 404 88 "https://ysfine.com/ys11/" "Mozilla/5.0 (Windows NT 10.0; Win64; x64) AppleWebKit/537.36 (KHTML, like Gecko) Chrome/106.0.5249.119 Safari/537.36" "ysfine.com"
114.119.128.158 - - [31/Oct/2022:05:00:09 -0700] "GET /articles/entro.pdf HTTP/1.1" 401 90 "https://www.ysfine.com/maga/schroedinger.html" "Mozilla/5.0 (Linux; Android 7.0;) AppleWebKit/537.36 (KHTML, like Gecko) Mobile Safari/537.36 (compatible; PetalBot;+https://webmaster.petalsearch.com/site/petalbot)" "www.ysfine.com"
157.55.39.121 - - [31/Oct/2022:05:00:43 -0700] "GET /ysbio/einstein/einbohr.html HTTP/1.1" 200 6142 "-" "Mozilla/5.0 (compatible; bingbot/2.0; +http://www.bing.com/bingbot.htm)" "ysfine.com"
173.73.77.36 - - [31/Oct/2022:05:00:55 -0700] "GET /favicon.ico HTTP/1.1" 404 88 "https://ysfine.com/ys11/" "Mozilla/5.0 (Windows NT 10.0; Win64; x64) AppleWebKit/537.36 (KHTML, like Gecko) Chrome/107.0.0.0 Safari/537.36 Edg/107.0.1418.26" "ysfine.com"
168.221.158.10 - - [31/Oct/2022:05:00:55 -0700] "GET /kobak/liber45.jpg HTTP/1.1" 200 141542 "https://www.google.com/" "Mozilla/5.0 (Macintosh; Intel Mac OS X 10_15_6) AppleWebKit/605.1.15 (KHTML, like Gecko) Version/15.6.1 Safari/605.1.15" "ysfine.com"
216.244.66.229 - - [31/Oct/2022:05:01:01 -0700] "GET /robots.txt HTTP/1.1" 404 73 "-" "Mozilla/5.0 (compatible; DotBot/1.2; +https://opensiteexplorer.org/dotbot; help@moz.com)" "www.ysfine.com"
173.73.77.36 - - [31/Oct/2022:05:01:05 -0700] "GET /ys22/dondon.html HTTP/1.1" 401 90 "https://ysfine.com/ys11/" "Mozilla/5.0 (Windows NT 10.0; Win64; x64) AppleWebKit/537.36 (KHTML, like Gecko) Chrome/107.0.0.0 Safari/537.36 Edg/107.0.1418.26" "ysfine.com"
173.73.77.36 - jake [31/Oct/2022:05:01:06 -0700] "GET /ys22/dondon.html HTTP/1.1" 200 2035 "https://ysfine.com/ys11/" "Mozilla/5.0 (Windows NT 10.0; Win64; x64) AppleWebKit/537.36 (KHTML, like Gecko) Chrome/107.0.0.0 Safari/537.36 Edg/107.0.1418.26" "ysfine.com"
173.73.77.36 - - [31/Oct/2022:05:01:32 -0700] "GET /favicon.ico HTTP/1.1" 404 88 "https://ysfine.com/ys11/" "Mozilla/5.0 (Windows NT 10.0; Win64; x64) AppleWebKit/537.36 (KHTML, like Gecko) Chrome/107.0.0.0 Safari/537.36 Edg/107.0.1418.26" "ysfine.com"
173.73.77.36 - - [31/Oct/2022:05:03:57 -0700] "GET /favicon.ico HTTP/1.1" 404 88 "https://ysfine.com/ys11/" "Mozilla/5.0 (Windows NT 10.0; Win64; x64) AppleWebKit/537.36 (KHTML, like Gecko) Chrome/107.0.0.0 Safari/537.36" "ysfine.com"
78.106.244.68 - - [31/Oct/2022:05:04:45 -0700] "GET /world/china/china047.jpg HTTP/1.1" 200 84133 "https://aftershock.news/" "Mozilla/5.0 (Windows NT 10.0; Win64; x64) AppleWebKit/537.36 (KHTML, like Gecko) Chrome/106.0.0.0 Safari/537.36" "www.ysfine.com"
49.7.21.113 - - [31/Oct/2022:05:05:08 -0700] "GET / HTTP/1.1" 200 5283 "-" "Sogou web spider/4.0(+http://www.sogou.com/docs/help/webmasters.htm#07)" "www.ysfine.com"
211.249.242.84 - - [31/Oct/2022:05:05:28 -0700] "GET /world/france/pontdg05.jpg HTTP/1.1" 200 91495 "https://ysfine.com/world/france/pontdg05.jpg" "Mozilla/5.0 (Windows NT 10.0; Win64; x64) AppleWebKit/537.36 (KHTML, like Gecko) Chrome/86.0.4240.75 Safari/537.36" "ysfine.com"
173.73.77.36 - - [31/Oct/2022:05:05:30 -0700] "GET /home/bio44.html HTTP/1.1" 404 88 "-" "Mozilla/5.0 (Windows NT 10.0; Win64; x64; rv:106.0) Gecko/20100101 Firefox/106.0" "www.ysfine.com"
51.222.253.19 - - [31/Oct/2022:05:05:40 -0700] "GET /remote/wigner111/frame02.html HTTP/1.1" 200 772 "-" "Mozilla/5.0 (compatible; AhrefsBot/7.0; +http://ahrefs.com/robot/)" "ysfine.com"
40.77.167.71 - - [31/Oct/2022:05:05:52 -0700] "GET /bio/style/ystyle.html HTTP/1.1" 404 88 "-" "Mozilla/5.0 AppleWebKit/537.36 (KHTML, like Gecko; compatible; bingbot/2.0; +http://www.bing.com/bingbot.htm) Chrome/103.0.5060.134 Safari/537.36" "ysfine.com"
207.46.13.104 - - [31/Oct/2022:05:06:02 -0700] "GET /ysbio/einstein/einwo.html HTTP/1.1" 200 4222 "-" "Mozilla/5.0 AppleWebKit/537.36 (KHTML, like Gecko; compatible; bingbot/2.0; +http://www.bing.com/bingbot.htm) Chrome/103.0.5060.134 Safari/537.36" "ysfine.com"
157.55.39.113 - - [31/Oct/2022:05:06:07 -0700] "GET /bio/feynman/partons.html HTTP/1.1" 404 88 "-" "Mozilla/5.0 AppleWebKit/537.36 (KHTML, like Gecko; compatible; bingbot/2.0; +http://www.bing.com/bingbot.htm) Chrome/103.0.5060.134 Safari/537.36" "ysfine.com"
207.46.13.104 - - [31/Oct/2022:05:07:03 -0700] "GET /ysbio/dirac/dirheisen.html HTTP/1.1" 200 4650 "-" "Mozilla/5.0 AppleWebKit/537.36 (KHTML, like Gecko; compatible; bingbot/2.0; +http://www.bing.com/bingbot.htm) Chrome/103.0.5060.134 Safari/537.36" "ysfine.com"
207.46.13.104 - - [31/Oct/2022:05:07:04 -0700] "GET /ysbio/bio08.html HTTP/1.1" 200 10488 "-" "Mozilla/5.0 (compatible; bingbot/2.0; +http://www.bing.com/bingbot.htm)" "ysfine.com"
40.77.167.71 - - [31/Oct/2022:05:08:42 -0700] "GET /bio/pquartet.html HTTP/1.1" 404 88 "-" "Mozilla/5.0 AppleWebKit/537.36 (KHTML, like Gecko; compatible; bingbot/2.0; +http://www.bing.com/bingbot.htm) Chrome/103.0.5060.134 Safari/537.36" "ysfine.com"
173.73.77.36 - - [31/Oct/2022:05:09:11 -0700] "GET /ys11/index.html HTTP/1.1" 304 - "https://search.yahoo.com/" "Mozilla/5.0 (Windows NT 10.0; Win64; x64; rv:106.0) Gecko/20100101 Firefox/106.0" "www.ysfine.com"
157.55.39.113 - - [31/Oct/2022:05:09:28 -0700] "GET /ysbio/dirac/dirk62.html HTTP/1.1" 200 3930 "-" "Mozilla/5.0 AppleWebKit/537.36 (KHTML, like Gecko; compatible; bingbot/2.0; +http://www.bing.com/bingbot.htm) Chrome/103.0.5060.134 Safari/537.36" "ysfine.com"
40.77.167.27 - - [31/Oct/2022:05:11:02 -0700] "GET /ysbio/yspapers/png86.pdf HTTP/1.1" 200 377456 "-" "Mozilla/5.0 (compatible; bingbot/2.0; +http://www.bing.com/bingbot.htm)" "ysfine.com"
157.55.39.113 - - [31/Oct/2022:05:12:37 -0700] "GET /bio/genea.html HTTP/1.1" 404 88 "-" "Mozilla/5.0 AppleWebKit/537.36 (KHTML, like Gecko; compatible; bingbot/2.0; +http://www.bing.com/bingbot.htm) Chrome/103.0.5060.134 Safari/537.36" "ysfine.com"
93.158.161.40 - - [31/Oct/2022:05:13:01 -0700] "GET /robots.txt HTTP/1.1" 404 73 "-" "Mozilla/5.0 (compatible; YandexBot/3.0; +http://yandex.com/bots)" "www.ysfine.com"
52.224.71.99 - - [31/Oct/2022:05:13:01 -0700] "GET /kobak/shortw.html HTTP/1.1" 200 3128 "-" "Mozilla/5.0 (Windows NT 10.0; Win64; x64) AppleWebKit/537.36 (KHTML, like Gecko) Chrome/86.0.4240.75 Safari/537.36" "ysfine.com"
77.88.5.46 - - [31/Oct/2022:05:13:05 -0700] "GET /world/china11.html HTTP/1.1" 200 24682 "-" "Mozilla/5.0 (compatible; YandexBot/3.0; +http://yandex.com/bots)" "www.ysfine.com"
157.55.39.14 - - [31/Oct/2022:05:13:17 -0700] "GET /bio/einstein/bern.html HTTP/1.1" 404 88 "-" "Mozilla/5.0 AppleWebKit/537.36 (KHTML, like Gecko; compatible; bingbot/2.0; +http://www.bing.com/bingbot.htm) Chrome/103.0.5060.134 Safari/537.36" "ysfine.com"
157.55.39.113 - - [31/Oct/2022:05:14:48 -0700] "GET /ysbio/bio05 HTTP/1.1" 200 14660 "-" "Mozilla/5.0 (compatible; bingbot/2.0; +http://www.bing.com/bingbot.htm)" "ysfine.com"
216.244.66.229 - - [31/Oct/2022:05:14:52 -0700] "GET /ffriends/brazvegas01.jpg HTTP/1.1" 200 160527 "-" "Mozilla/5.0 (compatible; DotBot/1.2; +https://opensiteexplorer.org/dotbot; help@moz.com)" "www.ysfine.com"
216.244.66.229 - - [31/Oct/2022:05:15:43 -0700] "GET /ffriends/greeklon11.jpg HTTP/1.1" 200 95604 "-" "Mozilla/5.0 (compatible; DotBot/1.2; +https://opensiteexplorer.org/dotbot; help@moz.com)" "www.ysfine.com"
157.55.39.121 - - [31/Oct/2022:05:16:05 -0700] "GET /ysbio/eink/mose.html HTTP/1.1" 200 14315 "-" "Mozilla/5.0 AppleWebKit/537.36 (KHTML, like Gecko; compatible; bingbot/2.0; +http://www.bing.com/bingbot.htm) Chrome/103.0.5060.134 Safari/537.36" "ysfine.com"
157.55.39.113 - - [31/Oct/2022:05:16:07 -0700] "GET /class54/weheard628.html HTTP/1.1" 200 1613 "-" "Mozilla/5.0 AppleWebKit/537.36 (KHTML, like Gecko; compatible; bingbot/2.0; +http://www.bing.com/bingbot.htm) Chrome/103.0.5060.134 Safari/537.36" "www.ysfine.com"
216.244.66.229 - - [31/Oct/2022:05:16:14 -0700] "GET /ffriends/gyang11.jpg HTTP/1.1" 200 237032 "-" "Mozilla/5.0 (compatible; DotBot/1.2; +https://opensiteexplorer.org/dotbot; help@moz.com)" "www.ysfine.com"
157.55.39.14 - - [31/Oct/2022:05:16:38 -0700] "GET /bio/kobak/namdae.html HTTP/1.1" 404 88 "-" "Mozilla/5.0 AppleWebKit/537.36 (KHTML, like Gecko; compatible; bingbot/2.0; +http://www.bing.com/bingbot.htm) Chrome/103.0.5060.134 Safari/537.36" "ysfine.com"
216.244.66.229 - - [31/Oct/2022:05:17:04 -0700] "GET /ffriends/russparis08.jpg HTTP/1.1" 200 169198 "-" "Mozilla/5.0 (compatible; DotBot/1.2; +https://opensiteexplorer.org/dotbot; help@moz.com)" "www.ysfine.com"
123.183.224.89 - - [31/Oct/2022:05:17:54 -0700] "GET / HTTP/1.1" 200 5283 "-" "Sogou web spider/4.0(+http://www.sogou.com/docs/help/webmasters.htm#07)" "ysfine.com"
216.244.66.229 - - [31/Oct/2022:05:19:21 -0700] "GET /ffriends/amkor/jphoney.jpg HTTP/1.1" 200 74622 "-" "Mozilla/5.0 (compatible; DotBot/1.2; +https://opensiteexplorer.org/dotbot; help@moz.com)" "www.ysfine.com"
114.119.128.14 - - [31/Oct/2022:05:19:22 -0700] "GET /class54/class5480/Pictures/2.%C3%AA%C2%B8%C2%B0%C3%AB%C2%85%C2%90%C3%AD%C2%96%C2%89%C3%AC%C2%82%C2%AC/?C=N%3BO%3DD HTTP/1.1" 200 1718 "https://www.ysfine.com/class54/class5480/Pictures/2.%C3%AA%C2%B8%C2%B0%C3%AB%C2%85%C2%90%C3%AD%C2%96%C2%89%C3%AC%C2%82%C2%AC/?C=M%3BO%3DA" "Mozilla/5.0 (Linux; Android 7.0;) AppleWebKit/537.36 (KHTML, like Gecko) Mobile Safari/537.36 (compatible; PetalBot;+https://webmaster.petalsearch.com/site/petalbot)" "www.ysfine.com"
216.244.66.229 - - [31/Oct/2022:05:19:59 -0700] "GET /ffriends/amkor/yyen.jpg HTTP/1.1" 200 99346 "-" "Mozilla/5.0 (compatible; DotBot/1.2; +https://opensiteexplorer.org/dotbot; help@moz.com)" "www.ysfine.com"
40.77.167.71 - - [31/Oct/2022:05:20:53 -0700] "GET /bio/style/ystyle.html HTTP/1.1" 404 88 "-" "Mozilla/5.0 (compatible; bingbot/2.0; +http://www.bing.com/bingbot.htm)" "ysfine.com"
24.98.23.71 - - [31/Oct/2022:05:21:16 -0700] "GET /maga/histo/desiree22.jpg HTTP/1.1" 200 113561 "https://www.google.com/" "Mozilla/5.0 (Macintosh; Intel Mac OS X 10_15_7) AppleWebKit/605.1.15 (KHTML, like Gecko) Version/15.6.1 Safari/605.1.15" "ysfine.com"
24.98.23.71 - - [31/Oct/2022:05:21:23 -0700] "GET /maga/desiree.html HTTP/1.1" 200 2747 "https://www.google.com/" "Mozilla/5.0 (Macintosh; Intel Mac OS X 10_15_7) AppleWebKit/605.1.15 (KHTML, like Gecko) Version/15.6.1 Safari/605.1.15" "ysfine.com"
24.98.23.71 - - [31/Oct/2022:05:21:23 -0700] "GET /maga/histo/desiree22b.jpg HTTP/1.1" 200 44724 "https://ysfine.com/maga/desiree.html" "Mozilla/5.0 (Macintosh; Intel Mac OS X 10_15_7) AppleWebKit/605.1.15 (KHTML, like Gecko) Version/15.6.1 Safari/605.1.15" "ysfine.com"
24.98.23.71 - - [31/Oct/2022:05:21:23 -0700] "GET /maga/histo/desiree21b.jpg HTTP/1.1" 200 40810 "https://ysfine.com/maga/desiree.html" "Mozilla/5.0 (Macintosh; Intel Mac OS X 10_15_7) AppleWebKit/605.1.15 (KHTML, like Gecko) Version/15.6.1 Safari/605.1.15" "ysfine.com"
24.98.23.71 - - [31/Oct/2022:05:21:23 -0700] "GET /maga/histo/desiree23b.jpg HTTP/1.1" 200 40638 "https://ysfine.com/maga/desiree.html" "Mozilla/5.0 (Macintosh; Intel Mac OS X 10_15_7) AppleWebKit/605.1.15 (KHTML, like Gecko) Version/15.6.1 Safari/605.1.15" "ysfine.com"
24.98.23.71 - - [31/Oct/2022:05:21:23 -0700] "GET /maga/histo/swedking01b.jpg HTTP/1.1" 200 41020 "https://ysfine.com/maga/desiree.html" "Mozilla/5.0 (Macintosh; Intel Mac OS X 10_15_7) AppleWebKit/605.1.15 (KHTML, like Gecko) Version/15.6.1 Safari/605.1.15" "ysfine.com"
24.98.23.71 - - [31/Oct/2022:05:21:24 -0700] "GET /maga/histo/desiree24b.jpg HTTP/1.1" 200 44371 "https://ysfine.com/maga/desiree.html" "Mozilla/5.0 (Macintosh; Intel Mac OS X 10_15_7) AppleWebKit/605.1.15 (KHTML, like Gecko) Version/15.6.1 Safari/605.1.15" "ysfine.com"
24.98.23.71 - - [31/Oct/2022:05:21:24 -0700] "GET /maga/histo/desiree25b.jpg HTTP/1.1" 200 38423 "https://ysfine.com/maga/desiree.html" "Mozilla/5.0 (Macintosh; Intel Mac OS X 10_15_7) AppleWebKit/605.1.15 (KHTML, like Gecko) Version/15.6.1 Safari/605.1.15" "ysfine.com"
24.98.23.71 - - [31/Oct/2022:05:21:24 -0700] "GET /maga/histo/victoria01b.jpg HTTP/1.1" 200 36748 "https://ysfine.com/maga/desiree.html" "Mozilla/5.0 (Macintosh; Intel Mac OS X 10_15_7) AppleWebKit/605.1.15 (KHTML, like Gecko) Version/15.6.1 Safari/605.1.15" "ysfine.com"
24.98.23.71 - - [31/Oct/2022:05:21:24 -0700] "GET /maga/histo/oscar22b.jpg HTTP/1.1" 200 36819 "https://ysfine.com/maga/desiree.html" "Mozilla/5.0 (Macintosh; Intel Mac OS X 10_15_7) AppleWebKit/605.1.15 (KHTML, like Gecko) Version/15.6.1 Safari/605.1.15" "ysfine.com"
24.98.23.71 - - [31/Oct/2022:05:21:24 -0700] "GET /eink/eink61c.jpg HTTP/1.1" 200 34119 "https://ysfine.com/maga/desiree.html" "Mozilla/5.0 (Macintosh; Intel Mac OS X 10_15_7) AppleWebKit/605.1.15 (KHTML, like Gecko) Version/15.6.1 Safari/605.1.15" "ysfine.com"
24.98.23.71 - - [31/Oct/2022:05:21:24 -0700] "GET /maga/histo/oscar33a.jpg HTTP/1.1" 200 47506 "https://ysfine.com/maga/desiree.html" "Mozilla/5.0 (Macintosh; Intel Mac OS X 10_15_7) AppleWebKit/605.1.15 (KHTML, like Gecko) Version/15.6.1 Safari/605.1.15" "ysfine.com"
24.98.23.71 - - [31/Oct/2022:05:21:24 -0700] "GET /favicon.ico HTTP/1.1" 404 88 "https://ysfine.com/maga/desiree.html" "Mozilla/5.0 (Macintosh; Intel Mac OS X 10_15_7) AppleWebKit/605.1.15 (KHTML, like Gecko) Version/15.6.1 Safari/605.1.15" "ysfine.com"
24.98.23.71 - - [31/Oct/2022:05:23:20 -0700] "GET /maga/histo/oscar22.jpg HTTP/1.1" 200 101665 "https://ysfine.com/maga/desiree.html" "Mozilla/5.0 (Macintosh; Intel Mac OS X 10_15_7) AppleWebKit/605.1.15 (KHTML, like Gecko) Version/15.6.1 Safari/605.1.15" "ysfine.com"
24.98.23.71 - - [31/Oct/2022:05:23:43 -0700] "GET /maga/histo/desiree25.jpg HTTP/1.1" 200 87347 "https://ysfine.com/maga/desiree.html" "Mozilla/5.0 (Macintosh; Intel Mac OS X 10_15_7) AppleWebKit/605.1.15 (KHTML, like Gecko) Version/15.6.1 Safari/605.1.15" "ysfine.com"
24.98.23.71 - - [31/Oct/2022:05:23:57 -0700] "GET /maga/histo/desiree24.jpg HTTP/1.1" 200 118503 "https://ysfine.com/maga/desiree.html" "Mozilla/5.0 (Macintosh; Intel Mac OS X 10_15_7) AppleWebKit/605.1.15 (KHTML, like Gecko) Version/15.6.1 Safari/605.1.15" "ysfine.com"
24.98.23.71 - - [31/Oct/2022:05:24:12 -0700] "GET /maga/histo/oscar33.jpg HTTP/1.1" 200 140181 "https://ysfine.com/maga/desiree.html" "Mozilla/5.0 (Macintosh; Intel Mac OS X 10_15_7) AppleWebKit/605.1.15 (KHTML, like Gecko) Version/15.6.1 Safari/605.1.15" "ysfine.com"
173.73.77.36 - - [31/Oct/2022:05:25:23 -0700] "GET /favicon.ico HTTP/1.1" 404 88 "https://ysfine.com/ys11/" "Mozilla/5.0 (Windows NT 10.0; Win64; x64) AppleWebKit/537.36 (KHTML, like Gecko) Chrome/107.0.0.0 Safari/537.36" "ysfine.com"
17.121.115.53 - - [31/Oct/2022:05:26:53 -0700] "GET /philo/sartre.html HTTP/1.1" 200 7721 "-" "Mozilla/5.0 (Macintosh; Intel Mac OS X 10_15_5) AppleWebKit/605.1.15 (KHTML, like Gecko) Version/13.1.1 Safari/605.1.15 (Applebot/0.1; +http://www.apple.com/go/applebot)" "ysfine.com"
51.222.253.8 - - [31/Oct/2022:05:27:38 -0700] "GET /ysbio/style/leica.html HTTP/1.1" 200 17158 "-" "Mozilla/5.0 (compatible; AhrefsBot/7.0; +http://ahrefs.com/robot/)" "ysfine.com"
157.55.39.14 - - [31/Oct/2022:05:28:19 -0700] "GET /bio/einstein/bern.html HTTP/1.1" 404 88 "-" "Mozilla/5.0 (compatible; bingbot/2.0; +http://www.bing.com/bingbot.htm)" "ysfine.com"
40.77.167.27 - - [31/Oct/2022:05:28:53 -0700] "GET /bio/style/proschanie.html HTTP/1.1" 404 88 "-" "Mozilla/5.0 AppleWebKit/537.36 (KHTML, like Gecko; compatible; bingbot/2.0; +http://www.bing.com/bingbot.htm) Chrome/103.0.5060.134 Safari/537.36" "ysfine.com"
157.55.39.113 - - [31/Oct/2022:05:29:10 -0700] "GET /ysbio/bio05 HTTP/1.1" 200 14660 "-" "Mozilla/5.0 (compatible; bingbot/2.0; +http://www.bing.com/bingbot.htm)" "ysfine.com"
77.88.5.216 - - [31/Oct/2022:05:29:24 -0700] "GET /einstein/emc/emc01.html HTTP/1.1" 404 88 "-" "Mozilla/5.0 (compatible; YandexBot/3.0; +http://yandex.com/bots)" "www.ysfine.com"
157.55.39.113 - - [31/Oct/2022:05:30:20 -0700] "GET /ysbio/princeton/sambapr.html HTTP/1.1" 200 311 "-" "Mozilla/5.0 (compatible; bingbot/2.0; +http://www.bing.com/bingbot.htm)" "ysfine.com"
157.55.39.121 - - [31/Oct/2022:05:31:57 -0700] "GET /ysbio/style/strigh.html HTTP/1.1" 200 1459 "-" "Mozilla/5.0 (compatible; bingbot/2.0; +http://www.bing.com/bingbot.htm)" "ysfine.com"
157.55.39.113 - - [31/Oct/2022:05:32:38 -0700] "GET /maga/bohrdc.html HTTP/1.1" 200 4181 "-" "Mozilla/5.0 AppleWebKit/537.36 (KHTML, like Gecko; compatible; bingbot/2.0; +http://www.bing.com/bingbot.htm) Chrome/103.0.5060.134 Safari/537.36" "ysfine.com"
207.46.13.104 - - [31/Oct/2022:05:33:25 -0700] "GET /ysbio/style/ystyle.html HTTP/1.1" 200 1362 "-" "Mozilla/5.0 (compatible; bingbot/2.0; +http://www.bing.com/bingbot.htm)" "ysfine.com"
210.191.120.146 - - [31/Oct/2022:05:34:51 -0700] "GET /world/russ/roskei90b.jpg HTTP/1.1" 200 50111 "https://www.google.com/" "Mozilla/5.0 (Windows NT 10.0; Win64; x64; rv:106.0) Gecko/20100101 Firefox/106.0" "ysfine.com"
40.77.167.71 - - [31/Oct/2022:05:35:25 -0700] "GET /bio/style/ystyle.html HTTP/1.1" 404 88 "-" "Mozilla/5.0 (compatible; bingbot/2.0; +http://www.bing.com/bingbot.htm)" "ysfine.com"
157.55.39.113 - - [31/Oct/2022:05:35:59 -0700] "GET /ysbio/yspapers/itep96.pdf HTTP/1.1" 200 311219 "-" "Mozilla/5.0 (compatible; bingbot/2.0; +http://www.bing.com/bingbot.htm)" "ysfine.com"
51.222.253.16 - - [31/Oct/2022:05:36:30 -0700] "GET /ysbio/wdc/vernon.html HTTP/1.1" 200 1958 "-" "Mozilla/5.0 (compatible; AhrefsBot/7.0; +http://ahrefs.com/robot/)" "www.ysfine.com"
51.222.253.8 - - [31/Oct/2022:05:36:37 -0700] "GET /ysbio/wdc/vernon02b.jpg HTTP/1.1" 200 36607 "-" "Mozilla/5.0 (compatible; AhrefsBot/7.0; +http://ahrefs.com/robot/)" "www.ysfine.com"
51.222.253.5 - - [31/Oct/2022:05:36:38 -0700] "GET /ysbio/wdc/vernon01b.jpg HTTP/1.1" 200 35297 "-" "Mozilla/5.0 (compatible; AhrefsBot/7.0; +http://ahrefs.com/robot/)" "www.ysfine.com"
17.121.113.228 - - [31/Oct/2022:05:36:39 -0700] "GET /home/ HTTP/1.1" 200 142 "-" "Mozilla/5.0 (Macintosh; Intel Mac OS X 10_15_5) AppleWebKit/605.1.15 (KHTML, like Gecko) Version/13.1.1 Safari/605.1.15 (Applebot/0.1; +http://www.apple.com/go/applebot)" "ysfine.com"
17.121.115.27 - - [31/Oct/2022:05:36:41 -0700] "GET /home/hmtop.html HTTP/1.1" 200 452 "https://ysfine.com/home/" "Mozilla/5.0 (Macintosh; Intel Mac OS X 10_15_5) AppleWebKit/605.1.15 (KHTML, like Gecko) Version/13.1.1 Safari/605.1.15 (Applebot/0.1; +http://www.apple.com/go/applebot)" "ysfine.com"
17.121.114.21 - - [31/Oct/2022:05:36:42 -0700] "GET /home/hmbot.html HTTP/1.1" 200 132 "https://ysfine.com/home/" "Mozilla/5.0 (Macintosh; Intel Mac OS X 10_15_5) AppleWebKit/605.1.15 (KHTML, like Gecko) Version/13.1.1 Safari/605.1.15 (Applebot/0.1; +http://www.apple.com/go/applebot)" "ysfine.com"
17.121.115.27 - - [31/Oct/2022:05:36:42 -0700] "GET /home/hmleft.html HTTP/1.1" 200 861 "https://ysfine.com/home/hmbot.html" "Mozilla/5.0 (Macintosh; Intel Mac OS X 10_15_5) AppleWebKit/605.1.15 (KHTML, like Gecko) Version/13.1.1 Safari/605.1.15 (Applebot/0.1; +http://www.apple.com/go/applebot)" "ysfine.com"
17.121.114.21 - - [31/Oct/2022:05:36:43 -0700] "GET /home/hmrigh.html HTTP/1.1" 200 4214 "https://ysfine.com/home/hmbot.html" "Mozilla/5.0 (Macintosh; Intel Mac OS X 10_15_5) AppleWebKit/605.1.15 (KHTML, like Gecko) Version/13.1.1 Safari/605.1.15 (Applebot/0.1; +http://www.apple.com/go/applebot)" "ysfine.com"
51.222.253.11 - - [31/Oct/2022:05:36:44 -0700] "GET /ysbio/wdc/vernon04b.jpg HTTP/1.1" 200 44297 "-" "Mozilla/5.0 (compatible; AhrefsBot/7.0; +http://ahrefs.com/robot/)" "www.ysfine.com"
51.222.253.15 - - [31/Oct/2022:05:36:45 -0700] "GET /ysbio/wdc/rossboro2.jpg HTTP/1.1" 200 63136 "-" "Mozilla/5.0 (compatible; AhrefsBot/7.0; +http://ahrefs.com/robot/)" "www.ysfine.com"
51.222.253.14 - - [31/Oct/2022:05:36:50 -0700] "GET /ysbio/wdc/vernon05b.jpg HTTP/1.1" 200 47151 "-" "Mozilla/5.0 (compatible; AhrefsBot/7.0; +http://ahrefs.com/robot/)" "www.ysfine.com"
51.222.253.10 - - [31/Oct/2022:05:36:56 -0700] "GET /ysbio/wdc/vernon03b.jpg HTTP/1.1" 200 55664 "-" "Mozilla/5.0 (compatible; AhrefsBot/7.0; +http://ahrefs.com/robot/)" "www.ysfine.com"
51.222.253.17 - - [31/Oct/2022:05:37:02 -0700] "GET /ysbio/usca/pitt/fortpitt02b.jpg HTTP/1.1" 200 33944 "-" "Mozilla/5.0 (compatible; AhrefsBot/7.0; +http://ahrefs.com/robot/)" "www.ysfine.com"
77.88.5.126 - - [31/Oct/2022:05:37:25 -0700] "GET /kowar/war00.html HTTP/1.1" 200 4851 "-" "Mozilla/5.0 (compatible; YandexBot/3.0; +http://yandex.com/bots)" "www.ysfine.com"
40.77.167.27 - - [31/Oct/2022:05:38:45 -0700] "GET /ysbio/kobak/korart.html HTTP/1.1" 200 3759 "-" "Mozilla/5.0 AppleWebKit/537.36 (KHTML, like Gecko; compatible; bingbot/2.0; +http://www.bing.com/bingbot.htm) Chrome/103.0.5060.134 Safari/537.36" "ysfine.com"
157.55.39.113 - - [31/Oct/2022:05:38:51 -0700] "GET /bio/dirac/index.html HTTP/1.1" 404 88 "-" "Mozilla/5.0 (compatible; bingbot/2.0; +http://www.bing.com/bingbot.htm)" "ysfine.com"
89.64.14.72 - - [31/Oct/2022:05:40:26 -0700] "GET /maga/phys/yukafeyn.jpg HTTP/1.1" 200 111167 "https://www.google.com/" "Mozilla/5.0 (Windows NT 10.0; WOW64) AppleWebKit/537.36 (KHTML, like Gecko) Chrome/106.0.0.0 Safari/537.36" "ysfine.com"
89.64.14.72 - - [31/Oct/2022:05:40:37 -0700] "GET /feynman/feydirac.jpg HTTP/1.1" 200 98378 "https://www.google.com/" "Mozilla/5.0 (Windows NT 10.0; WOW64) AppleWebKit/537.36 (KHTML, like Gecko) Chrome/106.0.0.0 Safari/537.36" "ysfine.com"
40.77.167.27 - - [31/Oct/2022:05:40:54 -0700] "GET /ysbio/style/leica.html HTTP/1.1" 200 17158 "-" "Mozilla/5.0 (compatible; bingbot/2.0; +http://www.bing.com/bingbot.htm)" "ysfine.com"
3.10.73.86 - - [31/Oct/2022:05:41:04 -0700] "GET /world/brit/etonharrow.html HTTP/1.1" 200 4546 "https://www.google.com/" "Mozilla/5.0 (X11; Linux x86_64) AppleWebKit/537.36 (KHTML, like Gecko) Chrome/86.0.4240.183 Safari/537.36" "ysfine.com"
3.10.73.86 - - [31/Oct/2022:05:41:04 -0700] "GET /kobak/taylor33c.jpg HTTP/1.1" 200 39951 "https://ysfine.com/world/brit/etonharrow.html" "Mozilla/5.0 (X11; Linux x86_64) AppleWebKit/537.36 (KHTML, like Gecko) Chrome/86.0.4240.183 Safari/537.36" "ysfine.com"
3.10.73.86 - - [31/Oct/2022:05:41:04 -0700] "GET /world/brit/harrow11b.jpg HTTP/1.1" 200 42533 "https://ysfine.com/world/brit/etonharrow.html" "Mozilla/5.0 (X11; Linux x86_64) AppleWebKit/537.36 (KHTML, like Gecko) Chrome/86.0.4240.183 Safari/537.36" "ysfine.com"
3.10.73.86 - - [31/Oct/2022:05:41:04 -0700] "GET /world/brit/harrow12b.jpg HTTP/1.1" 200 45104 "https://ysfine.com/world/brit/etonharrow.html" "Mozilla/5.0 (X11; Linux x86_64) AppleWebKit/537.36 (KHTML, like Gecko) Chrome/86.0.4240.183 Safari/537.36" "ysfine.com"
3.10.73.86 - - [31/Oct/2022:05:41:04 -0700] "GET /world/brit/harrow01b.jpg HTTP/1.1" 200 54632 "https://ysfine.com/world/brit/etonharrow.html" "Mozilla/5.0 (X11; Linux x86_64) AppleWebKit/537.36 (KHTML, like Gecko) Chrome/86.0.4240.183 Safari/537.36" "ysfine.com"
3.10.73.86 - - [31/Oct/2022:05:41:04 -0700] "GET /world/brit/harrow04b.jpg HTTP/1.1" 200 48004 "https://ysfine.com/world/brit/etonharrow.html" "Mozilla/5.0 (X11; Linux x86_64) AppleWebKit/537.36 (KHTML, like Gecko) Chrome/86.0.4240.183 Safari/537.36" "ysfine.com"
3.10.73.86 - - [31/Oct/2022:05:41:04 -0700] "GET /eink/pwk19c.jpg HTTP/1.1" 200 57759 "https://ysfine.com/world/brit/etonharrow.html" "Mozilla/5.0 (X11; Linux x86_64) AppleWebKit/537.36 (KHTML, like Gecko) Chrome/86.0.4240.183 Safari/537.36" "ysfine.com"
3.10.73.86 - - [31/Oct/2022:05:41:04 -0700] "GET /world/brit/winston01b.jpg HTTP/1.1" 200 38436 "https://ysfine.com/world/brit/etonharrow.html" "Mozilla/5.0 (X11; Linux x86_64) AppleWebKit/537.36 (KHTML, like Gecko) Chrome/86.0.4240.183 Safari/537.36" "ysfine.com"
3.10.73.86 - - [31/Oct/2022:05:41:04 -0700] "GET /kobak/kwk11b.jpg HTTP/1.1" 200 46888 "https://ysfine.com/world/brit/etonharrow.html" "Mozilla/5.0 (X11; Linux x86_64) AppleWebKit/537.36 (KHTML, like Gecko) Chrome/86.0.4240.183 Safari/537.36" "ysfine.com"
3.10.73.86 - - [31/Oct/2022:05:41:04 -0700] "GET /world/brit/nehru11b.jpg HTTP/1.1" 200 43052 "https://ysfine.com/world/brit/etonharrow.html" "Mozilla/5.0 (X11; Linux x86_64) AppleWebKit/537.36 (KHTML, like Gecko) Chrome/86.0.4240.183 Safari/537.36" "ysfine.com"
3.10.73.86 - - [31/Oct/2022:05:41:04 -0700] "GET /world/brit/eton07b.jpg HTTP/1.1" 200 36566 "https://ysfine.com/world/brit/etonharrow.html" "Mozilla/5.0 (X11; Linux x86_64) AppleWebKit/537.36 (KHTML, like Gecko) Chrome/86.0.4240.183 Safari/537.36" "ysfine.com"
3.10.73.86 - - [31/Oct/2022:05:41:04 -0700] "GET /world/brit/eton02b.jpg HTTP/1.1" 200 39432 "https://ysfine.com/world/brit/etonharrow.html" "Mozilla/5.0 (X11; Linux x86_64) AppleWebKit/537.36 (KHTML, like Gecko) Chrome/86.0.4240.183 Safari/537.36" "ysfine.com"
3.10.73.86 - - [31/Oct/2022:05:41:04 -0700] "GET /world/brit/eton03b.jpg HTTP/1.1" 200 45141 "https://ysfine.com/world/brit/etonharrow.html" "Mozilla/5.0 (X11; Linux x86_64) AppleWebKit/537.36 (KHTML, like Gecko) Chrome/86.0.4240.183 Safari/537.36" "ysfine.com"
3.10.73.86 - - [31/Oct/2022:05:41:04 -0700] "GET /world/brit/eton01b.jpg HTTP/1.1" 200 47771 "https://ysfine.com/world/brit/etonharrow.html" "Mozilla/5.0 (X11; Linux x86_64) AppleWebKit/537.36 (KHTML, like Gecko) Chrome/86.0.4240.183 Safari/537.36" "ysfine.com"
3.10.73.86 - - [31/Oct/2022:05:41:04 -0700] "GET /world/brit/harrow09b.jpg HTTP/1.1" 200 48797 "https://ysfine.com/world/brit/etonharrow.html" "Mozilla/5.0 (X11; Linux x86_64) AppleWebKit/537.36 (KHTML, like Gecko) Chrome/86.0.4240.183 Safari/537.36" "ysfine.com"
3.10.73.86 - - [31/Oct/2022:05:41:04 -0700] "GET /world/brit/windsor02b.jpg HTTP/1.1" 200 40724 "https://ysfine.com/world/brit/etonharrow.html" "Mozilla/5.0 (X11; Linux x86_64) AppleWebKit/537.36 (KHTML, like Gecko) Chrome/86.0.4240.183 Safari/537.36" "ysfine.com"
3.10.73.86 - - [31/Oct/2022:05:41:07 -0700] "GET /favicon.ico HTTP/1.1" 404 88 "https://ysfine.com/world/brit/etonharrow.html" "Mozilla/5.0 (X11; Linux x86_64) AppleWebKit/537.36 (KHTML, like Gecko) Chrome/86.0.4240.183 Safari/537.36" "ysfine.com"
40.77.167.71 - - [31/Oct/2022:05:42:26 -0700] "GET /ysbio/princeton/pstorie.html HTTP/1.1" 200 1462 "-" "Mozilla/5.0 AppleWebKit/537.36 (KHTML, like Gecko; compatible; bingbot/2.0; +http://www.bing.com/bingbot.htm) Chrome/103.0.5060.134 Safari/537.36" "ysfine.com"
157.55.39.14 - - [31/Oct/2022:05:43:40 -0700] "GET /bio/einstein/bern.html HTTP/1.1" 404 88 "-" "Mozilla/5.0 AppleWebKit/537.36 (KHTML, like Gecko; compatible; bingbot/2.0; +http://www.bing.com/bingbot.htm) Chrome/103.0.5060.134 Safari/537.36" "ysfine.com"
157.55.39.113 - - [31/Oct/2022:05:44:01 -0700] "GET /ysbio/bio05 HTTP/1.1" 200 14660 "-" "Mozilla/5.0 (compatible; bingbot/2.0; +http://www.bing.com/bingbot.htm)" "ysfine.com"
51.222.253.1 - - [31/Oct/2022:05:44:38 -0700] "GET /ysbio/kobak/yskor.html HTTP/1.1" 200 9937 "-" "Mozilla/5.0 (compatible; AhrefsBot/7.0; +http://ahrefs.com/robot/)" "ysfine.com"
51.222.253.7 - - [31/Oct/2022:05:44:44 -0700] "GET /ysbio/kobak/nicodem22c.jpg HTTP/1.1" 200 38853 "-" "Mozilla/5.0 (compatible; AhrefsBot/7.0; +http://ahrefs.com/robot/)" "ysfine.com"
51.222.253.13 - - [31/Oct/2022:05:44:50 -0700] "GET /ysbio/kowar/tanks/tank05c.jpg HTTP/1.1" 200 33583 "-" "Mozilla/5.0 (compatible; AhrefsBot/7.0; +http://ahrefs.com/robot/)" "ysfine.com"
51.222.253.13 - - [31/Oct/2022:05:44:55 -0700] "GET /ysbio/kobak/taylor11c.jpg HTTP/1.1" 200 37695 "-" "Mozilla/5.0 (compatible; AhrefsBot/7.0; +http://ahrefs.com/robot/)" "ysfine.com"
51.222.253.19 - - [31/Oct/2022:05:45:01 -0700] "GET /ysbio/kobak/kostu16c.jpg HTTP/1.1" 200 40782 "-" "Mozilla/5.0 (compatible; AhrefsBot/7.0; +http://ahrefs.com/robot/)" "ysfine.com"
51.222.253.6 - - [31/Oct/2022:05:45:07 -0700] "GET /ysbio/kobak/abstrart11c.jpg HTTP/1.1" 200 47224 "-" "Mozilla/5.0 (compatible; AhrefsBot/7.0; +http://ahrefs.com/robot/)" "ysfine.com"
51.222.253.11 - - [31/Oct/2022:05:45:13 -0700] "GET /ysbio/kobak/sorae/kumipo01c.jpg HTTP/1.1" 200 28588 "-" "Mozilla/5.0 (compatible; AhrefsBot/7.0; +http://ahrefs.com/robot/)" "ysfine.com"
51.222.253.9 - - [31/Oct/2022:05:45:18 -0700] "GET /ysbio/kobak/kwk11c.jpg HTTP/1.1" 200 46641 "-" "Mozilla/5.0 (compatible; AhrefsBot/7.0; +http://ahrefs.com/robot/)" "ysfine.com"
51.222.253.6 - - [31/Oct/2022:05:45:24 -0700] "GET /ysbio/kobak/sl5017c.jpg HTTP/1.1" 200 74057 "-" "Mozilla/5.0 (compatible; AhrefsBot/7.0; +http://ahrefs.com/robot/)" "ysfine.com"
51.222.253.19 - - [31/Oct/2022:05:45:30 -0700] "GET /ysbio/kobak/samsung11c.jpg HTTP/1.1" 200 34928 "-" "Mozilla/5.0 (compatible; AhrefsBot/7.0; +http://ahrefs.com/robot/)" "ysfine.com"
51.222.253.2 - - [31/Oct/2022:05:45:36 -0700] "GET /ysbio/world/ital/aquinas02c.jpg HTTP/1.1" 200 48806 "-" "Mozilla/5.0 (compatible; AhrefsBot/7.0; +http://ahrefs.com/robot/)" "ysfine.com"
51.222.253.9 - - [31/Oct/2022:05:45:42 -0700] "GET /ysbio/world/russ/roskei10c.jpg HTTP/1.1" 200 33216 "-" "Mozilla/5.0 (compatible; AhrefsBot/7.0; +http://ahrefs.com/robot/)" "ysfine.com"
51.222.253.13 - - [31/Oct/2022:05:45:47 -0700] "GET /ysbio/kobak/underw03c.jpg HTTP/1.1" 200 26805 "-" "Mozilla/5.0 (compatible; AhrefsBot/7.0; +http://ahrefs.com/robot/)" "ysfine.com"
51.222.253.18 - - [31/Oct/2022:05:45:53 -0700] "GET /ysbio/world/russ/roskei90c.jpg HTTP/1.1" 200 40535 "-" "Mozilla/5.0 (compatible; AhrefsBot/7.0; +http://ahrefs.com/robot/)" "ysfine.com"
51.222.253.9 - - [31/Oct/2022:05:45:56 -0700] "GET /ysbio/kowar/tanks/tank03c.jpg HTTP/1.1" 200 48323 "-" "Mozilla/5.0 (compatible; AhrefsBot/7.0; +http://ahrefs.com/robot/)" "ysfine.com"
51.222.253.2 - - [31/Oct/2022:05:46:01 -0700] "GET /ysbio/kobak/sorae01c.jpg HTTP/1.1" 200 23295 "-" "Mozilla/5.0 (compatible; AhrefsBot/7.0; +http://ahrefs.com/robot/)" "ysfine.com"
51.222.253.20 - - [31/Oct/2022:05:46:02 -0700] "GET /ysbio/kobak/kcrown.jpg HTTP/1.1" 200 41579 "-" "Mozilla/5.0 (compatible; AhrefsBot/7.0; +http://ahrefs.com/robot/)" "ysfine.com"
51.222.253.16 - - [31/Oct/2022:05:46:07 -0700] "GET /ysbio/world/ital/milanf01c.jpg HTTP/1.1" 200 37826 "-" "Mozilla/5.0 (compatible; AhrefsBot/7.0; +http://ahrefs.com/robot/)" "ysfine.com"
51.222.253.18 - - [31/Oct/2022:05:46:13 -0700] "GET /ysbio/kobak/angelus11c.jpg HTTP/1.1" 200 33985 "-" "Mozilla/5.0 (compatible; AhrefsBot/7.0; +http://ahrefs.com/robot/)" "ysfine.com"
51.222.253.4 - - [31/Oct/2022:05:46:19 -0700] "GET /ysbio/kobak/yoonhm11c.jpg HTTP/1.1" 200 34967 "-" "Mozilla/5.0 (compatible; AhrefsBot/7.0; +http://ahrefs.com/robot/)" "ysfine.com"
54.166.206.158 - - [31/Oct/2022:05:46:23 -0700] "GET /sitemap.xml HTTP/1.1" 304 - "https://www.google.com/" "Mozilla/5.0 (Windows NT 10.0; Win64; x64) AppleWebKit/537.36 (KHTML, like Gecko) Chrome/79.0.3945.130 Safari/537.36 OPR/66.0.3515.103" "www.ysfine.com"
51.222.253.14 - - [31/Oct/2022:05:46:24 -0700] "GET /ysbio/kobak/taylor450.jpg HTTP/1.1" 200 70219 "-" "Mozilla/5.0 (compatible; AhrefsBot/7.0; +http://ahrefs.com/robot/)" "ysfine.com"
51.222.253.15 - - [31/Oct/2022:05:46:30 -0700] "GET /ysbio/kobak/swr51c.jpg HTTP/1.1" 200 35677 "-" "Mozilla/5.0 (compatible; AhrefsBot/7.0; +http://ahrefs.com/robot/)" "ysfine.com"
51.222.253.15 - - [31/Oct/2022:05:46:36 -0700] "GET /ysbio/kobak/kostu05c.jpg HTTP/1.1" 200 29563 "-" "Mozilla/5.0 (compatible; AhrefsBot/7.0; +http://ahrefs.com/robot/)" "ysfine.com"
216.244.66.229 - - [31/Oct/2022:05:48:07 -0700] "GET /robots.txt HTTP/1.1" 404 73 "-" "Mozilla/5.0 (compatible; DotBot/1.2; +https://opensiteexplorer.org/dotbot; help@moz.com)" "www.ysfine.com"
173.252.83.4 - - [31/Oct/2022:05:49:55 -0700] "GET /ysbio/bio09.html HTTP/1.1" 206 3610 "-" "facebookexternalhit/1.1 (+http://www.facebook.com/externalhit_uatext.php)" "ysfine.com"
40.77.167.71 - - [31/Oct/2022:05:51:16 -0700] "GET /bio/style/ystyle.html HTTP/1.1" 404 88 "-" "Mozilla/5.0 (compatible; bingbot/2.0; +http://www.bing.com/bingbot.htm)" "ysfine.com"
202.86.218.87 - - [31/Oct/2022:05:51:39 -0700] "GET /einstein/eins54.jpg HTTP/1.1" 200 86686 "-" "com.google.android.apps.searchlite/499582 (Linux; U; Android 11; en_BD; SM-A032F; Build/RP1A.201005.001; Cronet/107.0.5304.15)" "ysfine.com"
114.119.128.14 - - [31/Oct/2022:05:52:00 -0700] "GET /class54/osakaf23c.jpg HTTP/1.1" 200 37284 "https://www.ysfine.com/class54/roofless.html" "Mozilla/5.0 (Linux; Android 7.0;) AppleWebKit/537.36 (KHTML, like Gecko) Mobile Safari/537.36 (compatible; PetalBot;+https://webmaster.petalsearch.com/site/petalbot)" "www.ysfine.com"
216.244.66.229 - - [31/Oct/2022:05:52:28 -0700] "GET /ffriends/brazny02.jpg HTTP/1.1" 200 109609 "-" "Mozilla/5.0 (compatible; DotBot/1.2; +https://opensiteexplorer.org/dotbot; help@moz.com)" "www.ysfine.com"
216.244.66.229 - - [31/Oct/2022:05:52:30 -0700] "GET /ffriends/russzuri03.jpg HTTP/1.1" 200 94837 "-" "Mozilla/5.0 (compatible; DotBot/1.2; +https://opensiteexplorer.org/dotbot; help@moz.com)" "www.ysfine.com"
216.244.66.229 - - [31/Oct/2022:05:52:41 -0700] "GET /ffriends/victork11.jpg HTTP/1.1" 200 64842 "-" "Mozilla/5.0 (compatible; DotBot/1.2; +https://opensiteexplorer.org/dotbot; help@moz.com)" "www.ysfine.com"
51.222.253.8 - - [31/Oct/2022:05:52:48 -0700] "GET /manko/index.html HTTP/1.1" 200 135 "-" "Mozilla/5.0 (compatible; AhrefsBot/7.0; +http://ahrefs.com/robot/)" "ysfine.com"
92.184.112.20 - - [31/Oct/2022:05:53:21 -0700] "GET /style/tatiana11.jpg HTTP/1.1" 200 146910 "https://www.google.com/" "Mozilla/5.0 (Windows NT 10.0; Win64; x64) AppleWebKit/537.36 (KHTML, like Gecko) Chrome/106.0.0.0 Safari/537.36" "ysfine.com"
173.73.77.36 - - [31/Oct/2022:05:53:24 -0700] "GET /favicon.ico HTTP/1.1" 404 88 "https://ysfine.com/ys11/" "Mozilla/5.0 (Windows NT 10.0; Win64; x64) AppleWebKit/537.36 (KHTML, like Gecko) Chrome/107.0.0.0 Safari/537.36" "ysfine.com"
157.55.39.14 - - [31/Oct/2022:05:53:42 -0700] "GET /bio/awards/iao.html HTTP/1.1" 404 88 "-" "Mozilla/5.0 AppleWebKit/537.36 (KHTML, like Gecko; compatible; bingbot/2.0; +http://www.bing.com/bingbot.htm) Chrome/103.0.5060.134 Safari/537.36" "ysfine.com"
77.88.5.39 - - [31/Oct/2022:05:54:31 -0700] "GET /maga/deforest.html HTTP/1.1" 200 4660 "-" "Mozilla/5.0 (compatible; YandexBot/3.0; +http://yandex.com/bots)" "www.ysfine.com"
54.236.1.13 - - [31/Oct/2022:05:54:50 -0700] "GET /robots.txt HTTP/1.1" 404 88 "-" "Mozilla/5.0 (compatible; Pinterestbot/1.0; +http://www.pinterest.com/bot.html)" "ysfine.com"
54.236.1.13 - - [31/Oct/2022:05:54:50 -0700] "GET /princeton/campus.html HTTP/1.1" 200 15142 "-" "Mozilla/5.0 (compatible; Pinterestbot/1.0; +http://www.pinterest.com/bot.html)" "ysfine.com"
157.55.39.121 - - [31/Oct/2022:05:55:00 -0700] "GET /ysbio/princeton/bagpipes.html HTTP/1.1" 200 245 "-" "Mozilla/5.0 AppleWebKit/537.36 (KHTML, like Gecko; compatible; bingbot/2.0; +http://www.bing.com/bingbot.htm) Chrome/103.0.5060.134 Safari/537.36" "ysfine.com"
