24.0.255.27 - - [12/Oct/2022:08:46:17 -0700] "GET /kobak/nicodem11b.jpg HTTP/1.1" 200 79065 "https://ysfine.com/dirac/wigsis.html" "Mozilla/5.0 (Macintosh; Intel Mac OS X 10_14_6) AppleWebKit/537.36 (KHTML, like Gecko) Chrome/106.0.0.0 Safari/537.36" "ysfine.com"
24.0.255.27 - - [12/Oct/2022:08:46:17 -0700] "GET /world/poland/jablo19b.jpg HTTP/1.1" 200 49913 "https://ysfine.com/dirac/wigsis.html" "Mozilla/5.0 (Macintosh; Intel Mac OS X 10_14_6) AppleWebKit/537.36 (KHTML, like Gecko) Chrome/106.0.0.0 Safari/537.36" "ysfine.com"
24.0.255.27 - - [12/Oct/2022:08:46:18 -0700] "GET /favicon.ico HTTP/1.1" 404 88 "https://ysfine.com/dirac/wigsis.html" "Mozilla/5.0 (Macintosh; Intel Mac OS X 10_14_6) AppleWebKit/537.36 (KHTML, like Gecko) Chrome/106.0.0.0 Safari/537.36" "ysfine.com"
24.0.255.27 - - [12/Oct/2022:08:46:29 -0700] "GET /princeton/annex11.jpg HTTP/1.1" 200 136808 "https://ysfine.com/dirac/wigsis.html" "Mozilla/5.0 (Macintosh; Intel Mac OS X 10_14_6) AppleWebKit/537.36 (KHTML, like Gecko) Chrome/106.0.0.0 Safari/537.36" "ysfine.com"
157.55.39.127 - - [12/Oct/2022:08:46:34 -0700] "GET /dongio/aline/lufthan01.jpg HTTP/1.1" 404 88 "-" "Mozilla/5.0 (compatible; bingbot/2.0; +http://www.bing.com/bingbot.htm)" "ysfine.com"
157.55.39.55 - - [12/Oct/2022:08:46:38 -0700] "GET /people/woods.jpg HTTP/1.1" 200 59800 "-" "Mozilla/5.0 AppleWebKit/537.36 (KHTML, like Gecko; compatible; bingbot/2.0; +http://www.bing.com/bingbot.htm) Chrome/103.0.5060.134 Safari/537.36" "ysfine.com"
157.55.39.128 - - [12/Oct/2022:08:46:53 -0700] "GET /dirac/lorendir.html HTTP/1.1" 200 2426 "-" "Mozilla/5.0 AppleWebKit/537.36 (KHTML, like Gecko; compatible; bingbot/2.0; +http://www.bing.com/bingbot.htm) Chrome/103.0.5060.134 Safari/537.36" "www.ysfine.com"
157.55.39.127 - - [12/Oct/2022:08:46:54 -0700] "GET /bio/style/shops.html HTTP/1.1" 404 88 "-" "Mozilla/5.0 (compatible; bingbot/2.0; +http://www.bing.com/bingbot.htm)" "ysfine.com"
103.131.71.139 - - [12/Oct/2022:08:46:55 -0700] "GET / HTTP/1.1" 304 - "-" "Mozilla/5.0 (compatible; coccocbot-web/1.0; +http://help.coccoc.com/searchengine)" "ysfine.com"
207.46.13.102 - - [12/Oct/2022:08:46:58 -0700] "GET /maga/keigel.html HTTP/1.1" 200 6995 "-" "Mozilla/5.0 AppleWebKit/537.36 (KHTML, like Gecko; compatible; bingbot/2.0; +http://www.bing.com/bingbot.htm) Chrome/103.0.5060.134 Safari/537.36" "ysfine.com"
194.81.125.231 - - [12/Oct/2022:08:47:03 -0700] "GET /style/musee/britmu31.jpg HTTP/1.1" 200 79045 "https://www.google.com/" "Mozilla/5.0 (Macintosh; Intel Mac OS X 10_15_7) AppleWebKit/605.1.15 (KHTML, like Gecko) Version/13.1.3 Safari/605.1.15" "ysfine.com"
103.131.71.139 - - [12/Oct/2022:08:47:03 -0700] "GET /kobak/kimc.html HTTP/1.1" 200 4345 "-" "Mozilla/5.0 (compatible; coccocbot-web/1.0; +http://help.coccoc.com/searchengine)" "ysfine.com"
157.55.39.58 - - [12/Oct/2022:08:47:25 -0700] "GET /princeton/dulles.html HTTP/1.1" 200 2700 "-" "Mozilla/5.0 (compatible; bingbot/2.0; +http://www.bing.com/bingbot.htm)" "ysfine.com"
157.55.39.58 - - [12/Oct/2022:08:47:26 -0700] "GET /world/bologna.html HTTP/1.1" 200 6357 "-" "Mozilla/5.0 (compatible; bingbot/2.0; +http://www.bing.com/bingbot.htm)" "ysfine.com"
157.55.39.127 - - [12/Oct/2022:08:47:33 -0700] "GET /world/brit/britmu.html HTTP/1.1" 200 4897 "-" "Mozilla/5.0 (compatible; bingbot/2.0; +http://www.bing.com/bingbot.htm)" "ysfine.com"
157.55.39.58 - - [12/Oct/2022:08:48:05 -0700] "GET /sbk/2008athens22.jpg HTTP/1.1" 200 202963 "-" "Mozilla/5.0 (compatible; bingbot/2.0; +http://www.bing.com/bingbot.htm)" "ysfine.com"
24.189.145.134 - - [12/Oct/2022:08:48:27 -0700] "GET /ysbio/einstein/further.html HTTP/1.1" 200 4338 "https://ysfine.com/ysbio/sing.html" "Mozilla/5.0 (Windows NT 10.0; Win64; x64) AppleWebKit/537.36 (KHTML, like Gecko) Chrome/106.0.0.0 Safari/537.36" "ysfine.com"
24.189.145.134 - - [12/Oct/2022:08:48:27 -0700] "GET /ysbio/einstein/eins05c.jpg HTTP/1.1" 200 52461 "https://ysfine.com/ysbio/einstein/further.html" "Mozilla/5.0 (Windows NT 10.0; Win64; x64) AppleWebKit/537.36 (KHTML, like Gecko) Chrome/106.0.0.0 Safari/537.36" "ysfine.com"
24.189.145.134 - - [12/Oct/2022:08:48:27 -0700] "GET /ysbio/einstein/einbohr33c.jpg HTTP/1.1" 200 36410 "https://ysfine.com/ysbio/einstein/further.html" "Mozilla/5.0 (Windows NT 10.0; Win64; x64) AppleWebKit/537.36 (KHTML, like Gecko) Chrome/106.0.0.0 Safari/537.36" "ysfine.com"
24.189.145.134 - - [12/Oct/2022:08:48:27 -0700] "GET /ysbio/einstein/newtwig11f.jpg HTTP/1.1" 200 75618 "https://ysfine.com/ysbio/einstein/further.html" "Mozilla/5.0 (Windows NT 10.0; Win64; x64) AppleWebKit/537.36 (KHTML, like Gecko) Chrome/106.0.0.0 Safari/537.36" "ysfine.com"
24.189.145.134 - - [12/Oct/2022:08:48:27 -0700] "GET /ysbio/einstein/ewk86f.jpg HTTP/1.1" 200 127172 "https://ysfine.com/ysbio/einstein/further.html" "Mozilla/5.0 (Windows NT 10.0; Win64; x64) AppleWebKit/537.36 (KHTML, like Gecko) Chrome/106.0.0.0 Safari/537.36" "ysfine.com"
24.189.145.134 - - [12/Oct/2022:08:48:27 -0700] "GET /ysbio/einstein/newtein11f.jpg HTTP/1.1" 200 75467 "https://ysfine.com/ysbio/einstein/further.html" "Mozilla/5.0 (Windows NT 10.0; Win64; x64) AppleWebKit/537.36 (KHTML, like Gecko) Chrome/106.0.0.0 Safari/537.36" "ysfine.com"
24.189.145.134 - - [12/Oct/2022:08:48:27 -0700] "GET /ysbio/einstein/dirfeyn55f.jpg HTTP/1.1" 200 106448 "https://ysfine.com/ysbio/einstein/further.html" "Mozilla/5.0 (Windows NT 10.0; Win64; x64) AppleWebKit/537.36 (KHTML, like Gecko) Chrome/106.0.0.0 Safari/537.36" "ysfine.com"
24.189.145.134 - - [12/Oct/2022:08:48:27 -0700] "GET /ysbio/eink/pwk19c.jpg HTTP/1.1" 200 57759 "https://ysfine.com/ysbio/einstein/further.html" "Mozilla/5.0 (Windows NT 10.0; Win64; x64) AppleWebKit/537.36 (KHTML, like Gecko) Chrome/106.0.0.0 Safari/537.36" "ysfine.com"
24.189.145.134 - - [12/Oct/2022:08:48:27 -0700] "GET /ysbio/einstein/eward33f.jpg HTTP/1.1" 200 77764 "https://ysfine.com/ysbio/einstein/further.html" "Mozilla/5.0 (Windows NT 10.0; Win64; x64) AppleWebKit/537.36 (KHTML, like Gecko) Chrome/106.0.0.0 Safari/537.36" "ysfine.com"
24.189.145.134 - - [12/Oct/2022:08:48:27 -0700] "GET /ysbio/einstein/places/einha01c.jpg HTTP/1.1" 200 39982 "https://ysfine.com/ysbio/einstein/further.html" "Mozilla/5.0 (Windows NT 10.0; Win64; x64) AppleWebKit/537.36 (KHTML, like Gecko) Chrome/106.0.0.0 Safari/537.36" "ysfine.com"
24.189.145.134 - - [12/Oct/2022:08:48:27 -0700] "GET /ysbio/einstein/places/einha02c.jpg HTTP/1.1" 200 23710 "https://ysfine.com/ysbio/einstein/further.html" "Mozilla/5.0 (Windows NT 10.0; Win64; x64) AppleWebKit/537.36 (KHTML, like Gecko) Chrome/106.0.0.0 Safari/537.36" "ysfine.com"
207.46.13.102 - - [12/Oct/2022:08:48:45 -0700] "GET /newyork/nyc.html HTTP/1.1" 200 31389 "-" "Mozilla/5.0 AppleWebKit/537.36 (KHTML, like Gecko; compatible; bingbot/2.0; +http://www.bing.com/bingbot.htm) Chrome/103.0.5060.134 Safari/537.36" "ysfine.com"
207.46.13.102 - - [12/Oct/2022:08:48:55 -0700] "GET /world/russ/masha33.jpg HTTP/1.1" 200 56630 "-" "Mozilla/5.0 (compatible; bingbot/2.0; +http://www.bing.com/bingbot.htm)" "www.ysfine.com"
207.46.13.102 - - [12/Oct/2022:08:49:24 -0700] "GET /bio/einstein/bern.html HTTP/1.1" 404 88 "-" "Mozilla/5.0 AppleWebKit/537.36 (KHTML, like Gecko; compatible; bingbot/2.0; +http://www.bing.com/bingbot.htm) Chrome/103.0.5060.134 Safari/537.36" "ysfine.com"
2.177.122.221 - - [12/Oct/2022:08:50:22 -0700] "GET /maga/histo/desiree21.jpg HTTP/1.1" 200 91829 "https://www.google.com/" "Mozilla/5.0 (iPhone; CPU iPhone OS 16_0 like Mac OS X) AppleWebKit/605.1.15 (KHTML, like Gecko) Version/16.0 Mobile/15E148 Safari/604.1" "ysfine.com"
157.55.39.128 - - [12/Oct/2022:08:51:23 -0700] "GET /einstein/ysturner11.jpg HTTP/1.1" 200 176356 "-" "Mozilla/5.0 AppleWebKit/537.36 (KHTML, like Gecko; compatible; bingbot/2.0; +http://www.bing.com/bingbot.htm) Chrome/103.0.5060.134 Safari/537.36" "ysfine.com"
103.189.207.76 - - [12/Oct/2022:08:51:32 -0700] "GET /maga/phys/naimar/pewk06.jpg HTTP/1.1" 200 78645 "https://www.google.com/" "Mozilla/5.0 (Windows NT 10.0; Win64; x64) AppleWebKit/537.36 (KHTML, like Gecko) Chrome/106.0.0.0 Safari/537.36" "ysfine.com"
40.77.167.27 - - [12/Oct/2022:08:52:04 -0700] "GET /princeton/ustore22.jpg HTTP/1.1" 200 120650 "-" "Mozilla/5.0 AppleWebKit/537.36 (KHTML, like Gecko; compatible; bingbot/2.0; +http://www.bing.com/bingbot.htm) Chrome/103.0.5060.134 Safari/537.36" "ysfine.com"
40.77.167.27 - - [12/Oct/2022:08:52:05 -0700] "GET /einstein/ulm.html HTTP/1.1" 200 6713 "-" "Mozilla/5.0 (compatible; bingbot/2.0; +http://www.bing.com/bingbot.htm)" "ysfine.com"
157.55.39.58 - - [12/Oct/2022:08:52:09 -0700] "GET /kobak/northk.jpg HTTP/1.1" 200 112148 "-" "Mozilla/5.0 AppleWebKit/537.36 (KHTML, like Gecko; compatible; bingbot/2.0; +http://www.bing.com/bingbot.htm) Chrome/103.0.5060.134 Safari/537.36" "ysfine.com"
24.189.145.134 - - [12/Oct/2022:08:52:19 -0700] "GET /ysbio/eink/index.html HTTP/1.1" 200 17688 "https://ysfine.com/ysbio/sing.html" "Mozilla/5.0 (Windows NT 10.0; Win64; x64) AppleWebKit/537.36 (KHTML, like Gecko) Chrome/106.0.0.0 Safari/537.36" "ysfine.com"
24.189.145.134 - - [12/Oct/2022:08:52:20 -0700] "GET /ysbio/einstein/einglaub01c.jpg HTTP/1.1" 200 36935 "https://ysfine.com/ysbio/eink/index.html" "Mozilla/5.0 (Windows NT 10.0; Win64; x64) AppleWebKit/537.36 (KHTML, like Gecko) Chrome/106.0.0.0 Safari/537.36" "ysfine.com"
24.189.145.134 - - [12/Oct/2022:08:52:20 -0700] "GET /ysbio/eink/einhouse11c.jpg HTTP/1.1" 200 32610 "https://ysfine.com/ysbio/eink/index.html" "Mozilla/5.0 (Windows NT 10.0; Win64; x64) AppleWebKit/537.36 (KHTML, like Gecko) Chrome/106.0.0.0 Safari/537.36" "ysfine.com"
24.189.145.134 - - [12/Oct/2022:08:52:20 -0700] "GET /ysbio/style/ysnr11c.jpg HTTP/1.1" 200 34793 "https://ysfine.com/ysbio/eink/index.html" "Mozilla/5.0 (Windows NT 10.0; Win64; x64) AppleWebKit/537.36 (KHTML, like Gecko) Chrome/106.0.0.0 Safari/537.36" "ysfine.com"
24.189.145.134 - - [12/Oct/2022:08:52:20 -0700] "GET /ysbio/eink/einbern66c.jpg HTTP/1.1" 200 51134 "https://ysfine.com/ysbio/eink/index.html" "Mozilla/5.0 (Windows NT 10.0; Win64; x64) AppleWebKit/537.36 (KHTML, like Gecko) Chrome/106.0.0.0 Safari/537.36" "ysfine.com"
24.189.145.134 - - [12/Oct/2022:08:52:20 -0700] "GET /ysbio/eink/newtein77f.jpg HTTP/1.1" 200 46322 "https://ysfine.com/ysbio/eink/index.html" "Mozilla/5.0 (Windows NT 10.0; Win64; x64) AppleWebKit/537.36 (KHTML, like Gecko) Chrome/106.0.0.0 Safari/537.36" "ysfine.com"
24.189.145.134 - - [12/Oct/2022:08:52:20 -0700] "GET /ysbio/eink/comet40f.jpg HTTP/1.1" 200 97314 "https://ysfine.com/ysbio/eink/index.html" "Mozilla/5.0 (Windows NT 10.0; Win64; x64) AppleWebKit/537.36 (KHTML, like Gecko) Chrome/106.0.0.0 Safari/537.36" "ysfine.com"
24.189.145.134 - - [12/Oct/2022:08:52:20 -0700] "GET /ysbio/eink/ecitizen40c.jpg HTTP/1.1" 200 29979 "https://ysfine.com/ysbio/eink/index.html" "Mozilla/5.0 (Windows NT 10.0; Win64; x64) AppleWebKit/537.36 (KHTML, like Gecko) Chrome/106.0.0.0 Safari/537.36" "ysfine.com"
24.189.145.134 - - [12/Oct/2022:08:52:20 -0700] "GET /ysbio/eink/parton900.jpg HTTP/1.1" 200 126652 "https://ysfine.com/ysbio/eink/index.html" "Mozilla/5.0 (Windows NT 10.0; Win64; x64) AppleWebKit/537.36 (KHTML, like Gecko) Chrome/106.0.0.0 Safari/537.36" "ysfine.com"
24.189.145.134 - - [12/Oct/2022:08:52:20 -0700] "GET /ysbio/kowar/tanks/tank05c.jpg HTTP/1.1" 200 33583 "https://ysfine.com/ysbio/eink/index.html" "Mozilla/5.0 (Windows NT 10.0; Win64; x64) AppleWebKit/537.36 (KHTML, like Gecko) Chrome/106.0.0.0 Safari/537.36" "ysfine.com"
24.189.145.134 - - [12/Oct/2022:08:52:20 -0700] "GET /ysbio/eink/weber88c.jpg HTTP/1.1" 200 24641 "https://ysfine.com/ysbio/eink/index.html" "Mozilla/5.0 (Windows NT 10.0; Win64; x64) AppleWebKit/537.36 (KHTML, like Gecko) Chrome/106.0.0.0 Safari/537.36" "ysfine.com"
24.189.145.134 - - [12/Oct/2022:08:52:20 -0700] "GET /ysbio/eink/berlinmus05c.jpg HTTP/1.1" 200 33956 "https://ysfine.com/ysbio/eink/index.html" "Mozilla/5.0 (Windows NT 10.0; Win64; x64) AppleWebKit/537.36 (KHTML, like Gecko) Chrome/106.0.0.0 Safari/537.36" "ysfine.com"
24.189.145.134 - - [12/Oct/2022:08:52:20 -0700] "GET /ysbio/yspapers/iop19c.jpg HTTP/1.1" 200 40220 "https://ysfine.com/ysbio/eink/index.html" "Mozilla/5.0 (Windows NT 10.0; Win64; x64) AppleWebKit/537.36 (KHTML, like Gecko) Chrome/106.0.0.0 Safari/537.36" "ysfine.com"
24.189.145.134 - - [12/Oct/2022:08:52:20 -0700] "GET /ysbio/eink/kbrain11f.jpg HTTP/1.1" 200 56023 "https://ysfine.com/ysbio/eink/index.html" "Mozilla/5.0 (Windows NT 10.0; Win64; x64) AppleWebKit/537.36 (KHTML, like Gecko) Chrome/106.0.0.0 Safari/537.36" "ysfine.com"
24.189.145.134 - - [12/Oct/2022:08:52:20 -0700] "GET /ysbio/eink/tollwig11c.jpg HTTP/1.1" 200 30318 "https://ysfine.com/ysbio/eink/index.html" "Mozilla/5.0 (Windows NT 10.0; Win64; x64) AppleWebKit/537.36 (KHTML, like Gecko) Chrome/106.0.0.0 Safari/537.36" "ysfine.com"
24.189.145.134 - - [12/Oct/2022:08:52:20 -0700] "GET /ysbio/eink/einsaru22f.jpg HTTP/1.1" 200 76202 "https://ysfine.com/ysbio/eink/index.html" "Mozilla/5.0 (Windows NT 10.0; Win64; x64) AppleWebKit/537.36 (KHTML, like Gecko) Chrome/106.0.0.0 Safari/537.36" "ysfine.com"
24.189.145.134 - - [12/Oct/2022:08:52:20 -0700] "GET /ysbio/eink/comet900.jpg HTTP/1.1" 200 110150 "https://ysfine.com/ysbio/eink/index.html" "Mozilla/5.0 (Windows NT 10.0; Win64; x64) AppleWebKit/537.36 (KHTML, like Gecko) Chrome/106.0.0.0 Safari/537.36" "ysfine.com"
24.189.145.134 - - [12/Oct/2022:08:52:20 -0700] "GET /ysbio/eink/ewk86f.jpg HTTP/1.1" 200 122173 "https://ysfine.com/ysbio/eink/index.html" "Mozilla/5.0 (Windows NT 10.0; Win64; x64) AppleWebKit/537.36 (KHTML, like Gecko) Chrome/106.0.0.0 Safari/537.36" "ysfine.com"
24.189.145.134 - - [12/Oct/2022:08:52:20 -0700] "GET /ysbio/dirac/o32inho22c.jpg HTTP/1.1" 200 33038 "https://ysfine.com/ysbio/eink/index.html" "Mozilla/5.0 (Windows NT 10.0; Win64; x64) AppleWebKit/537.36 (KHTML, like Gecko) Chrome/106.0.0.0 Safari/537.36" "ysfine.com"
24.189.145.134 - - [12/Oct/2022:08:52:20 -0700] "GET /ysbio/wigner/wigheis11c.jpg HTTP/1.1" 200 41279 "https://ysfine.com/ysbio/eink/index.html" "Mozilla/5.0 (Windows NT 10.0; Win64; x64) AppleWebKit/537.36 (KHTML, like Gecko) Chrome/106.0.0.0 Safari/537.36" "ysfine.com"
24.189.145.134 - - [12/Oct/2022:08:52:20 -0700] "GET /ysbio/eink/enterprize61c.jpg HTTP/1.1" 200 40611 "https://ysfine.com/ysbio/eink/index.html" "Mozilla/5.0 (Windows NT 10.0; Win64; x64) AppleWebKit/537.36 (KHTML, like Gecko) Chrome/106.0.0.0 Safari/537.36" "ysfine.com"
24.189.145.134 - - [12/Oct/2022:08:52:20 -0700] "GET /ysbio/eink/emc22c.jpg HTTP/1.1" 200 32175 "https://ysfine.com/ysbio/eink/index.html" "Mozilla/5.0 (Windows NT 10.0; Win64; x64) AppleWebKit/537.36 (KHTML, like Gecko) Chrome/106.0.0.0 Safari/537.36" "ysfine.com"
24.189.145.134 - - [12/Oct/2022:08:52:20 -0700] "GET /ysbio/eink/feyfirm66c.jpg HTTP/1.1" 200 30766 "https://ysfine.com/ysbio/eink/index.html" "Mozilla/5.0 (Windows NT 10.0; Win64; x64) AppleWebKit/537.36 (KHTML, like Gecko) Chrome/106.0.0.0 Safari/537.36" "ysfine.com"
24.189.145.134 - - [12/Oct/2022:08:52:20 -0700] "GET /ysbio/eink/pwk33c.jpg HTTP/1.1" 200 30700 "https://ysfine.com/ysbio/eink/index.html" "Mozilla/5.0 (Windows NT 10.0; Win64; x64) AppleWebKit/537.36 (KHTML, like Gecko) Chrome/106.0.0.0 Safari/537.36" "ysfine.com"
24.189.145.134 - - [12/Oct/2022:08:52:20 -0700] "GET /ysbio/eink/eink54f.jpg HTTP/1.1" 200 98068 "https://ysfine.com/ysbio/eink/index.html" "Mozilla/5.0 (Windows NT 10.0; Win64; x64) AppleWebKit/537.36 (KHTML, like Gecko) Chrome/106.0.0.0 Safari/537.36" "ysfine.com"
24.189.145.134 - - [12/Oct/2022:08:52:20 -0700] "GET /ysbio/eink/iop21c.jpg HTTP/1.1" 200 31991 "https://ysfine.com/ysbio/eink/index.html" "Mozilla/5.0 (Windows NT 10.0; Win64; x64) AppleWebKit/537.36 (KHTML, like Gecko) Chrome/106.0.0.0 Safari/537.36" "ysfine.com"
24.189.145.134 - - [12/Oct/2022:08:52:20 -0700] "GET /ysbio/home/taylor500.jpg HTTP/1.1" 404 88 "https://ysfine.com/ysbio/eink/index.html" "Mozilla/5.0 (Windows NT 10.0; Win64; x64) AppleWebKit/537.36 (KHTML, like Gecko) Chrome/106.0.0.0 Safari/537.36" "ysfine.com"
24.189.145.134 - - [12/Oct/2022:08:52:20 -0700] "GET /ysbio/dirac/dirbust22c.jpg HTTP/1.1" 200 36029 "https://ysfine.com/ysbio/eink/index.html" "Mozilla/5.0 (Windows NT 10.0; Win64; x64) AppleWebKit/537.36 (KHTML, like Gecko) Chrome/106.0.0.0 Safari/537.36" "ysfine.com"
24.189.145.134 - - [12/Oct/2022:08:52:20 -0700] "GET /ysbio/eink/dirackn900.jpg HTTP/1.1" 200 121605 "https://ysfine.com/ysbio/eink/index.html" "Mozilla/5.0 (Windows NT 10.0; Win64; x64) AppleWebKit/537.36 (KHTML, like Gecko) Chrome/106.0.0.0 Safari/537.36" "ysfine.com"
24.189.145.134 - - [12/Oct/2022:08:52:20 -0700] "GET /ysbio/dirac/dirac39c.jpg HTTP/1.1" 200 54568 "https://ysfine.com/ysbio/eink/index.html" "Mozilla/5.0 (Windows NT 10.0; Win64; x64) AppleWebKit/537.36 (KHTML, like Gecko) Chrome/106.0.0.0 Safari/537.36" "ysfine.com"
157.55.39.55 - - [12/Oct/2022:08:52:48 -0700] "GET /people/index.html HTTP/1.1" 200 125 "-" "Mozilla/5.0 AppleWebKit/537.36 (KHTML, like Gecko; compatible; bingbot/2.0; +http://www.bing.com/bingbot.htm) Chrome/103.0.5060.134 Safari/537.36" "ysfine.com"
157.55.39.128 - - [12/Oct/2022:08:52:55 -0700] "GET /world/stoc.html HTTP/1.1" 200 5400 "-" "Mozilla/5.0 AppleWebKit/537.36 (KHTML, like Gecko; compatible; bingbot/2.0; +http://www.bing.com/bingbot.htm) Chrome/103.0.5060.134 Safari/537.36" "ysfine.com"
207.46.13.102 - - [12/Oct/2022:08:53:16 -0700] "GET /world/france/frpolice02.jpg HTTP/1.1" 200 103238 "-" "Mozilla/5.0 (compatible; bingbot/2.0; +http://www.bing.com/bingbot.htm)" "www.ysfine.com"
182.191.133.183 - - [12/Oct/2022:08:53:23 -0700] "GET /wigner/wbrill.html HTTP/1.1" 200 4163 "https://ysfine.com/einstein/einstorie.html" "Mozilla/5.0 (Windows NT 10.0; Win64; x64) AppleWebKit/537.36 (KHTML, like Gecko) Chrome/105.0.0.0 Safari/537.36" "ysfine.com"
182.191.133.183 - - [12/Oct/2022:08:53:23 -0700] "GET /wigner/wbrill270.jpg HTTP/1.1" 200 36398 "https://ysfine.com/wigner/wbrill.html" "Mozilla/5.0 (Windows NT 10.0; Win64; x64) AppleWebKit/537.36 (KHTML, like Gecko) Chrome/105.0.0.0 Safari/537.36" "ysfine.com"
157.55.39.128 - - [12/Oct/2022:08:53:34 -0700] "GET /kowar/war51.html HTTP/1.1" 200 5022 "-" "Mozilla/5.0 (compatible; bingbot/2.0; +http://www.bing.com/bingbot.htm)" "ysfine.com"
157.55.39.55 - - [12/Oct/2022:08:53:39 -0700] "GET /wdc/whx12.html HTTP/1.1" 200 1590 "-" "Mozilla/5.0 (compatible; bingbot/2.0; +http://www.bing.com/bingbot.htm)" "www.ysfine.com"
157.55.39.58 - - [12/Oct/2022:08:53:39 -0700] "GET /bio/kobak/yskor.html HTTP/1.1" 404 88 "-" "Mozilla/5.0 (compatible; bingbot/2.0; +http://www.bing.com/bingbot.htm)" "ysfine.com"
40.77.167.27 - - [12/Oct/2022:08:53:43 -0700] "GET /world/russ/kornor01.jpg HTTP/1.1" 200 112148 "-" "Mozilla/5.0 AppleWebKit/537.36 (KHTML, like Gecko; compatible; bingbot/2.0; +http://www.bing.com/bingbot.htm) Chrome/103.0.5060.134 Safari/537.36" "ysfine.com"
157.55.39.58 - - [12/Oct/2022:08:54:16 -0700] "GET /dirac/diracpol.html HTTP/1.1" 200 3380 "-" "Mozilla/5.0 AppleWebKit/537.36 (KHTML, like Gecko; compatible; bingbot/2.0; +http://www.bing.com/bingbot.htm) Chrome/103.0.5060.134 Safari/537.36" "ysfine.com"
207.46.13.102 - - [12/Oct/2022:08:55:05 -0700] "GET /wigner/gcontr.html HTTP/1.1" 404 88 "-" "Mozilla/5.0 (compatible; bingbot/2.0; +http://www.bing.com/bingbot.htm)" "ysfine.com"
157.55.39.58 - - [12/Oct/2022:08:56:16 -0700] "GET /wigner/e(2).html HTTP/1.1" 200 4288 "-" "Mozilla/5.0 AppleWebKit/537.36 (KHTML, like Gecko; compatible; bingbot/2.0; +http://www.bing.com/bingbot.htm) Chrome/103.0.5060.134 Safari/537.36" "ysfine.com"
157.55.39.127 - - [12/Oct/2022:08:56:55 -0700] "GET /world/scandi/sto030.jpg HTTP/1.1" 200 108612 "-" "Mozilla/5.0 AppleWebKit/537.36 (KHTML, like Gecko; compatible; bingbot/2.0; +http://www.bing.com/bingbot.htm) Chrome/103.0.5060.134 Safari/537.36" "ysfine.com"
114.119.128.14 - - [12/Oct/2022:08:56:59 -0700] "GET /ffriends/jordan01b.jpg HTTP/1.1" 200 50328 "https://ysfine.com/ffriends/moslems.html" "Mozilla/5.0 (Linux; Android 7.0;) AppleWebKit/537.36 (KHTML, like Gecko) Mobile Safari/537.36 (compatible; PetalBot;+https://webmaster.petalsearch.com/site/petalbot)" "ysfine.com"
157.55.39.55 - - [12/Oct/2022:08:57:09 -0700] "GET /maga/index.html HTTP/1.1" 200 6127 "-" "Mozilla/5.0 (compatible; bingbot/2.0; +http://www.bing.com/bingbot.htm)" "ysfine.com"
185.191.171.40 - - [12/Oct/2022:08:57:10 -0700] "GET /dirac/index.html HTTP/1.1" 200 124 "-" "Mozilla/5.0 (compatible; SemrushBot/7~bl; +http://www.semrush.com/bot.html)" "ysfine.com"
68.33.116.251 - - [12/Oct/2022:08:57:18 -0700] "GET /world/kor/sel803.jpg HTTP/1.1" 200 195155 "https://www.google.com/" "Mozilla/5.0 (Windows NT 10.0; Win64; x64) AppleWebKit/537.36 (KHTML, like Gecko) Chrome/106.0.0.0 Safari/537.36" "ysfine.com"
157.55.39.127 - - [12/Oct/2022:08:57:26 -0700] "GET /dirac/wigsis.html HTTP/1.1" 200 10275 "-" "Mozilla/5.0 AppleWebKit/537.36 (KHTML, like Gecko; compatible; bingbot/2.0; +http://www.bing.com/bingbot.htm) Chrome/103.0.5060.134 Safari/537.36" "ysfine.com"
157.55.39.128 - - [12/Oct/2022:08:57:34 -0700] "GET /wigner/wigkim2.jpg HTTP/1.1" 200 40700 "-" "Mozilla/5.0 AppleWebKit/537.36 (KHTML, like Gecko; compatible; bingbot/2.0; +http://www.bing.com/bingbot.htm) Chrome/103.0.5060.134 Safari/537.36" "ysfine.com"
36.99.136.141 - - [12/Oct/2022:08:58:08 -0700] "GET /world/baltic/kalin22.jpg HTTP/1.1" 200 152819 "http://www.rangaputhali.com/" "Mozilla/5.0 (Windows NT 10.0; Win64; x64) AppleWebKit/537.36 (KHTML, like Gecko) Chrome/72.0.3626.119 Safari/537.36" "www.ysfine.com"
36.99.136.141 - - [12/Oct/2022:08:58:10 -0700] "GET /world/baltic/kalin22.jpg HTTP/1.1" 200 152819 "http://www.rangaputhali.com/" "Mozilla/5.0 (Windows NT 10.0; Win64; x64) AppleWebKit/537.36 (KHTML, like Gecko) Chrome/72.0.3626.119 Safari/537.36" "www.ysfine.com"
157.55.39.55 - - [12/Oct/2022:08:58:49 -0700] "GET /world/feynrio.html HTTP/1.1" 200 8831 "-" "Mozilla/5.0 AppleWebKit/537.36 (KHTML, like Gecko; compatible; bingbot/2.0; +http://www.bing.com/bingbot.htm) Chrome/103.0.5060.134 Safari/537.36" "ysfine.com"
207.46.13.102 - - [12/Oct/2022:08:59:15 -0700] "GET /maga/desiree.html HTTP/1.1" 200 2747 "-" "Mozilla/5.0 AppleWebKit/537.36 (KHTML, like Gecko; compatible; bingbot/2.0; +http://www.bing.com/bingbot.htm) Chrome/103.0.5060.134 Safari/537.36" "ysfine.com"
185.191.171.42 - - [12/Oct/2022:08:59:44 -0700] "GET /home/hepth.html HTTP/1.1" 200 2544 "-" "Mozilla/5.0 (compatible; SemrushBot/7~bl; +http://www.semrush.com/bot.html)" "ysfine.com"
207.46.13.102 - - [12/Oct/2022:08:59:56 -0700] "GET /world/russ/kazan020.jpg HTTP/1.1" 200 128552 "-" "Mozilla/5.0 (compatible; bingbot/2.0; +http://www.bing.com/bingbot.htm)" "www.ysfine.com"
157.55.39.58 - - [12/Oct/2022:09:00:06 -0700] "GET /world/brit/harrow08.jpg HTTP/1.1" 200 106273 "-" "Mozilla/5.0 AppleWebKit/537.36 (KHTML, like Gecko; compatible; bingbot/2.0; +http://www.bing.com/bingbot.htm) Chrome/103.0.5060.134 Safari/537.36" "ysfine.com"
157.55.39.128 - - [12/Oct/2022:09:00:26 -0700] "GET /dirac/dirfeyn.html HTTP/1.1" 200 6341 "-" "Mozilla/5.0 AppleWebKit/537.36 (KHTML, like Gecko; compatible; bingbot/2.0; +http://www.bing.com/bingbot.htm) Chrome/103.0.5060.134 Safari/537.36" "ysfine.com"
40.77.167.27 - - [12/Oct/2022:09:00:54 -0700] "GET /world/russ/minsk055.jpg HTTP/1.1" 200 79184 "-" "Mozilla/5.0 AppleWebKit/537.36 (KHTML, like Gecko; compatible; bingbot/2.0; +http://www.bing.com/bingbot.htm) Chrome/103.0.5060.134 Safari/537.36" "ysfine.com"
136.226.6.45 - - [12/Oct/2022:09:00:56 -0700] "GET /maga/histo/desiree22.jpg HTTP/1.1" 200 113561 "https://www.google.com/" "Mozilla/5.0 (Macintosh; Intel Mac OS X 10_15_7) AppleWebKit/537.36 (KHTML, like Gecko) Chrome/105.0.0.0 Safari/537.36" "ysfine.com"
157.55.39.127 - - [12/Oct/2022:09:01:16 -0700] "GET /world/istanbul.html HTTP/1.1" 200 11361 "-" "Mozilla/5.0 AppleWebKit/537.36 (KHTML, like Gecko; compatible; bingbot/2.0; +http://www.bing.com/bingbot.htm) Chrome/103.0.5060.134 Safari/537.36" "ysfine.com"
40.77.167.27 - - [12/Oct/2022:09:01:24 -0700] "GET /wdc/gtown16.jpg HTTP/1.1" 200 200027 "-" "Mozilla/5.0 (compatible; bingbot/2.0; +http://www.bing.com/bingbot.htm)" "ysfine.com"
182.191.133.183 - - [12/Oct/2022:09:01:35 -0700] "GET /einstein/einphil.html HTTP/1.1" 200 2312 "https://ysfine.com/einstein/einleft.html" "Mozilla/5.0 (Windows NT 10.0; Win64; x64) AppleWebKit/537.36 (KHTML, like Gecko) Chrome/105.0.0.0 Safari/537.36" "ysfine.com"
182.191.133.183 - - [12/Oct/2022:09:01:35 -0700] "GET /maga/phil/keigel500.jpg HTTP/1.1" 200 44688 "https://ysfine.com/einstein/einphil.html" "Mozilla/5.0 (Windows NT 10.0; Win64; x64) AppleWebKit/537.36 (KHTML, like Gecko) Chrome/105.0.0.0 Safari/537.36" "ysfine.com"
182.191.133.183 - - [12/Oct/2022:09:01:35 -0700] "GET /maga/phil/further08b.jpg HTTP/1.1" 200 58023 "https://ysfine.com/einstein/einphil.html" "Mozilla/5.0 (Windows NT 10.0; Win64; x64) AppleWebKit/537.36 (KHTML, like Gecko) Chrome/105.0.0.0 Safari/537.36" "ysfine.com"
207.46.13.102 - - [12/Oct/2022:09:02:25 -0700] "GET /maga/schroedinger.html HTTP/1.1" 200 6325 "-" "Mozilla/5.0 AppleWebKit/537.36 (KHTML, like Gecko; compatible; bingbot/2.0; +http://www.bing.com/bingbot.htm) Chrome/103.0.5060.134 Safari/537.36" "ysfine.com"
40.77.167.27 - - [12/Oct/2022:09:02:35 -0700] "GET /maga/phys/schrod11b.jpg HTTP/1.1" 200 36796 "-" "Mozilla/5.0 (compatible; bingbot/2.0; +http://www.bing.com/bingbot.htm)" "ysfine.com"
157.55.39.55 - - [12/Oct/2022:09:02:59 -0700] "GET /philo/sartre.html HTTP/1.1" 200 7721 "-" "Mozilla/5.0 (compatible; bingbot/2.0; +http://www.bing.com/bingbot.htm)" "ysfine.com"
157.55.39.128 - - [12/Oct/2022:09:03:15 -0700] "GET /maga/schrodein.html HTTP/1.1" 200 5672 "-" "Mozilla/5.0 (compatible; bingbot/2.0; +http://www.bing.com/bingbot.htm)" "ysfine.com"
182.191.133.183 - - [12/Oct/2022:09:03:34 -0700] "GET /einstein/einnobel.html HTTP/1.1" 200 8152 "https://ysfine.com/einstein/einleft.html" "Mozilla/5.0 (Windows NT 10.0; Win64; x64) AppleWebKit/537.36 (KHTML, like Gecko) Chrome/105.0.0.0 Safari/537.36" "ysfine.com"
182.191.133.183 - - [12/Oct/2022:09:03:35 -0700] "GET /einstein/einstori01.jpg HTTP/1.1" 200 40741 "https://ysfine.com/einstein/einnobel.html" "Mozilla/5.0 (Windows NT 10.0; Win64; x64) AppleWebKit/537.36 (KHTML, like Gecko) Chrome/105.0.0.0 Safari/537.36" "ysfine.com"
182.191.133.183 - - [12/Oct/2022:09:03:35 -0700] "GET /dirac/dirac2.jpg HTTP/1.1" 200 31039 "https://ysfine.com/einstein/einnobel.html" "Mozilla/5.0 (Windows NT 10.0; Win64; x64) AppleWebKit/537.36 (KHTML, like Gecko) Chrome/105.0.0.0 Safari/537.36" "ysfine.com"
182.191.133.183 - - [12/Oct/2022:09:03:35 -0700] "GET /eink/eink17b.jpg HTTP/1.1" 200 34736 "https://ysfine.com/einstein/einnobel.html" "Mozilla/5.0 (Windows NT 10.0; Win64; x64) AppleWebKit/537.36 (KHTML, like Gecko) Chrome/105.0.0.0 Safari/537.36" "ysfine.com"
182.191.133.183 - - [12/Oct/2022:09:03:35 -0700] "GET /wigner/wig270.jpg HTTP/1.1" 200 43273 "https://ysfine.com/einstein/einnobel.html" "Mozilla/5.0 (Windows NT 10.0; Win64; x64) AppleWebKit/537.36 (KHTML, like Gecko) Chrome/105.0.0.0 Safari/537.36" "ysfine.com"
182.191.133.183 - - [12/Oct/2022:09:03:35 -0700] "GET /eink/emc23b.jpg HTTP/1.1" 200 41966 "https://ysfine.com/einstein/einnobel.html" "Mozilla/5.0 (Windows NT 10.0; Win64; x64) AppleWebKit/537.36 (KHTML, like Gecko) Chrome/105.0.0.0 Safari/537.36" "ysfine.com"
182.191.133.183 - - [12/Oct/2022:09:03:35 -0700] "GET /feynman/fb18b.jpg HTTP/1.1" 200 42922 "https://ysfine.com/einstein/einnobel.html" "Mozilla/5.0 (Windows NT 10.0; Win64; x64) AppleWebKit/537.36 (KHTML, like Gecko) Chrome/105.0.0.0 Safari/537.36" "ysfine.com"
182.191.133.183 - - [12/Oct/2022:09:03:35 -0700] "GET /eink/eink61b.jpg HTTP/1.1" 200 28018 "https://ysfine.com/einstein/einnobel.html" "Mozilla/5.0 (Windows NT 10.0; Win64; x64) AppleWebKit/537.36 (KHTML, like Gecko) Chrome/105.0.0.0 Safari/537.36" "ysfine.com"
185.191.171.12 - - [12/Oct/2022:09:03:54 -0700] "GET /class54/class5470/total_data/sub_711.htm HTTP/1.1" 200 3294 "-" "Mozilla/5.0 (compatible; SemrushBot/7~bl; +http://www.semrush.com/bot.html)" "www.ysfine.com"
157.55.39.55 - - [12/Oct/2022:09:04:19 -0700] "GET /princeton/campus.html HTTP/1.1" 200 15142 "-" "Mozilla/5.0 AppleWebKit/537.36 (KHTML, like Gecko; compatible; bingbot/2.0; +http://www.bing.com/bingbot.htm) Chrome/103.0.5060.134 Safari/537.36" "ysfine.com"
66.249.66.43 - - [12/Oct/2022:09:04:22 -0700] "GET /world/russ/krem18b.jpg HTTP/1.1" 304 - "-" "Googlebot-Image/1.0" "ysfine.com"
17.121.112.5 - - [12/Oct/2022:09:04:40 -0700] "GET /robots.txt HTTP/1.1" 404 88 "-" "Mozilla/5.0 (Macintosh; Intel Mac OS X 10_15_5) AppleWebKit/605.1.15 (KHTML, like Gecko) Version/13.1.1 Safari/605.1.15 (Applebot/0.1; +http://www.apple.com/go/applebot)" "www.ysfine.com"
17.121.112.5 - - [12/Oct/2022:09:04:40 -0700] "GET /maga/phys/yukasumi.html HTTP/1.1" 200 256 "-" "Mozilla/5.0 (Macintosh; Intel Mac OS X 10_15_5) AppleWebKit/605.1.15 (KHTML, like Gecko) Version/13.1.1 Safari/605.1.15 (Applebot/0.1; +http://www.apple.com/go/applebot)" "www.ysfine.com"
157.55.39.128 - - [12/Oct/2022:09:05:06 -0700] "GET /world/munich.html HTTP/1.1" 200 3101 "-" "Mozilla/5.0 (compatible; bingbot/2.0; +http://www.bing.com/bingbot.htm)" "ysfine.com"
157.55.39.127 - - [12/Oct/2022:09:05:36 -0700] "GET /style/hamako33b.jpg HTTP/1.1" 200 44854 "-" "Mozilla/5.0 (compatible; bingbot/2.0; +http://www.bing.com/bingbot.htm)" "www.ysfine.com"
46.252.47.173 - - [12/Oct/2022:09:05:51 -0700] "GET /maga/phys/schrod03.jpg HTTP/1.1" 200 184623 "https://www.google.com/search?q=schrodinger+einstein&sxsrf=ALiCzsajqn54uqm4Q_VA_vIKo7IcG_kSww:1665590691008&source=lnms&tbm=isch&sa=X&ved=2ahUKEwjn5OnriNv6AhVzRvEDHa1RDaEQ_AUoAXoECAIQAw&biw=1280&bih=601&dpr=2" "Mozilla/5.0 (Windows NT 10.0; Win64; x64) AppleWebKit/537.36 (KHTML, like Gecko) Chrome/106.0.0.0 Safari/537.36" "ysfine.com"
35.89.61.91 - - [12/Oct/2022:09:06:01 -0700] "HEAD /einstein/bern.html HTTP/1.1" 200 - "-" "-" "ysfine.com"
223.18.247.200 - - [12/Oct/2022:09:06:04 -0700] "GET /einstein/bern.html HTTP/1.1" 200 25967 "-" "Mozilla/5.0 (Windows NT 6.1; WOW64; Trident/7.0; NP08; NP08; MAAU; rv:11.0) like Gecko" "ysfine.com"
114.119.128.158 - - [12/Oct/2022:09:06:06 -0700] "GET /heisen/math/heisen54.pdf HTTP/1.1" 200 41258 "https://www.ysfine.com/heisen/einheisen54.html" "Mozilla/5.0 (Linux; Android 7.0;) AppleWebKit/537.36 (KHTML, like Gecko) Mobile Safari/537.36 (compatible; PetalBot;+https://webmaster.petalsearch.com/site/petalbot)" "www.ysfine.com"
40.77.167.27 - - [12/Oct/2022:09:06:26 -0700] "GET /world/france/montmar06.jpg HTTP/1.1" 200 116602 "-" "Mozilla/5.0 (compatible; bingbot/2.0; +http://www.bing.com/bingbot.htm)" "www.ysfine.com"
157.55.39.127 - - [12/Oct/2022:09:06:55 -0700] "GET /ffriends/airfr07.jpg HTTP/1.1" 404 88 "-" "Mozilla/5.0 (compatible; bingbot/2.0; +http://www.bing.com/bingbot.htm)" "ysfine.com"
157.55.39.58 - - [12/Oct/2022:09:07:57 -0700] "GET /style/nga.html HTTP/1.1" 200 1010 "-" "Mozilla/5.0 (compatible; bingbot/2.0; +http://www.bing.com/bingbot.htm)" "www.ysfine.com"
157.55.39.128 - - [12/Oct/2022:09:08:06 -0700] "GET /kowar/war00.html HTTP/1.1" 200 4851 "-" "Mozilla/5.0 (compatible; bingbot/2.0; +http://www.bing.com/bingbot.htm)" "ysfine.com"
207.46.13.102 - - [12/Oct/2022:09:08:26 -0700] "GET /maga/hegel.html HTTP/1.1" 200 4700 "-" "Mozilla/5.0 (compatible; bingbot/2.0; +http://www.bing.com/bingbot.htm)" "ysfine.com"
17.121.113.166 - - [12/Oct/2022:09:08:39 -0700] "GET /home/hmtop.html HTTP/1.1" 200 455 "https://ysfine.com/home/" "Mozilla/5.0 (Macintosh; Intel Mac OS X 10_15_5) AppleWebKit/605.1.15 (KHTML, like Gecko) Version/13.1.1 Safari/605.1.15 (Applebot/0.1; +http://www.apple.com/go/applebot)" "ysfine.com"
17.121.114.69 - - [12/Oct/2022:09:08:40 -0700] "GET /home/hmbot.html HTTP/1.1" 200 132 "https://ysfine.com/home/" "Mozilla/5.0 (Macintosh; Intel Mac OS X 10_15_5) AppleWebKit/605.1.15 (KHTML, like Gecko) Version/13.1.1 Safari/605.1.15 (Applebot/0.1; +http://www.apple.com/go/applebot)" "ysfine.com"
17.121.114.69 - - [12/Oct/2022:09:08:40 -0700] "GET /home/hmrigh.html HTTP/1.1" 200 4212 "https://ysfine.com/home/hmbot.html" "Mozilla/5.0 (Macintosh; Intel Mac OS X 10_15_5) AppleWebKit/605.1.15 (KHTML, like Gecko) Version/13.1.1 Safari/605.1.15 (Applebot/0.1; +http://www.apple.com/go/applebot)" "ysfine.com"
17.121.113.166 - - [12/Oct/2022:09:08:41 -0700] "GET /home/hmleft.html HTTP/1.1" 200 855 "https://ysfine.com/home/hmbot.html" "Mozilla/5.0 (Macintosh; Intel Mac OS X 10_15_5) AppleWebKit/605.1.15 (KHTML, like Gecko) Version/13.1.1 Safari/605.1.15 (Applebot/0.1; +http://www.apple.com/go/applebot)" "ysfine.com"
207.46.13.102 - - [12/Oct/2022:09:09:56 -0700] "GET /style/musee/berlinmus27.jpg HTTP/1.1" 200 172201 "-" "Mozilla/5.0 (compatible; bingbot/2.0; +http://www.bing.com/bingbot.htm)" "ysfine.com"
157.55.39.58 - - [12/Oct/2022:09:10:36 -0700] "GET /wigner/wbrill.jpg HTTP/1.1" 200 83776 "-" "Mozilla/5.0 (compatible; bingbot/2.0; +http://www.bing.com/bingbot.htm)" "ysfine.com"
157.55.39.55 - - [12/Oct/2022:09:10:40 -0700] "GET /bio/style/ystyle.html HTTP/1.1" 404 88 "-" "Mozilla/5.0 AppleWebKit/537.36 (KHTML, like Gecko; compatible; bingbot/2.0; +http://www.bing.com/bingbot.htm) Chrome/103.0.5060.134 Safari/537.36" "ysfine.com"
185.191.171.21 - - [12/Oct/2022:09:10:55 -0700] "GET /class54/class5470/total_data/sub_506.htm HTTP/1.1" 200 3196 "-" "Mozilla/5.0 (compatible; SemrushBot/7~bl; +http://www.semrush.com/bot.html)" "ysfine.com"
207.46.13.102 - - [12/Oct/2022:09:10:56 -0700] "GET /feynman/feykant.html HTTP/1.1" 200 3350 "-" "Mozilla/5.0 AppleWebKit/537.36 (KHTML, like Gecko; compatible; bingbot/2.0; +http://www.bing.com/bingbot.htm) Chrome/103.0.5060.134 Safari/537.36" "ysfine.com"
207.46.13.102 - - [12/Oct/2022:09:11:26 -0700] "GET /einstein/einmeson.html HTTP/1.1" 200 4535 "-" "Mozilla/5.0 (compatible; bingbot/2.0; +http://www.bing.com/bingbot.htm)" "ysfine.com"
157.55.39.55 - - [12/Oct/2022:09:11:39 -0700] "GET /wdc/kennedyc05b.jpg HTTP/1.1" 200 26902 "-" "Mozilla/5.0 AppleWebKit/537.36 (KHTML, like Gecko; compatible; bingbot/2.0; +http://www.bing.com/bingbot.htm) Chrome/103.0.5060.134 Safari/537.36" "ysfine.com"
157.55.39.128 - - [12/Oct/2022:09:11:46 -0700] "GET /bio/optics.html HTTP/1.1" 404 88 "-" "Mozilla/5.0 AppleWebKit/537.36 (KHTML, like Gecko; compatible; bingbot/2.0; +http://www.bing.com/bingbot.htm) Chrome/103.0.5060.134 Safari/537.36" "ysfine.com"
66.249.66.40 - - [12/Oct/2022:09:11:47 -0700] "GET /newyork/trinity02.jpg HTTP/1.1" 200 214678 "-" "Googlebot-Image/1.0" "ysfine.com"
207.46.13.102 - - [12/Oct/2022:09:11:50 -0700] "GET /bio/kobak/rifles.html HTTP/1.1" 404 88 "-" "Mozilla/5.0 (compatible; bingbot/2.0; +http://www.bing.com/bingbot.htm)" "ysfine.com"
207.46.13.102 - - [12/Oct/2022:09:11:52 -0700] "GET /newyork/colum12.jpg HTTP/1.1" 200 105871 "-" "Mozilla/5.0 (compatible; bingbot/2.0; +http://www.bing.com/bingbot.htm)" "ysfine.com"
185.191.171.8 - - [12/Oct/2022:09:12:09 -0700] "GET /ffriends/european.html HTTP/1.1" 200 10712 "-" "Mozilla/5.0 (compatible; SemrushBot/7~bl; +http://www.semrush.com/bot.html)" "ysfine.com"
20.121.205.28 - - [12/Oct/2022:09:13:08 -0700] "GET /class54/emailed02.html HTTP/1.1" 200 29084 "-" "Mozilla/4.0 (compatible; MSIE 7.0; Windows NT 6.2; WOW64; Trident/7.0; .NET4.0E; .NET4.0C)" "ysfine.com"
182.191.133.183 - - [12/Oct/2022:09:13:17 -0700] "GET /home/index.html HTTP/1.1" 200 142 "https://ysfine.com/einstein/einnobel.html" "Mozilla/5.0 (Windows NT 10.0; Win64; x64) AppleWebKit/537.36 (KHTML, like Gecko) Chrome/105.0.0.0 Safari/537.36" "ysfine.com"
182.191.133.183 - - [12/Oct/2022:09:13:17 -0700] "GET /home/hmtop.html HTTP/1.1" 200 455 "https://ysfine.com/home/index.html" "Mozilla/5.0 (Windows NT 10.0; Win64; x64) AppleWebKit/537.36 (KHTML, like Gecko) Chrome/105.0.0.0 Safari/537.36" "ysfine.com"
182.191.133.183 - - [12/Oct/2022:09:13:17 -0700] "GET /home/hmbot.html HTTP/1.1" 304 - "https://ysfine.com/home/index.html" "Mozilla/5.0 (Windows NT 10.0; Win64; x64) AppleWebKit/537.36 (KHTML, like Gecko) Chrome/105.0.0.0 Safari/537.36" "ysfine.com"
182.191.133.183 - - [12/Oct/2022:09:13:18 -0700] "GET /home/hmleft.html HTTP/1.1" 304 - "https://ysfine.com/home/hmbot.html" "Mozilla/5.0 (Windows NT 10.0; Win64; x64) AppleWebKit/537.36 (KHTML, like Gecko) Chrome/105.0.0.0 Safari/537.36" "ysfine.com"
182.191.133.183 - - [12/Oct/2022:09:13:24 -0700] "GET /ysbio/cv/kimcv.pdf HTTP/1.1" 200 26932 "https://ysfine.com/home/hmleft.html" "Mozilla/5.0 (Windows NT 10.0; Win64; x64) AppleWebKit/537.36 (KHTML, like Gecko) Chrome/105.0.0.0 Safari/537.36" "ysfine.com"
157.55.39.58 - - [12/Oct/2022:09:13:28 -0700] "GET /home/optics.html HTTP/1.1" 200 4947 "-" "Mozilla/5.0 (compatible; bingbot/2.0; +http://www.bing.com/bingbot.htm)" "www.ysfine.com"
77.75.79.11 - - [12/Oct/2022:09:14:02 -0700] "GET /robots.txt HTTP/1.1" 404 88 "-" "Mozilla/5.0 (compatible; SeznamBot/3.2; +http://napoveda.seznam.cz/en/seznambot-intro/)" "ysfine.com"
77.75.79.11 - - [12/Oct/2022:09:14:04 -0700] "GET /princeton/pgarden.jpg HTTP/1.1" 200 111446 "-" "Mozilla/5.0 (compatible; SeznamBot/3.2; +http://napoveda.seznam.cz/en/seznambot-intro/)" "ysfine.com"
77.75.79.11 - - [12/Oct/2022:09:14:08 -0700] "GET /princeton/allmale.jpg HTTP/1.1" 200 87512 "-" "Mozilla/5.0 (compatible; SeznamBot/3.2; +http://napoveda.seznam.cz/en/seznambot-intro/)" "ysfine.com"
77.75.79.11 - - [12/Oct/2022:09:14:10 -0700] "GET /wigner/martha11.jpg HTTP/1.1" 304 - "-" "Mozilla/5.0 (compatible; SeznamBot/3.2; +http://napoveda.seznam.cz/en/seznambot-intro/)" "ysfine.com"
77.75.79.11 - - [12/Oct/2022:09:14:10 -0700] "GET /princeton/coed.jpg HTTP/1.1" 200 93633 "-" "Mozilla/5.0 (compatible; SeznamBot/3.2; +http://napoveda.seznam.cz/en/seznambot-intro/)" "ysfine.com"
77.75.79.11 - - [12/Oct/2022:09:14:12 -0700] "GET /style/cocoyoc.jpg HTTP/1.1" 200 67368 "-" "Mozilla/5.0 (compatible; SeznamBot/3.2; +http://napoveda.seznam.cz/en/seznambot-intro/)" "ysfine.com"
20.121.205.28 - - [12/Oct/2022:09:14:18 -0700] "GET /class54/emailed03.html HTTP/1.1" 200 29110 "-" "Mozilla/4.0 (compatible; MSIE 7.0; Windows NT 6.2; WOW64; Trident/7.0; .NET4.0E; .NET4.0C)" "ysfine.com"
207.46.13.102 - - [12/Oct/2022:09:14:18 -0700] "GET /kowar/panmun04b.jpg HTTP/1.1" 200 49952 "-" "Mozilla/5.0 (compatible; bingbot/2.0; +http://www.bing.com/bingbot.htm)" "ysfine.com"
157.55.39.127 - - [12/Oct/2022:09:14:22 -0700] "GET /bio/kowar/index.html HTTP/1.1" 404 88 "-" "Mozilla/5.0 (compatible; bingbot/2.0; +http://www.bing.com/bingbot.htm)" "ysfine.com"
40.77.167.27 - - [12/Oct/2022:09:14:26 -0700] "GET /world/russ/basil.html HTTP/1.1" 200 519 "-" "Mozilla/5.0 (compatible; bingbot/2.0; +http://www.bing.com/bingbot.htm)" "ysfine.com"
207.46.13.102 - - [12/Oct/2022:09:14:48 -0700] "GET /usca/pitt/forbesfld02.jpg HTTP/1.1" 200 121327 "-" "Mozilla/5.0 AppleWebKit/537.36 (KHTML, like Gecko; compatible; bingbot/2.0; +http://www.bing.com/bingbot.htm) Chrome/103.0.5060.134 Safari/537.36" "www.ysfine.com"
157.55.39.55 - - [12/Oct/2022:09:15:09 -0700] "GET /world/brit/oxlon22.jpg HTTP/1.1" 200 112012 "-" "Mozilla/5.0 AppleWebKit/537.36 (KHTML, like Gecko; compatible; bingbot/2.0; +http://www.bing.com/bingbot.htm) Chrome/103.0.5060.134 Safari/537.36" "ysfine.com"
114.119.128.162 - - [12/Oct/2022:09:15:34 -0700] "GET /yspapers/pdugard17f.jpg HTTP/1.1" 200 134164 "https://ysfine.com/yspapers/index.html" "Mozilla/5.0 (Linux; Android 7.0;) AppleWebKit/537.36 (KHTML, like Gecko) Mobile Safari/537.36 (compatible; PetalBot;+https://webmaster.petalsearch.com/site/petalbot)" "ysfine.com"
157.55.39.58 - - [12/Oct/2022:09:15:48 -0700] "GET /dirac/locovar.html HTTP/1.1" 200 3545 "-" "Mozilla/5.0 (compatible; bingbot/2.0; +http://www.bing.com/bingbot.htm)" "ysfine.com"
123.125.109.60 - - [12/Oct/2022:09:16:23 -0700] "GET / HTTP/1.1" 200 5283 "-" "Sogou web spider/4.0(+http://www.sogou.com/docs/help/webmasters.htm#07)" "ysfine.com"
185.191.171.40 - - [12/Oct/2022:09:17:07 -0700] "GET /robots.txt HTTP/1.1" 404 88 "-" "Mozilla/5.0 (compatible; SemrushBot/7~bl; +http://www.semrush.com/bot.html)" "www.ysfine.com"
185.191.171.45 - - [12/Oct/2022:09:17:07 -0700] "GET /maga/hugo.html HTTP/1.1" 200 4000 "-" "Mozilla/5.0 (compatible; SemrushBot/7~bl; +http://www.semrush.com/bot.html)" "www.ysfine.com"
157.55.39.55 - - [12/Oct/2022:09:17:09 -0700] "GET /world/russ/kazan086.jpg HTTP/1.1" 200 100936 "-" "Mozilla/5.0 (compatible; bingbot/2.0; +http://www.bing.com/bingbot.htm)" "www.ysfine.com"
77.88.5.245 - - [12/Oct/2022:09:17:19 -0700] "GET /robots.txt HTTP/1.1" 404 73 "-" "Mozilla/5.0 (compatible; YandexBot/3.0; +http://yandex.com/bots)" "www.ysfine.com"
77.88.5.46 - - [12/Oct/2022:09:17:23 -0700] "GET /world/russ/liadong01.jpg HTTP/1.1" 200 50809 "-" "Mozilla/5.0 (compatible; YandexImages/3.0; +http://yandex.com/bots)" "www.ysfine.com"
157.55.39.58 - - [12/Oct/2022:09:17:27 -0700] "GET /world/germany/trier17c.jpg HTTP/1.1" 200 37933 "-" "Mozilla/5.0 (compatible; bingbot/2.0; +http://www.bing.com/bingbot.htm)" "www.ysfine.com"
207.46.13.102 - - [12/Oct/2022:09:17:27 -0700] "GET /world/china/dalian.html HTTP/1.1" 200 5040 "-" "Mozilla/5.0 (compatible; bingbot/2.0; +http://www.bing.com/bingbot.htm)" "ysfine.com"
157.55.39.58 - - [12/Oct/2022:09:17:37 -0700] "GET /world/scandi/fin08b.jpg HTTP/1.1" 200 42031 "-" "Mozilla/5.0 (compatible; bingbot/2.0; +http://www.bing.com/bingbot.htm)" "ysfine.com"
157.55.39.127 - - [12/Oct/2022:09:17:42 -0700] "GET /maga/naimark.html HTTP/1.1" 200 4603 "-" "Mozilla/5.0 (compatible; bingbot/2.0; +http://www.bing.com/bingbot.htm)" "ysfine.com"
185.191.171.2 - - [12/Oct/2022:09:17:58 -0700] "GET /class54/class5470/total_data/sub_380.htm HTTP/1.1" 200 3306 "-" "Mozilla/5.0 (compatible; SemrushBot/7~bl; +http://www.semrush.com/bot.html)" "ysfine.com"
207.46.13.102 - - [12/Oct/2022:09:18:27 -0700] "GET /bio/einstein/bern.html HTTP/1.1" 404 88 "-" "Mozilla/5.0 (compatible; bingbot/2.0; +http://www.bing.com/bingbot.htm)" "ysfine.com"
157.55.39.58 - - [12/Oct/2022:09:19:08 -0700] "GET /maga/kant.html HTTP/1.1" 200 8714 "-" "Mozilla/5.0 AppleWebKit/537.36 (KHTML, like Gecko; compatible; bingbot/2.0; +http://www.bing.com/bingbot.htm) Chrome/103.0.5060.134 Safari/537.36" "ysfine.com"
157.55.39.55 - - [12/Oct/2022:09:19:11 -0700] "GET /kobak/sorae.html HTTP/1.1" 200 1884 "-" "Mozilla/5.0 AppleWebKit/537.36 (KHTML, like Gecko; compatible; bingbot/2.0; +http://www.bing.com/bingbot.htm) Chrome/103.0.5060.134 Safari/537.36" "www.ysfine.com"
77.88.5.233 - - [12/Oct/2022:09:19:17 -0700] "GET /princeton/pwilson2.html HTTP/1.1" 404 88 "-" "Mozilla/5.0 (compatible; YandexBot/3.0; +http://yandex.com/bots)" "www.ysfine.com"
157.55.39.127 - - [12/Oct/2022:09:19:48 -0700] "GET /world/france/lyon02.jpg HTTP/1.1" 200 121486 "-" "Mozilla/5.0 AppleWebKit/537.36 (KHTML, like Gecko; compatible; bingbot/2.0; +http://www.bing.com/bingbot.htm) Chrome/103.0.5060.134 Safari/537.36" "ysfine.com"
207.46.13.102 - - [12/Oct/2022:09:20:27 -0700] "GET /princeton/brooke.html HTTP/1.1" 200 952 "-" "Mozilla/5.0 (compatible; bingbot/2.0; +http://www.bing.com/bingbot.htm)" "www.ysfine.com"
77.88.5.46 - - [12/Oct/2022:09:20:31 -0700] "GET /kowar/panmun02.jpg HTTP/1.1" 200 129295 "-" "Mozilla/5.0 (compatible; YandexImages/3.0; +http://yandex.com/bots)" "ysfine.com"
82.114.227.240 - - [12/Oct/2022:09:21:06 -0700] "GET /kowar/tanks/tank21.jpg HTTP/1.1" 200 52329 "https://novyefoto.ru/" "Mozilla/5.0 (Linux; Android 11; SM-A315F) AppleWebKit/537.36 (KHTML, like Gecko) Chrome/106.0.0.0 Mobile Safari/537.36" "ysfine.com"
185.191.171.13 - - [12/Oct/2022:09:21:46 -0700] "GET /class54/class5470/total_data/sub_525.htm HTTP/1.1" 200 3212 "-" "Mozilla/5.0 (compatible; SemrushBot/7~bl; +http://www.semrush.com/bot.html)" "ysfine.com"
157.55.39.127 - - [12/Oct/2022:09:21:58 -0700] "GET /world/germany/tub37.jpg HTTP/1.1" 200 94124 "-" "Mozilla/5.0 AppleWebKit/537.36 (KHTML, like Gecko; compatible; bingbot/2.0; +http://www.bing.com/bingbot.htm) Chrome/103.0.5060.134 Safari/537.36" "ysfine.com"
157.55.39.127 - - [12/Oct/2022:09:21:58 -0700] "GET /dirac/dirheisen.html HTTP/1.1" 200 4650 "-" "Mozilla/5.0 AppleWebKit/537.36 (KHTML, like Gecko; compatible; bingbot/2.0; +http://www.bing.com/bingbot.htm) Chrome/103.0.5060.134 Safari/537.36" "ysfine.com"
157.55.39.58 - - [12/Oct/2022:09:22:28 -0700] "GET /style/bdances.html HTTP/1.1" 200 1607 "-" "Mozilla/5.0 (compatible; bingbot/2.0; +http://www.bing.com/bingbot.htm)" "ysfine.com"
97.112.29.170 - - [12/Oct/2022:09:22:33 -0700] "GET /einstein/eindcmap.jpg HTTP/1.1" 200 88773 "https://images.search.yahoo.com/search/images;_ylt=AwrFFFCv6UZjOusL7BNXNyoA;_ylu=Y29sbwNiZjEEcG9zAzEEdnRpZANMT0NVSTA1NF8xBHNlYwNwaXZz?p=constitution+avenue+crossroad+washington+dc&fr2=piv-web&type=E211US105G91649&fr=mcafee" "Mozilla/5.0 (Windows NT 10.0; Win64; x64) AppleWebKit/537.36 (KHTML, like Gecko) Chrome/105.0.0.0 Safari/537.36" "ysfine.com"
40.77.167.27 - - [12/Oct/2022:09:23:07 -0700] "GET /world/poland/polstu11.jpg HTTP/1.1" 200 104151 "-" "Mozilla/5.0 (compatible; bingbot/2.0; +http://www.bing.com/bingbot.htm)" "www.ysfine.com"
157.55.39.127 - - [12/Oct/2022:09:23:12 -0700] "GET /world/germany/oktf14.jpg HTTP/1.1" 200 100660 "-" "Mozilla/5.0 (compatible; bingbot/2.0; +http://www.bing.com/bingbot.htm)" "www.ysfine.com"
173.73.77.36 - - [12/Oct/2022:09:23:44 -0700] "GET /ys11/ HTTP/1.1" 304 - "-" "Mozilla/5.0 (Windows NT 10.0; Win64; x64) AppleWebKit/537.36 (KHTML, like Gecko) Chrome/106.0.0.0 Safari/537.36" "ysfine.com"
173.73.77.36 - - [12/Oct/2022:09:23:44 -0700] "GET /favicon.ico HTTP/1.1" 404 88 "https://ysfine.com/ys11/" "Mozilla/5.0 (Windows NT 10.0; Win64; x64) AppleWebKit/537.36 (KHTML, like Gecko) Chrome/106.0.0.0 Safari/537.36" "ysfine.com"
157.55.39.128 - - [12/Oct/2022:09:23:58 -0700] "GET /maga/keigel22.html HTTP/1.1" 200 4929 "-" "Mozilla/5.0 AppleWebKit/537.36 (KHTML, like Gecko; compatible; bingbot/2.0; +http://www.bing.com/bingbot.htm) Chrome/103.0.5060.134 Safari/537.36" "ysfine.com"
43.251.88.232 - - [12/Oct/2022:09:24:06 -0700] "GET /kobak/dprk.jpg HTTP/1.1" 200 88014 "https://www.google.com/" "Mozilla/5.0 (Windows NT 10.0; Win64; x64) AppleWebKit/537.36 (KHTML, like Gecko) Chrome/105.0.0.0 Safari/537.36" "ysfine.com"
157.55.39.127 - - [12/Oct/2022:09:24:29 -0700] "GET /wisdom/yitol.html HTTP/1.1" 200 6261 "-" "Mozilla/5.0 AppleWebKit/537.36 (KHTML, like Gecko; compatible; bingbot/2.0; +http://www.bing.com/bingbot.htm) Chrome/103.0.5060.134 Safari/537.36" "ysfine.com"
157.55.39.127 - - [12/Oct/2022:09:24:39 -0700] "GET /wdc/annapolis.html HTTP/1.1" 200 3158 "-" "Mozilla/5.0 AppleWebKit/537.36 (KHTML, like Gecko; compatible; bingbot/2.0; +http://www.bing.com/bingbot.htm) Chrome/103.0.5060.134 Safari/537.36" "www.ysfine.com"
157.55.39.128 - - [12/Oct/2022:09:25:38 -0700] "GET /world/china11.html HTTP/1.1" 200 24682 "-" "Mozilla/5.0 (compatible; bingbot/2.0; +http://www.bing.com/bingbot.htm)" "ysfine.com"
45.90.208.49 - - [12/Oct/2022:09:25:39 -0700] "GET /home/book91.html HTTP/1.1" 200 6339 "https://www.google.com/" "Mozilla/5.0 (Windows NT 10.0; Win64; x64) AppleWebKit/537.36 (KHTML, like Gecko) Chrome/106.0.0.0 Safari/537.36 Edg/106.0.1370.37" "ysfine.com"
45.90.208.49 - - [12/Oct/2022:09:25:39 -0700] "GET /home/sq66.jpg HTTP/1.1" 404 88 "https://ysfine.com/home/book91.html" "Mozilla/5.0 (Windows NT 10.0; Win64; x64) AppleWebKit/537.36 (KHTML, like Gecko) Chrome/106.0.0.0 Safari/537.36 Edg/106.0.1370.37" "ysfine.com"
45.90.208.49 - - [12/Oct/2022:09:25:39 -0700] "GET /favicon.ico HTTP/1.1" 404 88 "https://ysfine.com/home/book91.html" "Mozilla/5.0 (Windows NT 10.0; Win64; x64) AppleWebKit/537.36 (KHTML, like Gecko) Chrome/106.0.0.0 Safari/537.36 Edg/106.0.1370.37" "ysfine.com"
157.55.39.128 - - [12/Oct/2022:09:25:49 -0700] "GET /wigner/evangel.html HTTP/1.1" 200 4831 "-" "Mozilla/5.0 (compatible; bingbot/2.0; +http://www.bing.com/bingbot.htm)" "ysfine.com"
157.55.39.58 - - [12/Oct/2022:09:25:58 -0700] "GET /world/russ/kazan028.jpg HTTP/1.1" 200 111690 "-" "Mozilla/5.0 (compatible; bingbot/2.0; +http://www.bing.com/bingbot.htm)" "www.ysfine.com"
40.77.167.27 - - [12/Oct/2022:09:26:06 -0700] "GET /world/nice.html HTTP/1.1" 200 7230 "-" "Mozilla/5.0 (compatible; bingbot/2.0; +http://www.bing.com/bingbot.htm)" "ysfine.com"
113.199.226.242 - - [12/Oct/2022:09:26:34 -0700] "GET /dirac/dirheisen.html HTTP/1.1" 200 4650 "https://www.google.com/" "Mozilla/5.0 (Macintosh; Intel Mac OS X 10_13_6) AppleWebKit/537.36 (KHTML, like Gecko) Chrome/105.0.0.0 Safari/537.36" "ysfine.com"
113.199.226.242 - - [12/Oct/2022:09:26:35 -0700] "GET /wigner/wigheis11b.jpg HTTP/1.1" 200 38703 "https://ysfine.com/dirac/dirheisen.html" "Mozilla/5.0 (Macintosh; Intel Mac OS X 10_13_6) AppleWebKit/537.36 (KHTML, like Gecko) Chrome/105.0.0.0 Safari/537.36" "ysfine.com"
113.199.226.242 - - [12/Oct/2022:09:26:35 -0700] "GET /dirac/dirheisen31b.jpg HTTP/1.1" 200 39248 "https://ysfine.com/dirac/dirheisen.html" "Mozilla/5.0 (Macintosh; Intel Mac OS X 10_13_6) AppleWebKit/537.36 (KHTML, like Gecko) Chrome/105.0.0.0 Safari/537.36" "ysfine.com"
113.199.226.242 - - [12/Oct/2022:09:26:35 -0700] "GET /dirac/dirfoc62b.jpg HTTP/1.1" 200 29874 "https://ysfine.com/dirac/dirheisen.html" "Mozilla/5.0 (Macintosh; Intel Mac OS X 10_13_6) AppleWebKit/537.36 (KHTML, like Gecko) Chrome/105.0.0.0 Safari/537.36" "ysfine.com"
113.199.226.242 - - [12/Oct/2022:09:26:35 -0700] "GET /dirac/2osc22a.jpg HTTP/1.1" 200 69742 "https://ysfine.com/dirac/dirheisen.html" "Mozilla/5.0 (Macintosh; Intel Mac OS X 10_13_6) AppleWebKit/537.36 (KHTML, like Gecko) Chrome/105.0.0.0 Safari/537.36" "ysfine.com"
113.199.226.242 - - [12/Oct/2022:09:26:35 -0700] "GET /people/glauber01b.jpg HTTP/1.1" 200 26433 "https://ysfine.com/dirac/dirheisen.html" "Mozilla/5.0 (Macintosh; Intel Mac OS X 10_13_6) AppleWebKit/537.36 (KHTML, like Gecko) Chrome/105.0.0.0 Safari/537.36" "ysfine.com"
