40.77.167.27 - - [12/Oct/2022:14:57:38 -0700] "GET /world/russ/koryo44b.jpg HTTP/1.1" 200 33160 "-" "Mozilla/5.0 (compatible; bingbot/2.0; +http://www.bing.com/bingbot.htm)" "ysfine.com"
173.73.77.36 - - [12/Oct/2022:14:57:46 -0700] "GET /ys11/index.html HTTP/1.1" 304 - "-" "Mozilla/5.0 (Linux; Android 5.1.1; KFSUWI) AppleWebKit/537.36 (KHTML, like Gecko) Silk/104.2.16 like Chrome/104.0.5112.114 Safari/537.36" "www.ysfine.com"
90.205.21.210 - - [12/Oct/2022:14:57:51 -0700] "GET /eink/eink61.jpg HTTP/1.1" 200 149872 "https://www.bing.com/" "Mozilla/5.0 (Windows NT 10.0; Win64; x64) AppleWebKit/537.36 (KHTML, like Gecko) Chrome/105.0.0.0 Safari/537.36 Edg/105.0.1343.33" "www.ysfine.com"
90.205.21.210 - - [12/Oct/2022:14:57:51 -0700] "GET /dirac/dirackn33c.jpg HTTP/1.1" 200 50420 "https://www.bing.com/" "Mozilla/5.0 (Windows NT 10.0; Win64; x64) AppleWebKit/537.36 (KHTML, like Gecko) Chrome/105.0.0.0 Safari/537.36 Edg/105.0.1343.33" "www.ysfine.com"
157.55.39.128 - - [12/Oct/2022:14:58:03 -0700] "GET /wigner/eucylin11.jpg HTTP/1.1" 200 41175 "-" "Mozilla/5.0 (compatible; bingbot/2.0; +http://www.bing.com/bingbot.htm)" "ysfine.com"
185.191.171.7 - - [12/Oct/2022:14:58:06 -0700] "GET /feynman/feyprince.html HTTP/1.1" 200 440 "-" "Mozilla/5.0 (compatible; SemrushBot/7~bl; +http://www.semrush.com/bot.html)" "ysfine.com"
207.46.13.102 - - [12/Oct/2022:14:58:13 -0700] "GET /sbk/2017berlin01.jpg HTTP/1.1" 200 160175 "-" "Mozilla/5.0 AppleWebKit/537.36 (KHTML, like Gecko; compatible; bingbot/2.0; +http://www.bing.com/bingbot.htm) Chrome/103.0.5060.134 Safari/537.36" "ysfine.com"
185.191.171.9 - - [12/Oct/2022:14:58:44 -0700] "GET /class54/class5470/total_data/sub_328.htm HTTP/1.1" 200 3333 "-" "Mozilla/5.0 (compatible; SemrushBot/7~bl; +http://www.semrush.com/bot.html)" "www.ysfine.com"
90.205.21.210 - - [12/Oct/2022:14:59:01 -0700] "GET /world/poland/jablo07.jpg HTTP/1.1" 200 122193 "https://www.bing.com/" "Mozilla/5.0 (Windows NT 10.0; Win64; x64) AppleWebKit/537.36 (KHTML, like Gecko) Chrome/105.0.0.0 Safari/537.36 Edg/105.0.1343.33" "www.ysfine.com"
90.205.21.210 - - [12/Oct/2022:14:59:03 -0700] "GET /dirac/dirackim6201.jpg HTTP/1.1" 200 51283 "https://www.bing.com/" "Mozilla/5.0 (Windows NT 10.0; Win64; x64) AppleWebKit/537.36 (KHTML, like Gecko) Chrome/105.0.0.0 Safari/537.36 Edg/105.0.1343.33" "www.ysfine.com"
40.77.167.27 - - [12/Oct/2022:14:59:30 -0700] "GET /people/towhee.jpg HTTP/1.1" 200 64342 "-" "Mozilla/5.0 (compatible; bingbot/2.0; +http://www.bing.com/bingbot.htm)" "www.ysfine.com"
79.166.146.248 - - [12/Oct/2022:14:59:40 -0700] "GET /einstein/einplanck.html HTTP/1.1" 200 3255 "https://www.google.com/" "Mozilla/5.0 (Linux; Android 12; SM-A528B) AppleWebKit/537.36 (KHTML, like Gecko) Chrome/106.0.0.0 Mobile Safari/537.36" "ysfine.com"
79.166.146.248 - - [12/Oct/2022:14:59:40 -0700] "GET /dongio/amkor/hillary10c.jpg HTTP/1.1" 404 88 "https://ysfine.com/einstein/einplanck.html" "Mozilla/5.0 (Linux; Android 12; SM-A528B) AppleWebKit/537.36 (KHTML, like Gecko) Chrome/106.0.0.0 Mobile Safari/537.36" "ysfine.com"
79.166.146.248 - - [12/Oct/2022:14:59:40 -0700] "GET /feynman/feygell77a.jpg HTTP/1.1" 200 54254 "https://ysfine.com/einstein/einplanck.html" "Mozilla/5.0 (Linux; Android 12; SM-A528B) AppleWebKit/537.36 (KHTML, like Gecko) Chrome/106.0.0.0 Mobile Safari/537.36" "ysfine.com"
79.166.146.248 - - [12/Oct/2022:14:59:40 -0700] "GET /einstein/einplanck3.jpg HTTP/1.1" 200 37784 "https://ysfine.com/einstein/einplanck.html" "Mozilla/5.0 (Linux; Android 12; SM-A528B) AppleWebKit/537.36 (KHTML, like Gecko) Chrome/106.0.0.0 Mobile Safari/537.36" "ysfine.com"
79.166.146.248 - - [12/Oct/2022:14:59:40 -0700] "GET /wdc/washmo02c.jpg HTTP/1.1" 200 33146 "https://ysfine.com/einstein/einplanck.html" "Mozilla/5.0 (Linux; Android 12; SM-A528B) AppleWebKit/537.36 (KHTML, like Gecko) Chrome/106.0.0.0 Mobile Safari/537.36" "ysfine.com"
79.166.146.248 - - [12/Oct/2022:14:59:41 -0700] "GET /favicon.ico HTTP/1.1" 404 88 "https://ysfine.com/einstein/einplanck.html" "Mozilla/5.0 (Linux; Android 12; SM-A528B) AppleWebKit/537.36 (KHTML, like Gecko) Chrome/106.0.0.0 Mobile Safari/537.36" "ysfine.com"
173.72.50.241 - - [12/Oct/2022:15:00:24 -0700] "GET /princeton/alexan11.jpg HTTP/1.1" 200 118946 "https://www.google.com/" "Mozilla/5.0 (iPhone; CPU iPhone OS 15_7 like Mac OS X) AppleWebKit/605.1.15 (KHTML, like Gecko) Version/15.6,2 Mobile/15E148 Safari/604.1" "ysfine.com"
77.88.5.245 - - [12/Oct/2022:15:00:29 -0700] "GET /world/baltic/kalin15.jpg HTTP/1.1" 200 89905 "-" "Mozilla/5.0 (compatible; YandexImages/3.0; +http://yandex.com/bots)" "www.ysfine.com"
90.205.21.210 - - [12/Oct/2022:15:01:21 -0700] "GET /feynman/fb4.jpg HTTP/1.1" 200 55951 "https://www.bing.com/" "Mozilla/5.0 (Windows NT 10.0; Win64; x64) AppleWebKit/537.36 (KHTML, like Gecko) Chrome/105.0.0.0 Safari/537.36 Edg/105.0.1343.33" "www.ysfine.com"
90.205.21.210 - - [12/Oct/2022:15:01:21 -0700] "GET /feynman/fb5.jpg HTTP/1.1" 200 33961 "https://www.bing.com/" "Mozilla/5.0 (Windows NT 10.0; Win64; x64) AppleWebKit/537.36 (KHTML, like Gecko) Chrome/105.0.0.0 Safari/537.36 Edg/105.0.1343.33" "www.ysfine.com"
207.46.13.102 - - [12/Oct/2022:15:01:24 -0700] "GET /world/russ/minsk144.jpg HTTP/1.1" 200 108906 "-" "Mozilla/5.0 AppleWebKit/537.36 (KHTML, like Gecko; compatible; bingbot/2.0; +http://www.bing.com/bingbot.htm) Chrome/103.0.5060.134 Safari/537.36" "ysfine.com"
157.55.39.127 - - [12/Oct/2022:15:02:07 -0700] "GET /world/russ/spbpi06.jpg HTTP/1.1" 200 85923 "-" "Mozilla/5.0 (compatible; bingbot/2.0; +http://www.bing.com/bingbot.htm)" "www.ysfine.com"
157.55.39.58 - - [12/Oct/2022:15:02:29 -0700] "GET /world/brit/oxlon32.jpg HTTP/1.1" 200 119471 "-" "Mozilla/5.0 (compatible; bingbot/2.0; +http://www.bing.com/bingbot.htm)" "ysfine.com"
157.55.39.127 - - [12/Oct/2022:15:02:37 -0700] "GET /princeton/nassinf33.jpg HTTP/1.1" 200 182244 "-" "Mozilla/5.0 (compatible; bingbot/2.0; +http://www.bing.com/bingbot.htm)" "www.ysfine.com"
144.76.162.206 - - [12/Oct/2022:15:03:03 -0700] "GET /einstein/fantova/fantova2.html HTTP/1.1" 200 3126 "-" "Mozilla/5.0 (Windows NT 10.0; rv:78.0) Gecko/20100101 Firefox/78.0" "ysfine.com"
157.55.39.127 - - [12/Oct/2022:15:03:08 -0700] "GET /princeton/cleve11.jpg HTTP/1.1" 200 58959 "-" "Mozilla/5.0 (compatible; bingbot/2.0; +http://www.bing.com/bingbot.htm)" "www.ysfine.com"
112.201.231.176 - - [12/Oct/2022:15:03:23 -0700] "GET /einstein/einbohr33.jpg HTTP/1.1" 200 87797 "https://www.google.com/" "Mozilla/5.0 (Windows NT 10.0; Win64; x64) AppleWebKit/537.36 (KHTML, like Gecko) Chrome/106.0.0.0 Safari/537.36" "ysfine.com"
168.119.11.187 - - [12/Oct/2022:15:03:31 -0700] "GET /einstein/fantova/fantova2.html HTTP/1.1" 200 3126 "-" "Mozilla/5.0 (Macintosh; Intel Mac OS X 10.15; rv:82.0) Gecko/20100101 Firefox/82.0" "ysfine.com"
40.77.167.27 - - [12/Oct/2022:15:03:50 -0700] "GET /class54/nam/nam51.jpg HTTP/1.1" 200 225872 "-" "Mozilla/5.0 (compatible; bingbot/2.0; +http://www.bing.com/bingbot.htm)" "ysfine.com"
38.122.1.38 - - [12/Oct/2022:15:04:26 -0700] "GET /robots.txt HTTP/1.1" 404 88 "-" "yacybot (/global; amd64 Linux 5.14.0-70.26.1.el9_0.x86_64; java 1.8.0_345; America/en) http://yacy.net/bot.html" "ysfine.com"
38.122.1.38 - - [12/Oct/2022:15:04:29 -0700] "GET /wigner/neupol.jpg HTTP/1.1" 404 88 "-" "yacybot (/global; amd64 Linux 5.14.0-70.26.1.el9_0.x86_64; java 1.8.0_345; America/en) http://yacy.net/bot.html" "ysfine.com"
40.77.167.27 - - [12/Oct/2022:15:04:40 -0700] "GET /world/france/notre21.jpg HTTP/1.1" 200 124640 "-" "Mozilla/5.0 (compatible; bingbot/2.0; +http://www.bing.com/bingbot.htm)" "www.ysfine.com"
157.55.39.55 - - [12/Oct/2022:15:04:59 -0700] "GET /world/poland/polstu09c.jpg HTTP/1.1" 200 42128 "-" "Mozilla/5.0 (compatible; bingbot/2.0; +http://www.bing.com/bingbot.htm)" "www.ysfine.com"
185.191.171.16 - - [12/Oct/2022:15:05:42 -0700] "GET /robots.txt HTTP/1.1" 404 88 "-" "Mozilla/5.0 (compatible; SemrushBot/7~bl; +http://www.semrush.com/bot.html)" "ysfine.com"
185.191.171.36 - - [12/Oct/2022:15:05:43 -0700] "GET /class54/class5470/total_data/sub_2104.htm HTTP/1.1" 200 3382 "-" "Mozilla/5.0 (compatible; SemrushBot/7~bl; +http://www.semrush.com/bot.html)" "ysfine.com"
185.191.171.19 - - [12/Oct/2022:15:05:50 -0700] "GET /class54/class5470/total_data/sub_530.htm HTTP/1.1" 200 3212 "-" "Mozilla/5.0 (compatible; SemrushBot/7~bl; +http://www.semrush.com/bot.html)" "ysfine.com"
157.55.39.58 - - [12/Oct/2022:15:06:09 -0700] "GET /usca/pitt/fortpitt02.jpg HTTP/1.1" 200 69515 "-" "Mozilla/5.0 AppleWebKit/537.36 (KHTML, like Gecko; compatible; bingbot/2.0; +http://www.bing.com/bingbot.htm) Chrome/103.0.5060.134 Safari/537.36" "ysfine.com"
173.70.202.205 - - [12/Oct/2022:15:06:33 -0700] "GET /princeton/nasshall03.jpg HTTP/1.1" 200 147463 "https://www.google.com/" "Mozilla/5.0 (Macintosh; Intel Mac OS X 10_12_6) AppleWebKit/537.36 (KHTML, like Gecko) Chrome/103.0.5060.134 Safari/537.36" "ysfine.com"
157.55.39.128 - - [12/Oct/2022:15:06:54 -0700] "GET /people/sbt11b.jpg HTTP/1.1" 200 29397 "-" "Mozilla/5.0 (compatible; bingbot/2.0; +http://www.bing.com/bingbot.htm)" "ysfine.com"
157.55.39.128 - - [12/Oct/2022:15:10:14 -0700] "GET /sbk/2012fam22.jpg HTTP/1.1" 200 117299 "-" "Mozilla/5.0 (compatible; bingbot/2.0; +http://www.bing.com/bingbot.htm)" "www.ysfine.com"
192.0.101.216 - - [12/Oct/2022:15:10:54 -0700] "GET /einstein/eins47.jpg HTTP/1.1" 200 108796 "-" "Photon/1.0" "ysfine.com"
157.55.39.55 - - [12/Oct/2022:15:12:02 -0700] "GET /usca/pitt/mtwash05.jpg HTTP/1.1" 200 74374 "-" "Mozilla/5.0 (compatible; bingbot/2.0; +http://www.bing.com/bingbot.htm)" "www.ysfine.com"
185.191.171.42 - - [12/Oct/2022:15:12:13 -0700] "GET /world/wd22.html HTTP/1.1" 200 120 "-" "Mozilla/5.0 (compatible; SemrushBot/7~bl; +http://www.semrush.com/bot.html)" "www.ysfine.com"
31.221.183.249 - - [12/Oct/2022:15:12:19 -0700] "GET /style/musee/britmu18b.jpg HTTP/1.1" 200 56514 "https://www.google.com/" "Mozilla/5.0 (Linux; Android 11; 220333QNY) AppleWebKit/537.36 (KHTML, like Gecko) Chrome/94.0.4606.85 Mobile Safari/537.36" "ysfine.com"
12.111.69.72 - - [12/Oct/2022:15:12:20 -0700] "GET /princeton/withers01.jpg HTTP/1.1" 200 113946 "https://www.google.com/" "Mozilla/5.0 (Windows NT 10.0; Win64; x64) AppleWebKit/537.36 (KHTML, like Gecko) Chrome/106.0.0.0 Safari/537.36" "ysfine.com"
88.218.149.29 - - [12/Oct/2022:15:12:32 -0700] "GET /world/germany/leipzig29.jpg HTTP/1.1" 200 284047 "-" "Mozilla/5.0 (Windows NT 6.3; WOW64) AppleWebKit/537.36 (KHTML, like Gecko) Chrome/38.0.2125.111 Safari/537.36" "www.ysfine.com"
157.55.39.127 - - [12/Oct/2022:15:12:39 -0700] "GET /kobak/underw02b.jpg HTTP/1.1" 200 30874 "-" "Mozilla/5.0 (compatible; bingbot/2.0; +http://www.bing.com/bingbot.htm)" "ysfine.com"
114.119.140.64 - - [12/Oct/2022:15:12:50 -0700] "GET /robots.txt HTTP/1.1" 404 88 "-" "Mozilla/5.0 (compatible;PetalBot;+https://webmaster.petalsearch.com/site/petalbot)" "www.ysfine.com"
77.75.79.17 - - [12/Oct/2022:15:14:57 -0700] "GET /robots.txt HTTP/1.1" 404 88 "-" "Mozilla/5.0 (compatible; SeznamBot/3.2; +http://napoveda.seznam.cz/en/seznambot-intro/)" "ysfine.com"
157.55.39.128 - - [12/Oct/2022:15:16:05 -0700] "GET /princeton/stevenson11.jpg HTTP/1.1" 200 261678 "-" "Mozilla/5.0 (compatible; bingbot/2.0; +http://www.bing.com/bingbot.htm)" "ysfine.com"
40.77.167.27 - - [12/Oct/2022:15:18:11 -0700] "GET /world/germany/cologf01.jpg HTTP/1.1" 200 111037 "-" "Mozilla/5.0 (compatible; bingbot/2.0; +http://www.bing.com/bingbot.htm)" "www.ysfine.com"
24.253.131.85 - - [12/Oct/2022:15:18:12 -0700] "GET /feynman/page11.jpg HTTP/1.1" 200 39160 "-" "Mozilla/5.0 (Windows NT 10.0; Win64; x64) AppleWebKit/537.36 (KHTML, like Gecko) Chrome/80.0.3987.87 Safari/537.36" "ysfine.com"
99.16.89.129 - - [12/Oct/2022:15:18:24 -0700] "GET /favicon.ico HTTP/1.1" 404 88 "-" "Mozilla/5.0 (Macintosh; Intel Mac OS X 10_11_1) AppleWebKit/601.2.4 (KHTML, like Gecko) Version/9.0.1 Safari/601.2.4 facebookexternalhit/1.1 Facebot Twitterbot/1.0" "ysfine.com"
99.16.89.129 - - [12/Oct/2022:15:18:24 -0700] "GET /apple-touch-icon-precomposed.png HTTP/1.1" 404 88 "-" "Mozilla/5.0 (Macintosh; Intel Mac OS X 10_11_1) AppleWebKit/601.2.4 (KHTML, like Gecko) Version/9.0.1 Safari/601.2.4 facebookexternalhit/1.1 Facebot Twitterbot/1.0" "ysfine.com"
99.16.89.129 - - [12/Oct/2022:15:18:24 -0700] "GET /apple-touch-icon.png HTTP/1.1" 404 88 "-" "Mozilla/5.0 (Macintosh; Intel Mac OS X 10_11_1) AppleWebKit/601.2.4 (KHTML, like Gecko) Version/9.0.1 Safari/601.2.4 facebookexternalhit/1.1 Facebot Twitterbot/1.0" "ysfine.com"
99.16.89.129 - - [12/Oct/2022:15:18:24 -0700] "GET /apple-touch-icon.png HTTP/1.1" 404 88 "-" "Mozilla/5.0 (Macintosh; Intel Mac OS X 10_11_1) AppleWebKit/601.2.4 (KHTML, like Gecko) Version/9.0.1 Safari/601.2.4 facebookexternalhit/1.1 Facebot Twitterbot/1.0" "ysfine.com"
157.55.39.58 - - [12/Oct/2022:15:19:51 -0700] "GET /world/israel/jeru07.jpg HTTP/1.1" 200 174726 "-" "Mozilla/5.0 (compatible; bingbot/2.0; +http://www.bing.com/bingbot.htm)" "ysfine.com"
40.77.167.27 - - [12/Oct/2022:15:22:02 -0700] "GET /world/russ/roskei16.jpg HTTP/1.1" 200 101895 "-" "Mozilla/5.0 (compatible; bingbot/2.0; +http://www.bing.com/bingbot.htm)" "ysfine.com"
157.55.39.55 - - [12/Oct/2022:15:23:01 -0700] "GET /world/brit/westmin12b.jpg HTTP/1.1" 200 46419 "-" "Mozilla/5.0 (compatible; bingbot/2.0; +http://www.bing.com/bingbot.htm)" "ysfine.com"
157.55.39.55 - - [12/Oct/2022:15:23:22 -0700] "GET /world/latina/rio081b.jpg HTTP/1.1" 200 33294 "-" "Mozilla/5.0 AppleWebKit/537.36 (KHTML, like Gecko; compatible; bingbot/2.0; +http://www.bing.com/bingbot.htm) Chrome/103.0.5060.134 Safari/537.36" "ysfine.com"
157.55.39.58 - - [12/Oct/2022:15:23:41 -0700] "GET /sbk/2005caser11.jpg HTTP/1.1" 200 78623 "-" "Mozilla/5.0 (compatible; bingbot/2.0; +http://www.bing.com/bingbot.htm)" "ysfine.com"
157.55.39.58 - - [12/Oct/2022:15:24:31 -0700] "GET /archives/proceedings/ff3/towhee2.jpg HTTP/1.1" 200 41815 "-" "Mozilla/5.0 (compatible; bingbot/2.0; +http://www.bing.com/bingbot.htm)" "ysfine.com"
157.55.39.128 - - [12/Oct/2022:15:25:26 -0700] "GET /dirac/hyperell2.jpg HTTP/1.1" 200 29858 "-" "Mozilla/5.0 (compatible; bingbot/2.0; +http://www.bing.com/bingbot.htm)" "ysfine.com"
80.253.251.99 - - [12/Oct/2022:15:25:49 -0700] "GET /world/germany/leipzig29.jpg HTTP/1.1" 200 284047 "-" "Mozilla/5.0 (Windows NT 6.3; WOW64) AppleWebKit/537.36 (KHTML, like Gecko) Chrome/38.0.2125.111 Safari/537.36" "www.ysfine.com"
185.191.171.25 - - [12/Oct/2022:15:26:39 -0700] "GET /class54/class5470/total_data/sub_613.htm HTTP/1.1" 200 3196 "-" "Mozilla/5.0 (compatible; SemrushBot/7~bl; +http://www.semrush.com/bot.html)" "www.ysfine.com"
207.46.13.102 - - [12/Oct/2022:15:26:56 -0700] "GET /world/scandi/bernadotte.jpg HTTP/1.1" 200 126812 "-" "Mozilla/5.0 (compatible; bingbot/2.0; +http://www.bing.com/bingbot.htm)" "ysfine.com"
40.77.167.27 - - [12/Oct/2022:15:27:32 -0700] "GET /philo/tank66a.jpg HTTP/1.1" 200 87358 "-" "Mozilla/5.0 (compatible; bingbot/2.0; +http://www.bing.com/bingbot.htm)" "www.ysfine.com"
207.46.13.102 - - [12/Oct/2022:15:28:45 -0700] "GET /world/brit/harrod16.jpg HTTP/1.1" 200 75507 "-" "Mozilla/5.0 (compatible; bingbot/2.0; +http://www.bing.com/bingbot.htm)" "ysfine.com"
157.55.39.58 - - [12/Oct/2022:15:33:02 -0700] "GET /world/france/champ1216.jpg HTTP/1.1" 200 196639 "-" "Mozilla/5.0 (compatible; bingbot/2.0; +http://www.bing.com/bingbot.htm)" "ysfine.com"
157.55.39.58 - - [12/Oct/2022:15:33:04 -0700] "GET /newyork/colum19.jpg HTTP/1.1" 200 109081 "-" "Mozilla/5.0 (compatible; bingbot/2.0; +http://www.bing.com/bingbot.htm)" "ysfine.com"
157.55.39.55 - - [12/Oct/2022:15:33:13 -0700] "GET /bio/world/trier.html HTTP/1.1" 404 88 "-" "Mozilla/5.0 AppleWebKit/537.36 (KHTML, like Gecko; compatible; bingbot/2.0; +http://www.bing.com/bingbot.htm) Chrome/103.0.5060.134 Safari/537.36" "ysfine.com"
207.46.13.102 - - [12/Oct/2022:15:34:37 -0700] "GET /world/china/dalian61.jpg HTTP/1.1" 200 114723 "-" "Mozilla/5.0 AppleWebKit/537.36 (KHTML, like Gecko; compatible; bingbot/2.0; +http://www.bing.com/bingbot.htm) Chrome/103.0.5060.134 Safari/537.36" "ysfine.com"
193.186.4.62 - - [12/Oct/2022:15:35:38 -0700] "GET /world/brit/etonharrow.html HTTP/1.1" 200 4546 "-" "Mozilla/5.0 (Linux; Android 10; K) AppleWebKit/537.36 (KHTML, like Gecko) Chrome/106.0.0.0 Mobile Safari/537.36" "ysfine.com"
79.148.61.104 - - [12/Oct/2022:15:35:43 -0700] "GET /kobak/kwk11b.jpg HTTP/1.1" 200 46888 "https://ysfine.com/world/brit/etonharrow.html" "Mozilla/5.0 (Linux; Android 10; SM-G965F) AppleWebKit/537.36 (KHTML, like Gecko) Chrome/106.0.0.0 Mobile Safari/537.36" "ysfine.com"
79.148.61.104 - - [12/Oct/2022:15:35:43 -0700] "GET /world/brit/eton02b.jpg HTTP/1.1" 200 39432 "https://ysfine.com/world/brit/etonharrow.html" "Mozilla/5.0 (Linux; Android 10; SM-G965F) AppleWebKit/537.36 (KHTML, like Gecko) Chrome/106.0.0.0 Mobile Safari/537.36" "ysfine.com"
79.148.61.104 - - [12/Oct/2022:15:35:43 -0700] "GET /world/brit/nehru11b.jpg HTTP/1.1" 200 43052 "https://ysfine.com/world/brit/etonharrow.html" "Mozilla/5.0 (Linux; Android 10; SM-G965F) AppleWebKit/537.36 (KHTML, like Gecko) Chrome/106.0.0.0 Mobile Safari/537.36" "ysfine.com"
79.148.61.104 - - [12/Oct/2022:15:35:43 -0700] "GET /world/brit/eton07b.jpg HTTP/1.1" 200 36566 "https://ysfine.com/world/brit/etonharrow.html" "Mozilla/5.0 (Linux; Android 10; SM-G965F) AppleWebKit/537.36 (KHTML, like Gecko) Chrome/106.0.0.0 Mobile Safari/537.36" "ysfine.com"
79.148.61.104 - - [12/Oct/2022:15:35:43 -0700] "GET /world/brit/winston01b.jpg HTTP/1.1" 200 38436 "https://ysfine.com/world/brit/etonharrow.html" "Mozilla/5.0 (Linux; Android 10; SM-G965F) AppleWebKit/537.36 (KHTML, like Gecko) Chrome/106.0.0.0 Mobile Safari/537.36" "ysfine.com"
79.148.61.104 - - [12/Oct/2022:15:35:43 -0700] "GET /world/brit/eton01b.jpg HTTP/1.1" 200 47771 "https://ysfine.com/world/brit/etonharrow.html" "Mozilla/5.0 (Linux; Android 10; SM-G965F) AppleWebKit/537.36 (KHTML, like Gecko) Chrome/106.0.0.0 Mobile Safari/537.36" "ysfine.com"
185.191.171.38 - - [12/Oct/2022:15:35:44 -0700] "GET /class54/class5470/total_data/sub_303.htm HTTP/1.1" 200 3324 "-" "Mozilla/5.0 (compatible; SemrushBot/7~bl; +http://www.semrush.com/bot.html)" "www.ysfine.com"
79.148.61.104 - - [12/Oct/2022:15:35:48 -0700] "GET /world/brit/harrow09b.jpg HTTP/1.1" 200 48797 "https://ysfine.com/world/brit/etonharrow.html" "Mozilla/5.0 (Linux; Android 10; SM-G965F) AppleWebKit/537.36 (KHTML, like Gecko) Chrome/106.0.0.0 Mobile Safari/537.36" "ysfine.com"
79.148.61.104 - - [12/Oct/2022:15:35:48 -0700] "GET /world/brit/windsor02b.jpg HTTP/1.1" 200 40724 "https://ysfine.com/world/brit/etonharrow.html" "Mozilla/5.0 (Linux; Android 10; SM-G965F) AppleWebKit/537.36 (KHTML, like Gecko) Chrome/106.0.0.0 Mobile Safari/537.36" "ysfine.com"
79.148.61.104 - - [12/Oct/2022:15:35:48 -0700] "GET /world/brit/harrow01b.jpg HTTP/1.1" 200 54632 "https://ysfine.com/world/brit/etonharrow.html" "Mozilla/5.0 (Linux; Android 10; SM-G965F) AppleWebKit/537.36 (KHTML, like Gecko) Chrome/106.0.0.0 Mobile Safari/537.36" "ysfine.com"
79.148.61.104 - - [12/Oct/2022:15:35:48 -0700] "GET /world/brit/harrow12b.jpg HTTP/1.1" 200 45104 "https://ysfine.com/world/brit/etonharrow.html" "Mozilla/5.0 (Linux; Android 10; SM-G965F) AppleWebKit/537.36 (KHTML, like Gecko) Chrome/106.0.0.0 Mobile Safari/537.36" "ysfine.com"
79.148.61.104 - - [12/Oct/2022:15:36:00 -0700] "GET /favicon.ico HTTP/1.1" 404 88 "https://ysfine.com/world/brit/etonharrow.html" "Mozilla/5.0 (Linux; Android 10; SM-G965F) AppleWebKit/537.36 (KHTML, like Gecko) Chrome/106.0.0.0 Mobile Safari/537.36" "ysfine.com"
157.55.39.58 - - [12/Oct/2022:15:36:54 -0700] "GET /world/china/beijing005.jpg HTTP/1.1" 200 116943 "-" "Mozilla/5.0 (compatible; bingbot/2.0; +http://www.bing.com/bingbot.htm)" "ysfine.com"
122.161.85.105 - - [12/Oct/2022:15:37:35 -0700] "GET /class54/msk17.jpg HTTP/1.1" 200 158211 "https://images.search.yahoo.com/search/images?p=yonhee+university&fr=mcafee&type=E211US714G91652&imgurl=http%3A%2F%2Fwww.englishspectrum.com%2Fwp-content%2Fuploads%2F2014%2F07%2FLy-Yonsei-360.jpg" "Mozilla/5.0 (Windows NT 10.0; Win64; x64) AppleWebKit/537.36 (KHTML, like Gecko) Chrome/106.0.0.0 Safari/537.36" "www.ysfine.com"
77.88.5.134 - - [12/Oct/2022:15:37:58 -0700] "GET /robots.txt HTTP/1.1" 404 73 "-" "Mozilla/5.0 (compatible; YandexBot/3.0; +http://yandex.com/bots)" "www.ysfine.com"
77.88.5.39 - - [12/Oct/2022:15:38:02 -0700] "GET /ffriends/amkor/amstu01c.jpg HTTP/1.1" 200 44435 "-" "Mozilla/5.0 (compatible; YandexImages/3.0; +http://yandex.com/bots)" "www.ysfine.com"
185.191.171.23 - - [12/Oct/2022:15:38:02 -0700] "GET /sbk/photo21.html HTTP/1.1" 200 7762 "-" "Mozilla/5.0 (compatible; SemrushBot/7~bl; +http://www.semrush.com/bot.html)" "ysfine.com"
185.191.171.6 - - [12/Oct/2022:15:38:27 -0700] "GET /maga/bridge22.html HTTP/1.1" 200 6587 "-" "Mozilla/5.0 (compatible; SemrushBot/7~bl; +http://www.semrush.com/bot.html)" "ysfine.com"
40.77.167.27 - - [12/Oct/2022:15:38:43 -0700] "GET /einstein/chewfra11.jpg HTTP/1.1" 200 73493 "-" "Mozilla/5.0 (compatible; bingbot/2.0; +http://www.bing.com/bingbot.htm)" "ysfine.com"
72.14.201.62 - - [12/Oct/2022:15:38:54 -0700] "GET /world/brit/etonharrow.html HTTP/1.1" 200 4546 "-" "Mozilla/5.0 (Linux; Android 10; K) AppleWebKit/537.36 (KHTML, like Gecko) Chrome/106.0.0.0 Mobile Safari/537.36" "ysfine.com"
76.190.106.106 - - [12/Oct/2022:15:39:44 -0700] "GET /einstein/einplanck3.jpg HTTP/1.1" 200 37784 "https://www.google.com/" "Mozilla/5.0 (Windows NT 10.0; WOW64) AppleWebKit/537.36 (KHTML, like Gecko) Chrome/106.0.0.0 Safari/537.36" "ysfine.com"
157.55.39.128 - - [12/Oct/2022:15:39:47 -0700] "GET /bio/eink/buythisbook.html HTTP/1.1" 404 88 "-" "Mozilla/5.0 (compatible; bingbot/2.0; +http://www.bing.com/bingbot.htm)" "ysfine.com"
40.77.167.105 - - [12/Oct/2022:15:41:43 -0700] "GET /robots.txt HTTP/1.1" 404 88 "-" "Mozilla/5.0 (compatible; bingbot/2.0; +http://www.bing.com/bingbot.htm)" "ysfine.com"
40.77.167.27 - - [12/Oct/2022:15:41:43 -0700] "GET /maga/phys/naimar/pewk09.jpg HTTP/1.1" 200 54557 "-" "Mozilla/5.0 (compatible; bingbot/2.0; +http://www.bing.com/bingbot.htm)" "ysfine.com"
207.46.13.102 - - [12/Oct/2022:15:42:07 -0700] "GET /bio/einstein/bern.html HTTP/1.1" 404 88 "-" "Mozilla/5.0 (compatible; bingbot/2.0; +http://www.bing.com/bingbot.htm)" "ysfine.com"
185.191.171.23 - - [12/Oct/2022:15:42:13 -0700] "GET /class54/class5470/total_data/sub_412.htm HTTP/1.1" 200 3214 "-" "Mozilla/5.0 (compatible; SemrushBot/7~bl; +http://www.semrush.com/bot.html)" "ysfine.com"
76.190.106.106 - - [12/Oct/2022:15:42:29 -0700] "GET /einstein/places/einha05.jpg HTTP/1.1" 200 138021 "https://www.google.com/" "Mozilla/5.0 (Windows NT 10.0; WOW64) AppleWebKit/537.36 (KHTML, like Gecko) Chrome/106.0.0.0 Safari/537.36" "ysfine.com"
207.46.13.102 - - [12/Oct/2022:15:42:38 -0700] "GET /feynman/ppic/entro22.jpg HTTP/1.1" 200 211234 "-" "Mozilla/5.0 (compatible; bingbot/2.0; +http://www.bing.com/bingbot.htm)" "www.ysfine.com"
76.190.106.106 - - [12/Oct/2022:15:43:27 -0700] "GET /einstein/places/einha00.jpg HTTP/1.1" 200 79357 "https://www.google.com/" "Mozilla/5.0 (Windows NT 10.0; WOW64) AppleWebKit/537.36 (KHTML, like Gecko) Chrome/106.0.0.0 Safari/537.36" "ysfine.com"
76.190.106.106 - - [12/Oct/2022:15:43:43 -0700] "GET /einstein/places/einmu17.jpg HTTP/1.1" 200 67347 "https://www.google.com/" "Mozilla/5.0 (Windows NT 10.0; WOW64) AppleWebKit/537.36 (KHTML, like Gecko) Chrome/106.0.0.0 Safari/537.36" "ysfine.com"
157.55.39.58 - - [12/Oct/2022:15:44:03 -0700] "GET /newyork/russtea22.jpg HTTP/1.1" 200 218700 "-" "Mozilla/5.0 (compatible; bingbot/2.0; +http://www.bing.com/bingbot.htm)" "www.ysfine.com"
157.55.39.127 - - [12/Oct/2022:15:44:12 -0700] "GET /princeton/cosmic11.jpg HTTP/1.1" 200 76833 "-" "Mozilla/5.0 (compatible; bingbot/2.0; +http://www.bing.com/bingbot.htm)" "ysfine.com"
157.55.39.58 - - [12/Oct/2022:15:44:53 -0700] "GET /kowar/choiyk11c.jpg HTTP/1.1" 200 32210 "-" "Mozilla/5.0 (compatible; bingbot/2.0; +http://www.bing.com/bingbot.htm)" "www.ysfine.com"
40.77.167.27 - - [12/Oct/2022:15:45:54 -0700] "GET /wdc/gtown13.jpg HTTP/1.1" 200 142353 "-" "Mozilla/5.0 (compatible; bingbot/2.0; +http://www.bing.com/bingbot.htm)" "www.ysfine.com"
157.55.39.55 - - [12/Oct/2022:15:46:54 -0700] "GET /wigner/tollwig11b.jpg HTTP/1.1" 200 31891 "-" "Mozilla/5.0 (compatible; bingbot/2.0; +http://www.bing.com/bingbot.htm)" "ysfine.com"
157.55.39.55 - - [12/Oct/2022:15:47:04 -0700] "GET /dongio/irish.jpg HTTP/1.1" 404 88 "-" "Mozilla/5.0 AppleWebKit/537.36 (KHTML, like Gecko; compatible; bingbot/2.0; +http://www.bing.com/bingbot.htm) Chrome/103.0.5060.134 Safari/537.36" "ysfine.com"
220.181.108.103 - - [12/Oct/2022:15:47:40 -0700] "GET /maga/galtime.html HTTP/1.1" 200 1944 "-" "Mozilla/5.0 (compatible; Baiduspider/2.0; +http://www.baidu.com/search/spider.html)" "www.ysfine.com"
220.181.51.90 - - [12/Oct/2022:15:47:41 -0700] "GET /robots.txt HTTP/1.1" 404 88 "-" "Mozilla/5.0 (Windows NT 10.0; WOW64) AppleWebKit/537.36 (KHTML, like Gecko) Chrome/48.0.2564.116 Safari/537.36" "www.ysfine.com"
116.179.37.84 - - [12/Oct/2022:15:47:42 -0700] "GET /maga/phys/inclined11b.jpg HTTP/1.1" 200 35417 "https://www.ysfine.com/maga/galtime.html" "Mozilla/5.0 (compatible; Baiduspider-render/2.0; +http://www.baidu.com/search/spider.html)" "www.ysfine.com"
116.179.37.179 - - [12/Oct/2022:15:47:42 -0700] "GET /world/ital/museo.jpg HTTP/1.1" 200 41524 "https://www.ysfine.com/maga/galtime.html" "Mozilla/5.0 (compatible; Baiduspider-render/2.0; +http://www.baidu.com/search/spider.html)" "www.ysfine.com"
207.46.13.102 - - [12/Oct/2022:15:47:57 -0700] "GET /sbk/2008amster.jpg HTTP/1.1" 200 132404 "-" "Mozilla/5.0 (compatible; bingbot/2.0; +http://www.bing.com/bingbot.htm)" "ysfine.com"
40.77.167.27 - - [12/Oct/2022:15:48:04 -0700] "GET /kowar/tanks/tank54b.jpg HTTP/1.1" 200 38354 "-" "Mozilla/5.0 AppleWebKit/537.36 (KHTML, like Gecko; compatible; bingbot/2.0; +http://www.bing.com/bingbot.htm) Chrome/103.0.5060.134 Safari/537.36" "ysfine.com"
87.189.234.186 - - [12/Oct/2022:15:48:11 -0700] "GET /maga/tesla.html HTTP/1.1" 200 4852 "https://www.google.com/" "Mozilla/5.0 (Windows NT 10.0; Win64; x64) AppleWebKit/537.36 (KHTML, like Gecko) Chrome/105.0.0.0 Safari/537.36" "ysfine.com"
87.189.234.186 - - [12/Oct/2022:15:48:11 -0700] "GET /maga/invent/inductmo2.jpg HTTP/1.1" 200 40426 "https://ysfine.com/maga/tesla.html" "Mozilla/5.0 (Windows NT 10.0; Win64; x64) AppleWebKit/537.36 (KHTML, like Gecko) Chrome/105.0.0.0 Safari/537.36" "ysfine.com"
87.189.234.186 - - [12/Oct/2022:15:48:11 -0700] "GET /maga/invent/mosin2.jpg HTTP/1.1" 200 51881 "https://ysfine.com/maga/tesla.html" "Mozilla/5.0 (Windows NT 10.0; Win64; x64) AppleWebKit/537.36 (KHTML, like Gecko) Chrome/105.0.0.0 Safari/537.36" "ysfine.com"
87.189.234.186 - - [12/Oct/2022:15:48:11 -0700] "GET /usca/pitt/westifn02b.jpg HTTP/1.1" 200 58594 "https://ysfine.com/maga/tesla.html" "Mozilla/5.0 (Windows NT 10.0; Win64; x64) AppleWebKit/537.36 (KHTML, like Gecko) Chrome/105.0.0.0 Safari/537.36" "ysfine.com"
87.189.234.186 - - [12/Oct/2022:15:48:11 -0700] "GET /maga/invent/tesla11b.jpg HTTP/1.1" 200 47570 "https://ysfine.com/maga/tesla.html" "Mozilla/5.0 (Windows NT 10.0; Win64; x64) AppleWebKit/537.36 (KHTML, like Gecko) Chrome/105.0.0.0 Safari/537.36" "ysfine.com"
87.189.234.186 - - [12/Oct/2022:15:48:11 -0700] "GET /maga/invent/westing2.jpg HTTP/1.1" 200 40071 "https://ysfine.com/maga/tesla.html" "Mozilla/5.0 (Windows NT 10.0; Win64; x64) AppleWebKit/537.36 (KHTML, like Gecko) Chrome/105.0.0.0 Safari/537.36" "ysfine.com"
157.55.39.55 - - [12/Oct/2022:15:48:14 -0700] "GET /world/france/montpar12.jpg HTTP/1.1" 200 224749 "-" "Mozilla/5.0 (compatible; bingbot/2.0; +http://www.bing.com/bingbot.htm)" "www.ysfine.com"
87.189.234.186 - - [12/Oct/2022:15:48:16 -0700] "GET /favicon.ico HTTP/1.1" 404 88 "https://ysfine.com/maga/tesla.html" "Mozilla/5.0 (Windows NT 10.0; Win64; x64) AppleWebKit/537.36 (KHTML, like Gecko) Chrome/105.0.0.0 Safari/537.36" "ysfine.com"
157.55.39.128 - - [12/Oct/2022:15:49:28 -0700] "GET /style/smithonian.jpg HTTP/1.1" 200 88645 "-" "Mozilla/5.0 (compatible; bingbot/2.0; +http://www.bing.com/bingbot.htm)" "ysfine.com"
157.55.39.58 - - [12/Oct/2022:15:49:34 -0700] "GET /bio/style/artlove.html HTTP/1.1" 404 88 "-" "Mozilla/5.0 (compatible; bingbot/2.0; +http://www.bing.com/bingbot.htm)" "ysfine.com"
185.191.171.33 - - [12/Oct/2022:15:50:01 -0700] "GET /class54/class5470/total_data/sub_533.htm HTTP/1.1" 200 3212 "-" "Mozilla/5.0 (compatible; SemrushBot/7~bl; +http://www.semrush.com/bot.html)" "www.ysfine.com"
185.191.171.33 - - [12/Oct/2022:15:50:16 -0700] "GET /archives/proceedings/ff3/index.html HTTP/1.1" 200 133 "-" "Mozilla/5.0 (compatible; SemrushBot/7~bl; +http://www.semrush.com/bot.html)" "www.ysfine.com"
185.191.171.42 - - [12/Oct/2022:15:52:45 -0700] "GET /class54/class5470/total_data/sub_122.htm HTTP/1.1" 200 3311 "-" "Mozilla/5.0 (compatible; SemrushBot/7~bl; +http://www.semrush.com/bot.html)" "ysfine.com"
157.55.39.55 - - [12/Oct/2022:15:54:16 -0700] "GET /style/musee/perga22.jpg HTTP/1.1" 200 82370 "-" "Mozilla/5.0 (compatible; bingbot/2.0; +http://www.bing.com/bingbot.htm)" "ysfine.com"
207.46.13.102 - - [12/Oct/2022:15:54:19 -0700] "GET /world/brit/picca09.jpg HTTP/1.1" 200 93958 "-" "Mozilla/5.0 (compatible; bingbot/2.0; +http://www.bing.com/bingbot.htm)" "ysfine.com"
157.55.39.127 - - [12/Oct/2022:15:54:32 -0700] "GET /style/musee/perga09.jpg HTTP/1.1" 200 103235 "-" "Mozilla/5.0 (compatible; bingbot/2.0; +http://www.bing.com/bingbot.htm)" "ysfine.com"
157.55.39.128 - - [12/Oct/2022:15:55:59 -0700] "GET /wdc/gtown15b.jpg HTTP/1.1" 200 38625 "-" "Mozilla/5.0 (compatible; bingbot/2.0; +http://www.bing.com/bingbot.htm)" "www.ysfine.com"
157.55.39.128 - - [12/Oct/2022:15:56:19 -0700] "GET /bio/world/kalinin22.html HTTP/1.1" 404 88 "-" "Mozilla/5.0 (compatible; bingbot/2.0; +http://www.bing.com/bingbot.htm)" "ysfine.com"
157.55.39.55 - - [12/Oct/2022:15:57:56 -0700] "GET /feynman/ppic/feygell66.jpg HTTP/1.1" 200 74557 "-" "Mozilla/5.0 (compatible; bingbot/2.0; +http://www.bing.com/bingbot.htm)" "www.ysfine.com"
95.163.255.61 - - [12/Oct/2022:15:58:36 -0700] "GET /robots.txt HTTP/1.1" 404 73 "-" "Mozilla/5.0 (compatible; Linux x86_64; Mail.RU_Bot/Img/2.0; +https://help.mail.ru/webmaster/indexing/robots)" "www.ysfine.com"
157.55.39.127 - - [12/Oct/2022:15:59:23 -0700] "GET /world/china/dalian41b.jpg HTTP/1.1" 200 50080 "-" "Mozilla/5.0 (compatible; bingbot/2.0; +http://www.bing.com/bingbot.htm)" "ysfine.com"
95.163.255.101 - - [12/Oct/2022:15:59:25 -0700] "GET /maga/phil/marxmos02.jpg HTTP/1.1" 200 74082 "http://go.mail.ru/search_images" "Mozilla/5.0 (compatible; Linux x86_64; Mail.RU_Bot/Img/2.0; +https://help.mail.ru/webmaster/indexing/robots)" "www.ysfine.com"
40.77.167.27 - - [12/Oct/2022:15:59:27 -0700] "GET /wdc/kennedyc09.jpg HTTP/1.1" 200 87918 "-" "Mozilla/5.0 (compatible; bingbot/2.0; +http://www.bing.com/bingbot.htm)" "ysfine.com"
157.55.39.55 - - [12/Oct/2022:15:59:55 -0700] "GET /sbk/2013buda05.jpg HTTP/1.1" 200 90405 "-" "Mozilla/5.0 AppleWebKit/537.36 (KHTML, like Gecko; compatible; bingbot/2.0; +http://www.bing.com/bingbot.htm) Chrome/103.0.5060.134 Safari/537.36" "www.ysfine.com"
157.55.39.58 - - [12/Oct/2022:16:00:05 -0700] "GET /world/russ/mosf66.pptx HTTP/1.1" 200 413055 "-" "Mozilla/5.0 (compatible; bingbot/2.0; +http://www.bing.com/bingbot.htm)" "ysfine.com"
193.235.141.172 - - [12/Oct/2022:16:00:09 -0700] "GET /favicon.ico HTTP/1.1" 404 88 "-" "Mozilla/5.0 (Windows NT 10.0; Win64; x64) AppleWebKit/537.36 (KHTML, like Gecko) Chrome/105.0.0.0 Safari/537.36" "ysfine.com"
157.55.39.127 - - [12/Oct/2022:16:00:44 -0700] "GET /philo/sisfa12/frame26.html HTTP/1.1" 200 319 "-" "Mozilla/5.0 (compatible; bingbot/2.0; +http://www.bing.com/bingbot.htm)" "ysfine.com"
157.55.39.55 - - [12/Oct/2022:16:00:48 -0700] "GET /world/baltic/tallin62.jpg HTTP/1.1" 200 187180 "-" "Mozilla/5.0 (compatible; bingbot/2.0; +http://www.bing.com/bingbot.htm)" "ysfine.com"
157.55.39.58 - - [12/Oct/2022:16:01:06 -0700] "GET /world/russ/zul00.jpg HTTP/1.1" 200 242645 "-" "Mozilla/5.0 (compatible; bingbot/2.0; +http://www.bing.com/bingbot.htm)" "ysfine.com"
157.55.39.58 - - [12/Oct/2022:16:01:24 -0700] "GET /world/scandi/norw08b.jpg HTTP/1.1" 200 57238 "-" "Mozilla/5.0 (compatible; bingbot/2.0; +http://www.bing.com/bingbot.htm)" "ysfine.com"
157.55.39.127 - - [12/Oct/2022:16:01:33 -0700] "GET /world/russ/kazan066.jpg HTTP/1.1" 200 44197 "-" "Mozilla/5.0 (compatible; bingbot/2.0; +http://www.bing.com/bingbot.htm)" "www.ysfine.com"
185.191.171.21 - - [12/Oct/2022:16:02:02 -0700] "GET /class54/class5470/total_data/sub_132.htm HTTP/1.1" 200 3307 "-" "Mozilla/5.0 (compatible; SemrushBot/7~bl; +http://www.semrush.com/bot.html)" "ysfine.com"
40.77.167.27 - - [12/Oct/2022:16:02:15 -0700] "GET /wigner/neum/vnc01.jpg HTTP/1.1" 200 133641 "-" "Mozilla/5.0 (compatible; bingbot/2.0; +http://www.bing.com/bingbot.htm)" "www.ysfine.com"
157.55.39.128 - - [12/Oct/2022:16:02:29 -0700] "GET /style/akiko55.jpg HTTP/1.1" 200 48868 "-" "Mozilla/5.0 (compatible; bingbot/2.0; +http://www.bing.com/bingbot.htm)" "ysfine.com"
185.191.171.8 - - [12/Oct/2022:16:03:12 -0700] "GET /robots.txt HTTP/1.1" 404 88 "-" "Mozilla/5.0 (compatible; SemrushBot/7~bl; +http://www.semrush.com/bot.html)" "www.ysfine.com"
185.191.171.9 - - [12/Oct/2022:16:03:12 -0700] "GET /class54/class5470/total_data/sub_605.htm HTTP/1.1" 200 3192 "-" "Mozilla/5.0 (compatible; SemrushBot/7~bl; +http://www.semrush.com/bot.html)" "www.ysfine.com"
192.0.113.210 - - [12/Oct/2022:16:03:30 -0700] "GET /einstein/einplanck3.jpg HTTP/1.1" 200 37784 "-" "Photon/1.0" "ysfine.com"
157.55.39.128 - - [12/Oct/2022:16:03:50 -0700] "GET /kobak/sohnwi01.jpg HTTP/1.1" 200 67716 "-" "Mozilla/5.0 (compatible; bingbot/2.0; +http://www.bing.com/bingbot.htm)" "ysfine.com"
157.55.39.55 - - [12/Oct/2022:16:04:47 -0700] "GET /dirac/2osc22b.jpg HTTP/1.1" 200 47666 "-" "Mozilla/5.0 (compatible; bingbot/2.0; +http://www.bing.com/bingbot.htm)" "www.ysfine.com"
157.55.39.128 - - [12/Oct/2022:16:06:09 -0700] "GET /world/scandi/norw22b.jpg HTTP/1.1" 200 43510 "-" "Mozilla/5.0 (compatible; bingbot/2.0; +http://www.bing.com/bingbot.htm)" "ysfine.com"
157.55.39.128 - - [12/Oct/2022:16:06:39 -0700] "GET /usca/norl/bour02b.jpg HTTP/1.1" 200 39485 "-" "Mozilla/5.0 (compatible; bingbot/2.0; +http://www.bing.com/bingbot.htm)" "ysfine.com"
40.77.167.27 - - [12/Oct/2022:16:06:56 -0700] "GET /people/sperber02.jpg HTTP/1.1" 200 74339 "-" "Mozilla/5.0 (compatible; bingbot/2.0; +http://www.bing.com/bingbot.htm)" "ysfine.com"
167.249.19.65 - - [12/Oct/2022:16:07:20 -0700] "GET /wigner/neum/vnc01.jpg HTTP/1.1" 200 133641 "-" "Mozilla/5.0 (iPhone; CPU iPhone OS 16_0 like Mac OS X) AppleWebKit/605.1.15 (KHTML, like Gecko) Version/16.0 Mobile/15E148 Safari/604.1" "ysfine.com"
185.191.171.4 - - [12/Oct/2022:16:10:34 -0700] "GET /maga/kantao.html HTTP/1.1" 200 1675 "-" "Mozilla/5.0 (compatible; SemrushBot/7~bl; +http://www.semrush.com/bot.html)" "www.ysfine.com"
207.46.13.102 - - [12/Oct/2022:16:10:50 -0700] "GET /bio/einstein/bern.html HTTP/1.1" 404 88 "-" "Mozilla/5.0 (compatible; bingbot/2.0; +http://www.bing.com/bingbot.htm)" "ysfine.com"
54.236.1.11 - - [12/Oct/2022:16:11:33 -0700] "GET /world/vienna.html HTTP/1.1" 200 7048 "-" "Mozilla/5.0 (compatible; Pinterestbot/1.0; +http://www.pinterest.com/bot.html)" "ysfine.com"
105.235.71.138 - - [12/Oct/2022:16:11:50 -0700] "GET /einstein/einplanck3.jpg HTTP/1.1" 200 37784 "https://www.google.com/" "Mozilla/5.0 (Linux; Android 9; TECNO KC6) AppleWebKit/537.36 (KHTML, like Gecko) Chrome/95.0.4638.74 Mobile Safari/537.36" "ysfine.com"
207.46.13.102 - - [12/Oct/2022:16:11:50 -0700] "GET /bio/awards/iao.html HTTP/1.1" 404 88 "-" "Mozilla/5.0 (compatible; bingbot/2.0; +http://www.bing.com/bingbot.htm)" "ysfine.com"
157.55.39.55 - - [12/Oct/2022:16:12:07 -0700] "GET /bio/princeton/campus.html HTTP/1.1" 404 88 "-" "Mozilla/5.0 (compatible; bingbot/2.0; +http://www.bing.com/bingbot.htm)" "ysfine.com"
157.55.39.58 - - [12/Oct/2022:16:13:36 -0700] "GET /world/russ/kazan029b.jpg HTTP/1.1" 200 36166 "-" "Mozilla/5.0 (compatible; bingbot/2.0; +http://www.bing.com/bingbot.htm)" "ysfine.com"
77.75.78.171 - - [12/Oct/2022:16:13:51 -0700] "GET /robots.txt HTTP/1.1" 404 88 "-" "Mozilla/5.0 (compatible; SeznamBot/3.2; +http://napoveda.seznam.cz/en/seznambot-intro/)" "ysfine.com"
77.75.78.171 - - [12/Oct/2022:16:13:53 -0700] "GET /princeton/sotto.jpg HTTP/1.1" 200 109246 "-" "Mozilla/5.0 (compatible; SeznamBot/3.2; +http://napoveda.seznam.cz/en/seznambot-intro/)" "ysfine.com"
77.75.78.171 - - [12/Oct/2022:16:13:56 -0700] "GET /feynman/page66.jpg HTTP/1.1" 200 82655 "-" "Mozilla/5.0 (compatible; SeznamBot/3.2; +http://napoveda.seznam.cz/en/seznambot-intro/)" "ysfine.com"
77.75.78.171 - - [12/Oct/2022:16:13:58 -0700] "GET /feynman/page44.jpg HTTP/1.1" 200 106223 "-" "Mozilla/5.0 (compatible; SeznamBot/3.2; +http://napoveda.seznam.cz/en/seznambot-intro/)" "ysfine.com"
77.75.78.171 - - [12/Oct/2022:16:14:01 -0700] "GET /style/venus01.jpg HTTP/1.1" 200 96403 "-" "Mozilla/5.0 (compatible; SeznamBot/3.2; +http://napoveda.seznam.cz/en/seznambot-intro/)" "ysfine.com"
77.75.78.171 - - [12/Oct/2022:16:14:03 -0700] "GET /people/sbt11.jpg HTTP/1.1" 304 - "-" "Mozilla/5.0 (compatible; SeznamBot/3.2; +http://napoveda.seznam.cz/en/seznambot-intro/)" "ysfine.com"
185.191.171.17 - - [12/Oct/2022:16:14:18 -0700] "GET /class54/class5470/total_data/sub_130.htm HTTP/1.1" 200 3313 "-" "Mozilla/5.0 (compatible; SemrushBot/7~bl; +http://www.semrush.com/bot.html)" "ysfine.com"
207.46.13.102 - - [12/Oct/2022:16:16:00 -0700] "GET /feynman/fb5.jpg HTTP/1.1" 200 33961 "-" "Mozilla/5.0 (compatible; bingbot/2.0; +http://www.bing.com/bingbot.htm)" "ysfine.com"
157.55.39.58 - - [12/Oct/2022:16:18:07 -0700] "GET /world/germany/hegel15.jpg HTTP/1.1" 200 77130 "-" "Mozilla/5.0 (compatible; bingbot/2.0; +http://www.bing.com/bingbot.htm)" "ysfine.com"
157.55.39.127 - - [12/Oct/2022:16:18:14 -0700] "GET /world/russ/orlov11b.jpg HTTP/1.1" 200 37260 "-" "Mozilla/5.0 (compatible; bingbot/2.0; +http://www.bing.com/bingbot.htm)" "ysfine.com"
157.55.39.55 - - [12/Oct/2022:16:18:27 -0700] "GET /wigner/fitch01.jpg HTTP/1.1" 200 43087 "-" "Mozilla/5.0 (compatible; bingbot/2.0; +http://www.bing.com/bingbot.htm)" "ysfine.com"
157.55.39.58 - - [12/Oct/2022:16:19:29 -0700] "GET /bio/bio07.html HTTP/1.1" 404 88 "-" "Mozilla/5.0 (compatible; bingbot/2.0; +http://www.bing.com/bingbot.htm)" "ysfine.com"
103.131.71.52 - - [12/Oct/2022:16:20:33 -0700] "GET /robots.txt HTTP/1.1" 404 88 "-" "Mozilla/5.0 (compatible; coccocbot-image/1.0; +http://help.coccoc.com/searchengine)" "ysfine.com"
103.131.71.45 - - [12/Oct/2022:16:20:41 -0700] "GET /kowar/tanks/m46cb.jpg HTTP/1.1" 200 35273 "-" "Mozilla/5.0 (compatible; coccocbot-image/1.0; +http://help.coccoc.com/searchengine)" "ysfine.com"
157.55.39.127 - - [12/Oct/2022:16:20:55 -0700] "GET /maga/phys/naimar/pewk05.jpg HTTP/1.1" 200 94458 "-" "Mozilla/5.0 (compatible; bingbot/2.0; +http://www.bing.com/bingbot.htm)" "ysfine.com"
2.28.78.241 - - [12/Oct/2022:16:21:11 -0700] "GET /world/cambr.html HTTP/1.1" 200 6189 "https://www.google.co.uk/" "Mozilla/5.0 (iPhone; CPU iPhone OS 15_6_1 like Mac OS X) AppleWebKit/605.1.15 (KHTML, like Gecko) Version/15.6.1 Mobile/15E148 Safari/604.1" "ysfine.com"
2.28.78.241 - - [12/Oct/2022:16:21:11 -0700] "GET /dirac/dirac84b.jpg HTTP/1.1" 200 42763 "https://ysfine.com/world/cambr.html" "Mozilla/5.0 (iPhone; CPU iPhone OS 15_6_1 like Mac OS X) AppleWebKit/605.1.15 (KHTML, like Gecko) Version/15.6.1 Mobile/15E148 Safari/604.1" "ysfine.com"
2.28.78.241 - - [12/Oct/2022:16:21:11 -0700] "GET /world/brit/cam03b.jpg HTTP/1.1" 200 48538 "https://ysfine.com/world/cambr.html" "Mozilla/5.0 (iPhone; CPU iPhone OS 15_6_1 like Mac OS X) AppleWebKit/605.1.15 (KHTML, like Gecko) Version/15.6.1 Mobile/15E148 Safari/604.1" "ysfine.com"
2.28.78.241 - - [12/Oct/2022:16:21:11 -0700] "GET /world/brit/westmin12b.jpg HTTP/1.1" 200 46419 "https://ysfine.com/world/cambr.html" "Mozilla/5.0 (iPhone; CPU iPhone OS 15_6_1 like Mac OS X) AppleWebKit/605.1.15 (KHTML, like Gecko) Version/15.6.1 Mobile/15E148 Safari/604.1" "ysfine.com"
2.28.78.241 - - [12/Oct/2022:16:21:13 -0700] "GET /world/brit/cam12b.jpg HTTP/1.1" 200 47943 "https://ysfine.com/world/cambr.html" "Mozilla/5.0 (iPhone; CPU iPhone OS 15_6_1 like Mac OS X) AppleWebKit/605.1.15 (KHTML, like Gecko) Version/15.6.1 Mobile/15E148 Safari/604.1" "ysfine.com"
2.28.78.241 - - [12/Oct/2022:16:21:13 -0700] "GET /world/brit/westmin16b.jpg HTTP/1.1" 200 51453 "https://ysfine.com/world/cambr.html" "Mozilla/5.0 (iPhone; CPU iPhone OS 15_6_1 like Mac OS X) AppleWebKit/605.1.15 (KHTML, like Gecko) Version/15.6.1 Mobile/15E148 Safari/604.1" "ysfine.com"
2.28.78.241 - - [12/Oct/2022:16:21:13 -0700] "GET /world/brit/cam25b.jpg HTTP/1.1" 200 39657 "https://ysfine.com/world/cambr.html" "Mozilla/5.0 (iPhone; CPU iPhone OS 15_6_1 like Mac OS X) AppleWebKit/605.1.15 (KHTML, like Gecko) Version/15.6.1 Mobile/15E148 Safari/604.1" "ysfine.com"
2.28.78.241 - - [12/Oct/2022:16:21:13 -0700] "GET /princeton/withers01b.jpg HTTP/1.1" 200 53277 "https://ysfine.com/world/cambr.html" "Mozilla/5.0 (iPhone; CPU iPhone OS 15_6_1 like Mac OS X) AppleWebKit/605.1.15 (KHTML, like Gecko) Version/15.6.1 Mobile/15E148 Safari/604.1" "ysfine.com"
2.28.78.241 - - [12/Oct/2022:16:21:13 -0700] "GET /world/brit/cam28b.jpg HTTP/1.1" 200 36784 "https://ysfine.com/world/cambr.html" "Mozilla/5.0 (iPhone; CPU iPhone OS 15_6_1 like Mac OS X) AppleWebKit/605.1.15 (KHTML, like Gecko) Version/15.6.1 Mobile/15E148 Safari/604.1" "ysfine.com"
2.28.78.241 - - [12/Oct/2022:16:21:13 -0700] "GET /world/brit/cam22b.jpg HTTP/1.1" 200 57993 "https://ysfine.com/world/cambr.html" "Mozilla/5.0 (iPhone; CPU iPhone OS 15_6_1 like Mac OS X) AppleWebKit/605.1.15 (KHTML, like Gecko) Version/15.6.1 Mobile/15E148 Safari/604.1" "ysfine.com"
2.28.78.241 - - [12/Oct/2022:16:21:13 -0700] "GET /eink/pwk19c.jpg HTTP/1.1" 200 57759 "https://ysfine.com/world/cambr.html" "Mozilla/5.0 (iPhone; CPU iPhone OS 15_6_1 like Mac OS X) AppleWebKit/605.1.15 (KHTML, like Gecko) Version/15.6.1 Mobile/15E148 Safari/604.1" "ysfine.com"
2.28.78.241 - - [12/Oct/2022:16:21:13 -0700] "GET /world/brit/cam15b.jpg HTTP/1.1" 200 41066 "https://ysfine.com/world/cambr.html" "Mozilla/5.0 (iPhone; CPU iPhone OS 15_6_1 like Mac OS X) AppleWebKit/605.1.15 (KHTML, like Gecko) Version/15.6.1 Mobile/15E148 Safari/604.1" "ysfine.com"
157.55.39.128 - - [12/Oct/2022:16:21:21 -0700] "GET /style/yasukuni22.jpg HTTP/1.1" 200 93694 "-" "Mozilla/5.0 AppleWebKit/537.36 (KHTML, like Gecko; compatible; bingbot/2.0; +http://www.bing.com/bingbot.htm) Chrome/103.0.5060.134 Safari/537.36" "ysfine.com"
103.131.71.40 - - [12/Oct/2022:16:21:26 -0700] "GET /kowar/tanks/m46cb.jpg HTTP/1.1" 200 35273 "-" "Mozilla/5.0 (compatible; coccocbot-image/1.0; +http://help.coccoc.com/searchengine)" "ysfine.com"
157.55.39.55 - - [12/Oct/2022:16:22:09 -0700] "GET /bio/einstein/einkant.html HTTP/1.1" 404 88 "-" "Mozilla/5.0 (compatible; bingbot/2.0; +http://www.bing.com/bingbot.htm)" "ysfine.com"
157.55.39.128 - - [12/Oct/2022:16:23:22 -0700] "GET /world/russ/spb34.jpg HTTP/1.1" 200 130531 "-" "Mozilla/5.0 (compatible; bingbot/2.0; +http://www.bing.com/bingbot.htm)" "www.ysfine.com"
157.55.39.58 - - [12/Oct/2022:16:23:28 -0700] "GET /bio/harmoarchi.html HTTP/1.1" 404 88 "-" "Mozilla/5.0 (compatible; bingbot/2.0; +http://www.bing.com/bingbot.htm)" "ysfine.com"
207.46.13.102 - - [12/Oct/2022:16:23:32 -0700] "GET /bio/world/leipzig.html HTTP/1.1" 404 88 "-" "Mozilla/5.0 AppleWebKit/537.36 (KHTML, like Gecko; compatible; bingbot/2.0; +http://www.bing.com/bingbot.htm) Chrome/103.0.5060.134 Safari/537.36" "ysfine.com"
157.55.39.55 - - [12/Oct/2022:16:23:58 -0700] "GET /bio/houses/myhouse.html HTTP/1.1" 404 88 "-" "Mozilla/5.0 (compatible; bingbot/2.0; +http://www.bing.com/bingbot.htm)" "ysfine.com"
157.55.39.55 - - [12/Oct/2022:16:24:07 -0700] "GET /feynman/jacdrum11b.jpg HTTP/1.1" 200 49846 "-" "Mozilla/5.0 (compatible; bingbot/2.0; +http://www.bing.com/bingbot.htm)" "ysfine.com"
157.55.39.127 - - [12/Oct/2022:16:24:26 -0700] "GET /world/poland/polstu21.jpg HTTP/1.1" 200 91268 "-" "Mozilla/5.0 (compatible; bingbot/2.0; +http://www.bing.com/bingbot.htm)" "ysfine.com"
185.191.171.25 - - [12/Oct/2022:16:24:40 -0700] "GET /class54/class5470/total_data/sub_243.htm HTTP/1.1" 200 3403 "-" "Mozilla/5.0 (compatible; SemrushBot/7~bl; +http://www.semrush.com/bot.html)" "ysfine.com"
77.250.141.131 - - [12/Oct/2022:16:24:59 -0700] "GET /philo/keigel11.jpg HTTP/1.1" 200 113857 "https://www.google.com/" "Mozilla/5.0 (Windows NT 10.0; Win64; x64) AppleWebKit/537.36 (KHTML, like Gecko) Chrome/106.0.0.0 Safari/537.36" "ysfine.com"
77.250.141.131 - - [12/Oct/2022:16:25:09 -0700] "GET /einstein/eintao11.jpg HTTP/1.1" 200 99034 "https://www.google.com/" "Mozilla/5.0 (Windows NT 10.0; Win64; x64) AppleWebKit/537.36 (KHTML, like Gecko) Chrome/106.0.0.0 Safari/537.36" "ysfine.com"
157.55.39.58 - - [12/Oct/2022:16:25:29 -0700] "GET /people/froissart.jpg HTTP/1.1" 200 83055 "-" "Mozilla/5.0 (compatible; bingbot/2.0; +http://www.bing.com/bingbot.htm)" "ysfine.com"
77.250.141.131 - - [12/Oct/2022:16:25:30 -0700] "GET /maga/phil/hegel10c.jpg HTTP/1.1" 200 591384 "https://www.google.com/" "Mozilla/5.0 (Windows NT 10.0; Win64; x64) AppleWebKit/537.36 (KHTML, like Gecko) Chrome/106.0.0.0 Safari/537.36" "ysfine.com"
185.191.171.39 - - [12/Oct/2022:16:25:32 -0700] "GET /people/sbt.html HTTP/1.1" 200 529 "-" "Mozilla/5.0 (compatible; SemrushBot/7~bl; +http://www.semrush.com/bot.html)" "ysfine.com"
185.191.171.9 - - [12/Oct/2022:16:27:02 -0700] "GET /class54/class5470/total_data/sub_230.htm HTTP/1.1" 200 3403 "-" "Mozilla/5.0 (compatible; SemrushBot/7~bl; +http://www.semrush.com/bot.html)" "ysfine.com"
40.77.167.27 - - [12/Oct/2022:16:28:18 -0700] "GET /world/germany/humboldt01.jpg HTTP/1.1" 200 69699 "-" "Mozilla/5.0 AppleWebKit/537.36 (KHTML, like Gecko; compatible; bingbot/2.0; +http://www.bing.com/bingbot.htm) Chrome/103.0.5060.134 Safari/537.36" "www.ysfine.com"
157.55.39.127 - - [12/Oct/2022:16:28:36 -0700] "GET /world/baltic/kantstatue.jpg HTTP/1.1" 200 108698 "-" "Mozilla/5.0 (compatible; bingbot/2.0; +http://www.bing.com/bingbot.htm)" "ysfine.com"
157.55.39.128 - - [12/Oct/2022:16:30:02 -0700] "GET /bio/kobak/soraech.html HTTP/1.1" 404 88 "-" "Mozilla/5.0 (compatible; bingbot/2.0; +http://www.bing.com/bingbot.htm)" "ysfine.com"
157.55.39.127 - - [12/Oct/2022:16:30:26 -0700] "GET /world/germany/egypmu02b.jpg HTTP/1.1" 200 31047 "-" "Mozilla/5.0 (compatible; bingbot/2.0; +http://www.bing.com/bingbot.htm)" "www.ysfine.com"
40.77.167.27 - - [12/Oct/2022:16:31:09 -0700] "GET /wdc/willard22.jpg HTTP/1.1" 200 73087 "-" "Mozilla/5.0 (compatible; bingbot/2.0; +http://www.bing.com/bingbot.htm)" "www.ysfine.com"
157.55.39.58 - - [12/Oct/2022:16:31:28 -0700] "GET /fbook/chomansik66a.jpg HTTP/1.1" 200 107800 "-" "Mozilla/5.0 (compatible; bingbot/2.0; +http://www.bing.com/bingbot.htm)" "ysfine.com"
157.55.39.55 - - [12/Oct/2022:16:31:48 -0700] "GET /kobak/repose11b.jpg HTTP/1.1" 200 32052 "-" "Mozilla/5.0 (compatible; bingbot/2.0; +http://www.bing.com/bingbot.htm)" "ysfine.com"
3.131.93.11 - - [12/Oct/2022:16:32:26 -0700] "GET /ads.txt HTTP/1.1" 404 88 "http://ysfine.com/ads.txt" "AdsTxtCrawler/1.0; +https://github.com/InteractiveAdvertisingBureau/adstxtcrawler" "ysfine.com"
66.249.66.43 - - [12/Oct/2022:16:32:41 -0700] "GET /houses/5thcon.jpg HTTP/1.1" 200 80099 "-" "Googlebot-Image/1.0" "ysfine.com"
157.55.39.127 - - [12/Oct/2022:16:34:36 -0700] "GET /usca/pitt/mtwash03.jpg HTTP/1.1" 200 57468 "-" "Mozilla/5.0 AppleWebKit/537.36 (KHTML, like Gecko; compatible; bingbot/2.0; +http://www.bing.com/bingbot.htm) Chrome/103.0.5060.134 Safari/537.36" "ysfine.com"
207.46.13.102 - - [12/Oct/2022:16:35:02 -0700] "GET /einstein/newtein11a.jpg HTTP/1.1" 200 58594 "-" "Mozilla/5.0 AppleWebKit/537.36 (KHTML, like Gecko; compatible; bingbot/2.0; +http://www.bing.com/bingbot.htm) Chrome/103.0.5060.134 Safari/537.36" "ysfine.com"
157.55.39.55 - - [12/Oct/2022:16:35:28 -0700] "GET /bio/style/ystyle.html HTTP/1.1" 404 88 "-" "Mozilla/5.0 (compatible; bingbot/2.0; +http://www.bing.com/bingbot.htm)" "ysfine.com"
85.145.225.109 - - [12/Oct/2022:16:37:29 -0700] "GET /jobs/koreaj22.jpg HTTP/1.1" 200 195155 "https://www.google.com/" "Mozilla/5.0 (Windows NT 10.0; Win64; x64) AppleWebKit/537.36 (KHTML, like Gecko) Chrome/106.0.0.0 Safari/537.36" "ysfine.com"
207.46.13.102 - - [12/Oct/2022:16:37:32 -0700] "GET /bio/einstein/bern.html HTTP/1.1" 404 88 "-" "Mozilla/5.0 (compatible; bingbot/2.0; +http://www.bing.com/bingbot.htm)" "ysfine.com"
189.216.41.134 - - [12/Oct/2022:16:37:55 -0700] "GET /wigner/neeman.jpg HTTP/1.1" 200 74678 "https://www.google.com.mx/" "Mozilla/5.0 (Macintosh; Intel Mac OS X 10_15_7) AppleWebKit/537.36 (KHTML, like Gecko) Chrome/103.0.0.0 Safari/537.36" "ysfine.com"
212.8.248.163 - - [12/Oct/2022:16:38:04 -0700] "HEAD /world/poland/gdnf10.jpg HTTP/1.1" 200 - "-" "Mozilla/5.0 (Macintosh; Intel Mac OS X 10_13_1) AppleWebKit/537.36 (KHTML, like Gecko) Chrome/66.0.3359.181 Safari/537.36" "www.ysfine.com"
157.55.39.58 - - [12/Oct/2022:16:40:08 -0700] "GET /world/france/montpar01.jpg HTTP/1.1" 200 81237 "-" "Mozilla/5.0 (compatible; bingbot/2.0; +http://www.bing.com/bingbot.htm)" "www.ysfine.com"
185.191.171.18 - - [12/Oct/2022:16:40:13 -0700] "GET /class54/class5470/total_data/sub_338.htm HTTP/1.1" 200 3327 "-" "Mozilla/5.0 (compatible; SemrushBot/7~bl; +http://www.semrush.com/bot.html)" "ysfine.com"
157.55.39.58 - - [12/Oct/2022:16:40:39 -0700] "GET /world/baltic/kalinhouse2.jpg HTTP/1.1" 200 45105 "-" "Mozilla/5.0 (compatible; bingbot/2.0; +http://www.bing.com/bingbot.htm)" "ysfine.com"
