157.55.39.58 - - [12/Oct/2022:08:10:52 -0700] "GET /einstein/bern.html HTTP/1.1" 200 8314 "-" "Mozilla/5.0 AppleWebKit/537.36 (KHTML, like Gecko; compatible; bingbot/2.0; +http://www.bing.com/bingbot.htm) Chrome/103.0.5060.134 Safari/537.36" "ysfine.com"
182.191.133.183 - - [12/Oct/2022:08:10:52 -0700] "GET /favicon.ico HTTP/1.1" 404 88 "https://ysfine.com/einstein/index.html" "Mozilla/5.0 (Windows NT 10.0; Win64; x64) AppleWebKit/537.36 (KHTML, like Gecko) Chrome/105.0.0.0 Safari/537.36" "ysfine.com"
182.191.133.183 - - [12/Oct/2022:08:11:07 -0700] "GET /einstein/maxein.html HTTP/1.1" 200 2651 "https://ysfine.com/einstein/einleft.html" "Mozilla/5.0 (Windows NT 10.0; Win64; x64) AppleWebKit/537.36 (KHTML, like Gecko) Chrome/105.0.0.0 Safari/537.36" "ysfine.com"
182.191.133.183 - - [12/Oct/2022:08:11:07 -0700] "GET /maga/phys/minkowski2.jpg HTTP/1.1" 200 26964 "https://ysfine.com/einstein/maxein.html" "Mozilla/5.0 (Windows NT 10.0; Win64; x64) AppleWebKit/537.36 (KHTML, like Gecko) Chrome/105.0.0.0 Safari/537.36" "ysfine.com"
182.191.133.183 - - [12/Oct/2022:08:11:07 -0700] "GET /maga/phys/maxwell06b.jpg HTTP/1.1" 200 51047 "https://ysfine.com/einstein/maxein.html" "Mozilla/5.0 (Windows NT 10.0; Win64; x64) AppleWebKit/537.36 (KHTML, like Gecko) Chrome/105.0.0.0 Safari/537.36" "ysfine.com"
182.191.133.183 - - [12/Oct/2022:08:11:07 -0700] "GET /einstein/further08b.jpg HTTP/1.1" 200 58023 "https://ysfine.com/einstein/maxein.html" "Mozilla/5.0 (Windows NT 10.0; Win64; x64) AppleWebKit/537.36 (KHTML, like Gecko) Chrome/105.0.0.0 Safari/537.36" "ysfine.com"
182.191.133.183 - - [12/Oct/2022:08:11:07 -0700] "GET /einstein/newtmax02b.jpg HTTP/1.1" 200 46066 "https://ysfine.com/einstein/maxein.html" "Mozilla/5.0 (Windows NT 10.0; Win64; x64) AppleWebKit/537.36 (KHTML, like Gecko) Chrome/105.0.0.0 Safari/537.36" "ysfine.com"
182.191.133.183 - - [12/Oct/2022:08:11:07 -0700] "GET /eink/pwk19c.jpg HTTP/1.1" 200 57759 "https://ysfine.com/einstein/maxein.html" "Mozilla/5.0 (Windows NT 10.0; Win64; x64) AppleWebKit/537.36 (KHTML, like Gecko) Chrome/105.0.0.0 Safari/537.36" "ysfine.com"
182.191.133.183 - - [12/Oct/2022:08:11:07 -0700] "GET /home/resonance11b.jpg HTTP/1.1" 200 37228 "https://ysfine.com/einstein/maxein.html" "Mozilla/5.0 (Windows NT 10.0; Win64; x64) AppleWebKit/537.36 (KHTML, like Gecko) Chrome/105.0.0.0 Safari/537.36" "ysfine.com"
157.55.39.128 - - [12/Oct/2022:08:11:10 -0700] "GET /dirac/dirbot.html HTTP/1.1" 200 130 "-" "Mozilla/5.0 AppleWebKit/537.36 (KHTML, like Gecko; compatible; bingbot/2.0; +http://www.bing.com/bingbot.htm) Chrome/103.0.5060.134 Safari/537.36" "ysfine.com"
13.66.139.11 - - [12/Oct/2022:08:11:35 -0700] "GET /robots.txt HTTP/1.1" 404 88 "-" "Mozilla/5.0 AppleWebKit/537.36 (KHTML, like Gecko; compatible; bingbot/2.0; +http://www.bing.com/bingbot.htm) Chrome/103.0.5060.134 Safari/537.36" "ysfine.com"
13.66.139.10 - - [12/Oct/2022:08:11:43 -0700] "GET /bio/houses/styhouses.html HTTP/1.1" 404 88 "-" "Mozilla/5.0 AppleWebKit/537.36 (KHTML, like Gecko; compatible; bingbot/2.0; +http://www.bing.com/bingbot.htm) Chrome/103.0.5060.134 Safari/537.36" "ysfine.com"
207.46.13.102 - - [12/Oct/2022:08:12:21 -0700] "GET /world/brit/kensington03.jpg HTTP/1.1" 200 75103 "-" "Mozilla/5.0 (compatible; bingbot/2.0; +http://www.bing.com/bingbot.htm)" "ysfine.com"
207.46.13.102 - - [12/Oct/2022:08:13:01 -0700] "GET /ffriends/aline/airfr05.jpg HTTP/1.1" 200 75959 "-" "Mozilla/5.0 (compatible; bingbot/2.0; +http://www.bing.com/bingbot.htm)" "ysfine.com"
157.55.39.128 - - [12/Oct/2022:08:13:30 -0700] "GET /maga/sarnoff.html HTTP/1.1" 200 7540 "-" "Mozilla/5.0 (compatible; bingbot/2.0; +http://www.bing.com/bingbot.htm)" "ysfine.com"
157.55.39.128 - - [12/Oct/2022:08:14:40 -0700] "GET /wigner/wigpoinc.html HTTP/1.1" 200 6586 "-" "Mozilla/5.0 AppleWebKit/537.36 (KHTML, like Gecko; compatible; bingbot/2.0; +http://www.bing.com/bingbot.htm) Chrome/103.0.5060.134 Safari/537.36" "ysfine.com"
157.55.39.55 - - [12/Oct/2022:08:14:54 -0700] "GET /princeton/brooke56.jpg HTTP/1.1" 200 105139 "-" "Mozilla/5.0 (compatible; bingbot/2.0; +http://www.bing.com/bingbot.htm)" "www.ysfine.com"
157.55.39.58 - - [12/Oct/2022:08:15:02 -0700] "GET /feynman/page55.html HTTP/1.1" 200 470 "-" "Mozilla/5.0 (compatible; bingbot/2.0; +http://www.bing.com/bingbot.htm)" "ysfine.com"
114.246.34.12 - - [12/Oct/2022:08:16:06 -0700] "GET /world/russ/volga23.jpg HTTP/1.1" 200 139621 "https://dirtysoles.1bb.ru/" "Mozilla/5.0 (Macintosh; Intel Mac OS X 10_15_6) AppleWebKit/605.1.15 (KHTML, like Gecko) Version/14.1 Safari/605.1.15" "www.ysfine.com"
71.46.222.128 - - [12/Oct/2022:08:16:11 -0700] "GET /princeton/alexan22.jpg HTTP/1.1" 200 175436 "https://www.google.com/" "Mozilla/5.0 (Windows NT 10.0; Win64; x64) AppleWebKit/537.36 (KHTML, like Gecko) Chrome/105.0.0.0 Safari/537.36" "ysfine.com"
157.55.39.128 - - [12/Oct/2022:08:16:31 -0700] "GET /usca/pitt/pghrail11b.jpg HTTP/1.1" 200 30494 "-" "Mozilla/5.0 AppleWebKit/537.36 (KHTML, like Gecko; compatible; bingbot/2.0; +http://www.bing.com/bingbot.htm) Chrome/103.0.5060.134 Safari/537.36" "www.ysfine.com"
207.46.13.102 - - [12/Oct/2022:08:16:32 -0700] "GET /maga/bohr.html HTTP/1.1" 200 5125 "-" "Mozilla/5.0 AppleWebKit/537.36 (KHTML, like Gecko; compatible; bingbot/2.0; +http://www.bing.com/bingbot.htm) Chrome/103.0.5060.134 Safari/537.36" "ysfine.com"
157.55.39.58 - - [12/Oct/2022:08:16:42 -0700] "GET /maga/galileo.html HTTP/1.1" 200 4725 "-" "Mozilla/5.0 AppleWebKit/537.36 (KHTML, like Gecko; compatible; bingbot/2.0; +http://www.bing.com/bingbot.htm) Chrome/103.0.5060.134 Safari/537.36" "ysfine.com"
77.88.5.46 - - [12/Oct/2022:08:16:45 -0700] "GET /usca/pitt/hugh01b.jpg HTTP/1.1" 200 629471 "-" "Mozilla/5.0 (compatible; YandexImages/3.0; +http://yandex.com/bots)" "www.ysfine.com"
157.55.39.55 - - [12/Oct/2022:08:16:47 -0700] "GET /bio/style/ystyle.html HTTP/1.1" 404 88 "-" "Mozilla/5.0 AppleWebKit/537.36 (KHTML, like Gecko; compatible; bingbot/2.0; +http://www.bing.com/bingbot.htm) Chrome/103.0.5060.134 Safari/537.36" "ysfine.com"
185.191.171.41 - - [12/Oct/2022:08:16:48 -0700] "GET /robots.txt HTTP/1.1" 404 88 "-" "Mozilla/5.0 (compatible; SemrushBot/7~bl; +http://www.semrush.com/bot.html)" "www.ysfine.com"
185.191.171.5 - - [12/Oct/2022:08:16:49 -0700] "GET /class54/class5470/total_data/sub_315.htm HTTP/1.1" 200 3287 "-" "Mozilla/5.0 (compatible; SemrushBot/7~bl; +http://www.semrush.com/bot.html)" "www.ysfine.com"
182.191.133.183 - - [12/Oct/2022:08:17:14 -0700] "GET /maga/poincare.html HTTP/1.1" 200 7726 "https://ysfine.com/einstein/einleft.html" "Mozilla/5.0 (Windows NT 10.0; Win64; x64) AppleWebKit/537.36 (KHTML, like Gecko) Chrome/105.0.0.0 Safari/537.36" "ysfine.com"
182.191.133.183 - - [12/Oct/2022:08:17:14 -0700] "GET /princeton/gcollege61b.jpg HTTP/1.1" 200 31681 "https://ysfine.com/maga/poincare.html" "Mozilla/5.0 (Windows NT 10.0; Win64; x64) AppleWebKit/537.36 (KHTML, like Gecko) Chrome/105.0.0.0 Safari/537.36" "ysfine.com"
182.191.133.183 - - [12/Oct/2022:08:17:14 -0700] "GET /maga/phys/henri01b.jpg HTTP/1.1" 200 46226 "https://ysfine.com/maga/poincare.html" "Mozilla/5.0 (Windows NT 10.0; Win64; x64) AppleWebKit/537.36 (KHTML, like Gecko) Chrome/105.0.0.0 Safari/537.36" "ysfine.com"
182.191.133.183 - - [12/Oct/2022:08:17:14 -0700] "GET /world/france/montpar10b.jpg HTTP/1.1" 200 56609 "https://ysfine.com/maga/poincare.html" "Mozilla/5.0 (Windows NT 10.0; Win64; x64) AppleWebKit/537.36 (KHTML, like Gecko) Chrome/105.0.0.0 Safari/537.36" "ysfine.com"
182.191.133.183 - - [12/Oct/2022:08:17:14 -0700] "GET /maga/phys/poincir01b.jpg HTTP/1.1" 200 51381 "https://ysfine.com/maga/poincare.html" "Mozilla/5.0 (Windows NT 10.0; Win64; x64) AppleWebKit/537.36 (KHTML, like Gecko) Chrome/105.0.0.0 Safari/537.36" "ysfine.com"
182.191.133.183 - - [12/Oct/2022:08:17:14 -0700] "GET /world/france/montpar19b.jpg HTTP/1.1" 200 59887 "https://ysfine.com/maga/poincare.html" "Mozilla/5.0 (Windows NT 10.0; Win64; x64) AppleWebKit/537.36 (KHTML, like Gecko) Chrome/105.0.0.0 Safari/537.36" "ysfine.com"
182.191.133.183 - - [12/Oct/2022:08:17:14 -0700] "GET /wigner/wigein270.jpg HTTP/1.1" 200 21005 "https://ysfine.com/maga/poincare.html" "Mozilla/5.0 (Windows NT 10.0; Win64; x64) AppleWebKit/537.36 (KHTML, like Gecko) Chrome/105.0.0.0 Safari/537.36" "ysfine.com"
182.191.133.183 - - [12/Oct/2022:08:17:14 -0700] "GET /world/france/montpar17b.jpg HTTP/1.1" 200 41233 "https://ysfine.com/maga/poincare.html" "Mozilla/5.0 (Windows NT 10.0; Win64; x64) AppleWebKit/537.36 (KHTML, like Gecko) Chrome/105.0.0.0 Safari/537.36" "ysfine.com"
182.191.133.183 - - [12/Oct/2022:08:17:14 -0700] "GET /world/france/louvre11b.jpg HTTP/1.1" 200 40544 "https://ysfine.com/maga/poincare.html" "Mozilla/5.0 (Windows NT 10.0; Win64; x64) AppleWebKit/537.36 (KHTML, like Gecko) Chrome/105.0.0.0 Safari/537.36" "ysfine.com"
182.191.133.183 - - [12/Oct/2022:08:17:14 -0700] "GET /maga/phys/psphere01b.jpg HTTP/1.1" 200 55011 "https://ysfine.com/maga/poincare.html" "Mozilla/5.0 (Windows NT 10.0; Win64; x64) AppleWebKit/537.36 (KHTML, like Gecko) Chrome/105.0.0.0 Safari/537.36" "ysfine.com"
182.191.133.183 - - [12/Oct/2022:08:17:14 -0700] "GET /maga/phys/ellihyper05b.jpg HTTP/1.1" 200 35124 "https://ysfine.com/maga/poincare.html" "Mozilla/5.0 (Windows NT 10.0; Win64; x64) AppleWebKit/537.36 (KHTML, like Gecko) Chrome/105.0.0.0 Safari/537.36" "ysfine.com"
182.191.133.183 - - [12/Oct/2022:08:17:14 -0700] "GET /maga/phil/tao07b.jpg HTTP/1.1" 200 52158 "https://ysfine.com/maga/poincare.html" "Mozilla/5.0 (Windows NT 10.0; Win64; x64) AppleWebKit/537.36 (KHTML, like Gecko) Chrome/105.0.0.0 Safari/537.36" "ysfine.com"
182.191.133.183 - - [12/Oct/2022:08:17:14 -0700] "GET /wigner/wigkim11b.jpg HTTP/1.1" 200 38616 "https://ysfine.com/maga/poincare.html" "Mozilla/5.0 (Windows NT 10.0; Win64; x64) AppleWebKit/537.36 (KHTML, like Gecko) Chrome/105.0.0.0 Safari/537.36" "ysfine.com"
182.191.133.183 - - [12/Oct/2022:08:17:14 -0700] "GET /world/france/montpar01b.jpg HTTP/1.1" 200 31891 "https://ysfine.com/maga/poincare.html" "Mozilla/5.0 (Windows NT 10.0; Win64; x64) AppleWebKit/537.36 (KHTML, like Gecko) Chrome/105.0.0.0 Safari/537.36" "ysfine.com"
157.55.39.58 - - [12/Oct/2022:08:17:22 -0700] "GET /home/harmoarchi.html HTTP/1.1" 200 3686 "-" "Mozilla/5.0 AppleWebKit/537.36 (KHTML, like Gecko; compatible; bingbot/2.0; +http://www.bing.com/bingbot.htm) Chrome/103.0.5060.134 Safari/537.36" "ysfine.com"
207.46.13.102 - - [12/Oct/2022:08:17:32 -0700] "GET /einstein/standingw.html HTTP/1.1" 200 2754 "-" "Mozilla/5.0 (compatible; bingbot/2.0; +http://www.bing.com/bingbot.htm)" "ysfine.com"
157.55.39.128 - - [12/Oct/2022:08:18:02 -0700] "GET /dirac/dirfeyn22.html HTTP/1.1" 200 2329 "-" "Mozilla/5.0 (compatible; bingbot/2.0; +http://www.bing.com/bingbot.htm)" "ysfine.com"
40.77.167.27 - - [12/Oct/2022:08:18:10 -0700] "GET /world/scandi/vaxprom11.jpg HTTP/1.1" 200 98628 "-" "Mozilla/5.0 (compatible; bingbot/2.0; +http://www.bing.com/bingbot.htm)" "www.ysfine.com"
66.249.66.218 - - [12/Oct/2022:08:18:27 -0700] "GET /ads.txt HTTP/1.1" 404 88 "-" "Mozilla/5.0 (compatible; Googlebot/2.1; +http://www.google.com/bot.html)" "www.ysfine.com"
136.243.228.179 - - [12/Oct/2022:08:18:53 -0700] "GET /maga/yukawa.html HTTP/1.1" 304 - "-" "Mozilla/5.0 (compatible; DataForSeoBot/1.0; +https://dataforseo.com/dataforseo-bot)" "ysfine.com"
66.249.66.44 - - [12/Oct/2022:08:19:00 -0700] "GET /ads.txt HTTP/1.1" 404 88 "-" "Mozilla/5.0 (compatible; Googlebot/2.1; +http://www.google.com/bot.html)" "ysfine.com"
157.55.39.127 - - [12/Oct/2022:08:19:41 -0700] "GET /princeton/nasshall07.jpg HTTP/1.1" 200 153891 "-" "Mozilla/5.0 (compatible; bingbot/2.0; +http://www.bing.com/bingbot.htm)" "ysfine.com"
40.77.167.27 - - [12/Oct/2022:08:20:01 -0700] "GET /feynman/feygell.html HTTP/1.1" 200 4714 "-" "Mozilla/5.0 (compatible; bingbot/2.0; +http://www.bing.com/bingbot.htm)" "ysfine.com"
150.158.103.67 - - [12/Oct/2022:08:20:29 -0700] "GET /xmlrpc.php HTTP/1.1" 404 88 "-" "Mozilla/5.0 (Windows NT 6.1; WOW64; rv:45.0) Gecko/20100101 Firefox/45.0" "www.ysfine.com"
207.46.13.102 - - [12/Oct/2022:08:20:32 -0700] "GET /style/musee/perga02.jpg HTTP/1.1" 200 76763 "-" "Mozilla/5.0 AppleWebKit/537.36 (KHTML, like Gecko; compatible; bingbot/2.0; +http://www.bing.com/bingbot.htm) Chrome/103.0.5060.134 Safari/537.36" "ysfine.com"
157.55.39.127 - - [12/Oct/2022:08:20:36 -0700] "GET /world/florence.html HTTP/1.1" 200 9706 "-" "Mozilla/5.0 AppleWebKit/537.36 (KHTML, like Gecko; compatible; bingbot/2.0; +http://www.bing.com/bingbot.htm) Chrome/103.0.5060.134 Safari/537.36" "ysfine.com"
207.46.13.102 - - [12/Oct/2022:08:20:53 -0700] "GET /usca/pitt/pghrail22.jpg HTTP/1.1" 200 66352 "-" "Mozilla/5.0 AppleWebKit/537.36 (KHTML, like Gecko; compatible; bingbot/2.0; +http://www.bing.com/bingbot.htm) Chrome/103.0.5060.134 Safari/537.36" "www.ysfine.com"
157.55.39.128 - - [12/Oct/2022:08:22:21 -0700] "GET /world/germany/berlinf05.jpg HTTP/1.1" 200 78896 "-" "Mozilla/5.0 (compatible; bingbot/2.0; +http://www.bing.com/bingbot.htm)" "www.ysfine.com"
157.55.39.128 - - [12/Oct/2022:08:22:22 -0700] "GET /home/wigstu.html HTTP/1.1" 200 4212 "-" "Mozilla/5.0 AppleWebKit/537.36 (KHTML, like Gecko; compatible; bingbot/2.0; +http://www.bing.com/bingbot.htm) Chrome/103.0.5060.134 Safari/537.36" "ysfine.com"
207.46.13.102 - - [12/Oct/2022:08:22:26 -0700] "GET /bio/einstein/bern.html HTTP/1.1" 404 88 "-" "Mozilla/5.0 AppleWebKit/537.36 (KHTML, like Gecko; compatible; bingbot/2.0; +http://www.bing.com/bingbot.htm) Chrome/103.0.5060.134 Safari/537.36" "ysfine.com"
157.55.39.127 - - [12/Oct/2022:08:22:32 -0700] "GET /world/kiev.html HTTP/1.1" 200 4582 "-" "Mozilla/5.0 AppleWebKit/537.36 (KHTML, like Gecko; compatible; bingbot/2.0; +http://www.bing.com/bingbot.htm) Chrome/103.0.5060.134 Safari/537.36" "ysfine.com"
173.73.77.36 - - [12/Oct/2022:08:22:32 -0700] "GET /ysbio/sing.html HTTP/1.1" 200 2605 "-" "Mozilla/5.0 (Windows NT 10.0; Win64; x64; rv:105.0) Gecko/20100101 Firefox/105.0" "ysfine.com"
173.73.77.36 - - [12/Oct/2022:08:22:32 -0700] "GET /ysbio/ewk86k.jpg HTTP/1.1" 200 103154 "https://ysfine.com/ysbio/sing.html" "Mozilla/5.0 (Windows NT 10.0; Win64; x64; rv:105.0) Gecko/20100101 Firefox/105.0" "ysfine.com"
157.55.39.55 - - [12/Oct/2022:08:22:37 -0700] "GET /world/ital/rome042.jpg HTTP/1.1" 200 72726 "-" "Mozilla/5.0 (compatible; bingbot/2.0; +http://www.bing.com/bingbot.htm)" "ysfine.com"
185.191.171.43 - - [12/Oct/2022:08:22:48 -0700] "GET /robots.txt HTTP/1.1" 404 88 "-" "Mozilla/5.0 (compatible; SemrushBot/7~bl; +http://www.semrush.com/bot.html)" "ysfine.com"
185.191.171.35 - - [12/Oct/2022:08:22:48 -0700] "GET /class54/class5470/total_data/sub_717.htm HTTP/1.1" 200 3294 "-" "Mozilla/5.0 (compatible; SemrushBot/7~bl; +http://www.semrush.com/bot.html)" "ysfine.com"
157.55.39.128 - - [12/Oct/2022:08:23:12 -0700] "GET /bio/style/rieu.html HTTP/1.1" 404 88 "-" "Mozilla/5.0 (compatible; bingbot/2.0; +http://www.bing.com/bingbot.htm)" "ysfine.com"
157.55.39.127 - - [12/Oct/2022:08:23:21 -0700] "GET /world/hungary/hunstu21.jpg HTTP/1.1" 200 114547 "-" "Mozilla/5.0 AppleWebKit/537.36 (KHTML, like Gecko; compatible; bingbot/2.0; +http://www.bing.com/bingbot.htm) Chrome/103.0.5060.134 Safari/537.36" "www.ysfine.com"
40.77.167.27 - - [12/Oct/2022:08:23:21 -0700] "GET /style/kirovken22b.jpg HTTP/1.1" 200 36856 "-" "Mozilla/5.0 (compatible; bingbot/2.0; +http://www.bing.com/bingbot.htm)" "ysfine.com"
157.55.39.127 - - [12/Oct/2022:08:23:52 -0700] "GET /bio/feynman/partons.html HTTP/1.1" 404 88 "-" "Mozilla/5.0 (compatible; bingbot/2.0; +http://www.bing.com/bingbot.htm)" "ysfine.com"
40.77.167.27 - - [12/Oct/2022:08:24:02 -0700] "GET /kowar/war53.html HTTP/1.1" 200 6652 "-" "Mozilla/5.0 (compatible; bingbot/2.0; +http://www.bing.com/bingbot.htm)" "ysfine.com"
79.119.25.204 - - [12/Oct/2022:08:24:10 -0700] "GET /wigner/neum/pvn05.jpg HTTP/1.1" 200 219501 "https://www.google.com/" "Mozilla/5.0 (Windows NT 6.1; WOW64) AppleWebKit/537.36 (KHTML, like Gecko) Chrome/105.0.0.0 Safari/537.36 OPR/91.0.4516.65" "ysfine.com"
207.46.13.102 - - [12/Oct/2022:08:24:52 -0700] "GET /yspapers/psphere11.jpg HTTP/1.1" 200 88489 "-" "Mozilla/5.0 (compatible; bingbot/2.0; +http://www.bing.com/bingbot.htm)" "ysfine.com"
207.46.13.102 - - [12/Oct/2022:08:25:32 -0700] "GET /einstein/bose.html HTTP/1.1" 200 2076 "-" "Mozilla/5.0 AppleWebKit/537.36 (KHTML, like Gecko; compatible; bingbot/2.0; +http://www.bing.com/bingbot.htm) Chrome/103.0.5060.134 Safari/537.36" "ysfine.com"
185.191.171.3 - - [12/Oct/2022:08:25:40 -0700] "GET /class54/class5470/total_data/sub_355.htm HTTP/1.1" 200 3308 "-" "Mozilla/5.0 (compatible; SemrushBot/7~bl; +http://www.semrush.com/bot.html)" "ysfine.com"
157.55.39.127 - - [12/Oct/2022:08:25:43 -0700] "GET /wdc/eindc21.jpg HTTP/1.1" 200 110693 "-" "Mozilla/5.0 (compatible; bingbot/2.0; +http://www.bing.com/bingbot.htm)" "www.ysfine.com"
131.136.242.1 - - [12/Oct/2022:08:26:08 -0700] "GET /kowar/tanks/tank03.jpg HTTP/1.1" 200 106726 "https://www.google.com/" "Mozilla/5.0 (Windows NT 10.0; Win64; x64) AppleWebKit/537.36 (KHTML, like Gecko) Chrome/105.0.0.0 Safari/537.36" "ysfine.com"
37.236.212.68 - - [12/Oct/2022:08:26:48 -0700] "GET /princeton/brooke88.jpg HTTP/1.1" 200 82208 "https://www.google.com/" "Mozilla/5.0 (Linux; Android 4.4.4; SM-J100H Build/KTU84P) AppleWebKit/537.36 (KHTML, like Gecko) Version/4.0 Chrome/33.0.0.0 Mobile Safari/537.36 GSA/9.94.7.16.arm" "ysfine.com"
40.77.167.27 - - [12/Oct/2022:08:27:01 -0700] "GET /people/pimage.html HTTP/1.1" 200 7965 "-" "Mozilla/5.0 AppleWebKit/537.36 (KHTML, like Gecko; compatible; bingbot/2.0; +http://www.bing.com/bingbot.htm) Chrome/103.0.5060.134 Safari/537.36" "ysfine.com"
207.46.13.102 - - [12/Oct/2022:08:27:23 -0700] "GET /kobak/yskor.html HTTP/1.1" 200 9943 "-" "Mozilla/5.0 (compatible; bingbot/2.0; +http://www.bing.com/bingbot.htm)" "ysfine.com"
40.77.167.27 - - [12/Oct/2022:08:27:31 -0700] "GET /sbk/2009olom11.jpg HTTP/1.1" 200 233567 "-" "Mozilla/5.0 (compatible; bingbot/2.0; +http://www.bing.com/bingbot.htm)" "www.ysfine.com"
157.55.39.55 - - [12/Oct/2022:08:27:45 -0700] "GET /people/sibel01.jpg HTTP/1.1" 200 63703 "-" "Mozilla/5.0 AppleWebKit/537.36 (KHTML, like Gecko; compatible; bingbot/2.0; +http://www.bing.com/bingbot.htm) Chrome/103.0.5060.134 Safari/537.36" "ysfine.com"
40.77.167.27 - - [12/Oct/2022:08:28:32 -0700] "GET /style/socrates.html HTTP/1.1" 200 589 "-" "Mozilla/5.0 AppleWebKit/537.36 (KHTML, like Gecko; compatible; bingbot/2.0; +http://www.bing.com/bingbot.htm) Chrome/103.0.5060.134 Safari/537.36" "ysfine.com"
182.191.133.183 - - [12/Oct/2022:08:29:03 -0700] "GET /maga/three.html HTTP/1.1" 200 7358 "https://ysfine.com/maga/poincare.html" "Mozilla/5.0 (Windows NT 10.0; Win64; x64) AppleWebKit/537.36 (KHTML, like Gecko) Chrome/105.0.0.0 Safari/537.36" "ysfine.com"
182.191.133.183 - - [12/Oct/2022:08:29:04 -0700] "GET /wigner/neum/fingers11b.jpg HTTP/1.1" 200 36014 "https://ysfine.com/maga/three.html" "Mozilla/5.0 (Windows NT 10.0; Win64; x64) AppleWebKit/537.36 (KHTML, like Gecko) Chrome/105.0.0.0 Safari/537.36" "ysfine.com"
182.191.133.183 - - [12/Oct/2022:08:29:04 -0700] "GET /world/ital/uffizi21b.jpg HTTP/1.1" 200 64996 "https://ysfine.com/maga/three.html" "Mozilla/5.0 (Windows NT 10.0; Win64; x64) AppleWebKit/537.36 (KHTML, like Gecko) Chrome/105.0.0.0 Safari/537.36" "ysfine.com"
182.191.133.183 - - [12/Oct/2022:08:29:04 -0700] "GET /maga/phil/threewise01b.jpg HTTP/1.1" 200 51219 "https://ysfine.com/maga/three.html" "Mozilla/5.0 (Windows NT 10.0; Win64; x64) AppleWebKit/537.36 (KHTML, like Gecko) Chrome/105.0.0.0 Safari/537.36" "ysfine.com"
182.191.133.183 - - [12/Oct/2022:08:29:05 -0700] "GET /maga/phil/trinity01b.jpg HTTP/1.1" 200 47695 "https://ysfine.com/maga/three.html" "Mozilla/5.0 (Windows NT 10.0; Win64; x64) AppleWebKit/537.36 (KHTML, like Gecko) Chrome/105.0.0.0 Safari/537.36" "ysfine.com"
182.191.133.183 - - [12/Oct/2022:08:29:06 -0700] "GET /maga/phil/lincoln01b.jpg HTTP/1.1" 200 48329 "https://ysfine.com/maga/three.html" "Mozilla/5.0 (Windows NT 10.0; Win64; x64) AppleWebKit/537.36 (KHTML, like Gecko) Chrome/105.0.0.0 Safari/537.36" "ysfine.com"
182.191.133.183 - - [12/Oct/2022:08:29:07 -0700] "GET /maga/phil/warren11b.jpg HTTP/1.1" 200 34679 "https://ysfine.com/maga/three.html" "Mozilla/5.0 (Windows NT 10.0; Win64; x64) AppleWebKit/537.36 (KHTML, like Gecko) Chrome/105.0.0.0 Safari/537.36" "ysfine.com"
182.191.133.183 - - [12/Oct/2022:08:29:08 -0700] "GET /world/france/metz51b.jpg HTTP/1.1" 200 49138 "https://ysfine.com/maga/three.html" "Mozilla/5.0 (Windows NT 10.0; Win64; x64) AppleWebKit/537.36 (KHTML, like Gecko) Chrome/105.0.0.0 Safari/537.36" "ysfine.com"
182.191.133.183 - - [12/Oct/2022:08:29:08 -0700] "GET /maga/phil/sunyatsen11b.jpg HTTP/1.1" 200 36690 "https://ysfine.com/maga/three.html" "Mozilla/5.0 (Windows NT 10.0; Win64; x64) AppleWebKit/537.36 (KHTML, like Gecko) Chrome/105.0.0.0 Safari/537.36" "ysfine.com"
182.191.133.183 - - [12/Oct/2022:08:29:09 -0700] "GET /maga/phys/sine33b.jpg HTTP/1.1" 200 41036 "https://ysfine.com/maga/three.html" "Mozilla/5.0 (Windows NT 10.0; Win64; x64) AppleWebKit/537.36 (KHTML, like Gecko) Chrome/105.0.0.0 Safari/537.36" "ysfine.com"
182.191.133.183 - - [12/Oct/2022:08:29:10 -0700] "GET /wigner/neeman2.jpg HTTP/1.1" 200 36323 "https://ysfine.com/maga/three.html" "Mozilla/5.0 (Windows NT 10.0; Win64; x64) AppleWebKit/537.36 (KHTML, like Gecko) Chrome/105.0.0.0 Safari/537.36" "ysfine.com"
182.191.133.183 - - [12/Oct/2022:08:29:10 -0700] "GET /maga/phys/standardmo11b.jpg HTTP/1.1" 200 52388 "https://ysfine.com/maga/three.html" "Mozilla/5.0 (Windows NT 10.0; Win64; x64) AppleWebKit/537.36 (KHTML, like Gecko) Chrome/105.0.0.0 Safari/537.36" "ysfine.com"
182.191.133.183 - - [12/Oct/2022:08:29:10 -0700] "GET /maga/phys/sakata01b.jpg HTTP/1.1" 200 37754 "https://ysfine.com/maga/three.html" "Mozilla/5.0 (Windows NT 10.0; Win64; x64) AppleWebKit/537.36 (KHTML, like Gecko) Chrome/105.0.0.0 Safari/537.36" "ysfine.com"
182.191.133.183 - - [12/Oct/2022:08:29:11 -0700] "GET /maga/phys/yukafeyn2.jpg HTTP/1.1" 200 36709 "https://ysfine.com/maga/three.html" "Mozilla/5.0 (Windows NT 10.0; Win64; x64) AppleWebKit/537.36 (KHTML, like Gecko) Chrome/105.0.0.0 Safari/537.36" "ysfine.com"
157.55.39.128 - - [12/Oct/2022:08:30:03 -0700] "GET /princeton/prade.html HTTP/1.1" 200 9863 "-" "Mozilla/5.0 (compatible; bingbot/2.0; +http://www.bing.com/bingbot.htm)" "ysfine.com"
157.55.39.55 - - [12/Oct/2022:08:31:56 -0700] "GET /kowar/war45.html HTTP/1.1" 200 12086 "-" "Mozilla/5.0 (compatible; bingbot/2.0; +http://www.bing.com/bingbot.htm)" "ysfine.com"
67.22.28.245 - - [12/Oct/2022:08:32:06 -0700] "GET /wigner/wiglittle.pdf HTTP/1.1" 200 2659296 "https://www.google.com/" "Mozilla/5.0 (Macintosh; Intel Mac OS X 10_15_7) AppleWebKit/537.36 (KHTML, like Gecko) Chrome/106.0.0.0 Safari/537.36" "ysfine.com"
67.22.28.245 - - [12/Oct/2022:08:32:07 -0700] "GET /favicon.ico HTTP/1.1" 404 88 "https://ysfine.com/wigner/wiglittle.pdf" "Mozilla/5.0 (Macintosh; Intel Mac OS X 10_15_7) AppleWebKit/537.36 (KHTML, like Gecko) Chrome/106.0.0.0 Safari/537.36" "ysfine.com"
157.55.39.55 - - [12/Oct/2022:08:32:25 -0700] "GET /world/ital/verona03b.jpg HTTP/1.1" 200 41821 "-" "Mozilla/5.0 AppleWebKit/537.36 (KHTML, like Gecko; compatible; bingbot/2.0; +http://www.bing.com/bingbot.htm) Chrome/103.0.5060.134 Safari/537.36" "ysfine.com"
157.55.39.127 - - [12/Oct/2022:08:33:03 -0700] "GET /world/sfrance.html HTTP/1.1" 200 8453 "-" "Mozilla/5.0 AppleWebKit/537.36 (KHTML, like Gecko; compatible; bingbot/2.0; +http://www.bing.com/bingbot.htm) Chrome/103.0.5060.134 Safari/537.36" "ysfine.com"
157.55.39.58 - - [12/Oct/2022:08:34:02 -0700] "GET /wdc/worldbank03.jpg HTTP/1.1" 200 157953 "-" "Mozilla/5.0 (compatible; bingbot/2.0; +http://www.bing.com/bingbot.htm)" "ysfine.com"
167.235.229.161 - - [12/Oct/2022:08:34:08 -0700] "GET /kobak/underw08b.jpg HTTP/1.1" 200 48993 "-" "Mozilla/5.0 (X11; Fedora; Linux x86_64) AppleWebKit/537.36 (KHTML, like Gecko) Chrome/79.0.3945.117 Safari/537.36" "www.ysfine.com"
40.77.167.27 - - [12/Oct/2022:08:34:33 -0700] "GET /style/cameras/contax.html HTTP/1.1" 200 3773 "-" "Mozilla/5.0 AppleWebKit/537.36 (KHTML, like Gecko; compatible; bingbot/2.0; +http://www.bing.com/bingbot.htm) Chrome/103.0.5060.134 Safari/537.36" "ysfine.com"
157.55.39.55 - - [12/Oct/2022:08:35:36 -0700] "GET /wigner/gim/szabo01.jpg HTTP/1.1" 200 73104 "-" "Mozilla/5.0 (compatible; bingbot/2.0; +http://www.bing.com/bingbot.htm)" "ysfine.com"
157.55.39.55 - - [12/Oct/2022:08:36:06 -0700] "GET /maga/marx.html HTTP/1.1" 200 5871 "-" "Mozilla/5.0 AppleWebKit/537.36 (KHTML, like Gecko; compatible; bingbot/2.0; +http://www.bing.com/bingbot.htm) Chrome/103.0.5060.134 Safari/537.36" "ysfine.com"
54.236.1.13 - - [12/Oct/2022:08:36:50 -0700] "GET /robots.txt HTTP/1.1" 404 88 "-" "Mozilla/5.0 (compatible; Pinterestbot/1.0; +http://www.pinterest.com/bot.html)" "ysfine.com"
54.236.1.13 - - [12/Oct/2022:08:36:50 -0700] "GET /maga/invent/eisenstein01b.jpg HTTP/1.1" 200 50445 "-" "Mozilla/5.0 (compatible; Pinterestbot/1.0; +http://www.pinterest.com/bot.html)" "ysfine.com"
54.236.1.13 - - [12/Oct/2022:08:36:51 -0700] "GET /maga/eisenstein.html HTTP/1.1" 200 8460 "-" "Mozilla/5.0 (compatible; Pinterestbot/1.0; +http://www.pinterest.com/bot.html)" "ysfine.com"
182.191.133.183 - - [12/Oct/2022:08:36:51 -0700] "GET /einstein/einabel.html HTTP/1.1" 200 5982 "https://ysfine.com/einstein/einleft.html" "Mozilla/5.0 (Windows NT 10.0; Win64; x64) AppleWebKit/537.36 (KHTML, like Gecko) Chrome/105.0.0.0 Safari/537.36" "ysfine.com"
182.191.133.183 - - [12/Oct/2022:08:36:52 -0700] "GET /einstein/goedel54b.jpg HTTP/1.1" 200 40926 "https://ysfine.com/einstein/einabel.html" "Mozilla/5.0 (Windows NT 10.0; Win64; x64) AppleWebKit/537.36 (KHTML, like Gecko) Chrome/105.0.0.0 Safari/537.36" "ysfine.com"
182.191.133.183 - - [12/Oct/2022:08:36:52 -0700] "GET /einstein/einwheel53b.jpg HTTP/1.1" 200 47055 "https://ysfine.com/einstein/einabel.html" "Mozilla/5.0 (Windows NT 10.0; Win64; x64) AppleWebKit/537.36 (KHTML, like Gecko) Chrome/105.0.0.0 Safari/537.36" "ysfine.com"
182.191.133.183 - - [12/Oct/2022:08:36:52 -0700] "GET /einstein/einwalk650.jpg HTTP/1.1" 200 58253 "https://ysfine.com/einstein/einabel.html" "Mozilla/5.0 (Windows NT 10.0; Win64; x64) AppleWebKit/537.36 (KHTML, like Gecko) Chrome/105.0.0.0 Safari/537.36" "ysfine.com"
182.191.133.183 - - [12/Oct/2022:08:36:52 -0700] "GET /einstein/einwheel84b.jpg HTTP/1.1" 200 53278 "https://ysfine.com/einstein/einabel.html" "Mozilla/5.0 (Windows NT 10.0; Win64; x64) AppleWebKit/537.36 (KHTML, like Gecko) Chrome/105.0.0.0 Safari/537.36" "ysfine.com"
182.191.133.183 - - [12/Oct/2022:08:36:52 -0700] "GET /feynman/feyprince2.jpg HTTP/1.1" 200 49143 "https://ysfine.com/einstein/einabel.html" "Mozilla/5.0 (Windows NT 10.0; Win64; x64) AppleWebKit/537.36 (KHTML, like Gecko) Chrome/105.0.0.0 Safari/537.36" "ysfine.com"
182.191.133.183 - - [12/Oct/2022:08:36:52 -0700] "GET /einstein/einhouse650.jpg HTTP/1.1" 200 43065 "https://ysfine.com/einstein/einabel.html" "Mozilla/5.0 (Windows NT 10.0; Win64; x64) AppleWebKit/537.36 (KHTML, like Gecko) Chrome/105.0.0.0 Safari/537.36" "ysfine.com"
182.191.133.183 - - [12/Oct/2022:08:36:52 -0700] "GET /einstein/einwheel70b.jpg HTTP/1.1" 200 38692 "https://ysfine.com/einstein/einabel.html" "Mozilla/5.0 (Windows NT 10.0; Win64; x64) AppleWebKit/537.36 (KHTML, like Gecko) Chrome/105.0.0.0 Safari/537.36" "ysfine.com"
182.191.133.183 - - [12/Oct/2022:08:36:52 -0700] "GET /princeton/prospectg22b.jpg HTTP/1.1" 200 49786 "https://ysfine.com/einstein/einabel.html" "Mozilla/5.0 (Windows NT 10.0; Win64; x64) AppleWebKit/537.36 (KHTML, like Gecko) Chrome/105.0.0.0 Safari/537.36" "ysfine.com"
182.191.133.183 - - [12/Oct/2022:08:36:55 -0700] "GET /maga/phys/yukaheisen58b.jpg HTTP/1.1" 200 34699 "https://ysfine.com/einstein/einabel.html" "Mozilla/5.0 (Windows NT 10.0; Win64; x64) AppleWebKit/537.36 (KHTML, like Gecko) Chrome/105.0.0.0 Safari/537.36" "ysfine.com"
182.191.133.183 - - [12/Oct/2022:08:36:56 -0700] "GET /maga/phys/yukaheisen67b.jpg HTTP/1.1" 200 42036 "https://ysfine.com/einstein/einabel.html" "Mozilla/5.0 (Windows NT 10.0; Win64; x64) AppleWebKit/537.36 (KHTML, like Gecko) Chrome/105.0.0.0 Safari/537.36" "ysfine.com"
182.191.133.183 - - [12/Oct/2022:08:36:56 -0700] "GET /einstein/einbohr22b.jpg HTTP/1.1" 200 42030 "https://ysfine.com/einstein/einabel.html" "Mozilla/5.0 (Windows NT 10.0; Win64; x64) AppleWebKit/537.36 (KHTML, like Gecko) Chrome/105.0.0.0 Safari/537.36" "ysfine.com"
182.191.133.183 - - [12/Oct/2022:08:36:57 -0700] "GET /einstein/dff11b.jpg HTTP/1.1" 200 20896 "https://ysfine.com/einstein/einabel.html" "Mozilla/5.0 (Windows NT 10.0; Win64; x64) AppleWebKit/537.36 (KHTML, like Gecko) Chrome/105.0.0.0 Safari/537.36" "ysfine.com"
182.191.133.183 - - [12/Oct/2022:08:36:57 -0700] "GET /einstein/jsbell02b.jpg HTTP/1.1" 200 27021 "https://ysfine.com/einstein/einabel.html" "Mozilla/5.0 (Windows NT 10.0; Win64; x64) AppleWebKit/537.36 (KHTML, like Gecko) Chrome/105.0.0.0 Safari/537.36" "ysfine.com"
45.163.88.212 - - [12/Oct/2022:08:36:58 -0700] "GET /wigner/neum/vnc01.jpg HTTP/1.1" 200 133641 "https://sites.google.com/" "Mozilla/5.0 (Linux; Android 10; Redmi 7A) AppleWebKit/537.36 (KHTML, like Gecko) Chrome/106.0.0.0 Mobile Safari/537.36" "ysfine.com"
157.55.39.127 - - [12/Oct/2022:08:37:24 -0700] "GET /style/songs.html HTTP/1.1" 200 31567 "-" "Mozilla/5.0 AppleWebKit/537.36 (KHTML, like Gecko; compatible; bingbot/2.0; +http://www.bing.com/bingbot.htm) Chrome/103.0.5060.134 Safari/537.36" "ysfine.com"
155.190.3.7 - - [12/Oct/2022:08:37:25 -0700] "GET /maga/histo/oscar22.jpg HTTP/1.1" 200 101665 "https://www.google.com/" "Mozilla/5.0 (Windows NT 10.0; Win64; x64) AppleWebKit/537.36 (KHTML, like Gecko) Chrome/106.0.0.0 Safari/537.36 Edg/106.0.1370.37" "ysfine.com"
157.55.39.127 - - [12/Oct/2022:08:37:35 -0700] "GET /world/budapest.html HTTP/1.1" 200 8325 "-" "Mozilla/5.0 (compatible; bingbot/2.0; +http://www.bing.com/bingbot.htm)" "ysfine.com"
182.191.133.183 - - [12/Oct/2022:08:37:51 -0700] "GET /einstein/heisenberg.html HTTP/1.1" 200 10552 "https://ysfine.com/einstein/einabel.html" "Mozilla/5.0 (Windows NT 10.0; Win64; x64) AppleWebKit/537.36 (KHTML, like Gecko) Chrome/105.0.0.0 Safari/537.36" "ysfine.com"
182.191.133.183 - - [12/Oct/2022:08:37:51 -0700] "GET /heisen/heisen66c.jpg HTTP/1.1" 200 43543 "https://ysfine.com/einstein/heisenberg.html" "Mozilla/5.0 (Windows NT 10.0; Win64; x64) AppleWebKit/537.36 (KHTML, like Gecko) Chrome/105.0.0.0 Safari/537.36" "ysfine.com"
182.191.133.183 - - [12/Oct/2022:08:37:51 -0700] "GET /wigner/wigheis11c.jpg HTTP/1.1" 200 41279 "https://ysfine.com/einstein/heisenberg.html" "Mozilla/5.0 (Windows NT 10.0; Win64; x64) AppleWebKit/537.36 (KHTML, like Gecko) Chrome/105.0.0.0 Safari/537.36" "ysfine.com"
182.191.133.183 - - [12/Oct/2022:08:37:51 -0700] "GET /heisen/bohrheisen11c.jpg HTTP/1.1" 200 41289 "https://ysfine.com/einstein/heisenberg.html" "Mozilla/5.0 (Windows NT 10.0; Win64; x64) AppleWebKit/537.36 (KHTML, like Gecko) Chrome/105.0.0.0 Safari/537.36" "ysfine.com"
182.191.133.183 - - [12/Oct/2022:08:37:52 -0700] "GET /heisen/schroheisen33c.jpg HTTP/1.1" 200 47347 "https://ysfine.com/einstein/heisenberg.html" "Mozilla/5.0 (Windows NT 10.0; Win64; x64) AppleWebKit/537.36 (KHTML, like Gecko) Chrome/105.0.0.0 Safari/537.36" "ysfine.com"
182.191.133.183 - - [12/Oct/2022:08:37:52 -0700] "GET /einstein/einhouse11c.jpg HTTP/1.1" 200 32610 "https://ysfine.com/einstein/heisenberg.html" "Mozilla/5.0 (Windows NT 10.0; Win64; x64) AppleWebKit/537.36 (KHTML, like Gecko) Chrome/105.0.0.0 Safari/537.36" "ysfine.com"
182.191.133.183 - - [12/Oct/2022:08:37:52 -0700] "GET /einstein/fantova/fanto11c.jpg HTTP/1.1" 200 48308 "https://ysfine.com/einstein/heisenberg.html" "Mozilla/5.0 (Windows NT 10.0; Win64; x64) AppleWebKit/537.36 (KHTML, like Gecko) Chrome/105.0.0.0 Safari/537.36" "ysfine.com"
17.121.114.183 - - [12/Oct/2022:08:37:52 -0700] "GET /home/ HTTP/1.1" 200 142 "-" "Mozilla/5.0 (Macintosh; Intel Mac OS X 10_15_5) AppleWebKit/605.1.15 (KHTML, like Gecko) Version/13.1.1 Safari/605.1.15 (Applebot/0.1; +http://www.apple.com/go/applebot)" "ysfine.com"
182.191.133.183 - - [12/Oct/2022:08:37:53 -0700] "GET /einstein/tsepa11c.jpg HTTP/1.1" 200 28691 "https://ysfine.com/einstein/heisenberg.html" "Mozilla/5.0 (Windows NT 10.0; Win64; x64) AppleWebKit/537.36 (KHTML, like Gecko) Chrome/105.0.0.0 Safari/537.36" "ysfine.com"
182.191.133.183 - - [12/Oct/2022:08:37:53 -0700] "GET /wigner/wighome11c.jpg HTTP/1.1" 200 45648 "https://ysfine.com/einstein/heisenberg.html" "Mozilla/5.0 (Windows NT 10.0; Win64; x64) AppleWebKit/537.36 (KHTML, like Gecko) Chrome/105.0.0.0 Safari/537.36" "ysfine.com"
182.191.133.183 - - [12/Oct/2022:08:37:53 -0700] "GET /heisen/heisen22c.jpg HTTP/1.1" 200 33300 "https://ysfine.com/einstein/heisenberg.html" "Mozilla/5.0 (Windows NT 10.0; Win64; x64) AppleWebKit/537.36 (KHTML, like Gecko) Chrome/105.0.0.0 Safari/537.36" "ysfine.com"
182.191.133.183 - - [12/Oct/2022:08:37:53 -0700] "GET /einstein/texfiles/einheis02.jpg HTTP/1.1" 200 27605 "https://ysfine.com/einstein/heisenberg.html" "Mozilla/5.0 (Windows NT 10.0; Win64; x64) AppleWebKit/537.36 (KHTML, like Gecko) Chrome/105.0.0.0 Safari/537.36" "ysfine.com"
182.191.133.183 - - [12/Oct/2022:08:37:53 -0700] "GET /einstein/texfiles/einheis01.jpg HTTP/1.1" 200 32456 "https://ysfine.com/einstein/heisenberg.html" "Mozilla/5.0 (Windows NT 10.0; Win64; x64) AppleWebKit/537.36 (KHTML, like Gecko) Chrome/105.0.0.0 Safari/537.36" "ysfine.com"
182.191.133.183 - - [12/Oct/2022:08:37:53 -0700] "GET /einstein/texfiles/einheis03.jpg HTTP/1.1" 200 46000 "https://ysfine.com/einstein/heisenberg.html" "Mozilla/5.0 (Windows NT 10.0; Win64; x64) AppleWebKit/537.36 (KHTML, like Gecko) Chrome/105.0.0.0 Safari/537.36" "ysfine.com"
182.191.133.183 - - [12/Oct/2022:08:37:53 -0700] "GET /einstein/texfiles/einheis05.jpg HTTP/1.1" 200 31679 "https://ysfine.com/einstein/heisenberg.html" "Mozilla/5.0 (Windows NT 10.0; Win64; x64) AppleWebKit/537.36 (KHTML, like Gecko) Chrome/105.0.0.0 Safari/537.36" "ysfine.com"
182.191.133.183 - - [12/Oct/2022:08:37:53 -0700] "GET /feynman/ppic/parton88a.jpg HTTP/1.1" 200 55506 "https://ysfine.com/einstein/heisenberg.html" "Mozilla/5.0 (Windows NT 10.0; Win64; x64) AppleWebKit/537.36 (KHTML, like Gecko) Chrome/105.0.0.0 Safari/537.36" "ysfine.com"
182.191.133.183 - - [12/Oct/2022:08:37:53 -0700] "GET /maga/phys/yukadirac53c.jpg HTTP/1.1" 200 40447 "https://ysfine.com/einstein/heisenberg.html" "Mozilla/5.0 (Windows NT 10.0; Win64; x64) AppleWebKit/537.36 (KHTML, like Gecko) Chrome/105.0.0.0 Safari/537.36" "ysfine.com"
182.191.133.183 - - [12/Oct/2022:08:37:54 -0700] "GET /wigner/wigkim11c.jpg HTTP/1.1" 200 30443 "https://ysfine.com/einstein/heisenberg.html" "Mozilla/5.0 (Windows NT 10.0; Win64; x64) AppleWebKit/537.36 (KHTML, like Gecko) Chrome/105.0.0.0 Safari/537.36" "ysfine.com"
182.191.133.183 - - [12/Oct/2022:08:37:54 -0700] "GET /dirac/dirheisen31c.jpg HTTP/1.1" 200 43569 "https://ysfine.com/einstein/heisenberg.html" "Mozilla/5.0 (Windows NT 10.0; Win64; x64) AppleWebKit/537.36 (KHTML, like Gecko) Chrome/105.0.0.0 Safari/537.36" "ysfine.com"
182.191.133.183 - - [12/Oct/2022:08:37:54 -0700] "GET /einstein/math/sp2c.jpg HTTP/1.1" 200 29719 "https://ysfine.com/einstein/heisenberg.html" "Mozilla/5.0 (Windows NT 10.0; Win64; x64) AppleWebKit/537.36 (KHTML, like Gecko) Chrome/105.0.0.0 Safari/537.36" "ysfine.com"
182.191.133.183 - - [12/Oct/2022:08:37:54 -0700] "GET /dirac/2osc22c.jpg HTTP/1.1" 200 28929 "https://ysfine.com/einstein/heisenberg.html" "Mozilla/5.0 (Windows NT 10.0; Win64; x64) AppleWebKit/537.36 (KHTML, like Gecko) Chrome/105.0.0.0 Safari/537.36" "ysfine.com"
182.191.133.183 - - [12/Oct/2022:08:37:54 -0700] "GET /dirac/o32c.jpg HTTP/1.1" 200 30707 "https://ysfine.com/einstein/heisenberg.html" "Mozilla/5.0 (Windows NT 10.0; Win64; x64) AppleWebKit/537.36 (KHTML, like Gecko) Chrome/105.0.0.0 Safari/537.36" "ysfine.com"
182.191.133.183 - - [12/Oct/2022:08:37:55 -0700] "GET /dirac/o32inho22c.jpg HTTP/1.1" 200 33038 "https://ysfine.com/einstein/heisenberg.html" "Mozilla/5.0 (Windows NT 10.0; Win64; x64) AppleWebKit/537.36 (KHTML, like Gecko) Chrome/105.0.0.0 Safari/537.36" "ysfine.com"
182.191.133.183 - - [12/Oct/2022:08:37:55 -0700] "GET /home/figs/sq55c.jpg HTTP/1.1" 200 29581 "https://ysfine.com/einstein/heisenberg.html" "Mozilla/5.0 (Windows NT 10.0; Win64; x64) AppleWebKit/537.36 (KHTML, like Gecko) Chrome/105.0.0.0 Safari/537.36" "ysfine.com"
24.189.145.134 - - [12/Oct/2022:08:38:24 -0700] "GET /ysbio/sing.html HTTP/1.1" 200 2605 "-" "Mozilla/5.0 (Windows NT 10.0; Win64; x64) AppleWebKit/537.36 (KHTML, like Gecko) Chrome/106.0.0.0 Safari/537.36" "ysfine.com"
24.189.145.134 - - [12/Oct/2022:08:38:24 -0700] "GET /ysbio/ewk86k.jpg HTTP/1.1" 200 103154 "https://ysfine.com/ysbio/sing.html" "Mozilla/5.0 (Windows NT 10.0; Win64; x64) AppleWebKit/537.36 (KHTML, like Gecko) Chrome/106.0.0.0 Safari/537.36" "ysfine.com"
24.189.145.134 - - [12/Oct/2022:08:38:24 -0700] "GET /ysbio/wigner62c.jpg HTTP/1.1" 200 41727 "https://ysfine.com/ysbio/sing.html" "Mozilla/5.0 (Windows NT 10.0; Win64; x64) AppleWebKit/537.36 (KHTML, like Gecko) Chrome/106.0.0.0 Safari/537.36" "ysfine.com"
24.189.145.134 - - [12/Oct/2022:08:38:24 -0700] "GET /ysbio/fotos/einhaus450.jpg HTTP/1.1" 200 65369 "https://ysfine.com/ysbio/sing.html" "Mozilla/5.0 (Windows NT 10.0; Win64; x64) AppleWebKit/537.36 (KHTML, like Gecko) Chrome/106.0.0.0 Safari/537.36" "ysfine.com"
157.55.39.58 - - [12/Oct/2022:08:39:04 -0700] "GET /bio/yshome.html HTTP/1.1" 404 88 "-" "Mozilla/5.0 (compatible; bingbot/2.0; +http://www.bing.com/bingbot.htm)" "ysfine.com"
157.55.39.58 - - [12/Oct/2022:08:39:05 -0700] "GET /wigner/wigrigh.html HTTP/1.1" 200 2476 "-" "Mozilla/5.0 (compatible; bingbot/2.0; +http://www.bing.com/bingbot.htm)" "ysfine.com"
157.55.39.55 - - [12/Oct/2022:08:39:26 -0700] "GET /world/polandw.html HTTP/1.1" 200 17892 "-" "Mozilla/5.0 AppleWebKit/537.36 (KHTML, like Gecko; compatible; bingbot/2.0; +http://www.bing.com/bingbot.htm) Chrome/103.0.5060.134 Safari/537.36" "ysfine.com"
24.189.145.134 - - [12/Oct/2022:08:39:32 -0700] "GET /ysbio/kowis33.html HTTP/1.1" 200 2096 "https://ysfine.com/ysbio/sing.html" "Mozilla/5.0 (Windows NT 10.0; Win64; x64) AppleWebKit/537.36 (KHTML, like Gecko) Chrome/106.0.0.0 Safari/537.36" "ysfine.com"
24.189.145.134 - - [12/Oct/2022:08:39:32 -0700] "GET /ysbio/rhee22c.jpg HTTP/1.1" 200 62201 "https://ysfine.com/ysbio/kowis33.html" "Mozilla/5.0 (Windows NT 10.0; Win64; x64) AppleWebKit/537.36 (KHTML, like Gecko) Chrome/106.0.0.0 Safari/537.36" "ysfine.com"
24.189.145.134 - - [12/Oct/2022:08:39:32 -0700] "GET /ysbio/wigkim11d.jpg HTTP/1.1" 200 55171 "https://ysfine.com/ysbio/kowis33.html" "Mozilla/5.0 (Windows NT 10.0; Win64; x64) AppleWebKit/537.36 (KHTML, like Gecko) Chrome/106.0.0.0 Safari/537.36" "ysfine.com"
157.55.39.127 - - [12/Oct/2022:08:39:43 -0700] "GET /bio/internal.html HTTP/1.1" 404 88 "-" "Mozilla/5.0 (compatible; bingbot/2.0; +http://www.bing.com/bingbot.htm)" "ysfine.com"
157.55.39.127 - - [12/Oct/2022:08:39:44 -0700] "GET /wigner/lunch.html HTTP/1.1" 200 3105 "-" "Mozilla/5.0 (compatible; bingbot/2.0; +http://www.bing.com/bingbot.htm)" "ysfine.com"
157.55.39.58 - - [12/Oct/2022:08:39:45 -0700] "GET /wdc/kennedyc19.jpg HTTP/1.1" 200 107769 "-" "Mozilla/5.0 (compatible; bingbot/2.0; +http://www.bing.com/bingbot.htm)" "www.ysfine.com"
114.119.128.14 - - [12/Oct/2022:08:40:15 -0700] "GET /beau/korcasia.html HTTP/1.1" 404 88 "https://ysfine.com/beau/korean.html" "Mozilla/5.0 (Linux; Android 7.0;) AppleWebKit/537.36 (KHTML, like Gecko) Mobile Safari/537.36 (compatible; PetalBot;+https://webmaster.petalsearch.com/site/petalbot)" "ysfine.com"
207.46.13.102 - - [12/Oct/2022:08:40:24 -0700] "GET /people/lipkin02b.jpg HTTP/1.1" 200 44829 "-" "Mozilla/5.0 AppleWebKit/537.36 (KHTML, like Gecko; compatible; bingbot/2.0; +http://www.bing.com/bingbot.htm) Chrome/103.0.5060.134 Safari/537.36" "ysfine.com"
207.46.13.102 - - [12/Oct/2022:08:40:35 -0700] "GET /style/beetho.html HTTP/1.1" 200 3228 "-" "Mozilla/5.0 AppleWebKit/537.36 (KHTML, like Gecko; compatible; bingbot/2.0; +http://www.bing.com/bingbot.htm) Chrome/103.0.5060.134 Safari/537.36" "ysfine.com"
157.55.39.55 - - [12/Oct/2022:08:40:39 -0700] "GET /bio/einstein/maxein.html HTTP/1.1" 404 88 "-" "Mozilla/5.0 AppleWebKit/537.36 (KHTML, like Gecko; compatible; bingbot/2.0; +http://www.bing.com/bingbot.htm) Chrome/103.0.5060.134 Safari/537.36" "ysfine.com"
46.227.156.65 - - [12/Oct/2022:08:41:20 -0700] "GET /style/musee/ams002c.jpg HTTP/1.1" 200 39979 "https://www.bing.com/" "Mozilla/5.0 (Windows NT 10.0; Win64; x64) AppleWebKit/537.36 (KHTML, like Gecko) Chrome/106.0.0.0 Safari/537.36 Edg/106.0.1370.42" "ysfine.com"
157.55.39.127 - - [12/Oct/2022:08:41:24 -0700] "GET /wdc/shoreham11.jpg HTTP/1.1" 200 127258 "-" "Mozilla/5.0 AppleWebKit/537.36 (KHTML, like Gecko; compatible; bingbot/2.0; +http://www.bing.com/bingbot.htm) Chrome/103.0.5060.134 Safari/537.36" "www.ysfine.com"
217.182.198.226 - - [12/Oct/2022:08:41:29 -0700] "GET /robots.txt HTTP/1.1" 404 88 "-" "INETDEX-BOT/1.5 (Mozilla/5.0; https://inetdex.com/bot.html)" "ysfine.com"
217.182.198.226 - - [12/Oct/2022:08:41:29 -0700] "GET /wigner/index.html HTTP/1.1" 200 124 "-" "INETDEX-BOT/1.5 (Mozilla/5.0; https://inetdex.com/bot.html)" "ysfine.com"
157.55.39.128 - - [12/Oct/2022:08:41:33 -0700] "GET /wdc/anna04.jpg HTTP/1.1" 200 109699 "-" "Mozilla/5.0 (compatible; bingbot/2.0; +http://www.bing.com/bingbot.htm)" "ysfine.com"
191.101.252.97 - - [12/Oct/2022:08:41:49 -0700] "GET /archives/online.html HTTP/1.1" 200 2747 "https://www.google.com/" "Mozilla/5.0 (Windows NT 10.0; Win64; x64) AppleWebKit/537.36 (KHTML, like Gecko) Chrome/106.0.0.0 Safari/537.36" "ysfine.com"
191.101.252.97 - - [12/Oct/2022:08:41:49 -0700] "GET /favicon.ico HTTP/1.1" 404 88 "https://ysfine.com/archives/online.html" "Mozilla/5.0 (Windows NT 10.0; Win64; x64) AppleWebKit/537.36 (KHTML, like Gecko) Chrome/106.0.0.0 Safari/537.36" "ysfine.com"
157.55.39.128 - - [12/Oct/2022:08:42:14 -0700] "GET /usca/pitt/tririver01b.jpg HTTP/1.1" 200 33477 "-" "Mozilla/5.0 AppleWebKit/537.36 (KHTML, like Gecko; compatible; bingbot/2.0; +http://www.bing.com/bingbot.htm) Chrome/103.0.5060.134 Safari/537.36" "www.ysfine.com"
157.55.39.55 - - [12/Oct/2022:08:42:37 -0700] "GET /einstein/einnobel.html HTTP/1.1" 200 8152 "-" "Mozilla/5.0 AppleWebKit/537.36 (KHTML, like Gecko; compatible; bingbot/2.0; +http://www.bing.com/bingbot.htm) Chrome/103.0.5060.134 Safari/537.36" "ysfine.com"
185.191.171.7 - - [12/Oct/2022:08:43:03 -0700] "GET /houses/christmas.html HTTP/1.1" 200 459 "-" "Mozilla/5.0 (compatible; SemrushBot/7~bl; +http://www.semrush.com/bot.html)" "ysfine.com"
157.55.39.58 - - [12/Oct/2022:08:43:04 -0700] "GET /wisdom/bible01c.jpg HTTP/1.1" 200 49685 "-" "Mozilla/5.0 (compatible; bingbot/2.0; +http://www.bing.com/bingbot.htm)" "ysfine.com"
51.75.241.40 - - [12/Oct/2022:08:44:03 -0700] "GET /yspapers/euler.pdf HTTP/1.1" 200 738507 "-" "INETDEX-BOT/1.5 (Mozilla/5.0; https://inetdex.com/bot.html)" "ysfine.com"
157.55.39.55 - - [12/Oct/2022:08:44:17 -0700] "GET /maga/bohrkierk.html HTTP/1.1" 200 2947 "-" "Mozilla/5.0 AppleWebKit/537.36 (KHTML, like Gecko; compatible; bingbot/2.0; +http://www.bing.com/bingbot.htm) Chrome/103.0.5060.134 Safari/537.36" "ysfine.com"
112.79.165.199 - - [12/Oct/2022:08:44:47 -0700] "GET /maga/phys/mainichi.jpg HTTP/1.1" 200 140249 "https://www.google.com/" "Mozilla/5.0 (Windows NT 10.0; Win64; x64) AppleWebKit/537.36 (KHTML, like Gecko) Chrome/105.0.0.0 Safari/537.36" "ysfine.com"
207.46.13.102 - - [12/Oct/2022:08:44:54 -0700] "GET /world/latina/feynplate.html HTTP/1.1" 200 1525 "-" "Mozilla/5.0 (compatible; bingbot/2.0; +http://www.bing.com/bingbot.htm)" "ysfine.com"
157.55.39.55 - - [12/Oct/2022:08:44:59 -0700] "GET /bio/style/ystyle.html HTTP/1.1" 404 88 "-" "Mozilla/5.0 (compatible; bingbot/2.0; +http://www.bing.com/bingbot.htm)" "ysfine.com"
107.178.239.192 - - [12/Oct/2022:08:45:05 -0700] "GET /ffriends/latinam.html HTTP/1.1" 200 5618 "-" "Mozilla/5.0 (Macintosh; Intel Mac OS X 10.13; rv:61.0) Gecko/20100101 Firefox/74.0" "www.ysfine.com"
157.55.39.55 - - [12/Oct/2022:08:45:27 -0700] "GET /maga/kantao.html HTTP/1.1" 200 1675 "-" "Mozilla/5.0 (compatible; bingbot/2.0; +http://www.bing.com/bingbot.htm)" "ysfine.com"
24.0.255.27 - - [12/Oct/2022:08:46:13 -0700] "GET /princeton/annex11.jpg HTTP/1.1" 200 136808 "https://www.google.com/" "Mozilla/5.0 (Macintosh; Intel Mac OS X 10_14_6) AppleWebKit/537.36 (KHTML, like Gecko) Chrome/106.0.0.0 Safari/537.36" "ysfine.com"
24.0.255.27 - - [12/Oct/2022:08:46:14 -0700] "GET /princeton/annex11b.jpg HTTP/1.1" 200 39639 "https://www.google.com/" "Mozilla/5.0 (Macintosh; Intel Mac OS X 10_14_6) AppleWebKit/537.36 (KHTML, like Gecko) Chrome/106.0.0.0 Safari/537.36" "ysfine.com"
24.0.255.27 - - [12/Oct/2022:08:46:17 -0700] "GET /dirac/wigsis.html HTTP/1.1" 200 10275 "https://www.google.com/" "Mozilla/5.0 (Macintosh; Intel Mac OS X 10_14_6) AppleWebKit/537.36 (KHTML, like Gecko) Chrome/106.0.0.0 Safari/537.36" "ysfine.com"
24.0.255.27 - - [12/Oct/2022:08:46:17 -0700] "GET /dirac/wigsis22.jpg HTTP/1.1" 200 39975 "https://ysfine.com/dirac/wigsis.html" "Mozilla/5.0 (Macintosh; Intel Mac OS X 10_14_6) AppleWebKit/537.36 (KHTML, like Gecko) Chrome/106.0.0.0 Safari/537.36" "ysfine.com"
24.0.255.27 - - [12/Oct/2022:08:46:17 -0700] "GET /dirac/dirac63b.jpg HTTP/1.1" 200 41617 "https://ysfine.com/dirac/wigsis.html" "Mozilla/5.0 (Macintosh; Intel Mac OS X 10_14_6) AppleWebKit/537.36 (KHTML, like Gecko) Chrome/106.0.0.0 Safari/537.36" "ysfine.com"
24.0.255.27 - - [12/Oct/2022:08:46:17 -0700] "GET /princeton/annex11b.jpg HTTP/1.1" 200 39639 "https://ysfine.com/dirac/wigsis.html" "Mozilla/5.0 (Macintosh; Intel Mac OS X 10_14_6) AppleWebKit/537.36 (KHTML, like Gecko) Chrome/106.0.0.0 Safari/537.36" "ysfine.com"
24.0.255.27 - - [12/Oct/2022:08:46:17 -0700] "GET /dirac/michaels22.jpg HTTP/1.1" 200 47473 "https://ysfine.com/dirac/wigsis.html" "Mozilla/5.0 (Macintosh; Intel Mac OS X 10_14_6) AppleWebKit/537.36 (KHTML, like Gecko) Chrome/106.0.0.0 Safari/537.36" "ysfine.com"
24.0.255.27 - - [12/Oct/2022:08:46:17 -0700] "GET /dirac/dirwig33b.jpg HTTP/1.1" 200 11663 "https://ysfine.com/dirac/wigsis.html" "Mozilla/5.0 (Macintosh; Intel Mac OS X 10_14_6) AppleWebKit/537.36 (KHTML, like Gecko) Chrome/106.0.0.0 Safari/537.36" "ysfine.com"
24.0.255.27 - - [12/Oct/2022:08:46:17 -0700] "GET /dirac/hazi22.jpg HTTP/1.1" 200 37344 "https://ysfine.com/dirac/wigsis.html" "Mozilla/5.0 (Macintosh; Intel Mac OS X 10_14_6) AppleWebKit/537.36 (KHTML, like Gecko) Chrome/106.0.0.0 Safari/537.36" "ysfine.com"
24.0.255.27 - - [12/Oct/2022:08:46:17 -0700] "GET /dirac/dirac84b.jpg HTTP/1.1" 200 42763 "https://ysfine.com/dirac/wigsis.html" "Mozilla/5.0 (Macintosh; Intel Mac OS X 10_14_6) AppleWebKit/537.36 (KHTML, like Gecko) Chrome/106.0.0.0 Safari/537.36" "ysfine.com"
24.0.255.27 - - [12/Oct/2022:08:46:17 -0700] "GET /dirac/jablo62b.jpg HTTP/1.1" 200 42817 "https://ysfine.com/dirac/wigsis.html" "Mozilla/5.0 (Macintosh; Intel Mac OS X 10_14_6) AppleWebKit/537.36 (KHTML, like Gecko) Chrome/106.0.0.0 Safari/537.36" "ysfine.com"
24.0.255.27 - - [12/Oct/2022:08:46:17 -0700] "GET /dirac/dirackim6201.jpg HTTP/1.1" 200 51283 "https://ysfine.com/dirac/wigsis.html" "Mozilla/5.0 (Macintosh; Intel Mac OS X 10_14_6) AppleWebKit/537.36 (KHTML, like Gecko) Chrome/106.0.0.0 Safari/537.36" "ysfine.com"
24.0.255.27 - - [12/Oct/2022:08:46:17 -0700] "GET /dirac/dirackn33b.jpg HTTP/1.1" 200 48200 "https://ysfine.com/dirac/wigsis.html" "Mozilla/5.0 (Macintosh; Intel Mac OS X 10_14_6) AppleWebKit/537.36 (KHTML, like Gecko) Chrome/106.0.0.0 Safari/537.36" "ysfine.com"
24.0.255.27 - - [12/Oct/2022:08:46:17 -0700] "GET /feynman/feydirac270.jpg HTTP/1.1" 200 59000 "https://ysfine.com/dirac/wigsis.html" "Mozilla/5.0 (Macintosh; Intel Mac OS X 10_14_6) AppleWebKit/537.36 (KHTML, like Gecko) Chrome/106.0.0.0 Safari/537.36" "ysfine.com"
24.0.255.27 - - [12/Oct/2022:08:46:17 -0700] "GET /world/poland/jablo08b.jpg HTTP/1.1" 200 42070 "https://ysfine.com/dirac/wigsis.html" "Mozilla/5.0 (Macintosh; Intel Mac OS X 10_14_6) AppleWebKit/537.36 (KHTML, like Gecko) Chrome/106.0.0.0 Safari/537.36" "ysfine.com"
24.0.255.27 - - [12/Oct/2022:08:46:17 -0700] "GET /dirac/dirackim6202.jpg HTTP/1.1" 200 51465 "https://ysfine.com/dirac/wigsis.html" "Mozilla/5.0 (Macintosh; Intel Mac OS X 10_14_6) AppleWebKit/537.36 (KHTML, like Gecko) Chrome/106.0.0.0 Safari/537.36" "ysfine.com"
24.0.255.27 - - [12/Oct/2022:08:46:17 -0700] "GET /dirac/hyperell2.jpg HTTP/1.1" 200 29858 "https://ysfine.com/dirac/wigsis.html" "Mozilla/5.0 (Macintosh; Intel Mac OS X 10_14_6) AppleWebKit/537.36 (KHTML, like Gecko) Chrome/106.0.0.0 Safari/537.36" "ysfine.com"
24.0.255.27 - - [12/Oct/2022:08:46:17 -0700] "GET /world/poland/jablo01b.jpg HTTP/1.1" 200 39801 "https://ysfine.com/dirac/wigsis.html" "Mozilla/5.0 (Macintosh; Intel Mac OS X 10_14_6) AppleWebKit/537.36 (KHTML, like Gecko) Chrome/106.0.0.0 Safari/537.36" "ysfine.com"
24.0.255.27 - - [12/Oct/2022:08:46:17 -0700] "GET /world/poland/jablo20b.jpg HTTP/1.1" 200 41339 "https://ysfine.com/dirac/wigsis.html" "Mozilla/5.0 (Macintosh; Intel Mac OS X 10_14_6) AppleWebKit/537.36 (KHTML, like Gecko) Chrome/106.0.0.0 Safari/537.36" "ysfine.com"
24.0.255.27 - - [12/Oct/2022:08:46:17 -0700] "GET /eink/eink61c.jpg HTTP/1.1" 200 34119 "https://ysfine.com/dirac/wigsis.html" "Mozilla/5.0 (Macintosh; Intel Mac OS X 10_14_6) AppleWebKit/537.36 (KHTML, like Gecko) Chrome/106.0.0.0 Safari/537.36" "ysfine.com"
