157.55.39.128 - - [12/Oct/2022:06:39:11 -0700] "GET /wdc/gtown22.jpg HTTP/1.1" 200 153624 "-" "Mozilla/5.0 AppleWebKit/537.36 (KHTML, like Gecko; compatible; bingbot/2.0; +http://www.bing.com/bingbot.htm) Chrome/103.0.5060.134 Safari/537.36" "ysfine.com"
157.55.39.127 - - [12/Oct/2022:06:39:41 -0700] "GET /kobak/warstorie.html HTTP/1.1" 200 6645 "-" "Mozilla/5.0 AppleWebKit/537.36 (KHTML, like Gecko; compatible; bingbot/2.0; +http://www.bing.com/bingbot.htm) Chrome/103.0.5060.134 Safari/537.36" "ysfine.com"
157.55.39.55 - - [12/Oct/2022:06:41:15 -0700] "GET /maga/tesla.html HTTP/1.1" 200 4852 "-" "Mozilla/5.0 AppleWebKit/537.36 (KHTML, like Gecko; compatible; bingbot/2.0; +http://www.bing.com/bingbot.htm) Chrome/103.0.5060.134 Safari/537.36" "ysfine.com"
157.55.39.128 - - [12/Oct/2022:06:41:21 -0700] "GET /maga/phys/boltz11.jpg HTTP/1.1" 200 78876 "-" "Mozilla/5.0 AppleWebKit/537.36 (KHTML, like Gecko; compatible; bingbot/2.0; +http://www.bing.com/bingbot.htm) Chrome/103.0.5060.134 Safari/537.36" "ysfine.com"
207.46.13.102 - - [12/Oct/2022:06:41:32 -0700] "GET /world/russ/kiev034.jpg HTTP/1.1" 200 61951 "-" "Mozilla/5.0 AppleWebKit/537.36 (KHTML, like Gecko; compatible; bingbot/2.0; +http://www.bing.com/bingbot.htm) Chrome/103.0.5060.134 Safari/537.36" "ysfine.com"
157.55.39.55 - - [12/Oct/2022:06:41:45 -0700] "GET /maga/maxedin.html HTTP/1.1" 200 6756 "-" "Mozilla/5.0 AppleWebKit/537.36 (KHTML, like Gecko; compatible; bingbot/2.0; +http://www.bing.com/bingbot.htm) Chrome/103.0.5060.134 Safari/537.36" "ysfine.com"
66.249.66.214 - - [12/Oct/2022:06:42:36 -0700] "GET /robots.txt HTTP/1.1" 404 88 "-" "Mozilla/5.0 (compatible; Googlebot/2.1; +http://www.google.com/bot.html)" "www.ysfine.com"
99.226.135.55 - - [12/Oct/2022:06:42:40 -0700] "GET /kowar/war45.html HTTP/1.1" 200 12086 "https://www.ysfine.com/kobak/kohist.html" "Mozilla/5.0 (Windows NT 10.0; Win64; x64) AppleWebKit/537.36 (KHTML, like Gecko) Chrome/106.0.0.0 Safari/537.36 Edg/106.0.1370.42" "www.ysfine.com"
99.226.135.55 - - [12/Oct/2022:06:42:41 -0700] "GET /home/ysnr11c.jpg HTTP/1.1" 200 36964 "https://www.ysfine.com/kowar/war45.html" "Mozilla/5.0 (Windows NT 10.0; Win64; x64) AppleWebKit/537.36 (KHTML, like Gecko) Chrome/106.0.0.0 Safari/537.36 Edg/106.0.1370.42" "www.ysfine.com"
99.226.135.55 - - [12/Oct/2022:06:42:41 -0700] "GET /kowar/sampal02b.jpg HTTP/1.1" 200 39972 "https://www.ysfine.com/kowar/war45.html" "Mozilla/5.0 (Windows NT 10.0; Win64; x64) AppleWebKit/537.36 (KHTML, like Gecko) Chrome/106.0.0.0 Safari/537.36 Edg/106.0.1370.42" "www.ysfine.com"
99.226.135.55 - - [12/Oct/2022:06:42:41 -0700] "GET /kowar/roosevelt01b.jpg HTTP/1.1" 200 30594 "https://www.ysfine.com/kowar/war45.html" "Mozilla/5.0 (Windows NT 10.0; Win64; x64) AppleWebKit/537.36 (KHTML, like Gecko) Chrome/106.0.0.0 Safari/537.36 Edg/106.0.1370.42" "www.ysfine.com"
99.226.135.55 - - [12/Oct/2022:06:42:41 -0700] "GET /kobak/somap38b.jpg HTTP/1.1" 200 54149 "https://www.ysfine.com/kowar/war45.html" "Mozilla/5.0 (Windows NT 10.0; Win64; x64) AppleWebKit/537.36 (KHTML, like Gecko) Chrome/106.0.0.0 Safari/537.36 Edg/106.0.1370.42" "www.ysfine.com"
99.226.135.55 - - [12/Oct/2022:06:42:41 -0700] "GET /kowar/pnoodle01b.jpg HTTP/1.1" 200 44990 "https://www.ysfine.com/kowar/war45.html" "Mozilla/5.0 (Windows NT 10.0; Win64; x64) AppleWebKit/537.36 (KHTML, like Gecko) Chrome/106.0.0.0 Safari/537.36 Edg/106.0.1370.42" "www.ysfine.com"
99.226.135.55 - - [12/Oct/2022:06:42:41 -0700] "GET /kowar/landreform01b.jpg HTTP/1.1" 200 63201 "https://www.ysfine.com/kowar/war45.html" "Mozilla/5.0 (Windows NT 10.0; Win64; x64) AppleWebKit/537.36 (KHTML, like Gecko) Chrome/106.0.0.0 Safari/537.36 Edg/106.0.1370.42" "www.ysfine.com"
99.226.135.55 - - [12/Oct/2022:06:42:41 -0700] "GET /kowar/tanks/abomb01b.jpg HTTP/1.1" 200 32937 "https://www.ysfine.com/kowar/war45.html" "Mozilla/5.0 (Windows NT 10.0; Win64; x64) AppleWebKit/537.36 (KHTML, like Gecko) Chrome/106.0.0.0 Safari/537.36 Edg/106.0.1370.42" "www.ysfine.com"
99.226.135.55 - - [12/Oct/2022:06:42:41 -0700] "GET /kowar/shintak01b.jpg HTTP/1.1" 200 42707 "https://www.ysfine.com/kowar/war45.html" "Mozilla/5.0 (Windows NT 10.0; Win64; x64) AppleWebKit/537.36 (KHTML, like Gecko) Chrome/106.0.0.0 Safari/537.36 Edg/106.0.1370.42" "www.ysfine.com"
99.226.135.55 - - [12/Oct/2022:06:42:41 -0700] "GET /kowar/tanks/tank05b.jpg HTTP/1.1" 200 48742 "https://www.ysfine.com/kowar/war45.html" "Mozilla/5.0 (Windows NT 10.0; Win64; x64) AppleWebKit/537.36 (KHTML, like Gecko) Chrome/106.0.0.0 Safari/537.36 Edg/106.0.1370.42" "www.ysfine.com"
99.226.135.55 - - [12/Oct/2022:06:42:41 -0700] "GET /kowar/tanks/gmc01b.jpg HTTP/1.1" 200 43939 "https://www.ysfine.com/kowar/war45.html" "Mozilla/5.0 (Windows NT 10.0; Win64; x64) AppleWebKit/537.36 (KHTML, like Gecko) Chrome/106.0.0.0 Safari/537.36 Edg/106.0.1370.42" "www.ysfine.com"
99.226.135.55 - - [12/Oct/2022:06:42:41 -0700] "GET /kowar/kwandong02b.jpg HTTP/1.1" 200 55217 "https://www.ysfine.com/kowar/war45.html" "Mozilla/5.0 (Windows NT 10.0; Win64; x64) AppleWebKit/537.36 (KHTML, like Gecko) Chrome/106.0.0.0 Safari/537.36 Edg/106.0.1370.42" "www.ysfine.com"
99.226.135.55 - - [12/Oct/2022:06:42:41 -0700] "GET /kowar/yaltac02b.jpg HTTP/1.1" 200 42243 "https://www.ysfine.com/kowar/war45.html" "Mozilla/5.0 (Windows NT 10.0; Win64; x64) AppleWebKit/537.36 (KHTML, like Gecko) Chrome/106.0.0.0 Safari/537.36 Edg/106.0.1370.42" "www.ysfine.com"
99.226.135.55 - - [12/Oct/2022:06:42:41 -0700] "GET /kowar/iwojima01b.jpg HTTP/1.1" 200 51598 "https://www.ysfine.com/kowar/war45.html" "Mozilla/5.0 (Windows NT 10.0; Win64; x64) AppleWebKit/537.36 (KHTML, like Gecko) Chrome/106.0.0.0 Safari/537.36 Edg/106.0.1370.42" "www.ysfine.com"
99.226.135.55 - - [12/Oct/2022:06:42:41 -0700] "GET /kowar/tojo01b.jpg HTTP/1.1" 200 55959 "https://www.ysfine.com/kowar/war45.html" "Mozilla/5.0 (Windows NT 10.0; Win64; x64) AppleWebKit/537.36 (KHTML, like Gecko) Chrome/106.0.0.0 Safari/537.36 Edg/106.0.1370.42" "www.ysfine.com"
99.226.135.55 - - [12/Oct/2022:06:42:41 -0700] "GET /kowar/tehran43b.jpg HTTP/1.1" 200 45127 "https://www.ysfine.com/kowar/war45.html" "Mozilla/5.0 (Windows NT 10.0; Win64; x64) AppleWebKit/537.36 (KHTML, like Gecko) Chrome/106.0.0.0 Safari/537.36 Edg/106.0.1370.42" "www.ysfine.com"
99.226.135.55 - - [12/Oct/2022:06:42:41 -0700] "GET /kowar/ningen01b.jpg HTTP/1.1" 200 41414 "https://www.ysfine.com/kowar/war45.html" "Mozilla/5.0 (Windows NT 10.0; Win64; x64) AppleWebKit/537.36 (KHTML, like Gecko) Chrome/106.0.0.0 Safari/537.36 Edg/106.0.1370.42" "www.ysfine.com"
99.226.135.55 - - [12/Oct/2022:06:42:41 -0700] "GET /kowar/yaltac03b.jpg HTTP/1.1" 200 33354 "https://www.ysfine.com/kowar/war45.html" "Mozilla/5.0 (Windows NT 10.0; Win64; x64) AppleWebKit/537.36 (KHTML, like Gecko) Chrome/106.0.0.0 Safari/537.36 Edg/106.0.1370.42" "www.ysfine.com"
99.226.135.55 - - [12/Oct/2022:06:42:41 -0700] "GET /kowar/potsdam01b.jpg HTTP/1.1" 200 47865 "https://www.ysfine.com/kowar/war45.html" "Mozilla/5.0 (Windows NT 10.0; Win64; x64) AppleWebKit/537.36 (KHTML, like Gecko) Chrome/106.0.0.0 Safari/537.36 Edg/106.0.1370.42" "www.ysfine.com"
99.226.135.55 - - [12/Oct/2022:06:42:41 -0700] "GET /kowar/tanks/malaya01b.jpg HTTP/1.1" 200 50821 "https://www.ysfine.com/kowar/war45.html" "Mozilla/5.0 (Windows NT 10.0; Win64; x64) AppleWebKit/537.36 (KHTML, like Gecko) Chrome/106.0.0.0 Safari/537.36 Edg/106.0.1370.42" "www.ysfine.com"
99.226.135.55 - - [12/Oct/2022:06:42:41 -0700] "GET /kobak/taylor450.jpg HTTP/1.1" 200 70219 "https://www.ysfine.com/kowar/war45.html" "Mozilla/5.0 (Windows NT 10.0; Win64; x64) AppleWebKit/537.36 (KHTML, like Gecko) Chrome/106.0.0.0 Safari/537.36 Edg/106.0.1370.42" "www.ysfine.com"
99.226.135.55 - - [12/Oct/2022:06:42:41 -0700] "GET /kobak/church03b.jpg HTTP/1.1" 200 50665 "https://www.ysfine.com/kowar/war45.html" "Mozilla/5.0 (Windows NT 10.0; Win64; x64) AppleWebKit/537.36 (KHTML, like Gecko) Chrome/106.0.0.0 Safari/537.36 Edg/106.0.1370.42" "www.ysfine.com"
99.226.135.55 - - [12/Oct/2022:06:42:41 -0700] "GET /kowar/rusk01b.jpg HTTP/1.1" 200 42888 "https://www.ysfine.com/kowar/war45.html" "Mozilla/5.0 (Windows NT 10.0; Win64; x64) AppleWebKit/537.36 (KHTML, like Gecko) Chrome/106.0.0.0 Safari/537.36 Edg/106.0.1370.42" "www.ysfine.com"
99.226.135.55 - - [12/Oct/2022:06:42:41 -0700] "GET /eink/pwk19c.jpg HTTP/1.1" 200 57759 "https://www.ysfine.com/kowar/war45.html" "Mozilla/5.0 (Windows NT 10.0; Win64; x64) AppleWebKit/537.36 (KHTML, like Gecko) Chrome/106.0.0.0 Safari/537.36 Edg/106.0.1370.42" "www.ysfine.com"
99.226.135.55 - - [12/Oct/2022:06:42:41 -0700] "GET /kowar/stalin01b.jpg HTTP/1.1" 200 43158 "https://www.ysfine.com/kowar/war45.html" "Mozilla/5.0 (Windows NT 10.0; Win64; x64) AppleWebKit/537.36 (KHTML, like Gecko) Chrome/106.0.0.0 Safari/537.36 Edg/106.0.1370.42" "www.ysfine.com"
99.226.135.55 - - [12/Oct/2022:06:42:41 -0700] "GET /kowar/yaltac01b.jpg HTTP/1.1" 200 52982 "https://www.ysfine.com/kowar/war45.html" "Mozilla/5.0 (Windows NT 10.0; Win64; x64) AppleWebKit/537.36 (KHTML, like Gecko) Chrome/106.0.0.0 Safari/537.36 Edg/106.0.1370.42" "www.ysfine.com"
99.226.135.55 - - [12/Oct/2022:06:42:41 -0700] "GET /kowar/zhukov01b.jpg HTTP/1.1" 200 43906 "https://www.ysfine.com/kowar/war45.html" "Mozilla/5.0 (Windows NT 10.0; Win64; x64) AppleWebKit/537.36 (KHTML, like Gecko) Chrome/106.0.0.0 Safari/537.36 Edg/106.0.1370.42" "www.ysfine.com"
99.226.135.55 - - [12/Oct/2022:06:42:41 -0700] "GET /kowar/tanks/gmc03b.jpg HTTP/1.1" 200 47909 "https://www.ysfine.com/kowar/war45.html" "Mozilla/5.0 (Windows NT 10.0; Win64; x64) AppleWebKit/537.36 (KHTML, like Gecko) Chrome/106.0.0.0 Safari/537.36 Edg/106.0.1370.42" "www.ysfine.com"
99.226.135.55 - - [12/Oct/2022:06:42:41 -0700] "GET /kowar/bonesteel01b.jpg HTTP/1.1" 200 33050 "https://www.ysfine.com/kowar/war45.html" "Mozilla/5.0 (Windows NT 10.0; Win64; x64) AppleWebKit/537.36 (KHTML, like Gecko) Chrome/106.0.0.0 Safari/537.36 Edg/106.0.1370.42" "www.ysfine.com"
99.226.135.55 - - [12/Oct/2022:06:42:41 -0700] "GET /kowar/kwandong01b.jpg HTTP/1.1" 200 33688 "https://www.ysfine.com/kowar/war45.html" "Mozilla/5.0 (Windows NT 10.0; Win64; x64) AppleWebKit/537.36 (KHTML, like Gecko) Chrome/106.0.0.0 Safari/537.36 Edg/106.0.1370.42" "www.ysfine.com"
99.226.135.55 - - [12/Oct/2022:06:42:41 -0700] "GET /kowar/tanks/arisakaguns01b.jpg HTTP/1.1" 200 33229 "https://www.ysfine.com/kowar/war45.html" "Mozilla/5.0 (Windows NT 10.0; Win64; x64) AppleWebKit/537.36 (KHTML, like Gecko) Chrome/106.0.0.0 Safari/537.36 Edg/106.0.1370.42" "www.ysfine.com"
99.226.135.55 - - [12/Oct/2022:06:42:41 -0700] "GET /kowar/sampal03b.jpg HTTP/1.1" 200 61883 "https://www.ysfine.com/kowar/war45.html" "Mozilla/5.0 (Windows NT 10.0; Win64; x64) AppleWebKit/537.36 (KHTML, like Gecko) Chrome/106.0.0.0 Safari/537.36 Edg/106.0.1370.42" "www.ysfine.com"
99.226.135.55 - - [12/Oct/2022:06:42:41 -0700] "GET /kowar/tanks/tankbt57b.jpg HTTP/1.1" 200 52672 "https://www.ysfine.com/kowar/war45.html" "Mozilla/5.0 (Windows NT 10.0; Win64; x64) AppleWebKit/537.36 (KHTML, like Gecko) Chrome/106.0.0.0 Safari/537.36 Edg/106.0.1370.42" "www.ysfine.com"
157.55.39.127 - - [12/Oct/2022:06:42:53 -0700] "GET /world/scandi/norw08b.jpg HTTP/1.1" 200 57238 "-" "Mozilla/5.0 AppleWebKit/537.36 (KHTML, like Gecko; compatible; bingbot/2.0; +http://www.bing.com/bingbot.htm) Chrome/103.0.5060.134 Safari/537.36" "ysfine.com"
157.55.39.128 - - [12/Oct/2022:06:43:41 -0700] "GET /world/ital/uffizi11.jpg HTTP/1.1" 200 116766 "-" "Mozilla/5.0 (compatible; bingbot/2.0; +http://www.bing.com/bingbot.htm)" "ysfine.com"
40.77.167.27 - - [12/Oct/2022:06:43:42 -0700] "GET /wdc/usna25.jpg HTTP/1.1" 200 115261 "-" "Mozilla/5.0 AppleWebKit/537.36 (KHTML, like Gecko; compatible; bingbot/2.0; +http://www.bing.com/bingbot.htm) Chrome/103.0.5060.134 Safari/537.36" "www.ysfine.com"
157.55.39.58 - - [12/Oct/2022:06:43:45 -0700] "GET /kobak/soraech.html HTTP/1.1" 200 16670 "-" "Mozilla/5.0 AppleWebKit/537.36 (KHTML, like Gecko; compatible; bingbot/2.0; +http://www.bing.com/bingbot.htm) Chrome/103.0.5060.134 Safari/537.36" "www.ysfine.com"
40.77.167.27 - - [12/Oct/2022:06:44:01 -0700] "GET /maga/phys/naimar/pewk03.jpg HTTP/1.1" 200 45583 "-" "Mozilla/5.0 (compatible; bingbot/2.0; +http://www.bing.com/bingbot.htm)" "ysfine.com"
157.55.39.127 - - [12/Oct/2022:06:44:07 -0700] "GET /wdc/gtown19.jpg HTTP/1.1" 200 121049 "-" "Mozilla/5.0 (compatible; bingbot/2.0; +http://www.bing.com/bingbot.htm)" "ysfine.com"
128.6.36.128 - - [12/Oct/2022:06:45:18 -0700] "GET /princeton/withers01b.jpg HTTP/1.1" 200 53277 "https://www.google.com/" "Mozilla/5.0 (Macintosh; Intel Mac OS X 10_15_7) AppleWebKit/537.36 (KHTML, like Gecko) Chrome/105.0.0.0 Safari/537.36" "ysfine.com"
157.55.39.55 - - [12/Oct/2022:06:45:25 -0700] "GET /einstein/places/ulm04c.jpg HTTP/1.1" 200 41981 "-" "Mozilla/5.0 (compatible; bingbot/2.0; +http://www.bing.com/bingbot.htm)" "ysfine.com"
115.156.140.69 - - [12/Oct/2022:06:45:56 -0700] "GET /feynman/feyjad11.jpg HTTP/1.1" 200 459525 "https://m2.cn.bing.com/" "Mozilla/5.0 (Windows NT 10.0; WOW64) AppleWebKit/537.36 (KHTML, like Gecko) Chrome/79.0.3945.79 Safari/537.36" "www.ysfine.com"
115.156.140.69 - - [12/Oct/2022:06:46:08 -0700] "GET /feynman/feychin.jpg HTTP/1.1" 200 33472 "https://m2.cn.bing.com/" "Mozilla/5.0 (Windows NT 10.0; WOW64) AppleWebKit/537.36 (KHTML, like Gecko) Chrome/79.0.3945.79 Safari/537.36" "www.ysfine.com"
218.50.127.239 - - [12/Oct/2022:06:46:16 -0700] "GET /princeton/alexan22.jpg HTTP/1.1" 200 175436 "https://www.google.com/" "Mozilla/5.0 (Windows NT 10.0; Win64; x64) AppleWebKit/537.36 (KHTML, like Gecko) Chrome/106.0.0.0 Safari/537.36" "ysfine.com"
157.55.39.58 - - [12/Oct/2022:06:47:13 -0700] "GET /world/ital/lascala05.jpg HTTP/1.1" 200 112061 "-" "Mozilla/5.0 (compatible; bingbot/2.0; +http://www.bing.com/bingbot.htm)" "www.ysfine.com"
73.12.139.201 - - [12/Oct/2022:06:47:17 -0700] "GET /princeton/nasshall07.jpg HTTP/1.1" 200 153891 "https://images.search.yahoo.com/search/images;_ylt=AwrOsRcYxUZjcygIUQBXNyoA;_ylu=Y29sbwNncTEEcG9zAzEEdnRpZANMT0NVSTA1NENfMQRzZWMDcGl2cw--?p=princeton+campus+photos&fr2=piv-web&fr=yfp-t-s" "Mozilla/5.0 (Windows NT 10.0; Win64; x64) AppleWebKit/537.36 (KHTML, like Gecko) Chrome/105.0.0.0 Safari/537.36" "www.ysfine.com"
54.236.1.13 - - [12/Oct/2022:06:47:30 -0700] "GET /robots.txt HTTP/1.1" 404 88 "-" "Mozilla/5.0 (compatible; Pinterestbot/1.0; +http://www.pinterest.com/bot.html)" "ysfine.com"
54.236.1.13 - - [12/Oct/2022:06:47:30 -0700] "GET /world/vienna.html HTTP/1.1" 200 7048 "-" "Mozilla/5.0 (compatible; Pinterestbot/1.0; +http://www.pinterest.com/bot.html)" "ysfine.com"
73.12.139.201 - - [12/Oct/2022:06:47:37 -0700] "GET /princeton/nasshall03.jpg HTTP/1.1" 200 147463 "https://images.search.yahoo.com/search/images;_ylt=AwrOsRcYxUZjcygIUQBXNyoA;_ylu=Y29sbwNncTEEcG9zAzEEdnRpZANMT0NVSTA1NENfMQRzZWMDcGl2cw--?p=princeton+campus+photos&fr2=piv-web&fr=yfp-t-s" "Mozilla/5.0 (Windows NT 10.0; Win64; x64) AppleWebKit/537.36 (KHTML, like Gecko) Chrome/105.0.0.0 Safari/537.36" "ysfine.com"
157.55.39.127 - - [12/Oct/2022:06:47:43 -0700] "GET /bio/feynman/feynbot.html HTTP/1.1" 404 88 "-" "Mozilla/5.0 AppleWebKit/537.36 (KHTML, like Gecko; compatible; bingbot/2.0; +http://www.bing.com/bingbot.htm) Chrome/103.0.5060.134 Safari/537.36" "ysfine.com"
12.50.8.10 - - [12/Oct/2022:06:48:09 -0700] "GET /heisen/schroheisen33.jpg HTTP/1.1" 200 86213 "https://www.google.com/" "Mozilla/5.0 (X11; CrOS x86_64 14268.104.0) AppleWebKit/537.36 (KHTML, like Gecko) Chrome/96.0.4664.219 Safari/537.36" "ysfine.com"
74.199.164.166 - - [12/Oct/2022:06:48:48 -0700] "GET /heisen/schroheisen33.jpg HTTP/1.1" 200 86213 "https://www.google.com/" "Mozilla/5.0 (X11; CrOS aarch64 14989.107.0) AppleWebKit/537.36 (KHTML, like Gecko) Chrome/105.0.0.0 Safari/537.36" "ysfine.com"
73.12.139.201 - - [12/Oct/2022:06:48:51 -0700] "GET /princeton/pseminary33.jpg HTTP/1.1" 200 129465 "https://images.search.yahoo.com/search/images;_ylt=AwrOsRcYxUZjcygIUQBXNyoA;_ylu=Y29sbwNncTEEcG9zAzEEdnRpZANMT0NVSTA1NENfMQRzZWMDcGl2cw--?p=princeton+campus+photos&fr2=piv-web&fr=yfp-t-s" "Mozilla/5.0 (Windows NT 10.0; Win64; x64) AppleWebKit/537.36 (KHTML, like Gecko) Chrome/105.0.0.0 Safari/537.36" "ysfine.com"
73.12.139.201 - - [12/Oct/2022:06:48:57 -0700] "GET /princeton/prospectg11.jpg HTTP/1.1" 200 142955 "https://images.search.yahoo.com/search/images;_ylt=AwrOsRcYxUZjcygIUQBXNyoA;_ylu=Y29sbwNncTEEcG9zAzEEdnRpZANMT0NVSTA1NENfMQRzZWMDcGl2cw--?p=princeton+campus+photos&fr2=piv-web&fr=yfp-t-s" "Mozilla/5.0 (Windows NT 10.0; Win64; x64) AppleWebKit/537.36 (KHTML, like Gecko) Chrome/105.0.0.0 Safari/537.36" "www.ysfine.com"
157.55.39.55 - - [12/Oct/2022:06:49:06 -0700] "GET /wdc/whouse08.jpg HTTP/1.1" 200 56905 "-" "Mozilla/5.0 (compatible; bingbot/2.0; +http://www.bing.com/bingbot.htm)" "www.ysfine.com"
73.12.139.201 - - [12/Oct/2022:06:49:28 -0700] "GET /princeton/ustore44.jpg HTTP/1.1" 200 109524 "https://images.search.yahoo.com/search/images;_ylt=AwrOsRcYxUZjcygIUQBXNyoA;_ylu=Y29sbwNncTEEcG9zAzEEdnRpZANMT0NVSTA1NENfMQRzZWMDcGl2cw--?p=princeton+campus+photos&fr2=piv-web&fr=yfp-t-s" "Mozilla/5.0 (Windows NT 10.0; Win64; x64) AppleWebKit/537.36 (KHTML, like Gecko) Chrome/105.0.0.0 Safari/537.36" "ysfine.com"
73.12.139.201 - - [12/Oct/2022:06:49:28 -0700] "GET /princeton/pseminary99.jpg HTTP/1.1" 200 128161 "https://images.search.yahoo.com/search/images;_ylt=AwrOsRcYxUZjcygIUQBXNyoA;_ylu=Y29sbwNncTEEcG9zAzEEdnRpZANMT0NVSTA1NENfMQRzZWMDcGl2cw--?p=princeton+campus+photos&fr2=piv-web&fr=yfp-t-s" "Mozilla/5.0 (Windows NT 10.0; Win64; x64) AppleWebKit/537.36 (KHTML, like Gecko) Chrome/105.0.0.0 Safari/537.36" "ysfine.com"
73.12.139.201 - - [12/Oct/2022:06:49:28 -0700] "GET /princeton/withers01b.jpg HTTP/1.1" 200 53277 "https://images.search.yahoo.com/search/images;_ylt=AwrOsRcYxUZjcygIUQBXNyoA;_ylu=Y29sbwNncTEEcG9zAzEEdnRpZANMT0NVSTA1NENfMQRzZWMDcGl2cw--?p=princeton+campus+photos&fr2=piv-web&fr=yfp-t-s" "Mozilla/5.0 (Windows NT 10.0; Win64; x64) AppleWebKit/537.36 (KHTML, like Gecko) Chrome/105.0.0.0 Safari/537.36" "ysfine.com"
157.55.39.127 - - [12/Oct/2022:06:49:32 -0700] "GET /wdc/corco22.jpg HTTP/1.1" 200 85105 "-" "Mozilla/5.0 (compatible; bingbot/2.0; +http://www.bing.com/bingbot.htm)" "www.ysfine.com"
40.77.167.27 - - [12/Oct/2022:06:51:24 -0700] "GET /style/digilit.html HTTP/1.1" 200 8470 "-" "Mozilla/5.0 (compatible; bingbot/2.0; +http://www.bing.com/bingbot.htm)" "www.ysfine.com"
77.88.5.245 - - [12/Oct/2022:06:51:32 -0700] "GET /robots.txt HTTP/1.1" 404 73 "-" "Mozilla/5.0 (compatible; YandexBot/3.0; +http://yandex.com/bots)" "ysfine.com"
93.158.161.40 - - [12/Oct/2022:06:51:36 -0700] "GET /robots.txt HTTP/1.1" 404 73 "-" "Mozilla/5.0 (compatible; YandexBot/3.0; +http://yandex.com/bots)" "ysfine.com"
77.88.5.46 - - [12/Oct/2022:06:51:40 -0700] "GET /world/ital/sapienza16.jpg HTTP/1.1" 200 103901 "-" "Mozilla/5.0 (compatible; YandexImages/3.0; +http://yandex.com/bots)" "ysfine.com"
157.55.39.128 - - [12/Oct/2022:06:51:43 -0700] "GET /world/china/hongkong66.jpg HTTP/1.1" 200 111217 "-" "Mozilla/5.0 AppleWebKit/537.36 (KHTML, like Gecko; compatible; bingbot/2.0; +http://www.bing.com/bingbot.htm) Chrome/103.0.5060.134 Safari/537.36" "ysfine.com"
157.55.39.127 - - [12/Oct/2022:06:52:03 -0700] "GET /maga/boltz/maxrel11b.jpg HTTP/1.1" 200 28313 "-" "Mozilla/5.0 (compatible; bingbot/2.0; +http://www.bing.com/bingbot.htm)" "ysfine.com"
40.77.167.27 - - [12/Oct/2022:06:52:23 -0700] "GET /maga/popov.html HTTP/1.1" 200 8651 "-" "Mozilla/5.0 (compatible; bingbot/2.0; +http://www.bing.com/bingbot.htm)" "www.ysfine.com"
157.55.39.58 - - [12/Oct/2022:06:52:24 -0700] "GET /wdc/bohrdc.html HTTP/1.1" 200 17456 "-" "Mozilla/5.0 (compatible; bingbot/2.0; +http://www.bing.com/bingbot.htm)" "ysfine.com"
114.119.128.154 - - [12/Oct/2022:06:52:27 -0700] "GET /home/truck/truck18f.jpg HTTP/1.1" 200 87880 "https://www.ysfine.com/home/bio55.html" "Mozilla/5.0 (Linux; Android 7.0;) AppleWebKit/537.36 (KHTML, like Gecko) Mobile Safari/537.36 (compatible; PetalBot;+https://webmaster.petalsearch.com/site/petalbot)" "www.ysfine.com"
157.55.39.128 - - [12/Oct/2022:06:53:03 -0700] "GET /maga/poincare.html HTTP/1.1" 200 7726 "-" "Mozilla/5.0 (compatible; bingbot/2.0; +http://www.bing.com/bingbot.htm)" "ysfine.com"
207.46.13.102 - - [12/Oct/2022:06:53:08 -0700] "GET /world/germany/hegel01b.jpg HTTP/1.1" 200 31600 "-" "Mozilla/5.0 AppleWebKit/537.36 (KHTML, like Gecko; compatible; bingbot/2.0; +http://www.bing.com/bingbot.htm) Chrome/103.0.5060.134 Safari/537.36" "ysfine.com"
157.55.39.127 - - [12/Oct/2022:06:53:33 -0700] "GET /world/russ/kiev045.jpg HTTP/1.1" 200 86599 "-" "Mozilla/5.0 AppleWebKit/537.36 (KHTML, like Gecko; compatible; bingbot/2.0; +http://www.bing.com/bingbot.htm) Chrome/103.0.5060.134 Safari/537.36" "www.ysfine.com"
157.55.39.58 - - [12/Oct/2022:06:53:43 -0700] "GET /maga/phys/huy34.jpg HTTP/1.1" 200 115681 "-" "Mozilla/5.0 AppleWebKit/537.36 (KHTML, like Gecko; compatible; bingbot/2.0; +http://www.bing.com/bingbot.htm) Chrome/103.0.5060.134 Safari/537.36" "ysfine.com"
157.55.39.55 - - [12/Oct/2022:06:54:18 -0700] "GET /bio/style/ystyle.html HTTP/1.1" 404 88 "-" "Mozilla/5.0 (compatible; bingbot/2.0; +http://www.bing.com/bingbot.htm)" "ysfine.com"
157.55.39.58 - - [12/Oct/2022:06:54:43 -0700] "GET /kobak/church103.jpg HTTP/1.1" 200 131803 "-" "Mozilla/5.0 (compatible; bingbot/2.0; +http://www.bing.com/bingbot.htm)" "ysfine.com"
77.88.5.126 - - [12/Oct/2022:06:55:04 -0700] "GET /world/germany/berlin034.jpg HTTP/1.1" 200 75919 "-" "Mozilla/5.0 (compatible; YandexImages/3.0; +http://yandex.com/bots)" "www.ysfine.com"
40.77.167.27 - - [12/Oct/2022:06:55:42 -0700] "GET /kobak/swr07c.jpg HTTP/1.1" 200 45085 "-" "Mozilla/5.0 (compatible; bingbot/2.0; +http://www.bing.com/bingbot.htm)" "ysfine.com"
157.55.39.127 - - [12/Oct/2022:06:56:23 -0700] "GET /wigner/inokim2.jpg HTTP/1.1" 200 29903 "-" "Mozilla/5.0 AppleWebKit/537.36 (KHTML, like Gecko; compatible; bingbot/2.0; +http://www.bing.com/bingbot.htm) Chrome/103.0.5060.134 Safari/537.36" "ysfine.com"
111.68.113.205 - - [12/Oct/2022:06:57:05 -0700] "HEAD /princeton/gcollege22.jpg HTTP/1.1" 200 - "http://www.grosirtutorial.com" "Mozilla/5.0 (Windows NT 10.0; Win64; x64) AppleWebKit/537.36 (KHTML, like Gecko) Chrome/70.0.3538.102 Safari/537.36" "ysfine.com"
157.55.39.55 - - [12/Oct/2022:06:57:07 -0700] "GET /world/poland/polhillar11.jpg HTTP/1.1" 200 178523 "-" "Mozilla/5.0 (compatible; bingbot/2.0; +http://www.bing.com/bingbot.htm)" "ysfine.com"
114.119.128.14 - - [12/Oct/2022:06:57:21 -0700] "GET /feynman/partons.html HTTP/1.1" 200 5807 "https://www.ysfine.com/einstein/heisenberg.html" "Mozilla/5.0 (Linux; Android 7.0;) AppleWebKit/537.36 (KHTML, like Gecko) Mobile Safari/537.36 (compatible; PetalBot;+https://webmaster.petalsearch.com/site/petalbot)" "www.ysfine.com"
157.45.78.183 - - [12/Oct/2022:06:57:41 -0700] "GET /jobs/koreaj.html HTTP/1.1" 200 10214 "https://www.google.com/" "Mozilla/5.0 (Windows NT 10.0; Win64; x64) AppleWebKit/537.36 (KHTML, like Gecko) Chrome/106.0.0.0 Safari/537.36 Edg/106.0.1370.37" "ysfine.com"
157.45.78.183 - - [12/Oct/2022:06:57:41 -0700] "GET /jobs/koreaj11b.jpg HTTP/1.1" 200 67543 "https://ysfine.com/jobs/koreaj.html" "Mozilla/5.0 (Windows NT 10.0; Win64; x64) AppleWebKit/537.36 (KHTML, like Gecko) Chrome/106.0.0.0 Safari/537.36 Edg/106.0.1370.37" "ysfine.com"
172.56.11.126 - - [12/Oct/2022:06:57:42 -0700] "GET /apple-touch-icon.png HTTP/1.1" 404 88 "-" "Mozilla/5.0 (Macintosh; Intel Mac OS X 10_11_1) AppleWebKit/601.2.4 (KHTML, like Gecko) Version/9.0.1 Safari/601.2.4 facebookexternalhit/1.1 Facebot Twitterbot/1.0" "ysfine.com"
172.56.11.126 - - [12/Oct/2022:06:57:42 -0700] "GET /apple-touch-icon-precomposed.png HTTP/1.1" 404 88 "-" "Mozilla/5.0 (Macintosh; Intel Mac OS X 10_11_1) AppleWebKit/601.2.4 (KHTML, like Gecko) Version/9.0.1 Safari/601.2.4 facebookexternalhit/1.1 Facebot Twitterbot/1.0" "ysfine.com"
172.56.11.126 - - [12/Oct/2022:06:57:42 -0700] "GET /favicon.ico HTTP/1.1" 404 88 "-" "Mozilla/5.0 (Macintosh; Intel Mac OS X 10_11_1) AppleWebKit/601.2.4 (KHTML, like Gecko) Version/9.0.1 Safari/601.2.4 facebookexternalhit/1.1 Facebot Twitterbot/1.0" "ysfine.com"
172.56.11.126 - - [12/Oct/2022:06:57:42 -0700] "GET /usca/pgh22.html HTTP/1.1" 200 11391 "-" "Mozilla/5.0 (Macintosh; Intel Mac OS X 10_11_1) AppleWebKit/601.2.4 (KHTML, like Gecko) Version/9.0.1 Safari/601.2.4 facebookexternalhit/1.1 Facebot Twitterbot/1.0" "ysfine.com"
172.56.11.126 - - [12/Oct/2022:06:57:43 -0700] "GET /apple-touch-icon-precomposed.png HTTP/1.1" 404 88 "-" "Mozilla/5.0 (Macintosh; Intel Mac OS X 10_11_1) AppleWebKit/601.2.4 (KHTML, like Gecko) Version/9.0.1 Safari/601.2.4 facebookexternalhit/1.1 Facebot Twitterbot/1.0" "ysfine.com"
172.56.11.126 - - [12/Oct/2022:06:57:43 -0700] "GET /apple-touch-icon.png HTTP/1.1" 404 88 "-" "Mozilla/5.0 (Macintosh; Intel Mac OS X 10_11_1) AppleWebKit/601.2.4 (KHTML, like Gecko) Version/9.0.1 Safari/601.2.4 facebookexternalhit/1.1 Facebot Twitterbot/1.0" "ysfine.com"
172.56.11.126 - - [12/Oct/2022:06:57:43 -0700] "GET /favicon.ico HTTP/1.1" 404 88 "-" "Mozilla/5.0 (Macintosh; Intel Mac OS X 10_11_1) AppleWebKit/601.2.4 (KHTML, like Gecko) Version/9.0.1 Safari/601.2.4 facebookexternalhit/1.1 Facebot Twitterbot/1.0" "ysfine.com"
172.56.11.126 - - [12/Oct/2022:06:57:43 -0700] "GET /maga/tesla.html HTTP/1.1" 200 4852 "-" "Mozilla/5.0 (Macintosh; Intel Mac OS X 10_11_1) AppleWebKit/601.2.4 (KHTML, like Gecko) Version/9.0.1 Safari/601.2.4 facebookexternalhit/1.1 Facebot Twitterbot/1.0" "ysfine.com"
157.45.78.183 - - [12/Oct/2022:06:57:43 -0700] "GET /favicon.ico HTTP/1.1" 404 88 "https://ysfine.com/jobs/koreaj.html" "Mozilla/5.0 (Windows NT 10.0; Win64; x64) AppleWebKit/537.36 (KHTML, like Gecko) Chrome/106.0.0.0 Safari/537.36 Edg/106.0.1370.37" "ysfine.com"
40.77.167.27 - - [12/Oct/2022:06:57:43 -0700] "GET /kobak/rheetr22.jpg HTTP/1.1" 200 208598 "-" "Mozilla/5.0 (compatible; bingbot/2.0; +http://www.bing.com/bingbot.htm)" "ysfine.com"
172.56.11.126 - - [12/Oct/2022:06:57:43 -0700] "GET /favicon.ico HTTP/1.1" 404 88 "-" "Mozilla/5.0 (Macintosh; Intel Mac OS X 10_11_1) AppleWebKit/601.2.4 (KHTML, like Gecko) Version/9.0.1 Safari/601.2.4 facebookexternalhit/1.1 Facebot Twitterbot/1.0" "ysfine.com"
172.56.11.126 - - [12/Oct/2022:06:57:43 -0700] "GET /apple-touch-icon.png HTTP/1.1" 404 88 "-" "Mozilla/5.0 (Macintosh; Intel Mac OS X 10_11_1) AppleWebKit/601.2.4 (KHTML, like Gecko) Version/9.0.1 Safari/601.2.4 facebookexternalhit/1.1 Facebot Twitterbot/1.0" "ysfine.com"
172.56.11.126 - - [12/Oct/2022:06:57:43 -0700] "GET /apple-touch-icon-precomposed.png HTTP/1.1" 404 88 "-" "Mozilla/5.0 (Macintosh; Intel Mac OS X 10_11_1) AppleWebKit/601.2.4 (KHTML, like Gecko) Version/9.0.1 Safari/601.2.4 facebookexternalhit/1.1 Facebot Twitterbot/1.0" "ysfine.com"
172.56.11.126 - - [12/Oct/2022:06:57:43 -0700] "GET /maga/sarnoff.html HTTP/1.1" 200 7540 "-" "Mozilla/5.0 (Macintosh; Intel Mac OS X 10_11_1) AppleWebKit/601.2.4 (KHTML, like Gecko) Version/9.0.1 Safari/601.2.4 facebookexternalhit/1.1 Facebot Twitterbot/1.0" "ysfine.com"
172.56.11.126 - - [12/Oct/2022:06:57:43 -0700] "GET /apple-touch-icon-precomposed.png HTTP/1.1" 404 88 "-" "Mozilla/5.0 (Macintosh; Intel Mac OS X 10_11_1) AppleWebKit/601.2.4 (KHTML, like Gecko) Version/9.0.1 Safari/601.2.4 facebookexternalhit/1.1 Facebot Twitterbot/1.0" "ysfine.com"
172.56.11.126 - - [12/Oct/2022:06:57:43 -0700] "GET /favicon.ico HTTP/1.1" 404 88 "-" "Mozilla/5.0 (Macintosh; Intel Mac OS X 10_11_1) AppleWebKit/601.2.4 (KHTML, like Gecko) Version/9.0.1 Safari/601.2.4 facebookexternalhit/1.1 Facebot Twitterbot/1.0" "ysfine.com"
172.56.11.126 - - [12/Oct/2022:06:57:43 -0700] "GET /apple-touch-icon.png HTTP/1.1" 404 88 "-" "Mozilla/5.0 (Macintosh; Intel Mac OS X 10_11_1) AppleWebKit/601.2.4 (KHTML, like Gecko) Version/9.0.1 Safari/601.2.4 facebookexternalhit/1.1 Facebot Twitterbot/1.0" "ysfine.com"
172.56.11.126 - - [12/Oct/2022:06:57:43 -0700] "GET /usca/pgh22.html HTTP/1.1" 200 11391 "-" "Mozilla/5.0 (Macintosh; Intel Mac OS X 10_11_1) AppleWebKit/601.2.4 (KHTML, like Gecko) Version/9.0.1 Safari/601.2.4 facebookexternalhit/1.1 Facebot Twitterbot/1.0" "ysfine.com"
207.46.13.102 - - [12/Oct/2022:06:57:44 -0700] "GET /feynman/restof.html HTTP/1.1" 200 4709 "-" "Mozilla/5.0 (compatible; bingbot/2.0; +http://www.bing.com/bingbot.htm)" "www.ysfine.com"
157.55.39.55 - - [12/Oct/2022:06:57:48 -0700] "GET /world/london.html HTTP/1.1" 200 16969 "-" "Mozilla/5.0 AppleWebKit/537.36 (KHTML, like Gecko; compatible; bingbot/2.0; +http://www.bing.com/bingbot.htm) Chrome/103.0.5060.134 Safari/537.36" "ysfine.com"
196.191.152.131 - - [12/Oct/2022:06:57:52 -0700] "GET /world/places/ulm02.jpg HTTP/1.1" 200 135530 "https://www.google.com/" "Mozilla/5.0 (Windows NT 6.1) AppleWebKit/537.36 (KHTML, like Gecko) Chrome/106.0.0.0 Safari/537.36" "ysfine.com"
207.46.13.102 - - [12/Oct/2022:06:58:34 -0700] "GET /feynman/partons.html HTTP/1.1" 200 5807 "-" "Mozilla/5.0 AppleWebKit/537.36 (KHTML, like Gecko; compatible; bingbot/2.0; +http://www.bing.com/bingbot.htm) Chrome/103.0.5060.134 Safari/537.36" "ysfine.com"
157.55.39.128 - - [12/Oct/2022:06:58:44 -0700] "GET /dirac/dirheisen31b.jpg HTTP/1.1" 200 39248 "-" "Mozilla/5.0 AppleWebKit/537.36 (KHTML, like Gecko; compatible; bingbot/2.0; +http://www.bing.com/bingbot.htm) Chrome/103.0.5060.134 Safari/537.36" "www.ysfine.com"
207.46.13.102 - - [12/Oct/2022:06:59:34 -0700] "GET /bio/einstein/bern.html HTTP/1.1" 404 88 "-" "Mozilla/5.0 AppleWebKit/537.36 (KHTML, like Gecko; compatible; bingbot/2.0; +http://www.bing.com/bingbot.htm) Chrome/103.0.5060.134 Safari/537.36" "ysfine.com"
207.46.13.102 - - [12/Oct/2022:06:59:35 -0700] "GET /world/ital/flor083.jpg HTTP/1.1" 200 195439 "-" "Mozilla/5.0 AppleWebKit/537.36 (KHTML, like Gecko; compatible; bingbot/2.0; +http://www.bing.com/bingbot.htm) Chrome/103.0.5060.134 Safari/537.36" "ysfine.com"
157.55.39.58 - - [12/Oct/2022:06:59:45 -0700] "GET /world/poland/polstu06.jpg HTTP/1.1" 200 57353 "-" "Mozilla/5.0 (compatible; bingbot/2.0; +http://www.bing.com/bingbot.htm)" "www.ysfine.com"
40.77.167.27 - - [12/Oct/2022:06:59:53 -0700] "GET /philo/helena11.jpg HTTP/1.1" 200 276020 "-" "Mozilla/5.0 (compatible; bingbot/2.0; +http://www.bing.com/bingbot.htm)" "ysfine.com"
157.55.39.128 - - [12/Oct/2022:07:00:14 -0700] "GET /world/china22.html HTTP/1.1" 200 12827 "-" "Mozilla/5.0 (compatible; bingbot/2.0; +http://www.bing.com/bingbot.htm)" "ysfine.com"
114.119.128.154 - - [12/Oct/2022:07:00:15 -0700] "GET /class54/class5470/total_data/sub_269.htm HTTP/1.1" 200 3374 "https://ysfine.com/class54/class5470/total_data/sub_256.htm" "Mozilla/5.0 (Linux; Android 7.0;) AppleWebKit/537.36 (KHTML, like Gecko) Mobile Safari/537.36 (compatible; PetalBot;+https://webmaster.petalsearch.com/site/petalbot)" "ysfine.com"
207.46.13.102 - - [12/Oct/2022:07:00:35 -0700] "GET /bio/style/leica.html HTTP/1.1" 404 88 "-" "Mozilla/5.0 (compatible; bingbot/2.0; +http://www.bing.com/bingbot.htm)" "ysfine.com"
157.55.39.58 - - [12/Oct/2022:07:00:35 -0700] "GET /kobak/draftreg.html HTTP/1.1" 200 484 "-" "Mozilla/5.0 AppleWebKit/537.36 (KHTML, like Gecko; compatible; bingbot/2.0; +http://www.bing.com/bingbot.htm) Chrome/103.0.5060.134 Safari/537.36" "www.ysfine.com"
207.46.13.102 - - [12/Oct/2022:07:01:05 -0700] "GET /home/coke270.jpg HTTP/1.1" 200 56411 "-" "Mozilla/5.0 AppleWebKit/537.36 (KHTML, like Gecko; compatible; bingbot/2.0; +http://www.bing.com/bingbot.htm) Chrome/103.0.5060.134 Safari/537.36" "www.ysfine.com"
157.55.39.58 - - [12/Oct/2022:07:01:54 -0700] "GET /wdc/kennedyc17.jpg HTTP/1.1" 200 101334 "-" "Mozilla/5.0 AppleWebKit/537.36 (KHTML, like Gecko; compatible; bingbot/2.0; +http://www.bing.com/bingbot.htm) Chrome/103.0.5060.134 Safari/537.36" "www.ysfine.com"
207.46.13.102 - - [12/Oct/2022:07:02:06 -0700] "GET /maga/weyl.html HTTP/1.1" 200 4239 "-" "Mozilla/5.0 AppleWebKit/537.36 (KHTML, like Gecko; compatible; bingbot/2.0; +http://www.bing.com/bingbot.htm) Chrome/103.0.5060.134 Safari/537.36" "ysfine.com"
207.46.13.102 - - [12/Oct/2022:07:02:06 -0700] "GET /dirac/dirpoet.html HTTP/1.1" 200 7966 "-" "Mozilla/5.0 (compatible; bingbot/2.0; +http://www.bing.com/bingbot.htm)" "ysfine.com"
37.201.225.175 - - [12/Oct/2022:07:02:29 -0700] "GET /kobak/sl628.jpg HTTP/1.1" 200 225100 "https://www.google.com/" "Mozilla/5.0 (Linux; Android 10; Mi A2 Build/QKQ1.190910.002; wv) AppleWebKit/537.36 (KHTML, like Gecko) Version/4.0 Chrome/105.0.5195.136 Mobile Safari/537.36 GoogleApp/13.38.11.26.arm64" "ysfine.com"
172.56.11.55 - - [12/Oct/2022:07:02:32 -0700] "GET /apple-touch-icon.png HTTP/1.1" 404 88 "-" "Mozilla/5.0 (Macintosh; Intel Mac OS X 10_11_1) AppleWebKit/601.2.4 (KHTML, like Gecko) Version/9.0.1 Safari/601.2.4 facebookexternalhit/1.1 Facebot Twitterbot/1.0" "ysfine.com"
172.56.11.55 - - [12/Oct/2022:07:02:32 -0700] "GET /favicon.ico HTTP/1.1" 404 88 "-" "Mozilla/5.0 (Macintosh; Intel Mac OS X 10_11_1) AppleWebKit/601.2.4 (KHTML, like Gecko) Version/9.0.1 Safari/601.2.4 facebookexternalhit/1.1 Facebot Twitterbot/1.0" "ysfine.com"
172.56.11.55 - - [12/Oct/2022:07:02:32 -0700] "GET /apple-touch-icon-precomposed.png HTTP/1.1" 404 88 "-" "Mozilla/5.0 (Macintosh; Intel Mac OS X 10_11_1) AppleWebKit/601.2.4 (KHTML, like Gecko) Version/9.0.1 Safari/601.2.4 facebookexternalhit/1.1 Facebot Twitterbot/1.0" "ysfine.com"
172.56.11.55 - - [12/Oct/2022:07:02:32 -0700] "GET /usca/pgh22.html HTTP/1.1" 200 11391 "-" "Mozilla/5.0 (Macintosh; Intel Mac OS X 10_11_1) AppleWebKit/601.2.4 (KHTML, like Gecko) Version/9.0.1 Safari/601.2.4 facebookexternalhit/1.1 Facebot Twitterbot/1.0" "ysfine.com"
172.56.11.55 - - [12/Oct/2022:07:02:32 -0700] "GET /favicon.ico HTTP/1.1" 404 88 "-" "Mozilla/5.0 (Macintosh; Intel Mac OS X 10_11_1) AppleWebKit/601.2.4 (KHTML, like Gecko) Version/9.0.1 Safari/601.2.4 facebookexternalhit/1.1 Facebot Twitterbot/1.0" "ysfine.com"
172.56.11.55 - - [12/Oct/2022:07:02:32 -0700] "GET /apple-touch-icon-precomposed.png HTTP/1.1" 404 88 "-" "Mozilla/5.0 (Macintosh; Intel Mac OS X 10_11_1) AppleWebKit/601.2.4 (KHTML, like Gecko) Version/9.0.1 Safari/601.2.4 facebookexternalhit/1.1 Facebot Twitterbot/1.0" "ysfine.com"
172.56.11.55 - - [12/Oct/2022:07:02:32 -0700] "GET /apple-touch-icon.png HTTP/1.1" 404 88 "-" "Mozilla/5.0 (Macintosh; Intel Mac OS X 10_11_1) AppleWebKit/601.2.4 (KHTML, like Gecko) Version/9.0.1 Safari/601.2.4 facebookexternalhit/1.1 Facebot Twitterbot/1.0" "ysfine.com"
172.56.11.55 - - [12/Oct/2022:07:02:32 -0700] "GET /maga/tesla.html HTTP/1.1" 200 4852 "-" "Mozilla/5.0 (Macintosh; Intel Mac OS X 10_11_1) AppleWebKit/601.2.4 (KHTML, like Gecko) Version/9.0.1 Safari/601.2.4 facebookexternalhit/1.1 Facebot Twitterbot/1.0" "ysfine.com"
172.56.11.55 - - [12/Oct/2022:07:02:33 -0700] "GET /favicon.ico HTTP/1.1" 404 88 "-" "Mozilla/5.0 (Macintosh; Intel Mac OS X 10_11_1) AppleWebKit/601.2.4 (KHTML, like Gecko) Version/9.0.1 Safari/601.2.4 facebookexternalhit/1.1 Facebot Twitterbot/1.0" "ysfine.com"
172.56.11.55 - - [12/Oct/2022:07:02:33 -0700] "GET /apple-touch-icon-precomposed.png HTTP/1.1" 404 88 "-" "Mozilla/5.0 (Macintosh; Intel Mac OS X 10_11_1) AppleWebKit/601.2.4 (KHTML, like Gecko) Version/9.0.1 Safari/601.2.4 facebookexternalhit/1.1 Facebot Twitterbot/1.0" "ysfine.com"
172.56.11.55 - - [12/Oct/2022:07:02:33 -0700] "GET /apple-touch-icon.png HTTP/1.1" 404 88 "-" "Mozilla/5.0 (Macintosh; Intel Mac OS X 10_11_1) AppleWebKit/601.2.4 (KHTML, like Gecko) Version/9.0.1 Safari/601.2.4 facebookexternalhit/1.1 Facebot Twitterbot/1.0" "ysfine.com"
172.56.11.55 - - [12/Oct/2022:07:02:33 -0700] "GET /maga/sarnoff.html HTTP/1.1" 200 7540 "-" "Mozilla/5.0 (Macintosh; Intel Mac OS X 10_11_1) AppleWebKit/601.2.4 (KHTML, like Gecko) Version/9.0.1 Safari/601.2.4 facebookexternalhit/1.1 Facebot Twitterbot/1.0" "ysfine.com"
172.56.11.55 - - [12/Oct/2022:07:02:33 -0700] "GET /apple-touch-icon-precomposed.png HTTP/1.1" 404 88 "-" "Mozilla/5.0 (Macintosh; Intel Mac OS X 10_11_1) AppleWebKit/601.2.4 (KHTML, like Gecko) Version/9.0.1 Safari/601.2.4 facebookexternalhit/1.1 Facebot Twitterbot/1.0" "ysfine.com"
172.56.11.55 - - [12/Oct/2022:07:02:33 -0700] "GET /favicon.ico HTTP/1.1" 404 88 "-" "Mozilla/5.0 (Macintosh; Intel Mac OS X 10_11_1) AppleWebKit/601.2.4 (KHTML, like Gecko) Version/9.0.1 Safari/601.2.4 facebookexternalhit/1.1 Facebot Twitterbot/1.0" "ysfine.com"
172.56.11.55 - - [12/Oct/2022:07:02:33 -0700] "GET /usca/pgh22.html HTTP/1.1" 200 11391 "-" "Mozilla/5.0 (Macintosh; Intel Mac OS X 10_11_1) AppleWebKit/601.2.4 (KHTML, like Gecko) Version/9.0.1 Safari/601.2.4 facebookexternalhit/1.1 Facebot Twitterbot/1.0" "ysfine.com"
172.56.11.55 - - [12/Oct/2022:07:02:33 -0700] "GET /apple-touch-icon.png HTTP/1.1" 404 88 "-" "Mozilla/5.0 (Macintosh; Intel Mac OS X 10_11_1) AppleWebKit/601.2.4 (KHTML, like Gecko) Version/9.0.1 Safari/601.2.4 facebookexternalhit/1.1 Facebot Twitterbot/1.0" "ysfine.com"
207.46.13.102 - - [12/Oct/2022:07:02:45 -0700] "GET /world/brit/2014lon01.jpg HTTP/1.1" 200 112946 "-" "Mozilla/5.0 (compatible; bingbot/2.0; +http://www.bing.com/bingbot.htm)" "www.ysfine.com"
157.55.39.58 - - [12/Oct/2022:07:04:05 -0700] "GET /maga/boltzmann.html HTTP/1.1" 200 6052 "-" "Mozilla/5.0 AppleWebKit/537.36 (KHTML, like Gecko; compatible; bingbot/2.0; +http://www.bing.com/bingbot.htm) Chrome/103.0.5060.134 Safari/537.36" "www.ysfine.com"
207.46.13.102 - - [12/Oct/2022:07:04:34 -0700] "GET /world/brit/etonharrow.html HTTP/1.1" 200 4546 "-" "Mozilla/5.0 (compatible; bingbot/2.0; +http://www.bing.com/bingbot.htm)" "ysfine.com"
157.55.39.127 - - [12/Oct/2022:07:04:45 -0700] "GET /world/france/montmar09.jpg HTTP/1.1" 200 96536 "-" "Mozilla/5.0 (compatible; bingbot/2.0; +http://www.bing.com/bingbot.htm)" "www.ysfine.com"
157.55.39.55 - - [12/Oct/2022:07:04:47 -0700] "GET /maga/phys/maxwell02c.jpg HTTP/1.1" 200 34545 "-" "Mozilla/5.0 (compatible; bingbot/2.0; +http://www.bing.com/bingbot.htm)" "ysfine.com"
157.55.39.128 - - [12/Oct/2022:07:05:04 -0700] "GET /princeton/nphd2.jpg HTTP/1.1" 200 42916 "-" "Mozilla/5.0 (compatible; bingbot/2.0; +http://www.bing.com/bingbot.htm)" "ysfine.com"
157.55.39.58 - - [12/Oct/2022:07:05:25 -0700] "GET /maga/boltzmann.html HTTP/1.1" 200 6052 "-" "Mozilla/5.0 (compatible; bingbot/2.0; +http://www.bing.com/bingbot.htm)" "ysfine.com"
165.225.213.31 - - [12/Oct/2022:07:05:40 -0700] "GET /einstein/bohr250.jpg HTTP/1.1" 200 23884 "https://www.google.com/" "Mozilla/5.0 (Windows NT 10.0; Win64; x64) AppleWebKit/537.36 (KHTML, like Gecko) Chrome/105.0.0.0 Safari/537.36" "ysfine.com"
157.55.39.128 - - [12/Oct/2022:07:07:05 -0700] "GET /kowar/tanks.html HTTP/1.1" 200 8702 "-" "Mozilla/5.0 AppleWebKit/537.36 (KHTML, like Gecko; compatible; bingbot/2.0; +http://www.bing.com/bingbot.htm) Chrome/103.0.5060.134 Safari/537.36" "ysfine.com"
103.10.132.116 - - [12/Oct/2022:07:07:45 -0700] "GET /einstein/einwife66.jpg HTTP/1.1" 200 65485 "https://www.google.com/" "Mozilla/5.0 (Windows NT 6.1; rv:105.0) Gecko/20100101 Firefox/105.0" "ysfine.com"
103.10.132.116 - - [12/Oct/2022:07:07:51 -0700] "GET /einstein/einwife66.jpg HTTP/1.1" 200 65485 "https://www.google.com/" "Mozilla/5.0 (Windows NT 6.1; rv:105.0) Gecko/20100101 Firefox/105.0" "ysfine.com"
40.77.167.27 - - [12/Oct/2022:07:08:14 -0700] "GET /maga/yukawa.html HTTP/1.1" 200 5658 "-" "Mozilla/5.0 (compatible; bingbot/2.0; +http://www.bing.com/bingbot.htm)" "www.ysfine.com"
157.45.134.68 - - [12/Oct/2022:07:08:24 -0700] "GET /jobs/koreaj.html HTTP/1.1" 200 10214 "https://www.google.com/" "Mozilla/5.0 (Windows NT 6.1) AppleWebKit/537.36 (KHTML, like Gecko) Chrome/105.0.0.0 Safari/537.36" "ysfine.com"
157.55.39.127 - - [12/Oct/2022:07:08:25 -0700] "GET /world/scandi/wignob06.jpg HTTP/1.1" 200 87630 "-" "Mozilla/5.0 AppleWebKit/537.36 (KHTML, like Gecko; compatible; bingbot/2.0; +http://www.bing.com/bingbot.htm) Chrome/103.0.5060.134 Safari/537.36" "ysfine.com"
157.45.134.68 - - [12/Oct/2022:07:08:27 -0700] "GET /jobs/koreaj11b.jpg HTTP/1.1" 200 67543 "https://ysfine.com/jobs/koreaj.html" "Mozilla/5.0 (Windows NT 6.1) AppleWebKit/537.36 (KHTML, like Gecko) Chrome/105.0.0.0 Safari/537.36" "ysfine.com"
157.45.134.68 - - [12/Oct/2022:07:08:29 -0700] "GET /favicon.ico HTTP/1.1" 404 88 "https://ysfine.com/jobs/koreaj.html" "Mozilla/5.0 (Windows NT 6.1) AppleWebKit/537.36 (KHTML, like Gecko) Chrome/105.0.0.0 Safari/537.36" "ysfine.com"
89.115.110.200 - - [12/Oct/2022:07:08:32 -0700] "GET /wigner/neum/vnc01.jpg HTTP/1.1" 200 133641 "https://sites.google.com/" "Mozilla/5.0 (Windows NT 10.0; Win64; x64) AppleWebKit/537.36 (KHTML, like Gecko) Chrome/106.0.0.0 Safari/537.36" "ysfine.com"
193.186.4.207 - - [12/Oct/2022:07:10:14 -0700] "GET /feynman/feykant.html HTTP/1.1" 200 3350 "-" "Mozilla/5.0 (Linux; Android 10; K) AppleWebKit/537.36 (KHTML, like Gecko) Chrome/103.0.0.0 Mobile Safari/537.36" "ysfine.com"
157.55.39.127 - - [12/Oct/2022:07:10:15 -0700] "GET /usca/pitt/stadium.jpg HTTP/1.1" 200 84535 "-" "Mozilla/5.0 (compatible; bingbot/2.0; +http://www.bing.com/bingbot.htm)" "ysfine.com"
40.77.167.27 - - [12/Oct/2022:07:10:24 -0700] "GET /home/hepth.html HTTP/1.1" 200 2544 "-" "Mozilla/5.0 (compatible; bingbot/2.0; +http://www.bing.com/bingbot.htm)" "ysfine.com"
77.75.77.101 - - [12/Oct/2022:07:10:31 -0700] "GET /robots.txt HTTP/1.1" 404 88 "-" "Mozilla/5.0 (compatible; SeznamBot/3.2; +http://napoveda.seznam.cz/en/seznambot-intro/)" "ysfine.com"
77.75.77.101 - - [12/Oct/2022:07:10:32 -0700] "GET /einstein/einhouse11.jpg HTTP/1.1" 200 109026 "-" "Mozilla/5.0 (compatible; SeznamBot/3.2; +http://napoveda.seznam.cz/en/seznambot-intro/)" "ysfine.com"
77.75.77.101 - - [12/Oct/2022:07:10:36 -0700] "GET /princeton/prossnow.jpg HTTP/1.1" 200 98930 "-" "Mozilla/5.0 (compatible; SeznamBot/3.2; +http://napoveda.seznam.cz/en/seznambot-intro/)" "ysfine.com"
77.75.77.101 - - [12/Oct/2022:07:10:38 -0700] "GET /style/telefon11.jpg HTTP/1.1" 200 132614 "-" "Mozilla/5.0 (compatible; SeznamBot/3.2; +http://napoveda.seznam.cz/en/seznambot-intro/)" "ysfine.com"
77.75.77.101 - - [12/Oct/2022:07:10:41 -0700] "GET /feynman/page11.jpg HTTP/1.1" 200 39160 "-" "Mozilla/5.0 (compatible; SeznamBot/3.2; +http://napoveda.seznam.cz/en/seznambot-intro/)" "ysfine.com"
77.75.77.101 - - [12/Oct/2022:07:10:42 -0700] "GET /kobak/taylor33.jpg HTTP/1.1" 304 - "-" "Mozilla/5.0 (compatible; SeznamBot/3.2; +http://napoveda.seznam.cz/en/seznambot-intro/)" "ysfine.com"
157.55.39.58 - - [12/Oct/2022:07:10:45 -0700] "GET /kobak/taylor.html HTTP/1.1" 200 384 "-" "Mozilla/5.0 AppleWebKit/537.36 (KHTML, like Gecko; compatible; bingbot/2.0; +http://www.bing.com/bingbot.htm) Chrome/103.0.5060.134 Safari/537.36" "ysfine.com"
157.55.39.58 - - [12/Oct/2022:07:11:05 -0700] "GET /wdc/corco11.jpg HTTP/1.1" 200 106128 "-" "Mozilla/5.0 AppleWebKit/537.36 (KHTML, like Gecko; compatible; bingbot/2.0; +http://www.bing.com/bingbot.htm) Chrome/103.0.5060.134 Safari/537.36" "www.ysfine.com"
157.55.39.55 - - [12/Oct/2022:07:12:18 -0700] "GET /maga/sartre.html HTTP/1.1" 200 7719 "-" "Mozilla/5.0 AppleWebKit/537.36 (KHTML, like Gecko; compatible; bingbot/2.0; +http://www.bing.com/bingbot.htm) Chrome/103.0.5060.134 Safari/537.36" "ysfine.com"
40.77.167.27 - - [12/Oct/2022:07:12:34 -0700] "GET /einstein/heisen33.jpg HTTP/1.1" 200 501915 "-" "Mozilla/5.0 (compatible; bingbot/2.0; +http://www.bing.com/bingbot.htm)" "www.ysfine.com"
157.55.39.55 - - [12/Oct/2022:07:13:29 -0700] "GET /world/germany/tubw30.jpg HTTP/1.1" 200 86070 "-" "Mozilla/5.0 AppleWebKit/537.36 (KHTML, like Gecko; compatible; bingbot/2.0; +http://www.bing.com/bingbot.htm) Chrome/103.0.5060.134 Safari/537.36" "www.ysfine.com"
157.55.39.128 - - [12/Oct/2022:07:13:45 -0700] "GET /confer/inbot.html HTTP/1.1" 200 2463 "-" "Mozilla/5.0 (compatible; bingbot/2.0; +http://www.bing.com/bingbot.htm)" "ysfine.com"
157.55.39.128 - - [12/Oct/2022:07:13:45 -0700] "GET /wigner/wigspeak.html HTTP/1.1" 200 390 "-" "Mozilla/5.0 AppleWebKit/537.36 (KHTML, like Gecko; compatible; bingbot/2.0; +http://www.bing.com/bingbot.htm) Chrome/103.0.5060.134 Safari/537.36" "www.ysfine.com"
197.210.78.36 - - [12/Oct/2022:07:13:47 -0700] "GET /world/poland/psoldier03.jpg HTTP/1.1" 200 112329 "https://www.google.com/" "Mozilla/5.0 (Linux; Android 11; CPH2121) AppleWebKit/537.36 (KHTML, like Gecko) Chrome/102.0.0.0 Mobile Safari/537.36" "ysfine.com"
197.210.78.36 - - [12/Oct/2022:07:13:54 -0700] "GET /world/polandw.html HTTP/1.1" 200 17892 "https://www.google.com/" "Mozilla/5.0 (Linux; Android 11; CPH2121) AppleWebKit/537.36 (KHTML, like Gecko) Chrome/102.0.0.0 Mobile Safari/537.36" "ysfine.com"
157.55.39.127 - - [12/Oct/2022:07:13:55 -0700] "GET /sbk/2004eton11.jpg HTTP/1.1" 200 232400 "-" "Mozilla/5.0 (compatible; bingbot/2.0; +http://www.bing.com/bingbot.htm)" "www.ysfine.com"
197.210.78.36 - - [12/Oct/2022:07:13:55 -0700] "GET /world/poland/pilsudski01b.jpg HTTP/1.1" 200 40424 "https://ysfine.com/world/polandw.html" "Mozilla/5.0 (Linux; Android 11; CPH2121) AppleWebKit/537.36 (KHTML, like Gecko) Chrome/102.0.0.0 Mobile Safari/537.36" "ysfine.com"
197.210.78.36 - - [12/Oct/2022:07:13:55 -0700] "GET /world/poland/polnobel01b.jpg HTTP/1.1" 200 42634 "https://ysfine.com/world/polandw.html" "Mozilla/5.0 (Linux; Android 11; CPH2121) AppleWebKit/537.36 (KHTML, like Gecko) Chrome/102.0.0.0 Mobile Safari/537.36" "ysfine.com"
197.210.78.36 - - [12/Oct/2022:07:13:55 -0700] "GET /einstein/michelson11b.jpg HTTP/1.1" 200 35505 "https://ysfine.com/world/polandw.html" "Mozilla/5.0 (Linux; Android 11; CPH2121) AppleWebKit/537.36 (KHTML, like Gecko) Chrome/102.0.0.0 Mobile Safari/537.36" "ysfine.com"
197.210.78.36 - - [12/Oct/2022:07:13:55 -0700] "GET /world/poland/psoldier01b.jpg HTTP/1.1" 200 43418 "https://ysfine.com/world/polandw.html" "Mozilla/5.0 (Linux; Android 11; CPH2121) AppleWebKit/537.36 (KHTML, like Gecko) Chrome/102.0.0.0 Mobile Safari/537.36" "ysfine.com"
197.210.78.36 - - [12/Oct/2022:07:13:55 -0700] "GET /world/poland/degalle22b.jpg HTTP/1.1" 200 39323 "https://ysfine.com/world/polandw.html" "Mozilla/5.0 (Linux; Android 11; CPH2121) AppleWebKit/537.36 (KHTML, like Gecko) Chrome/102.0.0.0 Mobile Safari/537.36" "ysfine.com"
197.210.78.36 - - [12/Oct/2022:07:13:55 -0700] "GET /world/poland/uprise04b.jpg HTTP/1.1" 200 41581 "https://ysfine.com/world/polandw.html" "Mozilla/5.0 (Linux; Android 11; CPH2121) AppleWebKit/537.36 (KHTML, like Gecko) Chrome/102.0.0.0 Mobile Safari/537.36" "ysfine.com"
197.210.78.36 - - [12/Oct/2022:07:13:55 -0700] "GET /world/poland/palaceof01b.jpg HTTP/1.1" 200 37851 "https://ysfine.com/world/polandw.html" "Mozilla/5.0 (Linux; Android 11; CPH2121) AppleWebKit/537.36 (KHTML, like Gecko) Chrome/102.0.0.0 Mobile Safari/537.36" "ysfine.com"
197.210.78.36 - - [12/Oct/2022:07:13:55 -0700] "GET /world/poland/uprise01b.jpg HTTP/1.1" 200 43024 "https://ysfine.com/world/polandw.html" "Mozilla/5.0 (Linux; Android 11; CPH2121) AppleWebKit/537.36 (KHTML, like Gecko) Chrome/102.0.0.0 Mobile Safari/537.36" "ysfine.com"
197.210.78.36 - - [12/Oct/2022:07:13:55 -0700] "GET /world/poland/palaceof08b.jpg HTTP/1.1" 200 33929 "https://ysfine.com/world/polandw.html" "Mozilla/5.0 (Linux; Android 11; CPH2121) AppleWebKit/537.36 (KHTML, like Gecko) Chrome/102.0.0.0 Mobile Safari/537.36" "ysfine.com"
197.210.78.36 - - [12/Oct/2022:07:13:55 -0700] "GET /maga/phil/curie05b.jpg HTTP/1.1" 200 32664 "https://ysfine.com/world/polandw.html" "Mozilla/5.0 (Linux; Android 11; CPH2121) AppleWebKit/537.36 (KHTML, like Gecko) Chrome/102.0.0.0 Mobile Safari/537.36" "ysfine.com"
197.210.78.36 - - [12/Oct/2022:07:13:55 -0700] "GET /world/poland/coperni01b.jpg HTTP/1.1" 200 30355 "https://ysfine.com/world/polandw.html" "Mozilla/5.0 (Linux; Android 11; CPH2121) AppleWebKit/537.36 (KHTML, like Gecko) Chrome/102.0.0.0 Mobile Safari/537.36" "ysfine.com"
197.210.78.36 - - [12/Oct/2022:07:13:55 -0700] "GET /world/poland/mickiew01b.jpg HTTP/1.1" 200 29789 "https://ysfine.com/world/polandw.html" "Mozilla/5.0 (Linux; Android 11; CPH2121) AppleWebKit/537.36 (KHTML, like Gecko) Chrome/102.0.0.0 Mobile Safari/537.36" "ysfine.com"
197.210.78.36 - - [12/Oct/2022:07:13:55 -0700] "GET /world/poland/polstu03b.jpg HTTP/1.1" 200 41564 "https://ysfine.com/world/polandw.html" "Mozilla/5.0 (Linux; Android 11; CPH2121) AppleWebKit/537.36 (KHTML, like Gecko) Chrome/102.0.0.0 Mobile Safari/537.36" "ysfine.com"
197.210.78.36 - - [12/Oct/2022:07:13:55 -0700] "GET /world/poland/chopin01b.jpg HTTP/1.1" 200 65016 "https://ysfine.com/world/polandw.html" "Mozilla/5.0 (Linux; Android 11; CPH2121) AppleWebKit/537.36 (KHTML, like Gecko) Chrome/102.0.0.0 Mobile Safari/537.36" "ysfine.com"
197.210.78.36 - - [12/Oct/2022:07:13:55 -0700] "GET /world/poland/krk07b.jpg HTTP/1.1" 200 38329 "https://ysfine.com/world/polandw.html" "Mozilla/5.0 (Linux; Android 11; CPH2121) AppleWebKit/537.36 (KHTML, like Gecko) Chrome/102.0.0.0 Mobile Safari/537.36" "ysfine.com"
197.210.78.36 - - [12/Oct/2022:07:13:55 -0700] "GET /world/poland/krk62b.jpg HTTP/1.1" 200 38146 "https://ysfine.com/world/polandw.html" "Mozilla/5.0 (Linux; Android 11; CPH2121) AppleWebKit/537.36 (KHTML, like Gecko) Chrome/102.0.0.0 Mobile Safari/537.36" "ysfine.com"
197.210.78.36 - - [12/Oct/2022:07:13:55 -0700] "GET /world/poland/krch05b.jpg HTTP/1.1" 200 38426 "https://ysfine.com/world/polandw.html" "Mozilla/5.0 (Linux; Android 11; CPH2121) AppleWebKit/537.36 (KHTML, like Gecko) Chrome/102.0.0.0 Mobile Safari/537.36" "ysfine.com"
197.210.78.36 - - [12/Oct/2022:07:13:55 -0700] "GET /world/poland/krk26b.jpg HTTP/1.1" 200 46069 "https://ysfine.com/world/polandw.html" "Mozilla/5.0 (Linux; Android 11; CPH2121) AppleWebKit/537.36 (KHTML, like Gecko) Chrome/102.0.0.0 Mobile Safari/537.36" "ysfine.com"
197.210.78.36 - - [12/Oct/2022:07:13:55 -0700] "GET /world/poland/johnpaul01b.jpg HTTP/1.1" 200 25808 "https://ysfine.com/world/polandw.html" "Mozilla/5.0 (Linux; Android 11; CPH2121) AppleWebKit/537.36 (KHTML, like Gecko) Chrome/102.0.0.0 Mobile Safari/537.36" "ysfine.com"
