173.73.77.36 - - [12/Oct/2022:18:29:12 -0700] "GET /ysbio/pgh/pghrail11d.jpg HTTP/1.1" 200 45999 "https://www.ysfine.com/ysbio/bio05.html" "Mozilla/5.0 (Linux; Android 5.1.1; KFSUWI) AppleWebKit/537.36 (KHTML, like Gecko) Silk/104.2.16 like Chrome/104.0.5112.114 Safari/537.36" "www.ysfine.com"
173.73.77.36 - - [12/Oct/2022:18:29:12 -0700] "GET /ysbio/pgh/knee22d.jpg HTTP/1.1" 200 67107 "https://www.ysfine.com/ysbio/bio05.html" "Mozilla/5.0 (Linux; Android 5.1.1; KFSUWI) AppleWebKit/537.36 (KHTML, like Gecko) Silk/104.2.16 like Chrome/104.0.5112.114 Safari/537.36" "www.ysfine.com"
173.73.77.36 - - [12/Oct/2022:18:29:12 -0700] "GET /ysbio/pgh/gonew450.jpg HTTP/1.1" 200 58216 "https://www.ysfine.com/ysbio/bio05.html" "Mozilla/5.0 (Linux; Android 5.1.1; KFSUWI) AppleWebKit/537.36 (KHTML, like Gecko) Silk/104.2.16 like Chrome/104.0.5112.114 Safari/537.36" "www.ysfine.com"
173.73.77.36 - - [12/Oct/2022:18:29:12 -0700] "GET /ysbio/pgh/pittcath05d.jpg HTTP/1.1" 200 71771 "https://www.ysfine.com/ysbio/bio05.html" "Mozilla/5.0 (Linux; Android 5.1.1; KFSUWI) AppleWebKit/537.36 (KHTML, like Gecko) Silk/104.2.16 like Chrome/104.0.5112.114 Safari/537.36" "www.ysfine.com"
173.73.77.36 - - [12/Oct/2022:18:29:12 -0700] "GET /ysbio/goodbad55b.jpg HTTP/1.1" 200 34310 "https://www.ysfine.com/ysbio/bio05.html" "Mozilla/5.0 (Linux; Android 5.1.1; KFSUWI) AppleWebKit/537.36 (KHTML, like Gecko) Silk/104.2.16 like Chrome/104.0.5112.114 Safari/537.36" "www.ysfine.com"
173.73.77.36 - - [12/Oct/2022:18:29:12 -0700] "GET /ysbio/pgh/syriamos22d.jpg HTTP/1.1" 200 59190 "https://www.ysfine.com/ysbio/bio05.html" "Mozilla/5.0 (Linux; Android 5.1.1; KFSUWI) AppleWebKit/537.36 (KHTML, like Gecko) Silk/104.2.16 like Chrome/104.0.5112.114 Safari/537.36" "www.ysfine.com"
173.73.77.36 - - [12/Oct/2022:18:29:12 -0700] "GET /ysbio/pgh/pittcath01d.jpg HTTP/1.1" 200 46866 "https://www.ysfine.com/ysbio/bio05.html" "Mozilla/5.0 (Linux; Android 5.1.1; KFSUWI) AppleWebKit/537.36 (KHTML, like Gecko) Silk/104.2.16 like Chrome/104.0.5112.114 Safari/537.36" "www.ysfine.com"
173.73.77.36 - - [12/Oct/2022:18:29:12 -0700] "GET /ysbio/pgh/carnlab11b.jpg HTTP/1.1" 200 32622 "https://www.ysfine.com/ysbio/bio05.html" "Mozilla/5.0 (Linux; Android 5.1.1; KFSUWI) AppleWebKit/537.36 (KHTML, like Gecko) Silk/104.2.16 like Chrome/104.0.5112.114 Safari/537.36" "www.ysfine.com"
173.73.77.36 - - [12/Oct/2022:18:29:12 -0700] "GET /ysbio/pgh/giants55d.jpg HTTP/1.1" 200 63685 "https://www.ysfine.com/ysbio/bio05.html" "Mozilla/5.0 (Linux; Android 5.1.1; KFSUWI) AppleWebKit/537.36 (KHTML, like Gecko) Silk/104.2.16 like Chrome/104.0.5112.114 Safari/537.36" "www.ysfine.com"
173.73.77.36 - - [12/Oct/2022:18:29:12 -0700] "GET /ysbio/pgh/syriamos11d.jpg HTTP/1.1" 200 58783 "https://www.ysfine.com/ysbio/bio05.html" "Mozilla/5.0 (Linux; Android 5.1.1; KFSUWI) AppleWebKit/537.36 (KHTML, like Gecko) Silk/104.2.16 like Chrome/104.0.5112.114 Safari/537.36" "www.ysfine.com"
173.73.77.36 - - [12/Oct/2022:18:29:12 -0700] "GET /ysbio/pgh/scotam450.jpg HTTP/1.1" 200 54833 "https://www.ysfine.com/ysbio/bio05.html" "Mozilla/5.0 (Linux; Android 5.1.1; KFSUWI) AppleWebKit/537.36 (KHTML, like Gecko) Silk/104.2.16 like Chrome/104.0.5112.114 Safari/537.36" "www.ysfine.com"
173.73.77.36 - - [12/Oct/2022:18:29:12 -0700] "GET /ysbio/pgh/fortpitt03d.jpg HTTP/1.1" 200 44027 "https://www.ysfine.com/ysbio/bio05.html" "Mozilla/5.0 (Linux; Android 5.1.1; KFSUWI) AppleWebKit/537.36 (KHTML, like Gecko) Silk/104.2.16 like Chrome/104.0.5112.114 Safari/537.36" "www.ysfine.com"
173.73.77.36 - - [12/Oct/2022:18:29:12 -0700] "GET /ysbio/pgh/poli55d.jpg HTTP/1.1" 200 40614 "https://www.ysfine.com/ysbio/bio05.html" "Mozilla/5.0 (Linux; Android 5.1.1; KFSUWI) AppleWebKit/537.36 (KHTML, like Gecko) Silk/104.2.16 like Chrome/104.0.5112.114 Safari/537.36" "www.ysfine.com"
173.73.77.36 - - [12/Oct/2022:18:29:12 -0700] "GET /ysbio/pgh/hugh01b.jpg HTTP/1.1" 200 629471 "https://www.ysfine.com/ysbio/bio05.html" "Mozilla/5.0 (Linux; Android 5.1.1; KFSUWI) AppleWebKit/537.36 (KHTML, like Gecko) Silk/104.2.16 like Chrome/104.0.5112.114 Safari/537.36" "www.ysfine.com"
173.73.77.36 - - [12/Oct/2022:18:29:12 -0700] "GET /ysbio/pgh/pitcn02d.jpg HTTP/1.1" 200 61760 "https://www.ysfine.com/ysbio/bio05.html" "Mozilla/5.0 (Linux; Android 5.1.1; KFSUWI) AppleWebKit/537.36 (KHTML, like Gecko) Silk/104.2.16 like Chrome/104.0.5112.114 Safari/537.36" "www.ysfine.com"
173.73.77.36 - - [12/Oct/2022:18:29:12 -0700] "GET /ysbio/pgh/sliderule2.jpg HTTP/1.1" 200 26399 "https://www.ysfine.com/ysbio/bio05.html" "Mozilla/5.0 (Linux; Android 5.1.1; KFSUWI) AppleWebKit/537.36 (KHTML, like Gecko) Silk/104.2.16 like Chrome/104.0.5112.114 Safari/537.36" "www.ysfine.com"
173.73.77.36 - - [12/Oct/2022:18:29:12 -0700] "GET /ysbio/pgh/heinzfld03d.jpg HTTP/1.1" 200 48914 "https://www.ysfine.com/ysbio/bio05.html" "Mozilla/5.0 (Linux; Android 5.1.1; KFSUWI) AppleWebKit/537.36 (KHTML, like Gecko) Silk/104.2.16 like Chrome/104.0.5112.114 Safari/537.36" "www.ysfine.com"
173.73.77.36 - - [12/Oct/2022:18:29:12 -0700] "GET /ysbio/pgh/carnlibra02d.jpg HTTP/1.1" 200 62461 "https://www.ysfine.com/ysbio/bio05.html" "Mozilla/5.0 (Linux; Android 5.1.1; KFSUWI) AppleWebKit/537.36 (KHTML, like Gecko) Silk/104.2.16 like Chrome/104.0.5112.114 Safari/537.36" "www.ysfine.com"
173.73.77.36 - - [12/Oct/2022:18:29:12 -0700] "GET /ysbio/pgh/poli33d.jpg HTTP/1.1" 200 46829 "https://www.ysfine.com/ysbio/bio05.html" "Mozilla/5.0 (Linux; Android 5.1.1; KFSUWI) AppleWebKit/537.36 (KHTML, like Gecko) Silk/104.2.16 like Chrome/104.0.5112.114 Safari/537.36" "www.ysfine.com"
173.73.77.36 - - [12/Oct/2022:18:29:12 -0700] "GET /ysbio/pgh/fortpitt01d.jpg HTTP/1.1" 200 50191 "https://www.ysfine.com/ysbio/bio05.html" "Mozilla/5.0 (Linux; Android 5.1.1; KFSUWI) AppleWebKit/537.36 (KHTML, like Gecko) Silk/104.2.16 like Chrome/104.0.5112.114 Safari/537.36" "www.ysfine.com"
173.73.77.36 - - [12/Oct/2022:18:29:12 -0700] "GET /ysbio/pgh/mtwash02d.jpg HTTP/1.1" 200 41270 "https://www.ysfine.com/ysbio/bio05.html" "Mozilla/5.0 (Linux; Android 5.1.1; KFSUWI) AppleWebKit/537.36 (KHTML, like Gecko) Silk/104.2.16 like Chrome/104.0.5112.114 Safari/537.36" "www.ysfine.com"
173.73.77.36 - - [12/Oct/2022:18:29:12 -0700] "GET /ysbio/pgh/samsung11d.jpg HTTP/1.1" 200 49550 "https://www.ysfine.com/ysbio/bio05.html" "Mozilla/5.0 (Linux; Android 5.1.1; KFSUWI) AppleWebKit/537.36 (KHTML, like Gecko) Silk/104.2.16 like Chrome/104.0.5112.114 Safari/537.36" "www.ysfine.com"
173.73.77.36 - - [12/Oct/2022:18:29:12 -0700] "GET /ysbio/pgh/tririver01d.jpg HTTP/1.1" 200 43527 "https://www.ysfine.com/ysbio/bio05.html" "Mozilla/5.0 (Linux; Android 5.1.1; KFSUWI) AppleWebKit/537.36 (KHTML, like Gecko) Silk/104.2.16 like Chrome/104.0.5112.114 Safari/537.36" "www.ysfine.com"
173.73.77.36 - - [12/Oct/2022:18:29:12 -0700] "GET /ysbio/pgh/yodh03d.jpg HTTP/1.1" 200 34647 "https://www.ysfine.com/ysbio/bio05.html" "Mozilla/5.0 (Linux; Android 5.1.1; KFSUWI) AppleWebKit/537.36 (KHTML, like Gecko) Silk/104.2.16 like Chrome/104.0.5112.114 Safari/537.36" "www.ysfine.com"
173.73.77.36 - - [12/Oct/2022:18:29:12 -0700] "GET /ysbio/pgh/donner07d.jpg HTTP/1.1" 200 74437 "https://www.ysfine.com/ysbio/bio05.html" "Mozilla/5.0 (Linux; Android 5.1.1; KFSUWI) AppleWebKit/537.36 (KHTML, like Gecko) Silk/104.2.16 like Chrome/104.0.5112.114 Safari/537.36" "www.ysfine.com"
173.73.77.36 - - [12/Oct/2022:18:29:12 -0700] "GET /ysbio/pgh/donner03d.jpg HTTP/1.1" 200 38841 "https://www.ysfine.com/ysbio/bio05.html" "Mozilla/5.0 (Linux; Android 5.1.1; KFSUWI) AppleWebKit/537.36 (KHTML, like Gecko) Silk/104.2.16 like Chrome/104.0.5112.114 Safari/537.36" "www.ysfine.com"
173.73.77.36 - - [12/Oct/2022:18:29:12 -0700] "GET /ysbio/pgh/pitcn01d.jpg HTTP/1.1" 200 63302 "https://www.ysfine.com/ysbio/bio05.html" "Mozilla/5.0 (Linux; Android 5.1.1; KFSUWI) AppleWebKit/537.36 (KHTML, like Gecko) Silk/104.2.16 like Chrome/104.0.5112.114 Safari/537.36" "www.ysfine.com"
173.73.77.36 - - [12/Oct/2022:18:29:12 -0700] "GET /princeton/yspr58d.jpg HTTP/1.1" 200 62585 "https://www.ysfine.com/ysbio/bio05.html" "Mozilla/5.0 (Linux; Android 5.1.1; KFSUWI) AppleWebKit/537.36 (KHTML, like Gecko) Silk/104.2.16 like Chrome/104.0.5112.114 Safari/537.36" "www.ysfine.com"
173.73.77.36 - - [12/Oct/2022:18:29:12 -0700] "GET /ysbio/pgh/bhagat450.jpg HTTP/1.1" 200 50718 "https://www.ysfine.com/ysbio/bio05.html" "Mozilla/5.0 (Linux; Android 5.1.1; KFSUWI) AppleWebKit/537.36 (KHTML, like Gecko) Silk/104.2.16 like Chrome/104.0.5112.114 Safari/537.36" "www.ysfine.com"
173.73.77.36 - - [12/Oct/2022:18:29:12 -0700] "GET /ysbio/pgh/pitbridge01d.jpg HTTP/1.1" 200 61787 "https://www.ysfine.com/ysbio/bio05.html" "Mozilla/5.0 (Linux; Android 5.1.1; KFSUWI) AppleWebKit/537.36 (KHTML, like Gecko) Silk/104.2.16 like Chrome/104.0.5112.114 Safari/537.36" "www.ysfine.com"
173.73.77.36 - - [12/Oct/2022:18:29:12 -0700] "GET /ysbio/pgh/pitmap03d.jpg HTTP/1.1" 200 63254 "https://www.ysfine.com/ysbio/bio05.html" "Mozilla/5.0 (Linux; Android 5.1.1; KFSUWI) AppleWebKit/537.36 (KHTML, like Gecko) Silk/104.2.16 like Chrome/104.0.5112.114 Safari/537.36" "www.ysfine.com"
173.73.77.36 - - [12/Oct/2022:18:29:12 -0700] "GET /ysbio/pgh/highland03d.jpg HTTP/1.1" 200 47727 "https://www.ysfine.com/ysbio/bio05.html" "Mozilla/5.0 (Linux; Android 5.1.1; KFSUWI) AppleWebKit/537.36 (KHTML, like Gecko) Silk/104.2.16 like Chrome/104.0.5112.114 Safari/537.36" "www.ysfine.com"
173.73.77.36 - - [12/Oct/2022:18:29:12 -0700] "GET /home/eink54f.jpg HTTP/1.1" 200 96332 "https://www.ysfine.com/" "Mozilla/5.0 (Linux; Android 5.1.1; KFSUWI) AppleWebKit/537.36 (KHTML, like Gecko) Silk/104.2.16 like Chrome/104.0.5112.114 Safari/537.36" "ysfine.com"
173.73.77.36 - - [12/Oct/2022:18:29:12 -0700] "GET /home/taylor500.jpg HTTP/1.1" 200 79197 "https://www.ysfine.com/" "Mozilla/5.0 (Linux; Android 5.1.1; KFSUWI) AppleWebKit/537.36 (KHTML, like Gecko) Silk/104.2.16 like Chrome/104.0.5112.114 Safari/537.36" "ysfine.com"
173.73.77.36 - - [12/Oct/2022:18:29:12 -0700] "GET /home/eward55f.jpg HTTP/1.1" 200 122802 "https://www.ysfine.com/" "Mozilla/5.0 (Linux; Android 5.1.1; KFSUWI) AppleWebKit/537.36 (KHTML, like Gecko) Silk/104.2.16 like Chrome/104.0.5112.114 Safari/537.36" "ysfine.com"
137.186.108.235 - - [12/Oct/2022:18:29:14 -0700] "GET /kowar/yaltac03.jpg HTTP/1.1" 200 133643 "https://www.google.com/" "Mozilla/5.0 (Linux; Android 8.0.0; SAMSUNG SM-G930W8) AppleWebKit/537.36 (KHTML, like Gecko) SamsungBrowser/18.0 Chrome/99.0.4844.88 Mobile Safari/537.36" "ysfine.com"
54.210.11.249 - - [12/Oct/2022:18:29:15 -0700] "GET /world/ital/stcroce03.jpg HTTP/1.1" 200 127282 "-" "Mozilla/5.0 (Windows NT 10.0; Win64; x64) AppleWebKit/537.36 (KHTML, like Gecko) Chrome/105.0.0.0 Safari/537.36 Edg/105.0.1343.53" "ysfine.com"
54.242.38.245 - - [12/Oct/2022:18:29:16 -0700] "GET /world/florence.html HTTP/1.1" 200 9706 "-" "Mozilla/5.0 (Windows NT 10.0; Win64; x64) AppleWebKit/537.36 (KHTML, like Gecko) Chrome/106.0.0.0 Safari/537.36" "ysfine.com"
3.88.214.197 - - [12/Oct/2022:18:29:18 -0700] "GET /world/florence.html HTTP/1.1" 200 9706 "-" "Mozilla/5.0 (Windows NT 10.0; Win64; x64) AppleWebKit/537.36 (KHTML, like Gecko) Chrome/105.0.0.0 Safari/537.36" "ysfine.com"
54.89.51.239 - - [12/Oct/2022:18:29:39 -0700] "GET /world/ital/stcroce18.jpg HTTP/1.1" 200 111891 "-" "Mozilla/5.0 (Macintosh; Intel Mac OS X 10_15_7) AppleWebKit/537.36 (KHTML, like Gecko) Chrome/105.0.0.0 Safari/537.36" "ysfine.com"
173.73.77.36 - - [12/Oct/2022:18:30:05 -0700] "GET /ysbio/bio04.html HTTP/1.1" 304 - "https://www.ysfine.com/ys11/index.html" "Mozilla/5.0 (Linux; Android 5.1.1; KFSUWI) AppleWebKit/537.36 (KHTML, like Gecko) Silk/104.2.16 like Chrome/104.0.5112.114 Safari/537.36" "www.ysfine.com"
173.73.77.36 - - [12/Oct/2022:18:30:05 -0700] "GET /ysbio/facu450.jpg HTTP/1.1" 200 74535 "https://www.ysfine.com/ysbio/bio04.html" "Mozilla/5.0 (Linux; Android 5.1.1; KFSUWI) AppleWebKit/537.36 (KHTML, like Gecko) Silk/104.2.16 like Chrome/104.0.5112.114 Safari/537.36" "www.ysfine.com"
173.73.77.36 - - [12/Oct/2022:18:30:05 -0700] "GET /ysbio/fotos/beetho33d.jpg HTTP/1.1" 200 60567 "https://www.ysfine.com/ysbio/bio04.html" "Mozilla/5.0 (Linux; Android 5.1.1; KFSUWI) AppleWebKit/537.36 (KHTML, like Gecko) Silk/104.2.16 like Chrome/104.0.5112.114 Safari/537.36" "www.ysfine.com"
173.73.77.36 - - [12/Oct/2022:18:30:05 -0700] "GET /ysbio/fotos/photo00d.jpg HTTP/1.1" 200 72203 "https://www.ysfine.com/ysbio/bio04.html" "Mozilla/5.0 (Linux; Android 5.1.1; KFSUWI) AppleWebKit/537.36 (KHTML, like Gecko) Silk/104.2.16 like Chrome/104.0.5112.114 Safari/537.36" "www.ysfine.com"
185.191.171.9 - - [12/Oct/2022:18:30:21 -0700] "GET /robots.txt HTTP/1.1" 404 88 "-" "Mozilla/5.0 (compatible; SemrushBot/7~bl; +http://www.semrush.com/bot.html)" "ysfine.com"
185.191.171.45 - - [12/Oct/2022:18:30:21 -0700] "GET /wdc/index.html HTTP/1.1" 200 141 "-" "Mozilla/5.0 (compatible; SemrushBot/7~bl; +http://www.semrush.com/bot.html)" "ysfine.com"
185.191.171.16 - - [12/Oct/2022:18:30:48 -0700] "GET /class54/class5470/total_data/sub_716.htm HTTP/1.1" 200 3294 "-" "Mozilla/5.0 (compatible; SemrushBot/7~bl; +http://www.semrush.com/bot.html)" "ysfine.com"
40.77.167.27 - - [12/Oct/2022:18:31:04 -0700] "GET /dongio/amkor/kostu02.jpg HTTP/1.1" 404 88 "-" "Mozilla/5.0 (compatible; bingbot/2.0; +http://www.bing.com/bingbot.htm)" "ysfine.com"
212.8.248.163 - - [12/Oct/2022:18:31:15 -0700] "HEAD /world/russ/kazakh07.jpg HTTP/1.1" 200 - "-" "Mozilla/5.0 (Windows NT 10.0; WOW64) AppleWebKit/537.36 (KHTML, like Gecko) Chrome/103.0.5060.134 Safari/537.36 OPR/89.0.4447.101 (Edition Campaign 21)" "ysfine.com"
173.73.77.36 - - [12/Oct/2022:18:31:37 -0700] "GET /ysbio/yspr61c.jpg HTTP/1.1" 200 50632 "https://www.ysfine.com/ysbio/index.html" "Mozilla/5.0 (Linux; Android 5.1.1; KFSUWI) AppleWebKit/537.36 (KHTML, like Gecko) Silk/104.2.16 like Chrome/104.0.5112.114 Safari/537.36" "www.ysfine.com"
173.73.77.36 - - [12/Oct/2022:18:31:37 -0700] "GET /ysbio/fotos/dirfeyn62c.jpg HTTP/1.1" 200 52150 "https://www.ysfine.com/ysbio/index.html" "Mozilla/5.0 (Linux; Android 5.1.1; KFSUWI) AppleWebKit/537.36 (KHTML, like Gecko) Silk/104.2.16 like Chrome/104.0.5112.114 Safari/537.36" "www.ysfine.com"
173.73.77.36 - - [12/Oct/2022:18:31:37 -0700] "GET /ysbio/eward55a.jpg HTTP/1.1" 200 84523 "https://www.ysfine.com/ysbio/index.html" "Mozilla/5.0 (Linux; Android 5.1.1; KFSUWI) AppleWebKit/537.36 (KHTML, like Gecko) Silk/104.2.16 like Chrome/104.0.5112.114 Safari/537.36" "www.ysfine.com"
173.73.77.36 - - [12/Oct/2022:18:31:37 -0700] "GET /ysbio/ewk86a.jpg HTTP/1.1" 200 86008 "https://www.ysfine.com/ysbio/index.html" "Mozilla/5.0 (Linux; Android 5.1.1; KFSUWI) AppleWebKit/537.36 (KHTML, like Gecko) Silk/104.2.16 like Chrome/104.0.5112.114 Safari/537.36" "www.ysfine.com"
157.55.39.55 - - [12/Oct/2022:18:31:40 -0700] "GET /world/ital/itstu05.jpg HTTP/1.1" 200 65557 "-" "Mozilla/5.0 (compatible; bingbot/2.0; +http://www.bing.com/bingbot.htm)" "ysfine.com"
173.73.77.36 - - [12/Oct/2022:18:32:03 -0700] "GET /ysbio/kobak/rhee10b.jpg HTTP/1.1" 200 29337 "https://www.ysfine.com/ysbio/bio01.html" "Mozilla/5.0 (Linux; Android 5.1.1; KFSUWI) AppleWebKit/537.36 (KHTML, like Gecko) Silk/104.2.16 like Chrome/104.0.5112.114 Safari/537.36" "www.ysfine.com"
173.73.77.36 - - [12/Oct/2022:18:32:03 -0700] "GET /ysbio/eink/abombs11c.jpg HTTP/1.1" 200 27039 "https://www.ysfine.com/ysbio/bio01.html" "Mozilla/5.0 (Linux; Android 5.1.1; KFSUWI) AppleWebKit/537.36 (KHTML, like Gecko) Silk/104.2.16 like Chrome/104.0.5112.114 Safari/537.36" "www.ysfine.com"
173.73.77.36 - - [12/Oct/2022:18:32:03 -0700] "GET /ysbio/kobak/yalta22b.jpg HTTP/1.1" 200 51369 "https://www.ysfine.com/ysbio/bio01.html" "Mozilla/5.0 (Linux; Android 5.1.1; KFSUWI) AppleWebKit/537.36 (KHTML, like Gecko) Silk/104.2.16 like Chrome/104.0.5112.114 Safari/537.36" "www.ysfine.com"
173.73.77.36 - - [12/Oct/2022:18:32:03 -0700] "GET /ysbio/kobak/yalta33b.jpg HTTP/1.1" 200 33354 "https://www.ysfine.com/ysbio/bio01.html" "Mozilla/5.0 (Linux; Android 5.1.1; KFSUWI) AppleWebKit/537.36 (KHTML, like Gecko) Silk/104.2.16 like Chrome/104.0.5112.114 Safari/537.36" "www.ysfine.com"
173.73.77.36 - - [12/Oct/2022:18:32:03 -0700] "GET /ysbio/kowar/tanks/gmc01b.jpg HTTP/1.1" 200 43939 "https://www.ysfine.com/ysbio/bio01.html" "Mozilla/5.0 (Linux; Android 5.1.1; KFSUWI) AppleWebKit/537.36 (KHTML, like Gecko) Silk/104.2.16 like Chrome/104.0.5112.114 Safari/537.36" "www.ysfine.com"
173.73.77.36 - - [12/Oct/2022:18:32:03 -0700] "GET /ysbio/kobak/kimjap11b.jpg HTTP/1.1" 200 63075 "https://www.ysfine.com/ysbio/bio01.html" "Mozilla/5.0 (Linux; Android 5.1.1; KFSUWI) AppleWebKit/537.36 (KHTML, like Gecko) Silk/104.2.16 like Chrome/104.0.5112.114 Safari/537.36" "www.ysfine.com"
185.191.171.2 - - [12/Oct/2022:18:32:33 -0700] "GET /class54/class5470/total_data/sub_333.htm HTTP/1.1" 200 3296 "-" "Mozilla/5.0 (compatible; SemrushBot/7~bl; +http://www.semrush.com/bot.html)" "www.ysfine.com"
157.55.39.127 - - [12/Oct/2022:18:32:38 -0700] "GET /newyork/macy03.jpg HTTP/1.1" 200 211552 "-" "Mozilla/5.0 AppleWebKit/537.36 (KHTML, like Gecko; compatible; bingbot/2.0; +http://www.bing.com/bingbot.htm) Chrome/103.0.5060.134 Safari/537.36" "ysfine.com"
157.55.39.55 - - [12/Oct/2022:18:32:43 -0700] "GET /einstein/eingali.html HTTP/1.1" 200 2762 "-" "Mozilla/5.0 AppleWebKit/537.36 (KHTML, like Gecko; compatible; bingbot/2.0; +http://www.bing.com/bingbot.htm) Chrome/103.0.5060.134 Safari/537.36" "ysfine.com"
66.249.66.40 - - [12/Oct/2022:18:33:31 -0700] "GET /confer/proceedings/boston/frankland.pdf HTTP/1.1" 404 88 "-" "Googlebot/2.1 (+http://www.google.com/bot.html)" "ysfine.com"
173.73.77.36 - - [12/Oct/2022:18:34:14 -0700] "GET /ysbio/bio09.html HTTP/1.1" 304 - "https://www.ysfine.com/ys11/index.html" "Mozilla/5.0 (Linux; Android 5.1.1; KFSUWI) AppleWebKit/537.36 (KHTML, like Gecko) Silk/104.2.16 like Chrome/104.0.5112.114 Safari/537.36" "www.ysfine.com"
157.55.39.127 - - [12/Oct/2022:18:34:29 -0700] "GET /bio/einstein/further.html HTTP/1.1" 404 88 "-" "Mozilla/5.0 (compatible; bingbot/2.0; +http://www.bing.com/bingbot.htm)" "ysfine.com"
157.55.39.127 - - [12/Oct/2022:18:34:38 -0700] "GET /kowar/tanks/tank09.jpg HTTP/1.1" 200 72713 "-" "Mozilla/5.0 (compatible; bingbot/2.0; +http://www.bing.com/bingbot.htm)" "ysfine.com"
103.152.220.45 - - [12/Oct/2022:18:34:55 -0700] "GET /wigner/wiglittle.pdf HTTP/1.1" 200 2659296 "https://www.google.com.hk/" "Mozilla/5.0 (Windows NT 10.0; Win64; x64) AppleWebKit/537.36 (KHTML, like Gecko) Chrome/106.0.0.0 Safari/537.36 Edg/106.0.1370.42" "ysfine.com"
103.152.220.45 - - [12/Oct/2022:18:34:55 -0700] "GET /favicon.ico HTTP/1.1" 404 88 "https://ysfine.com/wigner/wiglittle.pdf" "Mozilla/5.0 (Windows NT 10.0; Win64; x64) AppleWebKit/537.36 (KHTML, like Gecko) Chrome/106.0.0.0 Safari/537.36 Edg/106.0.1370.42" "ysfine.com"
185.191.171.20 - - [12/Oct/2022:18:35:19 -0700] "GET /class54/class5470/total_data/sub_270.htm HTTP/1.1" 200 3358 "-" "Mozilla/5.0 (compatible; SemrushBot/7~bl; +http://www.semrush.com/bot.html)" "ysfine.com"
157.55.39.128 - - [12/Oct/2022:18:35:23 -0700] "GET /einstein/bohradius11b.jpg HTTP/1.1" 200 39999 "-" "Mozilla/5.0 (compatible; bingbot/2.0; +http://www.bing.com/bingbot.htm)" "ysfine.com"
77.88.5.46 - - [12/Oct/2022:18:35:28 -0700] "GET /kowar/panmun02.jpg HTTP/1.1" 304 - "-" "Mozilla/5.0 (compatible; YandexImages/3.0; +http://yandex.com/bots)" "www.ysfine.com"
157.55.39.127 - - [12/Oct/2022:18:35:28 -0700] "GET /dongio/vltava01b.jpg HTTP/1.1" 404 88 "-" "Mozilla/5.0 AppleWebKit/537.36 (KHTML, like Gecko; compatible; bingbot/2.0; +http://www.bing.com/bingbot.htm) Chrome/103.0.5060.134 Safari/537.36" "ysfine.com"
185.191.171.20 - - [12/Oct/2022:18:37:03 -0700] "GET /class54/class5470/total_data/sub_801.htm HTTP/1.1" 200 3577 "-" "Mozilla/5.0 (compatible; SemrushBot/7~bl; +http://www.semrush.com/bot.html)" "www.ysfine.com"
185.191.171.3 - - [12/Oct/2022:18:37:48 -0700] "GET /einstein/einxmas.html HTTP/1.1" 200 2693 "-" "Mozilla/5.0 (compatible; SemrushBot/7~bl; +http://www.semrush.com/bot.html)" "ysfine.com"
157.55.39.55 - - [12/Oct/2022:18:38:40 -0700] "GET /philo/marx02.jpg HTTP/1.1" 200 257749 "-" "Mozilla/5.0 (compatible; bingbot/2.0; +http://www.bing.com/bingbot.htm)" "ysfine.com"
70.90.23.73 - - [12/Oct/2022:18:39:37 -0700] "GET /princeton/butler33.jpg HTTP/1.1" 200 92343 "https://www.google.com/" "Mozilla/5.0 (Macintosh; Intel Mac OS X 10_15_7) AppleWebKit/605.1.15 (KHTML, like Gecko) Version/15.6.1 Safari/605.1.15" "ysfine.com"
70.90.23.73 - - [12/Oct/2022:18:39:37 -0700] "GET /princeton/butler22.jpg HTTP/1.1" 200 80209 "https://www.google.com/" "Mozilla/5.0 (Macintosh; Intel Mac OS X 10_15_7) AppleWebKit/605.1.15 (KHTML, like Gecko) Version/15.6.1 Safari/605.1.15" "ysfine.com"
157.55.39.58 - - [12/Oct/2022:18:41:11 -0700] "GET /sbk/1965aa22.jpg HTTP/1.1" 200 62263 "-" "Mozilla/5.0 (compatible; bingbot/2.0; +http://www.bing.com/bingbot.htm)" "ysfine.com"
154.3.42.219 - - [12/Oct/2022:18:42:23 -0700] "GET /kobak/soraech.html HTTP/1.1" 200 16670 "https://www.google.com/" "Mozilla/5.0 (Macintosh; Intel Mac OS X 10_15_7) AppleWebKit/605.1.15 (KHTML, like Gecko) Version/15.6 Safari/605.1.15" "ysfine.com"
154.3.42.219 - - [12/Oct/2022:18:42:24 -0700] "GET /kobak/sorae/church103b.jpg HTTP/1.1" 200 41194 "https://ysfine.com/kobak/soraech.html" "Mozilla/5.0 (Macintosh; Intel Mac OS X 10_15_7) AppleWebKit/605.1.15 (KHTML, like Gecko) Version/15.6 Safari/605.1.15" "ysfine.com"
154.3.42.219 - - [12/Oct/2022:18:42:24 -0700] "GET /kobak/sorae/alexvic11b.jpg HTTP/1.1" 200 47312 "https://ysfine.com/kobak/soraech.html" "Mozilla/5.0 (Macintosh; Intel Mac OS X 10_15_7) AppleWebKit/605.1.15 (KHTML, like Gecko) Version/15.6 Safari/605.1.15" "ysfine.com"
154.3.42.219 - - [12/Oct/2022:18:42:24 -0700] "GET /kobak/underw08b.jpg HTTP/1.1" 200 48993 "https://ysfine.com/kobak/soraech.html" "Mozilla/5.0 (Macintosh; Intel Mac OS X 10_15_7) AppleWebKit/605.1.15 (KHTML, like Gecko) Version/15.6 Safari/605.1.15" "ysfine.com"
154.3.42.219 - - [12/Oct/2022:18:42:24 -0700] "GET /kobak/sorae/church102b.jpg HTTP/1.1" 200 39343 "https://ysfine.com/kobak/soraech.html" "Mozilla/5.0 (Macintosh; Intel Mac OS X 10_15_7) AppleWebKit/605.1.15 (KHTML, like Gecko) Version/15.6 Safari/605.1.15" "ysfine.com"
154.3.42.219 - - [12/Oct/2022:18:42:24 -0700] "GET /kobak/underw21b.jpg HTTP/1.1" 200 45991 "https://ysfine.com/kobak/soraech.html" "Mozilla/5.0 (Macintosh; Intel Mac OS X 10_15_7) AppleWebKit/605.1.15 (KHTML, like Gecko) Version/15.6 Safari/605.1.15" "ysfine.com"
154.3.42.219 - - [12/Oct/2022:18:42:26 -0700] "GET /kobak/sorae/church03b.jpg HTTP/1.1" 200 50665 "https://ysfine.com/kobak/soraech.html" "Mozilla/5.0 (Macintosh; Intel Mac OS X 10_15_7) AppleWebKit/605.1.15 (KHTML, like Gecko) Version/15.6 Safari/605.1.15" "ysfine.com"
154.3.42.219 - - [12/Oct/2022:18:42:26 -0700] "GET /kobak/sorae/church07b.jpg HTTP/1.1" 200 55556 "https://ysfine.com/kobak/soraech.html" "Mozilla/5.0 (Macintosh; Intel Mac OS X 10_15_7) AppleWebKit/605.1.15 (KHTML, like Gecko) Version/15.6 Safari/605.1.15" "ysfine.com"
154.3.42.219 - - [12/Oct/2022:18:42:26 -0700] "GET /world/russ/roskei90b.jpg HTTP/1.1" 200 50111 "https://ysfine.com/kobak/soraech.html" "Mozilla/5.0 (Macintosh; Intel Mac OS X 10_15_7) AppleWebKit/605.1.15 (KHTML, like Gecko) Version/15.6 Safari/605.1.15" "ysfine.com"
154.3.42.219 - - [12/Oct/2022:18:42:26 -0700] "GET /kobak/somap38b.jpg HTTP/1.1" 200 54149 "https://ysfine.com/kobak/soraech.html" "Mozilla/5.0 (Macintosh; Intel Mac OS X 10_15_7) AppleWebKit/605.1.15 (KHTML, like Gecko) Version/15.6 Safari/605.1.15" "ysfine.com"
154.3.42.219 - - [12/Oct/2022:18:42:26 -0700] "GET /kobak/underw03b.jpg HTTP/1.1" 200 37749 "https://ysfine.com/kobak/soraech.html" "Mozilla/5.0 (Macintosh; Intel Mac OS X 10_15_7) AppleWebKit/605.1.15 (KHTML, like Gecko) Version/15.6 Safari/605.1.15" "ysfine.com"
154.3.42.219 - - [12/Oct/2022:18:42:26 -0700] "GET /kowar/tanks/b29b.jpg HTTP/1.1" 200 33471 "https://ysfine.com/kobak/soraech.html" "Mozilla/5.0 (Macintosh; Intel Mac OS X 10_15_7) AppleWebKit/605.1.15 (KHTML, like Gecko) Version/15.6 Safari/605.1.15" "ysfine.com"
154.3.42.219 - - [12/Oct/2022:18:42:26 -0700] "GET /kobak/underw22b.jpg HTTP/1.1" 200 68866 "https://ysfine.com/kobak/soraech.html" "Mozilla/5.0 (Macintosh; Intel Mac OS X 10_15_7) AppleWebKit/605.1.15 (KHTML, like Gecko) Version/15.6 Safari/605.1.15" "ysfine.com"
154.3.42.219 - - [12/Oct/2022:18:42:26 -0700] "GET /kobak/gojong01b.jpg HTTP/1.1" 200 43980 "https://ysfine.com/kobak/soraech.html" "Mozilla/5.0 (Macintosh; Intel Mac OS X 10_15_7) AppleWebKit/605.1.15 (KHTML, like Gecko) Version/15.6 Safari/605.1.15" "ysfine.com"
154.3.42.219 - - [12/Oct/2022:18:42:26 -0700] "GET /kobak/sohnwi01b.jpg HTTP/1.1" 200 35047 "https://ysfine.com/kobak/soraech.html" "Mozilla/5.0 (Macintosh; Intel Mac OS X 10_15_7) AppleWebKit/605.1.15 (KHTML, like Gecko) Version/15.6 Safari/605.1.15" "ysfine.com"
154.3.42.219 - - [12/Oct/2022:18:42:26 -0700] "GET /kobak/mskim01b.jpg HTTP/1.1" 200 51469 "https://ysfine.com/kobak/soraech.html" "Mozilla/5.0 (Macintosh; Intel Mac OS X 10_15_7) AppleWebKit/605.1.15 (KHTML, like Gecko) Version/15.6 Safari/605.1.15" "ysfine.com"
154.3.42.219 - - [12/Oct/2022:18:42:26 -0700] "GET /kobak/underw06b.jpg HTTP/1.1" 200 51332 "https://ysfine.com/kobak/soraech.html" "Mozilla/5.0 (Macintosh; Intel Mac OS X 10_15_7) AppleWebKit/605.1.15 (KHTML, like Gecko) Version/15.6 Safari/605.1.15" "ysfine.com"
154.3.42.219 - - [12/Oct/2022:18:42:26 -0700] "GET /kobak/underw25b.jpg HTTP/1.1" 200 36194 "https://ysfine.com/kobak/soraech.html" "Mozilla/5.0 (Macintosh; Intel Mac OS X 10_15_7) AppleWebKit/605.1.15 (KHTML, like Gecko) Version/15.6 Safari/605.1.15" "ysfine.com"
154.3.42.219 - - [12/Oct/2022:18:42:26 -0700] "GET /kobak/sorae/kumipo01b.jpg HTTP/1.1" 200 30861 "https://ysfine.com/kobak/soraech.html" "Mozilla/5.0 (Macintosh; Intel Mac OS X 10_15_7) AppleWebKit/605.1.15 (KHTML, like Gecko) Version/15.6 Safari/605.1.15" "ysfine.com"
154.3.42.219 - - [12/Oct/2022:18:42:26 -0700] "GET /kobak/underw01b.jpg HTTP/1.1" 200 36835 "https://ysfine.com/kobak/soraech.html" "Mozilla/5.0 (Macintosh; Intel Mac OS X 10_15_7) AppleWebKit/605.1.15 (KHTML, like Gecko) Version/15.6 Safari/605.1.15" "ysfine.com"
154.3.42.219 - - [12/Oct/2022:18:42:33 -0700] "GET /favicon.ico HTTP/1.1" 404 88 "https://ysfine.com/kobak/soraech.html" "Mozilla/5.0 (Macintosh; Intel Mac OS X 10_15_7) AppleWebKit/605.1.15 (KHTML, like Gecko) Version/15.6 Safari/605.1.15" "ysfine.com"
185.191.171.22 - - [12/Oct/2022:18:43:50 -0700] "GET /princeton/morecars.html HTTP/1.1" 200 245 "-" "Mozilla/5.0 (compatible; SemrushBot/7~bl; +http://www.semrush.com/bot.html)" "www.ysfine.com"
157.55.39.55 - - [12/Oct/2022:18:44:51 -0700] "GET /bio/heisen/heisen54.html HTTP/1.1" 404 88 "-" "Mozilla/5.0 (compatible; bingbot/2.0; +http://www.bing.com/bingbot.htm)" "ysfine.com"
201.119.63.252 - - [12/Oct/2022:18:44:53 -0700] "GET /world/china/shenyang13.jpg HTTP/1.1" 200 100178 "https://www.google.com.mx/" "Mozilla/5.0 (iPad; CPU OS 10_3_3 like Mac OS X) AppleWebKit/603.3.8 (KHTML, like Gecko) Version/10.0 Mobile/14G60 Safari/602.1" "ysfine.com"
65.112.8.59 - - [12/Oct/2022:18:45:54 -0700] "GET /wigner/wiglittle.pdf HTTP/1.1" 200 2659296 "https://www.google.com/" "Mozilla/5.0 (iPad; CPU OS 15_6 like Mac OS X) AppleWebKit/605.1.15 (KHTML, like Gecko) CriOS/106.0.5249.92 Mobile/15E148 Safari/604.1" "ysfine.com"
65.112.8.59 - - [12/Oct/2022:18:45:55 -0700] "GET /favicon.ico HTTP/1.1" 404 88 "-" "Mozilla/5.0 (iPad; CPU OS 15_6 like Mac OS X) AppleWebKit/605.1.15 (KHTML, like Gecko) CriOS/106.0.5249.92 Mobile/15E148 Safari/604.1" "ysfine.com"
64.233.172.55 - - [12/Oct/2022:18:46:36 -0700] "GET /einstein/photoelr.gif HTTP/1.1" 200 4549 "-" "Mozilla/5.0 (Windows NT 5.1; rv:11.0) Gecko Firefox/11.0 (via ggpht.com GoogleImageProxy)" "www.ysfine.com"
157.55.39.127 - - [12/Oct/2022:18:48:20 -0700] "GET /world/russ/spbf35b.jpg HTTP/1.1" 200 47988 "-" "Mozilla/5.0 (compatible; bingbot/2.0; +http://www.bing.com/bingbot.htm)" "ysfine.com"
185.54.228.117 - - [12/Oct/2022:18:48:50 -0700] "GET /apple-touch-icon.png HTTP/1.1" 404 88 "-" "DuckDuckGo/5 (com.duckduckgo.mobile.android; Android API 30)" "www.ysfine.com"
157.55.39.55 - - [12/Oct/2022:18:49:31 -0700] "GET /wigner/neum/vnc03.jpg HTTP/1.1" 200 80421 "-" "Mozilla/5.0 (compatible; bingbot/2.0; +http://www.bing.com/bingbot.htm)" "ysfine.com"
157.55.39.55 - - [12/Oct/2022:18:49:51 -0700] "GET /world/israel/tlv01c.jpg HTTP/1.1" 200 36724 "-" "Mozilla/5.0 AppleWebKit/537.36 (KHTML, like Gecko; compatible; bingbot/2.0; +http://www.bing.com/bingbot.htm) Chrome/103.0.5060.134 Safari/537.36" "ysfine.com"
157.55.39.55 - - [12/Oct/2022:18:50:51 -0700] "GET /world/france/hugobes01b.jpg HTTP/1.1" 200 64439 "-" "Mozilla/5.0 (compatible; bingbot/2.0; +http://www.bing.com/bingbot.htm)" "ysfine.com"
207.46.13.102 - - [12/Oct/2022:18:52:27 -0700] "GET /world/brit/cam31.jpg HTTP/1.1" 200 109780 "-" "Mozilla/5.0 AppleWebKit/537.36 (KHTML, like Gecko; compatible; bingbot/2.0; +http://www.bing.com/bingbot.htm) Chrome/103.0.5060.134 Safari/537.36" "ysfine.com"
157.55.39.128 - - [12/Oct/2022:18:52:35 -0700] "GET /feynman/ptoday89.jpg HTTP/1.1" 200 101842 "-" "Mozilla/5.0 AppleWebKit/537.36 (KHTML, like Gecko; compatible; bingbot/2.0; +http://www.bing.com/bingbot.htm) Chrome/103.0.5060.134 Safari/537.36" "ysfine.com"
157.55.39.55 - - [12/Oct/2022:18:52:51 -0700] "GET /people/wheekim91b.jpg HTTP/1.1" 200 40842 "-" "Mozilla/5.0 AppleWebKit/537.36 (KHTML, like Gecko; compatible; bingbot/2.0; +http://www.bing.com/bingbot.htm) Chrome/103.0.5060.134 Safari/537.36" "ysfine.com"
157.55.39.55 - - [12/Oct/2022:18:55:22 -0700] "GET /bio/style/ystyle.html HTTP/1.1" 404 88 "-" "Mozilla/5.0 (compatible; bingbot/2.0; +http://www.bing.com/bingbot.htm)" "ysfine.com"
175.223.11.47 - - [12/Oct/2022:18:55:43 -0700] "GET /jobs/koreaj.html HTTP/1.1" 200 10214 "https://www.google.com/" "Mozilla/5.0 (Linux; Android 5.1.1; A37f) AppleWebKit/537.36 (KHTML, like Gecko) Chrome/89.0.4389.105 Mobile Safari/537.36" "ysfine.com"
175.223.11.47 - - [12/Oct/2022:18:55:44 -0700] "GET /jobs/koreaj11b.jpg HTTP/1.1" 200 67543 "https://ysfine.com/jobs/koreaj.html" "Mozilla/5.0 (Linux; Android 5.1.1; A37f) AppleWebKit/537.36 (KHTML, like Gecko) Chrome/89.0.4389.105 Mobile Safari/537.36" "ysfine.com"
157.55.39.127 - - [12/Oct/2022:18:55:51 -0700] "GET /bio/feynman/feynbot.html HTTP/1.1" 404 88 "-" "Mozilla/5.0 AppleWebKit/537.36 (KHTML, like Gecko; compatible; bingbot/2.0; +http://www.bing.com/bingbot.htm) Chrome/103.0.5060.134 Safari/537.36" "ysfine.com"
66.249.66.44 - - [12/Oct/2022:18:56:10 -0700] "GET /friends/elsal01.jpg HTTP/1.1" 404 88 "-" "Googlebot-Image/1.0" "ysfine.com"
157.55.39.55 - - [12/Oct/2022:18:56:52 -0700] "GET /newyork/colum14.jpg HTTP/1.1" 200 96034 "-" "Mozilla/5.0 AppleWebKit/537.36 (KHTML, like Gecko; compatible; bingbot/2.0; +http://www.bing.com/bingbot.htm) Chrome/103.0.5060.134 Safari/537.36" "ysfine.com"
207.46.13.102 - - [12/Oct/2022:18:57:56 -0700] "GET /bio/einstein/bern.html HTTP/1.1" 404 88 "-" "Mozilla/5.0 (compatible; bingbot/2.0; +http://www.bing.com/bingbot.htm)" "ysfine.com"
207.46.13.102 - - [12/Oct/2022:18:58:46 -0700] "GET /world/baltic/lithu03b.jpg HTTP/1.1" 200 49235 "-" "Mozilla/5.0 (compatible; bingbot/2.0; +http://www.bing.com/bingbot.htm)" "ysfine.com"
45.154.98.29 - - [12/Oct/2022:18:59:00 -0700] "GET / HTTP/1.1" 200 5283 "-" "Mozilla/5.0 (Windows NT 6.1; Win64; x64; rv:100.0) Gecko/20100101 Firefox/100.0" "ysfine.com"
45.154.98.29 - - [12/Oct/2022:18:59:01 -0700] "GET / HTTP/1.1" 200 5283 "-" "Mozilla/5.0 (Macintosh; Intel Mac OS X 10_15_3) AppleWebKit/537.36 (KHTML, like Gecko) Chrome/80.0.3987.132 Safari/537.36" "ysfine.com"
66.249.66.40 - - [12/Oct/2022:18:59:10 -0700] "GET /home/comet50.jpg HTTP/1.1" 304 - "-" "Googlebot-Image/1.0" "ysfine.com"
157.55.39.128 - - [12/Oct/2022:18:59:26 -0700] "GET /maga/hugo.html HTTP/1.1" 304 - "-" "Mozilla/5.0 (compatible; bingbot/2.0; +http://www.bing.com/bingbot.htm)" "www.ysfine.com"
154.3.42.219 - - [12/Oct/2022:18:59:41 -0700] "GET /kowar/war50.html HTTP/1.1" 200 11795 "https://ysfine.com/kobak/soraech.html" "Mozilla/5.0 (Macintosh; Intel Mac OS X 10_15_7) AppleWebKit/605.1.15 (KHTML, like Gecko) Version/15.6 Safari/605.1.15" "ysfine.com"
154.3.42.219 - - [12/Oct/2022:18:59:42 -0700] "GET /kowar/panmun04c.jpg HTTP/1.1" 200 32797 "https://ysfine.com/kowar/war50.html" "Mozilla/5.0 (Macintosh; Intel Mac OS X 10_15_7) AppleWebKit/605.1.15 (KHTML, like Gecko) Version/15.6 Safari/605.1.15" "ysfine.com"
154.3.42.219 - - [12/Oct/2022:18:59:42 -0700] "GET /kowar/changdoy01c.jpg HTTP/1.1" 200 36057 "https://ysfine.com/kowar/war50.html" "Mozilla/5.0 (Macintosh; Intel Mac OS X 10_15_7) AppleWebKit/605.1.15 (KHTML, like Gecko) Version/15.6 Safari/605.1.15" "ysfine.com"
154.3.42.219 - - [12/Oct/2022:18:59:43 -0700] "GET /kowar/garand02c.jpg HTTP/1.1" 200 19263 "https://ysfine.com/kowar/war50.html" "Mozilla/5.0 (Macintosh; Intel Mac OS X 10_15_7) AppleWebKit/605.1.15 (KHTML, like Gecko) Version/15.6 Safari/605.1.15" "ysfine.com"
154.3.42.219 - - [12/Oct/2022:18:59:44 -0700] "GET /kowar/77reg03c.jpg HTTP/1.1" 200 27891 "https://ysfine.com/kowar/war50.html" "Mozilla/5.0 (Macintosh; Intel Mac OS X 10_15_7) AppleWebKit/605.1.15 (KHTML, like Gecko) Version/15.6 Safari/605.1.15" "ysfine.com"
154.3.42.219 - - [12/Oct/2022:18:59:44 -0700] "GET /kowar/tilelli01c.jpg HTTP/1.1" 200 34897 "https://ysfine.com/kowar/war50.html" "Mozilla/5.0 (Macintosh; Intel Mac OS X 10_15_7) AppleWebKit/605.1.15 (KHTML, like Gecko) Version/15.6 Safari/605.1.15" "ysfine.com"
154.3.42.219 - - [12/Oct/2022:18:59:44 -0700] "GET /kowar/shinsm11c.jpg HTTP/1.1" 200 43567 "https://ysfine.com/kowar/war50.html" "Mozilla/5.0 (Macintosh; Intel Mac OS X 10_15_7) AppleWebKit/605.1.15 (KHTML, like Gecko) Version/15.6 Safari/605.1.15" "ysfine.com"
154.3.42.219 - - [12/Oct/2022:18:59:44 -0700] "GET /kowar/tanks/caval01c.jpg HTTP/1.1" 200 40632 "https://ysfine.com/kowar/war50.html" "Mozilla/5.0 (Macintosh; Intel Mac OS X 10_15_7) AppleWebKit/605.1.15 (KHTML, like Gecko) Version/15.6 Safari/605.1.15" "ysfine.com"
154.3.42.219 - - [12/Oct/2022:18:59:44 -0700] "GET /kowar/mac05a.jpg HTTP/1.1" 200 68210 "https://ysfine.com/kowar/war50.html" "Mozilla/5.0 (Macintosh; Intel Mac OS X 10_15_7) AppleWebKit/605.1.15 (KHTML, like Gecko) Version/15.6 Safari/605.1.15" "ysfine.com"
59.12.33.104 - - [12/Oct/2022:19:00:17 -0700] "GET /kobak/dprk.jpg HTTP/1.1" 200 88014 "https://www.google.com/" "Mozilla/5.0 (Windows NT 10.0; Win64; x64) AppleWebKit/537.36 (KHTML, like Gecko) Chrome/106.0.0.0 Safari/537.36" "ysfine.com"
77.88.5.46 - - [12/Oct/2022:19:00:54 -0700] "GET /kowar/tanks/tank03.jpg HTTP/1.1" 200 106726 "-" "Mozilla/5.0 (compatible; YandexImages/3.0; +http://yandex.com/bots)" "ysfine.com"
157.55.39.128 - - [12/Oct/2022:19:01:48 -0700] "GET /bio/world/kazan.html HTTP/1.1" 404 88 "-" "Mozilla/5.0 (compatible; bingbot/2.0; +http://www.bing.com/bingbot.htm)" "ysfine.com"
185.191.171.25 - - [12/Oct/2022:19:02:37 -0700] "GET /class54/class5470/total_data/sub_531.htm HTTP/1.1" 200 3223 "-" "Mozilla/5.0 (compatible; SemrushBot/7~bl; +http://www.semrush.com/bot.html)" "ysfine.com"
157.55.39.58 - - [12/Oct/2022:19:03:53 -0700] "GET /style/musee/louvre18.jpg HTTP/1.1" 200 78436 "-" "Mozilla/5.0 (compatible; bingbot/2.0; +http://www.bing.com/bingbot.htm)" "ysfine.com"
157.55.39.127 - - [12/Oct/2022:19:04:22 -0700] "GET /wdc/gtown19.jpg HTTP/1.1" 200 121049 "-" "Mozilla/5.0 (compatible; bingbot/2.0; +http://www.bing.com/bingbot.htm)" "www.ysfine.com"
157.55.39.127 - - [12/Oct/2022:19:04:40 -0700] "GET /wigner/wigheis33.jpg HTTP/1.1" 200 120687 "-" "Mozilla/5.0 (compatible; bingbot/2.0; +http://www.bing.com/bingbot.htm)" "ysfine.com"
73.65.224.187 - - [12/Oct/2022:19:05:46 -0700] "GET /maga/bohrkierk.html HTTP/1.1" 200 2947 "https://www.google.com/" "Mozilla/5.0 (iPhone; CPU iPhone OS 15_6 like Mac OS X) AppleWebKit/605.1.15 (KHTML, like Gecko) CriOS/106.0.5249.92 Mobile/15E148 Safari/604.1" "ysfine.com"
73.65.224.187 - - [12/Oct/2022:19:05:47 -0700] "GET /maga/phys/bohr11b.jpg HTTP/1.1" 200 30607 "https://ysfine.com/maga/bohrkierk.html" "Mozilla/5.0 (iPhone; CPU iPhone OS 15_6 like Mac OS X) AppleWebKit/605.1.15 (KHTML, like Gecko) CriOS/106.0.5249.92 Mobile/15E148 Safari/604.1" "ysfine.com"
73.65.224.187 - - [12/Oct/2022:19:05:47 -0700] "GET /maga/phys/bohr22b.jpg HTTP/1.1" 200 31482 "https://ysfine.com/maga/bohrkierk.html" "Mozilla/5.0 (iPhone; CPU iPhone OS 15_6 like Mac OS X) AppleWebKit/605.1.15 (KHTML, like Gecko) CriOS/106.0.5249.92 Mobile/15E148 Safari/604.1" "ysfine.com"
73.65.224.187 - - [12/Oct/2022:19:05:47 -0700] "GET /einstein/evol22b.jpg HTTP/1.1" 200 29614 "https://ysfine.com/maga/bohrkierk.html" "Mozilla/5.0 (iPhone; CPU iPhone OS 15_6 like Mac OS X) AppleWebKit/605.1.15 (KHTML, like Gecko) CriOS/106.0.5249.92 Mobile/15E148 Safari/604.1" "ysfine.com"
73.65.224.187 - - [12/Oct/2022:19:05:47 -0700] "GET /world/france/magots03b.jpg HTTP/1.1" 200 48195 "https://ysfine.com/maga/bohrkierk.html" "Mozilla/5.0 (iPhone; CPU iPhone OS 15_6 like Mac OS X) AppleWebKit/605.1.15 (KHTML, like Gecko) CriOS/106.0.5249.92 Mobile/15E148 Safari/604.1" "ysfine.com"
73.65.224.187 - - [12/Oct/2022:19:05:47 -0700] "GET /favicon.ico HTTP/1.1" 404 88 "-" "Mozilla/5.0 (iPhone; CPU iPhone OS 15_6 like Mac OS X) AppleWebKit/605.1.15 (KHTML, like Gecko) CriOS/106.0.5249.92 Mobile/15E148 Safari/604.1" "ysfine.com"
73.65.224.187 - - [12/Oct/2022:19:05:47 -0700] "GET /feynman/chewfra2.jpg HTTP/1.1" 200 40458 "https://ysfine.com/maga/bohrkierk.html" "Mozilla/5.0 (iPhone; CPU iPhone OS 15_6 like Mac OS X) AppleWebKit/605.1.15 (KHTML, like Gecko) CriOS/106.0.5249.92 Mobile/15E148 Safari/604.1" "ysfine.com"
73.65.224.187 - - [12/Oct/2022:19:05:48 -0700] "GET /eink/eink61c.jpg HTTP/1.1" 200 34119 "https://ysfine.com/maga/bohrkierk.html" "Mozilla/5.0 (iPhone; CPU iPhone OS 15_6 like Mac OS X) AppleWebKit/605.1.15 (KHTML, like Gecko) CriOS/106.0.5249.92 Mobile/15E148 Safari/604.1" "ysfine.com"
185.191.171.11 - - [12/Oct/2022:19:05:58 -0700] "GET /class54/class5470/total_data/sub_616.htm HTTP/1.1" 200 3196 "-" "Mozilla/5.0 (compatible; SemrushBot/7~bl; +http://www.semrush.com/bot.html)" "ysfine.com"
157.55.39.128 - - [12/Oct/2022:19:06:17 -0700] "GET /world/russ/spbm05.jpg HTTP/1.1" 200 115998 "-" "Mozilla/5.0 (compatible; bingbot/2.0; +http://www.bing.com/bingbot.htm)" "www.ysfine.com"
157.55.39.127 - - [12/Oct/2022:19:06:22 -0700] "GET /world/germany/vienna05b.jpg HTTP/1.1" 200 55394 "-" "Mozilla/5.0 AppleWebKit/537.36 (KHTML, like Gecko; compatible; bingbot/2.0; +http://www.bing.com/bingbot.htm) Chrome/103.0.5060.134 Safari/537.36" "www.ysfine.com"
40.77.167.27 - - [12/Oct/2022:19:06:43 -0700] "GET /sbk/2003pr11.jpg HTTP/1.1" 200 192096 "-" "Mozilla/5.0 (compatible; bingbot/2.0; +http://www.bing.com/bingbot.htm)" "www.ysfine.com"
185.191.171.25 - - [12/Oct/2022:19:07:31 -0700] "GET /class54/class5470/total_data/sub_611.htm HTTP/1.1" 200 3186 "-" "Mozilla/5.0 (compatible; SemrushBot/7~bl; +http://www.semrush.com/bot.html)" "ysfine.com"
157.55.39.58 - - [12/Oct/2022:19:07:53 -0700] "GET /world/china/beijing003.jpg HTTP/1.1" 200 89319 "-" "Mozilla/5.0 (compatible; bingbot/2.0; +http://www.bing.com/bingbot.htm)" "www.ysfine.com"
40.77.167.27 - - [12/Oct/2022:19:08:04 -0700] "GET /maga/phys/tsepa11.jpg HTTP/1.1" 200 54046 "-" "Mozilla/5.0 (compatible; bingbot/2.0; +http://www.bing.com/bingbot.htm)" "www.ysfine.com"
154.3.42.219 - - [12/Oct/2022:19:09:24 -0700] "GET /kobak/yskor.html HTTP/1.1" 200 9943 "https://ysfine.com/kobak/soraech.html" "Mozilla/5.0 (Macintosh; Intel Mac OS X 10_15_7) AppleWebKit/605.1.15 (KHTML, like Gecko) Version/15.6 Safari/605.1.15" "ysfine.com"
154.3.42.219 - - [12/Oct/2022:19:09:25 -0700] "GET /kobak/kcrown.jpg HTTP/1.1" 200 41579 "https://ysfine.com/kobak/yskor.html" "Mozilla/5.0 (Macintosh; Intel Mac OS X 10_15_7) AppleWebKit/605.1.15 (KHTML, like Gecko) Version/15.6 Safari/605.1.15" "ysfine.com"
154.3.42.219 - - [12/Oct/2022:19:09:26 -0700] "GET /kobak/abstrart11c.jpg HTTP/1.1" 200 47224 "https://ysfine.com/kobak/yskor.html" "Mozilla/5.0 (Macintosh; Intel Mac OS X 10_15_7) AppleWebKit/605.1.15 (KHTML, like Gecko) Version/15.6 Safari/605.1.15" "ysfine.com"
154.3.42.219 - - [12/Oct/2022:19:09:26 -0700] "GET /kobak/sl5017c.jpg HTTP/1.1" 200 74057 "https://ysfine.com/kobak/yskor.html" "Mozilla/5.0 (Macintosh; Intel Mac OS X 10_15_7) AppleWebKit/605.1.15 (KHTML, like Gecko) Version/15.6 Safari/605.1.15" "ysfine.com"
40.77.167.27 - - [12/Oct/2022:19:10:26 -0700] "GET /bio/bostein.html HTTP/1.1" 404 88 "-" "Mozilla/5.0 (compatible; bingbot/2.0; +http://www.bing.com/bingbot.htm)" "ysfine.com"
168.149.138.64 - - [12/Oct/2022:19:12:03 -0700] "GET /world/france/stras17.jpg HTTP/1.1" 200 145827 "https://www.google.com/" "Mozilla/5.0 (Windows NT 10.0; Win64; x64) AppleWebKit/537.36 (KHTML, like Gecko) Chrome/106.0.0.0 Safari/537.36" "ysfine.com"
93.158.161.40 - - [12/Oct/2022:19:12:52 -0700] "GET /world/russ/minsk023.jpg HTTP/1.1" 200 166605 "-" "Mozilla/5.0 (compatible; YandexImages/3.0; +http://yandex.com/bots)" "www.ysfine.com"
157.55.39.128 - - [12/Oct/2022:19:13:28 -0700] "GET /maga/invent/joak11b.jpg HTTP/1.1" 200 40558 "-" "Mozilla/5.0 (compatible; bingbot/2.0; +http://www.bing.com/bingbot.htm)" "ysfine.com"
157.55.39.58 - - [12/Oct/2022:19:14:23 -0700] "GET /world/china/shenyang34.jpg HTTP/1.1" 200 111655 "-" "Mozilla/5.0 (compatible; bingbot/2.0; +http://www.bing.com/bingbot.htm)" "ysfine.com"
157.55.39.127 - - [12/Oct/2022:19:15:42 -0700] "GET /world/poland/gdn67.jpg HTTP/1.1" 200 121569 "-" "Mozilla/5.0 (compatible; bingbot/2.0; +http://www.bing.com/bingbot.htm)" "ysfine.com"
73.228.190.229 - - [12/Oct/2022:19:17:53 -0700] "GET /einstein/einglaub01.jpg HTTP/1.1" 200 121877 "https://www.google.com/" "Mozilla/5.0 (Windows NT 10.0; Win64; x64) AppleWebKit/537.36 (KHTML, like Gecko) Chrome/106.0.0.0 Safari/537.36" "ysfine.com"
157.55.39.128 - - [12/Oct/2022:19:19:08 -0700] "GET /feynman/ppic/qboil66.jpg HTTP/1.1" 200 111355 "-" "Mozilla/5.0 (compatible; bingbot/2.0; +http://www.bing.com/bingbot.htm)" "ysfine.com"
162.252.136.125 - - [12/Oct/2022:19:19:34 -0700] "GET /princeton/nasshall01.jpg HTTP/1.1" 200 169242 "https://www.google.com/" "Mozilla/5.0 (Windows NT 10.0; Win64; x64) AppleWebKit/537.36 (KHTML, like Gecko) Chrome/106.0.0.0 Safari/537.36" "ysfine.com"
157.55.39.127 - - [12/Oct/2022:19:20:23 -0700] "GET /world/ital/veronasis01.jpg HTTP/1.1" 200 125798 "-" "Mozilla/5.0 (compatible; bingbot/2.0; +http://www.bing.com/bingbot.htm)" "ysfine.com"
157.55.39.128 - - [12/Oct/2022:19:20:47 -0700] "GET /wdc/anna09.jpg HTTP/1.1" 200 103182 "-" "Mozilla/5.0 (compatible; bingbot/2.0; +http://www.bing.com/bingbot.htm)" "www.ysfine.com"
157.55.39.55 - - [12/Oct/2022:19:22:04 -0700] "GET /kobak/bow.jpg HTTP/1.1" 200 90533 "-" "Mozilla/5.0 AppleWebKit/537.36 (KHTML, like Gecko; compatible; bingbot/2.0; +http://www.bing.com/bingbot.htm) Chrome/103.0.5060.134 Safari/537.36" "ysfine.com"
157.55.39.55 - - [12/Oct/2022:19:22:15 -0700] "GET /bio/style/ystyle.html HTTP/1.1" 404 88 "-" "Mozilla/5.0 (compatible; bingbot/2.0; +http://www.bing.com/bingbot.htm)" "ysfine.com"
157.55.39.127 - - [12/Oct/2022:19:22:23 -0700] "GET /world/russ/kazan041.jpg HTTP/1.1" 200 64820 "-" "Mozilla/5.0 (compatible; bingbot/2.0; +http://www.bing.com/bingbot.htm)" "ysfine.com"
40.77.167.27 - - [12/Oct/2022:19:22:55 -0700] "GET /world/germany/johannstra66.jpg HTTP/1.1" 200 152314 "-" "Mozilla/5.0 (compatible; bingbot/2.0; +http://www.bing.com/bingbot.htm)" "ysfine.com"
157.100.142.88 - - [12/Oct/2022:19:22:55 -0700] "GET /kobak/1014c.jpg HTTP/1.1" 200 164928 "https://www.google.com/" "Mozilla/5.0 (Windows NT 10.0; Win64; x64) AppleWebKit/537.36 (KHTML, like Gecko) Chrome/106.0.0.0 Safari/537.36" "ysfine.com"
207.46.13.102 - - [12/Oct/2022:19:25:59 -0700] "GET /bio/einstein/bern.html HTTP/1.1" 404 88 "-" "Mozilla/5.0 (compatible; bingbot/2.0; +http://www.bing.com/bingbot.htm)" "ysfine.com"
128.2.177.108 - - [12/Oct/2022:19:26:05 -0700] "GET /wigner/wighome11.jpg HTTP/1.1" 200 201679 "-" "Mozilla/5.0 (X11; Linux i686) AppleWebKit/537.17 (KHTML, like Gecko) Chrome/24.0.1312.27 Safari/537.17" "ysfine.com"
128.2.177.108 - - [12/Oct/2022:19:26:07 -0700] "GET /wigner/wiggursey.jpg HTTP/1.1" 200 97493 "-" "Mozilla/5.0 (X11; Linux i686) AppleWebKit/537.17 (KHTML, like Gecko) Chrome/24.0.1312.27 Safari/537.17" "ysfine.com"
128.2.177.108 - - [12/Oct/2022:19:26:08 -0700] "GET /wigner/narco.jpg HTTP/1.1" 200 95166 "-" "Mozilla/5.0 (X11; Linux i686) AppleWebKit/537.17 (KHTML, like Gecko) Chrome/24.0.1312.27 Safari/537.17" "ysfine.com"
128.2.177.108 - - [12/Oct/2022:19:26:10 -0700] "GET /dirac/dirwig33.jpg HTTP/1.1" 200 49208 "-" "Mozilla/5.0 (X11; Linux i686) AppleWebKit/537.17 (KHTML, like Gecko) Chrome/24.0.1312.27 Safari/537.17" "ysfine.com"
128.2.177.108 - - [12/Oct/2022:19:26:12 -0700] "GET /dirac/dirac63.jpg HTTP/1.1" 200 83306 "-" "Mozilla/5.0 (X11; Linux i686) AppleWebKit/537.17 (KHTML, like Gecko) Chrome/24.0.1312.27 Safari/537.17" "ysfine.com"
128.2.177.108 - - [12/Oct/2022:19:26:14 -0700] "GET /home/eward55.jpg HTTP/1.1" 200 177769 "-" "Mozilla/5.0 (X11; Linux i686) AppleWebKit/537.17 (KHTML, like Gecko) Chrome/24.0.1312.27 Safari/537.17" "ysfine.com"
128.2.177.108 - - [12/Oct/2022:19:26:20 -0700] "GET /world/germany/tub35.jpg HTTP/1.1" 200 114393 "-" "Mozilla/5.0 (X11; Linux i686) AppleWebKit/537.17 (KHTML, like Gecko) Chrome/24.0.1312.27 Safari/537.17" "ysfine.com"
128.2.177.108 - - [12/Oct/2022:19:26:27 -0700] "GET /dirac/wigsis11.jpg HTTP/1.1" 200 71741 "-" "Mozilla/5.0 (X11; Linux i686) AppleWebKit/537.17 (KHTML, like Gecko) Chrome/24.0.1312.27 Safari/537.17" "ysfine.com"
207.46.13.102 - - [12/Oct/2022:19:26:49 -0700] "GET /world/china/dalian12.jpg HTTP/1.1" 200 53825 "-" "Mozilla/5.0 (compatible; bingbot/2.0; +http://www.bing.com/bingbot.htm)" "ysfine.com"
35.238.160.93 - - [12/Oct/2022:19:26:57 -0700] "GET /princeton/firestone22.jpg HTTP/1.1" 200 112919 "-" "Mozilla/5.0 (X11; Ubuntu; Linux x86_64; rv:72.0) Gecko/20100101 Firefox/72.0" "ysfine.com"
157.55.39.128 - - [12/Oct/2022:19:26:59 -0700] "GET /world/france/orsaym08.jpg HTTP/1.1" 200 91118 "-" "Mozilla/5.0 (compatible; bingbot/2.0; +http://www.bing.com/bingbot.htm)" "ysfine.com"
157.55.39.128 - - [12/Oct/2022:19:27:49 -0700] "GET /princeton/pcomm03.jpg HTTP/1.1" 200 98689 "-" "Mozilla/5.0 (compatible; bingbot/2.0; +http://www.bing.com/bingbot.htm)" "www.ysfine.com"
207.46.13.102 - - [12/Oct/2022:19:28:30 -0700] "GET /bio/kobak/namdae.html HTTP/1.1" 404 88 "-" "Mozilla/5.0 (compatible; bingbot/2.0; +http://www.bing.com/bingbot.htm)" "ysfine.com"
157.55.39.58 - - [12/Oct/2022:19:28:46 -0700] "GET /style/vienopera22.jpg HTTP/1.1" 200 125468 "-" "Mozilla/5.0 (compatible; bingbot/2.0; +http://www.bing.com/bingbot.htm)" "www.ysfine.com"
207.46.13.102 - - [12/Oct/2022:19:28:59 -0700] "GET /world/germany/johannstra66.jpg HTTP/1.1" 200 152314 "-" "Mozilla/5.0 (compatible; bingbot/2.0; +http://www.bing.com/bingbot.htm)" "www.ysfine.com"
157.55.39.58 - - [12/Oct/2022:19:29:07 -0700] "GET /bio/world/index.html HTTP/1.1" 404 88 "-" "Mozilla/5.0 (compatible; bingbot/2.0; +http://www.bing.com/bingbot.htm)" "ysfine.com"
98.10.227.228 - - [12/Oct/2022:19:29:38 -0700] "GET /maga/phys/schrod11.jpg HTTP/1.1" 200 107958 "https://www.bing.com/" "Mozilla/5.0 (Windows NT 10.0; Win64; x64) AppleWebKit/537.36 (KHTML, like Gecko) Chrome/106.0.0.0 Safari/537.36 Edg/106.0.1370.42" "www.ysfine.com"
65.109.26.42 - - [12/Oct/2022:19:30:27 -0700] "GET /robots.txt HTTP/1.1" 404 73 "-" "Mozilla/5.0 (compatible; MJ12bot/v1.4.8; http://mj12bot.com/)" "ysfine.com"
40.77.167.27 - - [12/Oct/2022:19:30:45 -0700] "GET /princeton/stevenson33.jpg HTTP/1.1" 200 54494 "-" "Mozilla/5.0 AppleWebKit/537.36 (KHTML, like Gecko; compatible; bingbot/2.0; +http://www.bing.com/bingbot.htm) Chrome/103.0.5060.134 Safari/537.36" "ysfine.com"
65.109.26.42 - - [12/Oct/2022:19:30:49 -0700] "GET /robots.txt HTTP/1.1" 404 73 "-" "Mozilla/5.0 (compatible; MJ12bot/v1.4.8; http://mj12bot.com/)" "www.ysfine.com"
65.109.26.42 - - [12/Oct/2022:19:30:58 -0700] "GET /usca/neworl.html HTTP/1.1" 200 14308 "-" "Mozilla/5.0 (compatible; MJ12bot/v1.4.8; http://mj12bot.com/)" "www.ysfine.com"
65.109.26.42 - - [12/Oct/2022:19:31:01 -0700] "GET /usca/neworl.html HTTP/1.1" 200 14308 "-" "Mozilla/5.0 (compatible; MJ12bot/v1.4.8; http://mj12bot.com/)" "www.ysfine.com"
77.88.5.46 - - [12/Oct/2022:19:31:10 -0700] "GET /robots.txt HTTP/1.1" 404 73 "-" "Mozilla/5.0 (compatible; YandexBot/3.0; +http://yandex.com/bots)" "www.ysfine.com"
77.88.5.46 - - [12/Oct/2022:19:31:13 -0700] "GET /world/russ/minskf13.jpg HTTP/1.1" 200 269999 "-" "Mozilla/5.0 (compatible; YandexImages/3.0; +http://yandex.com/bots)" "www.ysfine.com"
185.191.171.2 - - [12/Oct/2022:19:32:28 -0700] "GET /robots.txt HTTP/1.1" 404 88 "-" "Mozilla/5.0 (compatible; SemrushBot/7~bl; +http://www.semrush.com/bot.html)" "ysfine.com"
201.27.81.18 - - [12/Oct/2022:19:32:44 -0700] "GET /wigner/neum/vnc01.jpg HTTP/1.1" 200 133641 "https://sites.google.com/" "Mozilla/5.0 (Linux; Android 11; moto g(10)) AppleWebKit/537.36 (KHTML, like Gecko) Chrome/106.0.0.0 Mobile Safari/537.36" "ysfine.com"
40.77.167.27 - - [12/Oct/2022:19:32:56 -0700] "GET /world/russ/spbf29.jpg HTTP/1.1" 200 191163 "-" "Mozilla/5.0 (compatible; bingbot/2.0; +http://www.bing.com/bingbot.htm)" "www.ysfine.com"
110.175.98.218 - - [12/Oct/2022:19:34:29 -0700] "GET /world/ital/panth01.jpg HTTP/1.1" 200 100632 "https://www.google.com.au/" "Mozilla/5.0 (Macintosh; Intel Mac OS X 10_15_6) AppleWebKit/605.1.15 (KHTML, like Gecko) Version/15.6,2 Safari/605.1.15" "ysfine.com"
54.89.51.239 - - [12/Oct/2022:19:34:42 -0700] "GET /newyork/index.html HTTP/1.1" 200 132 "-" "Mozilla/5.0 (Windows NT 10.0; Win64; x64) AppleWebKit/537.36 (KHTML, like Gecko) Chrome/106.0.0.0 Safari/537.36" "ysfine.com"
