157.55.39.127 - - [11/Oct/2022:22:03:02 -0700] "GET /feynman/restof11.jpg HTTP/1.1" 200 92124 "-" "Mozilla/5.0 AppleWebKit/537.36 (KHTML, like Gecko; compatible; bingbot/2.0; +http://www.bing.com/bingbot.htm) Chrome/103.0.5060.134 Safari/537.36" "www.ysfine.com"
157.55.39.55 - - [11/Oct/2022:22:03:05 -0700] "GET /maga/boltz/qboil66a.jpg HTTP/1.1" 200 64414 "-" "Mozilla/5.0 AppleWebKit/537.36 (KHTML, like Gecko; compatible; bingbot/2.0; +http://www.bing.com/bingbot.htm) Chrome/103.0.5060.134 Safari/537.36" "ysfine.com"
207.46.13.102 - - [11/Oct/2022:22:03:13 -0700] "GET /maga/invent/joak33.jpg HTTP/1.1" 200 108090 "-" "Mozilla/5.0 (compatible; bingbot/2.0; +http://www.bing.com/bingbot.htm)" "ysfine.com"
157.55.39.55 - - [11/Oct/2022:22:03:47 -0700] "GET /world/ital/venice15b.jpg HTTP/1.1" 200 31851 "-" "Mozilla/5.0 (compatible; bingbot/2.0; +http://www.bing.com/bingbot.htm)" "ysfine.com"
195.191.219.131 - - [11/Oct/2022:22:04:26 -0700] "GET /robots.txt HTTP/1.1" 404 73 "-" "Mozilla/5.0 (compatible; MJ12bot/v1.4.8; http://mj12bot.com/)" "ysfine.com"
195.191.219.131 - - [11/Oct/2022:22:04:27 -0700] "GET /einstein/ulm.html HTTP/1.1" 200 6713 "-" "Mozilla/5.0 (compatible; MJ12bot/v1.4.8; http://mj12bot.com/)" "ysfine.com"
190.140.189.143 - - [11/Oct/2022:22:04:29 -0700] "GET /class54/pics/g112.jpg HTTP/1.1" 200 91531 "https://www.google.com/" "Mozilla/5.0 (Windows NT 10.0; Win64; x64) AppleWebKit/537.36 (KHTML, like Gecko) Chrome/105.0.0.0 Safari/537.36" "ysfine.com"
40.77.167.27 - - [11/Oct/2022:22:04:42 -0700] "GET /bio/world/berlin.html HTTP/1.1" 404 88 "-" "Mozilla/5.0 (compatible; bingbot/2.0; +http://www.bing.com/bingbot.htm)" "ysfine.com"
40.77.167.27 - - [11/Oct/2022:22:04:43 -0700] "GET /bio/world/berlin.html HTTP/1.1" 404 88 "-" "Mozilla/5.0 (compatible; bingbot/2.0; +http://www.bing.com/bingbot.htm)" "ysfine.com"
5.188.210.38 - - [11/Oct/2022:22:05:20 -0700] "GET /world/travel.html HTTP/1.1" 200 5186 "https://www.ysfine.com/world/travel.html" "Mozilla/5.0 (Windows NT 10.0; Win64; x64) AppleWebKit/537.36 (KHTML, like Gecko) Chrome/90.0.4430.72 Safari/537.36" "www.ysfine.com"
40.77.167.27 - - [11/Oct/2022:22:05:21 -0700] "GET /world/brit/harrod11.jpg HTTP/1.1" 200 86191 "-" "Mozilla/5.0 AppleWebKit/537.36 (KHTML, like Gecko; compatible; bingbot/2.0; +http://www.bing.com/bingbot.htm) Chrome/103.0.5060.134 Safari/537.36" "ysfine.com"
5.188.210.38 - - [11/Oct/2022:22:05:21 -0700] "GET / HTTP/1.1" 200 15910 "https://www.ysfine.com/" "Mozilla/5.0 (Windows NT 10.0; Win64; x64) AppleWebKit/537.36 (KHTML, like Gecko) Chrome/90.0.4430.72 Safari/537.36" "www.ysfine.com"
157.55.39.127 - - [11/Oct/2022:22:05:21 -0700] "GET /world/germany/trier14.jpg HTTP/1.1" 200 315898 "-" "Mozilla/5.0 AppleWebKit/537.36 (KHTML, like Gecko; compatible; bingbot/2.0; +http://www.bing.com/bingbot.htm) Chrome/103.0.5060.134 Safari/537.36" "www.ysfine.com"
157.55.39.55 - - [11/Oct/2022:22:05:37 -0700] "GET /bio/princeton/campus.html HTTP/1.1" 404 88 "-" "Mozilla/5.0 AppleWebKit/537.36 (KHTML, like Gecko; compatible; bingbot/2.0; +http://www.bing.com/bingbot.htm) Chrome/103.0.5060.134 Safari/537.36" "ysfine.com"
70.64.61.57 - - [11/Oct/2022:22:05:47 -0700] "GET /einstein/einbohr33.jpg HTTP/1.1" 200 87797 "https://www.google.com/" "Mozilla/5.0 (iPhone; CPU iPhone OS 14_4_2 like Mac OS X) AppleWebKit/605.1.15 (KHTML, like Gecko) Version/14.0.3 Mobile/15E148 Safari/604.1" "ysfine.com"
40.77.167.27 - - [11/Oct/2022:22:06:10 -0700] "GET /class54/pics/solo09.jpg HTTP/1.1" 200 83724 "-" "Mozilla/5.0 (compatible; bingbot/2.0; +http://www.bing.com/bingbot.htm)" "ysfine.com"
93.158.161.40 - - [11/Oct/2022:22:06:42 -0700] "GET /robots.txt HTTP/1.1" 404 73 "-" "Mozilla/5.0 (compatible; YandexBot/3.0; +http://yandex.com/bots)" "www.ysfine.com"
93.158.161.40 - - [11/Oct/2022:22:06:44 -0700] "GET /world/japan/nara001.jpg HTTP/1.1" 304 - "-" "Mozilla/5.0 (compatible; YandexImages/3.0; +http://yandex.com/bots)" "www.ysfine.com"
157.55.39.128 - - [11/Oct/2022:22:07:53 -0700] "GET /bio/newyork/columbia.html HTTP/1.1" 404 88 "-" "Mozilla/5.0 AppleWebKit/537.36 (KHTML, like Gecko; compatible; bingbot/2.0; +http://www.bing.com/bingbot.htm) Chrome/103.0.5060.134 Safari/537.36" "ysfine.com"
40.77.167.27 - - [11/Oct/2022:22:08:42 -0700] "GET /bio/einstein/einchew.html HTTP/1.1" 404 88 "-" "Mozilla/5.0 (compatible; bingbot/2.0; +http://www.bing.com/bingbot.htm)" "ysfine.com"
157.55.39.58 - - [11/Oct/2022:22:09:32 -0700] "GET /maga/invent/westing2.jpg HTTP/1.1" 200 40071 "-" "Mozilla/5.0 (compatible; bingbot/2.0; +http://www.bing.com/bingbot.htm)" "ysfine.com"
157.55.39.128 - - [11/Oct/2022:22:09:44 -0700] "GET /usca/pitt/cmall57.jpg HTTP/1.1" 200 81506 "-" "Mozilla/5.0 (compatible; bingbot/2.0; +http://www.bing.com/bingbot.htm)" "ysfine.com"
157.55.39.55 - - [11/Oct/2022:22:09:47 -0700] "GET /world/balkan/istan051.jpg HTTP/1.1" 200 77878 "-" "Mozilla/5.0 (compatible; bingbot/2.0; +http://www.bing.com/bingbot.htm)" "ysfine.com"
157.55.39.55 - - [11/Oct/2022:22:09:48 -0700] "GET /maga/histo/swedking01.jpg HTTP/1.1" 200 150012 "-" "Mozilla/5.0 AppleWebKit/537.36 (KHTML, like Gecko; compatible; bingbot/2.0; +http://www.bing.com/bingbot.htm) Chrome/103.0.5060.134 Safari/537.36" "ysfine.com"
77.88.5.245 - - [11/Oct/2022:22:10:33 -0700] "GET /robots.txt HTTP/1.1" 404 73 "-" "Mozilla/5.0 (compatible; YandexBot/3.0; +http://yandex.com/bots)" "ysfine.com"
77.88.5.46 - - [11/Oct/2022:22:10:37 -0700] "GET /world/france/flore12.jpg HTTP/1.1" 200 114337 "-" "Mozilla/5.0 (compatible; YandexImages/3.0; +http://yandex.com/bots)" "ysfine.com"
65.108.211.116 - - [11/Oct/2022:22:10:56 -0700] "GET /wdc/dar22.jpg HTTP/1.1" 200 95374 "-" "Mozilla/5.0 (X11; Fedora; Linux x86_64) AppleWebKit/537.36 (KHTML, like Gecko) Chrome/79.0.3945.117 Safari/537.36" "www.ysfine.com"
157.55.39.128 - - [11/Oct/2022:22:11:33 -0700] "GET /kobak/swr64c.jpg HTTP/1.1" 200 28709 "-" "Mozilla/5.0 AppleWebKit/537.36 (KHTML, like Gecko; compatible; bingbot/2.0; +http://www.bing.com/bingbot.htm) Chrome/103.0.5060.134 Safari/537.36" "ysfine.com"
157.55.39.128 - - [11/Oct/2022:22:11:44 -0700] "GET /newyork/rocke12.jpg HTTP/1.1" 200 248937 "-" "Mozilla/5.0 (compatible; bingbot/2.0; +http://www.bing.com/bingbot.htm)" "ysfine.com"
157.55.39.58 - - [11/Oct/2022:22:11:53 -0700] "GET /bio/bio07.html HTTP/1.1" 404 88 "-" "Mozilla/5.0 AppleWebKit/537.36 (KHTML, like Gecko; compatible; bingbot/2.0; +http://www.bing.com/bingbot.htm) Chrome/103.0.5060.134 Safari/537.36" "ysfine.com"
207.46.13.102 - - [11/Oct/2022:22:12:14 -0700] "GET /kowar/zhukov01.jpg HTTP/1.1" 200 99575 "-" "Mozilla/5.0 AppleWebKit/537.36 (KHTML, like Gecko; compatible; bingbot/2.0; +http://www.bing.com/bingbot.htm) Chrome/103.0.5060.134 Safari/537.36" "ysfine.com"
40.77.167.27 - - [11/Oct/2022:22:14:31 -0700] "GET /world/china/hongkong71b.jpg HTTP/1.1" 200 33610 "-" "Mozilla/5.0 AppleWebKit/537.36 (KHTML, like Gecko; compatible; bingbot/2.0; +http://www.bing.com/bingbot.htm) Chrome/103.0.5060.134 Safari/537.36" "ysfine.com"
207.46.13.102 - - [11/Oct/2022:22:14:35 -0700] "GET /bio/world/leipzig.html HTTP/1.1" 404 88 "-" "Mozilla/5.0 (compatible; bingbot/2.0; +http://www.bing.com/bingbot.htm)" "ysfine.com"
157.55.39.58 - - [11/Oct/2022:22:15:23 -0700] "GET /bio/harmoarchi.html HTTP/1.1" 404 88 "-" "Mozilla/5.0 (compatible; bingbot/2.0; +http://www.bing.com/bingbot.htm)" "ysfine.com"
157.55.39.128 - - [11/Oct/2022:22:15:27 -0700] "GET /ffriends/fchemi.jpg HTTP/1.1" 200 69014 "-" "Mozilla/5.0 AppleWebKit/537.36 (KHTML, like Gecko; compatible; bingbot/2.0; +http://www.bing.com/bingbot.htm) Chrome/103.0.5060.134 Safari/537.36" "ysfine.com"
66.249.66.43 - - [11/Oct/2022:22:15:50 -0700] "GET /einstein/einplanck3.jpg HTTP/1.1" 304 - "-" "Googlebot-Image/1.0" "ysfine.com"
47.187.29.129 - - [11/Oct/2022:22:16:04 -0700] "GET /jobs/koreaj.html HTTP/1.1" 200 10214 "-" "Mozilla/5.0 (iPhone; CPU iPhone OS 15_6_1 like Mac OS X) AppleWebKit/605.1.15 (KHTML, like Gecko) Version/15.6.1 Mobile/15E148 Safari/604.1" "ysfine.com"
47.187.29.129 - - [11/Oct/2022:22:16:05 -0700] "GET /apple-touch-icon-120x120-precomposed.png HTTP/1.1" 404 88 "-" "MobileSafari/8613.3.9.0.16 CFNetwork/1335.0.3 Darwin/21.6.0" "ysfine.com"
47.187.29.129 - - [11/Oct/2022:22:16:05 -0700] "GET /apple-touch-icon-120x120.png HTTP/1.1" 404 88 "-" "MobileSafari/8613.3.9.0.16 CFNetwork/1335.0.3 Darwin/21.6.0" "ysfine.com"
47.187.29.129 - - [11/Oct/2022:22:16:05 -0700] "GET /apple-touch-icon-precomposed.png HTTP/1.1" 404 88 "-" "MobileSafari/8613.3.9.0.16 CFNetwork/1335.0.3 Darwin/21.6.0" "ysfine.com"
47.187.29.129 - - [11/Oct/2022:22:16:05 -0700] "GET /apple-touch-icon.png HTTP/1.1" 404 88 "-" "MobileSafari/8613.3.9.0.16 CFNetwork/1335.0.3 Darwin/21.6.0" "ysfine.com"
47.187.29.129 - - [11/Oct/2022:22:16:05 -0700] "GET /favicon.ico HTTP/1.1" 404 88 "-" "MobileSafari/8613.3.9.0.16 CFNetwork/1335.0.3 Darwin/21.6.0" "ysfine.com"
47.187.29.129 - - [11/Oct/2022:22:16:05 -0700] "GET /apple-touch-icon-120x120-precomposed.png HTTP/1.1" 404 88 "-" "MobileSafari/8613.3.9.0.16 CFNetwork/1335.0.3 Darwin/21.6.0" "ysfine.com"
47.187.29.129 - - [11/Oct/2022:22:16:05 -0700] "GET /apple-touch-icon-120x120.png HTTP/1.1" 404 88 "-" "MobileSafari/8613.3.9.0.16 CFNetwork/1335.0.3 Darwin/21.6.0" "ysfine.com"
47.187.29.129 - - [11/Oct/2022:22:16:05 -0700] "GET /apple-touch-icon-precomposed.png HTTP/1.1" 404 88 "-" "MobileSafari/8613.3.9.0.16 CFNetwork/1335.0.3 Darwin/21.6.0" "ysfine.com"
47.187.29.129 - - [11/Oct/2022:22:16:05 -0700] "GET /apple-touch-icon.png HTTP/1.1" 404 88 "-" "MobileSafari/8613.3.9.0.16 CFNetwork/1335.0.3 Darwin/21.6.0" "ysfine.com"
47.187.29.129 - - [11/Oct/2022:22:16:05 -0700] "GET /favicon.ico HTTP/1.1" 404 88 "-" "MobileSafari/8613.3.9.0.16 CFNetwork/1335.0.3 Darwin/21.6.0" "ysfine.com"
157.55.39.55 - - [11/Oct/2022:22:16:58 -0700] "GET /confer/newsgr.html HTTP/1.1" 200 944 "-" "Mozilla/5.0 AppleWebKit/537.36 (KHTML, like Gecko; compatible; bingbot/2.0; +http://www.bing.com/bingbot.htm) Chrome/103.0.5060.134 Safari/537.36" "ysfine.com"
40.77.167.27 - - [11/Oct/2022:22:17:02 -0700] "GET /kobak/sebiro.html HTTP/1.1" 200 8966 "-" "Mozilla/5.0 (compatible; bingbot/2.0; +http://www.bing.com/bingbot.htm)" "ysfine.com"
157.55.39.127 - - [11/Oct/2022:22:17:02 -0700] "GET /home/easy.html HTTP/1.1" 200 7877 "-" "Mozilla/5.0 (compatible; bingbot/2.0; +http://www.bing.com/bingbot.htm)" "ysfine.com"
66.249.66.43 - - [11/Oct/2022:22:17:38 -0700] "GET /class54/class5470/total_data/refer_img/2-105_f.jpg HTTP/1.1" 200 38971 "-" "Googlebot-Image/1.0" "ysfine.com"
207.46.13.102 - - [11/Oct/2022:22:18:04 -0700] "GET /einstein/places/ulm01.jpg HTTP/1.1" 200 54884 "-" "Mozilla/5.0 (compatible; bingbot/2.0; +http://www.bing.com/bingbot.htm)" "www.ysfine.com"
157.55.39.55 - - [11/Oct/2022:22:18:17 -0700] "GET /einstein/locoher22.jpg HTTP/1.1" 200 71064 "-" "Mozilla/5.0 AppleWebKit/537.36 (KHTML, like Gecko; compatible; bingbot/2.0; +http://www.bing.com/bingbot.htm) Chrome/103.0.5060.134 Safari/537.36" "ysfine.com"
157.55.39.58 - - [11/Oct/2022:22:18:23 -0700] "GET /world/brit/oxlon50.jpg HTTP/1.1" 200 129717 "-" "Mozilla/5.0 (compatible; bingbot/2.0; +http://www.bing.com/bingbot.htm)" "ysfine.com"
114.119.128.162 - - [11/Oct/2022:22:18:29 -0700] "GET /einstein/fieldstr.html HTTP/1.1" 200 4257 "https://www.ysfine.com/einstein/einnobel.html" "Mozilla/5.0 (Linux; Android 7.0;) AppleWebKit/537.36 (KHTML, like Gecko) Mobile Safari/537.36 (compatible; PetalBot;+https://webmaster.petalsearch.com/site/petalbot)" "www.ysfine.com"
106.203.136.127 - - [11/Oct/2022:22:18:44 -0700] "GET /world/brit/etonharrow.html HTTP/1.1" 200 4546 "https://www.google.com/" "Mozilla/5.0 (Linux; Android 12; M2101K6P) AppleWebKit/537.36 (KHTML, like Gecko) Chrome/106.0.0.0 Mobile Safari/537.36" "ysfine.com"
106.203.136.127 - - [11/Oct/2022:22:18:45 -0700] "GET /world/brit/nehru11b.jpg HTTP/1.1" 200 43052 "https://ysfine.com/world/brit/etonharrow.html" "Mozilla/5.0 (Linux; Android 12; M2101K6P) AppleWebKit/537.36 (KHTML, like Gecko) Chrome/106.0.0.0 Mobile Safari/537.36" "ysfine.com"
106.203.136.127 - - [11/Oct/2022:22:18:45 -0700] "GET /world/brit/winston01b.jpg HTTP/1.1" 200 38436 "https://ysfine.com/world/brit/etonharrow.html" "Mozilla/5.0 (Linux; Android 12; M2101K6P) AppleWebKit/537.36 (KHTML, like Gecko) Chrome/106.0.0.0 Mobile Safari/537.36" "ysfine.com"
106.203.136.127 - - [11/Oct/2022:22:18:45 -0700] "GET /kobak/kwk11b.jpg HTTP/1.1" 200 46888 "https://ysfine.com/world/brit/etonharrow.html" "Mozilla/5.0 (Linux; Android 12; M2101K6P) AppleWebKit/537.36 (KHTML, like Gecko) Chrome/106.0.0.0 Mobile Safari/537.36" "ysfine.com"
106.203.136.127 - - [11/Oct/2022:22:18:45 -0700] "GET /world/brit/eton03b.jpg HTTP/1.1" 200 45141 "https://ysfine.com/world/brit/etonharrow.html" "Mozilla/5.0 (Linux; Android 12; M2101K6P) AppleWebKit/537.36 (KHTML, like Gecko) Chrome/106.0.0.0 Mobile Safari/537.36" "ysfine.com"
106.203.136.127 - - [11/Oct/2022:22:18:45 -0700] "GET /world/brit/eton07b.jpg HTTP/1.1" 200 36566 "https://ysfine.com/world/brit/etonharrow.html" "Mozilla/5.0 (Linux; Android 12; M2101K6P) AppleWebKit/537.36 (KHTML, like Gecko) Chrome/106.0.0.0 Mobile Safari/537.36" "ysfine.com"
106.203.136.127 - - [11/Oct/2022:22:18:45 -0700] "GET /world/brit/windsor02b.jpg HTTP/1.1" 200 40724 "https://ysfine.com/world/brit/etonharrow.html" "Mozilla/5.0 (Linux; Android 12; M2101K6P) AppleWebKit/537.36 (KHTML, like Gecko) Chrome/106.0.0.0 Mobile Safari/537.36" "ysfine.com"
106.203.136.127 - - [11/Oct/2022:22:18:45 -0700] "GET /world/brit/eton01b.jpg HTTP/1.1" 200 47771 "https://ysfine.com/world/brit/etonharrow.html" "Mozilla/5.0 (Linux; Android 12; M2101K6P) AppleWebKit/537.36 (KHTML, like Gecko) Chrome/106.0.0.0 Mobile Safari/537.36" "ysfine.com"
106.203.136.127 - - [11/Oct/2022:22:18:45 -0700] "GET /world/brit/eton02b.jpg HTTP/1.1" 200 39432 "https://ysfine.com/world/brit/etonharrow.html" "Mozilla/5.0 (Linux; Android 12; M2101K6P) AppleWebKit/537.36 (KHTML, like Gecko) Chrome/106.0.0.0 Mobile Safari/537.36" "ysfine.com"
106.203.136.127 - - [11/Oct/2022:22:18:46 -0700] "GET /world/brit/harrow01b.jpg HTTP/1.1" 200 54632 "https://ysfine.com/world/brit/etonharrow.html" "Mozilla/5.0 (Linux; Android 12; M2101K6P) AppleWebKit/537.36 (KHTML, like Gecko) Chrome/106.0.0.0 Mobile Safari/537.36" "ysfine.com"
106.203.136.127 - - [11/Oct/2022:22:18:46 -0700] "GET /world/brit/harrow09b.jpg HTTP/1.1" 200 48797 "https://ysfine.com/world/brit/etonharrow.html" "Mozilla/5.0 (Linux; Android 12; M2101K6P) AppleWebKit/537.36 (KHTML, like Gecko) Chrome/106.0.0.0 Mobile Safari/537.36" "ysfine.com"
106.203.136.127 - - [11/Oct/2022:22:18:46 -0700] "GET /world/brit/harrow12b.jpg HTTP/1.1" 200 45104 "https://ysfine.com/world/brit/etonharrow.html" "Mozilla/5.0 (Linux; Android 12; M2101K6P) AppleWebKit/537.36 (KHTML, like Gecko) Chrome/106.0.0.0 Mobile Safari/537.36" "ysfine.com"
106.203.136.127 - - [11/Oct/2022:22:18:46 -0700] "GET /world/brit/harrow04b.jpg HTTP/1.1" 200 48004 "https://ysfine.com/world/brit/etonharrow.html" "Mozilla/5.0 (Linux; Android 12; M2101K6P) AppleWebKit/537.36 (KHTML, like Gecko) Chrome/106.0.0.0 Mobile Safari/537.36" "ysfine.com"
106.203.136.127 - - [11/Oct/2022:22:18:47 -0700] "GET /world/brit/harrow11b.jpg HTTP/1.1" 200 42533 "https://ysfine.com/world/brit/etonharrow.html" "Mozilla/5.0 (Linux; Android 12; M2101K6P) AppleWebKit/537.36 (KHTML, like Gecko) Chrome/106.0.0.0 Mobile Safari/537.36" "ysfine.com"
106.203.136.127 - - [11/Oct/2022:22:18:47 -0700] "GET /eink/pwk19c.jpg HTTP/1.1" 200 57759 "https://ysfine.com/world/brit/etonharrow.html" "Mozilla/5.0 (Linux; Android 12; M2101K6P) AppleWebKit/537.36 (KHTML, like Gecko) Chrome/106.0.0.0 Mobile Safari/537.36" "ysfine.com"
106.203.136.127 - - [11/Oct/2022:22:18:47 -0700] "GET /kobak/taylor33c.jpg HTTP/1.1" 200 39951 "https://ysfine.com/world/brit/etonharrow.html" "Mozilla/5.0 (Linux; Android 12; M2101K6P) AppleWebKit/537.36 (KHTML, like Gecko) Chrome/106.0.0.0 Mobile Safari/537.36" "ysfine.com"
106.203.136.127 - - [11/Oct/2022:22:18:51 -0700] "GET /favicon.ico HTTP/1.1" 404 88 "https://ysfine.com/world/brit/etonharrow.html" "Mozilla/5.0 (Linux; Android 12; M2101K6P) AppleWebKit/537.36 (KHTML, like Gecko) Chrome/106.0.0.0 Mobile Safari/537.36" "ysfine.com"
192.0.112.50 - - [11/Oct/2022:22:18:55 -0700] "GET /wigner/neum/vnc01.jpg HTTP/1.1" 200 133641 "-" "Photon/1.0" "www.ysfine.com"
157.55.39.55 - - [11/Oct/2022:22:19:38 -0700] "GET /einstein/eingali.html HTTP/1.1" 200 2762 "-" "Mozilla/5.0 AppleWebKit/537.36 (KHTML, like Gecko; compatible; bingbot/2.0; +http://www.bing.com/bingbot.htm) Chrome/103.0.5060.134 Safari/537.36" "ysfine.com"
207.46.13.102 - - [11/Oct/2022:22:20:04 -0700] "GET /bio/einstein/bern.html HTTP/1.1" 404 88 "-" "Mozilla/5.0 (compatible; bingbot/2.0; +http://www.bing.com/bingbot.htm)" "ysfine.com"
207.46.13.102 - - [11/Oct/2022:22:20:46 -0700] "GET /world/germany/mucf27.jpg HTTP/1.1" 200 114997 "-" "Mozilla/5.0 (compatible; bingbot/2.0; +http://www.bing.com/bingbot.htm)" "www.ysfine.com"
157.55.39.127 - - [11/Oct/2022:22:21:54 -0700] "GET /bio/dirac/index.html HTTP/1.1" 404 88 "-" "Mozilla/5.0 AppleWebKit/537.36 (KHTML, like Gecko; compatible; bingbot/2.0; +http://www.bing.com/bingbot.htm) Chrome/103.0.5060.134 Safari/537.36" "ysfine.com"
157.55.39.128 - - [11/Oct/2022:22:21:58 -0700] "GET /world/russ/minskf14.jpg HTTP/1.1" 200 75273 "-" "Mozilla/5.0 (compatible; bingbot/2.0; +http://www.bing.com/bingbot.htm)" "ysfine.com"
173.26.180.114 - - [11/Oct/2022:22:22:16 -0700] "GET /feynman/ppic/parton88a.jpg HTTP/1.1" 200 55506 "https://www.google.com/" "Mozilla/5.0 (iPhone; CPU iPhone OS 15_4_1 like Mac OS X) AppleWebKit/605.1.15 (KHTML, like Gecko) GSA/232.0.476785961 Mobile/19E258 Safari/604.1" "ysfine.com"
173.26.180.114 - - [11/Oct/2022:22:22:21 -0700] "GET /feynman/ppic/parton88a.jpg HTTP/1.1" 200 55506 "-" "Google/232.0.476785961 CFNetwork/1331.0.7 Darwin/21.4.0" "ysfine.com"
173.26.180.114 - - [11/Oct/2022:22:22:23 -0700] "GET /feynman/ppic/parton88a.jpg HTTP/1.1" 200 55506 "-" "com.google.GoogleMobile/232.0 iPhone/15.4.1 hw/iPhone11_8" "ysfine.com"
157.55.39.128 - - [11/Oct/2022:22:23:44 -0700] "GET /world/russ/arbat39.jpg HTTP/1.1" 200 125301 "-" "Mozilla/5.0 AppleWebKit/537.36 (KHTML, like Gecko; compatible; bingbot/2.0; +http://www.bing.com/bingbot.htm) Chrome/103.0.5060.134 Safari/537.36" "ysfine.com"
157.55.39.128 - - [11/Oct/2022:22:24:05 -0700] "GET /style/bachkova11.jpg HTTP/1.1" 200 66613 "-" "Mozilla/5.0 AppleWebKit/537.36 (KHTML, like Gecko; compatible; bingbot/2.0; +http://www.bing.com/bingbot.htm) Chrome/103.0.5060.134 Safari/537.36" "www.ysfine.com"
14.102.7.52 - - [11/Oct/2022:22:24:31 -0700] "GET /world/brit/eton05.jpg HTTP/1.1" 200 130056 "https://ysfine.com/world/brit/etonharrow.html" "Mozilla/5.0 (Linux; Android 12; M2101K6P) AppleWebKit/537.36 (KHTML, like Gecko) Chrome/106.0.0.0 Mobile Safari/537.36" "ysfine.com"
14.102.7.52 - - [11/Oct/2022:22:24:42 -0700] "GET /world/brit/eton02.jpg HTTP/1.1" 200 87821 "https://ysfine.com/world/brit/etonharrow.html" "Mozilla/5.0 (Linux; Android 12; M2101K6P) AppleWebKit/537.36 (KHTML, like Gecko) Chrome/106.0.0.0 Mobile Safari/537.36" "ysfine.com"
14.102.7.52 - - [11/Oct/2022:22:24:57 -0700] "GET /world/brit/eton04.jpg HTTP/1.1" 200 86842 "https://ysfine.com/world/brit/etonharrow.html" "Mozilla/5.0 (Linux; Android 12; M2101K6P) AppleWebKit/537.36 (KHTML, like Gecko) Chrome/106.0.0.0 Mobile Safari/537.36" "ysfine.com"
14.102.7.52 - - [11/Oct/2022:22:25:18 -0700] "GET /world/brit/eton07.jpg HTTP/1.1" 200 83284 "https://ysfine.com/world/brit/etonharrow.html" "Mozilla/5.0 (Linux; Android 12; M2101K6P) AppleWebKit/537.36 (KHTML, like Gecko) Chrome/106.0.0.0 Mobile Safari/537.36" "ysfine.com"
157.55.39.127 - - [11/Oct/2022:22:25:44 -0700] "GET /world/russ/kazan018.jpg HTTP/1.1" 200 84894 "-" "Mozilla/5.0 (compatible; bingbot/2.0; +http://www.bing.com/bingbot.htm)" "www.ysfine.com"
14.102.7.52 - - [11/Oct/2022:22:25:49 -0700] "GET /world/brit/windsor04.jpg HTTP/1.1" 200 94935 "https://ysfine.com/world/brit/etonharrow.html" "Mozilla/5.0 (Linux; Android 12; M2101K6P) AppleWebKit/537.36 (KHTML, like Gecko) Chrome/106.0.0.0 Mobile Safari/537.36" "ysfine.com"
157.55.39.55 - - [11/Oct/2022:22:26:09 -0700] "GET /bio/style/ystyle.html HTTP/1.1" 404 88 "-" "Mozilla/5.0 (compatible; bingbot/2.0; +http://www.bing.com/bingbot.htm)" "ysfine.com"
40.77.167.27 - - [11/Oct/2022:22:27:44 -0700] "GET /usca/pitt/steelm02.jpg HTTP/1.1" 200 122294 "-" "Mozilla/5.0 (compatible; bingbot/2.0; +http://www.bing.com/bingbot.htm)" "www.ysfine.com"
157.55.39.55 - - [11/Oct/2022:22:28:38 -0700] "GET /world/baltic/riga21.jpg HTTP/1.1" 200 92636 "-" "Mozilla/5.0 (compatible; bingbot/2.0; +http://www.bing.com/bingbot.htm)" "www.ysfine.com"
157.55.39.128 - - [11/Oct/2022:22:29:06 -0700] "GET /bio/kobak/soraech.html HTTP/1.1" 404 88 "-" "Mozilla/5.0 (compatible; bingbot/2.0; +http://www.bing.com/bingbot.htm)" "ysfine.com"
69.194.143.140 - - [11/Oct/2022:22:29:07 -0700] "GET /ads.txt HTTP/1.1" 404 88 "-" "Mozilla/5.0 (Macintosh; Intel Mac OS X 10_15_1) AppleWebKit/537.36 (KHTML, like Gecko) Chrome/84.0.4103.61 Safari/537.37" "ysfine.com"
69.194.143.140 - - [11/Oct/2022:22:29:07 -0700] "GET /ads.txt HTTP/1.1" 404 88 "-" "Mozilla/5.0 (Macintosh; Intel Mac OS X 10_15_1) AppleWebKit/537.36 (KHTML, like Gecko) Chrome/84.0.4103.61 Safari/537.37" "ysfine.com"
157.55.39.55 - - [11/Oct/2022:22:29:28 -0700] "GET /world/ital/padova05.jpg HTTP/1.1" 200 119136 "-" "Mozilla/5.0 AppleWebKit/537.36 (KHTML, like Gecko; compatible; bingbot/2.0; +http://www.bing.com/bingbot.htm) Chrome/103.0.5060.134 Safari/537.36" "www.ysfine.com"
157.55.39.127 - - [11/Oct/2022:22:29:34 -0700] "GET /world/poland/krk73.jpg HTTP/1.1" 200 71440 "-" "Mozilla/5.0 (compatible; bingbot/2.0; +http://www.bing.com/bingbot.htm)" "ysfine.com"
157.55.39.127 - - [11/Oct/2022:22:29:53 -0700] "GET /world/china/dalian34b.jpg HTTP/1.1" 200 37995 "-" "Mozilla/5.0 (compatible; bingbot/2.0; +http://www.bing.com/bingbot.htm)" "ysfine.com"
157.55.39.58 - - [11/Oct/2022:22:30:45 -0700] "GET /kowar/feb8b.jpg HTTP/1.1" 200 45612 "-" "Mozilla/5.0 AppleWebKit/537.36 (KHTML, like Gecko; compatible; bingbot/2.0; +http://www.bing.com/bingbot.htm) Chrome/103.0.5060.134 Safari/537.36" "ysfine.com"
40.77.167.27 - - [11/Oct/2022:22:31:14 -0700] "GET /style/charlesbr22.jpg HTTP/1.1" 200 114308 "-" "Mozilla/5.0 (compatible; bingbot/2.0; +http://www.bing.com/bingbot.htm)" "www.ysfine.com"
207.46.13.102 - - [11/Oct/2022:22:31:19 -0700] "GET /einstein/dff22.jpg HTTP/1.1" 200 39866 "-" "Mozilla/5.0 AppleWebKit/537.36 (KHTML, like Gecko; compatible; bingbot/2.0; +http://www.bing.com/bingbot.htm) Chrome/103.0.5060.134 Safari/537.36" "www.ysfine.com"
157.55.39.58 - - [11/Oct/2022:22:31:24 -0700] "GET /usca/pitt/knee22b.jpg HTTP/1.1" 200 43403 "-" "Mozilla/5.0 AppleWebKit/537.36 (KHTML, like Gecko; compatible; bingbot/2.0; +http://www.bing.com/bingbot.htm) Chrome/103.0.5060.134 Safari/537.36" "ysfine.com"
195.191.219.133 - - [11/Oct/2022:22:31:53 -0700] "GET /robots.txt HTTP/1.1" 404 73 "-" "Mozilla/5.0 (compatible; MJ12bot/v1.4.8; http://mj12bot.com/)" "www.ysfine.com"
195.191.219.133 - - [11/Oct/2022:22:31:56 -0700] "GET / HTTP/1.1" 200 5283 "-" "Mozilla/5.0 (compatible; MJ12bot/v1.4.8; http://mj12bot.com/)" "www.ysfine.com"
93.158.161.40 - - [11/Oct/2022:22:31:56 -0700] "GET /world/china/china037.jpg HTTP/1.1" 200 74820 "-" "Mozilla/5.0 (compatible; YandexImages/3.0; +http://yandex.com/bots)" "www.ysfine.com"
40.77.167.27 - - [11/Oct/2022:22:32:25 -0700] "GET /bio/einstein/einchew.html HTTP/1.1" 404 88 "-" "Mozilla/5.0 (compatible; bingbot/2.0; +http://www.bing.com/bingbot.htm)" "ysfine.com"
157.55.39.58 - - [11/Oct/2022:22:32:44 -0700] "GET /wigner/inokim.jpg HTTP/1.1" 200 68631 "-" "Mozilla/5.0 AppleWebKit/537.36 (KHTML, like Gecko; compatible; bingbot/2.0; +http://www.bing.com/bingbot.htm) Chrome/103.0.5060.134 Safari/537.36" "ysfine.com"
77.88.5.126 - - [11/Oct/2022:22:33:29 -0700] "GET /robots.txt HTTP/1.1" 404 73 "-" "Mozilla/5.0 (compatible; YandexBot/3.0; +http://yandex.com/bots)" "ysfine.com"
77.88.5.237 - - [11/Oct/2022:22:33:38 -0700] "GET /maga/phys/yukawa00.jpg HTTP/1.1" 200 84885 "-" "Mozilla/5.0 (compatible; YandexImages/3.0; +http://yandex.com/bots)" "ysfine.com"
54.82.28.109 - - [11/Oct/2022:22:34:00 -0700] "GET /class54/emailed.html HTTP/1.1" 200 8184 "-" "Mozilla/5.0 (Windows NT 10.0; Win64; x64) AppleWebKit/537.36 (KHTML, like Gecko) Chrome/80.0.3987.132 Safari/537.36" "www.ysfine.com"
207.46.13.102 - - [11/Oct/2022:22:35:46 -0700] "GET /sbk/2009lon22.jpg HTTP/1.1" 200 196366 "-" "Mozilla/5.0 AppleWebKit/537.36 (KHTML, like Gecko; compatible; bingbot/2.0; +http://www.bing.com/bingbot.htm) Chrome/103.0.5060.134 Safari/537.36" "www.ysfine.com"
207.46.13.102 - - [11/Oct/2022:22:37:06 -0700] "GET /kobak/namdae01a.jpg HTTP/1.1" 200 74504 "-" "Mozilla/5.0 AppleWebKit/537.36 (KHTML, like Gecko; compatible; bingbot/2.0; +http://www.bing.com/bingbot.htm) Chrome/103.0.5060.134 Safari/537.36" "ysfine.com"
103.23.244.254 - - [11/Oct/2022:22:37:16 -0700] "GET /dongio/amkor/kgirls01.jpg HTTP/1.1" 404 88 "https://www.google.com/" "Mozilla/5.0 (Windows NT 10.0; Win64; x64) AppleWebKit/537.36 (KHTML, like Gecko) Chrome/106.0.0.0 Safari/537.36" "ysfine.com"
207.46.13.102 - - [11/Oct/2022:22:37:17 -0700] "GET /world/ital/napol01.jpg HTTP/1.1" 200 258202 "-" "Mozilla/5.0 AppleWebKit/537.36 (KHTML, like Gecko; compatible; bingbot/2.0; +http://www.bing.com/bingbot.htm) Chrome/103.0.5060.134 Safari/537.36" "ysfine.com"
103.23.244.254 - - [11/Oct/2022:22:37:20 -0700] "GET /dongio/amkor/kgirls01.jpg HTTP/1.1" 404 88 "https://www.google.com/" "Mozilla/5.0 (Windows NT 10.0; Win64; x64) AppleWebKit/537.36 (KHTML, like Gecko) Chrome/106.0.0.0 Safari/537.36" "ysfine.com"
157.55.39.128 - - [11/Oct/2022:22:37:26 -0700] "GET /philo/dirwig11c.jpg HTTP/1.1" 200 32397 "-" "Mozilla/5.0 AppleWebKit/537.36 (KHTML, like Gecko; compatible; bingbot/2.0; +http://www.bing.com/bingbot.htm) Chrome/103.0.5060.134 Safari/537.36" "www.ysfine.com"
157.55.39.55 - - [11/Oct/2022:22:37:50 -0700] "GET /bio/wigner/e(2).html HTTP/1.1" 404 88 "-" "Mozilla/5.0 AppleWebKit/537.36 (KHTML, like Gecko; compatible; bingbot/2.0; +http://www.bing.com/bingbot.htm) Chrome/103.0.5060.134 Safari/537.36" "ysfine.com"
157.55.39.55 - - [11/Oct/2022:22:38:29 -0700] "GET /world/brit/oxlon03.jpg HTTP/1.1" 200 110026 "-" "Mozilla/5.0 (compatible; bingbot/2.0; +http://www.bing.com/bingbot.htm)" "ysfine.com"
157.55.39.55 - - [11/Oct/2022:22:39:20 -0700] "GET /sbk/2008waw11.jpg HTTP/1.1" 200 211182 "-" "Mozilla/5.0 AppleWebKit/537.36 (KHTML, like Gecko; compatible; bingbot/2.0; +http://www.bing.com/bingbot.htm) Chrome/103.0.5060.134 Safari/537.36" "ysfine.com"
157.55.39.55 - - [11/Oct/2022:22:39:29 -0700] "GET /wdc/gtown27.jpg HTTP/1.1" 200 197733 "-" "Mozilla/5.0 AppleWebKit/537.36 (KHTML, like Gecko; compatible; bingbot/2.0; +http://www.bing.com/bingbot.htm) Chrome/103.0.5060.134 Safari/537.36" "www.ysfine.com"
40.77.167.105 - - [11/Oct/2022:22:39:35 -0700] "GET /robots.txt HTTP/1.1" 404 88 "-" "Mozilla/5.0 (compatible; bingbot/2.0; +http://www.bing.com/bingbot.htm)" "www.ysfine.com"
157.55.39.128 - - [11/Oct/2022:22:39:36 -0700] "GET /world/germany/mucf24.jpg HTTP/1.1" 200 103125 "-" "Mozilla/5.0 AppleWebKit/537.36 (KHTML, like Gecko; compatible; bingbot/2.0; +http://www.bing.com/bingbot.htm) Chrome/103.0.5060.134 Safari/537.36" "www.ysfine.com"
207.46.13.102 - - [11/Oct/2022:22:39:46 -0700] "GET /wdc/willard12.jpg HTTP/1.1" 200 122919 "-" "Mozilla/5.0 (compatible; bingbot/2.0; +http://www.bing.com/bingbot.htm)" "ysfine.com"
3.92.179.47 - - [11/Oct/2022:22:40:06 -0700] "GET /style/songs.html HTTP/1.1" 200 31567 "-" "Mozilla/5.0 (Windows NT 10.0; Win64; x64) AppleWebKit/537.36 (KHTML, like Gecko) Chrome/80.0.3987.132 Safari/537.36" "ysfine.com"
114.119.128.142 - - [11/Oct/2022:22:40:07 -0700] "GET /ffriends/admire.html HTTP/1.1" 200 408 "https://ysfine.com/ffriends/fdw.html" "Mozilla/5.0 (Linux; Android 7.0;) AppleWebKit/537.36 (KHTML, like Gecko) Mobile Safari/537.36 (compatible; PetalBot;+https://webmaster.petalsearch.com/site/petalbot)" "ysfine.com"
66.249.66.44 - - [11/Oct/2022:22:41:04 -0700] "GET /world/france/magots06.jpg HTTP/1.1" 304 - "-" "Googlebot-Image/1.0" "ysfine.com"
157.55.39.128 - - [11/Oct/2022:22:41:35 -0700] "GET /home/index.html HTTP/1.1" 304 - "-" "Mozilla/5.0 (compatible; bingbot/2.0; +http://www.bing.com/bingbot.htm)" "www.ysfine.com"
40.77.167.27 - - [11/Oct/2022:22:41:45 -0700] "GET /bio/style/proschanie.html HTTP/1.1" 404 88 "-" "Mozilla/5.0 AppleWebKit/537.36 (KHTML, like Gecko; compatible; bingbot/2.0; +http://www.bing.com/bingbot.htm) Chrome/103.0.5060.134 Safari/537.36" "ysfine.com"
207.46.13.102 - - [11/Oct/2022:22:42:07 -0700] "GET /wigner/gcontrac.html HTTP/1.1" 304 - "-" "Mozilla/5.0 AppleWebKit/537.36 (KHTML, like Gecko; compatible; bingbot/2.0; +http://www.bing.com/bingbot.htm) Chrome/103.0.5060.134 Safari/537.36" "www.ysfine.com"
157.55.39.55 - - [11/Oct/2022:22:42:10 -0700] "GET /world/poland/gdn15.jpg HTTP/1.1" 200 99056 "-" "Mozilla/5.0 (compatible; bingbot/2.0; +http://www.bing.com/bingbot.htm)" "ysfine.com"
157.55.39.55 - - [11/Oct/2022:22:42:10 -0700] "GET /awards/wsj11.jpg HTTP/1.1" 200 226629 "-" "Mozilla/5.0 AppleWebKit/537.36 (KHTML, like Gecko; compatible; bingbot/2.0; +http://www.bing.com/bingbot.htm) Chrome/103.0.5060.134 Safari/537.36" "ysfine.com"
207.46.13.102 - - [11/Oct/2022:22:44:07 -0700] "GET /princeton/brooke28.jpg HTTP/1.1" 200 60032 "-" "Mozilla/5.0 (compatible; bingbot/2.0; +http://www.bing.com/bingbot.htm)" "ysfine.com"
157.55.39.127 - - [11/Oct/2022:22:44:55 -0700] "GET /kobak/repose77.jpg HTTP/1.1" 200 86845 "-" "Mozilla/5.0 (compatible; bingbot/2.0; +http://www.bing.com/bingbot.htm)" "ysfine.com"
58.250.125.86 - - [11/Oct/2022:22:45:22 -0700] "GET / HTTP/1.1" 200 5283 "-" "Sogou web spider/4.0(+http://www.sogou.com/docs/help/webmasters.htm#07)" "www.ysfine.com"
157.55.39.55 - - [11/Oct/2022:22:45:31 -0700] "GET /people/baran.jpg HTTP/1.1" 200 57735 "-" "Mozilla/5.0 (compatible; bingbot/2.0; +http://www.bing.com/bingbot.htm)" "www.ysfine.com"
207.46.13.102 - - [11/Oct/2022:22:46:17 -0700] "GET /dirac/dirheisen30.jpg HTTP/1.1" 200 141929 "-" "Mozilla/5.0 AppleWebKit/537.36 (KHTML, like Gecko; compatible; bingbot/2.0; +http://www.bing.com/bingbot.htm) Chrome/103.0.5060.134 Safari/537.36" "www.ysfine.com"
114.119.128.158 - - [11/Oct/2022:22:46:31 -0700] "GET /class54/class5470/total_data/photo_img/4-19.jpg HTTP/1.1" 200 250195 "https://ysfine.com/class54/class5470/total_data/sub_419.htm" "Mozilla/5.0 (Linux; Android 7.0;) AppleWebKit/537.36 (KHTML, like Gecko) Mobile Safari/537.36 (compatible; PetalBot;+https://webmaster.petalsearch.com/site/petalbot)" "ysfine.com"
157.55.39.55 - - [11/Oct/2022:22:47:52 -0700] "GET /bio/pquartet.html HTTP/1.1" 404 88 "-" "Mozilla/5.0 (compatible; bingbot/2.0; +http://www.bing.com/bingbot.htm)" "ysfine.com"
207.46.13.102 - - [11/Oct/2022:22:48:08 -0700] "GET /bio/einstein/bern.html HTTP/1.1" 404 88 "-" "Mozilla/5.0 (compatible; bingbot/2.0; +http://www.bing.com/bingbot.htm)" "ysfine.com"
40.77.167.27 - - [11/Oct/2022:22:48:35 -0700] "GET /kobak/eisenhower33b.jpg HTTP/1.1" 200 49308 "-" "Mozilla/5.0 (compatible; bingbot/2.0; +http://www.bing.com/bingbot.htm)" "ysfine.com"
157.55.39.127 - - [11/Oct/2022:22:48:46 -0700] "GET /kobak/sorae/kumipo01.jpg HTTP/1.1" 200 111414 "-" "Mozilla/5.0 (compatible; bingbot/2.0; +http://www.bing.com/bingbot.htm)" "www.ysfine.com"
157.55.39.128 - - [11/Oct/2022:22:48:59 -0700] "GET /bio/world/tdrome.html HTTP/1.1" 404 88 "-" "Mozilla/5.0 (compatible; bingbot/2.0; +http://www.bing.com/bingbot.htm)" "ysfine.com"
40.77.167.27 - - [11/Oct/2022:22:49:35 -0700] "GET /maga/invent/eisenstein03.jpg HTTP/1.1" 200 73731 "-" "Mozilla/5.0 (compatible; bingbot/2.0; +http://www.bing.com/bingbot.htm)" "ysfine.com"
40.77.167.27 - - [11/Oct/2022:22:49:35 -0700] "GET /sbk/2003geneva11.jpg HTTP/1.1" 200 135558 "-" "Mozilla/5.0 (compatible; bingbot/2.0; +http://www.bing.com/bingbot.htm)" "ysfine.com"
157.55.39.128 - - [11/Oct/2022:22:49:39 -0700] "GET /sbk/2012lon22.jpg HTTP/1.1" 200 229089 "-" "Mozilla/5.0 AppleWebKit/537.36 (KHTML, like Gecko; compatible; bingbot/2.0; +http://www.bing.com/bingbot.htm) Chrome/103.0.5060.134 Safari/537.36" "ysfine.com"
94.54.22.177 - - [11/Oct/2022:22:50:17 -0700] "GET /wisdom/tolstoy11.jpg HTTP/1.1" 404 88 "http://sekervedat.blogspot.com/" "Mozilla/5.0 (Linux; Android 12; CPH2205) AppleWebKit/537.36 (KHTML, like Gecko) Chrome/106.0.0.0 Mobile Safari/537.36" "www.ysfine.com"
157.55.39.127 - - [11/Oct/2022:22:50:55 -0700] "GET /world/balkan/ath109.jpg HTTP/1.1" 200 116839 "-" "Mozilla/5.0 (compatible; bingbot/2.0; +http://www.bing.com/bingbot.htm)" "ysfine.com"
66.108.127.223 - - [11/Oct/2022:22:52:14 -0700] "GET /maga/phil/hugom33.jpg HTTP/1.1" 200 106917 "https://images.search.yahoo.com/yhs/search;_ylt=AwrEsUjiVUZjuVoEOKU2nIlQ;_ylu=c2xrA3RleHQEaXQDQWxzb1RyeV9OBHNlYwNyZWwEcG9zAzM-?p=Victor%20French%20Kids&fr2=p:s,v:i,m:rs-top,ct:bing,rgn:top,pos:3&fr=yhs-domaindev-domaindev_ddc_extensions&hsimp=yhs-domaindev_ddc_extensions&hspart=domaindev&type=3015222017__alt__ddc_coflyer_co" "Mozilla/5.0 (Windows NT 10.0; Win64; x64) AppleWebKit/537.36 (KHTML, like Gecko) Chrome/106.0.0.0 Safari/537.36 Edg/106.0.1370.37" "www.ysfine.com"
157.55.39.55 - - [11/Oct/2022:22:53:22 -0700] "GET /bio/style/ystyle.html HTTP/1.1" 404 88 "-" "Mozilla/5.0 AppleWebKit/537.36 (KHTML, like Gecko; compatible; bingbot/2.0; +http://www.bing.com/bingbot.htm) Chrome/103.0.5060.134 Safari/537.36" "ysfine.com"
114.119.128.158 - - [11/Oct/2022:22:53:57 -0700] "GET /class54/class5470/total_data/photo_img/8-113.jpg HTTP/1.1" 200 247755 "https://ysfine.com/class54/class5470/total_data/sub_8113.htm" "Mozilla/5.0 (Linux; Android 7.0;) AppleWebKit/537.36 (KHTML, like Gecko) Mobile Safari/537.36 (compatible; PetalBot;+https://webmaster.petalsearch.com/site/petalbot)" "ysfine.com"
157.55.39.128 - - [11/Oct/2022:22:54:09 -0700] "GET /world/germany/oktf07.jpg HTTP/1.1" 200 95069 "-" "Mozilla/5.0 (compatible; bingbot/2.0; +http://www.bing.com/bingbot.htm)" "www.ysfine.com"
207.46.13.102 - - [11/Oct/2022:22:54:58 -0700] "GET /world/germany/hegel03.jpg HTTP/1.1" 200 211480 "-" "Mozilla/5.0 (compatible; bingbot/2.0; +http://www.bing.com/bingbot.htm)" "ysfine.com"
223.38.80.25 - - [11/Oct/2022:22:55:36 -0700] "GET /kobak/kimilsong11.jpg HTTP/1.1" 200 185542 "https://www.google.com/" "Mozilla/5.0 (iPhone; CPU iPhone OS 15_6_1 like Mac OS X) AppleWebKit/605.1.15 (KHTML, like Gecko) GSA/232.0.476785961 Mobile/19G82 Safari/604.1" "ysfine.com"
223.38.80.25 - - [11/Oct/2022:22:55:37 -0700] "GET /kobak/kimilsong.html HTTP/1.1" 200 2263 "https://www.google.com/" "Mozilla/5.0 (iPhone; CPU iPhone OS 15_6 like Mac OS X) AppleWebKit/605.1.15 (KHTML, like Gecko) GSA/232.0.476785961 Mobile/15E148 Safari/604.1" "ysfine.com"
223.38.80.25 - - [11/Oct/2022:22:55:37 -0700] "GET /kobak/kimjap11b.jpg HTTP/1.1" 200 63075 "https://ysfine.com/kobak/kimilsong.html" "Mozilla/5.0 (iPhone; CPU iPhone OS 15_6 like Mac OS X) AppleWebKit/605.1.15 (KHTML, like Gecko) GSA/232.0.476785961 Mobile/15E148 Safari/604.1" "ysfine.com"
223.38.80.25 - - [11/Oct/2022:22:55:37 -0700] "GET /kobak/dabrow11b.jpg HTTP/1.1" 200 58281 "https://ysfine.com/kobak/kimilsong.html" "Mozilla/5.0 (iPhone; CPU iPhone OS 15_6 like Mac OS X) AppleWebKit/605.1.15 (KHTML, like Gecko) GSA/232.0.476785961 Mobile/15E148 Safari/604.1" "ysfine.com"
223.38.80.25 - - [11/Oct/2022:22:55:37 -0700] "GET /kobak/kimilsong11a.jpg HTTP/1.1" 200 63829 "https://ysfine.com/kobak/kimilsong.html" "Mozilla/5.0 (iPhone; CPU iPhone OS 15_6 like Mac OS X) AppleWebKit/605.1.15 (KHTML, like Gecko) GSA/232.0.476785961 Mobile/15E148 Safari/604.1" "ysfine.com"
223.38.80.25 - - [11/Oct/2022:22:55:40 -0700] "GET /eink/eink61c.jpg HTTP/1.1" 200 34119 "https://ysfine.com/kobak/kimilsong.html" "Mozilla/5.0 (iPhone; CPU iPhone OS 15_6 like Mac OS X) AppleWebKit/605.1.15 (KHTML, like Gecko) GSA/232.0.476785961 Mobile/15E148 Safari/604.1" "ysfine.com"
157.55.39.55 - - [11/Oct/2022:22:58:41 -0700] "GET /world/france/hugobes01b.jpg HTTP/1.1" 200 64439 "-" "Mozilla/5.0 AppleWebKit/537.36 (KHTML, like Gecko; compatible; bingbot/2.0; +http://www.bing.com/bingbot.htm) Chrome/103.0.5060.134 Safari/537.36" "www.ysfine.com"
40.77.167.27 - - [11/Oct/2022:22:59:26 -0700] "GET /world/baltic/riga42.jpg HTTP/1.1" 200 69932 "-" "Mozilla/5.0 (compatible; bingbot/2.0; +http://www.bing.com/bingbot.htm)" "ysfine.com"
77.75.78.167 - - [11/Oct/2022:23:00:02 -0700] "GET /robots.txt HTTP/1.1" 404 88 "-" "Mozilla/5.0 (compatible; SeznamBot/3.2; +http://napoveda.seznam.cz/en/seznambot-intro/)" "ysfine.com"
77.75.78.167 - - [11/Oct/2022:23:00:04 -0700] "GET /style/musee/vatican65.jpg HTTP/1.1" 200 83145 "-" "Mozilla/5.0 (compatible; SeznamBot/3.2; +http://napoveda.seznam.cz/en/seznambot-intro/)" "ysfine.com"
77.75.78.167 - - [11/Oct/2022:23:00:07 -0700] "GET /world/russ/kiev013.jpg HTTP/1.1" 304 - "-" "Mozilla/5.0 (compatible; SeznamBot/3.2; +http://napoveda.seznam.cz/en/seznambot-intro/)" "ysfine.com"
77.75.78.167 - - [11/Oct/2022:23:00:08 -0700] "GET /newyork/trinity02.jpg HTTP/1.1" 304 - "-" "Mozilla/5.0 (compatible; SeznamBot/3.2; +http://napoveda.seznam.cz/en/seznambot-intro/)" "ysfine.com"
77.75.78.167 - - [11/Oct/2022:23:00:08 -0700] "GET /princeton/pshoes.jpg HTTP/1.1" 200 160931 "-" "Mozilla/5.0 (compatible; SeznamBot/3.2; +http://napoveda.seznam.cz/en/seznambot-intro/)" "ysfine.com"
77.75.78.167 - - [11/Oct/2022:23:00:12 -0700] "GET /philo/tank66a.jpg HTTP/1.1" 200 87358 "-" "Mozilla/5.0 (compatible; SeznamBot/3.2; +http://napoveda.seznam.cz/en/seznambot-intro/)" "ysfine.com"
77.88.5.245 - - [11/Oct/2022:23:00:26 -0700] "GET /einstein/eindirac.html HTTP/1.1" 200 3193 "-" "Mozilla/5.0 (compatible; YandexBot/3.0; +http://yandex.com/bots)" "www.ysfine.com"
218.164.31.158 - - [11/Oct/2022:23:00:27 -0700] "GET /yspapers/newphys75.pdf HTTP/1.1" 200 264527 "https://www.google.com/" "Mozilla/5.0 (Windows NT 10.0; Win64; x64) AppleWebKit/537.36 (KHTML, like Gecko) Chrome/105.0.0.0 Safari/537.36" "ysfine.com"
218.164.31.158 - - [11/Oct/2022:23:00:28 -0700] "GET /favicon.ico HTTP/1.1" 404 88 "https://ysfine.com/yspapers/newphys75.pdf" "Mozilla/5.0 (Windows NT 10.0; Win64; x64) AppleWebKit/537.36 (KHTML, like Gecko) Chrome/105.0.0.0 Safari/537.36" "ysfine.com"
157.55.39.55 - - [11/Oct/2022:23:01:12 -0700] "GET /wdc/ww2m55.jpg HTTP/1.1" 200 72629 "-" "Mozilla/5.0 (compatible; bingbot/2.0; +http://www.bing.com/bingbot.htm)" "www.ysfine.com"
66.249.66.40 - - [11/Oct/2022:23:01:14 -0700] "GET /world/germany/leipzig53b.jpg HTTP/1.1" 304 - "-" "Googlebot-Image/1.0" "ysfine.com"
5.188.210.91 - - [11/Oct/2022:23:01:43 -0700] "GET /world/travel.html HTTP/1.1" 200 5186 "https://www.ysfine.com/world/travel.html" "Mozilla/5.0 (Windows NT 10.0; WOW64) AppleWebKit/537.36 (KHTML, like Gecko) Chrome/90.0.4430.72 Safari/537.36" "www.ysfine.com"
5.188.210.91 - - [11/Oct/2022:23:01:44 -0700] "GET / HTTP/1.1" 200 15910 "https://www.ysfine.com/" "Mozilla/5.0 (Windows NT 10.0; WOW64) AppleWebKit/537.36 (KHTML, like Gecko) Chrome/90.0.4430.72 Safari/537.36" "www.ysfine.com"
157.55.39.58 - - [11/Oct/2022:23:02:57 -0700] "GET /maga/histo/oscar22.jpg HTTP/1.1" 200 101665 "-" "Mozilla/5.0 AppleWebKit/537.36 (KHTML, like Gecko; compatible; bingbot/2.0; +http://www.bing.com/bingbot.htm) Chrome/103.0.5060.134 Safari/537.36" "ysfine.com"
157.55.39.55 - - [11/Oct/2022:23:04:03 -0700] "GET /wigner/wigheis66.jpg HTTP/1.1" 200 97421 "-" "Mozilla/5.0 (compatible; bingbot/2.0; +http://www.bing.com/bingbot.htm)" "ysfine.com"
207.46.13.102 - - [11/Oct/2022:23:04:28 -0700] "GET /world/israel/jeru51.jpg HTTP/1.1" 200 261732 "-" "Mozilla/5.0 (compatible; bingbot/2.0; +http://www.bing.com/bingbot.htm)" "ysfine.com"
157.55.39.55 - - [11/Oct/2022:23:04:33 -0700] "GET /kowar/paiksy05b.jpg HTTP/1.1" 200 67237 "-" "Mozilla/5.0 AppleWebKit/537.36 (KHTML, like Gecko; compatible; bingbot/2.0; +http://www.bing.com/bingbot.htm) Chrome/103.0.5060.134 Safari/537.36" "ysfine.com"
157.55.39.55 - - [11/Oct/2022:23:04:34 -0700] "GET /dirac/jablo62b.jpg HTTP/1.1" 200 42817 "-" "Mozilla/5.0 (compatible; bingbot/2.0; +http://www.bing.com/bingbot.htm)" "ysfine.com"
73.98.243.99 - - [11/Oct/2022:23:04:53 -0700] "GET /favicon.ico HTTP/1.1" 404 88 "-" "Mozilla/5.0 (X11; Linux x86_64; rv:102.0) Gecko/20100101 Goanna/5.2 Firefox/102.0 PaleMoon/31.3.0.1" "ysfine.com"
73.98.243.99 - - [11/Oct/2022:23:04:53 -0700] "GET /favicon.ico HTTP/1.1" 404 88 "-" "Mozilla/5.0 (X11; Linux x86_64; rv:102.0) Gecko/20100101 Goanna/5.2 Firefox/102.0 PaleMoon/31.3.0.1" "ysfine.com"
157.55.39.127 - - [11/Oct/2022:23:05:07 -0700] "GET /world/poland/gdnf08.jpg HTTP/1.1" 200 138844 "-" "Mozilla/5.0 (compatible; bingbot/2.0; +http://www.bing.com/bingbot.htm)" "ysfine.com"
157.55.39.127 - - [11/Oct/2022:23:05:56 -0700] "GET /world/russ/arbat41.jpg HTTP/1.1" 200 117892 "-" "Mozilla/5.0 (compatible; bingbot/2.0; +http://www.bing.com/bingbot.htm)" "ysfine.com"
207.46.13.102 - - [11/Oct/2022:23:06:59 -0700] "GET /style/firedance.jpg HTTP/1.1" 200 93742 "-" "Mozilla/5.0 (compatible; bingbot/2.0; +http://www.bing.com/bingbot.htm)" "www.ysfine.com"
207.46.13.102 - - [11/Oct/2022:23:07:19 -0700] "GET /wdc/waskor005.jpg HTTP/1.1" 200 85085 "-" "Mozilla/5.0 AppleWebKit/537.36 (KHTML, like Gecko; compatible; bingbot/2.0; +http://www.bing.com/bingbot.htm) Chrome/103.0.5060.134 Safari/537.36" "ysfine.com"
157.55.39.55 - - [11/Oct/2022:23:08:22 -0700] "GET /dirac/nicodem11c.jpg HTTP/1.1" 200 72684 "-" "Mozilla/5.0 (compatible; bingbot/2.0; +http://www.bing.com/bingbot.htm)" "www.ysfine.com"
157.55.39.55 - - [11/Oct/2022:23:08:24 -0700] "GET /usca/pitt/fortpitt02b.jpg HTTP/1.1" 200 33944 "-" "Mozilla/5.0 (compatible; bingbot/2.0; +http://www.bing.com/bingbot.htm)" "www.ysfine.com"
157.55.39.58 - - [11/Oct/2022:23:09:18 -0700] "GET /maga/invent/mosin2.jpg HTTP/1.1" 200 51881 "-" "Mozilla/5.0 (compatible; bingbot/2.0; +http://www.bing.com/bingbot.htm)" "ysfine.com"
157.55.39.55 - - [11/Oct/2022:23:10:02 -0700] "GET /usca/pitt/emblem01b.jpg HTTP/1.1" 200 61751 "-" "Mozilla/5.0 AppleWebKit/537.36 (KHTML, like Gecko; compatible; bingbot/2.0; +http://www.bing.com/bingbot.htm) Chrome/103.0.5060.134 Safari/537.36" "ysfine.com"
157.55.39.58 - - [11/Oct/2022:23:10:18 -0700] "GET /sbk/2005sorren11.jpg HTTP/1.1" 200 84203 "-" "Mozilla/5.0 AppleWebKit/537.36 (KHTML, like Gecko; compatible; bingbot/2.0; +http://www.bing.com/bingbot.htm) Chrome/103.0.5060.134 Safari/537.36" "ysfine.com"
40.77.167.27 - - [11/Oct/2022:23:10:37 -0700] "GET /world/spain/sevi051c.jpg HTTP/1.1" 200 62623 "-" "Mozilla/5.0 (compatible; bingbot/2.0; +http://www.bing.com/bingbot.htm)" "www.ysfine.com"
130.232.134.201 - - [11/Oct/2022:23:11:07 -0700] "GET /maga/phys/schrod11.jpg HTTP/1.1" 200 107958 "https://www.bing.com/" "Mozilla/5.0 (Windows NT 10.0; Win64; x64) AppleWebKit/537.36 (KHTML, like Gecko) Chrome/106.0.0.0 Safari/537.36 Edg/106.0.1370.37" "www.ysfine.com"
157.55.39.58 - - [11/Oct/2022:23:11:28 -0700] "GET /einstein/dff22.jpg HTTP/1.1" 200 39866 "-" "Mozilla/5.0 AppleWebKit/537.36 (KHTML, like Gecko; compatible; bingbot/2.0; +http://www.bing.com/bingbot.htm) Chrome/103.0.5060.134 Safari/537.36" "ysfine.com"
3.80.239.220 - - [11/Oct/2022:23:11:31 -0700] "GET /sitemap.xml HTTP/1.1" 304 - "https://www.google.com/" "Mozilla/5.0 (Windows NT 10.0; Win64; x64; rv:56.0) Gecko/20100101 Firefox/56.0 Waterfox/56.2.14" "www.ysfine.com"
40.77.167.27 - - [11/Oct/2022:23:12:27 -0700] "GET /feynman/restof11.jpg HTTP/1.1" 200 92124 "-" "Mozilla/5.0 (compatible; bingbot/2.0; +http://www.bing.com/bingbot.htm)" "ysfine.com"
87.98.168.2 - - [11/Oct/2022:23:13:55 -0700] "GET /confer/math.html HTTP/1.1" 200 6320 "-" "Mozilla/5.0 (Windows NT 6.2; WOW64) AppleWebKit/537.1 (KHTML, like Gecko)" "www.ysfine.com"
207.46.13.102 - - [11/Oct/2022:23:14:31 -0700] "GET /bio/einstein/bern.html HTTP/1.1" 404 88 "-" "Mozilla/5.0 AppleWebKit/537.36 (KHTML, like Gecko; compatible; bingbot/2.0; +http://www.bing.com/bingbot.htm) Chrome/103.0.5060.134 Safari/537.36" "ysfine.com"
40.77.167.27 - - [11/Oct/2022:23:14:39 -0700] "GET /bio/style/musleft.html HTTP/1.1" 404 88 "-" "Mozilla/5.0 (compatible; bingbot/2.0; +http://www.bing.com/bingbot.htm)" "ysfine.com"
207.46.13.102 - - [11/Oct/2022:23:15:20 -0700] "GET /usca/pitt/knee55.jpg HTTP/1.1" 200 106434 "-" "Mozilla/5.0 (compatible; bingbot/2.0; +http://www.bing.com/bingbot.htm)" "www.ysfine.com"
157.55.39.58 - - [11/Oct/2022:23:15:39 -0700] "GET /einstein/places/einha01c.jpg HTTP/1.1" 200 39982 "-" "Mozilla/5.0 (compatible; bingbot/2.0; +http://www.bing.com/bingbot.htm)" "ysfine.com"
77.88.5.46 - - [11/Oct/2022:23:16:19 -0700] "GET /usca/pitt/knee11b.jpg HTTP/1.1" 200 37513 "-" "Mozilla/5.0 (compatible; YandexImages/3.0; +http://yandex.com/bots)" "ysfine.com"
20.73.132.240 - - [11/Oct/2022:23:16:24 -0700] "GET /world/balkan/turkmodo02.jpg HTTP/1.1" 200 92914 "http://www.ysfine.com/world/balkan/turkmodo02.jpg" "DuckDuckBot/1.1; (+http://duckduckgo.com/duckduckbot.html)" "www.ysfine.com"
95.90.184.159 - - [11/Oct/2022:23:16:28 -0700] "GET /world/balkan/turkmodo02.jpg HTTP/1.1" 200 92914 "https://duckduckgo.com/" "Mozilla/5.0 (X11; Linux x86_64; rv:105.0) Gecko/20100101 Firefox/105.0" "www.ysfine.com"
77.88.5.46 - - [11/Oct/2022:23:16:29 -0700] "GET /robots.txt HTTP/1.1" 404 73 "-" "Mozilla/5.0 (compatible; YandexBot/3.0; +http://yandex.com/bots)" "www.ysfine.com"
95.90.184.159 - - [11/Oct/2022:23:16:30 -0700] "GET /favicon.ico HTTP/1.1" 404 88 "https://www.ysfine.com/world/balkan/turkmodo02.jpg" "Mozilla/5.0 (X11; Linux x86_64; rv:105.0) Gecko/20100101 Firefox/105.0" "www.ysfine.com"
93.158.161.40 - - [11/Oct/2022:23:16:33 -0700] "GET /world/balkan/ath002.jpg HTTP/1.1" 200 244377 "-" "Mozilla/5.0 (compatible; YandexImages/3.0; +http://yandex.com/bots)" "www.ysfine.com"
207.46.13.102 - - [11/Oct/2022:23:17:00 -0700] "GET /kowar/yicheols01b.jpg HTTP/1.1" 200 43514 "-" "Mozilla/5.0 AppleWebKit/537.36 (KHTML, like Gecko; compatible; bingbot/2.0; +http://www.bing.com/bingbot.htm) Chrome/103.0.5060.134 Safari/537.36" "ysfine.com"
157.55.39.55 - - [11/Oct/2022:23:17:33 -0700] "GET /style/musee/pradom06.jpg HTTP/1.1" 200 252665 "-" "Mozilla/5.0 (compatible; bingbot/2.0; +http://www.bing.com/bingbot.htm)" "ysfine.com"
40.77.167.27 - - [11/Oct/2022:23:17:38 -0700] "GET /style/kirovken44.jpg HTTP/1.1" 200 99499 "-" "Mozilla/5.0 (compatible; bingbot/2.0; +http://www.bing.com/bingbot.htm)" "www.ysfine.com"
173.73.77.36 - - [11/Oct/2022:23:17:52 -0700] "GET /ys11/ HTTP/1.1" 304 - "-" "Mozilla/5.0 (Windows NT 10.0; Win64; x64) AppleWebKit/537.36 (KHTML, like Gecko) Chrome/106.0.0.0 Safari/537.36 Edg/106.0.1370.37" "ysfine.com"
173.73.77.36 - - [11/Oct/2022:23:17:52 -0700] "GET /favicon.ico HTTP/1.1" 404 88 "https://ysfine.com/ys11/" "Mozilla/5.0 (Windows NT 10.0; Win64; x64) AppleWebKit/537.36 (KHTML, like Gecko) Chrome/106.0.0.0 Safari/537.36 Edg/106.0.1370.37" "ysfine.com"
157.55.39.127 - - [11/Oct/2022:23:18:38 -0700] "GET /dongio/germpol01.jpg HTTP/1.1" 404 88 "-" "Mozilla/5.0 AppleWebKit/537.36 (KHTML, like Gecko; compatible; bingbot/2.0; +http://www.bing.com/bingbot.htm) Chrome/103.0.5060.134 Safari/537.36" "ysfine.com"
157.55.39.58 - - [11/Oct/2022:23:18:44 -0700] "GET /princeton/bdinner.jpg HTTP/1.1" 200 97933 "-" "Mozilla/5.0 AppleWebKit/537.36 (KHTML, like Gecko; compatible; bingbot/2.0; +http://www.bing.com/bingbot.htm) Chrome/103.0.5060.134 Safari/537.36" "ysfine.com"
207.46.13.102 - - [11/Oct/2022:23:18:51 -0700] "GET /world/scandi/copenf02b.jpg HTTP/1.1" 200 42550 "-" "Mozilla/5.0 AppleWebKit/537.36 (KHTML, like Gecko; compatible; bingbot/2.0; +http://www.bing.com/bingbot.htm) Chrome/103.0.5060.134 Safari/537.36" "www.ysfine.com"
202.91.86.170 - - [11/Oct/2022:23:19:14 -0700] "GET /world/brit/canary04.jpg HTTP/1.1" 200 89843 "https://www.bing.com/" "Mozilla/5.0 (Windows NT 10.0; Win64; x64) AppleWebKit/537.36 (KHTML, like Gecko) Chrome/105.0.0.0 Safari/537.36" "ysfine.com"
173.73.77.36 - - [11/Oct/2022:23:19:16 -0700] "GET /ys11/ HTTP/1.1" 304 - "-" "Mozilla/5.0 (Windows NT 10.0; Win64; x64) AppleWebKit/537.36 (KHTML, like Gecko) Chrome/106.0.0.0 Safari/537.36" "ysfine.com"
173.73.77.36 - - [11/Oct/2022:23:19:16 -0700] "GET /favicon.ico HTTP/1.1" 404 88 "https://ysfine.com/ys11/" "Mozilla/5.0 (Windows NT 10.0; Win64; x64) AppleWebKit/537.36 (KHTML, like Gecko) Chrome/106.0.0.0 Safari/537.36" "ysfine.com"
157.55.39.58 - - [11/Oct/2022:23:20:09 -0700] "GET /wigner/wigwein33b.jpg HTTP/1.1" 200 42269 "-" "Mozilla/5.0 AppleWebKit/537.36 (KHTML, like Gecko; compatible; bingbot/2.0; +http://www.bing.com/bingbot.htm) Chrome/103.0.5060.134 Safari/537.36" "ysfine.com"
173.73.77.36 - - [11/Oct/2022:23:21:10 -0700] "GET /favicon.ico HTTP/1.1" 404 88 "https://ysfine.com/ys11/" "Mozilla/5.0 (Windows NT 10.0; Win64; x64) AppleWebKit/537.36 (KHTML, like Gecko) Chrome/106.0.0.0 Safari/537.36 Edg/106.0.1370.37" "ysfine.com"
157.55.39.55 - - [11/Oct/2022:23:21:34 -0700] "GET /bio/style/ystyle.html HTTP/1.1" 404 88 "-" "Mozilla/5.0 (compatible; bingbot/2.0; +http://www.bing.com/bingbot.htm)" "ysfine.com"
157.55.39.55 - - [11/Oct/2022:23:22:04 -0700] "GET /wdc/whxmas18b.jpg HTTP/1.1" 200 46539 "-" "Mozilla/5.0 (compatible; bingbot/2.0; +http://www.bing.com/bingbot.htm)" "www.ysfine.com"
173.73.77.36 - - [11/Oct/2022:23:22:15 -0700] "GET /ys11/index.html HTTP/1.1" 200 3415 "-" "Mozilla/5.0 (Windows NT 10.0; Win64; x64) AppleWebKit/537.36 (KHTML, like Gecko) Chrome/106.0.0.0 Safari/537.36 Edg/106.0.1370.37" "www.ysfine.com"
173.73.77.36 - - [11/Oct/2022:23:22:16 -0700] "GET /favicon.ico HTTP/1.1" 404 88 "https://www.ysfine.com/ys11/index.html" "Mozilla/5.0 (Windows NT 10.0; Win64; x64) AppleWebKit/537.36 (KHTML, like Gecko) Chrome/106.0.0.0 Safari/537.36 Edg/106.0.1370.37" "www.ysfine.com"
