197.210.78.36 - - [12/Oct/2022:07:13:55 -0700] "GET /world/poland/sienkiew07b.jpg HTTP/1.1" 200 60060 "https://ysfine.com/world/polandw.html" "Mozilla/5.0 (Linux; Android 11; CPH2121) AppleWebKit/537.36 (KHTML, like Gecko) Chrome/102.0.0.0 Mobile Safari/537.36" "ysfine.com"
197.210.78.36 - - [12/Oct/2022:07:13:55 -0700] "GET /world/poland/coperni11b.jpg HTTP/1.1" 200 28750 "https://ysfine.com/world/polandw.html" "Mozilla/5.0 (Linux; Android 11; CPH2121) AppleWebKit/537.36 (KHTML, like Gecko) Chrome/102.0.0.0 Mobile Safari/537.36" "ysfine.com"
197.210.78.36 - - [12/Oct/2022:07:13:55 -0700] "GET /world/poland/krk01b.jpg HTTP/1.1" 200 38330 "https://ysfine.com/world/polandw.html" "Mozilla/5.0 (Linux; Android 11; CPH2121) AppleWebKit/537.36 (KHTML, like Gecko) Chrome/102.0.0.0 Mobile Safari/537.36" "ysfine.com"
197.210.78.36 - - [12/Oct/2022:07:13:55 -0700] "GET /wdc/lafpark04b.jpg HTTP/1.1" 200 36389 "https://ysfine.com/world/polandw.html" "Mozilla/5.0 (Linux; Android 11; CPH2121) AppleWebKit/537.36 (KHTML, like Gecko) Chrome/102.0.0.0 Mobile Safari/537.36" "ysfine.com"
197.210.78.36 - - [12/Oct/2022:07:13:55 -0700] "GET /world/poland/krk68b.jpg HTTP/1.1" 200 37273 "https://ysfine.com/world/polandw.html" "Mozilla/5.0 (Linux; Android 11; CPH2121) AppleWebKit/537.36 (KHTML, like Gecko) Chrome/102.0.0.0 Mobile Safari/537.36" "ysfine.com"
197.210.78.36 - - [12/Oct/2022:07:13:55 -0700] "GET /wdc/lafpark03b.jpg HTTP/1.1" 200 48025 "https://ysfine.com/world/polandw.html" "Mozilla/5.0 (Linux; Android 11; CPH2121) AppleWebKit/537.36 (KHTML, like Gecko) Chrome/102.0.0.0 Mobile Safari/537.36" "ysfine.com"
197.210.78.36 - - [12/Oct/2022:07:13:55 -0700] "GET /friends/israel02b.jpg HTTP/1.1" 404 88 "https://ysfine.com/world/polandw.html" "Mozilla/5.0 (Linux; Android 11; CPH2121) AppleWebKit/537.36 (KHTML, like Gecko) Chrome/102.0.0.0 Mobile Safari/537.36" "ysfine.com"
197.210.78.36 - - [12/Oct/2022:07:13:55 -0700] "GET /world/poland/gdn07b.jpg HTTP/1.1" 200 37474 "https://ysfine.com/world/polandw.html" "Mozilla/5.0 (Linux; Android 11; CPH2121) AppleWebKit/537.36 (KHTML, like Gecko) Chrome/102.0.0.0 Mobile Safari/537.36" "ysfine.com"
197.210.78.36 - - [12/Oct/2022:07:13:55 -0700] "GET /world/poland/gdn05b.jpg HTTP/1.1" 200 46788 "https://ysfine.com/world/polandw.html" "Mozilla/5.0 (Linux; Android 11; CPH2121) AppleWebKit/537.36 (KHTML, like Gecko) Chrome/102.0.0.0 Mobile Safari/537.36" "ysfine.com"
197.210.78.36 - - [12/Oct/2022:07:13:55 -0700] "GET /world/poland/gdn27b.jpg HTTP/1.1" 200 31367 "https://ysfine.com/world/polandw.html" "Mozilla/5.0 (Linux; Android 11; CPH2121) AppleWebKit/537.36 (KHTML, like Gecko) Chrome/102.0.0.0 Mobile Safari/537.36" "ysfine.com"
197.210.78.36 - - [12/Oct/2022:07:13:55 -0700] "GET /world/poland/gdn21b.jpg HTTP/1.1" 200 43946 "https://ysfine.com/world/polandw.html" "Mozilla/5.0 (Linux; Android 11; CPH2121) AppleWebKit/537.36 (KHTML, like Gecko) Chrome/102.0.0.0 Mobile Safari/537.36" "ysfine.com"
197.210.78.36 - - [12/Oct/2022:07:13:55 -0700] "GET /world/poland/gdnu11b.jpg HTTP/1.1" 200 51491 "https://ysfine.com/world/polandw.html" "Mozilla/5.0 (Linux; Android 11; CPH2121) AppleWebKit/537.36 (KHTML, like Gecko) Chrome/102.0.0.0 Mobile Safari/537.36" "ysfine.com"
197.210.78.36 - - [12/Oct/2022:07:13:55 -0700] "GET /world/poland/krk12b.jpg HTTP/1.1" 200 53912 "https://ysfine.com/world/polandw.html" "Mozilla/5.0 (Linux; Android 11; CPH2121) AppleWebKit/537.36 (KHTML, like Gecko) Chrome/102.0.0.0 Mobile Safari/537.36" "ysfine.com"
197.210.78.36 - - [12/Oct/2022:07:13:55 -0700] "GET /world/poland/gdn94b.jpg HTTP/1.1" 200 51555 "https://ysfine.com/world/polandw.html" "Mozilla/5.0 (Linux; Android 11; CPH2121) AppleWebKit/537.36 (KHTML, like Gecko) Chrome/102.0.0.0 Mobile Safari/537.36" "ysfine.com"
197.210.78.36 - - [12/Oct/2022:07:13:55 -0700] "GET /world/poland/gdn67b.jpg HTTP/1.1" 200 47349 "https://ysfine.com/world/polandw.html" "Mozilla/5.0 (Linux; Android 11; CPH2121) AppleWebKit/537.36 (KHTML, like Gecko) Chrome/102.0.0.0 Mobile Safari/537.36" "ysfine.com"
197.210.78.36 - - [12/Oct/2022:07:13:55 -0700] "GET /world/poland/krk82b.jpg HTTP/1.1" 200 44363 "https://ysfine.com/world/polandw.html" "Mozilla/5.0 (Linux; Android 11; CPH2121) AppleWebKit/537.36 (KHTML, like Gecko) Chrome/102.0.0.0 Mobile Safari/537.36" "ysfine.com"
197.210.78.36 - - [12/Oct/2022:07:13:55 -0700] "GET /world/poland/krk81b.jpg HTTP/1.1" 200 47477 "https://ysfine.com/world/polandw.html" "Mozilla/5.0 (Linux; Android 11; CPH2121) AppleWebKit/537.36 (KHTML, like Gecko) Chrome/102.0.0.0 Mobile Safari/537.36" "ysfine.com"
197.210.78.36 - - [12/Oct/2022:07:13:55 -0700] "GET /world/poland/gdnu10b.jpg HTTP/1.1" 200 41940 "https://ysfine.com/world/polandw.html" "Mozilla/5.0 (Linux; Android 11; CPH2121) AppleWebKit/537.36 (KHTML, like Gecko) Chrome/102.0.0.0 Mobile Safari/537.36" "ysfine.com"
197.210.78.36 - - [12/Oct/2022:07:13:55 -0700] "GET /eink/eink61c.jpg HTTP/1.1" 200 34119 "https://ysfine.com/world/polandw.html" "Mozilla/5.0 (Linux; Android 11; CPH2121) AppleWebKit/537.36 (KHTML, like Gecko) Chrome/102.0.0.0 Mobile Safari/537.36" "ysfine.com"
197.210.78.36 - - [12/Oct/2022:07:13:55 -0700] "GET /world/poland/krk03b.jpg HTTP/1.1" 200 42810 "https://ysfine.com/world/polandw.html" "Mozilla/5.0 (Linux; Android 11; CPH2121) AppleWebKit/537.36 (KHTML, like Gecko) Chrome/102.0.0.0 Mobile Safari/537.36" "ysfine.com"
197.210.78.36 - - [12/Oct/2022:07:13:55 -0700] "GET /world/poland/gdnu20b.jpg HTTP/1.1" 200 36898 "https://ysfine.com/world/polandw.html" "Mozilla/5.0 (Linux; Android 11; CPH2121) AppleWebKit/537.36 (KHTML, like Gecko) Chrome/102.0.0.0 Mobile Safari/537.36" "ysfine.com"
197.210.78.36 - - [12/Oct/2022:07:13:55 -0700] "GET /world/poland/gdnu27b.jpg HTTP/1.1" 200 31902 "https://ysfine.com/world/polandw.html" "Mozilla/5.0 (Linux; Android 11; CPH2121) AppleWebKit/537.36 (KHTML, like Gecko) Chrome/102.0.0.0 Mobile Safari/537.36" "ysfine.com"
197.210.78.36 - - [12/Oct/2022:07:13:55 -0700] "GET /world/poland/gdnu52b.jpg HTTP/1.1" 200 44288 "https://ysfine.com/world/polandw.html" "Mozilla/5.0 (Linux; Android 11; CPH2121) AppleWebKit/537.36 (KHTML, like Gecko) Chrome/102.0.0.0 Mobile Safari/537.36" "ysfine.com"
197.210.78.36 - - [12/Oct/2022:07:13:55 -0700] "GET /world/poland/gdn51b.jpg HTTP/1.1" 200 43219 "https://ysfine.com/world/polandw.html" "Mozilla/5.0 (Linux; Android 11; CPH2121) AppleWebKit/537.36 (KHTML, like Gecko) Chrome/102.0.0.0 Mobile Safari/537.36" "ysfine.com"
197.210.78.36 - - [12/Oct/2022:07:13:55 -0700] "GET /world/poland/gdn14b.jpg HTTP/1.1" 200 43553 "https://ysfine.com/world/polandw.html" "Mozilla/5.0 (Linux; Android 11; CPH2121) AppleWebKit/537.36 (KHTML, like Gecko) Chrome/102.0.0.0 Mobile Safari/537.36" "ysfine.com"
197.210.78.36 - - [12/Oct/2022:07:13:55 -0700] "GET /world/poland/gdn57b.jpg HTTP/1.1" 200 45750 "https://ysfine.com/world/polandw.html" "Mozilla/5.0 (Linux; Android 11; CPH2121) AppleWebKit/537.36 (KHTML, like Gecko) Chrome/102.0.0.0 Mobile Safari/537.36" "ysfine.com"
197.210.78.36 - - [12/Oct/2022:07:13:55 -0700] "GET /world/poland/wierzynek2.jpg HTTP/1.1" 200 52202 "https://ysfine.com/world/polandw.html" "Mozilla/5.0 (Linux; Android 11; CPH2121) AppleWebKit/537.36 (KHTML, like Gecko) Chrome/102.0.0.0 Mobile Safari/537.36" "ysfine.com"
197.210.78.36 - - [12/Oct/2022:07:13:55 -0700] "GET /world/poland/gdn19b.jpg HTTP/1.1" 200 33401 "https://ysfine.com/world/polandw.html" "Mozilla/5.0 (Linux; Android 11; CPH2121) AppleWebKit/537.36 (KHTML, like Gecko) Chrome/102.0.0.0 Mobile Safari/537.36" "ysfine.com"
197.210.78.36 - - [12/Oct/2022:07:13:55 -0700] "GET /world/poland/gdn26b.jpg HTTP/1.1" 200 35094 "https://ysfine.com/world/polandw.html" "Mozilla/5.0 (Linux; Android 11; CPH2121) AppleWebKit/537.36 (KHTML, like Gecko) Chrome/102.0.0.0 Mobile Safari/537.36" "ysfine.com"
197.210.78.36 - - [12/Oct/2022:07:13:55 -0700] "GET /world/poland/krk09b.jpg HTTP/1.1" 200 53413 "https://ysfine.com/world/polandw.html" "Mozilla/5.0 (Linux; Android 11; CPH2121) AppleWebKit/537.36 (KHTML, like Gecko) Chrome/102.0.0.0 Mobile Safari/537.36" "ysfine.com"
197.210.78.36 - - [12/Oct/2022:07:13:55 -0700] "GET /world/poland/gdn77b.jpg HTTP/1.1" 200 42946 "https://ysfine.com/world/polandw.html" "Mozilla/5.0 (Linux; Android 11; CPH2121) AppleWebKit/537.36 (KHTML, like Gecko) Chrome/102.0.0.0 Mobile Safari/537.36" "ysfine.com"
197.210.78.36 - - [12/Oct/2022:07:13:55 -0700] "GET /world/poland/gdn15b.jpg HTTP/1.1" 200 42759 "https://ysfine.com/world/polandw.html" "Mozilla/5.0 (Linux; Android 11; CPH2121) AppleWebKit/537.36 (KHTML, like Gecko) Chrome/102.0.0.0 Mobile Safari/537.36" "ysfine.com"
197.210.78.36 - - [12/Oct/2022:07:13:55 -0700] "GET /world/poland/krk19b.jpg HTTP/1.1" 200 38473 "https://ysfine.com/world/polandw.html" "Mozilla/5.0 (Linux; Android 11; CPH2121) AppleWebKit/537.36 (KHTML, like Gecko) Chrome/102.0.0.0 Mobile Safari/537.36" "ysfine.com"
197.210.78.36 - - [12/Oct/2022:07:13:55 -0700] "GET /world/poland/gdn60b.jpg HTTP/1.1" 200 50761 "https://ysfine.com/world/polandw.html" "Mozilla/5.0 (Linux; Android 11; CPH2121) AppleWebKit/537.36 (KHTML, like Gecko) Chrome/102.0.0.0 Mobile Safari/537.36" "ysfine.com"
197.210.78.36 - - [12/Oct/2022:07:13:55 -0700] "GET /world/poland/polstu18b.jpg HTTP/1.1" 200 52684 "https://ysfine.com/world/polandw.html" "Mozilla/5.0 (Linux; Android 11; CPH2121) AppleWebKit/537.36 (KHTML, like Gecko) Chrome/102.0.0.0 Mobile Safari/537.36" "ysfine.com"
197.210.78.36 - - [12/Oct/2022:07:13:55 -0700] "GET /world/poland/gdnu03b.jpg HTTP/1.1" 200 56209 "https://ysfine.com/world/polandw.html" "Mozilla/5.0 (Linux; Android 11; CPH2121) AppleWebKit/537.36 (KHTML, like Gecko) Chrome/102.0.0.0 Mobile Safari/537.36" "ysfine.com"
197.210.78.36 - - [12/Oct/2022:07:13:55 -0700] "GET /world/poland/gdn52b.jpg HTTP/1.1" 200 45160 "https://ysfine.com/world/polandw.html" "Mozilla/5.0 (Linux; Android 11; CPH2121) AppleWebKit/537.36 (KHTML, like Gecko) Chrome/102.0.0.0 Mobile Safari/537.36" "ysfine.com"
197.210.78.36 - - [12/Oct/2022:07:13:55 -0700] "GET /world/poland/gdn13b.jpg HTTP/1.1" 200 41035 "https://ysfine.com/world/polandw.html" "Mozilla/5.0 (Linux; Android 11; CPH2121) AppleWebKit/537.36 (KHTML, like Gecko) Chrome/102.0.0.0 Mobile Safari/537.36" "ysfine.com"
197.210.78.36 - - [12/Oct/2022:07:13:55 -0700] "GET /world/poland/gdnu51b.jpg HTTP/1.1" 200 45484 "https://ysfine.com/world/polandw.html" "Mozilla/5.0 (Linux; Android 11; CPH2121) AppleWebKit/537.36 (KHTML, like Gecko) Chrome/102.0.0.0 Mobile Safari/537.36" "ysfine.com"
197.210.78.36 - - [12/Oct/2022:07:13:55 -0700] "GET /world/poland/gdn66b.jpg HTTP/1.1" 200 48197 "https://ysfine.com/world/polandw.html" "Mozilla/5.0 (Linux; Android 11; CPH2121) AppleWebKit/537.36 (KHTML, like Gecko) Chrome/102.0.0.0 Mobile Safari/537.36" "ysfine.com"
197.210.78.36 - - [12/Oct/2022:07:13:55 -0700] "GET /world/poland/gdn61b.jpg HTTP/1.1" 200 32959 "https://ysfine.com/world/polandw.html" "Mozilla/5.0 (Linux; Android 11; CPH2121) AppleWebKit/537.36 (KHTML, like Gecko) Chrome/102.0.0.0 Mobile Safari/537.36" "ysfine.com"
197.210.78.36 - - [12/Oct/2022:07:13:55 -0700] "GET /world/poland/gdn33b.jpg HTTP/1.1" 200 44180 "https://ysfine.com/world/polandw.html" "Mozilla/5.0 (Linux; Android 11; CPH2121) AppleWebKit/537.36 (KHTML, like Gecko) Chrome/102.0.0.0 Mobile Safari/537.36" "ysfine.com"
197.210.78.36 - - [12/Oct/2022:07:13:55 -0700] "GET /world/poland/gdn86b.jpg HTTP/1.1" 200 45464 "https://ysfine.com/world/polandw.html" "Mozilla/5.0 (Linux; Android 11; CPH2121) AppleWebKit/537.36 (KHTML, like Gecko) Chrome/102.0.0.0 Mobile Safari/537.36" "ysfine.com"
197.210.78.36 - - [12/Oct/2022:07:14:04 -0700] "GET /favicon.ico HTTP/1.1" 404 88 "https://ysfine.com/world/polandw.html" "Mozilla/5.0 (Linux; Android 11; CPH2121) AppleWebKit/537.36 (KHTML, like Gecko) Chrome/102.0.0.0 Mobile Safari/537.36" "ysfine.com"
207.46.13.102 - - [12/Oct/2022:07:14:05 -0700] "GET /world/ital/pantheon.html HTTP/1.1" 200 277 "-" "Mozilla/5.0 AppleWebKit/537.36 (KHTML, like Gecko; compatible; bingbot/2.0; +http://www.bing.com/bingbot.htm) Chrome/103.0.5060.134 Safari/537.36" "ysfine.com"
58.20.82.157 - - [12/Oct/2022:07:14:19 -0700] "GET /wigner/wigsharp.jpg HTTP/1.1" 200 123961 "https://cn.bing.com/" "Mozilla/5.0 (Windows NT 10.0; Win64; x64) AppleWebKit/537.36 (KHTML, like Gecko) Chrome/106.0.0.0 Safari/537.36 Edg/106.0.1370.37" "www.ysfine.com"
157.55.39.55 - - [12/Oct/2022:07:14:28 -0700] "GET /world/russ/mosmusic55.jpg HTTP/1.1" 200 170298 "-" "Mozilla/5.0 (compatible; bingbot/2.0; +http://www.bing.com/bingbot.htm)" "ysfine.com"
58.20.82.157 - - [12/Oct/2022:07:14:42 -0700] "GET /wigner/wigner62.jpg HTTP/1.1" 200 1386110 "https://cn.bing.com/" "Mozilla/5.0 (Windows NT 10.0; Win64; x64) AppleWebKit/537.36 (KHTML, like Gecko) Chrome/106.0.0.0 Safari/537.36 Edg/106.0.1370.37" "ysfine.com"
168.205.23.173 - - [12/Oct/2022:07:15:04 -0700] "GET /wigner/neum/vnc01.jpg HTTP/1.1" 200 133641 "https://sites.google.com/" "Mozilla/5.0 (Windows NT 10.0; Win64; x64) AppleWebKit/537.36 (KHTML, like Gecko) Chrome/106.0.0.0 Safari/537.36" "ysfine.com"
157.55.39.58 - - [12/Oct/2022:07:15:27 -0700] "GET /kobak/reposepho.html HTTP/1.1" 200 504 "-" "Mozilla/5.0 (compatible; bingbot/2.0; +http://www.bing.com/bingbot.htm)" "ysfine.com"
77.88.5.46 - - [12/Oct/2022:07:15:50 -0700] "GET /wigner/wigwein.html HTTP/1.1" 200 251 "-" "Mozilla/5.0 (compatible; YandexBot/3.0; +http://yandex.com/bots)" "www.ysfine.com"
207.46.13.102 - - [12/Oct/2022:07:16:06 -0700] "GET /sbk/2009wdc11.jpg HTTP/1.1" 200 123825 "-" "Mozilla/5.0 (compatible; bingbot/2.0; +http://www.bing.com/bingbot.htm)" "ysfine.com"
207.46.13.102 - - [12/Oct/2022:07:16:07 -0700] "GET /maga/phil/comet77c.jpg HTTP/1.1" 200 73490 "-" "Mozilla/5.0 (compatible; bingbot/2.0; +http://www.bing.com/bingbot.htm)" "ysfine.com"
77.88.5.245 - - [12/Oct/2022:07:17:22 -0700] "GET /yspapers/fortune21f.jpg HTTP/1.1" 200 131858 "-" "Mozilla/5.0 (compatible; YandexImages/3.0; +http://yandex.com/bots)" "www.ysfine.com"
40.77.167.27 - - [12/Oct/2022:07:17:24 -0700] "GET /style/musee/britmu18.jpg HTTP/1.1" 200 123526 "-" "Mozilla/5.0 (compatible; bingbot/2.0; +http://www.bing.com/bingbot.htm)" "www.ysfine.com"
157.55.39.128 - - [12/Oct/2022:07:17:55 -0700] "GET /world/russ/arndt11.jpg HTTP/1.1" 200 120190 "-" "Mozilla/5.0 (compatible; bingbot/2.0; +http://www.bing.com/bingbot.htm)" "ysfine.com"
157.55.39.128 - - [12/Oct/2022:07:17:56 -0700] "GET /world/paris.html HTTP/1.1" 200 18129 "-" "Mozilla/5.0 AppleWebKit/537.36 (KHTML, like Gecko; compatible; bingbot/2.0; +http://www.bing.com/bingbot.htm) Chrome/103.0.5060.134 Safari/537.36" "ysfine.com"
217.175.54.42 - - [12/Oct/2022:07:18:25 -0700] "GET /world/germany/benz13.jpg HTTP/1.1" 200 103872 "https://www.bing.com/" "Mozilla/5.0 (Windows NT 10.0; Win64; x64) AppleWebKit/537.36 (KHTML, like Gecko) Chrome/104.0.5112.114 Safari/537.36 Edg/104.0.1293.81" "ysfine.com"
157.55.39.128 - - [12/Oct/2022:07:18:35 -0700] "GET /einstein/eink24b.jpg HTTP/1.1" 200 42003 "-" "Mozilla/5.0 AppleWebKit/537.36 (KHTML, like Gecko; compatible; bingbot/2.0; +http://www.bing.com/bingbot.htm) Chrome/103.0.5060.134 Safari/537.36" "ysfine.com"
157.55.39.128 - - [12/Oct/2022:07:18:36 -0700] "GET /world/wigberlin.html HTTP/1.1" 200 7173 "-" "Mozilla/5.0 AppleWebKit/537.36 (KHTML, like Gecko; compatible; bingbot/2.0; +http://www.bing.com/bingbot.htm) Chrome/103.0.5060.134 Safari/537.36" "ysfine.com"
114.119.128.142 - - [12/Oct/2022:07:18:53 -0700] "GET /dirac/dirosc.pdf HTTP/1.1" 200 41985 "https://ysfine.com/dirac/dirosc.html" "Mozilla/5.0 (Linux; Android 7.0;) AppleWebKit/537.36 (KHTML, like Gecko) Mobile Safari/537.36 (compatible; PetalBot;+https://webmaster.petalsearch.com/site/petalbot)" "ysfine.com"
77.88.5.46 - - [12/Oct/2022:07:18:56 -0700] "GET /world/spain/sevif01.jpg HTTP/1.1" 200 144384 "-" "Mozilla/5.0 (compatible; YandexImages/3.0; +http://yandex.com/bots)" "www.ysfine.com"
197.210.78.36 - - [12/Oct/2022:07:19:47 -0700] "GET /world/poland/palaceof03.jpg HTTP/1.1" 200 123260 "https://myaccount.google.com/" "Mozilla/5.0 (Linux; Android 11; CPH2121) AppleWebKit/537.36 (KHTML, like Gecko) Chrome/102.0.0.0 Mobile Safari/537.36" "ysfine.com"
40.77.167.27 - - [12/Oct/2022:07:20:26 -0700] "GET /kobak/namdae.html HTTP/1.1" 200 5295 "-" "Mozilla/5.0 (compatible; bingbot/2.0; +http://www.bing.com/bingbot.htm)" "www.ysfine.com"
62.48.187.185 - - [12/Oct/2022:07:20:30 -0700] "GET /world/france/arusas01.jpg HTTP/1.1" 200 364636 "https://www.bing.com/" "Mozilla/5.0 (Windows NT 10.0; Win64; x64) AppleWebKit/537.36 (KHTML, like Gecko) Chrome/106.0.0.0 Safari/537.36 Edg/106.0.1370.37" "ysfine.com"
207.46.13.102 - - [12/Oct/2022:07:20:37 -0700] "GET /bio/kobak/namdae.html HTTP/1.1" 404 88 "-" "Mozilla/5.0 AppleWebKit/537.36 (KHTML, like Gecko; compatible; bingbot/2.0; +http://www.bing.com/bingbot.htm) Chrome/103.0.5060.134 Safari/537.36" "ysfine.com"
157.55.39.58 - - [12/Oct/2022:07:20:57 -0700] "GET /home/different.html HTTP/1.1" 200 2354 "-" "Mozilla/5.0 AppleWebKit/537.36 (KHTML, like Gecko; compatible; bingbot/2.0; +http://www.bing.com/bingbot.htm) Chrome/103.0.5060.134 Safari/537.36" "www.ysfine.com"
157.55.39.128 - - [12/Oct/2022:07:21:45 -0700] "GET /world/brit/picca12.jpg HTTP/1.1" 200 105036 "-" "Mozilla/5.0 (compatible; bingbot/2.0; +http://www.bing.com/bingbot.htm)" "ysfine.com"
40.77.167.27 - - [12/Oct/2022:07:21:54 -0700] "GET /einstein/eindcmap.jpg HTTP/1.1" 200 88773 "-" "Mozilla/5.0 (compatible; bingbot/2.0; +http://www.bing.com/bingbot.htm)" "www.ysfine.com"
157.55.39.128 - - [12/Oct/2022:07:21:55 -0700] "GET /people/facu63c.jpg HTTP/1.1" 200 39839 "-" "Mozilla/5.0 AppleWebKit/537.36 (KHTML, like Gecko; compatible; bingbot/2.0; +http://www.bing.com/bingbot.htm) Chrome/103.0.5060.134 Safari/537.36" "ysfine.com"
40.77.167.27 - - [12/Oct/2022:07:22:05 -0700] "GET /people/markov84b.jpg HTTP/1.1" 200 44106 "-" "Mozilla/5.0 (compatible; bingbot/2.0; +http://www.bing.com/bingbot.htm)" "ysfine.com"
66.249.66.44 - - [12/Oct/2022:07:22:23 -0700] "GET /ysbio/eink/einhaus33.jpg HTTP/1.1" 200 77905 "-" "Googlebot-Image/1.0" "ysfine.com"
66.249.66.40 - - [12/Oct/2022:07:22:27 -0700] "GET /ysbio/eward55.jpg HTTP/1.1" 200 177769 "-" "Googlebot-Image/1.0" "ysfine.com"
40.77.167.27 - - [12/Oct/2022:07:23:45 -0700] "GET /feynman/ppic/qboil66a.jpg HTTP/1.1" 200 67629 "-" "Mozilla/5.0 (compatible; bingbot/2.0; +http://www.bing.com/bingbot.htm)" "ysfine.com"
54.236.1.11 - - [12/Oct/2022:07:23:48 -0700] "GET /robots.txt HTTP/1.1" 404 88 "-" "Mozilla/5.0 (compatible; Pinterestbot/1.0; +http://www.pinterest.com/bot.html)" "ysfine.com"
54.236.1.11 - - [12/Oct/2022:07:23:48 -0700] "GET /feynman/feydirac270.jpg HTTP/1.1" 200 59000 "-" "Mozilla/5.0 (compatible; Pinterestbot/1.0; +http://www.pinterest.com/bot.html)" "ysfine.com"
157.55.39.127 - - [12/Oct/2022:07:24:26 -0700] "GET /kowar/war50.html HTTP/1.1" 200 11795 "-" "Mozilla/5.0 AppleWebKit/537.36 (KHTML, like Gecko; compatible; bingbot/2.0; +http://www.bing.com/bingbot.htm) Chrome/103.0.5060.134 Safari/537.36" "www.ysfine.com"
207.46.13.102 - - [12/Oct/2022:07:24:47 -0700] "GET /einstein/places/einha12.jpg HTTP/1.1" 200 118952 "-" "Mozilla/5.0 (compatible; bingbot/2.0; +http://www.bing.com/bingbot.htm)" "ysfine.com"
121.131.231.63 - - [12/Oct/2022:07:25:08 -0700] "GET /jobs/koreaj.html HTTP/1.1" 200 10214 "-" "Mozilla/5.0 (Macintosh; Intel Mac OS X 10_15_7) AppleWebKit/537.36 (KHTML, like Gecko) Chrome/106.0.0.0 Safari/537.36" "ysfine.com"
121.131.231.63 - - [12/Oct/2022:07:25:09 -0700] "GET /jobs/koreaj11b.jpg HTTP/1.1" 200 67543 "https://ysfine.com/jobs/koreaj.html" "Mozilla/5.0 (Macintosh; Intel Mac OS X 10_15_7) AppleWebKit/537.36 (KHTML, like Gecko) Chrome/106.0.0.0 Safari/537.36" "ysfine.com"
157.55.39.128 - - [12/Oct/2022:07:25:56 -0700] "GET /friends/russian.html HTTP/1.1" 404 88 "-" "Mozilla/5.0 (compatible; bingbot/2.0; +http://www.bing.com/bingbot.htm)" "ysfine.com"
207.46.13.102 - - [12/Oct/2022:07:27:27 -0700] "GET /bio/einstein/bern.html HTTP/1.1" 404 88 "-" "Mozilla/5.0 (compatible; bingbot/2.0; +http://www.bing.com/bingbot.htm)" "ysfine.com"
157.55.39.58 - - [12/Oct/2022:07:27:37 -0700] "GET /kobak/nll01.jpg HTTP/1.1" 200 53089 "-" "Mozilla/5.0 (compatible; bingbot/2.0; +http://www.bing.com/bingbot.htm)" "ysfine.com"
157.55.39.127 - - [12/Oct/2022:07:27:56 -0700] "GET /wdc/jeffm08.jpg HTTP/1.1" 200 82292 "-" "Mozilla/5.0 (compatible; bingbot/2.0; +http://www.bing.com/bingbot.htm)" "www.ysfine.com"
91.120.190.80 - - [12/Oct/2022:07:28:03 -0700] "GET /style/durbin.jpg HTTP/1.1" 200 16279 "https://www.google.com/" "Mozilla/5.0 (Windows NT 6.1; Win64; x64) AppleWebKit/537.36 (KHTML, like Gecko) Chrome/105.0.5195.127 Safari/537.36 Avast/105.0.18469.127" "ysfine.com"
157.55.39.55 - - [12/Oct/2022:07:28:09 -0700] "GET /world/scandi/copen024b.jpg HTTP/1.1" 200 28962 "-" "Mozilla/5.0 AppleWebKit/537.36 (KHTML, like Gecko; compatible; bingbot/2.0; +http://www.bing.com/bingbot.htm) Chrome/103.0.5060.134 Safari/537.36" "ysfine.com"
157.55.39.55 - - [12/Oct/2022:07:28:10 -0700] "GET /people/ HTTP/1.1" 200 125 "-" "Mozilla/5.0 AppleWebKit/537.36 (KHTML, like Gecko; compatible; bingbot/2.0; +http://www.bing.com/bingbot.htm) Chrome/103.0.5060.134 Safari/537.36" "ysfine.com"
37.238.80.42 - - [12/Oct/2022:07:28:19 -0700] "GET /dirac/feydirac300.jpg HTTP/1.1" 200 38223 "https://www.google.com/" "Mozilla/5.0 (Linux; Android 11; SM-A505F) AppleWebKit/537.36 (KHTML, like Gecko) Chrome/106.0.0.0 Mobile Safari/537.36" "ysfine.com"
77.75.72.26 - - [12/Oct/2022:07:28:42 -0700] "GET /home/bio.html HTTP/1.1" 404 88 "-" "Mozilla/5.0 (compatible; SeznamBot/4.0-RC1; +http://napoveda.seznam.cz/seznambot-intro/)" "ysfine.com"
40.77.167.27 - - [12/Oct/2022:07:28:46 -0700] "GET /world/france/antibes12.jpg HTTP/1.1" 200 150905 "-" "Mozilla/5.0 (compatible; bingbot/2.0; +http://www.bing.com/bingbot.htm)" "ysfine.com"
157.55.39.128 - - [12/Oct/2022:07:29:46 -0700] "GET /wisdom/palman22b.jpg HTTP/1.1" 200 57611 "-" "Mozilla/5.0 (compatible; bingbot/2.0; +http://www.bing.com/bingbot.htm)" "ysfine.com"
157.55.39.55 - - [12/Oct/2022:07:30:09 -0700] "GET /style/musee/berlinmus12.jpg HTTP/1.1" 200 84194 "-" "Mozilla/5.0 (compatible; bingbot/2.0; +http://www.bing.com/bingbot.htm)" "ysfine.com"
207.46.13.102 - - [12/Oct/2022:07:30:17 -0700] "GET /world/germany/berlin173.jpg HTTP/1.1" 200 261181 "-" "Mozilla/5.0 (compatible; bingbot/2.0; +http://www.bing.com/bingbot.htm)" "ysfine.com"
93.158.161.40 - - [12/Oct/2022:07:30:21 -0700] "GET /robots.txt HTTP/1.1" 404 73 "-" "Mozilla/5.0 (compatible; YandexBot/3.0; +http://yandex.com/bots)" "www.ysfine.com"
157.55.39.128 - - [12/Oct/2022:07:30:21 -0700] "GET /bio/dashen.html HTTP/1.1" 404 88 "-" "Mozilla/5.0 (compatible; bingbot/2.0; +http://www.bing.com/bingbot.htm)" "ysfine.com"
77.88.5.46 - - [12/Oct/2022:07:30:25 -0700] "GET /ffriends/elsal02.jpg HTTP/1.1" 200 216257 "-" "Mozilla/5.0 (compatible; YandexImages/3.0; +http://yandex.com/bots)" "www.ysfine.com"
40.77.167.27 - - [12/Oct/2022:07:30:45 -0700] "GET /people/towhee11b.jpg HTTP/1.1" 200 32584 "-" "Mozilla/5.0 AppleWebKit/537.36 (KHTML, like Gecko; compatible; bingbot/2.0; +http://www.bing.com/bingbot.htm) Chrome/103.0.5060.134 Safari/537.36" "ysfine.com"
157.55.39.58 - - [12/Oct/2022:07:31:48 -0700] "GET /sbk/2009lon22.jpg HTTP/1.1" 200 196366 "-" "Mozilla/5.0 AppleWebKit/537.36 (KHTML, like Gecko; compatible; bingbot/2.0; +http://www.bing.com/bingbot.htm) Chrome/103.0.5060.134 Safari/537.36" "ysfine.com"
157.55.39.58 - - [12/Oct/2022:07:32:26 -0700] "GET /world/germany/vienna16.jpg HTTP/1.1" 200 164335 "-" "Mozilla/5.0 (compatible; bingbot/2.0; +http://www.bing.com/bingbot.htm)" "ysfine.com"
157.55.39.127 - - [12/Oct/2022:07:32:27 -0700] "GET /wigner/kuper76.html HTTP/1.1" 200 309 "-" "Mozilla/5.0 (compatible; bingbot/2.0; +http://www.bing.com/bingbot.htm)" "www.ysfine.com"
157.55.39.55 - - [12/Oct/2022:07:32:41 -0700] "GET /maga/hosc.html HTTP/1.1" 200 1463 "-" "Mozilla/5.0 (compatible; bingbot/2.0; +http://www.bing.com/bingbot.htm)" "ysfine.com"
157.55.39.128 - - [12/Oct/2022:07:32:57 -0700] "GET /world/baltic/kantm09.jpg HTTP/1.1" 200 132684 "-" "Mozilla/5.0 (compatible; bingbot/2.0; +http://www.bing.com/bingbot.htm)" "www.ysfine.com"
157.55.39.127 - - [12/Oct/2022:07:33:18 -0700] "GET /world/china/hongkong.html HTTP/1.1" 200 4914 "-" "Mozilla/5.0 (compatible; bingbot/2.0; +http://www.bing.com/bingbot.htm)" "ysfine.com"
157.55.39.58 - - [12/Oct/2022:07:33:22 -0700] "GET /world/germany/oktf11.jpg HTTP/1.1" 200 114734 "-" "Mozilla/5.0 (compatible; bingbot/2.0; +http://www.bing.com/bingbot.htm)" "www.ysfine.com"
163.1.150.14 - - [12/Oct/2022:07:33:23 -0700] "GET /maga/phys/naimar/pewk09.jpg HTTP/1.1" 200 54557 "https://www.google.com/" "Mozilla/5.0 (Windows NT 10.0; Win64; x64) AppleWebKit/537.36 (KHTML, like Gecko) Chrome/106.0.0.0 Safari/537.36" "ysfine.com"
157.55.39.58 - - [12/Oct/2022:07:33:27 -0700] "GET /yspapers/cover22c.jpg HTTP/1.1" 200 27008 "-" "Mozilla/5.0 (compatible; bingbot/2.0; +http://www.bing.com/bingbot.htm)" "ysfine.com"
157.55.39.58 - - [12/Oct/2022:07:34:17 -0700] "GET /style/vienopera22.jpg HTTP/1.1" 200 125468 "-" "Mozilla/5.0 (compatible; bingbot/2.0; +http://www.bing.com/bingbot.htm)" "ysfine.com"
157.55.39.55 - - [12/Oct/2022:07:34:22 -0700] "GET /bio/style/ystyle.html HTTP/1.1" 404 88 "-" "Mozilla/5.0 (compatible; bingbot/2.0; +http://www.bing.com/bingbot.htm)" "ysfine.com"
157.55.39.55 - - [12/Oct/2022:07:35:00 -0700] "GET /style/musee/ath035.jpg HTTP/1.1" 200 70870 "-" "Mozilla/5.0 (compatible; bingbot/2.0; +http://www.bing.com/bingbot.htm)" "www.ysfine.com"
66.249.66.44 - - [12/Oct/2022:07:35:06 -0700] "GET /wdc/washmo02c.jpg HTTP/1.1" 304 - "-" "Googlebot-Image/1.0" "ysfine.com"
207.46.13.102 - - [12/Oct/2022:07:35:29 -0700] "GET /world/ital/padova16.jpg HTTP/1.1" 200 65299 "-" "Mozilla/5.0 AppleWebKit/537.36 (KHTML, like Gecko; compatible; bingbot/2.0; +http://www.bing.com/bingbot.htm) Chrome/103.0.5060.134 Safari/537.36" "ysfine.com"
37.238.80.42 - - [12/Oct/2022:07:35:35 -0700] "GET /dirac/dirheisen22.jpg HTTP/1.1" 200 107372 "https://www.google.com/" "Mozilla/5.0 (Linux; Android 11; SM-A505F) AppleWebKit/537.36 (KHTML, like Gecko) Chrome/106.0.0.0 Mobile Safari/537.36" "ysfine.com"
207.46.13.102 - - [12/Oct/2022:07:36:07 -0700] "GET /wdc/ww2m22.jpg HTTP/1.1" 200 65101 "-" "Mozilla/5.0 (compatible; bingbot/2.0; +http://www.bing.com/bingbot.htm)" "ysfine.com"
157.55.39.128 - - [12/Oct/2022:07:36:27 -0700] "GET /maga/conic.html HTTP/1.1" 200 4049 "-" "Mozilla/5.0 (compatible; bingbot/2.0; +http://www.bing.com/bingbot.htm)" "www.ysfine.com"
157.55.39.127 - - [12/Oct/2022:07:36:27 -0700] "GET /wdc/umdbarn.html HTTP/1.1" 200 316 "-" "Mozilla/5.0 (compatible; bingbot/2.0; +http://www.bing.com/bingbot.htm)" "ysfine.com"
77.88.5.233 - - [12/Oct/2022:07:37:45 -0700] "GET /wigner/neupol.html HTTP/1.1" 200 1742 "-" "Mozilla/5.0 (compatible; YandexBot/3.0; +http://yandex.com/bots)" "www.ysfine.com"
37.187.24.159 - - [12/Oct/2022:07:37:59 -0700] "GET /wp-login.php HTTP/1.1" 404 88 "http://ysfine.com/wp-login.php" "Mozilla/5.0 (Windows NT 10.0; Win64; x64; rv:96.0) Gecko/20100101 Firefox/96" "ysfine.com"
157.55.39.55 - - [12/Oct/2022:07:38:10 -0700] "GET /world/china/shenyang.html HTTP/1.1" 200 5154 "-" "Mozilla/5.0 AppleWebKit/537.36 (KHTML, like Gecko; compatible; bingbot/2.0; +http://www.bing.com/bingbot.htm) Chrome/103.0.5060.134 Safari/537.36" "ysfine.com"
157.55.39.55 - - [12/Oct/2022:07:38:10 -0700] "GET /world/ital/galmil.html HTTP/1.1" 200 1084 "-" "Mozilla/5.0 (compatible; bingbot/2.0; +http://www.bing.com/bingbot.htm)" "www.ysfine.com"
157.55.39.127 - - [12/Oct/2022:07:38:19 -0700] "GET /bio/dirac/index.html HTTP/1.1" 404 88 "-" "Mozilla/5.0 (compatible; bingbot/2.0; +http://www.bing.com/bingbot.htm)" "ysfine.com"
40.77.167.27 - - [12/Oct/2022:07:38:26 -0700] "GET /world/latina/rio004b.jpg HTTP/1.1" 200 40739 "-" "Mozilla/5.0 (compatible; bingbot/2.0; +http://www.bing.com/bingbot.htm)" "www.ysfine.com"
157.55.39.128 - - [12/Oct/2022:07:38:38 -0700] "GET /style/slavianki.html HTTP/1.1" 200 2686 "-" "Mozilla/5.0 (compatible; bingbot/2.0; +http://www.bing.com/bingbot.htm)" "www.ysfine.com"
157.55.39.128 - - [12/Oct/2022:07:38:59 -0700] "GET /bio/bio05.html HTTP/1.1" 404 88 "-" "Mozilla/5.0 AppleWebKit/537.36 (KHTML, like Gecko; compatible; bingbot/2.0; +http://www.bing.com/bingbot.htm) Chrome/103.0.5060.134 Safari/537.36" "ysfine.com"
40.77.167.27 - - [12/Oct/2022:07:39:06 -0700] "GET /style/musee/uffizi02.jpg HTTP/1.1" 200 122588 "-" "Mozilla/5.0 (compatible; bingbot/2.0; +http://www.bing.com/bingbot.htm)" "ysfine.com"
40.77.167.27 - - [12/Oct/2022:07:39:07 -0700] "GET /world/venice.html HTTP/1.1" 200 8457 "-" "Mozilla/5.0 (compatible; bingbot/2.0; +http://www.bing.com/bingbot.htm)" "ysfine.com"
207.46.13.102 - - [12/Oct/2022:07:39:11 -0700] "GET /wigner/maxwig.html HTTP/1.1" 200 8080 "-" "Mozilla/5.0 AppleWebKit/537.36 (KHTML, like Gecko; compatible; bingbot/2.0; +http://www.bing.com/bingbot.htm) Chrome/103.0.5060.134 Safari/537.36" "ysfine.com"
207.46.13.102 - - [12/Oct/2022:07:39:28 -0700] "GET /world/berlin.html HTTP/1.1" 200 16173 "-" "Mozilla/5.0 (compatible; bingbot/2.0; +http://www.bing.com/bingbot.htm)" "www.ysfine.com"
77.88.5.245 - - [12/Oct/2022:07:40:26 -0700] "GET /robots.txt HTTP/1.1" 404 73 "-" "Mozilla/5.0 (compatible; YandexBot/3.0; +http://yandex.com/bots)" "www.ysfine.com"
77.88.5.253 - - [12/Oct/2022:07:40:29 -0700] "GET /kobak/somap38.jpg HTTP/1.1" 200 109622 "-" "Mozilla/5.0 (compatible; YandexImages/3.0; +http://yandex.com/bots)" "www.ysfine.com"
114.119.128.154 - - [12/Oct/2022:07:41:16 -0700] "GET /ffriends/kuwait01b.jpg HTTP/1.1" 200 47955 "https://ysfine.com/ffriends/moslems.html" "Mozilla/5.0 (Linux; Android 7.0;) AppleWebKit/537.36 (KHTML, like Gecko) Mobile Safari/537.36 (compatible; PetalBot;+https://webmaster.petalsearch.com/site/petalbot)" "ysfine.com"
207.46.13.102 - - [12/Oct/2022:07:41:29 -0700] "GET /usca/pitt/fortpitt03.jpg HTTP/1.1" 200 83489 "-" "Mozilla/5.0 (compatible; bingbot/2.0; +http://www.bing.com/bingbot.htm)" "ysfine.com"
157.55.39.58 - - [12/Oct/2022:07:42:18 -0700] "GET /feynman/fphoto.html HTTP/1.1" 200 3714 "-" "Mozilla/5.0 AppleWebKit/537.36 (KHTML, like Gecko; compatible; bingbot/2.0; +http://www.bing.com/bingbot.htm) Chrome/103.0.5060.134 Safari/537.36" "ysfine.com"
157.55.39.128 - - [12/Oct/2022:07:42:28 -0700] "GET /world/veneto.html HTTP/1.1" 200 6676 "-" "Mozilla/5.0 AppleWebKit/537.36 (KHTML, like Gecko; compatible; bingbot/2.0; +http://www.bing.com/bingbot.htm) Chrome/103.0.5060.134 Safari/537.36" "ysfine.com"
40.77.167.27 - - [12/Oct/2022:07:42:36 -0700] "GET /sbk/2002ucla11.jpg HTTP/1.1" 200 226282 "-" "Mozilla/5.0 (compatible; bingbot/2.0; +http://www.bing.com/bingbot.htm)" "ysfine.com"
157.55.39.128 - - [12/Oct/2022:07:42:41 -0700] "GET /bio/more.html HTTP/1.1" 404 88 "-" "Mozilla/5.0 (compatible; bingbot/2.0; +http://www.bing.com/bingbot.htm)" "ysfine.com"
207.46.13.102 - - [12/Oct/2022:07:42:48 -0700] "GET /kor/self01.jpg HTTP/1.1" 200 78291 "-" "Mozilla/5.0 AppleWebKit/537.36 (KHTML, like Gecko; compatible; bingbot/2.0; +http://www.bing.com/bingbot.htm) Chrome/103.0.5060.134 Safari/537.36" "www.ysfine.com"
104.211.155.225 - - [12/Oct/2022:07:43:03 -0700] "GET /maga/phys/naimar/pewk05.jpg HTTP/1.1" 200 94458 "-" "DuckDuckBot/1.1; (+http://duckduckgo.com/duckduckbot.html)" "www.ysfine.com"
104.211.155.225 - - [12/Oct/2022:07:43:05 -0700] "GET /maga/phys/naimar/pewk03.jpg HTTP/1.1" 200 45583 "http://ysfine.com/maga/phys/naimar/pewk03.jpg" "DuckDuckBot/1.1; (+http://duckduckgo.com/duckduckbot.html)" "ysfine.com"
157.55.39.127 - - [12/Oct/2022:07:43:19 -0700] "GET /bio/wigner/evangel.html HTTP/1.1" 404 88 "-" "Mozilla/5.0 (compatible; bingbot/2.0; +http://www.bing.com/bingbot.htm)" "ysfine.com"
157.55.39.55 - - [12/Oct/2022:07:43:52 -0700] "GET /dirac/bankers.html HTTP/1.1" 200 4453 "-" "Mozilla/5.0 AppleWebKit/537.36 (KHTML, like Gecko; compatible; bingbot/2.0; +http://www.bing.com/bingbot.htm) Chrome/103.0.5060.134 Safari/537.36" "ysfine.com"
46.114.157.228 - - [12/Oct/2022:07:44:10 -0700] "GET /maga/histo/desiree22.jpg HTTP/1.1" 200 113561 "https://www.google.com/" "Mozilla/5.0 (Linux; Android 11; SM-A528B Build/RP1A.200720.012; wv) AppleWebKit/537.36 (KHTML, like Gecko) Version/4.0 Chrome/87.0.4280.141 Mobile Safari/537.36 GSA/12.34.17.23.arm64" "ysfine.com"
108.31.156.69 - - [12/Oct/2022:07:44:21 -0700] "GET /kowar/tanks/tank03.jpg HTTP/1.1" 200 106726 "https://www.google.com/" "Mozilla/5.0 (Windows NT 10.0; Win64; x64) AppleWebKit/537.36 (KHTML, like Gecko) Chrome/102.0.0.0 Safari/537.36" "ysfine.com"
203.189.184.59 - - [12/Oct/2022:07:45:24 -0700] "GET /wisdom/korart04.jpg HTTP/1.1" 200 92096 "https://www.google.com/" "Mozilla/5.0 (Linux; Android 10; DRA-LX9) AppleWebKit/537.36 (KHTML, like Gecko) Chrome/91.0.4472.134 Mobile Safari/537.36" "ysfine.com"
40.77.167.27 - - [12/Oct/2022:07:45:48 -0700] "GET /world/brit/lonstore.html HTTP/1.1" 200 385 "-" "Mozilla/5.0 (compatible; bingbot/2.0; +http://www.bing.com/bingbot.htm)" "ysfine.com"
157.55.39.55 - - [12/Oct/2022:07:46:02 -0700] "GET /maga/editesl.html HTTP/1.1" 200 7578 "-" "Mozilla/5.0 AppleWebKit/537.36 (KHTML, like Gecko; compatible; bingbot/2.0; +http://www.bing.com/bingbot.htm) Chrome/103.0.5060.134 Safari/537.36" "ysfine.com"
114.119.128.158 - - [12/Oct/2022:07:46:15 -0700] "GET /remote/wigner111/frame56.html HTTP/1.1" 200 559 "https://www.ysfine.com/remote/wigner111/goto.html" "Mozilla/5.0 (Linux; Android 7.0;) AppleWebKit/537.36 (KHTML, like Gecko) Mobile Safari/537.36 (compatible; PetalBot;+https://webmaster.petalsearch.com/site/petalbot)" "www.ysfine.com"
153.246.134.106 - - [12/Oct/2022:07:47:16 -0700] "GET /wigner/wigner39.pdf HTTP/1.1" 200 1398440 "https://www.google.com/" "Mozilla/5.0 (Macintosh; Intel Mac OS X 10.15; rv:101.0) Gecko/20100101 Firefox/101.0" "ysfine.com"
153.246.134.106 - - [12/Oct/2022:07:47:17 -0700] "GET /favicon.ico HTTP/1.1" 404 88 "https://ysfine.com/" "Mozilla/5.0 (Macintosh; Intel Mac OS X 10.15; rv:101.0) Gecko/20100101 Firefox/101.0" "ysfine.com"
153.246.134.106 - - [12/Oct/2022:07:47:17 -0700] "GET /wigner/wigner39.pdf HTTP/1.1" 206 65536 "https://www.google.com/" "Mozilla/5.0 (Macintosh; Intel Mac OS X 10.15; rv:101.0) Gecko/20100101 Firefox/101.0" "ysfine.com"
153.246.134.106 - - [12/Oct/2022:07:47:17 -0700] "GET /wigner/wigner39.pdf HTTP/1.1" 206 22184 "https://www.google.com/" "Mozilla/5.0 (Macintosh; Intel Mac OS X 10.15; rv:101.0) Gecko/20100101 Firefox/101.0" "ysfine.com"
153.246.134.106 - - [12/Oct/2022:07:47:18 -0700] "GET /wigner/wigner39.pdf HTTP/1.1" 206 65536 "https://www.google.com/" "Mozilla/5.0 (Macintosh; Intel Mac OS X 10.15; rv:101.0) Gecko/20100101 Firefox/101.0" "ysfine.com"
153.246.134.106 - - [12/Oct/2022:07:47:18 -0700] "GET /wigner/wigner39.pdf HTTP/1.1" 206 65536 "https://www.google.com/" "Mozilla/5.0 (Macintosh; Intel Mac OS X 10.15; rv:101.0) Gecko/20100101 Firefox/101.0" "ysfine.com"
153.246.134.106 - - [12/Oct/2022:07:47:19 -0700] "GET /wigner/wigner39.pdf HTTP/1.1" 206 65536 "https://www.google.com/" "Mozilla/5.0 (Macintosh; Intel Mac OS X 10.15; rv:101.0) Gecko/20100101 Firefox/101.0" "ysfine.com"
157.55.39.58 - - [12/Oct/2022:07:47:19 -0700] "GET /maga/lorenuni.html HTTP/1.1" 200 2365 "-" "Mozilla/5.0 (compatible; bingbot/2.0; +http://www.bing.com/bingbot.htm)" "www.ysfine.com"
153.246.134.106 - - [12/Oct/2022:07:47:19 -0700] "GET /wigner/wigner39.pdf HTTP/1.1" 206 65536 "https://www.google.com/" "Mozilla/5.0 (Macintosh; Intel Mac OS X 10.15; rv:101.0) Gecko/20100101 Firefox/101.0" "ysfine.com"
153.246.134.106 - - [12/Oct/2022:07:47:20 -0700] "GET /wigner/wigner39.pdf HTTP/1.1" 206 65536 "https://www.google.com/" "Mozilla/5.0 (Macintosh; Intel Mac OS X 10.15; rv:101.0) Gecko/20100101 Firefox/101.0" "ysfine.com"
153.246.134.106 - - [12/Oct/2022:07:47:20 -0700] "GET /wigner/wigner39.pdf HTTP/1.1" 206 65536 "https://www.google.com/" "Mozilla/5.0 (Macintosh; Intel Mac OS X 10.15; rv:101.0) Gecko/20100101 Firefox/101.0" "ysfine.com"
157.55.39.128 - - [12/Oct/2022:07:48:09 -0700] "GET /people/bhagat2.jpg HTTP/1.1" 200 33854 "-" "Mozilla/5.0 AppleWebKit/537.36 (KHTML, like Gecko; compatible; bingbot/2.0; +http://www.bing.com/bingbot.htm) Chrome/103.0.5060.134 Safari/537.36" "www.ysfine.com"
157.55.39.55 - - [12/Oct/2022:07:48:32 -0700] "GET /bio/style/ystyle.html HTTP/1.1" 404 88 "-" "Mozilla/5.0 AppleWebKit/537.36 (KHTML, like Gecko; compatible; bingbot/2.0; +http://www.bing.com/bingbot.htm) Chrome/103.0.5060.134 Safari/537.36" "ysfine.com"
77.88.5.233 - - [12/Oct/2022:07:49:25 -0700] "GET /world/ital/sapienza16.jpg HTTP/1.1" 200 103901 "-" "Mozilla/5.0 (compatible; YandexImages/3.0; +http://yandex.com/bots)" "ysfine.com"
157.55.39.128 - - [12/Oct/2022:07:49:58 -0700] "GET /wdc/sakura06.jpg HTTP/1.1" 200 83525 "-" "Mozilla/5.0 AppleWebKit/537.36 (KHTML, like Gecko; compatible; bingbot/2.0; +http://www.bing.com/bingbot.htm) Chrome/103.0.5060.134 Safari/537.36" "www.ysfine.com"
157.55.39.58 - - [12/Oct/2022:07:50:58 -0700] "GET /world/ital/venicej02b.jpg HTTP/1.1" 200 42128 "-" "Mozilla/5.0 (compatible; bingbot/2.0; +http://www.bing.com/bingbot.htm)" "ysfine.com"
128.6.36.128 - - [12/Oct/2022:07:51:03 -0700] "GET /princeton/pumu16.jpg HTTP/1.1" 200 90926 "https://www.google.com/" "Mozilla/5.0 (Macintosh; Intel Mac OS X 10_15_7) AppleWebKit/537.36 (KHTML, like Gecko) Chrome/105.0.0.0 Safari/537.36" "ysfine.com"
157.55.39.127 - - [12/Oct/2022:07:51:50 -0700] "GET /maga/copislam.html HTTP/1.1" 200 5140 "-" "Mozilla/5.0 (compatible; bingbot/2.0; +http://www.bing.com/bingbot.htm)" "ysfine.com"
157.55.39.128 - - [12/Oct/2022:07:52:39 -0700] "GET /world/minsk.html HTTP/1.1" 200 7116 "-" "Mozilla/5.0 (compatible; bingbot/2.0; +http://www.bing.com/bingbot.htm)" "ysfine.com"
66.249.66.44 - - [12/Oct/2022:07:52:58 -0700] "GET /maga/phil/childrenof11b.jpg HTTP/1.1" 304 - "-" "Googlebot-Image/1.0" "ysfine.com"
77.88.5.245 - - [12/Oct/2022:07:53:07 -0700] "GET /wigner/neum/vnc06.jpg HTTP/1.1" 200 112606 "-" "Mozilla/5.0 (compatible; YandexImages/3.0; +http://yandex.com/bots)" "ysfine.com"
193.186.4.204 - - [12/Oct/2022:07:53:12 -0700] "GET /dirac/wigsis.html HTTP/1.1" 200 10275 "-" "Mozilla/5.0 (Linux; Android 10; K) AppleWebKit/537.36 (KHTML, like Gecko) Chrome/106.0.0.0 Mobile Safari/537.36" "ysfine.com"
157.55.39.127 - - [12/Oct/2022:07:53:19 -0700] "GET /world/france/montpar02.jpg HTTP/1.1" 200 153728 "-" "Mozilla/5.0 (compatible; bingbot/2.0; +http://www.bing.com/bingbot.htm)" "www.ysfine.com"
114.119.128.162 - - [12/Oct/2022:07:53:48 -0700] "GET /class54/class5470/total_data/photo_img/8-121.jpg HTTP/1.1" 200 257657 "https://ysfine.com/class54/class5470/total_data/sub_8121.htm" "Mozilla/5.0 (Linux; Android 7.0;) AppleWebKit/537.36 (KHTML, like Gecko) Mobile Safari/537.36 (compatible; PetalBot;+https://webmaster.petalsearch.com/site/petalbot)" "ysfine.com"
207.46.13.102 - - [12/Oct/2022:07:53:49 -0700] "GET /home/comet01b.jpg HTTP/1.1" 200 53465 "-" "Mozilla/5.0 AppleWebKit/537.36 (KHTML, like Gecko; compatible; bingbot/2.0; +http://www.bing.com/bingbot.htm) Chrome/103.0.5060.134 Safari/537.36" "www.ysfine.com"
124.122.192.86 - - [12/Oct/2022:07:53:53 -0700] "GET /kobak/sl628.jpg HTTP/1.1" 200 225100 "https://www.google.com/" "Mozilla/5.0 (Macintosh; Intel Mac OS X 10_15_7) AppleWebKit/537.36 (KHTML, like Gecko) Chrome/106.0.0.0 Safari/537.36" "ysfine.com"
186.152.211.56 - - [12/Oct/2022:07:54:58 -0700] "GET /dirac/dirac11.jpg HTTP/1.1" 200 94245 "https://www.google.com/" "Mozilla/5.0 (Windows NT 6.1) AppleWebKit/537.36 (KHTML, like Gecko) Chrome/105.0.0.0 Safari/537.36" "ysfine.com"
40.77.167.27 - - [12/Oct/2022:07:55:09 -0700] "GET /wdc/lincoln12.jpg HTTP/1.1" 200 107256 "-" "Mozilla/5.0 (compatible; bingbot/2.0; +http://www.bing.com/bingbot.htm)" "www.ysfine.com"
207.46.13.102 - - [12/Oct/2022:07:55:29 -0700] "GET /bio/einstein/bern.html HTTP/1.1" 404 88 "-" "Mozilla/5.0 (compatible; bingbot/2.0; +http://www.bing.com/bingbot.htm)" "ysfine.com"
207.46.13.102 - - [12/Oct/2022:07:55:30 -0700] "GET /world/scandi/copen070.jpg HTTP/1.1" 200 76522 "-" "Mozilla/5.0 (compatible; bingbot/2.0; +http://www.bing.com/bingbot.htm)" "ysfine.com"
157.55.39.55 - - [12/Oct/2022:07:55:43 -0700] "GET /world/ital/romef109.jpg HTTP/1.1" 200 125625 "-" "Mozilla/5.0 (compatible; bingbot/2.0; +http://www.bing.com/bingbot.htm)" "ysfine.com"
157.55.39.127 - - [12/Oct/2022:07:56:00 -0700] "GET /world/arusas.html HTTP/1.1" 200 7838 "-" "Mozilla/5.0 (compatible; bingbot/2.0; +http://www.bing.com/bingbot.htm)" "ysfine.com"
157.55.39.58 - - [12/Oct/2022:07:57:00 -0700] "GET /wdc/mydc.html HTTP/1.1" 200 1586 "-" "Mozilla/5.0 (compatible; bingbot/2.0; +http://www.bing.com/bingbot.htm)" "ysfine.com"
157.55.39.55 - - [12/Oct/2022:07:57:43 -0700] "GET /world/russ/volga19.jpg HTTP/1.1" 200 122101 "-" "Mozilla/5.0 (compatible; bingbot/2.0; +http://www.bing.com/bingbot.htm)" "www.ysfine.com"
213.226.141.171 - - [12/Oct/2022:07:57:50 -0700] "GET /world/baltic/kalin30.jpg HTTP/1.1" 200 94863 "https://www.google.com/" "Mozilla/5.0 (Macintosh; Intel Mac OS X 10_15_7) AppleWebKit/537.36 (KHTML, like Gecko) Chrome/94.0.4606.61 Safari/537.36" "ysfine.com"
207.46.13.102 - - [12/Oct/2022:07:58:10 -0700] "GET /princeton/eisgruber11.jpg HTTP/1.1" 200 142842 "-" "Mozilla/5.0 AppleWebKit/537.36 (KHTML, like Gecko; compatible; bingbot/2.0; +http://www.bing.com/bingbot.htm) Chrome/103.0.5060.134 Safari/537.36" "ysfine.com"
157.55.39.128 - - [12/Oct/2022:07:59:00 -0700] "GET /style/nga22.jpg HTTP/1.1" 200 132866 "-" "Mozilla/5.0 AppleWebKit/537.36 (KHTML, like Gecko; compatible; bingbot/2.0; +http://www.bing.com/bingbot.htm) Chrome/103.0.5060.134 Safari/537.36" "ysfine.com"
77.40.61.158 - - [12/Oct/2022:07:59:09 -0700] "GET /kowar/tanks/sherman50.jpg HTTP/1.1" 200 69232 "https://mavink.com/" "Mozilla/5.0 (Windows NT 6.1; Win64; x64) AppleWebKit/537.36 (KHTML, like Gecko) Chrome/106.0.0.0 Safari/537.36" "www.ysfine.com"
173.73.77.36 - - [12/Oct/2022:07:59:25 -0700] "GET /ys11/ HTTP/1.1" 304 - "-" "Mozilla/5.0 (Windows NT 10.0; Win64; x64; rv:105.0) Gecko/20100101 Firefox/105.0" "ysfine.com"
40.77.167.27 - - [12/Oct/2022:07:59:48 -0700] "GET /world/russ/volga13.jpg HTTP/1.1" 200 75090 "-" "Mozilla/5.0 (compatible; bingbot/2.0; +http://www.bing.com/bingbot.htm)" "ysfine.com"
207.46.13.102 - - [12/Oct/2022:08:00:31 -0700] "GET /usca/pgh.html HTTP/1.1" 200 13572 "-" "Mozilla/5.0 (compatible; bingbot/2.0; +http://www.bing.com/bingbot.htm)" "ysfine.com"
40.77.167.27 - - [12/Oct/2022:08:00:49 -0700] "GET /dirac/chaucer.html HTTP/1.1" 200 2700 "-" "Mozilla/5.0 (compatible; bingbot/2.0; +http://www.bing.com/bingbot.htm)" "www.ysfine.com"
173.73.77.36 - - [12/Oct/2022:08:00:55 -0700] "GET /ys22/dondon.html HTTP/1.1" 401 90 "https://ysfine.com/ys11/" "Mozilla/5.0 (Windows NT 10.0; Win64; x64; rv:105.0) Gecko/20100101 Firefox/105.0" "ysfine.com"
173.73.77.36 - jake [12/Oct/2022:08:00:57 -0700] "GET /ys22/dondon.html HTTP/1.1" 200 2035 "https://ysfine.com/ys11/" "Mozilla/5.0 (Windows NT 10.0; Win64; x64; rv:105.0) Gecko/20100101 Firefox/105.0" "ysfine.com"
173.73.77.36 - - [12/Oct/2022:08:02:44 -0700] "GET /ys11/index.html HTTP/1.1" 200 3415 "https://www.bing.com/" "Mozilla/5.0 (Windows NT 10.0; Win64; x64; rv:105.0) Gecko/20100101 Firefox/105.0" "www.ysfine.com"
173.73.77.36 - - [12/Oct/2022:08:02:50 -0700] "GET /ys22/dondon.html HTTP/1.1" 401 90 "https://www.ysfine.com/ys11/index.html" "Mozilla/5.0 (Windows NT 10.0; Win64; x64; rv:105.0) Gecko/20100101 Firefox/105.0" "www.ysfine.com"
173.73.77.36 - jake [12/Oct/2022:08:02:51 -0700] "GET /ys22/dondon.html HTTP/1.1" 200 2035 "https://www.ysfine.com/ys11/index.html" "Mozilla/5.0 (Windows NT 10.0; Win64; x64; rv:105.0) Gecko/20100101 Firefox/105.0" "www.ysfine.com"
40.77.167.27 - - [12/Oct/2022:08:03:08 -0700] "GET /wigner/neum/ymath.jpg HTTP/1.1" 200 64930 "-" "Mozilla/5.0 (compatible; bingbot/2.0; +http://www.bing.com/bingbot.htm)" "ysfine.com"
157.55.39.58 - - [12/Oct/2022:08:03:21 -0700] "GET /style/chopingr.html HTTP/1.1" 200 364 "-" "Mozilla/5.0 AppleWebKit/537.36 (KHTML, like Gecko; compatible; bingbot/2.0; +http://www.bing.com/bingbot.htm) Chrome/103.0.5060.134 Safari/537.36" "ysfine.com"
157.55.39.127 - - [12/Oct/2022:08:03:29 -0700] "GET /einstein/einbohr.html HTTP/1.1" 200 6142 "-" "Mozilla/5.0 AppleWebKit/537.36 (KHTML, like Gecko; compatible; bingbot/2.0; +http://www.bing.com/bingbot.htm) Chrome/103.0.5060.134 Safari/537.36" "ysfine.com"
157.55.39.55 - - [12/Oct/2022:08:04:03 -0700] "GET /style/musee/britmu13.jpg HTTP/1.1" 200 77997 "-" "Mozilla/5.0 AppleWebKit/537.36 (KHTML, like Gecko; compatible; bingbot/2.0; +http://www.bing.com/bingbot.htm) Chrome/103.0.5060.134 Safari/537.36" "ysfine.com"
173.73.77.36 - - [12/Oct/2022:08:04:04 -0700] "GET /ys11/ HTTP/1.1" 304 - "-" "Mozilla/5.0 (Windows NT 10.0; Win64; x64) AppleWebKit/537.36 (KHTML, like Gecko) Chrome/106.0.0.0 Safari/537.36" "ysfine.com"
173.73.77.36 - - [12/Oct/2022:08:04:04 -0700] "GET /favicon.ico HTTP/1.1" 404 88 "https://ysfine.com/ys11/" "Mozilla/5.0 (Windows NT 10.0; Win64; x64) AppleWebKit/537.36 (KHTML, like Gecko) Chrome/106.0.0.0 Safari/537.36" "ysfine.com"
40.77.167.27 - - [12/Oct/2022:08:04:19 -0700] "GET /maga/herod.html HTTP/1.1" 200 4341 "-" "Mozilla/5.0 (compatible; bingbot/2.0; +http://www.bing.com/bingbot.htm)" "ysfine.com"
77.75.76.164 - - [12/Oct/2022:08:04:30 -0700] "GET /robots.txt HTTP/1.1" 404 88 "-" "Mozilla/5.0 (compatible; SeznamBot/3.2; +http://napoveda.seznam.cz/en/seznambot-intro/)" "ysfine.com"
77.75.76.164 - - [12/Oct/2022:08:04:32 -0700] "GET /princeton/nassinf31.jpg HTTP/1.1" 200 83993 "-" "Mozilla/5.0 (compatible; SeznamBot/3.2; +http://napoveda.seznam.cz/en/seznambot-intro/)" "ysfine.com"
77.75.76.164 - - [12/Oct/2022:08:04:35 -0700] "GET /wigner/tollwig11.jpg HTTP/1.1" 304 - "-" "Mozilla/5.0 (compatible; SeznamBot/3.2; +http://napoveda.seznam.cz/en/seznambot-intro/)" "ysfine.com"
77.75.76.164 - - [12/Oct/2022:08:04:35 -0700] "GET /einstein/eins05.jpg HTTP/1.1" 200 45707 "-" "Mozilla/5.0 (compatible; SeznamBot/3.2; +http://napoveda.seznam.cz/en/seznambot-intro/)" "ysfine.com"
77.75.76.164 - - [12/Oct/2022:08:04:37 -0700] "GET /feynman/page33.jpg HTTP/1.1" 200 101570 "-" "Mozilla/5.0 (compatible; SeznamBot/3.2; +http://napoveda.seznam.cz/en/seznambot-intro/)" "ysfine.com"
77.75.76.164 - - [12/Oct/2022:08:04:39 -0700] "GET /eink/church06.jpg HTTP/1.1" 200 175170 "-" "Mozilla/5.0 (compatible; SeznamBot/3.2; +http://napoveda.seznam.cz/en/seznambot-intro/)" "ysfine.com"
173.73.77.36 - - [12/Oct/2022:08:05:05 -0700] "GET /ys11/ HTTP/1.1" 304 - "-" "Mozilla/5.0 (Windows NT 10.0; Win64; x64) AppleWebKit/537.36 (KHTML, like Gecko) Chrome/106.0.0.0 Safari/537.36" "ysfine.com"
173.73.77.36 - - [12/Oct/2022:08:05:05 -0700] "GET /favicon.ico HTTP/1.1" 404 88 "https://ysfine.com/ys11/" "Mozilla/5.0 (Windows NT 10.0; Win64; x64) AppleWebKit/537.36 (KHTML, like Gecko) Chrome/106.0.0.0 Safari/537.36" "ysfine.com"
157.55.39.58 - - [12/Oct/2022:08:06:00 -0700] "GET /einstein/emc22.jpg HTTP/1.1" 200 126321 "-" "Mozilla/5.0 AppleWebKit/537.36 (KHTML, like Gecko; compatible; bingbot/2.0; +http://www.bing.com/bingbot.htm) Chrome/103.0.5060.134 Safari/537.36" "www.ysfine.com"
157.55.39.58 - - [12/Oct/2022:08:06:21 -0700] "GET /princeton/brooke04.jpg HTTP/1.1" 200 117666 "-" "Mozilla/5.0 (compatible; bingbot/2.0; +http://www.bing.com/bingbot.htm)" "ysfine.com"
157.55.39.127 - - [12/Oct/2022:08:06:25 -0700] "GET /home/easy.html HTTP/1.1" 200 7877 "-" "Mozilla/5.0 AppleWebKit/537.36 (KHTML, like Gecko; compatible; bingbot/2.0; +http://www.bing.com/bingbot.htm) Chrome/103.0.5060.134 Safari/537.36" "ysfine.com"
157.55.39.128 - - [12/Oct/2022:08:06:29 -0700] "GET /world/japan/osaka004.jpg HTTP/1.1" 200 99704 "-" "Mozilla/5.0 AppleWebKit/537.36 (KHTML, like Gecko; compatible; bingbot/2.0; +http://www.bing.com/bingbot.htm) Chrome/103.0.5060.134 Safari/537.36" "ysfine.com"
193.92.227.226 - - [12/Oct/2022:08:06:41 -0700] "GET /world/scandi/nbi09.jpg HTTP/1.1" 200 124838 "https://www.bing.com/" "Mozilla/5.0 (Windows NT 10.0; Win64; x64) AppleWebKit/537.36 (KHTML, like Gecko) Chrome/106.0.0.0 Safari/537.36 Edg/106.0.1370.42" "www.ysfine.com"
157.55.39.127 - - [12/Oct/2022:08:06:50 -0700] "GET /kobak/carbine11b.jpg HTTP/1.1" 200 27588 "-" "Mozilla/5.0 AppleWebKit/537.36 (KHTML, like Gecko; compatible; bingbot/2.0; +http://www.bing.com/bingbot.htm) Chrome/103.0.5060.134 Safari/537.36" "www.ysfine.com"
157.55.39.128 - - [12/Oct/2022:08:07:09 -0700] "GET /einstein/einqm.html HTTP/1.1" 200 4504 "-" "Mozilla/5.0 (compatible; bingbot/2.0; +http://www.bing.com/bingbot.htm)" "ysfine.com"
40.77.167.27 - - [12/Oct/2022:08:08:59 -0700] "GET /wdc/georgetown.html HTTP/1.1" 200 3609 "-" "Mozilla/5.0 (compatible; bingbot/2.0; +http://www.bing.com/bingbot.htm)" "www.ysfine.com"
207.46.13.102 - - [12/Oct/2022:08:09:11 -0700] "GET /princeton/gcollege.html HTTP/1.1" 200 504 "-" "Mozilla/5.0 (compatible; bingbot/2.0; +http://www.bing.com/bingbot.htm)" "ysfine.com"
157.55.39.128 - - [12/Oct/2022:08:09:20 -0700] "GET /dirac/twobroth.html HTTP/1.1" 200 2887 "-" "Mozilla/5.0 AppleWebKit/537.36 (KHTML, like Gecko; compatible; bingbot/2.0; +http://www.bing.com/bingbot.htm) Chrome/103.0.5060.134 Safari/537.36" "ysfine.com"
157.55.39.58 - - [12/Oct/2022:08:09:42 -0700] "GET /feynman/fphoto.html HTTP/1.1" 200 3714 "-" "Mozilla/5.0 (compatible; bingbot/2.0; +http://www.bing.com/bingbot.htm)" "ysfine.com"
157.55.39.55 - - [12/Oct/2022:08:10:43 -0700] "GET /newyork/columbia.html HTTP/1.1" 200 3175 "-" "Mozilla/5.0 AppleWebKit/537.36 (KHTML, like Gecko; compatible; bingbot/2.0; +http://www.bing.com/bingbot.htm) Chrome/103.0.5060.134 Safari/537.36" "ysfine.com"
