112.198.87.176 - - [12/Oct/2022:10:04:39 -0700] "GET /princeton/brooke66b.jpg HTTP/1.1" 200 44674 "https://ysfine.com/princeton/campus.html" "Mozilla/5.0 (iPhone; CPU iPhone OS 15_3_1 like Mac OS X) AppleWebKit/605.1.15 (KHTML, like Gecko) Version/15.3 Mobile/15E148 Safari/604.1" "ysfine.com"
112.198.87.176 - - [12/Oct/2022:10:04:39 -0700] "GET /princeton/hyatt33b.jpg HTTP/1.1" 200 34135 "https://ysfine.com/princeton/campus.html" "Mozilla/5.0 (iPhone; CPU iPhone OS 15_3_1 like Mac OS X) AppleWebKit/605.1.15 (KHTML, like Gecko) Version/15.3 Mobile/15E148 Safari/604.1" "ysfine.com"
112.198.87.176 - - [12/Oct/2022:10:04:39 -0700] "GET /princeton/annex11b.jpg HTTP/1.1" 200 39639 "https://ysfine.com/princeton/campus.html" "Mozilla/5.0 (iPhone; CPU iPhone OS 15_3_1 like Mac OS X) AppleWebKit/605.1.15 (KHTML, like Gecko) Version/15.3 Mobile/15E148 Safari/604.1" "ysfine.com"
112.198.87.176 - - [12/Oct/2022:10:04:39 -0700] "GET /princeton/hyatt66b.jpg HTTP/1.1" 200 45208 "https://ysfine.com/princeton/campus.html" "Mozilla/5.0 (iPhone; CPU iPhone OS 15_3_1 like Mac OS X) AppleWebKit/605.1.15 (KHTML, like Gecko) Version/15.3 Mobile/15E148 Safari/604.1" "ysfine.com"
112.198.87.176 - - [12/Oct/2022:10:04:39 -0700] "GET /eink/pwk19c.jpg HTTP/1.1" 200 57759 "https://ysfine.com/princeton/campus.html" "Mozilla/5.0 (iPhone; CPU iPhone OS 15_3_1 like Mac OS X) AppleWebKit/605.1.15 (KHTML, like Gecko) Version/15.3 Mobile/15E148 Safari/604.1" "ysfine.com"
112.198.87.176 - - [12/Oct/2022:10:04:39 -0700] "GET /princeton/jj03b.jpg HTTP/1.1" 200 46731 "https://ysfine.com/princeton/campus.html" "Mozilla/5.0 (iPhone; CPU iPhone OS 15_3_1 like Mac OS X) AppleWebKit/605.1.15 (KHTML, like Gecko) Version/15.3 Mobile/15E148 Safari/604.1" "ysfine.com"
112.198.87.176 - - [12/Oct/2022:10:04:39 -0700] "GET /maga/invent/sarnoffco11b.jpg HTTP/1.1" 200 31031 "https://ysfine.com/princeton/campus.html" "Mozilla/5.0 (iPhone; CPU iPhone OS 15_3_1 like Mac OS X) AppleWebKit/605.1.15 (KHTML, like Gecko) Version/15.3 Mobile/15E148 Safari/604.1" "ysfine.com"
112.198.87.176 - - [12/Oct/2022:10:04:39 -0700] "GET /kobak/taylor33c.jpg HTTP/1.1" 200 39951 "https://ysfine.com/princeton/campus.html" "Mozilla/5.0 (iPhone; CPU iPhone OS 15_3_1 like Mac OS X) AppleWebKit/605.1.15 (KHTML, like Gecko) Version/15.3 Mobile/15E148 Safari/604.1" "ysfine.com"
112.198.87.176 - - [12/Oct/2022:10:04:39 -0700] "GET /princeton/nordisk11b.jpg HTTP/1.1" 200 30945 "https://ysfine.com/princeton/campus.html" "Mozilla/5.0 (iPhone; CPU iPhone OS 15_3_1 like Mac OS X) AppleWebKit/605.1.15 (KHTML, like Gecko) Version/15.3 Mobile/15E148 Safari/604.1" "ysfine.com"
66.254.231.241 - - [12/Oct/2022:10:04:59 -0700] "GET /dirac/dart/dirac27a.pdf HTTP/1.1" 200 3396153 "https://www.google.com/" "Mozilla/5.0 (Macintosh; Intel Mac OS X 10_15_7) AppleWebKit/605.1.15 (KHTML, like Gecko) Version/16.0 Safari/605.1.15" "ysfine.com"
66.254.231.241 - - [12/Oct/2022:10:04:59 -0700] "GET /dirac/dart/dirac27a.pdf HTTP/1.1" 206 1023 "https://www.google.com/" "Mozilla/5.0 (Macintosh; Intel Mac OS X 10_15_7) AppleWebKit/605.1.15 (KHTML, like Gecko) Version/16.0 Safari/605.1.15" "ysfine.com"
66.254.231.241 - - [12/Oct/2022:10:05:01 -0700] "GET /favicon.ico HTTP/1.1" 404 88 "https://ysfine.com/dirac/dart/dirac27a.pdf" "Mozilla/5.0 (Macintosh; Intel Mac OS X 10_15_7) AppleWebKit/605.1.15 (KHTML, like Gecko) Version/16.0 Safari/605.1.15" "ysfine.com"
157.55.39.58 - - [12/Oct/2022:10:05:10 -0700] "GET /world/poland/hcross01.jpg HTTP/1.1" 200 95455 "-" "Mozilla/5.0 (compatible; bingbot/2.0; +http://www.bing.com/bingbot.htm)" "ysfine.com"
207.46.13.102 - - [12/Oct/2022:10:05:35 -0700] "GET /bio/bio06.html HTTP/1.1" 404 88 "-" "Mozilla/5.0 (compatible; bingbot/2.0; +http://www.bing.com/bingbot.htm)" "ysfine.com"
207.46.13.102 - - [12/Oct/2022:10:05:36 -0700] "GET /wdc/wasdc.html HTTP/1.1" 200 13715 "-" "Mozilla/5.0 AppleWebKit/537.36 (KHTML, like Gecko; compatible; bingbot/2.0; +http://www.bing.com/bingbot.htm) Chrome/103.0.5060.134 Safari/537.36" "ysfine.com"
114.119.128.162 - - [12/Oct/2022:10:05:42 -0700] "GET /archives/proceedings/boston/welsch.html HTTP/1.1" 200 864 "https://ysfine.com/archives/proceedings/boston/papers.html" "Mozilla/5.0 (Linux; Android 7.0;) AppleWebKit/537.36 (KHTML, like Gecko) Mobile Safari/537.36 (compatible; PetalBot;+https://webmaster.petalsearch.com/site/petalbot)" "ysfine.com"
157.55.39.55 - - [12/Oct/2022:10:06:31 -0700] "GET /maga/landau.html HTTP/1.1" 200 6658 "-" "Mozilla/5.0 (compatible; bingbot/2.0; +http://www.bing.com/bingbot.htm)" "ysfine.com"
66.249.66.44 - - [12/Oct/2022:10:06:33 -0700] "GET /einstein/einwheel70.jpg HTTP/1.1" 200 97521 "-" "Googlebot-Image/1.0" "ysfine.com"
66.249.66.43 - - [12/Oct/2022:10:06:36 -0700] "GET /world/germany/leipzig29.jpg HTTP/1.1" 304 - "-" "Googlebot-Image/1.0" "ysfine.com"
77.88.5.46 - - [12/Oct/2022:10:07:03 -0700] "GET / HTTP/1.1" 200 5283 "-" "Mozilla/5.0 (compatible; YandexBot/3.0; +http://yandex.com/bots)" "www.ysfine.com"
157.55.39.55 - - [12/Oct/2022:10:07:21 -0700] "GET /bio/style/ystyle.html HTTP/1.1" 404 88 "-" "Mozilla/5.0 AppleWebKit/537.36 (KHTML, like Gecko; compatible; bingbot/2.0; +http://www.bing.com/bingbot.htm) Chrome/103.0.5060.134 Safari/537.36" "ysfine.com"
46.72.14.55 - - [12/Oct/2022:10:07:30 -0700] "GET /wigner/wig39.jpg HTTP/1.1" 200 308724 "https://yandex.ru/images/search?cbir_id=1978354%2FGXP4QuSgMt48CIhHhL3wzw4427&pos=2&rpt=imageview&img_url=http%3A%2F%2Fbachelorprint.eu%2Fwp-content%2Fuploads%2F2018%2F06%2FAbstract-example.jpg&cbird=5&cbir_page=similar&url=https%3A%2F%2Favatars.mds.yandex.net%2Fget-images-cbir%2F1978354%2FGXP4QuSgMt48CIhHhL3wzw4427%2Forig" "Mozilla/5.0 (Windows NT 10.0; Win64; x64) AppleWebKit/537.36 (KHTML, like Gecko) Chrome/104.0.5112.124 YaBrowser/22.9.2.1495 Yowser/2.5 Safari/537.36" "www.ysfine.com"
207.46.13.102 - - [12/Oct/2022:10:07:36 -0700] "GET /bio/awards/iao.html HTTP/1.1" 404 88 "-" "Mozilla/5.0 (compatible; bingbot/2.0; +http://www.bing.com/bingbot.htm)" "ysfine.com"
24.227.218.163 - - [12/Oct/2022:10:08:40 -0700] "GET /wigner/little11.pdf HTTP/1.1" 200 156821 "https://www.google.com/" "Mozilla/5.0 (Macintosh; Intel Mac OS X 10_15_7) AppleWebKit/605.1.15 (KHTML, like Gecko) Version/15.6.1 Safari/605.1.15" "ysfine.com"
24.227.218.163 - - [12/Oct/2022:10:08:40 -0700] "GET /wigner/little11.pdf HTTP/1.1" 206 16384 "https://www.google.com/" "Mozilla/5.0 (Macintosh; Intel Mac OS X 10_15_7) AppleWebKit/605.1.15 (KHTML, like Gecko) Version/15.6.1 Safari/605.1.15" "ysfine.com"
24.227.218.163 - - [12/Oct/2022:10:08:41 -0700] "GET /favicon.ico HTTP/1.1" 404 88 "https://ysfine.com/wigner/little11.pdf" "Mozilla/5.0 (Macintosh; Intel Mac OS X 10_15_7) AppleWebKit/605.1.15 (KHTML, like Gecko) Version/15.6.1 Safari/605.1.15" "ysfine.com"
40.77.167.27 - - [12/Oct/2022:10:08:41 -0700] "GET /houses/myhouse.html HTTP/1.1" 200 1473 "-" "Mozilla/5.0 (compatible; bingbot/2.0; +http://www.bing.com/bingbot.htm)" "www.ysfine.com"
40.77.167.27 - - [12/Oct/2022:10:09:01 -0700] "GET /world/china/shenyang13.jpg HTTP/1.1" 200 100178 "-" "Mozilla/5.0 (compatible; bingbot/2.0; +http://www.bing.com/bingbot.htm)" "www.ysfine.com"
157.55.39.55 - - [12/Oct/2022:10:10:02 -0700] "GET /world/kalinin.html HTTP/1.1" 200 9595 "-" "Mozilla/5.0 AppleWebKit/537.36 (KHTML, like Gecko; compatible; bingbot/2.0; +http://www.bing.com/bingbot.htm) Chrome/103.0.5060.134 Safari/537.36" "ysfine.com"
157.55.39.58 - - [12/Oct/2022:10:10:11 -0700] "GET /einstein/einusa.html HTTP/1.1" 200 8153 "-" "Mozilla/5.0 (compatible; bingbot/2.0; +http://www.bing.com/bingbot.htm)" "ysfine.com"
82.29.15.238 - - [12/Oct/2022:10:10:21 -0700] "GET /world/brit/cam37.jpg HTTP/1.1" 200 94883 "https://www.google.com/" "Mozilla/5.0 (Windows NT 10.0; Win64; x64) AppleWebKit/537.36 (KHTML, like Gecko) Chrome/106.0.0.0 Safari/537.36" "ysfine.com"
20.239.95.73 - - [12/Oct/2022:10:10:36 -0700] "GET / HTTP/1.1" 200 15910 "-" "Mozilla/5.0 (Windows NT 10.0; Win64; x64) AppleWebKit/537.36 (KHTML, like Gecko) Chrome/78.0.3904.108 Safari/537.36" "ysfine.com"
20.239.95.73 - - [12/Oct/2022:10:10:37 -0700] "GET /wp-includes/wlwmanifest.xml HTTP/1.1" 404 73 "-" "Mozilla/5.0 (Windows NT 10.0; Win64; x64) AppleWebKit/537.36 (KHTML, like Gecko) Chrome/78.0.3904.108 Safari/537.36" "ysfine.com"
20.239.95.73 - - [12/Oct/2022:10:10:38 -0700] "GET /xmlrpc.php?rsd HTTP/1.1" 404 73 "-" "Mozilla/5.0 (Windows NT 10.0; Win64; x64) AppleWebKit/537.36 (KHTML, like Gecko) Chrome/78.0.3904.108 Safari/537.36" "ysfine.com"
20.239.95.73 - - [12/Oct/2022:10:10:39 -0700] "GET / HTTP/1.1" 200 15910 "-" "Mozilla/5.0 (Windows NT 10.0; Win64; x64) AppleWebKit/537.36 (KHTML, like Gecko) Chrome/78.0.3904.108 Safari/537.36" "ysfine.com"
20.239.95.73 - - [12/Oct/2022:10:10:40 -0700] "GET /blog/wp-includes/wlwmanifest.xml HTTP/1.1" 404 73 "-" "Mozilla/5.0 (Windows NT 10.0; Win64; x64) AppleWebKit/537.36 (KHTML, like Gecko) Chrome/78.0.3904.108 Safari/537.36" "ysfine.com"
20.239.95.73 - - [12/Oct/2022:10:10:41 -0700] "GET /web/wp-includes/wlwmanifest.xml HTTP/1.1" 404 73 "-" "Mozilla/5.0 (Windows NT 10.0; Win64; x64) AppleWebKit/537.36 (KHTML, like Gecko) Chrome/78.0.3904.108 Safari/537.36" "ysfine.com"
20.239.95.73 - - [12/Oct/2022:10:10:42 -0700] "GET /wordpress/wp-includes/wlwmanifest.xml HTTP/1.1" 404 73 "-" "Mozilla/5.0 (Windows NT 10.0; Win64; x64) AppleWebKit/537.36 (KHTML, like Gecko) Chrome/78.0.3904.108 Safari/537.36" "ysfine.com"
157.55.39.55 - - [12/Oct/2022:10:10:42 -0700] "GET /bio/princeton/campus.html HTTP/1.1" 404 88 "-" "Mozilla/5.0 (compatible; bingbot/2.0; +http://www.bing.com/bingbot.htm)" "ysfine.com"
20.239.95.73 - - [12/Oct/2022:10:10:43 -0700] "GET /website/wp-includes/wlwmanifest.xml HTTP/1.1" 404 73 "-" "Mozilla/5.0 (Windows NT 10.0; Win64; x64) AppleWebKit/537.36 (KHTML, like Gecko) Chrome/78.0.3904.108 Safari/537.36" "ysfine.com"
20.239.95.73 - - [12/Oct/2022:10:10:44 -0700] "GET /wp/wp-includes/wlwmanifest.xml HTTP/1.1" 404 73 "-" "Mozilla/5.0 (Windows NT 10.0; Win64; x64) AppleWebKit/537.36 (KHTML, like Gecko) Chrome/78.0.3904.108 Safari/537.36" "ysfine.com"
20.239.95.73 - - [12/Oct/2022:10:10:46 -0700] "GET /news/wp-includes/wlwmanifest.xml HTTP/1.1" 404 73 "-" "Mozilla/5.0 (Windows NT 10.0; Win64; x64) AppleWebKit/537.36 (KHTML, like Gecko) Chrome/78.0.3904.108 Safari/537.36" "ysfine.com"
20.239.95.73 - - [12/Oct/2022:10:10:47 -0700] "GET /2018/wp-includes/wlwmanifest.xml HTTP/1.1" 404 73 "-" "Mozilla/5.0 (Windows NT 10.0; Win64; x64) AppleWebKit/537.36 (KHTML, like Gecko) Chrome/78.0.3904.108 Safari/537.36" "ysfine.com"
20.239.95.73 - - [12/Oct/2022:10:10:48 -0700] "GET /2019/wp-includes/wlwmanifest.xml HTTP/1.1" 404 73 "-" "Mozilla/5.0 (Windows NT 10.0; Win64; x64) AppleWebKit/537.36 (KHTML, like Gecko) Chrome/78.0.3904.108 Safari/537.36" "ysfine.com"
20.239.95.73 - - [12/Oct/2022:10:10:49 -0700] "GET /shop/wp-includes/wlwmanifest.xml HTTP/1.1" 404 73 "-" "Mozilla/5.0 (Windows NT 10.0; Win64; x64) AppleWebKit/537.36 (KHTML, like Gecko) Chrome/78.0.3904.108 Safari/537.36" "ysfine.com"
20.239.95.73 - - [12/Oct/2022:10:10:50 -0700] "GET /wp1/wp-includes/wlwmanifest.xml HTTP/1.1" 404 73 "-" "Mozilla/5.0 (Windows NT 10.0; Win64; x64) AppleWebKit/537.36 (KHTML, like Gecko) Chrome/78.0.3904.108 Safari/537.36" "ysfine.com"
20.239.95.73 - - [12/Oct/2022:10:10:51 -0700] "GET /test/wp-includes/wlwmanifest.xml HTTP/1.1" 404 73 "-" "Mozilla/5.0 (Windows NT 10.0; Win64; x64) AppleWebKit/537.36 (KHTML, like Gecko) Chrome/78.0.3904.108 Safari/537.36" "ysfine.com"
20.239.95.73 - - [12/Oct/2022:10:10:52 -0700] "GET /media/wp-includes/wlwmanifest.xml HTTP/1.1" 404 73 "-" "Mozilla/5.0 (Windows NT 10.0; Win64; x64) AppleWebKit/537.36 (KHTML, like Gecko) Chrome/78.0.3904.108 Safari/537.36" "ysfine.com"
20.239.95.73 - - [12/Oct/2022:10:10:53 -0700] "GET /wp2/wp-includes/wlwmanifest.xml HTTP/1.1" 404 73 "-" "Mozilla/5.0 (Windows NT 10.0; Win64; x64) AppleWebKit/537.36 (KHTML, like Gecko) Chrome/78.0.3904.108 Safari/537.36" "ysfine.com"
20.239.95.73 - - [12/Oct/2022:10:10:53 -0700] "GET /site/wp-includes/wlwmanifest.xml HTTP/1.1" 404 73 "-" "Mozilla/5.0 (Windows NT 10.0; Win64; x64) AppleWebKit/537.36 (KHTML, like Gecko) Chrome/78.0.3904.108 Safari/537.36" "ysfine.com"
20.239.95.73 - - [12/Oct/2022:10:10:54 -0700] "GET /cms/wp-includes/wlwmanifest.xml HTTP/1.1" 404 73 "-" "Mozilla/5.0 (Windows NT 10.0; Win64; x64) AppleWebKit/537.36 (KHTML, like Gecko) Chrome/78.0.3904.108 Safari/537.36" "ysfine.com"
20.239.95.73 - - [12/Oct/2022:10:10:55 -0700] "GET /sito/wp-includes/wlwmanifest.xml HTTP/1.1" 404 73 "-" "Mozilla/5.0 (Windows NT 10.0; Win64; x64) AppleWebKit/537.36 (KHTML, like Gecko) Chrome/78.0.3904.108 Safari/537.36" "ysfine.com"
157.55.39.128 - - [12/Oct/2022:10:11:21 -0700] "GET /world/ital/flor062b.jpg HTTP/1.1" 200 49181 "-" "Mozilla/5.0 (compatible; bingbot/2.0; +http://www.bing.com/bingbot.htm)" "ysfine.com"
72.14.201.58 - - [12/Oct/2022:10:11:28 -0700] "GET /einstein/heisenberg.html HTTP/1.1" 200 10552 "-" "Mozilla/5.0 (Linux; Android 10; K) AppleWebKit/537.36 (KHTML, like Gecko) Chrome/106.0.0.0 Mobile Safari/537.36" "ysfine.com"
157.55.39.128 - - [12/Oct/2022:10:11:31 -0700] "GET /world/russ/kiev001b.jpg HTTP/1.1" 200 39570 "-" "Mozilla/5.0 AppleWebKit/537.36 (KHTML, like Gecko; compatible; bingbot/2.0; +http://www.bing.com/bingbot.htm) Chrome/103.0.5060.134 Safari/537.36" "ysfine.com"
66.249.66.43 - - [12/Oct/2022:10:11:49 -0700] "GET /wdc/kobell14b.jpg HTTP/1.1" 200 50054 "-" "Googlebot-Image/1.0" "ysfine.com"
157.55.39.58 - - [12/Oct/2022:10:11:51 -0700] "GET /wdc/waskor.html HTTP/1.1" 200 7729 "-" "Mozilla/5.0 AppleWebKit/537.36 (KHTML, like Gecko; compatible; bingbot/2.0; +http://www.bing.com/bingbot.htm) Chrome/103.0.5060.134 Safari/537.36" "ysfine.com"
157.55.39.55 - - [12/Oct/2022:10:12:32 -0700] "GET /world/baltic/lithu07.jpg HTTP/1.1" 200 104146 "-" "Mozilla/5.0 (compatible; bingbot/2.0; +http://www.bing.com/bingbot.htm)" "ysfine.com"
157.55.39.55 - - [12/Oct/2022:10:12:34 -0700] "GET /style/cameras/canonp66.jpg HTTP/1.1" 200 62994 "-" "Mozilla/5.0 (compatible; bingbot/2.0; +http://www.bing.com/bingbot.htm)" "ysfine.com"
66.249.66.214 - - [12/Oct/2022:10:12:41 -0700] "GET /robots.txt HTTP/1.1" 404 88 "-" "Mozilla/5.0 (compatible; Googlebot/2.1; +http://www.google.com/bot.html)" "www.ysfine.com"
157.55.39.128 - - [12/Oct/2022:10:12:41 -0700] "GET /wdc/whxmas/whxmas19.jpg HTTP/1.1" 200 134880 "-" "Mozilla/5.0 (compatible; bingbot/2.0; +http://www.bing.com/bingbot.htm)" "ysfine.com"
157.55.39.58 - - [12/Oct/2022:10:13:32 -0700] "GET /einstein/einchew.html HTTP/1.1" 200 4831 "-" "Mozilla/5.0 (compatible; bingbot/2.0; +http://www.bing.com/bingbot.htm)" "ysfine.com"
207.46.13.102 - - [12/Oct/2022:10:13:36 -0700] "GET /wigner/neum/compu.html HTTP/1.1" 200 2267 "-" "Mozilla/5.0 (compatible; bingbot/2.0; +http://www.bing.com/bingbot.htm)" "www.ysfine.com"
150.209.42.26 - - [12/Oct/2022:10:14:16 -0700] "GET /princeton/alexan11.jpg HTTP/1.1" 200 118946 "https://www.google.com/" "Mozilla/5.0 (Macintosh; Intel Mac OS X 10_15_7) AppleWebKit/537.36 (KHTML, like Gecko) Chrome/106.0.0.0 Safari/537.36" "ysfine.com"
72.10.103.193 - - [12/Oct/2022:10:14:20 -0700] "GET /maga/phil/marxlon01.jpg HTTP/1.1" 200 263404 "https://www.google.com/" "Mozilla/5.0 (X11; CrOS x86_64 14989.85.0) AppleWebKit/537.36 (KHTML, like Gecko) Chrome/105.0.0.0 Safari/537.36" "ysfine.com"
150.209.42.26 - - [12/Oct/2022:10:14:23 -0700] "GET /princeton/alexan22.jpg HTTP/1.1" 200 175436 "https://www.google.com/" "Mozilla/5.0 (Macintosh; Intel Mac OS X 10_15_7) AppleWebKit/537.36 (KHTML, like Gecko) Chrome/106.0.0.0 Safari/537.36" "ysfine.com"
207.46.13.102 - - [12/Oct/2022:10:14:36 -0700] "GET /bio/einstein/bern.html HTTP/1.1" 404 88 "-" "Mozilla/5.0 (compatible; bingbot/2.0; +http://www.bing.com/bingbot.htm)" "ysfine.com"
150.209.42.26 - - [12/Oct/2022:10:14:41 -0700] "GET /princeton/nasshall01.jpg HTTP/1.1" 200 169242 "https://www.google.com/" "Mozilla/5.0 (Macintosh; Intel Mac OS X 10_15_7) AppleWebKit/537.36 (KHTML, like Gecko) Chrome/106.0.0.0 Safari/537.36" "ysfine.com"
157.55.39.127 - - [12/Oct/2022:10:15:23 -0700] "GET /world/france/pariso09.jpg HTTP/1.1" 200 109419 "-" "Mozilla/5.0 (compatible; bingbot/2.0; +http://www.bing.com/bingbot.htm)" "ysfine.com"
157.55.39.127 - - [12/Oct/2022:10:15:24 -0700] "GET /kobak/kimjap.html HTTP/1.1" 200 2410 "-" "Mozilla/5.0 (compatible; bingbot/2.0; +http://www.bing.com/bingbot.htm)" "ysfine.com"
114.119.128.162 - - [12/Oct/2022:10:16:05 -0700] "GET /class54/ HTTP/1.1" 200 2553 "https://www.ysfine.com/class54/class5480/?C=M%3BO%3DA" "Mozilla/5.0 (Linux; Android 7.0;) AppleWebKit/537.36 (KHTML, like Gecko) Mobile Safari/537.36 (compatible; PetalBot;+https://webmaster.petalsearch.com/site/petalbot)" "www.ysfine.com"
157.55.39.58 - - [12/Oct/2022:10:17:02 -0700] "GET /bio/bio07.html HTTP/1.1" 404 88 "-" "Mozilla/5.0 (compatible; bingbot/2.0; +http://www.bing.com/bingbot.htm)" "ysfine.com"
185.191.171.4 - - [12/Oct/2022:10:18:43 -0700] "GET /robots.txt HTTP/1.1" 404 88 "-" "Mozilla/5.0 (compatible; SemrushBot/7~bl; +http://www.semrush.com/bot.html)" "www.ysfine.com"
185.191.171.18 - - [12/Oct/2022:10:18:43 -0700] "GET /class54/class5470/total_data/sub_709.htm HTTP/1.1" 200 3294 "-" "Mozilla/5.0 (compatible; SemrushBot/7~bl; +http://www.semrush.com/bot.html)" "www.ysfine.com"
157.55.39.58 - - [12/Oct/2022:10:18:53 -0700] "GET /bio/world/index.html HTTP/1.1" 404 88 "-" "Mozilla/5.0 (compatible; bingbot/2.0; +http://www.bing.com/bingbot.htm)" "ysfine.com"
185.191.171.9 - - [12/Oct/2022:10:20:11 -0700] "GET /class54/class5470/total_data/sub_534.htm HTTP/1.1" 200 3212 "-" "Mozilla/5.0 (compatible; SemrushBot/7~bl; +http://www.semrush.com/bot.html)" "www.ysfine.com"
207.46.13.102 - - [12/Oct/2022:10:20:47 -0700] "GET /wdc/whouse10.jpg HTTP/1.1" 200 158438 "-" "Mozilla/5.0 (compatible; bingbot/2.0; +http://www.bing.com/bingbot.htm)" "ysfine.com"
69.196.95.84 - - [12/Oct/2022:10:21:11 -0700] "GET /world/france/nice104.jpg HTTP/1.1" 200 144635 "https://www.bing.com/images/search?view=detailV2&ccid=WV7%2f5ZxE&id=9843ABB4EA1ACCE8FB41547FE629B7BD4D36CD15&thid=OIP.WV7_5ZxEbscapD8lacRjTAHaE8&mediaurl=https%3a%2f%2fwww.colourbox.com%2fpreview%2f3637498-young-people-having-fun-on-the-beach-of-nice-france.jpg&cdnurl=https%3a%2f%2fth.bing.com%2fth%2fid%2fR.595effe59c446ec71aa43f2569c4634c%3frik%3dFc02Tb23KeZ%252fVA%26pid%3dImgRaw%26r%3d0&exph=535&expw=800&q=France+Beaches+Fun+People&simid=608052320335784885&FORM=IRPRST&ck=D1C5A74156D160484BC90F9F40980A8C&selectedIndex=0&mode=overlay" "Mozilla/5.0 (Windows NT 10.0; WOW64; Trident/7.0; Touch; rv:11.0) like Gecko" "www.ysfine.com"
207.46.13.102 - - [12/Oct/2022:10:21:26 -0700] "GET /home/wcartoon.html HTTP/1.1" 200 6127 "-" "Mozilla/5.0 AppleWebKit/537.36 (KHTML, like Gecko; compatible; bingbot/2.0; +http://www.bing.com/bingbot.htm) Chrome/103.0.5060.134 Safari/537.36" "www.ysfine.com"
157.55.39.58 - - [12/Oct/2022:10:21:53 -0700] "GET /bio/harmoarchi.html HTTP/1.1" 404 88 "-" "Mozilla/5.0 (compatible; bingbot/2.0; +http://www.bing.com/bingbot.htm)" "ysfine.com"
207.46.13.102 - - [12/Oct/2022:10:21:57 -0700] "GET /bio/world/leipzig.html HTTP/1.1" 404 88 "-" "Mozilla/5.0 (compatible; bingbot/2.0; +http://www.bing.com/bingbot.htm)" "ysfine.com"
134.96.225.145 - - [12/Oct/2022:10:22:00 -0700] "GET / HTTP/1.1" 200 5283 "-" "\"Mozilla/5.0 (X11; Linux x86_64) AppleWebKit/537.36 (KHTML, like Gecko) Chrome/104.0.5112.48 Safari/537.36\"" "ysfine.com"
163.220.128.41 - - [12/Oct/2022:10:22:00 -0700] "GET /world/germany/hegel03.jpg HTTP/1.1" 200 211480 "-" "Mozilla/5.0 (X11; Ubuntu; Linux x86_64; rv:72.0) Gecko/20100101 Firefox/72.0" "ysfine.com"
52.143.241.111 - - [12/Oct/2022:10:23:09 -0700] "GET /class54/tallm08.jpg HTTP/1.1" 200 161243 "-" "DuckDuckBot/1.1; (+http://duckduckgo.com/duckduckbot.html)" "www.ysfine.com"
157.55.39.55 - - [12/Oct/2022:10:24:24 -0700] "GET /world/germany/oktf13.jpg HTTP/1.1" 200 105940 "-" "Mozilla/5.0 (compatible; bingbot/2.0; +http://www.bing.com/bingbot.htm)" "ysfine.com"
157.55.39.128 - - [12/Oct/2022:10:25:26 -0700] "GET /bio/kobak/soraech.html HTTP/1.1" 404 88 "-" "Mozilla/5.0 (compatible; bingbot/2.0; +http://www.bing.com/bingbot.htm)" "ysfine.com"
66.249.66.44 - - [12/Oct/2022:10:25:43 -0700] "GET /world/ital/rome046b.jpg HTTP/1.1" 304 - "-" "Googlebot-Image/1.0" "ysfine.com"
73.228.219.179 - - [12/Oct/2022:10:25:53 -0700] "GET /archives/proceedings/boston/shih.pdf HTTP/1.1" 200 399969 "https://www.google.com/" "Mozilla/5.0 (iPad; CPU OS 14_6 like Mac OS X) AppleWebKit/605.1.15 (KHTML, like Gecko) Version/14.1.1 Mobile/15E148 Safari/604.1" "www.ysfine.com"
73.228.219.179 - - [12/Oct/2022:10:25:54 -0700] "GET /favicon.ico HTTP/1.1" 404 88 "https://www.ysfine.com/archives/proceedings/boston/shih.pdf" "Mozilla/5.0 (iPad; CPU OS 14_6 like Mac OS X) AppleWebKit/605.1.15 (KHTML, like Gecko) Version/14.1.1 Mobile/15E148 Safari/604.1" "www.ysfine.com"
194.38.20.161 - - [12/Oct/2022:10:26:12 -0700] "GET /wp-content/themes/theagency/includes/uploadify/uploadify.css HTTP/1.1" 404 73 "-" "ALittle Client" "ysfine.com"
157.55.39.58 - - [12/Oct/2022:10:26:13 -0700] "GET /world/germany/vienna07.jpg HTTP/1.1" 200 96133 "-" "Mozilla/5.0 (compatible; bingbot/2.0; +http://www.bing.com/bingbot.htm)" "ysfine.com"
157.34.6.104 - - [12/Oct/2022:10:27:04 -0700] "GET /einstein/standingw.html HTTP/1.1" 200 2754 "https://www.google.com/" "Mozilla/5.0 (Linux; Android 10; RMX1911) AppleWebKit/537.36 (KHTML, like Gecko) Chrome/80.0.3987.99 Mobile Safari/537.36" "ysfine.com"
157.34.6.104 - - [12/Oct/2022:10:27:04 -0700] "GET /einstein/runstan11a.jpg HTTP/1.1" 200 78925 "https://ysfine.com/einstein/standingw.html" "Mozilla/5.0 (Linux; Android 10; RMX1911) AppleWebKit/537.36 (KHTML, like Gecko) Chrome/80.0.3987.99 Mobile Safari/537.36" "ysfine.com"
157.34.6.104 - - [12/Oct/2022:10:27:04 -0700] "GET /einstein/chewfra11c.jpg HTTP/1.1" 200 33343 "https://ysfine.com/einstein/standingw.html" "Mozilla/5.0 (Linux; Android 10; RMX1911) AppleWebKit/537.36 (KHTML, like Gecko) Chrome/80.0.3987.99 Mobile Safari/537.36" "ysfine.com"
157.34.6.104 - - [12/Oct/2022:10:27:04 -0700] "GET /home/comet01c.jpg HTTP/1.1" 200 54311 "https://ysfine.com/einstein/standingw.html" "Mozilla/5.0 (Linux; Android 10; RMX1911) AppleWebKit/537.36 (KHTML, like Gecko) Chrome/80.0.3987.99 Mobile Safari/537.36" "ysfine.com"
157.34.6.104 - - [12/Oct/2022:10:27:04 -0700] "GET /feynman/feyn70cc.jpg HTTP/1.1" 200 19224 "https://ysfine.com/einstein/standingw.html" "Mozilla/5.0 (Linux; Android 10; RMX1911) AppleWebKit/537.36 (KHTML, like Gecko) Chrome/80.0.3987.99 Mobile Safari/537.36" "ysfine.com"
157.34.6.104 - - [12/Oct/2022:10:27:04 -0700] "GET /eink/eink61c.jpg HTTP/1.1" 200 34119 "https://ysfine.com/einstein/standingw.html" "Mozilla/5.0 (Linux; Android 10; RMX1911) AppleWebKit/537.36 (KHTML, like Gecko) Chrome/80.0.3987.99 Mobile Safari/537.36" "ysfine.com"
157.34.6.104 - - [12/Oct/2022:10:27:04 -0700] "GET /home/comet50a.jpg HTTP/1.1" 200 52015 "https://ysfine.com/einstein/standingw.html" "Mozilla/5.0 (Linux; Android 10; RMX1911) AppleWebKit/537.36 (KHTML, like Gecko) Chrome/80.0.3987.99 Mobile Safari/537.36" "ysfine.com"
111.119.183.39 - - [12/Oct/2022:10:27:09 -0700] "GET /dirac/dfkim11.jpg HTTP/1.1" 200 102093 "https://www.google.com/" "Mozilla/5.0 (Macintosh; Intel Mac OS X 10_15_6) AppleWebKit/605.1.15 (KHTML, like Gecko) Version/15.1 Safari/605.1.15" "ysfine.com"
185.191.171.40 - - [12/Oct/2022:10:27:16 -0700] "GET /class54/class5470/total_data/sub_340.htm HTTP/1.1" 200 3180 "-" "Mozilla/5.0 (compatible; SemrushBot/7~bl; +http://www.semrush.com/bot.html)" "www.ysfine.com"
185.191.171.1 - - [12/Oct/2022:10:27:18 -0700] "GET /ffriends/amkor/konurse.html HTTP/1.1" 200 774 "-" "Mozilla/5.0 (compatible; SemrushBot/7~bl; +http://www.semrush.com/bot.html)" "www.ysfine.com"
155.4.128.98 - - [12/Oct/2022:10:27:23 -0700] "GET /world/baltic/kantruss.jpg HTTP/1.1" 200 106585 "https://www.google.com/" "Mozilla/5.0 (Linux; Android 12; SM-A528B Build/SP1A.210812.016; wv) AppleWebKit/537.36 (KHTML, like Gecko) Version/4.0 Chrome/105.0.5195.136 Mobile Safari/537.36 GoogleApp/13.38.11.26.arm64" "ysfine.com"
40.77.167.27 - - [12/Oct/2022:10:30:02 -0700] "GET /dongio/polish.html HTTP/1.1" 404 88 "-" "Mozilla/5.0 (compatible; bingbot/2.0; +http://www.bing.com/bingbot.htm)" "ysfine.com"
207.46.13.102 - - [12/Oct/2022:10:30:17 -0700] "GET /world/ital/palat02.jpg HTTP/1.1" 200 122711 "-" "Mozilla/5.0 AppleWebKit/537.36 (KHTML, like Gecko; compatible; bingbot/2.0; +http://www.bing.com/bingbot.htm) Chrome/103.0.5060.134 Safari/537.36" "ysfine.com"
157.55.39.128 - - [12/Oct/2022:10:32:09 -0700] "GET /kowar/pyang01b.jpg HTTP/1.1" 200 65480 "-" "Mozilla/5.0 (compatible; bingbot/2.0; +http://www.bing.com/bingbot.htm)" "ysfine.com"
157.55.39.58 - - [12/Oct/2022:10:32:14 -0700] "GET /einstein/einplanck.html HTTP/1.1" 200 3255 "-" "Mozilla/5.0 (compatible; bingbot/2.0; +http://www.bing.com/bingbot.htm)" "ysfine.com"
185.191.171.3 - - [12/Oct/2022:10:32:26 -0700] "GET /class54/class5470/total_data/sub_324.htm HTTP/1.1" 200 3297 "-" "Mozilla/5.0 (compatible; SemrushBot/7~bl; +http://www.semrush.com/bot.html)" "www.ysfine.com"
114.119.128.154 - - [12/Oct/2022:10:32:47 -0700] "GET /wdc/whx12.html HTTP/1.1" 200 1590 "https://www.ysfine.com/class54/emailed01.html" "Mozilla/5.0 (Linux; Android 7.0;) AppleWebKit/537.36 (KHTML, like Gecko) Mobile Safari/537.36 (compatible; PetalBot;+https://webmaster.petalsearch.com/site/petalbot)" "www.ysfine.com"
207.46.13.102 - - [12/Oct/2022:10:32:48 -0700] "GET /world/baltic/lithu04b.jpg HTTP/1.1" 200 36043 "-" "Mozilla/5.0 (compatible; bingbot/2.0; +http://www.bing.com/bingbot.htm)" "ysfine.com"
157.55.39.58 - - [12/Oct/2022:10:32:54 -0700] "GET /world/ital/rome176.jpg HTTP/1.1" 200 96394 "-" "Mozilla/5.0 (compatible; bingbot/2.0; +http://www.bing.com/bingbot.htm)" "ysfine.com"
157.55.39.128 - - [12/Oct/2022:10:33:38 -0700] "GET /feynman/feyjad33.jpg HTTP/1.1" 200 62305 "-" "Mozilla/5.0 (compatible; bingbot/2.0; +http://www.bing.com/bingbot.htm)" "ysfine.com"
185.191.171.4 - - [12/Oct/2022:10:34:27 -0700] "GET /robots.txt HTTP/1.1" 404 88 "-" "Mozilla/5.0 (compatible; SemrushBot/7~bl; +http://www.semrush.com/bot.html)" "ysfine.com"
185.191.171.3 - - [12/Oct/2022:10:34:28 -0700] "GET /class54/class5470/total_data/sub_121.htm HTTP/1.1" 200 3313 "-" "Mozilla/5.0 (compatible; SemrushBot/7~bl; +http://www.semrush.com/bot.html)" "ysfine.com"
72.226.37.50 - - [12/Oct/2022:10:34:45 -0700] "GET /dirac/feydirac300.jpg HTTP/1.1" 200 38223 "https://www.google.com/" "Mozilla/5.0 (Macintosh; Intel Mac OS X 10_15_7) AppleWebKit/537.36 (KHTML, like Gecko) Chrome/105.0.0.0 Safari/537.36" "ysfine.com"
157.55.39.58 - - [12/Oct/2022:10:34:53 -0700] "GET /world/scandi/copenf04.jpg HTTP/1.1" 200 134897 "-" "Mozilla/5.0 (compatible; bingbot/2.0; +http://www.bing.com/bingbot.htm)" "ysfine.com"
157.55.39.128 - - [12/Oct/2022:10:35:07 -0700] "GET /world/poland/krk15.jpg HTTP/1.1" 200 111741 "-" "Mozilla/5.0 AppleWebKit/537.36 (KHTML, like Gecko; compatible; bingbot/2.0; +http://www.bing.com/bingbot.htm) Chrome/103.0.5060.134 Safari/537.36" "ysfine.com"
157.55.39.55 - - [12/Oct/2022:10:35:14 -0700] "GET /bio/style/ystyle.html HTTP/1.1" 404 88 "-" "Mozilla/5.0 AppleWebKit/537.36 (KHTML, like Gecko; compatible; bingbot/2.0; +http://www.bing.com/bingbot.htm) Chrome/103.0.5060.134 Safari/537.36" "ysfine.com"
157.55.39.127 - - [12/Oct/2022:10:35:41 -0700] "GET /world/baltic/lithu03.jpg HTTP/1.1" 200 104004 "-" "Mozilla/5.0 (compatible; bingbot/2.0; +http://www.bing.com/bingbot.htm)" "ysfine.com"
76.94.183.130 - - [12/Oct/2022:10:36:51 -0700] "GET /princeton/alexan22.jpg HTTP/1.1" 200 175436 "https://www.google.com/" "Mozilla/5.0 (Windows NT 10.0; Win64; x64) AppleWebKit/537.36 (KHTML, like Gecko) Chrome/106.0.0.0 Safari/537.36" "ysfine.com"
95.198.207.169 - - [12/Oct/2022:10:37:23 -0700] "GET /maga/histo/desiree22.jpg HTTP/1.1" 200 113561 "https://www.google.com/" "Mozilla/5.0 (Windows NT 10.0; Win64; x64) AppleWebKit/537.36 (KHTML, like Gecko) Chrome/105.0.0.0 Safari/537.36" "ysfine.com"
40.77.167.27 - - [12/Oct/2022:10:37:23 -0700] "GET /bio/style/proschanie.html HTTP/1.1" 404 88 "-" "Mozilla/5.0 AppleWebKit/537.36 (KHTML, like Gecko; compatible; bingbot/2.0; +http://www.bing.com/bingbot.htm) Chrome/103.0.5060.134 Safari/537.36" "ysfine.com"
40.77.167.27 - - [12/Oct/2022:10:38:54 -0700] "GET /ffriends/amkor/amhigh03.jpg HTTP/1.1" 404 88 "-" "Mozilla/5.0 (compatible; bingbot/2.0; +http://www.bing.com/bingbot.htm)" "ysfine.com"
157.55.39.55 - - [12/Oct/2022:10:40:14 -0700] "GET /princeton/car02.jpg HTTP/1.1" 200 67302 "-" "Mozilla/5.0 (compatible; bingbot/2.0; +http://www.bing.com/bingbot.htm)" "www.ysfine.com"
157.55.39.58 - - [12/Oct/2022:10:40:34 -0700] "GET /sbk/2017berlin01b.jpg HTTP/1.1" 200 33403 "-" "Mozilla/5.0 (compatible; bingbot/2.0; +http://www.bing.com/bingbot.htm)" "www.ysfine.com"
157.55.39.127 - - [12/Oct/2022:10:40:52 -0700] "GET /world/japan/osakaf11.jpg HTTP/1.1" 200 177731 "-" "Mozilla/5.0 (compatible; bingbot/2.0; +http://www.bing.com/bingbot.htm)" "ysfine.com"
66.249.66.40 - - [12/Oct/2022:10:40:55 -0700] "GET /world/ital/rome044b.jpg HTTP/1.1" 304 - "-" "Googlebot-Image/1.0" "ysfine.com"
5.102.253.182 - - [12/Oct/2022:10:41:29 -0700] "GET /wigner/supper650.jpg HTTP/1.1" 200 60839 "https://www.google.com/" "Mozilla/5.0 (Macintosh; Intel Mac OS X 10_15_7) AppleWebKit/537.36 (KHTML, like Gecko) Chrome/106.0.0.0 Safari/537.36" "ysfine.com"
207.46.13.102 - - [12/Oct/2022:10:41:39 -0700] "GET /bio/einstein/bern.html HTTP/1.1" 404 88 "-" "Mozilla/5.0 (compatible; bingbot/2.0; +http://www.bing.com/bingbot.htm)" "ysfine.com"
207.46.13.102 - - [12/Oct/2022:10:41:39 -0700] "GET /wigner/wigwein2.jpg HTTP/1.1" 200 42269 "-" "Mozilla/5.0 (compatible; bingbot/2.0; +http://www.bing.com/bingbot.htm)" "ysfine.com"
157.55.39.128 - - [12/Oct/2022:10:43:11 -0700] "GET /world/latina/buenos09.jpg HTTP/1.1" 200 71962 "-" "Mozilla/5.0 (compatible; bingbot/2.0; +http://www.bing.com/bingbot.htm)" "ysfine.com"
157.55.39.128 - - [12/Oct/2022:10:43:11 -0700] "GET /bio/awards/index.html HTTP/1.1" 404 88 "-" "Mozilla/5.0 (compatible; bingbot/2.0; +http://www.bing.com/bingbot.htm)" "ysfine.com"
40.77.167.27 - - [12/Oct/2022:10:43:54 -0700] "GET /people/logunov11.jpg HTTP/1.1" 200 76493 "-" "Mozilla/5.0 (compatible; bingbot/2.0; +http://www.bing.com/bingbot.htm)" "ysfine.com"
196.253.249.73 - - [12/Oct/2022:10:44:21 -0700] "GET /remote/wigner111/kim-32.jpg HTTP/1.1" 200 55109 "https://www.google.com/" "Mozilla/5.0 (X11; Linux x86_64; rv:105.0) Gecko/20100101 Firefox/105.0" "ysfine.com"
98.217.2.230 - - [12/Oct/2022:10:45:30 -0700] "GET /maga/invent/wright02.jpg HTTP/1.1" 200 130157 "https://www.bing.com/" "Mozilla/5.0 (Windows NT 10.0; Win64; x64) AppleWebKit/537.36 (KHTML, like Gecko) Chrome/106.0.0.0 Safari/537.36 Edg/106.0.1370.42" "www.ysfine.com"
157.55.39.128 - - [12/Oct/2022:10:45:40 -0700] "GET /dirac/o32c.jpg HTTP/1.1" 200 30707 "-" "Mozilla/5.0 (compatible; bingbot/2.0; +http://www.bing.com/bingbot.htm)" "www.ysfine.com"
157.55.39.55 - - [12/Oct/2022:10:45:56 -0700] "GET /bio/wigner/e(2).html HTTP/1.1" 404 88 "-" "Mozilla/5.0 AppleWebKit/537.36 (KHTML, like Gecko; compatible; bingbot/2.0; +http://www.bing.com/bingbot.htm) Chrome/103.0.5060.134 Safari/537.36" "ysfine.com"
157.55.39.55 - - [12/Oct/2022:10:45:57 -0700] "GET /wdc/washmo06.jpg HTTP/1.1" 200 78385 "-" "Mozilla/5.0 (compatible; bingbot/2.0; +http://www.bing.com/bingbot.htm)" "ysfine.com"
93.158.161.40 - - [12/Oct/2022:10:46:36 -0700] "GET /robots.txt HTTP/1.1" 404 73 "-" "Mozilla/5.0 (compatible; YandexBot/3.0; +http://yandex.com/bots)" "www.ysfine.com"
77.88.5.46 - - [12/Oct/2022:10:46:40 -0700] "GET /einstein/einabel.html HTTP/1.1" 200 5982 "-" "Mozilla/5.0 (compatible; YandexBot/3.0; +http://yandex.com/bots)" "www.ysfine.com"
40.77.167.27 - - [12/Oct/2022:10:47:04 -0700] "GET /world/kazan.html HTTP/1.1" 200 13929 "-" "Mozilla/5.0 (compatible; bingbot/2.0; +http://www.bing.com/bingbot.htm)" "www.ysfine.com"
211.111.234.61 - - [12/Oct/2022:10:48:01 -0700] "GET /jobs/koreaj.html HTTP/1.1" 200 10214 "https://www.google.co.in/" "Mozilla/5.0 (Windows NT 10.0; Win64; x64) AppleWebKit/537.36 (KHTML, like Gecko) Chrome/106.0.0.0 Safari/537.36" "ysfine.com"
211.111.234.61 - - [12/Oct/2022:10:48:01 -0700] "GET /jobs/koreaj11b.jpg HTTP/1.1" 200 67543 "https://ysfine.com/jobs/koreaj.html" "Mozilla/5.0 (Windows NT 10.0; Win64; x64) AppleWebKit/537.36 (KHTML, like Gecko) Chrome/106.0.0.0 Safari/537.36" "ysfine.com"
211.111.234.61 - - [12/Oct/2022:10:48:02 -0700] "GET /favicon.ico HTTP/1.1" 404 88 "https://ysfine.com/jobs/koreaj.html" "Mozilla/5.0 (Windows NT 10.0; Win64; x64) AppleWebKit/537.36 (KHTML, like Gecko) Chrome/106.0.0.0 Safari/537.36" "ysfine.com"
54.221.206.141 - - [12/Oct/2022:10:48:04 -0700] "HEAD /robots.txt HTTP/1.1" 404 - "-" "MBCrawler/1.0 (https://monitorbacklinks.com/robot)" "ysfine.com"
54.221.206.141 - - [12/Oct/2022:10:48:04 -0700] "GET /robots.txt HTTP/1.1" 404 88 "-" "MBCrawler/1.0 (https://monitorbacklinks.com/robot)" "ysfine.com"
54.221.206.141 - - [12/Oct/2022:10:48:04 -0700] "HEAD /style/shops.html HTTP/1.1" 200 - "-" "MBCrawler/1.0 (https://monitorbacklinks.com/robot)" "ysfine.com"
54.221.206.141 - - [12/Oct/2022:10:48:05 -0700] "GET /style/shops.html HTTP/1.1" 200 2829 "-" "MBCrawler/1.0 (https://monitorbacklinks.com/robot)" "ysfine.com"
157.55.39.127 - - [12/Oct/2022:10:48:34 -0700] "GET /kobak/feb8b.jpg HTTP/1.1" 200 37892 "-" "Mozilla/5.0 (compatible; bingbot/2.0; +http://www.bing.com/bingbot.htm)" "ysfine.com"
40.77.167.27 - - [12/Oct/2022:10:48:46 -0700] "GET /wdc/heyadams33.jpg HTTP/1.1" 200 61338 "-" "Mozilla/5.0 (compatible; bingbot/2.0; +http://www.bing.com/bingbot.htm)" "ysfine.com"
43.245.10.158 - - [12/Oct/2022:10:48:55 -0700] "GET /einstein/further.html HTTP/1.1" 200 4338 "https://ysfine.com/einstein/einleft.html" "Mozilla/5.0 (Windows NT 10.0; Win64; x64) AppleWebKit/537.36 (KHTML, like Gecko) Chrome/105.0.0.0 Safari/537.36" "ysfine.com"
43.245.10.158 - - [12/Oct/2022:10:48:56 -0700] "GET /einstein/eins05c.jpg HTTP/1.1" 200 52461 "https://ysfine.com/einstein/further.html" "Mozilla/5.0 (Windows NT 10.0; Win64; x64) AppleWebKit/537.36 (KHTML, like Gecko) Chrome/105.0.0.0 Safari/537.36" "ysfine.com"
43.245.10.158 - - [12/Oct/2022:10:48:56 -0700] "GET /einstein/eward33f.jpg HTTP/1.1" 200 77764 "https://ysfine.com/einstein/further.html" "Mozilla/5.0 (Windows NT 10.0; Win64; x64) AppleWebKit/537.36 (KHTML, like Gecko) Chrome/105.0.0.0 Safari/537.36" "ysfine.com"
43.245.10.158 - - [12/Oct/2022:10:48:56 -0700] "GET /einstein/places/einha02c.jpg HTTP/1.1" 200 23710 "https://ysfine.com/einstein/further.html" "Mozilla/5.0 (Windows NT 10.0; Win64; x64) AppleWebKit/537.36 (KHTML, like Gecko) Chrome/105.0.0.0 Safari/537.36" "ysfine.com"
43.245.10.158 - - [12/Oct/2022:10:48:56 -0700] "GET /einstein/newtein11f.jpg HTTP/1.1" 200 75467 "https://ysfine.com/einstein/further.html" "Mozilla/5.0 (Windows NT 10.0; Win64; x64) AppleWebKit/537.36 (KHTML, like Gecko) Chrome/105.0.0.0 Safari/537.36" "ysfine.com"
43.245.10.158 - - [12/Oct/2022:10:48:56 -0700] "GET /einstein/newtwig11f.jpg HTTP/1.1" 200 75618 "https://ysfine.com/einstein/further.html" "Mozilla/5.0 (Windows NT 10.0; Win64; x64) AppleWebKit/537.36 (KHTML, like Gecko) Chrome/105.0.0.0 Safari/537.36" "ysfine.com"
43.245.10.158 - - [12/Oct/2022:10:48:56 -0700] "GET /einstein/ewk86f.jpg HTTP/1.1" 200 127172 "https://ysfine.com/einstein/further.html" "Mozilla/5.0 (Windows NT 10.0; Win64; x64) AppleWebKit/537.36 (KHTML, like Gecko) Chrome/105.0.0.0 Safari/537.36" "ysfine.com"
43.245.10.158 - - [12/Oct/2022:10:48:56 -0700] "GET /einstein/dirfeyn55f.jpg HTTP/1.1" 200 106448 "https://ysfine.com/einstein/further.html" "Mozilla/5.0 (Windows NT 10.0; Win64; x64) AppleWebKit/537.36 (KHTML, like Gecko) Chrome/105.0.0.0 Safari/537.36" "ysfine.com"
43.245.10.158 - - [12/Oct/2022:10:48:56 -0700] "GET /einstein/places/einha01c.jpg HTTP/1.1" 200 39982 "https://ysfine.com/einstein/further.html" "Mozilla/5.0 (Windows NT 10.0; Win64; x64) AppleWebKit/537.36 (KHTML, like Gecko) Chrome/105.0.0.0 Safari/537.36" "ysfine.com"
43.245.10.158 - - [12/Oct/2022:10:49:31 -0700] "GET /einstein/einqm.html HTTP/1.1" 200 4504 "https://ysfine.com/einstein/einleft.html" "Mozilla/5.0 (Windows NT 10.0; Win64; x64) AppleWebKit/537.36 (KHTML, like Gecko) Chrome/105.0.0.0 Safari/537.36" "ysfine.com"
43.245.10.158 - - [12/Oct/2022:10:49:31 -0700] "GET /einstein/jsbell01c.jpg HTTP/1.1" 200 33157 "https://ysfine.com/einstein/einqm.html" "Mozilla/5.0 (Windows NT 10.0; Win64; x64) AppleWebKit/537.36 (KHTML, like Gecko) Chrome/105.0.0.0 Safari/537.36" "ysfine.com"
43.245.10.158 - - [12/Oct/2022:10:49:31 -0700] "GET /einstein/newton55c.jpg HTTP/1.1" 200 31852 "https://ysfine.com/einstein/einqm.html" "Mozilla/5.0 (Windows NT 10.0; Win64; x64) AppleWebKit/537.36 (KHTML, like Gecko) Chrome/105.0.0.0 Safari/537.36" "ysfine.com"
43.245.10.158 - - [12/Oct/2022:10:49:31 -0700] "GET /einstein/standrun22a.jpg HTTP/1.1" 200 41374 "https://ysfine.com/einstein/einqm.html" "Mozilla/5.0 (Windows NT 10.0; Win64; x64) AppleWebKit/537.36 (KHTML, like Gecko) Chrome/105.0.0.0 Safari/537.36" "ysfine.com"
43.245.10.158 - - [12/Oct/2022:10:49:31 -0700] "GET /einstein/chewfra11c.jpg HTTP/1.1" 200 33343 "https://ysfine.com/einstein/einqm.html" "Mozilla/5.0 (Windows NT 10.0; Win64; x64) AppleWebKit/537.36 (KHTML, like Gecko) Chrome/105.0.0.0 Safari/537.36" "ysfine.com"
43.245.10.158 - - [12/Oct/2022:10:49:31 -0700] "GET /feynman/feygell22c.jpg HTTP/1.1" 200 28834 "https://ysfine.com/einstein/einqm.html" "Mozilla/5.0 (Windows NT 10.0; Win64; x64) AppleWebKit/537.36 (KHTML, like Gecko) Chrome/105.0.0.0 Safari/537.36" "ysfine.com"
43.245.10.158 - - [12/Oct/2022:10:49:31 -0700] "GET /einstein/hofstadter11c.jpg HTTP/1.1" 200 26993 "https://ysfine.com/einstein/einqm.html" "Mozilla/5.0 (Windows NT 10.0; Win64; x64) AppleWebKit/537.36 (KHTML, like Gecko) Chrome/105.0.0.0 Safari/537.36" "ysfine.com"
43.245.10.158 - - [12/Oct/2022:10:49:31 -0700] "GET /einstein/infeld11c.jpg HTTP/1.1" 200 22805 "https://ysfine.com/einstein/einqm.html" "Mozilla/5.0 (Windows NT 10.0; Win64; x64) AppleWebKit/537.36 (KHTML, like Gecko) Chrome/105.0.0.0 Safari/537.36" "ysfine.com"
43.245.10.158 - - [12/Oct/2022:10:49:31 -0700] "GET /einstein/standrun33a.jpg HTTP/1.1" 200 37021 "https://ysfine.com/einstein/einqm.html" "Mozilla/5.0 (Windows NT 10.0; Win64; x64) AppleWebKit/537.36 (KHTML, like Gecko) Chrome/105.0.0.0 Safari/537.36" "ysfine.com"
114.119.128.158 - - [12/Oct/2022:10:50:10 -0700] "GET /maga/galileo.html HTTP/1.1" 200 4725 "https://ysfine.com/maga/copergali.html" "Mozilla/5.0 (Linux; Android 7.0;) AppleWebKit/537.36 (KHTML, like Gecko) Mobile Safari/537.36 (compatible; PetalBot;+https://webmaster.petalsearch.com/site/petalbot)" "ysfine.com"
157.55.39.58 - - [12/Oct/2022:10:50:55 -0700] "GET /style/musee/perga17.jpg HTTP/1.1" 200 85000 "-" "Mozilla/5.0 (compatible; bingbot/2.0; +http://www.bing.com/bingbot.htm)" "ysfine.com"
207.46.13.102 - - [12/Oct/2022:10:51:10 -0700] "GET /kowar/choiyk11.jpg HTTP/1.1" 200 48360 "-" "Mozilla/5.0 (compatible; bingbot/2.0; +http://www.bing.com/bingbot.htm)" "www.ysfine.com"
90.182.243.176 - - [12/Oct/2022:10:52:13 -0700] "GET /wigner/neum/pvn05.jpg HTTP/1.1" 200 219501 "https://www.bing.com/" "Mozilla/5.0 (Windows NT 10.0; Win64; x64) AppleWebKit/537.36 (KHTML, like Gecko) Chrome/106.0.0.0 Safari/537.36 Edg/106.0.1370.42" "ysfine.com"
43.245.10.158 - - [12/Oct/2022:10:52:42 -0700] "GET /einstein/einmeson.html HTTP/1.1" 200 4535 "https://ysfine.com/einstein/einqm.html" "Mozilla/5.0 (Windows NT 10.0; Win64; x64) AppleWebKit/537.36 (KHTML, like Gecko) Chrome/105.0.0.0 Safari/537.36" "ysfine.com"
43.245.10.158 - - [12/Oct/2022:10:52:43 -0700] "GET /einstein/muon2.jpg HTTP/1.1" 200 41017 "https://ysfine.com/einstein/einmeson.html" "Mozilla/5.0 (Windows NT 10.0; Win64; x64) AppleWebKit/537.36 (KHTML, like Gecko) Chrome/105.0.0.0 Safari/537.36" "ysfine.com"
43.245.10.158 - - [12/Oct/2022:10:52:43 -0700] "GET /usca/pitt/cyclo2.jpg HTTP/1.1" 200 37426 "https://ysfine.com/einstein/einmeson.html" "Mozilla/5.0 (Windows NT 10.0; Win64; x64) AppleWebKit/537.36 (KHTML, like Gecko) Chrome/105.0.0.0 Safari/537.36" "ysfine.com"
43.245.10.158 - - [12/Oct/2022:10:52:43 -0700] "GET /dirac/dirac270.jpg HTTP/1.1" 200 29420 "https://ysfine.com/einstein/einmeson.html" "Mozilla/5.0 (Windows NT 10.0; Win64; x64) AppleWebKit/537.36 (KHTML, like Gecko) Chrome/105.0.0.0 Safari/537.36" "ysfine.com"
43.245.10.158 - - [12/Oct/2022:10:52:45 -0700] "GET /kobak/nicodem11b.jpg HTTP/1.1" 200 79065 "https://ysfine.com/einstein/einmeson.html" "Mozilla/5.0 (Windows NT 10.0; Win64; x64) AppleWebKit/537.36 (KHTML, like Gecko) Chrome/105.0.0.0 Safari/537.36" "ysfine.com"
43.245.10.158 - - [12/Oct/2022:10:52:46 -0700] "GET /feynman/feydirak11b.jpg HTTP/1.1" 200 38821 "https://ysfine.com/einstein/einmeson.html" "Mozilla/5.0 (Windows NT 10.0; Win64; x64) AppleWebKit/537.36 (KHTML, like Gecko) Chrome/105.0.0.0 Safari/537.36" "ysfine.com"
157.55.39.58 - - [12/Oct/2022:10:52:55 -0700] "GET /princeton/nassin01.jpg HTTP/1.1" 200 226517 "-" "Mozilla/5.0 AppleWebKit/537.36 (KHTML, like Gecko; compatible; bingbot/2.0; +http://www.bing.com/bingbot.htm) Chrome/103.0.5060.134 Safari/537.36" "ysfine.com"
13.66.139.10 - - [12/Oct/2022:10:53:09 -0700] "GET /bio/houses/styhouses.html HTTP/1.1" 404 88 "-" "Mozilla/5.0 (compatible; bingbot/2.0; +http://www.bing.com/bingbot.htm)" "ysfine.com"
157.55.39.127 - - [12/Oct/2022:10:53:53 -0700] "GET /kobak/dprk.jpg HTTP/1.1" 200 88014 "-" "Mozilla/5.0 (compatible; bingbot/2.0; +http://www.bing.com/bingbot.htm)" "ysfine.com"
157.55.39.55 - - [12/Oct/2022:10:56:07 -0700] "GET /bio/pquartet.html HTTP/1.1" 404 88 "-" "Mozilla/5.0 (compatible; bingbot/2.0; +http://www.bing.com/bingbot.htm)" "ysfine.com"
66.249.66.40 - - [12/Oct/2022:10:56:37 -0700] "GET /maga/phys/yukaheisen67.jpg HTTP/1.1" 304 - "-" "Googlebot-Image/1.0" "ysfine.com"
188.205.149.253 - - [12/Oct/2022:10:57:46 -0700] "GET /kobak/dabrow11.jpg HTTP/1.1" 200 130654 "https://www.google.com/" "Mozilla/5.0 (Windows NT 10.0; Win64; x64) AppleWebKit/537.36 (KHTML, like Gecko) Chrome/106.0.0.0 Safari/537.36" "ysfine.com"
157.55.39.127 - - [12/Oct/2022:10:57:54 -0700] "GET /dirac/licone.jpg HTTP/1.1" 200 31375 "-" "Mozilla/5.0 (compatible; bingbot/2.0; +http://www.bing.com/bingbot.htm)" "www.ysfine.com"
40.77.167.27 - - [12/Oct/2022:10:57:55 -0700] "GET /feynman/feyfirm66.jpg HTTP/1.1" 200 211924 "-" "Mozilla/5.0 (compatible; bingbot/2.0; +http://www.bing.com/bingbot.htm)" "ysfine.com"
95.223.74.201 - - [12/Oct/2022:10:58:48 -0700] "GET /world/germany/franko11.jpg HTTP/1.1" 200 71379 "https://www.bing.com/" "Mozilla/5.0 (Windows NT 10.0; Win64; x64) AppleWebKit/537.36 (KHTML, like Gecko) Chrome/106.0.0.0 Safari/537.36 Edg/106.0.1370.42" "www.ysfine.com"
40.77.167.27 - - [12/Oct/2022:10:58:56 -0700] "GET /wdc/kennedyc15.jpg HTTP/1.1" 200 79718 "-" "Mozilla/5.0 (compatible; bingbot/2.0; +http://www.bing.com/bingbot.htm)" "www.ysfine.com"
66.249.66.40 - - [12/Oct/2022:10:59:02 -0700] "GET /world/china/opium01b.jpg HTTP/1.1" 200 56514 "-" "Googlebot-Image/1.0" "ysfine.com"
40.77.167.27 - - [12/Oct/2022:10:59:17 -0700] "GET /bio/eink/buybook.html HTTP/1.1" 404 88 "-" "Mozilla/5.0 (compatible; bingbot/2.0; +http://www.bing.com/bingbot.htm)" "ysfine.com"
157.55.39.128 - - [12/Oct/2022:10:59:51 -0700] "GET /bio/awards/index.html HTTP/1.1" 404 88 "-" "Mozilla/5.0 AppleWebKit/537.36 (KHTML, like Gecko; compatible; bingbot/2.0; +http://www.bing.com/bingbot.htm) Chrome/103.0.5060.134 Safari/537.36" "ysfine.com"
157.55.39.128 - - [12/Oct/2022:11:00:01 -0700] "GET /people/baran.jpg HTTP/1.1" 200 57735 "-" "Mozilla/5.0 (compatible; bingbot/2.0; +http://www.bing.com/bingbot.htm)" "www.ysfine.com"
66.249.66.44 - - [12/Oct/2022:11:00:04 -0700] "GET /world/ital/venice03b.jpg HTTP/1.1" 200 43903 "-" "Googlebot-Image/1.0" "ysfine.com"
152.3.43.41 - - [12/Oct/2022:11:00:20 -0700] "GET /wigner/wiglittle.pdf HTTP/1.1" 200 2659296 "https://www.google.com/" "Mozilla/5.0 (Macintosh; Intel Mac OS X 10_15_6) AppleWebKit/605.1.15 (KHTML, like Gecko) Version/15.6.1 Safari/605.1.15" "ysfine.com"
152.3.43.41 - - [12/Oct/2022:11:00:25 -0700] "GET /favicon.ico HTTP/1.1" 404 88 "https://ysfine.com/wigner/wiglittle.pdf" "Mozilla/5.0 (Macintosh; Intel Mac OS X 10_15_6) AppleWebKit/605.1.15 (KHTML, like Gecko) Version/15.6.1 Safari/605.1.15" "ysfine.com"
157.55.39.55 - - [12/Oct/2022:11:00:36 -0700] "GET /world/ital/rome109.jpg HTTP/1.1" 200 125625 "-" "Mozilla/5.0 (compatible; bingbot/2.0; +http://www.bing.com/bingbot.htm)" "ysfine.com"
157.55.39.55 - - [12/Oct/2022:11:01:07 -0700] "GET /style/bstring33.jpg HTTP/1.1" 200 105412 "-" "Mozilla/5.0 (compatible; bingbot/2.0; +http://www.bing.com/bingbot.htm)" "www.ysfine.com"
188.33.248.132 - - [12/Oct/2022:11:01:55 -0700] "GET /maga/phys/yukadirac53.jpg HTTP/1.1" 200 72355 "https://www.google.com/" "Mozilla/5.0 (Linux; Android 12; SM-G990B Build/SP1A.210812.016; wv) AppleWebKit/537.36 (KHTML, like Gecko) Version/4.0 Chrome/105.0.5195.136 Mobile Safari/537.36 GoogleApp/13.36.11.26.arm64" "ysfine.com"
157.55.39.55 - - [12/Oct/2022:11:01:57 -0700] "GET /maga/phys/pauli01.jpg HTTP/1.1" 200 97701 "-" "Mozilla/5.0 AppleWebKit/537.36 (KHTML, like Gecko; compatible; bingbot/2.0; +http://www.bing.com/bingbot.htm) Chrome/103.0.5060.134 Safari/537.36" "www.ysfine.com"
114.119.128.162 - - [12/Oct/2022:11:02:15 -0700] "GET /wigner/wigbot.html HTTP/1.1" 200 123 "http://ysfine.com/home/pquartet.html" "Mozilla/5.0 (Linux; Android 7.0;) AppleWebKit/537.36 (KHTML, like Gecko) Mobile Safari/537.36 (compatible; PetalBot;+https://webmaster.petalsearch.com/site/petalbot)" "ysfine.com"
157.55.39.55 - - [12/Oct/2022:11:02:18 -0700] "GET /world/latina/cancun12.jpg HTTP/1.1" 200 95159 "-" "Mozilla/5.0 (compatible; bingbot/2.0; +http://www.bing.com/bingbot.htm)" "ysfine.com"
185.191.171.43 - - [12/Oct/2022:11:02:28 -0700] "GET /class54/class5470/total_data/sub_348.htm HTTP/1.1" 200 3292 "-" "Mozilla/5.0 (compatible; SemrushBot/7~bl; +http://www.semrush.com/bot.html)" "ysfine.com"
157.55.39.55 - - [12/Oct/2022:11:03:17 -0700] "GET /bio/style/ystyle.html HTTP/1.1" 404 88 "-" "Mozilla/5.0 AppleWebKit/537.36 (KHTML, like Gecko; compatible; bingbot/2.0; +http://www.bing.com/bingbot.htm) Chrome/103.0.5060.134 Safari/537.36" "ysfine.com"
37.187.2.18 - - [12/Oct/2022:11:03:21 -0700] "GET /newyork/nyc.html HTTP/1.1" 200 31389 "-" "INETDEX-BOT/1.5 (Mozilla/5.0; https://inetdex.com/bot.html)" "ysfine.com"
86.120.178.79 - - [12/Oct/2022:11:03:57 -0700] "GET /world/france/louvre11.jpg HTTP/1.1" 200 90911 "https://www.google.com/" "Mozilla/5.0 (Windows NT 10.0; Win64; x64) AppleWebKit/537.36 (KHTML, like Gecko) Chrome/105.0.0.0 Safari/537.36 OPR/91.0.4516.65" "ysfine.com"
86.12.242.116 - - [12/Oct/2022:11:05:28 -0700] "GET /einstein/einboy.jpg HTTP/1.1" 200 91141 "https://www.google.com/" "Mozilla/5.0 (Linux; Android 11; SM-X205 Build/RP1A.200720.012; wv) AppleWebKit/537.36 (KHTML, like Gecko) Version/4.0 Chrome/105.0.5195.136 Safari/537.36 GoogleApp/13.38.11.26.arm64" "ysfine.com"
157.55.39.58 - - [12/Oct/2022:11:06:06 -0700] "GET /world/france/notre17.jpg HTTP/1.1" 200 148078 "-" "Mozilla/5.0 (compatible; bingbot/2.0; +http://www.bing.com/bingbot.htm)" "www.ysfine.com"
207.46.13.102 - - [12/Oct/2022:11:06:51 -0700] "GET /dirac/dirackn33.jpg HTTP/1.1" 200 98181 "-" "Mozilla/5.0 (compatible; bingbot/2.0; +http://www.bing.com/bingbot.htm)" "ysfine.com"
157.55.39.128 - - [12/Oct/2022:11:07:01 -0700] "GET /world/russ/pyres01b.jpg HTTP/1.1" 200 45668 "-" "Mozilla/5.0 (compatible; bingbot/2.0; +http://www.bing.com/bingbot.htm)" "ysfine.com"
207.46.13.102 - - [12/Oct/2022:11:08:31 -0700] "GET /world/brit/imperialc04.jpg HTTP/1.1" 200 78049 "-" "Mozilla/5.0 (compatible; bingbot/2.0; +http://www.bing.com/bingbot.htm)" "ysfine.com"
207.46.13.102 - - [12/Oct/2022:11:09:11 -0700] "GET /bio/einstein/bern.html HTTP/1.1" 404 88 "-" "Mozilla/5.0 (compatible; bingbot/2.0; +http://www.bing.com/bingbot.htm)" "ysfine.com"
136.158.10.136 - - [12/Oct/2022:11:09:16 -0700] "GET /maga/phys/schrod11.jpg HTTP/1.1" 200 107958 "https://www.bing.com/" "Mozilla/5.0 (Windows NT 10.0; Win64; x64) AppleWebKit/537.36 (KHTML, like Gecko) Chrome/106.0.0.0 Safari/537.36 Edg/106.0.1370.37" "www.ysfine.com"
24.189.145.134 - - [12/Oct/2022:11:09:30 -0700] "GET /ysbio/home/taylor500.jpg HTTP/1.1" 404 88 "https://ysfine.com/ysbio/eink/index.html" "Mozilla/5.0 (Windows NT 10.0; Win64; x64) AppleWebKit/537.36 (KHTML, like Gecko) Chrome/106.0.0.0 Safari/537.36" "ysfine.com"
24.189.145.134 - - [12/Oct/2022:11:09:30 -0700] "GET /ysbio/home/eink77c.jpg HTTP/1.1" 404 88 "https://ysfine.com/ysbio/eink/index.html" "Mozilla/5.0 (Windows NT 10.0; Win64; x64) AppleWebKit/537.36 (KHTML, like Gecko) Chrome/106.0.0.0 Safari/537.36" "ysfine.com"
24.189.145.134 - - [12/Oct/2022:11:09:33 -0700] "GET /ysbio/einstein/einstorie.html HTTP/1.1" 200 2505 "https://ysfine.com/ysbio/eink/index.html" "Mozilla/5.0 (Windows NT 10.0; Win64; x64) AppleWebKit/537.36 (KHTML, like Gecko) Chrome/106.0.0.0 Safari/537.36" "ysfine.com"
24.189.145.134 - - [12/Oct/2022:11:09:33 -0700] "GET /ysbio/einstein/einwife66b.jpg HTTP/1.1" 200 29967 "https://ysfine.com/ysbio/einstein/einstorie.html" "Mozilla/5.0 (Windows NT 10.0; Win64; x64) AppleWebKit/537.36 (KHTML, like Gecko) Chrome/106.0.0.0 Safari/537.36" "ysfine.com"
24.189.145.134 - - [12/Oct/2022:11:09:33 -0700] "GET /ysbio/einstein/eindc33b.jpg HTTP/1.1" 200 54447 "https://ysfine.com/ysbio/einstein/einstorie.html" "Mozilla/5.0 (Windows NT 10.0; Win64; x64) AppleWebKit/537.36 (KHTML, like Gecko) Chrome/106.0.0.0 Safari/537.36" "ysfine.com"
