157.55.39.128 - - [12/Oct/2022:03:57:17 -0700] "GET /bio/style/spbpiano.html HTTP/1.1" 404 88 "-" "Mozilla/5.0 AppleWebKit/537.36 (KHTML, like Gecko; compatible; bingbot/2.0; +http://www.bing.com/bingbot.htm) Chrome/103.0.5060.134 Safari/537.36" "ysfine.com"
157.55.39.128 - - [12/Oct/2022:03:57:37 -0700] "GET /bio/maga/yukawa.html HTTP/1.1" 404 88 "-" "Mozilla/5.0 (compatible; bingbot/2.0; +http://www.bing.com/bingbot.htm)" "ysfine.com"
212.219.197.149 - - [12/Oct/2022:03:58:46 -0700] "GET /einstein/einplanck3.jpg HTTP/1.1" 200 37784 "https://www.google.com/" "Mozilla/5.0 (X11; CrOS x86_64 14989.107.0) AppleWebKit/537.36 (KHTML, like Gecko) Chrome/105.0.0.0 Safari/537.36" "ysfine.com"
157.55.39.127 - - [12/Oct/2022:03:59:15 -0700] "GET /world/ital/verona13.jpg HTTP/1.1" 200 80284 "-" "Mozilla/5.0 (compatible; bingbot/2.0; +http://www.bing.com/bingbot.htm)" "ysfine.com"
77.75.78.172 - - [12/Oct/2022:04:00:34 -0700] "GET /robots.txt HTTP/1.1" 404 88 "-" "Mozilla/5.0 (compatible; SeznamBot/3.2; +http://napoveda.seznam.cz/en/seznambot-intro/)" "ysfine.com"
40.77.167.27 - - [12/Oct/2022:04:00:45 -0700] "GET /world/russ/minsk016.jpg HTTP/1.1" 200 84472 "-" "Mozilla/5.0 (compatible; bingbot/2.0; +http://www.bing.com/bingbot.htm)" "www.ysfine.com"
77.75.78.172 - - [12/Oct/2022:04:00:49 -0700] "GET /princeton/50th.jpg HTTP/1.1" 200 105158 "-" "Mozilla/5.0 (compatible; SeznamBot/3.2; +http://napoveda.seznam.cz/en/seznambot-intro/)" "ysfine.com"
77.75.78.172 - - [12/Oct/2022:04:00:57 -0700] "GET /home/comet00.jpg HTTP/1.1" 200 86618 "-" "Mozilla/5.0 (compatible; SeznamBot/3.2; +http://napoveda.seznam.cz/en/seznambot-intro/)" "ysfine.com"
157.55.39.55 - - [12/Oct/2022:04:01:00 -0700] "GET /world/france/sorbonne09.jpg HTTP/1.1" 200 109485 "-" "Mozilla/5.0 (compatible; bingbot/2.0; +http://www.bing.com/bingbot.htm)" "ysfine.com"
157.55.39.55 - - [12/Oct/2022:04:03:40 -0700] "GET /philo/marxber33.jpg HTTP/1.1" 200 76742 "-" "Mozilla/5.0 AppleWebKit/537.36 (KHTML, like Gecko; compatible; bingbot/2.0; +http://www.bing.com/bingbot.htm) Chrome/103.0.5060.134 Safari/537.36" "ysfine.com"
157.55.39.55 - - [12/Oct/2022:04:05:20 -0700] "GET /wdc/jeffm05.jpg HTTP/1.1" 200 56230 "-" "Mozilla/5.0 (compatible; bingbot/2.0; +http://www.bing.com/bingbot.htm)" "ysfine.com"
129.0.205.160 - - [12/Oct/2022:04:06:09 -0700] "GET /einstein/einplanck.html HTTP/1.1" 304 - "https://www.google.com/" "Mozilla/5.0 (Linux; Android 8.0.0; SO-03J) AppleWebKit/537.36 (KHTML, like Gecko) Chrome/102.0.0.0 Mobile Safari/537.36" "ysfine.com"
129.0.205.160 - - [12/Oct/2022:04:06:09 -0700] "GET /einstein/einplanck3.jpg HTTP/1.1" 200 37784 "https://ysfine.com/einstein/einplanck.html" "Mozilla/5.0 (Linux; Android 8.0.0; SO-03J) AppleWebKit/537.36 (KHTML, like Gecko) Chrome/102.0.0.0 Mobile Safari/537.36" "ysfine.com"
129.0.205.160 - - [12/Oct/2022:04:06:09 -0700] "GET /feynman/feygell77a.jpg HTTP/1.1" 200 54254 "https://ysfine.com/einstein/einplanck.html" "Mozilla/5.0 (Linux; Android 8.0.0; SO-03J) AppleWebKit/537.36 (KHTML, like Gecko) Chrome/102.0.0.0 Mobile Safari/537.36" "ysfine.com"
129.0.205.160 - - [12/Oct/2022:04:06:13 -0700] "GET /favicon.ico HTTP/1.1" 404 88 "https://ysfine.com/einstein/einplanck.html" "Mozilla/5.0 (Linux; Android 8.0.0; SO-03J) AppleWebKit/537.36 (KHTML, like Gecko) Chrome/102.0.0.0 Mobile Safari/537.36" "ysfine.com"
77.75.79.31 - - [12/Oct/2022:04:08:34 -0700] "GET /maga/hermite.html HTTP/1.1" 304 - "-" "Mozilla/5.0 (compatible; SeznamBot/4.0-RC1; +http://napoveda.seznam.cz/seznambot-intro/)" "ysfine.com"
195.158.249.88 - - [12/Oct/2022:04:08:49 -0700] "GET /confer/other.html HTTP/1.1" 404 88 "http://ysfine.com" "Mozilla/5.0 (Windows NT 10.0; Win64; x64) AppleWebKit/537.36 (KHTML, like Gecko) Chrome/62.0.3202.94 Safari/537.36" "ysfine.com"
157.55.39.128 - - [12/Oct/2022:04:08:57 -0700] "GET /world/china/china006b.gif HTTP/1.1" 200 16880 "-" "Mozilla/5.0 AppleWebKit/537.36 (KHTML, like Gecko; compatible; bingbot/2.0; +http://www.bing.com/bingbot.htm) Chrome/103.0.5060.134 Safari/537.36" "www.ysfine.com"
85.145.69.19 - - [12/Oct/2022:04:09:04 -0700] "GET /home/pquartet.html HTTP/1.1" 200 4307 "-" "Mozilla/5.0 (iPhone; CPU iPhone OS 15_5 like Mac OS X) AppleWebKit/605.1.15 (KHTML, like Gecko) Version/15.5 Mobile/15E148 Safari/604.1" "ysfine.com"
85.145.69.19 - - [12/Oct/2022:04:09:05 -0700] "GET /home/newton33b.jpg HTTP/1.1" 200 33593 "https://ysfine.com/home/pquartet.html" "Mozilla/5.0 (iPhone; CPU iPhone OS 15_5 like Mac OS X) AppleWebKit/605.1.15 (KHTML, like Gecko) Version/15.5 Mobile/15E148 Safari/604.1" "ysfine.com"
85.145.69.19 - - [12/Oct/2022:04:09:05 -0700] "GET /einstein/eins47b.jpg HTTP/1.1" 200 48772 "https://ysfine.com/home/pquartet.html" "Mozilla/5.0 (iPhone; CPU iPhone OS 15_5 like Mac OS X) AppleWebKit/605.1.15 (KHTML, like Gecko) Version/15.5 Mobile/15E148 Safari/604.1" "ysfine.com"
85.145.69.19 - - [12/Oct/2022:04:09:05 -0700] "GET /feynman/feyn86b.jpg HTTP/1.1" 200 26190 "https://ysfine.com/home/pquartet.html" "Mozilla/5.0 (iPhone; CPU iPhone OS 15_5 like Mac OS X) AppleWebKit/605.1.15 (KHTML, like Gecko) Version/15.5 Mobile/15E148 Safari/604.1" "ysfine.com"
207.46.13.102 - - [12/Oct/2022:04:11:39 -0700] "GET /sbk/2007krak.jpg HTTP/1.1" 200 149482 "-" "Mozilla/5.0 (compatible; bingbot/2.0; +http://www.bing.com/bingbot.htm)" "ysfine.com"
157.55.39.58 - - [12/Oct/2022:04:15:29 -0700] "GET /bio/bio07.html HTTP/1.1" 404 88 "-" "Mozilla/5.0 AppleWebKit/537.36 (KHTML, like Gecko; compatible; bingbot/2.0; +http://www.bing.com/bingbot.htm) Chrome/103.0.5060.134 Safari/537.36" "ysfine.com"
157.55.39.55 - - [12/Oct/2022:04:16:13 -0700] "GET /bio/bio01.html HTTP/1.1" 404 88 "-" "Mozilla/5.0 (compatible; bingbot/2.0; +http://www.bing.com/bingbot.htm)" "ysfine.com"
192.99.33.141 - - [12/Oct/2022:04:16:17 -0700] "GET /robots.txt HTTP/1.1" 404 73 "-" "Mozilla/5.0 (compatible; MJ12bot/v1.4.8; http://mj12bot.com/)" "ysfine.com"
20.83.59.64 - - [12/Oct/2022:04:16:25 -0700] "GET /wp-includes/wlwmanifest.xml HTTP/1.1" 404 73 "-" "Mozilla/5.0 (Windows NT 10.0; Win64; x64) AppleWebKit/537.36 (KHTML, like Gecko) Chrome/79.0 Safari/537.36" "ysfine.com"
20.83.59.64 - - [12/Oct/2022:04:16:25 -0700] "GET /xmlrpc.php?rsd HTTP/1.1" 500 5589 "-" "Mozilla/5.0 (Windows NT 10.0; Win64; x64) AppleWebKit/537.36 (KHTML, like Gecko) Chrome/79.0 Safari/537.36" "ysfine.com"
192.99.33.141 - - [12/Oct/2022:04:16:25 -0700] "GET /awards/index.html HTTP/1.1" 200 9993 "-" "Mozilla/5.0 (compatible; MJ12bot/v1.4.8; http://mj12bot.com/)" "ysfine.com"
20.83.59.64 - - [12/Oct/2022:04:16:25 -0700] "GET /web/wp-includes/wlwmanifest.xml HTTP/1.1" 404 73 "-" "Mozilla/5.0 (Windows NT 10.0; Win64; x64) AppleWebKit/537.36 (KHTML, like Gecko) Chrome/79.0 Safari/537.36" "ysfine.com"
20.83.59.64 - - [12/Oct/2022:04:16:26 -0700] "GET /news/wp-includes/wlwmanifest.xml HTTP/1.1" 404 73 "-" "Mozilla/5.0 (Windows NT 10.0; Win64; x64) AppleWebKit/537.36 (KHTML, like Gecko) Chrome/79.0 Safari/537.36" "ysfine.com"
20.83.59.64 - - [12/Oct/2022:04:16:27 -0700] "GET /wp2/wp-includes/wlwmanifest.xml HTTP/1.1" 404 73 "-" "Mozilla/5.0 (Windows NT 10.0; Win64; x64) AppleWebKit/537.36 (KHTML, like Gecko) Chrome/79.0 Safari/537.36" "ysfine.com"
20.83.59.64 - - [12/Oct/2022:04:16:27 -0700] "GET /cms/wp-includes/wlwmanifest.xml HTTP/1.1" 404 73 "-" "Mozilla/5.0 (Windows NT 10.0; Win64; x64) AppleWebKit/537.36 (KHTML, like Gecko) Chrome/79.0 Safari/537.36" "ysfine.com"
192.99.33.141 - - [12/Oct/2022:04:16:29 -0700] "GET /class54/class5470/total_data/sub_103.htm HTTP/1.1" 200 3269 "-" "Mozilla/5.0 (compatible; MJ12bot/v1.4.8; http://mj12bot.com/)" "ysfine.com"
192.99.33.141 - - [12/Oct/2022:04:16:35 -0700] "GET /class54/class5470/total_data/sub_105.htm HTTP/1.1" 200 3250 "-" "Mozilla/5.0 (compatible; MJ12bot/v1.4.8; http://mj12bot.com/)" "ysfine.com"
192.99.33.141 - - [12/Oct/2022:04:16:38 -0700] "GET /class54/class5470/total_data/sub_106.htm HTTP/1.1" 200 3226 "-" "Mozilla/5.0 (compatible; MJ12bot/v1.4.8; http://mj12bot.com/)" "ysfine.com"
192.99.33.141 - - [12/Oct/2022:04:16:40 -0700] "GET /class54/class5470/total_data/sub_107.htm HTTP/1.1" 200 3258 "-" "Mozilla/5.0 (compatible; MJ12bot/v1.4.8; http://mj12bot.com/)" "ysfine.com"
192.99.33.141 - - [12/Oct/2022:04:16:42 -0700] "GET /class54/class5470/total_data/sub_108.htm HTTP/1.1" 200 3253 "-" "Mozilla/5.0 (compatible; MJ12bot/v1.4.8; http://mj12bot.com/)" "ysfine.com"
192.99.33.141 - - [12/Oct/2022:04:16:45 -0700] "GET /class54/class5470/total_data/sub_109.htm HTTP/1.1" 200 3253 "-" "Mozilla/5.0 (compatible; MJ12bot/v1.4.8; http://mj12bot.com/)" "ysfine.com"
192.99.33.141 - - [12/Oct/2022:04:16:48 -0700] "GET /class54/class5470/total_data/sub_110.htm HTTP/1.1" 200 3265 "-" "Mozilla/5.0 (compatible; MJ12bot/v1.4.8; http://mj12bot.com/)" "ysfine.com"
157.55.39.58 - - [12/Oct/2022:04:16:48 -0700] "GET /wigner/teller.jpg HTTP/1.1" 200 98739 "-" "Mozilla/5.0 (compatible; bingbot/2.0; +http://www.bing.com/bingbot.htm)" "ysfine.com"
192.99.33.141 - - [12/Oct/2022:04:16:50 -0700] "GET /class54/class5470/total_data/sub_111.htm HTTP/1.1" 200 3292 "-" "Mozilla/5.0 (compatible; MJ12bot/v1.4.8; http://mj12bot.com/)" "ysfine.com"
192.99.33.141 - - [12/Oct/2022:04:16:55 -0700] "GET /class54/class5470/total_data/sub_112.htm HTTP/1.1" 200 3292 "-" "Mozilla/5.0 (compatible; MJ12bot/v1.4.8; http://mj12bot.com/)" "ysfine.com"
192.99.33.141 - - [12/Oct/2022:04:16:57 -0700] "GET /class54/class5470/total_data/sub_113.htm HTTP/1.1" 200 3297 "-" "Mozilla/5.0 (compatible; MJ12bot/v1.4.8; http://mj12bot.com/)" "ysfine.com"
40.77.167.27 - - [12/Oct/2022:04:16:58 -0700] "GET /bio/wdc/monticello.html HTTP/1.1" 404 88 "-" "Mozilla/5.0 (compatible; bingbot/2.0; +http://www.bing.com/bingbot.htm)" "ysfine.com"
192.99.33.141 - - [12/Oct/2022:04:16:59 -0700] "GET /class54/class5470/total_data/sub_114.htm HTTP/1.1" 200 3292 "-" "Mozilla/5.0 (compatible; MJ12bot/v1.4.8; http://mj12bot.com/)" "ysfine.com"
192.99.33.141 - - [12/Oct/2022:04:17:01 -0700] "GET /class54/class5470/total_data/sub_115.htm HTTP/1.1" 200 3291 "-" "Mozilla/5.0 (compatible; MJ12bot/v1.4.8; http://mj12bot.com/)" "ysfine.com"
192.99.33.141 - - [12/Oct/2022:04:17:03 -0700] "GET /class54/class5470/total_data/sub_116.htm HTTP/1.1" 200 3290 "-" "Mozilla/5.0 (compatible; MJ12bot/v1.4.8; http://mj12bot.com/)" "ysfine.com"
192.99.33.141 - - [12/Oct/2022:04:17:05 -0700] "GET /class54/class5470/total_data/sub_117.htm HTTP/1.1" 200 3303 "-" "Mozilla/5.0 (compatible; MJ12bot/v1.4.8; http://mj12bot.com/)" "ysfine.com"
192.99.33.141 - - [12/Oct/2022:04:17:07 -0700] "GET /class54/class5470/total_data/sub_133.htm HTTP/1.1" 200 3288 "-" "Mozilla/5.0 (compatible; MJ12bot/v1.4.8; http://mj12bot.com/)" "ysfine.com"
192.99.33.141 - - [12/Oct/2022:04:17:09 -0700] "GET /class54/class5470/total_data/sub_201b.htm HTTP/1.1" 200 3402 "-" "Mozilla/5.0 (compatible; MJ12bot/v1.4.8; http://mj12bot.com/)" "ysfine.com"
192.99.33.141 - - [12/Oct/2022:04:17:11 -0700] "GET /class54/class5470/total_data/sub_202.htm HTTP/1.1" 200 3395 "-" "Mozilla/5.0 (compatible; MJ12bot/v1.4.8; http://mj12bot.com/)" "ysfine.com"
192.99.33.141 - - [12/Oct/2022:04:17:13 -0700] "GET /class54/class5470/total_data/sub_203.htm HTTP/1.1" 200 3401 "-" "Mozilla/5.0 (compatible; MJ12bot/v1.4.8; http://mj12bot.com/)" "ysfine.com"
192.99.33.141 - - [12/Oct/2022:04:17:16 -0700] "GET /class54/class5470/total_data/sub_204.htm HTTP/1.1" 200 3403 "-" "Mozilla/5.0 (compatible; MJ12bot/v1.4.8; http://mj12bot.com/)" "ysfine.com"
192.99.33.141 - - [12/Oct/2022:04:17:17 -0700] "GET /class54/class5470/total_data/sub_205.htm HTTP/1.1" 200 3401 "-" "Mozilla/5.0 (compatible; MJ12bot/v1.4.8; http://mj12bot.com/)" "ysfine.com"
192.99.33.141 - - [12/Oct/2022:04:17:20 -0700] "GET /class54/class5470/total_data/sub_206.htm HTTP/1.1" 200 3403 "-" "Mozilla/5.0 (compatible; MJ12bot/v1.4.8; http://mj12bot.com/)" "ysfine.com"
192.99.33.141 - - [12/Oct/2022:04:17:21 -0700] "GET /class54/class5470/total_data/sub_207.htm HTTP/1.1" 200 3396 "-" "Mozilla/5.0 (compatible; MJ12bot/v1.4.8; http://mj12bot.com/)" "ysfine.com"
192.99.33.141 - - [12/Oct/2022:04:17:23 -0700] "GET /class54/class5470/total_data/sub_208.htm HTTP/1.1" 200 3396 "-" "Mozilla/5.0 (compatible; MJ12bot/v1.4.8; http://mj12bot.com/)" "ysfine.com"
192.99.33.141 - - [12/Oct/2022:04:17:26 -0700] "GET /class54/class5470/total_data/sub_209.htm HTTP/1.1" 200 3396 "-" "Mozilla/5.0 (compatible; MJ12bot/v1.4.8; http://mj12bot.com/)" "ysfine.com"
192.99.33.141 - - [12/Oct/2022:04:17:28 -0700] "GET /class54/class5470/total_data/sub_210.htm HTTP/1.1" 200 3396 "-" "Mozilla/5.0 (compatible; MJ12bot/v1.4.8; http://mj12bot.com/)" "ysfine.com"
192.99.33.141 - - [12/Oct/2022:04:17:30 -0700] "GET /class54/class5470/total_data/sub_211.htm HTTP/1.1" 200 3401 "-" "Mozilla/5.0 (compatible; MJ12bot/v1.4.8; http://mj12bot.com/)" "ysfine.com"
192.99.33.141 - - [12/Oct/2022:04:17:32 -0700] "GET /class54/class5470/total_data/sub_212.htm HTTP/1.1" 200 3399 "-" "Mozilla/5.0 (compatible; MJ12bot/v1.4.8; http://mj12bot.com/)" "ysfine.com"
192.99.33.141 - - [12/Oct/2022:04:17:35 -0700] "GET /class54/class5470/total_data/sub_213.htm HTTP/1.1" 200 3396 "-" "Mozilla/5.0 (compatible; MJ12bot/v1.4.8; http://mj12bot.com/)" "ysfine.com"
192.99.33.141 - - [12/Oct/2022:04:17:37 -0700] "GET /class54/class5470/total_data/sub_214.htm HTTP/1.1" 200 3396 "-" "Mozilla/5.0 (compatible; MJ12bot/v1.4.8; http://mj12bot.com/)" "ysfine.com"
192.99.33.141 - - [12/Oct/2022:04:17:39 -0700] "GET /class54/class5470/total_data/sub_215.htm HTTP/1.1" 200 3402 "-" "Mozilla/5.0 (compatible; MJ12bot/v1.4.8; http://mj12bot.com/)" "ysfine.com"
192.99.33.141 - - [12/Oct/2022:04:17:42 -0700] "GET /class54/class5480/Pictures/1.%C3%AC%C2%A0%C2%91%C3%AC%C2%88%C2%98%C3%AB%C2%B0%C2%8F%C3%AD%C2%99%C2%98%C3%AB%C2%8B%C2%B4/?C=D;O=D HTTP/1.1" 200 858 "-" "Mozilla/5.0 (compatible; MJ12bot/v1.4.8; http://mj12bot.com/)" "ysfine.com"
192.99.33.141 - - [12/Oct/2022:04:17:44 -0700] "GET /class54/class5480/Pictures/1.%C3%AC%C2%A0%C2%91%C3%AC%C2%88%C2%98%C3%AB%C2%B0%C2%8F%C3%AD%C2%99%C2%98%C3%AB%C2%8B%C2%B4/?C=M;O=D HTTP/1.1" 200 858 "-" "Mozilla/5.0 (compatible; MJ12bot/v1.4.8; http://mj12bot.com/)" "ysfine.com"
192.99.33.141 - - [12/Oct/2022:04:17:47 -0700] "GET /class54/class5480/Pictures/1.%C3%AC%C2%A0%C2%91%C3%AC%C2%88%C2%98%C3%AB%C2%B0%C2%8F%C3%AD%C2%99%C2%98%C3%AB%C2%8B%C2%B4/?C=N;O=A HTTP/1.1" 200 869 "-" "Mozilla/5.0 (compatible; MJ12bot/v1.4.8; http://mj12bot.com/)" "ysfine.com"
192.99.33.141 - - [12/Oct/2022:04:17:50 -0700] "GET /class54/class5480/Pictures/1.%C3%AC%C2%A0%C2%91%C3%AC%C2%88%C2%98%C3%AB%C2%B0%C2%8F%C3%AD%C2%99%C2%98%C3%AB%C2%8B%C2%B4/?C=S;O=D HTTP/1.1" 200 852 "-" "Mozilla/5.0 (compatible; MJ12bot/v1.4.8; http://mj12bot.com/)" "ysfine.com"
192.99.33.141 - - [12/Oct/2022:04:17:53 -0700] "GET /class54/class5480/Pictures/2.%C3%AA%C2%B8%C2%B0%C3%AB%C2%85%C2%90%C3%AD%C2%96%C2%89%C3%AC%C2%82%C2%AC/?C=D;O=D HTTP/1.1" 200 1762 "-" "Mozilla/5.0 (compatible; MJ12bot/v1.4.8; http://mj12bot.com/)" "ysfine.com"
192.99.33.141 - - [12/Oct/2022:04:17:57 -0700] "GET /class54/class5480/Pictures/2.%C3%AA%C2%B8%C2%B0%C3%AB%C2%85%C2%90%C3%AD%C2%96%C2%89%C3%AC%C2%82%C2%AC/?C=M;O=D HTTP/1.1" 200 1767 "-" "Mozilla/5.0 (compatible; MJ12bot/v1.4.8; http://mj12bot.com/)" "ysfine.com"
157.55.39.58 - - [12/Oct/2022:04:17:59 -0700] "GET /sbk/2004nyc33.jpg HTTP/1.1" 200 316055 "-" "Mozilla/5.0 (compatible; bingbot/2.0; +http://www.bing.com/bingbot.htm)" "ysfine.com"
192.99.33.141 - - [12/Oct/2022:04:18:01 -0700] "GET /class54/class5480/Pictures/2.%C3%AA%C2%B8%C2%B0%C3%AB%C2%85%C2%90%C3%AD%C2%96%C2%89%C3%AC%C2%82%C2%AC/?C=N;O=A HTTP/1.1" 200 1718 "-" "Mozilla/5.0 (compatible; MJ12bot/v1.4.8; http://mj12bot.com/)" "ysfine.com"
192.99.33.141 - - [12/Oct/2022:04:18:04 -0700] "GET /class54/class5480/Pictures/2.%C3%AA%C2%B8%C2%B0%C3%AB%C2%85%C2%90%C3%AD%C2%96%C2%89%C3%AC%C2%82%C2%AC/?C=S;O=D HTTP/1.1" 200 1688 "-" "Mozilla/5.0 (compatible; MJ12bot/v1.4.8; http://mj12bot.com/)" "ysfine.com"
54.236.1.13 - - [12/Oct/2022:04:18:06 -0700] "GET /einstein/einplanck.html HTTP/1.1" 200 3255 "-" "Mozilla/5.0 (compatible; Pinterestbot/1.0; +http://www.pinterest.com/bot.html)" "ysfine.com"
54.236.1.13 - - [12/Oct/2022:04:18:06 -0700] "GET /einstein/einplanck2.jpg HTTP/1.1" 200 33638 "-" "Mozilla/5.0 (compatible; Pinterestbot/1.0; +http://www.pinterest.com/bot.html)" "ysfine.com"
192.99.33.141 - - [12/Oct/2022:04:18:09 -0700] "GET /class54/class5480/Pictures/3.%C3%AD%C2%88%C2%AC%C3%AC%C2%96%C2%B4%C3%AB%C2%B0%C2%8F%C3%AB%C2%AA%C2%A8%C3%AA%C2%B5%C2%90%C3%AB%C2%B0%C2%A9%C3%AB%C2%AC%C2%B8/?C=D;O=D HTTP/1.1" 200 1331 "-" "Mozilla/5.0 (compatible; MJ12bot/v1.4.8; http://mj12bot.com/)" "ysfine.com"
192.99.33.141 - - [12/Oct/2022:04:18:11 -0700] "GET /class54/class5480/Pictures/3.%C3%AD%C2%88%C2%AC%C3%AC%C2%96%C2%B4%C3%AB%C2%B0%C2%8F%C3%AB%C2%AA%C2%A8%C3%AA%C2%B5%C2%90%C3%AB%C2%B0%C2%A9%C3%AB%C2%AC%C2%B8/?C=M;O=D HTTP/1.1" 200 1335 "-" "Mozilla/5.0 (compatible; MJ12bot/v1.4.8; http://mj12bot.com/)" "ysfine.com"
192.99.33.141 - - [12/Oct/2022:04:18:15 -0700] "GET /class54/class5480/Pictures/3.%C3%AD%C2%88%C2%AC%C3%AC%C2%96%C2%B4%C3%AB%C2%B0%C2%8F%C3%AB%C2%AA%C2%A8%C3%AA%C2%B5%C2%90%C3%AB%C2%B0%C2%A9%C3%AB%C2%AC%C2%B8/?C=N;O=A HTTP/1.1" 200 1320 "-" "Mozilla/5.0 (compatible; MJ12bot/v1.4.8; http://mj12bot.com/)" "ysfine.com"
207.46.13.102 - - [12/Oct/2022:04:18:19 -0700] "GET /usca/pitt/pitmap02.jpg HTTP/1.1" 200 78794 "-" "Mozilla/5.0 AppleWebKit/537.36 (KHTML, like Gecko; compatible; bingbot/2.0; +http://www.bing.com/bingbot.htm) Chrome/103.0.5060.134 Safari/537.36" "www.ysfine.com"
192.99.33.141 - - [12/Oct/2022:04:18:18 -0700] "GET /class54/class5480/Pictures/3.%C3%AD%C2%88%C2%AC%C3%AC%C2%96%C2%B4%C3%AB%C2%B0%C2%8F%C3%AB%C2%AA%C2%A8%C3%AA%C2%B5%C2%90%C3%AB%C2%B0%C2%A9%C3%AB%C2%AC%C2%B8/?C=S;O=D HTTP/1.1" 200 1333 "-" "Mozilla/5.0 (compatible; MJ12bot/v1.4.8; http://mj12bot.com/)" "ysfine.com"
192.99.33.141 - - [12/Oct/2022:04:18:21 -0700] "GET /class54/class5480/Pictures/4.%C3%AA%C2%B8%C2%B0%C3%AB%C2%85%C2%90%C3%AC%C2%B4%C2%AC%C3%AC%C2%98%C2%81/?C=D;O=D HTTP/1.1" 200 985 "-" "Mozilla/5.0 (compatible; MJ12bot/v1.4.8; http://mj12bot.com/)" "ysfine.com"
192.99.33.141 - - [12/Oct/2022:04:18:25 -0700] "GET /class54/class5480/Pictures/4.%C3%AA%C2%B8%C2%B0%C3%AB%C2%85%C2%90%C3%AC%C2%B4%C2%AC%C3%AC%C2%98%C2%81/?C=M;O=D HTTP/1.1" 200 985 "-" "Mozilla/5.0 (compatible; MJ12bot/v1.4.8; http://mj12bot.com/)" "ysfine.com"
192.99.33.141 - - [12/Oct/2022:04:18:28 -0700] "GET /class54/class5480/Pictures/4.%C3%AA%C2%B8%C2%B0%C3%AB%C2%85%C2%90%C3%AC%C2%B4%C2%AC%C3%AC%C2%98%C2%81/?C=N;O=A HTTP/1.1" 200 995 "-" "Mozilla/5.0 (compatible; MJ12bot/v1.4.8; http://mj12bot.com/)" "ysfine.com"
192.99.33.141 - - [12/Oct/2022:04:18:31 -0700] "GET /class54/class5480/Pictures/4.%C3%AA%C2%B8%C2%B0%C3%AB%C2%85%C2%90%C3%AC%C2%B4%C2%AC%C3%AC%C2%98%C2%81/?C=S;O=D HTTP/1.1" 200 962 "-" "Mozilla/5.0 (compatible; MJ12bot/v1.4.8; http://mj12bot.com/)" "ysfine.com"
192.99.33.141 - - [12/Oct/2022:04:18:35 -0700] "GET /home/easy.html HTTP/1.1" 200 7877 "-" "Mozilla/5.0 (compatible; MJ12bot/v1.4.8; http://mj12bot.com/)" "ysfine.com"
192.99.33.141 - - [12/Oct/2022:04:18:39 -0700] "GET /home/easy.html HTTP/1.1" 200 7877 "-" "Mozilla/5.0 (compatible; MJ12bot/v1.4.8; http://mj12bot.com/)" "ysfine.com"
192.99.33.141 - - [12/Oct/2022:04:18:41 -0700] "GET /home/hmtop.html HTTP/1.1" 200 455 "-" "Mozilla/5.0 (compatible; MJ12bot/v1.4.8; http://mj12bot.com/)" "ysfine.com"
192.99.33.141 - - [12/Oct/2022:04:18:45 -0700] "GET /home/index.html HTTP/1.1" 200 142 "-" "Mozilla/5.0 (compatible; MJ12bot/v1.4.8; http://mj12bot.com/)" "ysfine.com"
192.99.33.141 - - [12/Oct/2022:04:18:47 -0700] "GET /home/index.html HTTP/1.1" 200 142 "-" "Mozilla/5.0 (compatible; MJ12bot/v1.4.8; http://mj12bot.com/)" "ysfine.com"
192.99.33.141 - - [12/Oct/2022:04:18:52 -0700] "GET /kobak/index.html HTTP/1.1" 200 130 "-" "Mozilla/5.0 (compatible; MJ12bot/v1.4.8; http://mj12bot.com/)" "ysfine.com"
192.99.33.141 - - [12/Oct/2022:04:18:54 -0700] "GET /kobak/index.html HTTP/1.1" 200 130 "-" "Mozilla/5.0 (compatible; MJ12bot/v1.4.8; http://mj12bot.com/)" "ysfine.com"
114.119.128.154 - - [12/Oct/2022:04:18:57 -0700] "GET /archives/proceedings/ff2/ff2prog.html HTTP/1.1" 200 3973 "-" "Mozilla/5.0 (Linux; Android 7.0;) AppleWebKit/537.36 (KHTML, like Gecko) Mobile Safari/537.36 (compatible; PetalBot;+https://webmaster.petalsearch.com/site/petalbot)" "ysfine.com"
192.99.33.141 - - [12/Oct/2022:04:19:00 -0700] "GET /maga/minkowski.html HTTP/1.1" 200 4752 "-" "Mozilla/5.0 (compatible; MJ12bot/v1.4.8; http://mj12bot.com/)" "ysfine.com"
192.99.33.141 - - [12/Oct/2022:04:19:03 -0700] "GET /robots.txt HTTP/1.1" 404 73 "-" "Mozilla/5.0 (compatible; MJ12bot/v1.4.8; http://mj12bot.com/)" "www.ysfine.com"
192.99.33.141 - - [12/Oct/2022:04:19:05 -0700] "GET /maga/phil/sisfa12/frame08.html HTTP/1.1" 200 320 "-" "Mozilla/5.0 (compatible; MJ12bot/v1.4.8; http://mj12bot.com/)" "www.ysfine.com"
192.99.33.141 - - [12/Oct/2022:04:19:07 -0700] "GET /maga/phil/sisfa12/frame24.html HTTP/1.1" 200 320 "-" "Mozilla/5.0 (compatible; MJ12bot/v1.4.8; http://mj12bot.com/)" "www.ysfine.com"
192.99.33.141 - - [12/Oct/2022:04:19:10 -0700] "GET /maga/phil/sisfa12/frame28.html HTTP/1.1" 200 319 "-" "Mozilla/5.0 (compatible; MJ12bot/v1.4.8; http://mj12bot.com/)" "www.ysfine.com"
192.99.33.141 - - [12/Oct/2022:04:19:12 -0700] "GET /robots.txt HTTP/1.1" 404 73 "-" "Mozilla/5.0 (compatible; MJ12bot/v1.4.8; http://mj12bot.com/)" "www.ysfine.com"
192.99.33.141 - - [12/Oct/2022:04:19:16 -0700] "GET /remote/sisfa12aa/frame15.html HTTP/1.1" 200 320 "-" "Mozilla/5.0 (compatible; MJ12bot/v1.4.8; http://mj12bot.com/)" "www.ysfine.com"
192.99.33.141 - - [12/Oct/2022:04:19:18 -0700] "GET /remote/sisfa12aa/frame15.html HTTP/1.1" 200 320 "-" "Mozilla/5.0 (compatible; MJ12bot/v1.4.8; http://mj12bot.com/)" "www.ysfine.com"
207.46.13.102 - - [12/Oct/2022:04:19:20 -0700] "GET /bio/world/leipzig.html HTTP/1.1" 404 88 "-" "Mozilla/5.0 (compatible; bingbot/2.0; +http://www.bing.com/bingbot.htm)" "ysfine.com"
192.99.33.141 - - [12/Oct/2022:04:19:22 -0700] "GET /remote/sisfa12aa/frame16.html HTTP/1.1" 200 320 "-" "Mozilla/5.0 (compatible; MJ12bot/v1.4.8; http://mj12bot.com/)" "www.ysfine.com"
192.99.33.141 - - [12/Oct/2022:04:19:25 -0700] "GET /remote/sisfa12aa/frame16.html HTTP/1.1" 200 320 "-" "Mozilla/5.0 (compatible; MJ12bot/v1.4.8; http://mj12bot.com/)" "www.ysfine.com"
157.55.39.58 - - [12/Oct/2022:04:19:29 -0700] "GET /bio/harmoarchi.html HTTP/1.1" 404 88 "-" "Mozilla/5.0 AppleWebKit/537.36 (KHTML, like Gecko; compatible; bingbot/2.0; +http://www.bing.com/bingbot.htm) Chrome/103.0.5060.134 Safari/537.36" "ysfine.com"
192.99.33.141 - - [12/Oct/2022:04:19:30 -0700] "GET /remote/sisfa12aa/frame17.html HTTP/1.1" 200 320 "-" "Mozilla/5.0 (compatible; MJ12bot/v1.4.8; http://mj12bot.com/)" "www.ysfine.com"
192.99.33.141 - - [12/Oct/2022:04:19:32 -0700] "GET /remote/sisfa12aa/frame17.html HTTP/1.1" 200 320 "-" "Mozilla/5.0 (compatible; MJ12bot/v1.4.8; http://mj12bot.com/)" "www.ysfine.com"
192.99.33.141 - - [12/Oct/2022:04:19:37 -0700] "GET /remote/sisfa12aa/frame18.html HTTP/1.1" 200 320 "-" "Mozilla/5.0 (compatible; MJ12bot/v1.4.8; http://mj12bot.com/)" "www.ysfine.com"
157.55.39.127 - - [12/Oct/2022:04:19:38 -0700] "GET /world/russ/zhukov22.jpg HTTP/1.1" 200 69775 "-" "Mozilla/5.0 (compatible; bingbot/2.0; +http://www.bing.com/bingbot.htm)" "ysfine.com"
192.99.33.141 - - [12/Oct/2022:04:19:39 -0700] "GET /remote/sisfa12aa/frame18.html HTTP/1.1" 200 320 "-" "Mozilla/5.0 (compatible; MJ12bot/v1.4.8; http://mj12bot.com/)" "www.ysfine.com"
5.241.92.213 - - [12/Oct/2022:04:19:42 -0700] "GET /world/stoc.html HTTP/1.1" 200 5400 "https://lens.google.com/" "Mozilla/5.0 (Windows NT 10.0; Win64; x64; rv:105.0) Gecko/20100101 Firefox/105.0" "ysfine.com"
5.241.92.213 - - [12/Oct/2022:04:19:42 -0700] "GET /world/scandi/sto002b.jpg HTTP/1.1" 200 42293 "https://ysfine.com/world/stoc.html" "Mozilla/5.0 (Windows NT 10.0; Win64; x64; rv:105.0) Gecko/20100101 Firefox/105.0" "ysfine.com"
5.241.92.213 - - [12/Oct/2022:04:19:42 -0700] "GET /world/scandi/nobelmap11b.jpg HTTP/1.1" 200 54549 "https://ysfine.com/world/stoc.html" "Mozilla/5.0 (Windows NT 10.0; Win64; x64; rv:105.0) Gecko/20100101 Firefox/105.0" "ysfine.com"
5.241.92.213 - - [12/Oct/2022:04:19:42 -0700] "GET /world/scandi/bernadotte2.jpg HTTP/1.1" 200 57227 "https://ysfine.com/world/stoc.html" "Mozilla/5.0 (Windows NT 10.0; Win64; x64; rv:105.0) Gecko/20100101 Firefox/105.0" "ysfine.com"
5.241.92.213 - - [12/Oct/2022:04:19:42 -0700] "GET /world/scandi/sto004b.jpg HTTP/1.1" 200 27149 "https://ysfine.com/world/stoc.html" "Mozilla/5.0 (Windows NT 10.0; Win64; x64; rv:105.0) Gecko/20100101 Firefox/105.0" "ysfine.com"
5.241.92.213 - - [12/Oct/2022:04:19:42 -0700] "GET /world/scandi/sto040b.jpg HTTP/1.1" 200 38064 "https://ysfine.com/world/stoc.html" "Mozilla/5.0 (Windows NT 10.0; Win64; x64; rv:105.0) Gecko/20100101 Firefox/105.0" "ysfine.com"
5.241.92.213 - - [12/Oct/2022:04:19:42 -0700] "GET /world/scandi/wignob01b.jpg HTTP/1.1" 200 40093 "https://ysfine.com/world/stoc.html" "Mozilla/5.0 (Windows NT 10.0; Win64; x64; rv:105.0) Gecko/20100101 Firefox/105.0" "ysfine.com"
5.241.92.213 - - [12/Oct/2022:04:19:42 -0700] "GET /world/scandi/sto037b.jpg HTTP/1.1" 200 32753 "https://ysfine.com/world/stoc.html" "Mozilla/5.0 (Windows NT 10.0; Win64; x64; rv:105.0) Gecko/20100101 Firefox/105.0" "ysfine.com"
5.241.92.213 - - [12/Oct/2022:04:19:42 -0700] "GET /eink/eink61c.jpg HTTP/1.1" 200 34119 "https://ysfine.com/world/stoc.html" "Mozilla/5.0 (Windows NT 10.0; Win64; x64; rv:105.0) Gecko/20100101 Firefox/105.0" "ysfine.com"
5.241.92.213 - - [12/Oct/2022:04:19:42 -0700] "GET /world/scandi/sto030b.jpg HTTP/1.1" 200 36294 "https://ysfine.com/world/stoc.html" "Mozilla/5.0 (Windows NT 10.0; Win64; x64; rv:105.0) Gecko/20100101 Firefox/105.0" "ysfine.com"
5.241.92.213 - - [12/Oct/2022:04:19:42 -0700] "GET /world/scandi/norw20b.jpg HTTP/1.1" 200 51063 "https://ysfine.com/world/stoc.html" "Mozilla/5.0 (Windows NT 10.0; Win64; x64; rv:105.0) Gecko/20100101 Firefox/105.0" "ysfine.com"
5.241.92.213 - - [12/Oct/2022:04:19:42 -0700] "GET /world/scandi/norw05b.jpg HTTP/1.1" 200 34269 "https://ysfine.com/world/stoc.html" "Mozilla/5.0 (Windows NT 10.0; Win64; x64; rv:105.0) Gecko/20100101 Firefox/105.0" "ysfine.com"
5.241.92.213 - - [12/Oct/2022:04:19:42 -0700] "GET /world/scandi/sto026b.jpg HTTP/1.1" 200 32104 "https://ysfine.com/world/stoc.html" "Mozilla/5.0 (Windows NT 10.0; Win64; x64; rv:105.0) Gecko/20100101 Firefox/105.0" "ysfine.com"
5.241.92.213 - - [12/Oct/2022:04:19:42 -0700] "GET /world/scandi/sto034b.jpg HTTP/1.1" 200 21538 "https://ysfine.com/world/stoc.html" "Mozilla/5.0 (Windows NT 10.0; Win64; x64; rv:105.0) Gecko/20100101 Firefox/105.0" "ysfine.com"
5.241.92.213 - - [12/Oct/2022:04:19:42 -0700] "GET /world/scandi/sto024b.jpg HTTP/1.1" 200 34817 "https://ysfine.com/world/stoc.html" "Mozilla/5.0 (Windows NT 10.0; Win64; x64; rv:105.0) Gecko/20100101 Firefox/105.0" "ysfine.com"
5.241.92.213 - - [12/Oct/2022:04:19:42 -0700] "GET /world/scandi/wignob02b.jpg HTTP/1.1" 200 31825 "https://ysfine.com/world/stoc.html" "Mozilla/5.0 (Windows NT 10.0; Win64; x64; rv:105.0) Gecko/20100101 Firefox/105.0" "ysfine.com"
192.99.33.141 - - [12/Oct/2022:04:19:44 -0700] "GET /remote/sisfa12aa/frame19.html HTTP/1.1" 200 321 "-" "Mozilla/5.0 (compatible; MJ12bot/v1.4.8; http://mj12bot.com/)" "www.ysfine.com"
192.99.33.141 - - [12/Oct/2022:04:19:45 -0700] "GET /remote/sisfa12aa/frame19.html HTTP/1.1" 200 321 "-" "Mozilla/5.0 (compatible; MJ12bot/v1.4.8; http://mj12bot.com/)" "www.ysfine.com"
5.241.92.213 - - [12/Oct/2022:04:19:46 -0700] "GET /favicon.ico HTTP/1.1" 404 88 "https://ysfine.com/world/stoc.html" "Mozilla/5.0 (Windows NT 10.0; Win64; x64; rv:105.0) Gecko/20100101 Firefox/105.0" "ysfine.com"
192.99.33.141 - - [12/Oct/2022:04:19:48 -0700] "GET /remote/sisfa12aa/frame20.html HTTP/1.1" 200 321 "-" "Mozilla/5.0 (compatible; MJ12bot/v1.4.8; http://mj12bot.com/)" "www.ysfine.com"
40.77.167.27 - - [12/Oct/2022:04:19:48 -0700] "GET /kobak/sorae/kumipo01.jpg HTTP/1.1" 200 111414 "-" "Mozilla/5.0 AppleWebKit/537.36 (KHTML, like Gecko; compatible; bingbot/2.0; +http://www.bing.com/bingbot.htm) Chrome/103.0.5060.134 Safari/537.36" "ysfine.com"
192.99.33.141 - - [12/Oct/2022:04:19:51 -0700] "GET /remote/sisfa12aa/frame21.html HTTP/1.1" 200 319 "-" "Mozilla/5.0 (compatible; MJ12bot/v1.4.8; http://mj12bot.com/)" "www.ysfine.com"
192.99.33.141 - - [12/Oct/2022:04:19:56 -0700] "GET /remote/sisfa12aa/frame22.html HTTP/1.1" 200 320 "-" "Mozilla/5.0 (compatible; MJ12bot/v1.4.8; http://mj12bot.com/)" "www.ysfine.com"
192.99.33.141 - - [12/Oct/2022:04:19:58 -0700] "GET /remote/sisfa12aa/frame22.html HTTP/1.1" 200 320 "-" "Mozilla/5.0 (compatible; MJ12bot/v1.4.8; http://mj12bot.com/)" "www.ysfine.com"
192.99.33.141 - - [12/Oct/2022:04:20:00 -0700] "GET /remote/sisfa12aa/frame23.html HTTP/1.1" 200 320 "-" "Mozilla/5.0 (compatible; MJ12bot/v1.4.8; http://mj12bot.com/)" "www.ysfine.com"
192.99.33.141 - - [12/Oct/2022:04:20:03 -0700] "GET /remote/sisfa12aa/frame30.html HTTP/1.1" 200 320 "-" "Mozilla/5.0 (compatible; MJ12bot/v1.4.8; http://mj12bot.com/)" "www.ysfine.com"
192.99.33.141 - - [12/Oct/2022:04:20:07 -0700] "GET /remote/sisfa12aa/frame31.html HTTP/1.1" 200 319 "-" "Mozilla/5.0 (compatible; MJ12bot/v1.4.8; http://mj12bot.com/)" "www.ysfine.com"
192.99.33.141 - - [12/Oct/2022:04:20:09 -0700] "GET /remote/sisfa12aa/frame31.html HTTP/1.1" 200 319 "-" "Mozilla/5.0 (compatible; MJ12bot/v1.4.8; http://mj12bot.com/)" "www.ysfine.com"
192.99.33.141 - - [12/Oct/2022:04:20:13 -0700] "GET /remote/sisfa12aa/frame32.html HTTP/1.1" 200 319 "-" "Mozilla/5.0 (compatible; MJ12bot/v1.4.8; http://mj12bot.com/)" "www.ysfine.com"
192.99.33.141 - - [12/Oct/2022:04:20:16 -0700] "GET /remote/sisfa12aa/frame32.html HTTP/1.1" 200 319 "-" "Mozilla/5.0 (compatible; MJ12bot/v1.4.8; http://mj12bot.com/)" "www.ysfine.com"
157.55.39.127 - - [12/Oct/2022:04:20:19 -0700] "GET /world/hungary/hunstu23b.jpg HTTP/1.1" 200 43668 "-" "Mozilla/5.0 AppleWebKit/537.36 (KHTML, like Gecko; compatible; bingbot/2.0; +http://www.bing.com/bingbot.htm) Chrome/103.0.5060.134 Safari/537.36" "www.ysfine.com"
192.99.33.141 - - [12/Oct/2022:04:20:20 -0700] "GET /remote/sisfa12aa/frame33.html HTTP/1.1" 200 319 "-" "Mozilla/5.0 (compatible; MJ12bot/v1.4.8; http://mj12bot.com/)" "www.ysfine.com"
192.99.33.141 - - [12/Oct/2022:04:20:22 -0700] "GET /remote/sisfa12aa/frame33.html HTTP/1.1" 200 319 "-" "Mozilla/5.0 (compatible; MJ12bot/v1.4.8; http://mj12bot.com/)" "www.ysfine.com"
192.99.33.141 - - [12/Oct/2022:04:20:27 -0700] "GET /remote/sisfa12aa/frame34.html HTTP/1.1" 200 319 "-" "Mozilla/5.0 (compatible; MJ12bot/v1.4.8; http://mj12bot.com/)" "www.ysfine.com"
192.99.33.141 - - [12/Oct/2022:04:20:29 -0700] "GET /remote/sisfa12aa/frame34.html HTTP/1.1" 200 319 "-" "Mozilla/5.0 (compatible; MJ12bot/v1.4.8; http://mj12bot.com/)" "www.ysfine.com"
192.99.33.141 - - [12/Oct/2022:04:20:31 -0700] "GET /remote/sisfa12aa/frame35.html HTTP/1.1" 200 319 "-" "Mozilla/5.0 (compatible; MJ12bot/v1.4.8; http://mj12bot.com/)" "www.ysfine.com"
192.99.33.141 - - [12/Oct/2022:04:20:37 -0700] "GET /remote/sisfa12aa/frame36.html HTTP/1.1" 200 319 "-" "Mozilla/5.0 (compatible; MJ12bot/v1.4.8; http://mj12bot.com/)" "www.ysfine.com"
192.99.33.141 - - [12/Oct/2022:04:20:39 -0700] "GET /remote/sisfa12aa/frame36.html HTTP/1.1" 200 319 "-" "Mozilla/5.0 (compatible; MJ12bot/v1.4.8; http://mj12bot.com/)" "www.ysfine.com"
192.99.33.141 - - [12/Oct/2022:04:20:43 -0700] "GET /remote/sisfa12aa/frame37.html HTTP/1.1" 200 319 "-" "Mozilla/5.0 (compatible; MJ12bot/v1.4.8; http://mj12bot.com/)" "www.ysfine.com"
192.99.33.141 - - [12/Oct/2022:04:20:45 -0700] "GET /remote/sisfa12aa/frame37.html HTTP/1.1" 200 319 "-" "Mozilla/5.0 (compatible; MJ12bot/v1.4.8; http://mj12bot.com/)" "www.ysfine.com"
192.99.33.141 - - [12/Oct/2022:04:20:50 -0700] "GET /remote/sisfa12aa/frame38.html HTTP/1.1" 200 319 "-" "Mozilla/5.0 (compatible; MJ12bot/v1.4.8; http://mj12bot.com/)" "www.ysfine.com"
192.99.33.141 - - [12/Oct/2022:04:20:52 -0700] "GET /remote/sisfa12aa/frame38.html HTTP/1.1" 200 319 "-" "Mozilla/5.0 (compatible; MJ12bot/v1.4.8; http://mj12bot.com/)" "www.ysfine.com"
192.99.33.141 - - [12/Oct/2022:04:20:55 -0700] "GET /remote/sisfa12aa/frame39.html HTTP/1.1" 200 320 "-" "Mozilla/5.0 (compatible; MJ12bot/v1.4.8; http://mj12bot.com/)" "www.ysfine.com"
192.99.33.141 - - [12/Oct/2022:04:20:58 -0700] "GET /remote/sisfa12aa/frame39.html HTTP/1.1" 200 320 "-" "Mozilla/5.0 (compatible; MJ12bot/v1.4.8; http://mj12bot.com/)" "www.ysfine.com"
207.46.13.102 - - [12/Oct/2022:04:21:00 -0700] "GET /bio/newyork/index.html HTTP/1.1" 404 88 "-" "Mozilla/5.0 (compatible; bingbot/2.0; +http://www.bing.com/bingbot.htm)" "ysfine.com"
192.99.33.141 - - [12/Oct/2022:04:21:01 -0700] "GET /remote/sisfa12aa/frame40.html HTTP/1.1" 200 320 "-" "Mozilla/5.0 (compatible; MJ12bot/v1.4.8; http://mj12bot.com/)" "www.ysfine.com"
192.99.33.141 - - [12/Oct/2022:04:21:04 -0700] "GET /remote/sisfa12aa/frame41.html HTTP/1.1" 200 319 "-" "Mozilla/5.0 (compatible; MJ12bot/v1.4.8; http://mj12bot.com/)" "www.ysfine.com"
192.99.33.141 - - [12/Oct/2022:04:21:07 -0700] "GET /remote/sisfa12aa/frame41.html HTTP/1.1" 200 319 "-" "Mozilla/5.0 (compatible; MJ12bot/v1.4.8; http://mj12bot.com/)" "www.ysfine.com"
40.77.167.27 - - [12/Oct/2022:04:21:07 -0700] "GET /home/baranger97c.jpg HTTP/1.1" 200 25248 "-" "Mozilla/5.0 (compatible; bingbot/2.0; +http://www.bing.com/bingbot.htm)" "ysfine.com"
192.99.33.141 - - [12/Oct/2022:04:21:09 -0700] "GET /remote/sisfa12aa/frame42.html HTTP/1.1" 200 319 "-" "Mozilla/5.0 (compatible; MJ12bot/v1.4.8; http://mj12bot.com/)" "www.ysfine.com"
192.99.33.141 - - [12/Oct/2022:04:21:13 -0700] "GET /remote/sisfa12aa/frame43.html HTTP/1.1" 200 319 "-" "Mozilla/5.0 (compatible; MJ12bot/v1.4.8; http://mj12bot.com/)" "www.ysfine.com"
192.99.33.141 - - [12/Oct/2022:04:21:16 -0700] "GET /remote/sisfa12aa/frame43.html HTTP/1.1" 200 319 "-" "Mozilla/5.0 (compatible; MJ12bot/v1.4.8; http://mj12bot.com/)" "www.ysfine.com"
192.99.33.141 - - [12/Oct/2022:04:21:22 -0700] "GET /remote/sisfa12aa/frame44.html HTTP/1.1" 200 319 "-" "Mozilla/5.0 (compatible; MJ12bot/v1.4.8; http://mj12bot.com/)" "www.ysfine.com"
192.99.33.141 - - [12/Oct/2022:04:21:24 -0700] "GET /remote/sisfa12aa/frame44.html HTTP/1.1" 200 319 "-" "Mozilla/5.0 (compatible; MJ12bot/v1.4.8; http://mj12bot.com/)" "www.ysfine.com"
192.99.33.141 - - [12/Oct/2022:04:21:27 -0700] "GET /remote/sisfa12aa/frame45.html HTTP/1.1" 200 319 "-" "Mozilla/5.0 (compatible; MJ12bot/v1.4.8; http://mj12bot.com/)" "www.ysfine.com"
157.55.39.128 - - [12/Oct/2022:04:21:28 -0700] "GET /maga/phil/marxber22.jpg HTTP/1.1" 200 106927 "-" "Mozilla/5.0 AppleWebKit/537.36 (KHTML, like Gecko; compatible; bingbot/2.0; +http://www.bing.com/bingbot.htm) Chrome/103.0.5060.134 Safari/537.36" "www.ysfine.com"
192.99.33.141 - - [12/Oct/2022:04:21:29 -0700] "GET /remote/sisfa12aa/frame45.html HTTP/1.1" 200 319 "-" "Mozilla/5.0 (compatible; MJ12bot/v1.4.8; http://mj12bot.com/)" "www.ysfine.com"
207.46.13.102 - - [12/Oct/2022:04:21:30 -0700] "GET /bio/world/russ/spbpiano.html HTTP/1.1" 404 88 "-" "Mozilla/5.0 AppleWebKit/537.36 (KHTML, like Gecko; compatible; bingbot/2.0; +http://www.bing.com/bingbot.htm) Chrome/103.0.5060.134 Safari/537.36" "ysfine.com"
192.99.33.141 - - [12/Oct/2022:04:21:34 -0700] "GET /remote/sisfa12aa/frame46.html HTTP/1.1" 200 319 "-" "Mozilla/5.0 (compatible; MJ12bot/v1.4.8; http://mj12bot.com/)" "www.ysfine.com"
192.99.33.141 - - [12/Oct/2022:04:21:36 -0700] "GET /remote/sisfa12aa/frame46.html HTTP/1.1" 200 319 "-" "Mozilla/5.0 (compatible; MJ12bot/v1.4.8; http://mj12bot.com/)" "www.ysfine.com"
157.55.39.128 - - [12/Oct/2022:04:21:38 -0700] "GET /princeton/wilson11b.jpg HTTP/1.1" 200 34463 "-" "Mozilla/5.0 (compatible; bingbot/2.0; +http://www.bing.com/bingbot.htm)" "ysfine.com"
192.99.33.141 - - [12/Oct/2022:04:21:39 -0700] "GET /remote/sisfa12aa/frame47.html HTTP/1.1" 200 319 "-" "Mozilla/5.0 (compatible; MJ12bot/v1.4.8; http://mj12bot.com/)" "www.ysfine.com"
192.99.33.141 - - [12/Oct/2022:04:21:41 -0700] "GET /remote/sisfa12aa/frame47.html HTTP/1.1" 200 319 "-" "Mozilla/5.0 (compatible; MJ12bot/v1.4.8; http://mj12bot.com/)" "www.ysfine.com"
192.99.33.141 - - [12/Oct/2022:04:21:46 -0700] "GET /remote/sisfa12aa/frame48.html HTTP/1.1" 200 319 "-" "Mozilla/5.0 (compatible; MJ12bot/v1.4.8; http://mj12bot.com/)" "www.ysfine.com"
192.99.33.141 - - [12/Oct/2022:04:21:47 -0700] "GET /remote/sisfa12aa/frame48.html HTTP/1.1" 200 319 "-" "Mozilla/5.0 (compatible; MJ12bot/v1.4.8; http://mj12bot.com/)" "www.ysfine.com"
192.99.33.141 - - [12/Oct/2022:04:21:52 -0700] "GET /remote/sisfa12aa/frame49.html HTTP/1.1" 200 320 "-" "Mozilla/5.0 (compatible; MJ12bot/v1.4.8; http://mj12bot.com/)" "www.ysfine.com"
192.99.33.141 - - [12/Oct/2022:04:21:54 -0700] "GET /remote/sisfa12aa/frame49.html HTTP/1.1" 200 320 "-" "Mozilla/5.0 (compatible; MJ12bot/v1.4.8; http://mj12bot.com/)" "www.ysfine.com"
192.99.33.141 - - [12/Oct/2022:04:21:58 -0700] "GET /remote/sisfa12aa/frame50.html HTTP/1.1" 200 320 "-" "Mozilla/5.0 (compatible; MJ12bot/v1.4.8; http://mj12bot.com/)" "www.ysfine.com"
157.55.39.58 - - [12/Oct/2022:04:21:59 -0700] "GET /wdc/koreaw11.jpg HTTP/1.1" 200 81220 "-" "Mozilla/5.0 AppleWebKit/537.36 (KHTML, like Gecko; compatible; bingbot/2.0; +http://www.bing.com/bingbot.htm) Chrome/103.0.5060.134 Safari/537.36" "www.ysfine.com"
192.99.33.141 - - [12/Oct/2022:04:22:00 -0700] "GET /remote/sisfa12aa/frame50.html HTTP/1.1" 200 320 "-" "Mozilla/5.0 (compatible; MJ12bot/v1.4.8; http://mj12bot.com/)" "www.ysfine.com"
207.46.13.102 - - [12/Oct/2022:04:22:03 -0700] "GET /usca/pitt/hugh01b.jpg HTTP/1.1" 200 629471 "-" "Mozilla/5.0 (compatible; bingbot/2.0; +http://www.bing.com/bingbot.htm)" "www.ysfine.com"
192.99.33.141 - - [12/Oct/2022:04:22:04 -0700] "GET /remote/sisfa12aa/frame51.html HTTP/1.1" 200 319 "-" "Mozilla/5.0 (compatible; MJ12bot/v1.4.8; http://mj12bot.com/)" "www.ysfine.com"
77.88.5.245 - - [12/Oct/2022:04:22:06 -0700] "GET /robots.txt HTTP/1.1" 404 73 "-" "Mozilla/5.0 (compatible; YandexBot/3.0; +http://yandex.com/bots)" "ysfine.com"
192.99.33.141 - - [12/Oct/2022:04:22:07 -0700] "GET /remote/sisfa12aa/frame51.html HTTP/1.1" 200 319 "-" "Mozilla/5.0 (compatible; MJ12bot/v1.4.8; http://mj12bot.com/)" "www.ysfine.com"
77.88.5.245 - - [12/Oct/2022:04:22:08 -0700] "GET /home/dyson63c.jpg HTTP/1.1" 304 - "-" "Mozilla/5.0 (compatible; YandexImages/3.0; +http://yandex.com/bots)" "www.ysfine.com"
157.55.39.128 - - [12/Oct/2022:04:22:09 -0700] "GET /bio/kobak/soraech.html HTTP/1.1" 404 88 "-" "Mozilla/5.0 AppleWebKit/537.36 (KHTML, like Gecko; compatible; bingbot/2.0; +http://www.bing.com/bingbot.htm) Chrome/103.0.5060.134 Safari/537.36" "ysfine.com"
192.99.33.141 - - [12/Oct/2022:04:22:10 -0700] "GET /remote/sisfa12aa/frame52.html HTTP/1.1" 200 319 "-" "Mozilla/5.0 (compatible; MJ12bot/v1.4.8; http://mj12bot.com/)" "www.ysfine.com"
77.88.5.233 - - [12/Oct/2022:04:22:10 -0700] "GET /maga/phys/psphere01b.jpg HTTP/1.1" 200 55011 "-" "Mozilla/5.0 (compatible; YandexImages/3.0; +http://yandex.com/bots)" "ysfine.com"
192.99.33.141 - - [12/Oct/2022:04:22:14 -0700] "GET /remote/sisfa12aa/frame53.html HTTP/1.1" 200 319 "-" "Mozilla/5.0 (compatible; MJ12bot/v1.4.8; http://mj12bot.com/)" "www.ysfine.com"
192.99.33.141 - - [12/Oct/2022:04:22:16 -0700] "GET /remote/sisfa12aa/frame53.html HTTP/1.1" 200 319 "-" "Mozilla/5.0 (compatible; MJ12bot/v1.4.8; http://mj12bot.com/)" "www.ysfine.com"
192.99.33.141 - - [12/Oct/2022:04:22:20 -0700] "GET /remote/sisfa12aa/frame54.html HTTP/1.1" 200 319 "-" "Mozilla/5.0 (compatible; MJ12bot/v1.4.8; http://mj12bot.com/)" "www.ysfine.com"
192.99.33.141 - - [12/Oct/2022:04:22:22 -0700] "GET /remote/sisfa12aa/frame54.html HTTP/1.1" 200 319 "-" "Mozilla/5.0 (compatible; MJ12bot/v1.4.8; http://mj12bot.com/)" "www.ysfine.com"
192.99.33.141 - - [12/Oct/2022:04:22:26 -0700] "GET /remote/sisfa12aa/frame55.html HTTP/1.1" 200 319 "-" "Mozilla/5.0 (compatible; MJ12bot/v1.4.8; http://mj12bot.com/)" "www.ysfine.com"
192.99.33.141 - - [12/Oct/2022:04:22:28 -0700] "GET /remote/sisfa12aa/frame57.html HTTP/1.1" 200 319 "-" "Mozilla/5.0 (compatible; MJ12bot/v1.4.8; http://mj12bot.com/)" "www.ysfine.com"
192.99.33.141 - - [12/Oct/2022:04:22:31 -0700] "GET /remote/sisfa12aa/frame58.html HTTP/1.1" 200 319 "-" "Mozilla/5.0 (compatible; MJ12bot/v1.4.8; http://mj12bot.com/)" "www.ysfine.com"
192.99.33.141 - - [12/Oct/2022:04:22:34 -0700] "GET /remote/sisfa12aa/frame58.html HTTP/1.1" 200 319 "-" "Mozilla/5.0 (compatible; MJ12bot/v1.4.8; http://mj12bot.com/)" "www.ysfine.com"
192.99.33.141 - - [12/Oct/2022:04:22:36 -0700] "GET /remote/sisfa12aa/frame59.html HTTP/1.1" 200 320 "-" "Mozilla/5.0 (compatible; MJ12bot/v1.4.8; http://mj12bot.com/)" "www.ysfine.com"
192.99.33.141 - - [12/Oct/2022:04:22:40 -0700] "GET /archives/class5470/total_data/sub_343.htm HTTP/1.1" 404 88 "-" "Mozilla/5.0 (compatible; MJ12bot/v1.4.8; http://mj12bot.com/)" "www.ysfine.com"
192.99.33.141 - - [12/Oct/2022:04:22:45 -0700] "GET /archives/class5470/total_data/sub_363.htm HTTP/1.1" 404 88 "-" "Mozilla/5.0 (compatible; MJ12bot/v1.4.8; http://mj12bot.com/)" "www.ysfine.com"
192.99.33.141 - - [12/Oct/2022:04:22:47 -0700] "GET /class54/roofless.html HTTP/1.1" 200 13341 "-" "Mozilla/5.0 (compatible; MJ12bot/v1.4.8; http://mj12bot.com/)" "www.ysfine.com"
192.99.33.141 - - [12/Oct/2022:04:22:49 -0700] "GET /dirac/integ.html HTTP/1.1" 200 6101 "-" "Mozilla/5.0 (compatible; MJ12bot/v1.4.8; http://mj12bot.com/)" "www.ysfine.com"
192.99.33.141 - - [12/Oct/2022:04:22:55 -0700] "GET /einstein/einheisen.html HTTP/1.1" 404 88 "-" "Mozilla/5.0 (compatible; MJ12bot/v1.4.8; http://mj12bot.com/)" "www.ysfine.com"
192.99.33.141 - - [12/Oct/2022:04:22:57 -0700] "GET /einstein/hidden.html HTTP/1.1" 200 4821 "-" "Mozilla/5.0 (compatible; MJ12bot/v1.4.8; http://mj12bot.com/)" "www.ysfine.com"
192.99.33.141 - - [12/Oct/2022:04:22:59 -0700] "GET /home/bio.html HTTP/1.1" 404 88 "-" "Mozilla/5.0 (compatible; MJ12bot/v1.4.8; http://mj12bot.com/)" "www.ysfine.com"
192.99.33.141 - - [12/Oct/2022:04:23:01 -0700] "GET /home/bio22.html HTTP/1.1" 404 88 "-" "Mozilla/5.0 (compatible; MJ12bot/v1.4.8; http://mj12bot.com/)" "www.ysfine.com"
192.99.33.141 - - [12/Oct/2022:04:23:03 -0700] "GET /home/genea.html HTTP/1.1" 200 2872 "-" "Mozilla/5.0 (compatible; MJ12bot/v1.4.8; http://mj12bot.com/)" "www.ysfine.com"
192.99.33.141 - - [12/Oct/2022:04:23:06 -0700] "GET /maga/boltzmann.html HTTP/1.1" 200 6052 "-" "Mozilla/5.0 (compatible; MJ12bot/v1.4.8; http://mj12bot.com/)" "www.ysfine.com"
192.99.33.141 - - [12/Oct/2022:04:23:11 -0700] "GET /maga/phil/sisfa12/r12righ.html HTTP/1.1" 200 709 "-" "Mozilla/5.0 (compatible; MJ12bot/v1.4.8; http://mj12bot.com/)" "www.ysfine.com"
192.99.33.141 - - [12/Oct/2022:04:23:13 -0700] "GET /maga/phil/sisfa12/r12righ.html HTTP/1.1" 200 709 "-" "Mozilla/5.0 (compatible; MJ12bot/v1.4.8; http://mj12bot.com/)" "www.ysfine.com"
192.99.33.141 - - [12/Oct/2022:04:23:16 -0700] "GET /philo/keigel21.html HTTP/1.1" 200 13414 "-" "Mozilla/5.0 (compatible; MJ12bot/v1.4.8; http://mj12bot.com/)" "www.ysfine.com"
192.99.33.141 - - [12/Oct/2022:04:23:18 -0700] "GET /world/stoc.html HTTP/1.1" 200 5400 "-" "Mozilla/5.0 (compatible; MJ12bot/v1.4.8; http://mj12bot.com/)" "www.ysfine.com"
192.99.33.141 - - [12/Oct/2022:04:23:23 -0700] "GET /world/wd22.html HTTP/1.1" 200 120 "-" "Mozilla/5.0 (compatible; MJ12bot/v1.4.8; http://mj12bot.com/)" "www.ysfine.com"
192.99.33.141 - - [12/Oct/2022:04:23:25 -0700] "GET /world/wd22.html HTTP/1.1" 200 120 "-" "Mozilla/5.0 (compatible; MJ12bot/v1.4.8; http://mj12bot.com/)" "www.ysfine.com"
157.55.39.127 - - [12/Oct/2022:04:23:48 -0700] "GET /world/scandi/fin07.jpg HTTP/1.1" 200 90838 "-" "Mozilla/5.0 (compatible; bingbot/2.0; +http://www.bing.com/bingbot.htm)" "ysfine.com"
104.153.230.42 - - [12/Oct/2022:04:24:57 -0700] "GET /world/brit/eton09.jpg HTTP/1.1" 200 102035 "https://www.google.com/" "Mozilla/5.0 (iPhone; CPU iPhone OS 16_0 like Mac OS X) AppleWebKit/605.1.15 (KHTML, like Gecko) Version/16.0 Mobile/15E148 Safari/604.1" "ysfine.com"
104.153.230.42 - - [12/Oct/2022:04:24:59 -0700] "GET /world/brit/windsor02.jpg HTTP/1.1" 200 113651 "https://www.google.com/" "Mozilla/5.0 (iPhone; CPU iPhone OS 16_0 like Mac OS X) AppleWebKit/605.1.15 (KHTML, like Gecko) Version/16.0 Mobile/15E148 Safari/604.1" "ysfine.com"
157.55.39.58 - - [12/Oct/2022:04:25:39 -0700] "GET /world/russ/kazan039.jpg HTTP/1.1" 200 67150 "-" "Mozilla/5.0 AppleWebKit/537.36 (KHTML, like Gecko; compatible; bingbot/2.0; +http://www.bing.com/bingbot.htm) Chrome/103.0.5060.134 Safari/537.36" "www.ysfine.com"
40.77.167.27 - - [12/Oct/2022:04:25:48 -0700] "GET /einstein/places/einha10.jpg HTTP/1.1" 200 99898 "-" "Mozilla/5.0 AppleWebKit/537.36 (KHTML, like Gecko; compatible; bingbot/2.0; +http://www.bing.com/bingbot.htm) Chrome/103.0.5060.134 Safari/537.36" "ysfine.com"
114.119.128.142 - - [12/Oct/2022:04:26:45 -0700] "GET /world/russ/spbpiano.html HTTP/1.1" 200 1667 "https://www.ysfine.com/world/moscow.html" "Mozilla/5.0 (Linux; Android 7.0;) AppleWebKit/537.36 (KHTML, like Gecko) Mobile Safari/537.36 (compatible; PetalBot;+https://webmaster.petalsearch.com/site/petalbot)" "www.ysfine.com"
40.77.167.27 - - [12/Oct/2022:04:26:59 -0700] "GET /bio/dirac/bankers.html HTTP/1.1" 404 88 "-" "Mozilla/5.0 (compatible; bingbot/2.0; +http://www.bing.com/bingbot.htm)" "ysfine.com"
37.230.186.130 - - [12/Oct/2022:04:27:04 -0700] "GET /princeton/firestone22.jpg HTTP/1.1" 200 112919 "-" "Python/3.7 aiohttp/3.8.1" "ysfine.com"
157.55.39.58 - - [12/Oct/2022:04:28:40 -0700] "GET /style/musee/britmu35.jpg HTTP/1.1" 200 97577 "-" "Mozilla/5.0 (compatible; bingbot/2.0; +http://www.bing.com/bingbot.htm)" "ysfine.com"
103.150.211.18 - - [12/Oct/2022:04:29:00 -0700] "GET /style/shops.html HTTP/1.1" 200 2829 "-" "Mozilla/5.0 (Windows NT 10.0; WOW64) AppleWebKit/537.36 (KHTML, like Gecko) Chrome/51.0.2704.103 Safari/537.36" "ysfine.com"
103.150.211.18 - - [12/Oct/2022:04:29:01 -0700] "GET /style/shops.html HTTP/1.1" 200 2829 "-" "Mozilla/5.0 (Windows NT 10.0; WOW64) AppleWebKit/537.36 (KHTML, like Gecko) Chrome/51.0.2704.103 Safari/537.36" "ysfine.com"
157.55.39.55 - - [12/Oct/2022:04:29:43 -0700] "GET /world/israel/armench11.jpg HTTP/1.1" 200 164935 "-" "Mozilla/5.0 AppleWebKit/537.36 (KHTML, like Gecko; compatible; bingbot/2.0; +http://www.bing.com/bingbot.htm) Chrome/103.0.5060.134 Safari/537.36" "ysfine.com"
40.77.167.27 - - [12/Oct/2022:04:29:48 -0700] "GET /world/russ/kazan002.jpg HTTP/1.1" 200 106231 "-" "Mozilla/5.0 (compatible; bingbot/2.0; +http://www.bing.com/bingbot.htm)" "ysfine.com"
40.77.167.27 - - [12/Oct/2022:04:30:18 -0700] "GET /kowar/tanks/sherman50.jpg HTTP/1.1" 200 69232 "-" "Mozilla/5.0 AppleWebKit/537.36 (KHTML, like Gecko; compatible; bingbot/2.0; +http://www.bing.com/bingbot.htm) Chrome/103.0.5060.134 Safari/537.36" "ysfine.com"
157.55.39.55 - - [12/Oct/2022:04:31:43 -0700] "GET /usca/pitt/pittcath01b.jpg HTTP/1.1" 200 44385 "-" "Mozilla/5.0 (compatible; bingbot/2.0; +http://www.bing.com/bingbot.htm)" "www.ysfine.com"
157.55.39.55 - - [12/Oct/2022:04:32:04 -0700] "GET /usca/pitt/yspass.jpg HTTP/1.1" 200 61834 "-" "Mozilla/5.0 AppleWebKit/537.36 (KHTML, like Gecko; compatible; bingbot/2.0; +http://www.bing.com/bingbot.htm) Chrome/103.0.5060.134 Safari/537.36" "www.ysfine.com"
157.55.39.58 - - [12/Oct/2022:04:32:40 -0700] "GET /princeton/pgarden33.jpg HTTP/1.1" 200 159183 "-" "Mozilla/5.0 (compatible; bingbot/2.0; +http://www.bing.com/bingbot.htm)" "ysfine.com"
123.125.109.45 - - [12/Oct/2022:04:32:44 -0700] "GET / HTTP/1.1" 200 5283 "-" "Sogou web spider/4.0(+http://www.sogou.com/docs/help/webmasters.htm#07)" "www.ysfine.com"
40.77.167.27 - - [12/Oct/2022:04:32:50 -0700] "GET /bio/style/proschanie.html HTTP/1.1" 404 88 "-" "Mozilla/5.0 (compatible; bingbot/2.0; +http://www.bing.com/bingbot.htm)" "ysfine.com"
183.191.8.120 - - [12/Oct/2022:04:33:05 -0700] "GET /yspapers/index.html HTTP/1.1" 200 21306 "https://m.baidu.com/" "Mozilla/5.0 (Linux; Android 11; PCAM10 Build/RP1A.200720.011; wv) AppleWebKit/537.36 (KHTML, like Gecko) Version/4.0 Chrome/97.0.4692.98 Mobile Safari/537.36 T7/13.19 SP-engine/2.57.0 baiduboxapp/13.19.5.10 (Baidu; P1 11) NABar/1.0" "www.ysfine.com"
157.55.39.58 - - [12/Oct/2022:04:34:09 -0700] "GET /philo/marx06.jpg HTTP/1.1" 200 168835 "-" "Mozilla/5.0 (compatible; bingbot/2.0; +http://www.bing.com/bingbot.htm)" "ysfine.com"
40.77.167.27 - - [12/Oct/2022:04:34:29 -0700] "GET /bio/wigner/index.html HTTP/1.1" 404 88 "-" "Mozilla/5.0 (compatible; bingbot/2.0; +http://www.bing.com/bingbot.htm)" "ysfine.com"
157.55.39.58 - - [12/Oct/2022:04:35:40 -0700] "GET /wdc/gtown04.jpg HTTP/1.1" 200 154553 "-" "Mozilla/5.0 (compatible; bingbot/2.0; +http://www.bing.com/bingbot.htm)" "www.ysfine.com"
157.55.39.55 - - [12/Oct/2022:04:35:44 -0700] "GET /bio/style/ystyle.html HTTP/1.1" 404 88 "-" "Mozilla/5.0 AppleWebKit/537.36 (KHTML, like Gecko; compatible; bingbot/2.0; +http://www.bing.com/bingbot.htm) Chrome/103.0.5060.134 Safari/537.36" "ysfine.com"
222.145.220.64 - - [12/Oct/2022:04:36:30 -0700] "GET /kowar/rusk01.jpg HTTP/1.1" 200 74943 "https://www.bing.com/" "Mozilla/5.0 (Windows NT 10.0; Win64; x64) AppleWebKit/537.36 (KHTML, like Gecko) Chrome/106.0.0.0 Safari/537.36 Edg/106.0.1370.34" "www.ysfine.com"
40.77.167.27 - - [12/Oct/2022:04:36:49 -0700] "GET /maga/phys/fermi01b.jpg HTTP/1.1" 200 43862 "-" "Mozilla/5.0 (compatible; bingbot/2.0; +http://www.bing.com/bingbot.htm)" "www.ysfine.com"
157.55.39.127 - - [12/Oct/2022:04:37:10 -0700] "GET /usca/pitt/carnlibra03.jpg HTTP/1.1" 200 168827 "-" "Mozilla/5.0 (compatible; bingbot/2.0; +http://www.bing.com/bingbot.htm)" "www.ysfine.com"
