66.249.66.44 - - [11/Oct/2022:13:45:08 -0700] "GET /style/cotton11b.jpg HTTP/1.1" 304 - "-" "Googlebot-Image/1.0" "ysfine.com"
66.249.66.156 - - [11/Oct/2022:13:45:22 -0700] "GET /kobak/105mm.jpg HTTP/1.1" 200 112698 "-" "Googlebot-Image/1.0" "ysfine.com"
177.37.232.195 - - [11/Oct/2022:13:45:55 -0700] "GET /maga/phil/marxlon01.jpg HTTP/1.1" 200 263404 "https://www.google.com/" "Mozilla/5.0 (Windows NT 10.0; Win64; x64) AppleWebKit/537.36 (KHTML, like Gecko) Chrome/106.0.0.0 Safari/537.36" "ysfine.com"
207.46.13.102 - - [11/Oct/2022:13:46:34 -0700] "GET /class54/busan11.jpg HTTP/1.1" 200 171527 "-" "Mozilla/5.0 (compatible; bingbot/2.0; +http://www.bing.com/bingbot.htm)" "www.ysfine.com"
77.141.71.154 - - [11/Oct/2022:13:46:47 -0700] "GET /wigner/neum/vnc07.jpg HTTP/1.1" 200 95908 "https://www.google.com/" "Mozilla/5.0 (Windows NT 10.0; Win64; x64; rv:105.0) Gecko/20100101 Firefox/105.0" "ysfine.com"
116.71.164.159 - - [11/Oct/2022:13:47:09 -0700] "GET /ysbio/dashen.html HTTP/1.1" 200 4015 "https://ysfine.com/ysbio/index.html" "Mozilla/5.0 (Windows NT 10.0; Win64; x64) AppleWebKit/537.36 (KHTML, like Gecko) Chrome/105.0.0.0 Safari/537.36" "ysfine.com"
116.71.164.159 - - [11/Oct/2022:13:47:09 -0700] "GET /ysbio/dyson63c.jpg HTTP/1.1" 200 32101 "https://ysfine.com/ysbio/dashen.html" "Mozilla/5.0 (Windows NT 10.0; Win64; x64) AppleWebKit/537.36 (KHTML, like Gecko) Chrome/105.0.0.0 Safari/537.36" "ysfine.com"
116.71.164.159 - - [11/Oct/2022:13:47:09 -0700] "GET /ysbio/goodbad11c.jpg HTTP/1.1" 200 18799 "https://ysfine.com/ysbio/dashen.html" "Mozilla/5.0 (Windows NT 10.0; Win64; x64) AppleWebKit/537.36 (KHTML, like Gecko) Chrome/105.0.0.0 Safari/537.36" "ysfine.com"
116.71.164.159 - - [11/Oct/2022:13:47:09 -0700] "GET /ysbio/baranger97c.jpg HTTP/1.1" 200 25248 "https://ysfine.com/ysbio/dashen.html" "Mozilla/5.0 (Windows NT 10.0; Win64; x64) AppleWebKit/537.36 (KHTML, like Gecko) Chrome/105.0.0.0 Safari/537.36" "ysfine.com"
116.71.164.159 - - [11/Oct/2022:13:47:09 -0700] "GET /feynman/feyfirm66c.jpg HTTP/1.1" 200 36701 "https://ysfine.com/ysbio/dashen.html" "Mozilla/5.0 (Windows NT 10.0; Win64; x64) AppleWebKit/537.36 (KHTML, like Gecko) Chrome/105.0.0.0 Safari/537.36" "ysfine.com"
77.141.71.154 - - [11/Oct/2022:13:47:14 -0700] "GET /wigner/neum/vnc18.jpg HTTP/1.1" 200 89614 "https://www.google.com/" "Mozilla/5.0 (Windows NT 10.0; Win64; x64; rv:105.0) Gecko/20100101 Firefox/105.0" "ysfine.com"
123.183.224.88 - - [11/Oct/2022:13:47:20 -0700] "GET / HTTP/1.1" 200 5283 "-" "Sogou web spider/4.0(+http://www.sogou.com/docs/help/webmasters.htm#07)" "ysfine.com"
207.46.13.102 - - [11/Oct/2022:13:47:24 -0700] "GET /maga/weyl.html HTTP/1.1" 200 4239 "-" "Mozilla/5.0 (compatible; bingbot/2.0; +http://www.bing.com/bingbot.htm)" "ysfine.com"
207.46.13.102 - - [11/Oct/2022:13:47:34 -0700] "GET /wdc/washmo05.jpg HTTP/1.1" 200 46516 "-" "Mozilla/5.0 (compatible; bingbot/2.0; +http://www.bing.com/bingbot.htm)" "ysfine.com"
157.55.39.127 - - [11/Oct/2022:13:47:39 -0700] "GET /world/poland/gdn26.jpg HTTP/1.1" 200 72849 "-" "Mozilla/5.0 (compatible; bingbot/2.0; +http://www.bing.com/bingbot.htm)" "ysfine.com"
114.119.128.162 - - [11/Oct/2022:13:48:39 -0700] "GET /world/brit/kensington.html HTTP/1.1" 200 296 "-" "Mozilla/5.0 (Linux; Android 7.0;) AppleWebKit/537.36 (KHTML, like Gecko) Mobile Safari/537.36 (compatible; PetalBot;+https://webmaster.petalsearch.com/site/petalbot)" "www.ysfine.com"
173.73.80.118 - - [11/Oct/2022:13:48:49 -0700] "GET /ysbio/bio09.html HTTP/1.1" 304 - "https://www.ysfine.com/ys11/index.html" "Mozilla/5.0 (Linux; Android 5.1.1; KFSUWI) AppleWebKit/537.36 (KHTML, like Gecko) Silk/104.2.16 like Chrome/104.0.5112.114 Safari/537.36" "www.ysfine.com"
195.149.223.176 - - [11/Oct/2022:13:49:05 -0700] "GET /world/polandk.html HTTP/1.1" 200 5993 "https://www.google.com/" "Mozilla/5.0 (iPhone; CPU iPhone OS 16_0_2 like Mac OS X) AppleWebKit/605.1.15 (KHTML, like Gecko) Version/16.0 Mobile/15E148 Safari/604.1" "ysfine.com"
195.149.223.176 - - [11/Oct/2022:13:49:06 -0700] "GET /wisdom/bigpower01b.jpg HTTP/1.1" 200 57155 "https://ysfine.com/world/polandk.html" "Mozilla/5.0 (iPhone; CPU iPhone OS 16_0_2 like Mac OS X) AppleWebKit/605.1.15 (KHTML, like Gecko) Version/16.0 Mobile/15E148 Safari/604.1" "ysfine.com"
195.149.223.176 - - [11/Oct/2022:13:49:06 -0700] "GET /kowar/provis01b.jpg HTTP/1.1" 200 41972 "https://ysfine.com/world/polandk.html" "Mozilla/5.0 (iPhone; CPU iPhone OS 16_0_2 like Mac OS X) AppleWebKit/605.1.15 (KHTML, like Gecko) Version/16.0 Mobile/15E148 Safari/604.1" "ysfine.com"
173.73.80.118 - - [11/Oct/2022:13:49:06 -0700] "GET /ysbio/yshome.html HTTP/1.1" 304 - "https://www.ysfine.com/ysbio/bio09.html" "Mozilla/5.0 (Linux; Android 5.1.1; KFSUWI) AppleWebKit/537.36 (KHTML, like Gecko) Silk/104.2.16 like Chrome/104.0.5112.114 Safari/537.36" "www.ysfine.com"
195.149.223.176 - - [11/Oct/2022:13:49:06 -0700] "GET /wisdom/hlasko01b.jpg HTTP/1.1" 200 51651 "https://ysfine.com/world/polandk.html" "Mozilla/5.0 (iPhone; CPU iPhone OS 16_0_2 like Mac OS X) AppleWebKit/605.1.15 (KHTML, like Gecko) Version/16.0 Mobile/15E148 Safari/604.1" "ysfine.com"
195.149.223.176 - - [11/Oct/2022:13:49:07 -0700] "GET /maga/phil/curie01b.jpg HTTP/1.1" 200 40745 "https://ysfine.com/world/polandk.html" "Mozilla/5.0 (iPhone; CPU iPhone OS 16_0_2 like Mac OS X) AppleWebKit/605.1.15 (KHTML, like Gecko) Version/16.0 Mobile/15E148 Safari/604.1" "ysfine.com"
195.149.223.176 - - [11/Oct/2022:13:49:07 -0700] "GET /wisdom/quovadis11b.jpg HTTP/1.1" 200 81567 "https://ysfine.com/world/polandk.html" "Mozilla/5.0 (iPhone; CPU iPhone OS 16_0_2 like Mac OS X) AppleWebKit/605.1.15 (KHTML, like Gecko) Version/16.0 Mobile/15E148 Safari/604.1" "ysfine.com"
195.149.223.176 - - [11/Oct/2022:13:49:07 -0700] "GET /wisdom/mohican92b.jpg HTTP/1.1" 200 64043 "https://ysfine.com/world/polandk.html" "Mozilla/5.0 (iPhone; CPU iPhone OS 16_0_2 like Mac OS X) AppleWebKit/605.1.15 (KHTML, like Gecko) Version/16.0 Mobile/15E148 Safari/604.1" "ysfine.com"
195.149.223.176 - - [11/Oct/2022:13:49:07 -0700] "GET /world/poland/polnobel01b.jpg HTTP/1.1" 200 42634 "https://ysfine.com/world/polandk.html" "Mozilla/5.0 (iPhone; CPU iPhone OS 16_0_2 like Mac OS X) AppleWebKit/605.1.15 (KHTML, like Gecko) Version/16.0 Mobile/15E148 Safari/604.1" "ysfine.com"
195.149.223.176 - - [11/Oct/2022:13:49:07 -0700] "GET /kowar/yicheols01b.jpg HTTP/1.1" 200 43514 "https://ysfine.com/world/polandk.html" "Mozilla/5.0 (iPhone; CPU iPhone OS 16_0_2 like Mac OS X) AppleWebKit/605.1.15 (KHTML, like Gecko) Version/16.0 Mobile/15E148 Safari/604.1" "ysfine.com"
195.149.223.176 - - [11/Oct/2022:13:49:07 -0700] "GET /kobak/rok48b.jpg HTTP/1.1" 200 66570 "https://ysfine.com/world/polandk.html" "Mozilla/5.0 (iPhone; CPU iPhone OS 16_0_2 like Mac OS X) AppleWebKit/605.1.15 (KHTML, like Gecko) Version/16.0 Mobile/15E148 Safari/604.1" "ysfine.com"
195.149.223.176 - - [11/Oct/2022:13:49:07 -0700] "GET /eink/eink61c.jpg HTTP/1.1" 200 34119 "https://ysfine.com/world/polandk.html" "Mozilla/5.0 (iPhone; CPU iPhone OS 16_0_2 like Mac OS X) AppleWebKit/605.1.15 (KHTML, like Gecko) Version/16.0 Mobile/15E148 Safari/604.1" "ysfine.com"
195.149.223.176 - - [11/Oct/2022:13:49:07 -0700] "GET /kowar/tanks/yak9b.jpg HTTP/1.1" 200 23711 "https://ysfine.com/world/polandk.html" "Mozilla/5.0 (iPhone; CPU iPhone OS 16_0_2 like Mac OS X) AppleWebKit/605.1.15 (KHTML, like Gecko) Version/16.0 Mobile/15E148 Safari/604.1" "ysfine.com"
195.149.223.176 - - [11/Oct/2022:13:49:07 -0700] "GET /kowar/tanks/f80b.jpg HTTP/1.1" 200 38773 "https://ysfine.com/world/polandk.html" "Mozilla/5.0 (iPhone; CPU iPhone OS 16_0_2 like Mac OS X) AppleWebKit/605.1.15 (KHTML, like Gecko) Version/16.0 Mobile/15E148 Safari/604.1" "ysfine.com"
195.149.223.176 - - [11/Oct/2022:13:49:07 -0700] "GET /kobak/kimkoo02b.jpg HTTP/1.1" 200 49056 "https://ysfine.com/world/polandk.html" "Mozilla/5.0 (iPhone; CPU iPhone OS 16_0_2 like Mac OS X) AppleWebKit/605.1.15 (KHTML, like Gecko) Version/16.0 Mobile/15E148 Safari/604.1" "ysfine.com"
195.149.223.176 - - [11/Oct/2022:13:49:10 -0700] "GET /favicon.ico HTTP/1.1" 404 88 "https://ysfine.com/world/polandk.html" "Mozilla/5.0 (iPhone; CPU iPhone OS 16_0_2 like Mac OS X) AppleWebKit/605.1.15 (KHTML, like Gecko) Version/16.0 Mobile/15E148 Safari/604.1" "ysfine.com"
173.73.80.118 - - [11/Oct/2022:13:49:15 -0700] "GET /ysbio/index.html HTTP/1.1" 304 - "https://www.ysfine.com/ysbio/yshome.html" "Mozilla/5.0 (Linux; Android 5.1.1; KFSUWI) AppleWebKit/537.36 (KHTML, like Gecko) Silk/104.2.16 like Chrome/104.0.5112.114 Safari/537.36" "www.ysfine.com"
173.73.80.118 - - [11/Oct/2022:13:49:50 -0700] "GET /ysbio/bio03.html HTTP/1.1" 304 - "https://www.ysfine.com/ysbio/index.html" "Mozilla/5.0 (Linux; Android 5.1.1; KFSUWI) AppleWebKit/537.36 (KHTML, like Gecko) Silk/104.2.16 like Chrome/104.0.5112.114 Safari/537.36" "www.ysfine.com"
173.73.80.118 - - [11/Oct/2022:13:50:17 -0700] "GET /ysbio/bio04.html HTTP/1.1" 304 - "https://www.ysfine.com/ysbio/index.html" "Mozilla/5.0 (Linux; Android 5.1.1; KFSUWI) AppleWebKit/537.36 (KHTML, like Gecko) Silk/104.2.16 like Chrome/104.0.5112.114 Safari/537.36" "www.ysfine.com"
65.108.108.163 - - [11/Oct/2022:13:50:20 -0700] "GET /princeton/undorm02.jpg HTTP/1.1" 200 192454 "-" "Mozilla/5.0 (compatible; AhrefsBot/7.0; +http://ahrefs.com/robot/)" "www.ysfine.com"
173.73.80.118 - - [11/Oct/2022:13:50:34 -0700] "GET /ysbio/bio04.html HTTP/1.1" 304 - "https://www.ysfine.com/ysbio/index.html" "Mozilla/5.0 (Linux; Android 5.1.1; KFSUWI) AppleWebKit/537.36 (KHTML, like Gecko) Silk/104.2.16 like Chrome/104.0.5112.114 Safari/537.36" "www.ysfine.com"
175.6.125.157 - - [11/Oct/2022:13:50:40 -0700] "GET / HTTP/1.1" 200 5283 "http://www.ysfine.com" "Mozilla/5.0 (Macintosh; Intel Mac OS X 10_15_7) AppleWebKit/537.36 (KHTML, like Gecko) Chrome/96.0.4664.110 Safari/537.36" "www.ysfine.com"
175.6.125.157 - - [11/Oct/2022:13:50:40 -0700] "GET /favicon.ico HTTP/1.1" 404 88 "http://www.ysfine.com/favicon.ico" "Mozilla/5.0 (Macintosh; Intel Mac OS X 10_15_7) AppleWebKit/537.36 (KHTML, like Gecko) Chrome/96.0.4664.110 Safari/537.36" "www.ysfine.com"
173.73.80.118 - - [11/Oct/2022:13:51:16 -0700] "GET /ysbio/more.html HTTP/1.1" 200 3158 "https://www.ysfine.com/ysbio/bio04.html" "Mozilla/5.0 (Linux; Android 5.1.1; KFSUWI) AppleWebKit/537.36 (KHTML, like Gecko) Silk/104.2.16 like Chrome/104.0.5112.114 Safari/537.36" "www.ysfine.com"
114.119.128.142 - - [11/Oct/2022:13:51:18 -0700] "GET /yspapers/wignob.pdf HTTP/1.1" 200 12679732 "https://ysfine.com/yspapers/index.html" "Mozilla/5.0 (Linux; Android 7.0;) AppleWebKit/537.36 (KHTML, like Gecko) Mobile Safari/537.36 (compatible; PetalBot;+https://webmaster.petalsearch.com/site/petalbot)" "ysfine.com"
157.55.39.127 - - [11/Oct/2022:13:51:57 -0700] "GET /bio/dirac/dirpoet.html HTTP/1.1" 404 88 "-" "Mozilla/5.0 (compatible; bingbot/2.0; +http://www.bing.com/bingbot.htm)" "ysfine.com"
173.73.80.118 - - [11/Oct/2022:13:52:17 -0700] "GET /ysbio/yshome.html HTTP/1.1" 304 - "https://www.ysfine.com/ysbio/bio09.html" "Mozilla/5.0 (Linux; Android 5.1.1; KFSUWI) AppleWebKit/537.36 (KHTML, like Gecko) Silk/104.2.16 like Chrome/104.0.5112.114 Safari/537.36" "www.ysfine.com"
157.55.39.55 - - [11/Oct/2022:13:52:26 -0700] "GET /people/bj.jpg HTTP/1.1" 200 95738 "-" "Mozilla/5.0 (compatible; bingbot/2.0; +http://www.bing.com/bingbot.htm)" "ysfine.com"
157.55.39.58 - - [11/Oct/2022:13:52:39 -0700] "GET /world/brit/oxlon19.jpg HTTP/1.1" 200 114199 "-" "Mozilla/5.0 (compatible; bingbot/2.0; +http://www.bing.com/bingbot.htm)" "ysfine.com"
157.55.39.58 - - [11/Oct/2022:13:52:39 -0700] "GET /awards/top100f.jpg HTTP/1.1" 200 204255 "-" "Mozilla/5.0 (compatible; bingbot/2.0; +http://www.bing.com/bingbot.htm)" "ysfine.com"
173.73.80.118 - - [11/Oct/2022:13:52:54 -0700] "GET /ysbio/bio10 HTTP/1.1" 200 4224 "-" "Mozilla/5.0 (Linux; Android 5.1.1; KFSUWI) AppleWebKit/537.36 (KHTML, like Gecko) Silk/104.2.16 like Chrome/104.0.5112.114 Safari/537.36" "www.ysfine.com"
157.55.39.55 - - [11/Oct/2022:13:53:37 -0700] "GET /world/china/china039b.jpg HTTP/1.1" 200 66740 "-" "Mozilla/5.0 (compatible; bingbot/2.0; +http://www.bing.com/bingbot.htm)" "ysfine.com"
173.73.80.118 - - [11/Oct/2022:13:53:39 -0700] "GET /ysbio/bio09 HTTP/1.1" 200 3621 "-" "Mozilla/5.0 (Linux; Android 5.1.1; KFSUWI) AppleWebKit/537.36 (KHTML, like Gecko) Silk/104.2.16 like Chrome/104.0.5112.114 Safari/537.36" "www.ysfine.com"
157.55.39.58 - - [11/Oct/2022:13:53:41 -0700] "GET /ffriends/matisse11c.jpg HTTP/1.1" 200 32320 "-" "Mozilla/5.0 (compatible; bingbot/2.0; +http://www.bing.com/bingbot.htm)" "ysfine.com"
200.137.135.39 - - [11/Oct/2022:13:53:43 -0700] "GET /wigner/wigner39.pdf HTTP/1.1" 200 1398440 "https://www.google.com/" "Mozilla/5.0 (Windows NT 10.0; Win64; x64) AppleWebKit/537.36 (KHTML, like Gecko) Chrome/105.0.0.0 Safari/537.36" "ysfine.com"
200.137.135.39 - - [11/Oct/2022:13:53:44 -0700] "GET /favicon.ico HTTP/1.1" 404 88 "https://ysfine.com/wigner/wigner39.pdf" "Mozilla/5.0 (Windows NT 10.0; Win64; x64) AppleWebKit/537.36 (KHTML, like Gecko) Chrome/105.0.0.0 Safari/537.36" "ysfine.com"
165.242.97.211 - - [11/Oct/2022:13:53:57 -0700] "GET / HTTP/1.1" 200 5283 "-" "Mozilla/5.0 (Macintosh; Intel Mac OS X 10_14_6) AppleWebKit/605.1.15 (KHTML, like Gecko)" "ysfine.com"
165.242.97.211 - - [11/Oct/2022:13:53:58 -0700] "GET /apple-touch-icon-precomposed.png HTTP/1.1" 404 88 "-" "Safari/14611.3.10.1.7 CFNetwork/978.0.7 Darwin/18.7.0 (x86_64)" "ysfine.com"
165.242.97.211 - - [11/Oct/2022:13:53:58 -0700] "GET /apple-touch-icon.png HTTP/1.1" 404 88 "-" "Safari/14611.3.10.1.7 CFNetwork/978.0.7 Darwin/18.7.0 (x86_64)" "ysfine.com"
165.242.97.211 - - [11/Oct/2022:13:53:58 -0700] "GET /favicon.ico HTTP/1.1" 404 88 "-" "Safari/14611.3.10.1.7 CFNetwork/978.0.7 Darwin/18.7.0 (x86_64)" "ysfine.com"
165.242.97.211 - - [11/Oct/2022:13:53:58 -0700] "GET /apple-touch-icon-precomposed.png HTTP/1.1" 404 88 "-" "Safari/14611.3.10.1.7 CFNetwork/978.0.7 Darwin/18.7.0 (x86_64)" "ysfine.com"
165.242.97.211 - - [11/Oct/2022:13:53:59 -0700] "GET /apple-touch-icon.png HTTP/1.1" 404 88 "-" "Safari/14611.3.10.1.7 CFNetwork/978.0.7 Darwin/18.7.0 (x86_64)" "ysfine.com"
165.242.97.211 - - [11/Oct/2022:13:53:59 -0700] "GET /favicon.ico HTTP/1.1" 404 88 "-" "Safari/14611.3.10.1.7 CFNetwork/978.0.7 Darwin/18.7.0 (x86_64)" "ysfine.com"
165.242.97.211 - - [11/Oct/2022:13:53:59 -0700] "GET / HTTP/1.1" 200 5283 "-" "Mozilla/5.0 (iPhone; CPU iPhone OS 14_0 like Mac OS X) AppleWebKit/605.1.15 (KHTML, like Gecko) Version/14.0 Mobile/15E148 Safari/604.1" "ysfine.com"
165.242.97.211 - - [11/Oct/2022:13:54:00 -0700] "GET /apple-touch-icon-precomposed.png HTTP/1.1" 404 88 "-" "Safari/14611.3.10.1.7 CFNetwork/978.0.7 Darwin/18.7.0 (x86_64)" "ysfine.com"
165.242.97.211 - - [11/Oct/2022:13:54:00 -0700] "GET /apple-touch-icon.png HTTP/1.1" 404 88 "-" "Safari/14611.3.10.1.7 CFNetwork/978.0.7 Darwin/18.7.0 (x86_64)" "ysfine.com"
165.242.97.211 - - [11/Oct/2022:13:54:00 -0700] "GET /favicon.ico HTTP/1.1" 404 88 "-" "Safari/14611.3.10.1.7 CFNetwork/978.0.7 Darwin/18.7.0 (x86_64)" "ysfine.com"
165.242.97.211 - - [11/Oct/2022:13:54:00 -0700] "GET /apple-touch-icon-precomposed.png HTTP/1.1" 404 88 "-" "Safari/14611.3.10.1.7 CFNetwork/978.0.7 Darwin/18.7.0 (x86_64)" "ysfine.com"
165.242.97.211 - - [11/Oct/2022:13:54:00 -0700] "GET /apple-touch-icon.png HTTP/1.1" 404 88 "-" "Safari/14611.3.10.1.7 CFNetwork/978.0.7 Darwin/18.7.0 (x86_64)" "ysfine.com"
165.242.97.211 - - [11/Oct/2022:13:54:00 -0700] "GET /favicon.ico HTTP/1.1" 404 88 "-" "Safari/14611.3.10.1.7 CFNetwork/978.0.7 Darwin/18.7.0 (x86_64)" "ysfine.com"
173.73.80.118 - - [11/Oct/2022:13:54:05 -0700] "GET /ysbio/bio04 HTTP/1.1" 200 9052 "-" "Mozilla/5.0 (Linux; Android 5.1.1; KFSUWI) AppleWebKit/537.36 (KHTML, like Gecko) Silk/104.2.16 like Chrome/104.0.5112.114 Safari/537.36" "www.ysfine.com"
173.73.80.118 - - [11/Oct/2022:13:54:20 -0700] "GET /ysbio/bio04 HTTP/1.1" 304 - "-" "Mozilla/5.0 (Linux; Android 5.1.1; KFSUWI) AppleWebKit/537.36 (KHTML, like Gecko) Silk/104.2.16 like Chrome/104.0.5112.114 Safari/537.36" "www.ysfine.com"
80.162.53.69 - - [11/Oct/2022:13:54:37 -0700] "GET /einstein/einbohr33.jpg HTTP/1.1" 200 87797 "https://www.google.dk/" "Mozilla/5.0 (iPhone; CPU iPhone OS 15_6_1 like Mac OS X) AppleWebKit/605.1.15 (KHTML, like Gecko) Version/15.6.1 Mobile/15E148 Safari/604.1" "ysfine.com"
114.119.128.142 - - [11/Oct/2022:13:55:44 -0700] "GET /class54/class5470/total_data/photo_img/7-69.jpg HTTP/1.1" 200 243694 "https://ysfine.com/class54/class5470/total_data/sub_769.htm" "Mozilla/5.0 (Linux; Android 7.0;) AppleWebKit/537.36 (KHTML, like Gecko) Mobile Safari/537.36 (compatible; PetalBot;+https://webmaster.petalsearch.com/site/petalbot)" "ysfine.com"
157.55.39.127 - - [11/Oct/2022:13:56:06 -0700] "GET /world/balkan/ath027.jpg HTTP/1.1" 200 215994 "-" "Mozilla/5.0 (compatible; bingbot/2.0; +http://www.bing.com/bingbot.htm)" "ysfine.com"
157.55.39.55 - - [11/Oct/2022:13:56:11 -0700] "GET /bio/world/cambr.html HTTP/1.1" 404 88 "-" "Mozilla/5.0 (compatible; bingbot/2.0; +http://www.bing.com/bingbot.htm)" "ysfine.com"
157.55.39.127 - - [11/Oct/2022:13:56:27 -0700] "GET /world/russ/masha33.jpg HTTP/1.1" 200 56630 "-" "Mozilla/5.0 (compatible; bingbot/2.0; +http://www.bing.com/bingbot.htm)" "www.ysfine.com"
157.55.39.127 - - [11/Oct/2022:13:56:27 -0700] "GET /dongio/russparis02.jpg HTTP/1.1" 404 88 "-" "Mozilla/5.0 AppleWebKit/537.36 (KHTML, like Gecko; compatible; bingbot/2.0; +http://www.bing.com/bingbot.htm) Chrome/103.0.5060.134 Safari/537.36" "www.ysfine.com"
105.67.5.175 - - [11/Oct/2022:13:56:31 -0700] "GET / HTTP/1.1" 200 5283 "-" "Mozilla/5.0 (Macintosh; Intel Mac OS X 10_14_4) AppleWebKit/605.1.15 (KHTML, like Gecko)" "www.ysfine.com"
105.67.5.175 - - [11/Oct/2022:13:56:32 -0700] "GET /apple-touch-icon-precomposed.png HTTP/1.1" 404 88 "-" "Safari/14607.1.40.1.4 CFNetwork/978.0.7 Darwin/18.5.0 (x86_64)" "www.ysfine.com"
105.67.5.175 - - [11/Oct/2022:13:56:32 -0700] "GET /apple-touch-icon.png HTTP/1.1" 404 88 "-" "Safari/14607.1.40.1.4 CFNetwork/978.0.7 Darwin/18.5.0 (x86_64)" "www.ysfine.com"
105.67.5.175 - - [11/Oct/2022:13:56:32 -0700] "GET /favicon.ico HTTP/1.1" 404 88 "-" "Safari/14607.1.40.1.4 CFNetwork/978.0.7 Darwin/18.5.0 (x86_64)" "www.ysfine.com"
105.67.5.175 - - [11/Oct/2022:13:56:33 -0700] "GET /apple-touch-icon-precomposed.png HTTP/1.1" 404 88 "-" "Safari/14607.1.40.1.4 CFNetwork/978.0.7 Darwin/18.5.0 (x86_64)" "www.ysfine.com"
105.67.5.175 - - [11/Oct/2022:13:56:33 -0700] "GET /apple-touch-icon.png HTTP/1.1" 404 88 "-" "Safari/14607.1.40.1.4 CFNetwork/978.0.7 Darwin/18.5.0 (x86_64)" "www.ysfine.com"
105.67.5.175 - - [11/Oct/2022:13:56:33 -0700] "GET /favicon.ico HTTP/1.1" 404 88 "-" "Safari/14607.1.40.1.4 CFNetwork/978.0.7 Darwin/18.5.0 (x86_64)" "www.ysfine.com"
105.67.5.175 - - [11/Oct/2022:13:56:33 -0700] "GET / HTTP/1.1" 200 5283 "-" "Mozilla/5.0 (iPhone; CPU iPhone OS 12_1_3 like Mac OS X) AppleWebKit/605.1.15 (KHTML, like Gecko) Version/12.0 Mobile/15E148 Safari/604.1" "www.ysfine.com"
105.67.5.175 - - [11/Oct/2022:13:56:34 -0700] "GET /apple-touch-icon-precomposed.png HTTP/1.1" 404 88 "-" "Safari/14607.1.40.1.4 CFNetwork/978.0.7 Darwin/18.5.0 (x86_64)" "www.ysfine.com"
105.67.5.175 - - [11/Oct/2022:13:56:34 -0700] "GET /apple-touch-icon.png HTTP/1.1" 404 88 "-" "Safari/14607.1.40.1.4 CFNetwork/978.0.7 Darwin/18.5.0 (x86_64)" "www.ysfine.com"
105.67.5.175 - - [11/Oct/2022:13:56:34 -0700] "GET /favicon.ico HTTP/1.1" 404 88 "-" "Safari/14607.1.40.1.4 CFNetwork/978.0.7 Darwin/18.5.0 (x86_64)" "www.ysfine.com"
105.67.5.175 - - [11/Oct/2022:13:56:34 -0700] "GET /apple-touch-icon-precomposed.png HTTP/1.1" 404 88 "-" "Safari/14607.1.40.1.4 CFNetwork/978.0.7 Darwin/18.5.0 (x86_64)" "www.ysfine.com"
105.67.5.175 - - [11/Oct/2022:13:56:34 -0700] "GET /apple-touch-icon.png HTTP/1.1" 404 88 "-" "Safari/14607.1.40.1.4 CFNetwork/978.0.7 Darwin/18.5.0 (x86_64)" "www.ysfine.com"
105.67.5.175 - - [11/Oct/2022:13:56:35 -0700] "GET /favicon.ico HTTP/1.1" 404 88 "-" "Safari/14607.1.40.1.4 CFNetwork/978.0.7 Darwin/18.5.0 (x86_64)" "www.ysfine.com"
157.55.39.55 - - [11/Oct/2022:13:56:38 -0700] "GET /bio/princeton/campus.html HTTP/1.1" 404 88 "-" "Mozilla/5.0 (compatible; bingbot/2.0; +http://www.bing.com/bingbot.htm)" "ysfine.com"
217.164.173.65 - - [11/Oct/2022:13:56:41 -0700] "GET /world/russ/spbpi02.jpg HTTP/1.1" 200 74623 "https://www.google.com/" "Mozilla/5.0 (Linux; Android 13; Pixel 6 Build/TP1A.220905.004; wv) AppleWebKit/537.36 (KHTML, like Gecko) Version/4.0 Chrome/101.0.4951.74 Mobile Safari/537.36 GoogleApp/13.31.14.29.arm64" "ysfine.com"
173.73.80.118 - - [11/Oct/2022:13:56:51 -0700] "GET /ysbio/bio04 HTTP/1.1" 304 - "-" "Mozilla/5.0 (Linux; Android 5.1.1; KFSUWI) AppleWebKit/537.36 (KHTML, like Gecko) Silk/104.2.16 like Chrome/104.0.5112.114 Safari/537.36" "www.ysfine.com"
157.55.39.127 - - [11/Oct/2022:13:57:27 -0700] "GET /bio/feynman/feynbot.html HTTP/1.1" 404 88 "-" "Mozilla/5.0 AppleWebKit/537.36 (KHTML, like Gecko; compatible; bingbot/2.0; +http://www.bing.com/bingbot.htm) Chrome/103.0.5060.134 Safari/537.36" "ysfine.com"
207.46.13.102 - - [11/Oct/2022:13:57:35 -0700] "GET /bio/einstein/bern.html HTTP/1.1" 404 88 "-" "Mozilla/5.0 (compatible; bingbot/2.0; +http://www.bing.com/bingbot.htm)" "ysfine.com"
157.55.39.127 - - [11/Oct/2022:13:59:08 -0700] "GET /bio/wigner/wigpoinc.html HTTP/1.1" 404 88 "-" "Mozilla/5.0 AppleWebKit/537.36 (KHTML, like Gecko; compatible; bingbot/2.0; +http://www.bing.com/bingbot.htm) Chrome/103.0.5060.134 Safari/537.36" "ysfine.com"
93.158.161.50 - - [11/Oct/2022:13:59:10 -0700] "GET /maga/sarnoff.html HTTP/1.1" 200 7540 "-" "Mozilla/5.0 (compatible; YandexBot/3.0; +http://yandex.com/bots)" "www.ysfine.com"
157.55.39.128 - - [11/Oct/2022:13:59:33 -0700] "GET /bio/eink/index.html HTTP/1.1" 404 88 "-" "Mozilla/5.0 (compatible; bingbot/2.0; +http://www.bing.com/bingbot.htm)" "ysfine.com"
157.55.39.128 - - [11/Oct/2022:13:59:35 -0700] "GET /world/scandi/norw07.jpg HTTP/1.1" 200 102078 "-" "Mozilla/5.0 (compatible; bingbot/2.0; +http://www.bing.com/bingbot.htm)" "ysfine.com"
77.75.77.54 - - [11/Oct/2022:14:00:06 -0700] "GET /robots.txt HTTP/1.1" 404 88 "-" "Mozilla/5.0 (compatible; SeznamBot/3.2; +http://napoveda.seznam.cz/en/seznambot-intro/)" "ysfine.com"
205.185.116.25 - - [11/Oct/2022:14:00:07 -0700] "GET / HTTP/1.1" 200 5283 "-" "Mozilla/5.0 (Macintosh; Intel Mac OS X 10_15_7) AppleWebKit/537.36 (KHTML, like Gecko) Chrome/96.0.4664.110 Safari/537.36" "www.ysfine.com"
205.185.116.25 - - [11/Oct/2022:14:00:07 -0700] "GET /favicon.ico HTTP/1.1" 404 88 "-" "Mozilla/5.0 (Macintosh; Intel Mac OS X 10_15_7) AppleWebKit/537.36 (KHTML, like Gecko) Chrome/96.0.4664.110 Safari/537.36" "www.ysfine.com"
77.75.77.54 - - [11/Oct/2022:14:00:08 -0700] "GET /style/musee/picassomp02.jpg HTTP/1.1" 200 89813 "-" "Mozilla/5.0 (compatible; SeznamBot/3.2; +http://napoveda.seznam.cz/en/seznambot-intro/)" "ysfine.com"
77.75.77.54 - - [11/Oct/2022:14:00:11 -0700] "GET /style/musee/britmu31.jpg HTTP/1.1" 200 79045 "-" "Mozilla/5.0 (compatible; SeznamBot/3.2; +http://napoveda.seznam.cz/en/seznambot-intro/)" "ysfine.com"
77.75.77.54 - - [11/Oct/2022:14:00:13 -0700] "GET /world/poland/gdn19.jpg HTTP/1.1" 304 - "-" "Mozilla/5.0 (compatible; SeznamBot/3.2; +http://napoveda.seznam.cz/en/seznambot-intro/)" "ysfine.com"
77.75.77.54 - - [11/Oct/2022:14:00:13 -0700] "GET /world/poland/gdn05.jpg HTTP/1.1" 304 - "-" "Mozilla/5.0 (compatible; SeznamBot/3.2; +http://napoveda.seznam.cz/en/seznambot-intro/)" "ysfine.com"
77.75.77.54 - - [11/Oct/2022:14:00:14 -0700] "GET /dirac/licone3.jpg HTTP/1.1" 200 51658 "-" "Mozilla/5.0 (compatible; SeznamBot/3.2; +http://napoveda.seznam.cz/en/seznambot-intro/)" "ysfine.com"
157.55.39.127 - - [11/Oct/2022:14:00:26 -0700] "GET /world/scandi/fin10.jpg HTTP/1.1" 200 121187 "-" "Mozilla/5.0 (compatible; bingbot/2.0; +http://www.bing.com/bingbot.htm)" "www.ysfine.com"
157.55.39.55 - - [11/Oct/2022:14:00:28 -0700] "GET /world/russ/roskei11b.jpg HTTP/1.1" 200 44463 "-" "Mozilla/5.0 AppleWebKit/537.36 (KHTML, like Gecko; compatible; bingbot/2.0; +http://www.bing.com/bingbot.htm) Chrome/103.0.5060.134 Safari/537.36" "ysfine.com"
157.55.39.55 - - [11/Oct/2022:14:00:37 -0700] "GET /dirac/nicodem11c.jpg HTTP/1.1" 200 72684 "-" "Mozilla/5.0 (compatible; bingbot/2.0; +http://www.bing.com/bingbot.htm)" "ysfine.com"
157.55.39.128 - - [11/Oct/2022:14:00:54 -0700] "GET /world/germany/vienopera44.jpg HTTP/1.1" 200 101849 "-" "Mozilla/5.0 (compatible; bingbot/2.0; +http://www.bing.com/bingbot.htm)" "ysfine.com"
103.160.128.41 - - [11/Oct/2022:14:01:03 -0700] "GET /yspapers/illusf.pdf HTTP/1.1" 200 89766 "https://www.google.com/" "Mozilla/5.0 (Windows NT 10.0; Win64; x64) AppleWebKit/537.36 (KHTML, like Gecko) Chrome/106.0.0.0 Safari/537.36" "ysfine.com"
103.160.128.41 - - [11/Oct/2022:14:01:03 -0700] "GET /favicon.ico HTTP/1.1" 404 88 "https://ysfine.com/yspapers/illusf.pdf" "Mozilla/5.0 (Windows NT 10.0; Win64; x64) AppleWebKit/537.36 (KHTML, like Gecko) Chrome/106.0.0.0 Safari/537.36" "ysfine.com"
54.236.1.13 - - [11/Oct/2022:14:01:23 -0700] "GET /robots.txt HTTP/1.1" 404 88 "-" "Mozilla/5.0 (compatible; Pinterestbot/1.0; +http://www.pinterest.com/bot.html)" "ysfine.com"
54.236.1.13 - - [11/Oct/2022:14:01:23 -0700] "GET /feynman/feygell.html HTTP/1.1" 200 4714 "-" "Mozilla/5.0 (compatible; Pinterestbot/1.0; +http://www.pinterest.com/bot.html)" "ysfine.com"
173.73.80.118 - - [11/Oct/2022:14:01:37 -0700] "GET /favicon.ico HTTP/1.1" 404 88 "https://www.ysfine.com/ys11/index.html" "Mozilla/5.0 (Linux; Android 5.1.1; KFSUWI) AppleWebKit/537.36 (KHTML, like Gecko) Silk/104.2.16 like Chrome/104.0.5112.114 Safari/537.36" "www.ysfine.com"
173.73.80.118 - - [11/Oct/2022:14:02:02 -0700] "GET /ysbio/bio04.html HTTP/1.1" 304 - "https://www.ysfine.com/ys11/index.html" "Mozilla/5.0 (Linux; Android 5.1.1; KFSUWI) AppleWebKit/537.36 (KHTML, like Gecko) Silk/104.2.16 like Chrome/104.0.5112.114 Safari/537.36" "www.ysfine.com"
157.55.39.128 - - [11/Oct/2022:14:02:14 -0700] "GET /sbk/2010spb22.jpg HTTP/1.1" 200 117234 "-" "Mozilla/5.0 (compatible; bingbot/2.0; +http://www.bing.com/bingbot.htm)" "www.ysfine.com"
157.55.39.128 - - [11/Oct/2022:14:02:24 -0700] "GET /class54/socrates55a.jpg HTTP/1.1" 200 88674 "-" "Mozilla/5.0 (compatible; bingbot/2.0; +http://www.bing.com/bingbot.htm)" "www.ysfine.com"
157.55.39.58 - - [11/Oct/2022:14:02:39 -0700] "GET /world/france/sorbonne20.jpg HTTP/1.1" 200 67718 "-" "Mozilla/5.0 (compatible; bingbot/2.0; +http://www.bing.com/bingbot.htm)" "www.ysfine.com"
157.55.39.128 - - [11/Oct/2022:14:03:45 -0700] "GET /bio/maga/lorenuni.html HTTP/1.1" 404 88 "-" "Mozilla/5.0 (compatible; bingbot/2.0; +http://www.bing.com/bingbot.htm)" "ysfine.com"
20.160.233.181 - - [11/Oct/2022:14:04:52 -0700] "GET /wp-content/themes/seotheme/db.php?u HTTP/1.1" 404 88 "www.google.com" "Mozlila/5.0 (Linux; Android 7.0; SM-G892A Bulid/NRD90M; wv) AppleWebKit/537.36 (KHTML, like Gecko) Version/4.0 Chrome/60.0.3112.107 Moblie Safari/537.36" "ysfine.com"
20.160.233.181 - - [11/Oct/2022:14:04:58 -0700] "GET /wp-content/themes/seotheme/db.php?u HTTP/1.1" 404 88 "www.google.com" "Mozlila/5.0 (Linux; Android 7.0; SM-G892A Bulid/NRD90M; wv) AppleWebKit/537.36 (KHTML, like Gecko) Version/4.0 Chrome/60.0.3112.107 Moblie Safari/537.36" "ysfine.com"
157.55.39.127 - - [11/Oct/2022:14:04:58 -0700] "GET /world/russ/kazan070.jpg HTTP/1.1" 200 70728 "-" "Mozilla/5.0 (compatible; bingbot/2.0; +http://www.bing.com/bingbot.htm)" "www.ysfine.com"
40.77.167.27 - - [11/Oct/2022:14:06:03 -0700] "GET /world/baltic/tallin01.jpg HTTP/1.1" 200 75694 "-" "Mozilla/5.0 (compatible; bingbot/2.0; +http://www.bing.com/bingbot.htm)" "ysfine.com"
40.77.167.27 - - [11/Oct/2022:14:06:03 -0700] "GET /world/china/dalian60.jpg HTTP/1.1" 200 103600 "-" "Mozilla/5.0 (compatible; bingbot/2.0; +http://www.bing.com/bingbot.htm)" "ysfine.com"
84.15.182.138 - - [11/Oct/2022:14:07:00 -0700] "GET /maga/phil/tao06.jpg HTTP/1.1" 200 78164 "https://www.google.com/" "Mozilla/5.0 (Windows NT 10.0; Win64; x64) AppleWebKit/537.36 (KHTML, like Gecko) Chrome/106.0.0.0 Safari/537.36" "ysfine.com"
77.88.5.135 - - [11/Oct/2022:14:07:56 -0700] "GET /ffriends/molda06.jpg HTTP/1.1" 200 157026 "-" "Mozilla/5.0 (compatible; YandexImages/3.0; +http://yandex.com/bots)" "www.ysfine.com"
157.55.39.55 - - [11/Oct/2022:14:08:08 -0700] "GET /wdc/gtown17.jpg HTTP/1.1" 200 160830 "-" "Mozilla/5.0 (compatible; bingbot/2.0; +http://www.bing.com/bingbot.htm)" "ysfine.com"
157.55.39.128 - - [11/Oct/2022:14:08:44 -0700] "GET /maga/phys/coperni103b.jpg HTTP/1.1" 200 609419 "-" "Mozilla/5.0 (compatible; bingbot/2.0; +http://www.bing.com/bingbot.htm)" "ysfine.com"
176.35.165.39 - - [11/Oct/2022:14:09:24 -0700] "GET /home/top21d.jpg HTTP/1.1" 200 74409 "-" "Mozilla/5.0 (iPhone; CPU iPhone OS 15_6_1 like Mac OS X) AppleWebKit/605.1.15 (KHTML, like Gecko) Version/15.6.1 Mobile/15E148 Safari/604.1" "ysfine.com"
176.35.165.39 - - [11/Oct/2022:14:09:24 -0700] "GET /home/eink450.jpg HTTP/1.1" 200 66794 "-" "Mozilla/5.0 (iPhone; CPU iPhone OS 15_6_1 like Mac OS X) AppleWebKit/605.1.15 (KHTML, like Gecko) Version/15.6.1 Mobile/15E148 Safari/604.1" "ysfine.com"
176.35.165.39 - - [11/Oct/2022:14:09:24 -0700] "GET /home/facu450.jpg HTTP/1.1" 200 74535 "-" "Mozilla/5.0 (iPhone; CPU iPhone OS 15_6_1 like Mac OS X) AppleWebKit/605.1.15 (KHTML, like Gecko) Version/15.6.1 Mobile/15E148 Safari/604.1" "ysfine.com"
176.35.165.39 - - [11/Oct/2022:14:09:24 -0700] "GET /home/truck450.jpg HTTP/1.1" 200 42871 "-" "Mozilla/5.0 (iPhone; CPU iPhone OS 15_6_1 like Mac OS X) AppleWebKit/605.1.15 (KHTML, like Gecko) Version/15.6.1 Mobile/15E148 Safari/604.1" "ysfine.com"
176.35.165.39 - - [11/Oct/2022:14:09:24 -0700] "GET /home/goodbad450.jpg HTTP/1.1" 200 32258 "-" "Mozilla/5.0 (iPhone; CPU iPhone OS 15_6_1 like Mac OS X) AppleWebKit/605.1.15 (KHTML, like Gecko) Version/15.6.1 Mobile/15E148 Safari/604.1" "ysfine.com"
176.35.165.39 - - [11/Oct/2022:14:09:25 -0700] "GET /eink/einhaus33c.jpg HTTP/1.1" 200 23792 "-" "Mozilla/5.0 (iPhone; CPU iPhone OS 15_6_1 like Mac OS X) AppleWebKit/605.1.15 (KHTML, like Gecko) Version/15.6.1 Mobile/15E148 Safari/604.1" "ysfine.com"
176.35.165.39 - - [11/Oct/2022:14:09:25 -0700] "GET /eink/einhaus11c.jpg HTTP/1.1" 200 42522 "-" "Mozilla/5.0 (iPhone; CPU iPhone OS 15_6_1 like Mac OS X) AppleWebKit/605.1.15 (KHTML, like Gecko) Version/15.6.1 Mobile/15E148 Safari/604.1" "ysfine.com"
176.35.165.39 - - [11/Oct/2022:14:09:25 -0700] "GET /home/washmo23d.jpg HTTP/1.1" 200 32142 "-" "Mozilla/5.0 (iPhone; CPU iPhone OS 15_6_1 like Mac OS X) AppleWebKit/605.1.15 (KHTML, like Gecko) Version/15.6.1 Mobile/15E148 Safari/604.1" "ysfine.com"
176.35.165.39 - - [11/Oct/2022:14:09:25 -0700] "GET /eink/ewk86f.jpg HTTP/1.1" 200 122173 "-" "Mozilla/5.0 (iPhone; CPU iPhone OS 15_6_1 like Mac OS X) AppleWebKit/605.1.15 (KHTML, like Gecko) Version/15.6.1 Mobile/15E148 Safari/604.1" "ysfine.com"
176.35.165.39 - - [11/Oct/2022:14:09:25 -0700] "GET /home/1987pr22d.jpg HTTP/1.1" 200 66428 "-" "Mozilla/5.0 (iPhone; CPU iPhone OS 15_6_1 like Mac OS X) AppleWebKit/605.1.15 (KHTML, like Gecko) Version/15.6.1 Mobile/15E148 Safari/604.1" "ysfine.com"
176.35.165.39 - - [11/Oct/2022:14:09:25 -0700] "GET /home/eindc03d.jpg HTTP/1.1" 200 95860 "-" "Mozilla/5.0 (iPhone; CPU iPhone OS 15_6_1 like Mac OS X) AppleWebKit/605.1.15 (KHTML, like Gecko) Version/15.6.1 Mobile/15E148 Safari/604.1" "ysfine.com"
176.35.165.39 - - [11/Oct/2022:14:09:25 -0700] "GET /home/taylor500.jpg HTTP/1.1" 200 79197 "-" "Mozilla/5.0 (iPhone; CPU iPhone OS 15_6_1 like Mac OS X) AppleWebKit/605.1.15 (KHTML, like Gecko) Version/15.6.1 Mobile/15E148 Safari/604.1" "ysfine.com"
176.35.165.39 - - [11/Oct/2022:14:09:25 -0700] "GET /home/eward55f.jpg HTTP/1.1" 200 122802 "-" "Mozilla/5.0 (iPhone; CPU iPhone OS 15_6_1 like Mac OS X) AppleWebKit/605.1.15 (KHTML, like Gecko) Version/15.6.1 Mobile/15E148 Safari/604.1" "ysfine.com"
176.35.165.39 - - [11/Oct/2022:14:09:25 -0700] "GET /home/eink54f.jpg HTTP/1.1" 200 96332 "-" "Mozilla/5.0 (iPhone; CPU iPhone OS 15_6_1 like Mac OS X) AppleWebKit/605.1.15 (KHTML, like Gecko) Version/15.6.1 Mobile/15E148 Safari/604.1" "ysfine.com"
157.55.39.127 - - [11/Oct/2022:14:09:38 -0700] "GET /einstein/newtein11.jpg HTTP/1.1" 200 100110 "-" "Mozilla/5.0 (compatible; bingbot/2.0; +http://www.bing.com/bingbot.htm)" "ysfine.com"
207.46.13.102 - - [11/Oct/2022:14:10:26 -0700] "GET /style/cameras/fed3.jpg HTTP/1.1" 200 106400 "-" "Mozilla/5.0 (compatible; bingbot/2.0; +http://www.bing.com/bingbot.htm)" "ysfine.com"
157.55.39.58 - - [11/Oct/2022:14:10:50 -0700] "GET /wdc/sakura15.jpg HTTP/1.1" 200 125836 "-" "Mozilla/5.0 (compatible; bingbot/2.0; +http://www.bing.com/bingbot.htm)" "www.ysfine.com"
157.55.39.55 - - [11/Oct/2022:14:10:59 -0700] "GET /world/spain/sevif01.jpg HTTP/1.1" 200 144384 "-" "Mozilla/5.0 (compatible; bingbot/2.0; +http://www.bing.com/bingbot.htm)" "www.ysfine.com"
40.77.167.27 - - [11/Oct/2022:14:12:04 -0700] "GET /wdc/nga06.jpg HTTP/1.1" 200 85089 "-" "Mozilla/5.0 (compatible; bingbot/2.0; +http://www.bing.com/bingbot.htm)" "www.ysfine.com"
157.55.39.55 - - [11/Oct/2022:14:12:49 -0700] "GET /bio/style/ystyle.html HTTP/1.1" 404 88 "-" "Mozilla/5.0 AppleWebKit/537.36 (KHTML, like Gecko; compatible; bingbot/2.0; +http://www.bing.com/bingbot.htm) Chrome/103.0.5060.134 Safari/537.36" "ysfine.com"
173.73.80.118 - - [11/Oct/2022:14:13:03 -0700] "GET /favicon.ico HTTP/1.1" 404 88 "https://www.ysfine.com/ysbio/bio04.html" "Mozilla/5.0 (Linux; Android 5.1.1; KFSUWI) AppleWebKit/537.36 (KHTML, like Gecko) Silk/104.2.16 like Chrome/104.0.5112.114 Safari/537.36" "www.ysfine.com"
173.73.80.118 - - [11/Oct/2022:14:13:05 -0700] "GET /ysbio/bio04.html HTTP/1.1" 200 9099 "https://www.ysfine.com/ys11/index.html" "Mozilla/5.0 (Linux; Android 5.1.1; KFSUWI) AppleWebKit/537.36 (KHTML, like Gecko) Silk/104.2.16 like Chrome/104.0.5112.114 Safari/537.36" "www.ysfine.com"
173.73.80.118 - - [11/Oct/2022:14:13:08 -0700] "GET /ysbio/wisdom/wkbot.html HTTP/1.1" 200 130 "https://www.ysfine.com/ysbio/bio04.html" "Mozilla/5.0 (Linux; Android 5.1.1; KFSUWI) AppleWebKit/537.36 (KHTML, like Gecko) Silk/104.2.16 like Chrome/104.0.5112.114 Safari/537.36" "www.ysfine.com"
173.73.80.118 - - [11/Oct/2022:14:13:08 -0700] "GET /ysbio/wisdom/wkleft.html HTTP/1.1" 200 596 "https://www.ysfine.com/ysbio/wisdom/wkbot.html" "Mozilla/5.0 (Linux; Android 5.1.1; KFSUWI) AppleWebKit/537.36 (KHTML, like Gecko) Silk/104.2.16 like Chrome/104.0.5112.114 Safari/537.36" "www.ysfine.com"
173.73.80.118 - - [11/Oct/2022:14:13:08 -0700] "GET /ysbio/wisdom/wkrigh.html HTTP/1.1" 200 4130 "https://www.ysfine.com/ysbio/wisdom/wkbot.html" "Mozilla/5.0 (Linux; Android 5.1.1; KFSUWI) AppleWebKit/537.36 (KHTML, like Gecko) Silk/104.2.16 like Chrome/104.0.5112.114 Safari/537.36" "www.ysfine.com"
173.73.80.118 - - [11/Oct/2022:14:13:08 -0700] "GET /ysbio/wisdom/creak.jpg HTTP/1.1" 200 56561 "https://www.ysfine.com/ysbio/wisdom/wkrigh.html" "Mozilla/5.0 (Linux; Android 5.1.1; KFSUWI) AppleWebKit/537.36 (KHTML, like Gecko) Silk/104.2.16 like Chrome/104.0.5112.114 Safari/537.36" "www.ysfine.com"
173.73.80.118 - - [11/Oct/2022:14:13:08 -0700] "GET /ysbio/wisdom/maginot22b.jpg HTTP/1.1" 200 56068 "https://www.ysfine.com/ysbio/wisdom/wkrigh.html" "Mozilla/5.0 (Linux; Android 5.1.1; KFSUWI) AppleWebKit/537.36 (KHTML, like Gecko) Silk/104.2.16 like Chrome/104.0.5112.114 Safari/537.36" "www.ysfine.com"
173.73.80.118 - - [11/Oct/2022:14:13:08 -0700] "GET /ysbio/maga/phil/sartre11b.jpg HTTP/1.1" 200 57563 "https://www.ysfine.com/ysbio/wisdom/wkrigh.html" "Mozilla/5.0 (Linux; Android 5.1.1; KFSUWI) AppleWebKit/537.36 (KHTML, like Gecko) Silk/104.2.16 like Chrome/104.0.5112.114 Safari/537.36" "www.ysfine.com"
173.73.80.118 - - [11/Oct/2022:14:13:08 -0700] "GET /ysbio/wisdom/maginot11b.jpg HTTP/1.1" 200 39527 "https://www.ysfine.com/ysbio/wisdom/wkrigh.html" "Mozilla/5.0 (Linux; Android 5.1.1; KFSUWI) AppleWebKit/537.36 (KHTML, like Gecko) Silk/104.2.16 like Chrome/104.0.5112.114 Safari/537.36" "www.ysfine.com"
173.73.80.118 - - [11/Oct/2022:14:13:08 -0700] "GET /ysbio/maga/phil/childrenof11b.jpg HTTP/1.1" 200 73491 "https://www.ysfine.com/ysbio/wisdom/wkrigh.html" "Mozilla/5.0 (Linux; Android 5.1.1; KFSUWI) AppleWebKit/537.36 (KHTML, like Gecko) Silk/104.2.16 like Chrome/104.0.5112.114 Safari/537.36" "www.ysfine.com"
173.73.80.118 - - [11/Oct/2022:14:13:14 -0700] "GET /ysbio/wisdom/wk10.html HTTP/1.1" 200 24659 "https://www.ysfine.com/ysbio/wisdom/wkleft.html" "Mozilla/5.0 (Linux; Android 5.1.1; KFSUWI) AppleWebKit/537.36 (KHTML, like Gecko) Silk/104.2.16 like Chrome/104.0.5112.114 Safari/537.36" "www.ysfine.com"
157.55.39.58 - - [11/Oct/2022:14:13:31 -0700] "GET /world/germany/berlin020.jpg HTTP/1.1" 200 80879 "-" "Mozilla/5.0 (compatible; bingbot/2.0; +http://www.bing.com/bingbot.htm)" "www.ysfine.com"
173.73.80.118 - - [11/Oct/2022:14:13:46 -0700] "GET /ysbio/wisdom/wk94.html HTTP/1.1" 200 37056 "https://www.ysfine.com/ysbio/wisdom/wkleft.html" "Mozilla/5.0 (Linux; Android 5.1.1; KFSUWI) AppleWebKit/537.36 (KHTML, like Gecko) Silk/104.2.16 like Chrome/104.0.5112.114 Safari/537.36" "www.ysfine.com"
173.73.80.118 - - [11/Oct/2022:14:14:15 -0700] "GET /ysbio/wisdom/wk12.html HTTP/1.1" 200 2781 "https://www.ysfine.com/ysbio/wisdom/wkleft.html" "Mozilla/5.0 (Linux; Android 5.1.1; KFSUWI) AppleWebKit/537.36 (KHTML, like Gecko) Silk/104.2.16 like Chrome/104.0.5112.114 Safari/537.36" "www.ysfine.com"
207.46.13.102 - - [11/Oct/2022:14:14:47 -0700] "GET /people/wheemaine.jpg HTTP/1.1" 200 98240 "-" "Mozilla/5.0 (compatible; bingbot/2.0; +http://www.bing.com/bingbot.htm)" "www.ysfine.com"
173.73.80.118 - - [11/Oct/2022:14:15:03 -0700] "GET /ysbio/wisdom/wk09.html HTTP/1.1" 200 28625 "https://www.ysfine.com/ysbio/wisdom/wkleft.html" "Mozilla/5.0 (Linux; Android 5.1.1; KFSUWI) AppleWebKit/537.36 (KHTML, like Gecko) Silk/104.2.16 like Chrome/104.0.5112.114 Safari/537.36" "www.ysfine.com"
173.73.80.118 - - [11/Oct/2022:14:15:47 -0700] "GET /ysbio/wisdom/wk06.html HTTP/1.1" 200 49929 "https://www.ysfine.com/ysbio/wisdom/wkleft.html" "Mozilla/5.0 (Linux; Android 5.1.1; KFSUWI) AppleWebKit/537.36 (KHTML, like Gecko) Silk/104.2.16 like Chrome/104.0.5112.114 Safari/537.36" "www.ysfine.com"
173.73.80.118 - - [11/Oct/2022:14:15:48 -0700] "GET /ysbio/wisdom/marx.jpg HTTP/1.1" 404 88 "https://www.ysfine.com/ysbio/wisdom/wk06.html" "Mozilla/5.0 (Linux; Android 5.1.1; KFSUWI) AppleWebKit/537.36 (KHTML, like Gecko) Silk/104.2.16 like Chrome/104.0.5112.114 Safari/537.36" "www.ysfine.com"
173.73.80.118 - - [11/Oct/2022:14:15:51 -0700] "GET /ysbio/wisdom/wk04.html HTTP/1.1" 200 71581 "https://www.ysfine.com/ysbio/wisdom/wkleft.html" "Mozilla/5.0 (Linux; Android 5.1.1; KFSUWI) AppleWebKit/537.36 (KHTML, like Gecko) Silk/104.2.16 like Chrome/104.0.5112.114 Safari/537.36" "www.ysfine.com"
173.73.80.118 - - [11/Oct/2022:14:15:55 -0700] "GET /ysbio/wisdom/wk02.html HTTP/1.1" 200 73205 "https://www.ysfine.com/ysbio/wisdom/wkleft.html" "Mozilla/5.0 (Linux; Android 5.1.1; KFSUWI) AppleWebKit/537.36 (KHTML, like Gecko) Silk/104.2.16 like Chrome/104.0.5112.114 Safari/537.36" "www.ysfine.com"
40.77.167.105 - - [11/Oct/2022:14:16:28 -0700] "GET /robots.txt HTTP/1.1" 404 88 "-" "Mozilla/5.0 (compatible; bingbot/2.0; +http://www.bing.com/bingbot.htm)" "ysfine.com"
173.73.80.118 - - [11/Oct/2022:14:16:51 -0700] "GET /ysbio/wisdom/wk07.html HTTP/1.1" 200 36547 "https://www.ysfine.com/ysbio/wisdom/wkleft.html" "Mozilla/5.0 (Linux; Android 5.1.1; KFSUWI) AppleWebKit/537.36 (KHTML, like Gecko) Silk/104.2.16 like Chrome/104.0.5112.114 Safari/537.36" "www.ysfine.com"
173.73.80.118 - - [11/Oct/2022:14:16:55 -0700] "GET /wisdom/index.html HTTP/1.1" 200 129 "-" "Mozilla/5.0 (Linux; Android 5.1.1; KFSUWI) AppleWebKit/537.36 (KHTML, like Gecko) Silk/104.2.16 like Chrome/104.0.5112.114 Safari/537.36" "ysfine.com"
173.73.80.118 - - [11/Oct/2022:14:16:56 -0700] "GET /wisdom/wktop.html HTTP/1.1" 200 443 "https://ysfine.com/wisdom/index.html" "Mozilla/5.0 (Linux; Android 5.1.1; KFSUWI) AppleWebKit/537.36 (KHTML, like Gecko) Silk/104.2.16 like Chrome/104.0.5112.114 Safari/537.36" "ysfine.com"
173.73.80.118 - - [11/Oct/2022:14:16:56 -0700] "GET /wisdom/wkbot.html HTTP/1.1" 200 130 "https://ysfine.com/wisdom/index.html" "Mozilla/5.0 (Linux; Android 5.1.1; KFSUWI) AppleWebKit/537.36 (KHTML, like Gecko) Silk/104.2.16 like Chrome/104.0.5112.114 Safari/537.36" "ysfine.com"
173.73.80.118 - - [11/Oct/2022:14:16:56 -0700] "GET /wisdom/wkrigh.html HTTP/1.1" 200 4130 "https://ysfine.com/wisdom/wkbot.html" "Mozilla/5.0 (Linux; Android 5.1.1; KFSUWI) AppleWebKit/537.36 (KHTML, like Gecko) Silk/104.2.16 like Chrome/104.0.5112.114 Safari/537.36" "ysfine.com"
173.73.80.118 - - [11/Oct/2022:14:16:56 -0700] "GET /wisdom/wkleft.html HTTP/1.1" 200 596 "https://ysfine.com/wisdom/wkbot.html" "Mozilla/5.0 (Linux; Android 5.1.1; KFSUWI) AppleWebKit/537.36 (KHTML, like Gecko) Silk/104.2.16 like Chrome/104.0.5112.114 Safari/537.36" "ysfine.com"
173.73.80.118 - - [11/Oct/2022:14:16:56 -0700] "GET /wisdom/creak.jpg HTTP/1.1" 200 56561 "https://ysfine.com/wisdom/wkrigh.html" "Mozilla/5.0 (Linux; Android 5.1.1; KFSUWI) AppleWebKit/537.36 (KHTML, like Gecko) Silk/104.2.16 like Chrome/104.0.5112.114 Safari/537.36" "ysfine.com"
173.73.80.118 - - [11/Oct/2022:14:16:56 -0700] "GET /maga/phil/childrenof11b.jpg HTTP/1.1" 200 73491 "https://ysfine.com/wisdom/wkrigh.html" "Mozilla/5.0 (Linux; Android 5.1.1; KFSUWI) AppleWebKit/537.36 (KHTML, like Gecko) Silk/104.2.16 like Chrome/104.0.5112.114 Safari/537.36" "ysfine.com"
173.73.80.118 - - [11/Oct/2022:14:16:56 -0700] "GET /wisdom/maginot11b.jpg HTTP/1.1" 200 39527 "https://ysfine.com/wisdom/wkrigh.html" "Mozilla/5.0 (Linux; Android 5.1.1; KFSUWI) AppleWebKit/537.36 (KHTML, like Gecko) Silk/104.2.16 like Chrome/104.0.5112.114 Safari/537.36" "ysfine.com"
173.73.80.118 - - [11/Oct/2022:14:16:56 -0700] "GET /maga/phil/sartre11b.jpg HTTP/1.1" 200 57563 "https://ysfine.com/wisdom/wkrigh.html" "Mozilla/5.0 (Linux; Android 5.1.1; KFSUWI) AppleWebKit/537.36 (KHTML, like Gecko) Silk/104.2.16 like Chrome/104.0.5112.114 Safari/537.36" "ysfine.com"
173.73.80.118 - - [11/Oct/2022:14:16:56 -0700] "GET /wisdom/maginot22b.jpg HTTP/1.1" 200 56068 "https://ysfine.com/wisdom/wkrigh.html" "Mozilla/5.0 (Linux; Android 5.1.1; KFSUWI) AppleWebKit/537.36 (KHTML, like Gecko) Silk/104.2.16 like Chrome/104.0.5112.114 Safari/537.36" "ysfine.com"
173.73.80.118 - - [11/Oct/2022:14:16:56 -0700] "GET /favicon.ico HTTP/1.1" 404 88 "https://ysfine.com/wisdom/index.html" "Mozilla/5.0 (Linux; Android 5.1.1; KFSUWI) AppleWebKit/537.36 (KHTML, like Gecko) Silk/104.2.16 like Chrome/104.0.5112.114 Safari/537.36" "ysfine.com"
157.55.39.55 - - [11/Oct/2022:14:17:00 -0700] "GET /bio/pquartet.html HTTP/1.1" 404 88 "-" "Mozilla/5.0 (compatible; bingbot/2.0; +http://www.bing.com/bingbot.htm)" "ysfine.com"
207.46.13.102 - - [11/Oct/2022:14:17:17 -0700] "GET /class54/kgirls55a.jpg HTTP/1.1" 200 92389 "-" "Mozilla/5.0 (compatible; bingbot/2.0; +http://www.bing.com/bingbot.htm)" "www.ysfine.com"
173.73.80.118 - - [11/Oct/2022:14:17:22 -0700] "GET / HTTP/1.1" 200 5283 "-" "Mozilla/5.0 (Linux; Android 5.1.1; KFSUWI) AppleWebKit/537.36 (KHTML, like Gecko) Silk/104.2.16 like Chrome/104.0.5112.114 Safari/537.36" "ysfine.com"
173.73.80.118 - - [11/Oct/2022:14:17:22 -0700] "GET /home/top21d.jpg HTTP/1.1" 200 74409 "https://ysfine.com/" "Mozilla/5.0 (Linux; Android 5.1.1; KFSUWI) AppleWebKit/537.36 (KHTML, like Gecko) Silk/104.2.16 like Chrome/104.0.5112.114 Safari/537.36" "ysfine.com"
173.73.80.118 - - [11/Oct/2022:14:17:22 -0700] "GET /home/eink450.jpg HTTP/1.1" 200 66794 "https://ysfine.com/" "Mozilla/5.0 (Linux; Android 5.1.1; KFSUWI) AppleWebKit/537.36 (KHTML, like Gecko) Silk/104.2.16 like Chrome/104.0.5112.114 Safari/537.36" "ysfine.com"
173.73.80.118 - - [11/Oct/2022:14:18:47 -0700] "GET /ysbio/wisdom/wk12.html HTTP/1.1" 304 - "https://www.ysfine.com/ysbio/wisdom/wkleft.html" "Mozilla/5.0 (Linux; Android 5.1.1; KFSUWI) AppleWebKit/537.36 (KHTML, like Gecko) Silk/104.2.16 like Chrome/104.0.5112.114 Safari/537.36" "www.ysfine.com"
40.77.167.95 - - [11/Oct/2022:14:18:50 -0700] "GET /robots.txt HTTP/1.1" 404 88 "-" "Mozilla/5.0 (compatible; bingbot/2.0; +http://www.bing.com/bingbot.htm)" "www.ysfine.com"
157.55.39.58 - - [11/Oct/2022:14:19:01 -0700] "GET /maga/copergali.html HTTP/1.1" 304 - "-" "Mozilla/5.0 (compatible; bingbot/2.0; +http://www.bing.com/bingbot.htm)" "www.ysfine.com"
157.55.39.58 - - [11/Oct/2022:14:19:03 -0700] "GET /maga/phil/kanthegel66.jpg HTTP/1.1" 200 76782 "-" "Mozilla/5.0 (compatible; bingbot/2.0; +http://www.bing.com/bingbot.htm)" "www.ysfine.com"
213.134.171.158 - - [11/Oct/2022:14:19:16 -0700] "GET /style/music/coperni02.jpg HTTP/1.1" 200 64601 "https://www.bing.com/" "Mozilla/5.0 (Windows NT 10.0; Win64; x64) AppleWebKit/537.36 (KHTML, like Gecko) Chrome/106.0.0.0 Safari/537.36 Edg/106.0.1370.37" "ysfine.com"
74.62.41.34 - - [11/Oct/2022:14:20:08 -0700] "GET /world/russ/krem06.jpg HTTP/1.1" 200 75234 "https://www.google.com/" "Mozilla/5.0 (Windows NT 10.0; Win64; x64; rv:105.0) Gecko/20100101 Firefox/105.0" "ysfine.com"
213.47.81.136 - - [11/Oct/2022:14:20:11 -0700] "GET /einstein/einbohr33.jpg HTTP/1.1" 200 87797 "https://www.google.at/" "Mozilla/5.0 (iPhone; CPU iPhone OS 16_0_3 like Mac OS X) AppleWebKit/605.1.15 (KHTML, like Gecko) Version/16.0 Mobile/15E148 Safari/604.1" "ysfine.com"
114.119.128.14 - - [11/Oct/2022:14:20:13 -0700] "GET /kobak/sorae/underw.html HTTP/1.1" 404 88 "http://ysfine.com/kobak/sorae/kumipo.html" "Mozilla/5.0 (Linux; Android 7.0;) AppleWebKit/537.36 (KHTML, like Gecko) Mobile Safari/537.36 (compatible; PetalBot;+https://webmaster.petalsearch.com/site/petalbot)" "ysfine.com"
40.77.167.95 - - [11/Oct/2022:14:20:56 -0700] "GET /robots.txt HTTP/1.1" 404 88 "-" "Mozilla/5.0 (compatible; bingbot/2.0; +http://www.bing.com/bingbot.htm)" "ysfine.com"
213.47.81.136 - - [11/Oct/2022:14:21:03 -0700] "GET /world/scandi/nbi26.jpg HTTP/1.1" 200 75196 "https://www.google.at/" "Mozilla/5.0 (iPhone; CPU iPhone OS 16_0_3 like Mac OS X) AppleWebKit/605.1.15 (KHTML, like Gecko) Version/16.0 Mobile/15E148 Safari/604.1" "ysfine.com"
173.73.80.118 - - [11/Oct/2022:14:22:01 -0700] "GET /ysbio/maga/sartre.html HTTP/1.1" 200 7719 "https://www.ysfine.com/ysbio/wisdom/wkrigh.html" "Mozilla/5.0 (Linux; Android 5.1.1; KFSUWI) AppleWebKit/537.36 (KHTML, like Gecko) Silk/104.2.16 like Chrome/104.0.5112.114 Safari/537.36" "www.ysfine.com"
173.73.80.118 - - [11/Oct/2022:14:22:01 -0700] "GET /ysbio/world/france/sartremap11b.jpg HTTP/1.1" 200 64726 "https://www.ysfine.com/ysbio/maga/sartre.html" "Mozilla/5.0 (Linux; Android 5.1.1; KFSUWI) AppleWebKit/537.36 (KHTML, like Gecko) Silk/104.2.16 like Chrome/104.0.5112.114 Safari/537.36" "www.ysfine.com"
173.73.80.118 - - [11/Oct/2022:14:22:01 -0700] "GET /ysbio/maga/phil/sartre66b.jpg HTTP/1.1" 200 66175 "https://www.ysfine.com/ysbio/maga/sartre.html" "Mozilla/5.0 (Linux; Android 5.1.1; KFSUWI) AppleWebKit/537.36 (KHTML, like Gecko) Silk/104.2.16 like Chrome/104.0.5112.114 Safari/537.36" "www.ysfine.com"
173.73.80.118 - - [11/Oct/2022:14:22:01 -0700] "GET /ysbio/world/france/sartsq09b.jpg HTTP/1.1" 200 35405 "https://www.ysfine.com/ysbio/maga/sartre.html" "Mozilla/5.0 (Linux; Android 5.1.1; KFSUWI) AppleWebKit/537.36 (KHTML, like Gecko) Silk/104.2.16 like Chrome/104.0.5112.114 Safari/537.36" "www.ysfine.com"
173.73.80.118 - - [11/Oct/2022:14:22:01 -0700] "GET /ysbio/world/france/sartsq06b.jpg HTTP/1.1" 200 40585 "https://www.ysfine.com/ysbio/maga/sartre.html" "Mozilla/5.0 (Linux; Android 5.1.1; KFSUWI) AppleWebKit/537.36 (KHTML, like Gecko) Silk/104.2.16 like Chrome/104.0.5112.114 Safari/537.36" "www.ysfine.com"
173.73.80.118 - - [11/Oct/2022:14:22:01 -0700] "GET /ysbio/world/france/flore07b.jpg HTTP/1.1" 200 52304 "https://www.ysfine.com/ysbio/maga/sartre.html" "Mozilla/5.0 (Linux; Android 5.1.1; KFSUWI) AppleWebKit/537.36 (KHTML, like Gecko) Silk/104.2.16 like Chrome/104.0.5112.114 Safari/537.36" "www.ysfine.com"
173.73.80.118 - - [11/Oct/2022:14:22:01 -0700] "GET /ysbio/world/france/lipp03b.jpg HTTP/1.1" 200 40655 "https://www.ysfine.com/ysbio/maga/sartre.html" "Mozilla/5.0 (Linux; Android 5.1.1; KFSUWI) AppleWebKit/537.36 (KHTML, like Gecko) Silk/104.2.16 like Chrome/104.0.5112.114 Safari/537.36" "www.ysfine.com"
173.73.80.118 - - [11/Oct/2022:14:22:01 -0700] "GET /ysbio/world/france/magots01b.jpg HTTP/1.1" 200 54026 "https://www.ysfine.com/ysbio/maga/sartre.html" "Mozilla/5.0 (Linux; Android 5.1.1; KFSUWI) AppleWebKit/537.36 (KHTML, like Gecko) Silk/104.2.16 like Chrome/104.0.5112.114 Safari/537.36" "www.ysfine.com"
173.73.80.118 - - [11/Oct/2022:14:22:01 -0700] "GET /ysbio/world/france/flore01b.jpg HTTP/1.1" 200 40093 "https://www.ysfine.com/ysbio/maga/sartre.html" "Mozilla/5.0 (Linux; Android 5.1.1; KFSUWI) AppleWebKit/537.36 (KHTML, like Gecko) Silk/104.2.16 like Chrome/104.0.5112.114 Safari/537.36" "www.ysfine.com"
173.73.80.118 - - [11/Oct/2022:14:22:01 -0700] "GET /ysbio/world/france/sartsq01b.jpg HTTP/1.1" 200 50069 "https://www.ysfine.com/ysbio/maga/sartre.html" "Mozilla/5.0 (Linux; Android 5.1.1; KFSUWI) AppleWebKit/537.36 (KHTML, like Gecko) Silk/104.2.16 like Chrome/104.0.5112.114 Safari/537.36" "www.ysfine.com"
173.73.80.118 - - [11/Oct/2022:14:22:01 -0700] "GET /ysbio/world/france/sartsq15b.jpg HTTP/1.1" 200 46621 "https://www.ysfine.com/ysbio/maga/sartre.html" "Mozilla/5.0 (Linux; Android 5.1.1; KFSUWI) AppleWebKit/537.36 (KHTML, like Gecko) Silk/104.2.16 like Chrome/104.0.5112.114 Safari/537.36" "www.ysfine.com"
173.73.80.118 - - [11/Oct/2022:14:22:01 -0700] "GET /ysbio/world/france/sartsq18b.jpg HTTP/1.1" 200 60144 "https://www.ysfine.com/ysbio/maga/sartre.html" "Mozilla/5.0 (Linux; Android 5.1.1; KFSUWI) AppleWebKit/537.36 (KHTML, like Gecko) Silk/104.2.16 like Chrome/104.0.5112.114 Safari/537.36" "www.ysfine.com"
