207.46.13.102 - - [11/Oct/2022:00:55:10 -0700] "GET /bio/einstein/bern.html HTTP/1.1" 404 88 "-" "Mozilla/5.0 (compatible; bingbot/2.0; +http://www.bing.com/bingbot.htm)" "ysfine.com"
207.46.13.102 - - [11/Oct/2022:00:55:30 -0700] "GET /world/ital/spstep05.jpg HTTP/1.1" 200 159230 "-" "Mozilla/5.0 AppleWebKit/537.36 (KHTML, like Gecko; compatible; bingbot/2.0; +http://www.bing.com/bingbot.htm) Chrome/103.0.5060.134 Safari/537.36" "ysfine.com"
123.125.109.45 - - [11/Oct/2022:00:55:38 -0700] "GET / HTTP/1.1" 200 5283 "-" "Sogou web spider/4.0(+http://www.sogou.com/docs/help/webmasters.htm#07)" "ysfine.com"
157.55.39.127 - - [11/Oct/2022:00:55:51 -0700] "GET /bio/feynman/partons.html HTTP/1.1" 404 88 "-" "Mozilla/5.0 (compatible; bingbot/2.0; +http://www.bing.com/bingbot.htm)" "ysfine.com"
157.55.39.55 - - [11/Oct/2022:00:55:56 -0700] "GET /bio/maga/edison.html HTTP/1.1" 404 88 "-" "Mozilla/5.0 (compatible; bingbot/2.0; +http://www.bing.com/bingbot.htm)" "ysfine.com"
3.251.91.231 - - [11/Oct/2022:00:56:32 -0700] "GET /robots.txt HTTP/1.1" 404 88 "-" "Pandalytics/1.0 (https://domainsbot.com/pandalytics/)" "ysfine.com"
3.251.91.231 - - [11/Oct/2022:00:56:32 -0700] "GET / HTTP/1.1" 200 5283 "-" "Pandalytics/1.0 (https://domainsbot.com/pandalytics/)" "ysfine.com"
157.55.39.128 - - [11/Oct/2022:00:56:59 -0700] "GET /world/ital/flor071b.jpg HTTP/1.1" 200 44376 "-" "Mozilla/5.0 (compatible; bingbot/2.0; +http://www.bing.com/bingbot.htm)" "ysfine.com"
40.77.167.27 - - [11/Oct/2022:00:57:08 -0700] "GET /bio/wdc/wasleft.html HTTP/1.1" 404 88 "-" "Mozilla/5.0 AppleWebKit/537.36 (KHTML, like Gecko; compatible; bingbot/2.0; +http://www.bing.com/bingbot.htm) Chrome/103.0.5060.134 Safari/537.36" "ysfine.com"
157.55.39.127 - - [11/Oct/2022:00:57:41 -0700] "GET /bio/maga/editesl.html HTTP/1.1" 404 88 "-" "Mozilla/5.0 (compatible; bingbot/2.0; +http://www.bing.com/bingbot.htm)" "ysfine.com"
212.57.215.89 - - [11/Oct/2022:00:59:38 -0700] "GET /wigner/lorentzgr01b.jpg HTTP/1.1" 200 33834 "https://www.google.com/" "Mozilla/5.0 (Macintosh; Intel Mac OS X 10_15_6) AppleWebKit/605.1.15 (KHTML, like Gecko) Version/15.3 Safari/605.1.15" "ysfine.com"
157.55.39.128 - - [11/Oct/2022:00:59:39 -0700] "GET /world/china11.html HTTP/1.1" 200 24682 "-" "Mozilla/5.0 (compatible; bingbot/2.0; +http://www.bing.com/bingbot.htm)" "www.ysfine.com"
157.55.39.128 - - [11/Oct/2022:00:59:39 -0700] "GET /wigner/evangel.html HTTP/1.1" 200 4831 "-" "Mozilla/5.0 (compatible; bingbot/2.0; +http://www.bing.com/bingbot.htm)" "www.ysfine.com"
157.55.39.55 - - [11/Oct/2022:00:59:43 -0700] "GET /maga/tesla.html HTTP/1.1" 200 4852 "-" "Mozilla/5.0 (compatible; bingbot/2.0; +http://www.bing.com/bingbot.htm)" "www.ysfine.com"
40.77.167.27 - - [11/Oct/2022:00:59:48 -0700] "GET /style/mushalls.html HTTP/1.1" 200 21398 "-" "Mozilla/5.0 AppleWebKit/537.36 (KHTML, like Gecko; compatible; bingbot/2.0; +http://www.bing.com/bingbot.htm) Chrome/103.0.5060.134 Safari/537.36" "www.ysfine.com"
185.191.171.3 - - [11/Oct/2022:00:59:51 -0700] "GET /home/bio.html HTTP/1.1" 404 88 "-" "Mozilla/5.0 (compatible; SemrushBot/7~bl; +http://www.semrush.com/bot.html)" "www.ysfine.com"
157.55.39.58 - - [11/Oct/2022:00:59:52 -0700] "GET /world/scandi/sto003.jpg HTTP/1.1" 200 68598 "-" "Mozilla/5.0 (compatible; bingbot/2.0; +http://www.bing.com/bingbot.htm)" "ysfine.com"
157.55.39.127 - - [11/Oct/2022:00:59:54 -0700] "GET /houses/house46.jpg HTTP/1.1" 200 60849 "-" "Mozilla/5.0 AppleWebKit/537.36 (KHTML, like Gecko; compatible; bingbot/2.0; +http://www.bing.com/bingbot.htm) Chrome/103.0.5060.134 Safari/537.36" "www.ysfine.com"
157.55.39.127 - - [11/Oct/2022:00:59:55 -0700] "GET /awards/index.html HTTP/1.1" 200 9993 "-" "Mozilla/5.0 (compatible; bingbot/2.0; +http://www.bing.com/bingbot.htm)" "www.ysfine.com"
157.55.39.127 - - [11/Oct/2022:01:00:00 -0700] "GET /usca/norl/canal07b.jpg HTTP/1.1" 200 41350 "-" "Mozilla/5.0 (compatible; bingbot/2.0; +http://www.bing.com/bingbot.htm)" "ysfine.com"
23.243.35.188 - - [11/Oct/2022:01:00:33 -0700] "GET /kobak/rheetr11.jpg HTTP/1.1" 200 184635 "https://www.google.com/" "Mozilla/5.0 (Macintosh; Intel Mac OS X 10_11_6) AppleWebKit/537.36 (KHTML, like Gecko) Chrome/100.0.4896.127 Safari/537.36" "ysfine.com"
40.77.167.27 - - [11/Oct/2022:01:00:38 -0700] "GET /world/venice.html HTTP/1.1" 200 8457 "-" "Mozilla/5.0 (compatible; bingbot/2.0; +http://www.bing.com/bingbot.htm)" "www.ysfine.com"
40.77.167.27 - - [11/Oct/2022:01:00:58 -0700] "GET /bio/style/proschanie.html HTTP/1.1" 404 88 "-" "Mozilla/5.0 (compatible; bingbot/2.0; +http://www.bing.com/bingbot.htm)" "ysfine.com"
185.191.171.42 - - [11/Oct/2022:01:01:16 -0700] "GET /maga/lorenuni.html HTTP/1.1" 200 2365 "-" "Mozilla/5.0 (compatible; SemrushBot/7~bl; +http://www.semrush.com/bot.html)" "ysfine.com"
157.55.39.55 - - [11/Oct/2022:01:02:03 -0700] "GET /kowar/tanks/m47.jpg HTTP/1.1" 200 78683 "-" "Mozilla/5.0 (compatible; bingbot/2.0; +http://www.bing.com/bingbot.htm)" "www.ysfine.com"
157.55.39.55 - - [11/Oct/2022:01:02:04 -0700] "GET /world/jeru.html HTTP/1.1" 200 6991 "-" "Mozilla/5.0 (compatible; bingbot/2.0; +http://www.bing.com/bingbot.htm)" "www.ysfine.com"
207.46.13.102 - - [11/Oct/2022:01:02:20 -0700] "GET /world/places/ulm27.jpg HTTP/1.1" 200 81790 "-" "Mozilla/5.0 (compatible; bingbot/2.0; +http://www.bing.com/bingbot.htm)" "ysfine.com"
157.55.39.55 - - [11/Oct/2022:01:02:54 -0700] "GET /bio/world/russ/twosist.html HTTP/1.1" 404 88 "-" "Mozilla/5.0 (compatible; bingbot/2.0; +http://www.bing.com/bingbot.htm)" "ysfine.com"
40.77.167.27 - - [11/Oct/2022:01:03:18 -0700] "GET /kobak/somap38.jpg HTTP/1.1" 200 109622 "-" "Mozilla/5.0 (compatible; bingbot/2.0; +http://www.bing.com/bingbot.htm)" "ysfine.com"
193.224.74.5 - - [11/Oct/2022:01:03:20 -0700] "GET /maga/invent/popov03.jpg HTTP/1.1" 200 85311 "https://www.google.hu/" "Mozilla/5.0 (Windows NT 10.0; Win64; x64) AppleWebKit/537.36 (KHTML, like Gecko) Chrome/106.0.0.0 Safari/537.36" "ysfine.com"
185.191.171.39 - - [11/Oct/2022:01:04:11 -0700] "GET /world/polandp.html HTTP/1.1" 200 5412 "-" "Mozilla/5.0 (compatible; SemrushBot/7~bl; +http://www.semrush.com/bot.html)" "ysfine.com"
66.249.66.43 - - [11/Oct/2022:01:04:24 -0700] "GET /articles/akhi.pdf HTTP/1.1" 401 90 "-" "Googlebot/2.1 (+http://www.google.com/bot.html)" "ysfine.com"
157.55.39.128 - - [11/Oct/2022:01:05:41 -0700] "GET /princeton/alexan11.jpg HTTP/1.1" 200 118946 "-" "Mozilla/5.0 (compatible; bingbot/2.0; +http://www.bing.com/bingbot.htm)" "ysfine.com"
157.55.39.58 - - [11/Oct/2022:01:05:54 -0700] "GET /world/russ/redsq50.jpg HTTP/1.1" 200 97893 "-" "Mozilla/5.0 (compatible; bingbot/2.0; +http://www.bing.com/bingbot.htm)" "ysfine.com"
185.191.171.9 - - [11/Oct/2022:01:06:08 -0700] "GET /einstein/einmeson.html HTTP/1.1" 200 4535 "-" "Mozilla/5.0 (compatible; SemrushBot/7~bl; +http://www.semrush.com/bot.html)" "ysfine.com"
40.77.167.27 - - [11/Oct/2022:01:06:39 -0700] "GET /world/germany/berlin181.jpg HTTP/1.1" 200 129562 "-" "Mozilla/5.0 (compatible; bingbot/2.0; +http://www.bing.com/bingbot.htm)" "ysfine.com"
185.191.171.17 - - [11/Oct/2022:01:07:32 -0700] "GET /bio/index.html HTTP/1.1" 404 88 "-" "Mozilla/5.0 (compatible; SemrushBot/7~bl; +http://www.semrush.com/bot.html)" "ysfine.com"
157.55.39.128 - - [11/Oct/2022:01:10:01 -0700] "GET /bio/bio05.html HTTP/1.1" 404 88 "-" "Mozilla/5.0 (compatible; bingbot/2.0; +http://www.bing.com/bingbot.htm)" "ysfine.com"
173.73.80.118 - - [11/Oct/2022:01:11:05 -0700] "GET /ys11/ HTTP/1.1" 304 - "-" "Mozilla/5.0 (Windows NT 10.0; Win64; x64) AppleWebKit/537.36 (KHTML, like Gecko) Chrome/106.0.0.0 Safari/537.36 Edg/106.0.1370.37" "ysfine.com"
173.73.80.118 - - [11/Oct/2022:01:11:05 -0700] "GET /favicon.ico HTTP/1.1" 404 88 "https://ysfine.com/ys11/" "Mozilla/5.0 (Windows NT 10.0; Win64; x64) AppleWebKit/537.36 (KHTML, like Gecko) Chrome/106.0.0.0 Safari/537.36 Edg/106.0.1370.37" "ysfine.com"
173.73.80.118 - - [11/Oct/2022:01:11:11 -0700] "GET /ysbio/index.html HTTP/1.1" 304 - "https://ysfine.com/ys11/" "Mozilla/5.0 (Windows NT 10.0; Win64; x64) AppleWebKit/537.36 (KHTML, like Gecko) Chrome/106.0.0.0 Safari/537.36 Edg/106.0.1370.37" "ysfine.com"
173.73.80.118 - - [11/Oct/2022:01:11:25 -0700] "GET /ysbio/sing.html HTTP/1.1" 200 2596 "-" "Mozilla/5.0 (Windows NT 10.0; Win64; x64) AppleWebKit/537.36 (KHTML, like Gecko) Chrome/106.0.0.0 Safari/537.36 Edg/106.0.1370.37" "ysfine.com"
173.73.80.118 - - [11/Oct/2022:01:11:25 -0700] "GET /ysbio/ewk86k.jpg HTTP/1.1" 200 103154 "https://ysfine.com/ysbio/sing.html" "Mozilla/5.0 (Windows NT 10.0; Win64; x64) AppleWebKit/537.36 (KHTML, like Gecko) Chrome/106.0.0.0 Safari/537.36 Edg/106.0.1370.37" "ysfine.com"
157.55.39.58 - - [11/Oct/2022:01:12:15 -0700] "GET /bio/philo/sartre.html HTTP/1.1" 404 88 "-" "Mozilla/5.0 (compatible; bingbot/2.0; +http://www.bing.com/bingbot.htm)" "ysfine.com"
207.46.13.102 - - [11/Oct/2022:01:12:22 -0700] "GET /world/ital/flor089.jpg HTTP/1.1" 200 166837 "-" "Mozilla/5.0 AppleWebKit/537.36 (KHTML, like Gecko; compatible; bingbot/2.0; +http://www.bing.com/bingbot.htm) Chrome/103.0.5060.134 Safari/537.36" "ysfine.com"
40.77.167.27 - - [11/Oct/2022:01:13:59 -0700] "GET /maga/phys/huygens01.jpg HTTP/1.1" 200 1130486 "-" "Mozilla/5.0 (compatible; bingbot/2.0; +http://www.bing.com/bingbot.htm)" "www.ysfine.com"
185.191.171.23 - - [11/Oct/2022:01:14:05 -0700] "GET /robots.txt HTTP/1.1" 404 88 "-" "Mozilla/5.0 (compatible; SemrushBot/7~bl; +http://www.semrush.com/bot.html)" "ysfine.com"
185.191.171.44 - - [11/Oct/2022:01:14:06 -0700] "GET /confer/listall.html HTTP/1.1" 200 6460 "-" "Mozilla/5.0 (compatible; SemrushBot/7~bl; +http://www.semrush.com/bot.html)" "ysfine.com"
185.191.171.18 - - [11/Oct/2022:01:14:32 -0700] "GET /feynman/fphoto.html HTTP/1.1" 200 3714 "-" "Mozilla/5.0 (compatible; SemrushBot/7~bl; +http://www.semrush.com/bot.html)" "ysfine.com"
157.55.39.128 - - [11/Oct/2022:01:15:21 -0700] "GET /bio/maga/pupin.html HTTP/1.1" 404 88 "-" "Mozilla/5.0 (compatible; bingbot/2.0; +http://www.bing.com/bingbot.htm)" "ysfine.com"
157.55.39.128 - - [11/Oct/2022:01:15:22 -0700] "GET /class54/class5470/50th.htm HTTP/1.1" 200 2376 "-" "Mozilla/5.0 (compatible; bingbot/2.0; +http://www.bing.com/bingbot.htm)" "ysfine.com"
116.179.32.229 - - [11/Oct/2022:01:15:37 -0700] "GET /home/100yrs.html HTTP/1.1" 304 - "-" "Mozilla/5.0 (compatible; Baiduspider/2.0; +http://www.baidu.com/search/spider.html)" "www.ysfine.com"
220.181.108.110 - - [11/Oct/2022:01:15:38 -0700] "GET /wigner/wigheisen.html HTTP/1.1" 304 - "-" "Mozilla/5.0 (compatible; Baiduspider/2.0; +http://www.baidu.com/search/spider.html)" "www.ysfine.com"
69.194.143.140 - - [11/Oct/2022:01:15:40 -0700] "GET /ads.txt HTTP/1.1" 404 88 "-" "Mozilla/5.0 (Macintosh; Intel Mac OS X 10_15_1) AppleWebKit/537.36 (KHTML, like Gecko) Chrome/84.0.4103.61 Safari/537.37" "ysfine.com"
69.194.143.140 - - [11/Oct/2022:01:15:40 -0700] "GET /ads.txt HTTP/1.1" 404 88 "-" "Mozilla/5.0 (Macintosh; Intel Mac OS X 10_15_1) AppleWebKit/537.36 (KHTML, like Gecko) Chrome/84.0.4103.61 Safari/537.37" "ysfine.com"
5.14.141.215 - - [11/Oct/2022:01:15:53 -0700] "GET /maga/histo/oscar33.jpg HTTP/1.1" 200 140181 "https://www.google.com/" "Mozilla/5.0 (Linux; Android 11; SM-A405FN Build/RP1A.200720.012; wv) AppleWebKit/537.36 (KHTML, like Gecko) Version/4.0 Chrome/105.0.5195.136 Mobile Safari/537.36 GoogleApp/13.38.11.26.arm64" "ysfine.com"
207.46.13.102 - - [11/Oct/2022:01:15:53 -0700] "GET /world/russ/kiev030.jpg HTTP/1.1" 200 91229 "-" "Mozilla/5.0 (compatible; bingbot/2.0; +http://www.bing.com/bingbot.htm)" "ysfine.com"
157.55.39.55 - - [11/Oct/2022:01:15:57 -0700] "GET /bio/style/ystyle.html HTTP/1.1" 404 88 "-" "Mozilla/5.0 (compatible; bingbot/2.0; +http://www.bing.com/bingbot.htm)" "ysfine.com"
157.55.39.55 - - [11/Oct/2022:01:15:57 -0700] "GET /bio/dirac/diracsq22.html HTTP/1.1" 404 88 "-" "Mozilla/5.0 (compatible; bingbot/2.0; +http://www.bing.com/bingbot.htm)" "ysfine.com"
65.108.79.209 - - [11/Oct/2022:01:16:31 -0700] "GET /robots.txt HTTP/1.1" 404 88 "http://ysfine.com/robots.txt" "Mozilla/5.0 (compatible; SEOkicks; +https://www.seokicks.de/robot.html)" "ysfine.com"
65.108.79.209 - - [11/Oct/2022:01:16:31 -0700] "GET /robots.txt HTTP/1.1" 404 88 "http://www.ysfine.com/robots.txt" "Mozilla/5.0 (compatible; SEOkicks; +https://www.seokicks.de/robot.html)" "www.ysfine.com"
65.108.79.209 - - [11/Oct/2022:01:16:33 -0700] "GET / HTTP/1.1" 200 5283 "http://ysfine.com/" "Mozilla/5.0 (compatible; SEOkicks; +https://www.seokicks.de/robot.html)" "ysfine.com"
65.108.79.209 - - [11/Oct/2022:01:16:33 -0700] "GET / HTTP/1.1" 200 5283 "http://www.ysfine.com/" "Mozilla/5.0 (compatible; SEOkicks; +https://www.seokicks.de/robot.html)" "www.ysfine.com"
157.55.39.128 - - [11/Oct/2022:01:16:41 -0700] "GET /wigner/neum/vnc09.jpg HTTP/1.1" 200 112484 "-" "Mozilla/5.0 (compatible; bingbot/2.0; +http://www.bing.com/bingbot.htm)" "www.ysfine.com"
157.55.39.127 - - [11/Oct/2022:01:18:11 -0700] "GET /world/baltic/estof07.jpg HTTP/1.1" 200 101495 "-" "Mozilla/5.0 AppleWebKit/537.36 (KHTML, like Gecko; compatible; bingbot/2.0; +http://www.bing.com/bingbot.htm) Chrome/103.0.5060.134 Safari/537.36" "www.ysfine.com"
157.55.39.128 - - [11/Oct/2022:01:19:22 -0700] "GET /world/russ/volga16.jpg HTTP/1.1" 200 107744 "-" "Mozilla/5.0 (compatible; bingbot/2.0; +http://www.bing.com/bingbot.htm)" "www.ysfine.com"
157.55.39.58 - - [11/Oct/2022:01:19:35 -0700] "GET /einstein/fantova/fanto11c.jpg HTTP/1.1" 200 48308 "-" "Mozilla/5.0 AppleWebKit/537.36 (KHTML, like Gecko; compatible; bingbot/2.0; +http://www.bing.com/bingbot.htm) Chrome/103.0.5060.134 Safari/537.36" "www.ysfine.com"
40.77.167.27 - - [11/Oct/2022:01:19:49 -0700] "GET /kowar/tanks/sherman50.jpg HTTP/1.1" 200 69232 "-" "Mozilla/5.0 (compatible; bingbot/2.0; +http://www.bing.com/bingbot.htm)" "www.ysfine.com"
157.55.39.58 - - [11/Oct/2022:01:20:06 -0700] "GET /world/ital/milanf09.jpg HTTP/1.1" 200 391734 "-" "Mozilla/5.0 (compatible; bingbot/2.0; +http://www.bing.com/bingbot.htm)" "ysfine.com"
185.191.171.38 - - [11/Oct/2022:01:20:07 -0700] "GET /robots.txt HTTP/1.1" 404 88 "-" "Mozilla/5.0 (compatible; SemrushBot/7~bl; +http://www.semrush.com/bot.html)" "www.ysfine.com"
185.191.171.44 - - [11/Oct/2022:01:20:08 -0700] "GET /wigner/wigheisen.html HTTP/1.1" 200 3346 "-" "Mozilla/5.0 (compatible; SemrushBot/7~bl; +http://www.semrush.com/bot.html)" "www.ysfine.com"
103.37.51.243 - - [11/Oct/2022:01:20:27 -0700] "GET /home/optics.html HTTP/1.1" 200 4947 "https://www.google.com/" "Mozilla/5.0 (Windows NT 10.0; Win64; x64) AppleWebKit/537.36 (KHTML, like Gecko) Chrome/105.0.0.0 Safari/537.36" "ysfine.com"
103.37.51.243 - - [11/Oct/2022:01:20:28 -0700] "GET /dirac/sq66b.jpg HTTP/1.1" 200 22242 "https://ysfine.com/home/optics.html" "Mozilla/5.0 (Windows NT 10.0; Win64; x64) AppleWebKit/537.36 (KHTML, like Gecko) Chrome/105.0.0.0 Safari/537.36" "ysfine.com"
103.37.51.243 - - [11/Oct/2022:01:20:28 -0700] "GET /people/noz75b.jpg HTTP/1.1" 200 38550 "https://ysfine.com/home/optics.html" "Mozilla/5.0 (Windows NT 10.0; Win64; x64) AppleWebKit/537.36 (KHTML, like Gecko) Chrome/105.0.0.0 Safari/537.36" "ysfine.com"
103.37.51.243 - - [11/Oct/2022:01:20:28 -0700] "GET /people/noz06b.jpg HTTP/1.1" 200 31210 "https://ysfine.com/home/optics.html" "Mozilla/5.0 (Windows NT 10.0; Win64; x64) AppleWebKit/537.36 (KHTML, like Gecko) Chrome/105.0.0.0 Safari/537.36" "ysfine.com"
103.37.51.243 - - [11/Oct/2022:01:20:28 -0700] "GET /people/sibelbas11b.jpg HTTP/1.1" 200 51886 "https://ysfine.com/home/optics.html" "Mozilla/5.0 (Windows NT 10.0; Win64; x64) AppleWebKit/537.36 (KHTML, like Gecko) Chrome/105.0.0.0 Safari/537.36" "ysfine.com"
103.37.51.243 - - [11/Oct/2022:01:20:28 -0700] "GET /home/resonance33b.jpg HTTP/1.1" 200 32648 "https://ysfine.com/home/optics.html" "Mozilla/5.0 (Windows NT 10.0; Win64; x64) AppleWebKit/537.36 (KHTML, like Gecko) Chrome/105.0.0.0 Safari/537.36" "ysfine.com"
103.37.51.243 - - [11/Oct/2022:01:20:28 -0700] "GET /people/zeilinger05b.jpg HTTP/1.1" 200 39332 "https://ysfine.com/home/optics.html" "Mozilla/5.0 (Windows NT 10.0; Win64; x64) AppleWebKit/537.36 (KHTML, like Gecko) Chrome/105.0.0.0 Safari/537.36" "ysfine.com"
103.37.51.243 - - [11/Oct/2022:01:20:28 -0700] "GET /people/elena01b.jpg HTTP/1.1" 200 66320 "https://ysfine.com/home/optics.html" "Mozilla/5.0 (Windows NT 10.0; Win64; x64) AppleWebKit/537.36 (KHTML, like Gecko) Chrome/105.0.0.0 Safari/537.36" "ysfine.com"
103.37.51.243 - - [11/Oct/2022:01:20:28 -0700] "GET /eink/pwk19c.jpg HTTP/1.1" 200 57759 "https://ysfine.com/home/optics.html" "Mozilla/5.0 (Windows NT 10.0; Win64; x64) AppleWebKit/537.36 (KHTML, like Gecko) Chrome/105.0.0.0 Safari/537.36" "ysfine.com"
103.37.51.243 - - [11/Oct/2022:01:20:28 -0700] "GET /yspapers/iop19c.jpg HTTP/1.1" 200 40220 "https://ysfine.com/home/optics.html" "Mozilla/5.0 (Windows NT 10.0; Win64; x64) AppleWebKit/537.36 (KHTML, like Gecko) Chrome/105.0.0.0 Safari/537.36" "ysfine.com"
103.37.51.243 - - [11/Oct/2022:01:20:28 -0700] "GET /kobak/taylor33c.jpg HTTP/1.1" 200 39951 "https://ysfine.com/home/optics.html" "Mozilla/5.0 (Windows NT 10.0; Win64; x64) AppleWebKit/537.36 (KHTML, like Gecko) Chrome/105.0.0.0 Safari/537.36" "ysfine.com"
103.37.51.243 - - [11/Oct/2022:01:20:28 -0700] "GET /people/glauber05b.jpg HTTP/1.1" 200 38561 "https://ysfine.com/home/optics.html" "Mozilla/5.0 (Windows NT 10.0; Win64; x64) AppleWebKit/537.36 (KHTML, like Gecko) Chrome/105.0.0.0 Safari/537.36" "ysfine.com"
103.37.51.243 - - [11/Oct/2022:01:20:30 -0700] "GET /favicon.ico HTTP/1.1" 404 88 "https://ysfine.com/home/optics.html" "Mozilla/5.0 (Windows NT 10.0; Win64; x64) AppleWebKit/537.36 (KHTML, like Gecko) Chrome/105.0.0.0 Safari/537.36" "ysfine.com"
185.191.171.10 - - [11/Oct/2022:01:20:41 -0700] "GET /wigner/lunch.html HTTP/1.1" 200 3105 "-" "Mozilla/5.0 (compatible; SemrushBot/7~bl; +http://www.semrush.com/bot.html)" "ysfine.com"
157.55.39.128 - - [11/Oct/2022:01:21:01 -0700] "GET /feynman/ppic/entro22.jpg HTTP/1.1" 200 211234 "-" "Mozilla/5.0 AppleWebKit/537.36 (KHTML, like Gecko; compatible; bingbot/2.0; +http://www.bing.com/bingbot.htm) Chrome/103.0.5060.134 Safari/537.36" "www.ysfine.com"
192.0.113.210 - - [11/Oct/2022:01:21:28 -0700] "GET /kobak/sl628.jpg HTTP/1.1" 200 225100 "-" "Photon/1.0" "ysfine.com"
77.88.5.39 - - [11/Oct/2022:01:21:49 -0700] "GET /ffriends/britmuc02c.jpg HTTP/1.1" 200 41312 "-" "Mozilla/5.0 (compatible; YandexImages/3.0; +http://yandex.com/bots)" "www.ysfine.com"
40.77.167.27 - - [11/Oct/2022:01:21:59 -0700] "GET /style/socrates11.jpg HTTP/1.1" 200 81464 "-" "Mozilla/5.0 (compatible; bingbot/2.0; +http://www.bing.com/bingbot.htm)" "ysfine.com"
157.55.39.128 - - [11/Oct/2022:01:22:32 -0700] "GET /bio/kobak/soraech.html HTTP/1.1" 404 88 "-" "Mozilla/5.0 AppleWebKit/537.36 (KHTML, like Gecko; compatible; bingbot/2.0; +http://www.bing.com/bingbot.htm) Chrome/103.0.5060.134 Safari/537.36" "ysfine.com"
157.55.39.55 - - [11/Oct/2022:01:22:36 -0700] "GET /world/france/eiffel01.jpg HTTP/1.1" 200 81535 "-" "Mozilla/5.0 (compatible; bingbot/2.0; +http://www.bing.com/bingbot.htm)" "www.ysfine.com"
207.46.13.102 - - [11/Oct/2022:01:23:23 -0700] "GET /bio/einstein/bern.html HTTP/1.1" 404 88 "-" "Mozilla/5.0 AppleWebKit/537.36 (KHTML, like Gecko; compatible; bingbot/2.0; +http://www.bing.com/bingbot.htm) Chrome/103.0.5060.134 Safari/537.36" "ysfine.com"
40.77.167.27 - - [11/Oct/2022:01:23:40 -0700] "GET /sbk/2010paris77.jpg HTTP/1.1" 200 104029 "-" "Mozilla/5.0 (compatible; bingbot/2.0; +http://www.bing.com/bingbot.htm)" "ysfine.com"
74.207.243.22 - - [11/Oct/2022:01:23:42 -0700] "GET /wigner/neum/pvn03.jpg HTTP/1.1" 200 83757 "https://www.google.com/" "Mozilla/5.0 (Macintosh; Intel Mac OS X 10_15_7) AppleWebKit/537.36 (KHTML, like Gecko) Chrome/104.0.0.0 Safari/537.36" "ysfine.com"
74.207.243.22 - - [11/Oct/2022:01:23:58 -0700] "GET /wigner/neum/vnc03.jpg HTTP/1.1" 200 80421 "https://www.google.com/" "Mozilla/5.0 (Macintosh; Intel Mac OS X 10_15_7) AppleWebKit/537.36 (KHTML, like Gecko) Chrome/104.0.0.0 Safari/537.36" "ysfine.com"
40.77.167.27 - - [11/Oct/2022:01:24:30 -0700] "GET /world/spain/madrif03.jpg HTTP/1.1" 200 220646 "-" "Mozilla/5.0 (compatible; bingbot/2.0; +http://www.bing.com/bingbot.htm)" "www.ysfine.com"
157.55.39.55 - - [11/Oct/2022:01:25:35 -0700] "GET /feynman/feyyang11b.jpg HTTP/1.1" 200 35104 "-" "Mozilla/5.0 (compatible; bingbot/2.0; +http://www.bing.com/bingbot.htm)" "ysfine.com"
157.55.39.58 - - [11/Oct/2022:01:25:45 -0700] "GET /wdc/lafpark03.jpg HTTP/1.1" 200 124804 "-" "Mozilla/5.0 (compatible; bingbot/2.0; +http://www.bing.com/bingbot.htm)" "www.ysfine.com"
40.77.167.27 - - [11/Oct/2022:01:26:50 -0700] "GET /dirac/dirk62.html HTTP/1.1" 200 3930 "-" "Mozilla/5.0 (compatible; bingbot/2.0; +http://www.bing.com/bingbot.htm)" "www.ysfine.com"
157.55.39.127 - - [11/Oct/2022:01:26:53 -0700] "GET /world/brit/paddington07.jpg HTTP/1.1" 200 135154 "-" "Mozilla/5.0 (compatible; bingbot/2.0; +http://www.bing.com/bingbot.htm)" "ysfine.com"
157.55.39.55 - - [11/Oct/2022:01:27:16 -0700] "GET /world/ital/marcus11.jpg HTTP/1.1" 200 112744 "-" "Mozilla/5.0 (compatible; bingbot/2.0; +http://www.bing.com/bingbot.htm)" "ysfine.com"
40.77.167.27 - - [11/Oct/2022:01:27:29 -0700] "GET /home/comet55.jpg HTTP/1.1" 200 130274 "-" "Mozilla/5.0 (compatible; bingbot/2.0; +http://www.bing.com/bingbot.htm)" "ysfine.com"
118.184.177.49 - - [11/Oct/2022:01:28:13 -0700] "GET / HTTP/1.1" 200 5283 "-" "Sogou web spider/4.0(+http://www.sogou.com/docs/help/webmasters.htm#07)" "ysfine.com"
40.77.167.27 - - [11/Oct/2022:01:29:30 -0700] "GET /wigner/gim/gimn11b.jpg HTTP/1.1" 200 36652 "-" "Mozilla/5.0 (compatible; bingbot/2.0; +http://www.bing.com/bingbot.htm)" "ysfine.com"
157.55.39.55 - - [11/Oct/2022:01:29:36 -0700] "GET /dirac/nicodem11.jpg HTTP/1.1" 200 240297 "-" "Mozilla/5.0 AppleWebKit/537.36 (KHTML, like Gecko; compatible; bingbot/2.0; +http://www.bing.com/bingbot.htm) Chrome/103.0.5060.134 Safari/537.36" "ysfine.com"
157.55.39.58 - - [11/Oct/2022:01:29:46 -0700] "GET /world/ital/stcroce18.jpg HTTP/1.1" 200 111891 "-" "Mozilla/5.0 (compatible; bingbot/2.0; +http://www.bing.com/bingbot.htm)" "ysfine.com"
157.55.39.58 - - [11/Oct/2022:01:29:58 -0700] "GET /bio/world/brit/firew.html HTTP/1.1" 404 88 "-" "Mozilla/5.0 (compatible; bingbot/2.0; +http://www.bing.com/bingbot.htm)" "ysfine.com"
195.22.74.40 - - [11/Oct/2022:01:30:26 -0700] "GET /feynman/fjadwin.jpg HTTP/1.1" 200 63870 "https://www.google.se/" "Mozilla/5.0 (Macintosh; Intel Mac OS X 10_15_6) AppleWebKit/605.1.15 (KHTML, like Gecko) Version/15.6,2 Safari/605.1.15" "ysfine.com"
157.55.39.128 - - [11/Oct/2022:01:31:22 -0700] "GET /class54/class5470/total_data/sub_380.htm HTTP/1.1" 200 3306 "-" "Mozilla/5.0 AppleWebKit/537.36 (KHTML, like Gecko; compatible; bingbot/2.0; +http://www.bing.com/bingbot.htm) Chrome/103.0.5060.134 Safari/537.36" "ysfine.com"
157.55.39.58 - - [11/Oct/2022:01:32:26 -0700] "GET /wdc/wasmap11.jpg HTTP/1.1" 200 90827 "-" "Mozilla/5.0 AppleWebKit/537.36 (KHTML, like Gecko; compatible; bingbot/2.0; +http://www.bing.com/bingbot.htm) Chrome/103.0.5060.134 Safari/537.36" "ysfine.com"
157.55.39.127 - - [11/Oct/2022:01:32:34 -0700] "GET /wdc/pershing11.jpg HTTP/1.1" 200 112062 "-" "Mozilla/5.0 (compatible; bingbot/2.0; +http://www.bing.com/bingbot.htm)" "www.ysfine.com"
157.55.39.58 - - [11/Oct/2022:01:32:38 -0700] "GET /bio/world/brit/britmu.html HTTP/1.1" 404 88 "-" "Mozilla/5.0 (compatible; bingbot/2.0; +http://www.bing.com/bingbot.htm)" "ysfine.com"
157.55.39.128 - - [11/Oct/2022:01:32:42 -0700] "GET /world/israel/tlvf15.jpg HTTP/1.1" 200 257860 "-" "Mozilla/5.0 (compatible; bingbot/2.0; +http://www.bing.com/bingbot.htm)" "www.ysfine.com"
40.77.167.27 - - [11/Oct/2022:01:32:52 -0700] "GET /bio/eink/buybook.html HTTP/1.1" 404 88 "-" "Mozilla/5.0 (compatible; bingbot/2.0; +http://www.bing.com/bingbot.htm)" "ysfine.com"
157.55.39.58 - - [11/Oct/2022:01:33:37 -0700] "GET /world/russ/krem22.jpg HTTP/1.1" 200 119935 "-" "Mozilla/5.0 (compatible; bingbot/2.0; +http://www.bing.com/bingbot.htm)" "ysfine.com"
93.158.161.74 - - [11/Oct/2022:01:33:50 -0700] "GET /usca/pitt/idcard55.jpg HTTP/1.1" 200 104404 "-" "Mozilla/5.0 (compatible; YandexImages/3.0; +http://yandex.com/bots)" "www.ysfine.com"
103.37.51.243 - - [11/Oct/2022:01:33:59 -0700] "GET /einstein/photoel.html HTTP/1.1" 200 6054 "https://ysfine.com/home/optics.html" "Mozilla/5.0 (Windows NT 10.0; Win64; x64) AppleWebKit/537.36 (KHTML, like Gecko) Chrome/105.0.0.0 Safari/537.36" "ysfine.com"
103.37.51.243 - - [11/Oct/2022:01:33:59 -0700] "GET /einstein/photoelb.gif HTTP/1.1" 200 6551 "https://ysfine.com/einstein/photoel.html" "Mozilla/5.0 (Windows NT 10.0; Win64; x64) AppleWebKit/537.36 (KHTML, like Gecko) Chrome/105.0.0.0 Safari/537.36" "ysfine.com"
103.37.51.243 - - [11/Oct/2022:01:33:59 -0700] "GET /einstein/photoelr.gif HTTP/1.1" 200 4549 "https://ysfine.com/einstein/photoel.html" "Mozilla/5.0 (Windows NT 10.0; Win64; x64) AppleWebKit/537.36 (KHTML, like Gecko) Chrome/105.0.0.0 Safari/537.36" "ysfine.com"
207.46.13.102 - - [11/Oct/2022:01:34:05 -0700] "GET /bio/world/venice.html HTTP/1.1" 404 88 "-" "Mozilla/5.0 (compatible; bingbot/2.0; +http://www.bing.com/bingbot.htm)" "ysfine.com"
207.46.13.102 - - [11/Oct/2022:01:34:06 -0700] "GET /feynman/millik.jpg HTTP/1.1" 200 79301 "-" "Mozilla/5.0 (compatible; bingbot/2.0; +http://www.bing.com/bingbot.htm)" "ysfine.com"
40.77.167.27 - - [11/Oct/2022:01:34:32 -0700] "GET /bio/feynman/feykant.html HTTP/1.1" 404 88 "-" "Mozilla/5.0 (compatible; bingbot/2.0; +http://www.bing.com/bingbot.htm)" "ysfine.com"
120.230.12.200 - - [11/Oct/2022:01:34:34 -0700] "GET /world/china/shenyang14.jpg HTTP/1.1" 200 103066 "-" "Mozilla/5.0 (Windows NT 10.0; Win64; x64) AppleWebKit/537.36 (KHTML, like Gecko) Chrome/103.0.0.0 Safari/537.36" "ysfine.com"
173.73.80.118 - - [11/Oct/2022:01:35:11 -0700] "GET /ysbio/sing.html HTTP/1.1" 200 2601 "-" "Mozilla/5.0 (Windows NT 10.0; Win64; x64) AppleWebKit/537.36 (KHTML, like Gecko) Chrome/106.0.0.0 Safari/537.36 Edg/106.0.1370.37" "ysfine.com"
173.73.80.118 - - [11/Oct/2022:01:35:28 -0700] "GET /ysbio/eink/index.html HTTP/1.1" 200 17688 "https://ysfine.com/ysbio/sing.html" "Mozilla/5.0 (Windows NT 10.0; Win64; x64) AppleWebKit/537.36 (KHTML, like Gecko) Chrome/106.0.0.0 Safari/537.36 Edg/106.0.1370.37" "ysfine.com"
173.73.80.118 - - [11/Oct/2022:01:35:28 -0700] "GET /ysbio/eink/einhouse11c.jpg HTTP/1.1" 200 32610 "https://ysfine.com/ysbio/eink/index.html" "Mozilla/5.0 (Windows NT 10.0; Win64; x64) AppleWebKit/537.36 (KHTML, like Gecko) Chrome/106.0.0.0 Safari/537.36 Edg/106.0.1370.37" "ysfine.com"
173.73.80.118 - - [11/Oct/2022:01:35:28 -0700] "GET /ysbio/eink/einsaru22f.jpg HTTP/1.1" 200 76202 "https://ysfine.com/ysbio/eink/index.html" "Mozilla/5.0 (Windows NT 10.0; Win64; x64) AppleWebKit/537.36 (KHTML, like Gecko) Chrome/106.0.0.0 Safari/537.36 Edg/106.0.1370.37" "ysfine.com"
173.73.80.118 - - [11/Oct/2022:01:35:28 -0700] "GET /ysbio/einstein/eindc33c.jpg HTTP/1.1" 200 60609 "https://ysfine.com/ysbio/eink/index.html" "Mozilla/5.0 (Windows NT 10.0; Win64; x64) AppleWebKit/537.36 (KHTML, like Gecko) Chrome/106.0.0.0 Safari/537.36 Edg/106.0.1370.37" "ysfine.com"
173.73.80.118 - - [11/Oct/2022:01:35:28 -0700] "GET /ysbio/einstein/einglaub01c.jpg HTTP/1.1" 200 36935 "https://ysfine.com/ysbio/eink/index.html" "Mozilla/5.0 (Windows NT 10.0; Win64; x64) AppleWebKit/537.36 (KHTML, like Gecko) Chrome/106.0.0.0 Safari/537.36 Edg/106.0.1370.37" "ysfine.com"
173.73.80.118 - - [11/Oct/2022:01:35:28 -0700] "GET /ysbio/eink/lorentz21c.jpg HTTP/1.1" 200 36448 "https://ysfine.com/ysbio/eink/index.html" "Mozilla/5.0 (Windows NT 10.0; Win64; x64) AppleWebKit/537.36 (KHTML, like Gecko) Chrome/106.0.0.0 Safari/537.36 Edg/106.0.1370.37" "ysfine.com"
173.73.80.118 - - [11/Oct/2022:01:35:28 -0700] "GET /ysbio/eink/enterprize61c.jpg HTTP/1.1" 200 40611 "https://ysfine.com/ysbio/eink/index.html" "Mozilla/5.0 (Windows NT 10.0; Win64; x64) AppleWebKit/537.36 (KHTML, like Gecko) Chrome/106.0.0.0 Safari/537.36 Edg/106.0.1370.37" "ysfine.com"
173.73.80.118 - - [11/Oct/2022:01:35:28 -0700] "GET /ysbio/eink/timemag46c.jpg HTTP/1.1" 200 49661 "https://ysfine.com/ysbio/eink/index.html" "Mozilla/5.0 (Windows NT 10.0; Win64; x64) AppleWebKit/537.36 (KHTML, like Gecko) Chrome/106.0.0.0 Safari/537.36 Edg/106.0.1370.37" "ysfine.com"
173.73.80.118 - - [11/Oct/2022:01:35:28 -0700] "GET /ysbio/eink/emc22c.jpg HTTP/1.1" 200 32175 "https://ysfine.com/ysbio/eink/index.html" "Mozilla/5.0 (Windows NT 10.0; Win64; x64) AppleWebKit/537.36 (KHTML, like Gecko) Chrome/106.0.0.0 Safari/537.36 Edg/106.0.1370.37" "ysfine.com"
173.73.80.118 - - [11/Oct/2022:01:35:28 -0700] "GET /ysbio/eink/pwk33c.jpg HTTP/1.1" 200 30700 "https://ysfine.com/ysbio/eink/index.html" "Mozilla/5.0 (Windows NT 10.0; Win64; x64) AppleWebKit/537.36 (KHTML, like Gecko) Chrome/106.0.0.0 Safari/537.36 Edg/106.0.1370.37" "ysfine.com"
173.73.80.118 - - [11/Oct/2022:01:35:28 -0700] "GET /ysbio/eink/ecitizen40c.jpg HTTP/1.1" 200 29979 "https://ysfine.com/ysbio/eink/index.html" "Mozilla/5.0 (Windows NT 10.0; Win64; x64) AppleWebKit/537.36 (KHTML, like Gecko) Chrome/106.0.0.0 Safari/537.36 Edg/106.0.1370.37" "ysfine.com"
173.73.80.118 - - [11/Oct/2022:01:35:28 -0700] "GET /ysbio/eink/tollwig11c.jpg HTTP/1.1" 200 30318 "https://ysfine.com/ysbio/eink/index.html" "Mozilla/5.0 (Windows NT 10.0; Win64; x64) AppleWebKit/537.36 (KHTML, like Gecko) Chrome/106.0.0.0 Safari/537.36 Edg/106.0.1370.37" "ysfine.com"
173.73.80.118 - - [11/Oct/2022:01:35:28 -0700] "GET /ysbio/eink/parton900.jpg HTTP/1.1" 200 126652 "https://ysfine.com/ysbio/eink/index.html" "Mozilla/5.0 (Windows NT 10.0; Win64; x64) AppleWebKit/537.36 (KHTML, like Gecko) Chrome/106.0.0.0 Safari/537.36 Edg/106.0.1370.37" "ysfine.com"
173.73.80.118 - - [11/Oct/2022:01:35:28 -0700] "GET /ysbio/feynman/feynman300.jpg HTTP/1.1" 200 18273 "https://ysfine.com/ysbio/eink/index.html" "Mozilla/5.0 (Windows NT 10.0; Win64; x64) AppleWebKit/537.36 (KHTML, like Gecko) Chrome/106.0.0.0 Safari/537.36 Edg/106.0.1370.37" "ysfine.com"
173.73.80.118 - - [11/Oct/2022:01:35:28 -0700] "GET /ysbio/feynman/feydirac300.jpg HTTP/1.1" 200 38223 "https://ysfine.com/ysbio/eink/index.html" "Mozilla/5.0 (Windows NT 10.0; Win64; x64) AppleWebKit/537.36 (KHTML, like Gecko) Chrome/106.0.0.0 Safari/537.36 Edg/106.0.1370.37" "ysfine.com"
173.73.80.118 - - [11/Oct/2022:01:35:28 -0700] "GET /ysbio/eink/comet900.jpg HTTP/1.1" 200 110150 "https://ysfine.com/ysbio/eink/index.html" "Mozilla/5.0 (Windows NT 10.0; Win64; x64) AppleWebKit/537.36 (KHTML, like Gecko) Chrome/106.0.0.0 Safari/537.36 Edg/106.0.1370.37" "ysfine.com"
173.73.80.118 - - [11/Oct/2022:01:35:28 -0700] "GET /ysbio/eink/newtein77f.jpg HTTP/1.1" 200 46322 "https://ysfine.com/ysbio/eink/index.html" "Mozilla/5.0 (Windows NT 10.0; Win64; x64) AppleWebKit/537.36 (KHTML, like Gecko) Chrome/106.0.0.0 Safari/537.36 Edg/106.0.1370.37" "ysfine.com"
173.73.80.118 - - [11/Oct/2022:01:35:28 -0700] "GET /ysbio/eink/einbohr11c.jpg HTTP/1.1" 200 37811 "https://ysfine.com/ysbio/eink/index.html" "Mozilla/5.0 (Windows NT 10.0; Win64; x64) AppleWebKit/537.36 (KHTML, like Gecko) Chrome/106.0.0.0 Safari/537.36 Edg/106.0.1370.37" "ysfine.com"
173.73.80.118 - - [11/Oct/2022:01:35:28 -0700] "GET /ysbio/eink/ewk86f.jpg HTTP/1.1" 200 122173 "https://ysfine.com/ysbio/eink/index.html" "Mozilla/5.0 (Windows NT 10.0; Win64; x64) AppleWebKit/537.36 (KHTML, like Gecko) Chrome/106.0.0.0 Safari/537.36 Edg/106.0.1370.37" "ysfine.com"
173.73.80.118 - - [11/Oct/2022:01:35:28 -0700] "GET /ysbio/eink/abomb66c.jpg HTTP/1.1" 200 22350 "https://ysfine.com/ysbio/eink/index.html" "Mozilla/5.0 (Windows NT 10.0; Win64; x64) AppleWebKit/537.36 (KHTML, like Gecko) Chrome/106.0.0.0 Safari/537.36 Edg/106.0.1370.37" "ysfine.com"
173.73.80.118 - - [11/Oct/2022:01:35:28 -0700] "GET /ysbio/eink/feyfirm66c.jpg HTTP/1.1" 200 30766 "https://ysfine.com/ysbio/eink/index.html" "Mozilla/5.0 (Windows NT 10.0; Win64; x64) AppleWebKit/537.36 (KHTML, like Gecko) Chrome/106.0.0.0 Safari/537.36 Edg/106.0.1370.37" "ysfine.com"
173.73.80.118 - - [11/Oct/2022:01:35:28 -0700] "GET /ysbio/eink/iop21c.jpg HTTP/1.1" 200 31991 "https://ysfine.com/ysbio/eink/index.html" "Mozilla/5.0 (Windows NT 10.0; Win64; x64) AppleWebKit/537.36 (KHTML, like Gecko) Chrome/106.0.0.0 Safari/537.36 Edg/106.0.1370.37" "ysfine.com"
173.73.80.118 - - [11/Oct/2022:01:35:28 -0700] "GET /ysbio/eink/weber88c.jpg HTTP/1.1" 200 24641 "https://ysfine.com/ysbio/eink/index.html" "Mozilla/5.0 (Windows NT 10.0; Win64; x64) AppleWebKit/537.36 (KHTML, like Gecko) Chrome/106.0.0.0 Safari/537.36 Edg/106.0.1370.37" "ysfine.com"
173.73.80.118 - - [11/Oct/2022:01:35:28 -0700] "GET /ysbio/eink/feynman43c.jpg HTTP/1.1" 200 39256 "https://ysfine.com/ysbio/eink/index.html" "Mozilla/5.0 (Windows NT 10.0; Win64; x64) AppleWebKit/537.36 (KHTML, like Gecko) Chrome/106.0.0.0 Safari/537.36 Edg/106.0.1370.37" "ysfine.com"
173.73.80.118 - - [11/Oct/2022:01:35:28 -0700] "GET /ysbio/eink/capitol05c.jpg HTTP/1.1" 200 23405 "https://ysfine.com/ysbio/eink/index.html" "Mozilla/5.0 (Windows NT 10.0; Win64; x64) AppleWebKit/537.36 (KHTML, like Gecko) Chrome/106.0.0.0 Safari/537.36 Edg/106.0.1370.37" "ysfine.com"
173.73.80.118 - - [11/Oct/2022:01:35:28 -0700] "GET /ysbio/home/taylor500.jpg HTTP/1.1" 404 88 "https://ysfine.com/ysbio/eink/index.html" "Mozilla/5.0 (Windows NT 10.0; Win64; x64) AppleWebKit/537.36 (KHTML, like Gecko) Chrome/106.0.0.0 Safari/537.36 Edg/106.0.1370.37" "ysfine.com"
173.73.80.118 - - [11/Oct/2022:01:35:28 -0700] "GET /ysbio/home/eink77c.jpg HTTP/1.1" 404 88 "https://ysfine.com/ysbio/eink/index.html" "Mozilla/5.0 (Windows NT 10.0; Win64; x64) AppleWebKit/537.36 (KHTML, like Gecko) Chrome/106.0.0.0 Safari/537.36 Edg/106.0.1370.37" "ysfine.com"
173.73.80.118 - - [11/Oct/2022:01:35:28 -0700] "GET /ysbio/eink/kbrain11f.jpg HTTP/1.1" 200 56023 "https://ysfine.com/ysbio/eink/index.html" "Mozilla/5.0 (Windows NT 10.0; Win64; x64) AppleWebKit/537.36 (KHTML, like Gecko) Chrome/106.0.0.0 Safari/537.36 Edg/106.0.1370.37" "ysfine.com"
173.73.80.118 - - [11/Oct/2022:01:35:28 -0700] "GET /ysbio/dirac/o32inho22c.jpg HTTP/1.1" 200 33038 "https://ysfine.com/ysbio/eink/index.html" "Mozilla/5.0 (Windows NT 10.0; Win64; x64) AppleWebKit/537.36 (KHTML, like Gecko) Chrome/106.0.0.0 Safari/537.36 Edg/106.0.1370.37" "ysfine.com"
173.73.80.118 - - [11/Oct/2022:01:35:28 -0700] "GET /ysbio/eink/einbern66c.jpg HTTP/1.1" 200 51134 "https://ysfine.com/ysbio/eink/index.html" "Mozilla/5.0 (Windows NT 10.0; Win64; x64) AppleWebKit/537.36 (KHTML, like Gecko) Chrome/106.0.0.0 Safari/537.36 Edg/106.0.1370.37" "ysfine.com"
173.73.80.118 - - [11/Oct/2022:01:35:28 -0700] "GET /ysbio/eink/einbohr900.jpg HTTP/1.1" 200 62710 "https://ysfine.com/ysbio/eink/index.html" "Mozilla/5.0 (Windows NT 10.0; Win64; x64) AppleWebKit/537.36 (KHTML, like Gecko) Chrome/106.0.0.0 Safari/537.36 Edg/106.0.1370.37" "ysfine.com"
173.73.80.118 - - [11/Oct/2022:01:35:28 -0700] "GET /ysbio/eink/further22f.jpg HTTP/1.1" 200 99099 "https://ysfine.com/ysbio/eink/index.html" "Mozilla/5.0 (Windows NT 10.0; Win64; x64) AppleWebKit/537.36 (KHTML, like Gecko) Chrome/106.0.0.0 Safari/537.36 Edg/106.0.1370.37" "ysfine.com"
173.73.80.118 - - [11/Oct/2022:01:35:28 -0700] "GET /ysbio/eink/church06c.jpg HTTP/1.1" 200 33897 "https://ysfine.com/ysbio/eink/index.html" "Mozilla/5.0 (Windows NT 10.0; Win64; x64) AppleWebKit/537.36 (KHTML, like Gecko) Chrome/106.0.0.0 Safari/537.36 Edg/106.0.1370.37" "ysfine.com"
173.73.80.118 - - [11/Oct/2022:01:35:28 -0700] "GET /ysbio/kowar/tanks/tank05c.jpg HTTP/1.1" 200 33583 "https://ysfine.com/ysbio/eink/index.html" "Mozilla/5.0 (Windows NT 10.0; Win64; x64) AppleWebKit/537.36 (KHTML, like Gecko) Chrome/106.0.0.0 Safari/537.36 Edg/106.0.1370.37" "ysfine.com"
173.73.80.118 - - [11/Oct/2022:01:35:28 -0700] "GET /ysbio/eink/dirackn900.jpg HTTP/1.1" 200 121605 "https://ysfine.com/ysbio/eink/index.html" "Mozilla/5.0 (Windows NT 10.0; Win64; x64) AppleWebKit/537.36 (KHTML, like Gecko) Chrome/106.0.0.0 Safari/537.36 Edg/106.0.1370.37" "ysfine.com"
173.73.80.118 - - [11/Oct/2022:01:35:28 -0700] "GET /ysbio/eink/comet40f.jpg HTTP/1.1" 200 97314 "https://ysfine.com/ysbio/eink/index.html" "Mozilla/5.0 (Windows NT 10.0; Win64; x64) AppleWebKit/537.36 (KHTML, like Gecko) Chrome/106.0.0.0 Safari/537.36 Edg/106.0.1370.37" "ysfine.com"
173.73.80.118 - - [11/Oct/2022:01:35:28 -0700] "GET /ysbio/eink/berlinmus05c.jpg HTTP/1.1" 200 33956 "https://ysfine.com/ysbio/eink/index.html" "Mozilla/5.0 (Windows NT 10.0; Win64; x64) AppleWebKit/537.36 (KHTML, like Gecko) Chrome/106.0.0.0 Safari/537.36 Edg/106.0.1370.37" "ysfine.com"
173.73.80.118 - - [11/Oct/2022:01:35:28 -0700] "GET /ysbio/dirac/dirac39c.jpg HTTP/1.1" 200 54568 "https://ysfine.com/ysbio/eink/index.html" "Mozilla/5.0 (Windows NT 10.0; Win64; x64) AppleWebKit/537.36 (KHTML, like Gecko) Chrome/106.0.0.0 Safari/537.36 Edg/106.0.1370.37" "ysfine.com"
103.37.51.243 - - [11/Oct/2022:01:35:56 -0700] "GET /yspapers/iopbook15.pdf HTTP/1.1" 200 2962673 "https://www.google.com/" "Mozilla/5.0 (Windows NT 10.0; Win64; x64) AppleWebKit/537.36 (KHTML, like Gecko) Chrome/105.0.0.0 Safari/537.36" "ysfine.com"
207.46.13.102 - - [11/Oct/2022:01:36:05 -0700] "GET /bio/princeton/index.html HTTP/1.1" 404 88 "-" "Mozilla/5.0 (compatible; bingbot/2.0; +http://www.bing.com/bingbot.htm)" "ysfine.com"
66.249.66.44 - - [11/Oct/2022:01:36:43 -0700] "GET /kobak/yalta22.jpg HTTP/1.1" 304 - "-" "Googlebot-Image/1.0" "ysfine.com"
120.230.12.200 - - [11/Oct/2022:01:36:47 -0700] "GET /world/china/shenyang14b.jpg HTTP/1.1" 200 38306 "-" "Mozilla/5.0 (Windows NT 10.0; Win64; x64) AppleWebKit/537.36 (KHTML, like Gecko) Chrome/103.0.0.0 Safari/537.36" "ysfine.com"
157.55.39.55 - - [11/Oct/2022:01:37:17 -0700] "GET /world/russ/kiev008.jpg HTTP/1.1" 200 60978 "-" "Mozilla/5.0 AppleWebKit/537.36 (KHTML, like Gecko; compatible; bingbot/2.0; +http://www.bing.com/bingbot.htm) Chrome/103.0.5060.134 Safari/537.36" "ysfine.com"
207.46.13.102 - - [11/Oct/2022:01:37:25 -0700] "GET /bio/princeton/sbt.html HTTP/1.1" 404 88 "-" "Mozilla/5.0 (compatible; bingbot/2.0; +http://www.bing.com/bingbot.htm)" "ysfine.com"
157.55.39.128 - - [11/Oct/2022:01:38:03 -0700] "GET /kobak/sl628.jpg HTTP/1.1" 200 225100 "-" "Mozilla/5.0 (compatible; bingbot/2.0; +http://www.bing.com/bingbot.htm)" "ysfine.com"
185.191.171.24 - - [11/Oct/2022:01:38:29 -0700] "GET /confer/applied.html HTTP/1.1" 200 3735 "-" "Mozilla/5.0 (compatible; SemrushBot/7~bl; +http://www.semrush.com/bot.html)" "ysfine.com"
40.77.167.27 - - [11/Oct/2022:01:38:41 -0700] "GET /world/russ/roskei94.jpg HTTP/1.1" 200 108504 "-" "Mozilla/5.0 (compatible; bingbot/2.0; +http://www.bing.com/bingbot.htm)" "www.ysfine.com"
24.69.178.114 - - [11/Oct/2022:01:38:53 -0700] "GET /kowar/provis01.jpg HTTP/1.1" 200 103920 "https://www.google.com/" "Mozilla/5.0 (X11; Linux x86_64; rv:100.0) Gecko/20100101 Firefox/100.0" "ysfine.com"
178.23.132.243 - - [11/Oct/2022:01:39:29 -0700] "GET /style/musee/berlinmus12.jpg HTTP/1.1" 200 84194 "https://www.bing.com/" "Mozilla/5.0 (Windows NT 10.0; Win64; x64) AppleWebKit/537.36 (KHTML, like Gecko) Chrome/105.0.0.0 Safari/537.36 Edg/105.0.1343.53" "www.ysfine.com"
185.191.171.3 - - [11/Oct/2022:01:39:57 -0700] "GET /world/muplace.html HTTP/1.1" 200 22028 "-" "Mozilla/5.0 (compatible; SemrushBot/7~bl; +http://www.semrush.com/bot.html)" "ysfine.com"
207.46.13.102 - - [11/Oct/2022:01:40:15 -0700] "GET /bio/style/music.html HTTP/1.1" 404 88 "-" "Mozilla/5.0 (compatible; bingbot/2.0; +http://www.bing.com/bingbot.htm)" "ysfine.com"
101.189.207.62 - - [11/Oct/2022:01:42:24 -0700] "GET /kowar/tanks/tank03.jpg HTTP/1.1" 200 106726 "https://www.google.com/" "Mozilla/5.0 (Windows NT 10.0; Win64; x64) AppleWebKit/537.36 (KHTML, like Gecko) Chrome/106.0.0.0 Safari/537.36" "ysfine.com"
40.77.167.27 - - [11/Oct/2022:01:43:21 -0700] "GET /world/brit/oxlon31.jpg HTTP/1.1" 200 109478 "-" "Mozilla/5.0 (compatible; bingbot/2.0; +http://www.bing.com/bingbot.htm)" "ysfine.com"
157.55.39.58 - - [11/Oct/2022:01:43:59 -0700] "GET /bio/maga/galtime.html HTTP/1.1" 404 88 "-" "Mozilla/5.0 (compatible; bingbot/2.0; +http://www.bing.com/bingbot.htm)" "ysfine.com"
157.55.39.128 - - [11/Oct/2022:01:45:44 -0700] "GET /feynman/ptoday89b.jpg HTTP/1.1" 200 46537 "-" "Mozilla/5.0 (compatible; bingbot/2.0; +http://www.bing.com/bingbot.htm)" "ysfine.com"
157.55.39.55 - - [11/Oct/2022:01:45:59 -0700] "GET /bio/style/ystyle.html HTTP/1.1" 404 88 "-" "Mozilla/5.0 (compatible; bingbot/2.0; +http://www.bing.com/bingbot.htm)" "ysfine.com"
157.55.39.58 - - [11/Oct/2022:01:46:57 -0700] "GET /world/brit/lontaxi15.jpg HTTP/1.1" 200 69574 "-" "Mozilla/5.0 AppleWebKit/537.36 (KHTML, like Gecko; compatible; bingbot/2.0; +http://www.bing.com/bingbot.htm) Chrome/103.0.5060.134 Safari/537.36" "ysfine.com"
207.46.13.102 - - [11/Oct/2022:01:47:05 -0700] "GET /bio/awards/iao.html HTTP/1.1" 404 88 "-" "Mozilla/5.0 (compatible; bingbot/2.0; +http://www.bing.com/bingbot.htm)" "ysfine.com"
157.55.39.55 - - [11/Oct/2022:01:47:10 -0700] "GET /wdc/gtown26b.jpg HTTP/1.1" 200 28183 "-" "Mozilla/5.0 (compatible; bingbot/2.0; +http://www.bing.com/bingbot.htm)" "ysfine.com"
157.55.39.127 - - [11/Oct/2022:01:47:46 -0700] "GET /world/russ/roskei10.jpg HTTP/1.1" 200 75892 "-" "Mozilla/5.0 (compatible; bingbot/2.0; +http://www.bing.com/bingbot.htm)" "www.ysfine.com"
3.142.172.163 - - [11/Oct/2022:01:48:05 -0700] "GET /robots.txt HTTP/1.1" 404 88 "-" "WhatStuffWhereBot" "ysfine.com"
18.219.167.187 - - [11/Oct/2022:01:48:06 -0700] "GET / HTTP/1.1" 200 5283 "-" "Mozilla/5.0 (Windows NT 6.1; Win64; x64) AppleWebKit/537.36 (KHTML, like Gecko) Chrome/60.0.3112.90 Safari/537.36" "ysfine.com"
157.55.39.127 - - [11/Oct/2022:01:48:08 -0700] "GET /bio/princeton/dulles.html HTTP/1.1" 404 88 "-" "Mozilla/5.0 AppleWebKit/537.36 (KHTML, like Gecko; compatible; bingbot/2.0; +http://www.bing.com/bingbot.htm) Chrome/103.0.5060.134 Safari/537.36" "ysfine.com"
157.55.39.128 - - [11/Oct/2022:01:49:24 -0700] "GET /einstein/jsbell02b.jpg HTTP/1.1" 200 27021 "-" "Mozilla/5.0 (compatible; bingbot/2.0; +http://www.bing.com/bingbot.htm)" "ysfine.com"
173.73.80.118 - - [11/Oct/2022:01:50:11 -0700] "GET /ysbio/ewk86k.jpg HTTP/1.1" 200 103154 "https://ysfine.com/ysbio/sing.html?fbclid=IwAR2xKZ8cYKG9VLVsbYXsQTStbuEFt0Lx_vvpUc2qMMM0re2NMuf6wYo5_GM" "Mozilla/5.0 (Windows NT 10.0; Win64; x64) AppleWebKit/537.36 (KHTML, like Gecko) Chrome/105.0.0.0 Safari/537.36" "ysfine.com"
173.73.80.118 - - [11/Oct/2022:01:50:11 -0700] "GET /ysbio/sing.html?fbclid=IwAR2xKZ8cYKG9VLVsbYXsQTStbuEFt0Lx_vvpUc2qMMM0re2NMuf6wYo5_GM HTTP/1.1" 200 2605 "https://l.facebook.com/" "Mozilla/5.0 (Windows NT 10.0; Win64; x64) AppleWebKit/537.36 (KHTML, like Gecko) Chrome/105.0.0.0 Safari/537.36" "ysfine.com"
40.77.167.27 - - [11/Oct/2022:01:50:22 -0700] "GET /world/germany/vienna05b.jpg HTTP/1.1" 200 55394 "-" "Mozilla/5.0 (compatible; bingbot/2.0; +http://www.bing.com/bingbot.htm)" "ysfine.com"
207.46.13.102 - - [11/Oct/2022:01:51:06 -0700] "GET /bio/einstein/bern.html HTTP/1.1" 404 88 "-" "Mozilla/5.0 (compatible; bingbot/2.0; +http://www.bing.com/bingbot.htm)" "ysfine.com"
81.17.57.144 - - [11/Oct/2022:01:51:08 -0700] "GET /robots.txt HTTP/1.1" 404 73 "-" "Mozilla/5.0 (compatible; MJ12bot/v1.4.8; http://mj12bot.com/)" "ysfine.com"
157.55.39.58 - - [11/Oct/2022:01:51:09 -0700] "GET /dongio/mongo04b.jpg HTTP/1.1" 404 88 "-" "Mozilla/5.0 (compatible; bingbot/2.0; +http://www.bing.com/bingbot.htm)" "ysfine.com"
81.17.57.144 - - [11/Oct/2022:01:51:10 -0700] "GET / HTTP/1.1" 200 5283 "-" "Mozilla/5.0 (compatible; MJ12bot/v1.4.8; http://mj12bot.com/)" "ysfine.com"
81.17.57.144 - - [11/Oct/2022:01:51:11 -0700] "GET /robots.txt HTTP/1.1" 404 73 "-" "Mozilla/5.0 (compatible; MJ12bot/v1.4.8; http://mj12bot.com/)" "www.ysfine.com"
81.17.57.144 - - [11/Oct/2022:01:51:12 -0700] "GET / HTTP/1.1" 200 5283 "-" "Mozilla/5.0 (compatible; MJ12bot/v1.4.8; http://mj12bot.com/)" "www.ysfine.com"
173.73.80.118 - - [11/Oct/2022:01:51:20 -0700] "GET /ysbio/awards/index.html?fbclid=IwAR15P91NSoGgNn89iDXcDDu2BG8bES1MpZvGUh5cHPzcycKOFlOMVI8JmMw HTTP/1.1" 200 9969 "https://l.facebook.com/" "Mozilla/5.0 (Windows NT 10.0; Win64; x64) AppleWebKit/537.36 (KHTML, like Gecko) Chrome/105.0.0.0 Safari/537.36" "ysfine.com"
173.73.80.118 - - [11/Oct/2022:01:51:20 -0700] "GET /ysbio/home/yspr61d.jpg HTTP/1.1" 404 88 "https://ysfine.com/ysbio/awards/index.html?fbclid=IwAR15P91NSoGgNn89iDXcDDu2BG8bES1MpZvGUh5cHPzcycKOFlOMVI8JmMw" "Mozilla/5.0 (Windows NT 10.0; Win64; x64) AppleWebKit/537.36 (KHTML, like Gecko) Chrome/105.0.0.0 Safari/537.36" "ysfine.com"
173.73.80.118 - - [11/Oct/2022:01:51:20 -0700] "GET /ysbio/home/ewk86f.jpg HTTP/1.1" 404 88 "https://ysfine.com/ysbio/awards/index.html?fbclid=IwAR15P91NSoGgNn89iDXcDDu2BG8bES1MpZvGUh5cHPzcycKOFlOMVI8JmMw" "Mozilla/5.0 (Windows NT 10.0; Win64; x64) AppleWebKit/537.36 (KHTML, like Gecko) Chrome/105.0.0.0 Safari/537.36" "ysfine.com"
185.191.171.12 - - [11/Oct/2022:01:51:35 -0700] "GET /world/florence.html HTTP/1.1" 200 9706 "-" "Mozilla/5.0 (compatible; SemrushBot/7~bl; +http://www.semrush.com/bot.html)" "ysfine.com"
173.73.80.118 - - [11/Oct/2022:01:52:33 -0700] "GET /ysbio/awards/index.html?fbclid=IwAR3RbH4wBWZXs9Udg-Y323jL3S_3VXTjGk1adCYW6QFbBQEpsRdrt4BFEyg HTTP/1.1" 200 9969 "https://l.facebook.com/" "Mozilla/5.0 (Windows NT 10.0; Win64; x64) AppleWebKit/537.36 (KHTML, like Gecko) Chrome/105.0.0.0 Safari/537.36" "ysfine.com"
173.73.80.118 - - [11/Oct/2022:01:52:33 -0700] "GET /ysbio/home/yspr61d.jpg HTTP/1.1" 404 88 "https://ysfine.com/ysbio/awards/index.html?fbclid=IwAR3RbH4wBWZXs9Udg-Y323jL3S_3VXTjGk1adCYW6QFbBQEpsRdrt4BFEyg" "Mozilla/5.0 (Windows NT 10.0; Win64; x64) AppleWebKit/537.36 (KHTML, like Gecko) Chrome/105.0.0.0 Safari/537.36" "ysfine.com"
173.73.80.118 - - [11/Oct/2022:01:52:33 -0700] "GET /ysbio/home/ewk86f.jpg HTTP/1.1" 404 88 "https://ysfine.com/ysbio/awards/index.html?fbclid=IwAR3RbH4wBWZXs9Udg-Y323jL3S_3VXTjGk1adCYW6QFbBQEpsRdrt4BFEyg" "Mozilla/5.0 (Windows NT 10.0; Win64; x64) AppleWebKit/537.36 (KHTML, like Gecko) Chrome/105.0.0.0 Safari/537.36" "ysfine.com"
40.77.167.27 - - [11/Oct/2022:01:53:12 -0700] "GET /style/rigaopera11b.jpg HTTP/1.1" 200 40758 "-" "Mozilla/5.0 (compatible; bingbot/2.0; +http://www.bing.com/bingbot.htm)" "www.ysfine.com"
207.46.13.102 - - [11/Oct/2022:01:53:46 -0700] "GET /ffriends/aline/airfr22.jpg HTTP/1.1" 200 128992 "-" "Mozilla/5.0 AppleWebKit/537.36 (KHTML, like Gecko; compatible; bingbot/2.0; +http://www.bing.com/bingbot.htm) Chrome/103.0.5060.134 Safari/537.36" "ysfine.com"
40.77.167.27 - - [11/Oct/2022:01:53:53 -0700] "GET /home/comet500.jpg HTTP/1.1" 200 47199 "-" "Mozilla/5.0 (compatible; bingbot/2.0; +http://www.bing.com/bingbot.htm)" "ysfine.com"
114.119.128.158 - - [11/Oct/2022:01:53:56 -0700] "GET /yspapers/symmetry13.pdf HTTP/1.1" 200 303195 "https://www.ysfine.com/einstein/eink10.html" "Mozilla/5.0 (Linux; Android 7.0;) AppleWebKit/537.36 (KHTML, like Gecko) Mobile Safari/537.36 (compatible; PetalBot;+https://webmaster.petalsearch.com/site/petalbot)" "www.ysfine.com"
41.79.127.47 - - [11/Oct/2022:01:54:03 -0700] "GET /wigner/neum/vnc01.jpg HTTP/1.1" 200 133641 "-" "Mozilla/5.0 (Linux; Android 7.0; Redmi Note 4 Build/NRD90M) AppleWebKit/537.36 (KHTML, like Gecko) Chrome/64.0.3282.137 Mobile Safari/537.36" "ysfine.com"
157.55.39.128 - - [11/Oct/2022:01:54:06 -0700] "GET /bio/einstein/ulm.html HTTP/1.1" 404 88 "-" "Mozilla/5.0 (compatible; bingbot/2.0; +http://www.bing.com/bingbot.htm)" "ysfine.com"
157.55.39.58 - - [11/Oct/2022:01:54:49 -0700] "GET /world/germany/vienna15.jpg HTTP/1.1" 200 138576 "-" "Mozilla/5.0 (compatible; bingbot/2.0; +http://www.bing.com/bingbot.htm)" "ysfine.com"
157.55.39.55 - - [11/Oct/2022:01:55:09 -0700] "GET /wdc/stud72.jpg HTTP/1.1" 200 113626 "-" "Mozilla/5.0 (compatible; bingbot/2.0; +http://www.bing.com/bingbot.htm)" "ysfine.com"
121.4.79.217 - - [11/Oct/2022:01:55:22 -0700] "GET / HTTP/1.1" 200 5283 "-" "Mozilla/5.0 (Linux; Android 6.0; Nexus 5 Build/MRA58N) AppleWebKit/537.36 (KHTML, like Gecko) Chrome/81.0.4044.138 Mobile Safari/537.36" "ysfine.com"
80.13.231.127 - - [11/Oct/2022:01:55:59 -0700] "GET /wigner/neum/vnc01.jpg HTTP/1.1" 200 133641 "https://www.bing.com/images/search?q=john+von+neumann+invention&form=HDRSC2&first=1&tsc=ImageHoverTitle" "Mozilla/5.0 (Windows NT 6.1; WOW64; Trident/7.0; rv:11.0) like Gecko" "ysfine.com"
80.13.231.127 - - [11/Oct/2022:01:55:59 -0700] "GET /wigner/neum/vnc02.jpg HTTP/1.1" 200 122957 "https://www.bing.com/images/search?q=john+von+neumann+invention&form=HDRSC2&first=1&tsc=ImageHoverTitle" "Mozilla/5.0 (Windows NT 6.1; WOW64; Trident/7.0; rv:11.0) like Gecko" "ysfine.com"
185.191.171.34 - - [11/Oct/2022:01:56:17 -0700] "GET /bio/index.html HTTP/1.1" 404 88 "-" "Mozilla/5.0 (compatible; SemrushBot/7~bl; +http://www.semrush.com/bot.html)" "www.ysfine.com"
40.77.167.27 - - [11/Oct/2022:01:57:03 -0700] "GET /world/russ/gum29.jpg HTTP/1.1" 200 88532 "-" "Mozilla/5.0 (compatible; bingbot/2.0; +http://www.bing.com/bingbot.htm)" "ysfine.com"
93.158.161.47 - - [11/Oct/2022:01:57:05 -0700] "GET /robots.txt HTTP/1.1" 404 73 "-" "Mozilla/5.0 (compatible; YandexBot/3.0; +http://yandex.com/bots)" "www.ysfine.com"
77.88.5.174 - - [11/Oct/2022:01:57:09 -0700] "GET /ffriends/taiwan02.jpg HTTP/1.1" 200 157077 "-" "Mozilla/5.0 (compatible; YandexImages/3.0; +http://yandex.com/bots)" "www.ysfine.com"
185.191.171.7 - - [11/Oct/2022:01:57:50 -0700] "GET /style/leica.html HTTP/1.1" 200 17158 "-" "Mozilla/5.0 (compatible; SemrushBot/7~bl; +http://www.semrush.com/bot.html)" "www.ysfine.com"
141.89.218.113 - - [11/Oct/2022:01:58:09 -0700] "GET /einstein/einplanck3.jpg HTTP/1.1" 200 37784 "https://www.google.com/" "Mozilla/5.0 (Windows NT 10.0; Win64; x64) AppleWebKit/537.36 (KHTML, like Gecko) Chrome/106.0.0.0 Safari/537.36" "ysfine.com"
