157.55.39.58 - - [11/Oct/2022:01:59:50 -0700] "GET /feynman/fphoto.html HTTP/1.1" 200 3714 "-" "Mozilla/5.0 (compatible; bingbot/2.0; +http://www.bing.com/bingbot.htm)" "ysfine.com"
185.191.171.33 - - [11/Oct/2022:01:59:55 -0700] "GET /world/vienna.html HTTP/1.1" 200 7048 "-" "Mozilla/5.0 (compatible; SemrushBot/7~bl; +http://www.semrush.com/bot.html)" "ysfine.com"
157.55.39.55 - - [11/Oct/2022:02:00:30 -0700] "GET /bio/princeton/campus.html HTTP/1.1" 404 88 "-" "Mozilla/5.0 (compatible; bingbot/2.0; +http://www.bing.com/bingbot.htm)" "ysfine.com"
80.254.244.215 - - [11/Oct/2022:02:00:59 -0700] "GET /einstein/einbohr33.jpg HTTP/1.1" 200 87797 "https://www.google.com/" "Mozilla/5.0 (Windows NT 10.0; Win64; x64) AppleWebKit/537.36 (KHTML, like Gecko) Chrome/106.0.0.0 Safari/537.36" "ysfine.com"
157.55.39.127 - - [11/Oct/2022:02:01:07 -0700] "GET /bio/feynman/feynbot.html HTTP/1.1" 404 88 "-" "Mozilla/5.0 (compatible; bingbot/2.0; +http://www.bing.com/bingbot.htm)" "ysfine.com"
40.77.167.27 - - [11/Oct/2022:02:01:33 -0700] "GET /world/russ/kazan027.jpg HTTP/1.1" 200 76345 "-" "Mozilla/5.0 (compatible; bingbot/2.0; +http://www.bing.com/bingbot.htm)" "www.ysfine.com"
157.55.39.58 - - [11/Oct/2022:02:01:41 -0700] "GET /bio/maga/okun.html HTTP/1.1" 404 88 "-" "Mozilla/5.0 (compatible; bingbot/2.0; +http://www.bing.com/bingbot.htm)" "ysfine.com"
34.90.206.162 - - [11/Oct/2022:02:01:42 -0700] "GET /people/lipkin02.jpg HTTP/1.1" 200 77424 "-" "Python-urllib/3.8" "ysfine.com"
157.55.39.127 - - [11/Oct/2022:02:01:56 -0700] "GET /world/ital/padova20.jpg HTTP/1.1" 200 109876 "-" "Mozilla/5.0 (compatible; bingbot/2.0; +http://www.bing.com/bingbot.htm)" "www.ysfine.com"
207.46.13.102 - - [11/Oct/2022:02:01:57 -0700] "GET /einstein/places/einmu62.jpg HTTP/1.1" 200 56576 "-" "Mozilla/5.0 (compatible; bingbot/2.0; +http://www.bing.com/bingbot.htm)" "ysfine.com"
217.219.156.226 - - [11/Oct/2022:02:02:14 -0700] "GET /dirac/dirfoc62.jpg HTTP/1.1" 200 192075 "https://www.google.com/" "Mozilla/5.0 (Windows NT 6.1; Win64; x64) AppleWebKit/537.36 (KHTML, like Gecko) Chrome/106.0.0.0 Safari/537.36" "ysfine.com"
18.208.202.150 - - [11/Oct/2022:02:02:15 -0700] "GET / HTTP/1.1" 200 5283 "-" "Mozilla/5.0 (compatible; Newslitbot/0.1; +https://www.newslit.co)" "ysfine.com"
157.55.39.128 - - [11/Oct/2022:02:02:15 -0700] "GET /princeton/nasshall03.jpg HTTP/1.1" 200 147463 "-" "Mozilla/5.0 (compatible; bingbot/2.0; +http://www.bing.com/bingbot.htm)" "ysfine.com"
157.55.39.55 - - [11/Oct/2022:02:02:19 -0700] "GET /feynman/standardmo01.jpg HTTP/1.1" 200 94736 "-" "Mozilla/5.0 (compatible; bingbot/2.0; +http://www.bing.com/bingbot.htm)" "www.ysfine.com"
44.203.11.113 - - [11/Oct/2022:02:02:27 -0700] "GET /robots.txt HTTP/1.1" 404 88 "-" "Apache-HttpClient/4.5.3 (Java/1.8.0_292)" "ysfine.com"
207.46.13.102 - - [11/Oct/2022:02:02:37 -0700] "GET /bio/pgh/chungho1.pdf HTTP/1.1" 404 88 "-" "Mozilla/5.0 (compatible; bingbot/2.0; +http://www.bing.com/bingbot.htm)" "ysfine.com"
217.219.156.226 - - [11/Oct/2022:02:02:49 -0700] "GET /dirac/dirheisen30.jpg HTTP/1.1" 200 141929 "https://www.google.com/" "Mozilla/5.0 (Windows NT 6.1; Win64; x64) AppleWebKit/537.36 (KHTML, like Gecko) Chrome/106.0.0.0 Safari/537.36" "ysfine.com"
157.55.39.58 - - [11/Oct/2022:02:03:11 -0700] "GET /bio/world/brit/britmu.html HTTP/1.1" 404 88 "-" "Mozilla/5.0 AppleWebKit/537.36 (KHTML, like Gecko; compatible; bingbot/2.0; +http://www.bing.com/bingbot.htm) Chrome/103.0.5060.134 Safari/537.36" "ysfine.com"
194.38.20.161 - - [11/Oct/2022:02:04:10 -0700] "GET /wp-content/themes/u-design/scripts/admin/uploadify/uploadify.css HTTP/1.1" 404 73 "-" "ALittle Client" "ysfine.com"
217.219.156.226 - - [11/Oct/2022:02:04:17 -0700] "GET /dirac/dirheisen31b.jpg HTTP/1.1" 200 39248 "https://www.google.com/" "Mozilla/5.0 (Windows NT 6.1; Win64; x64) AppleWebKit/537.36 (KHTML, like Gecko) Chrome/106.0.0.0 Safari/537.36" "ysfine.com"
217.219.156.226 - - [11/Oct/2022:02:04:18 -0700] "GET /dirac/dirwig33.jpg HTTP/1.1" 200 49208 "https://www.google.com/" "Mozilla/5.0 (Windows NT 6.1; Win64; x64) AppleWebKit/537.36 (KHTML, like Gecko) Chrome/106.0.0.0 Safari/537.36" "ysfine.com"
207.46.13.102 - - [11/Oct/2022:02:04:58 -0700] "GET /bio/world/venice.html HTTP/1.1" 404 88 "-" "Mozilla/5.0 (compatible; bingbot/2.0; +http://www.bing.com/bingbot.htm)" "ysfine.com"
138.94.217.156 - - [11/Oct/2022:02:05:14 -0700] "GET / HTTP/1.1" 200 5283 "http://ysfine.com" "Mozilla/5.0 (Macintosh; Intel Mac OS X 12.5; rv:102.0) Gecko/20100101 Firefox/102.0" "ysfine.com"
172.105.207.213 - - [11/Oct/2022:02:05:30 -0700] "GET /wigner/neum/pvn03.jpg HTTP/1.1" 200 83757 "https://www.google.com/" "Mozilla/5.0 (Linux; Android 10; CDY-AN00) AppleWebKit/537.36 (KHTML, like Gecko) Chrome/81.0.4044.117 Mobile Safari/537.36" "ysfine.com"
157.55.39.58 - - [11/Oct/2022:02:05:39 -0700] "GET /world/germany/hegel08.jpg HTTP/1.1" 200 86429 "-" "Mozilla/5.0 (compatible; bingbot/2.0; +http://www.bing.com/bingbot.htm)" "ysfine.com"
157.55.39.55 - - [11/Oct/2022:02:06:20 -0700] "GET /style/music/salzmo13.jpg HTTP/1.1" 200 111564 "-" "Mozilla/5.0 AppleWebKit/537.36 (KHTML, like Gecko; compatible; bingbot/2.0; +http://www.bing.com/bingbot.htm) Chrome/103.0.5060.134 Safari/537.36" "www.ysfine.com"
207.46.13.102 - - [11/Oct/2022:02:06:57 -0700] "GET /world/russ/kiev023.jpg HTTP/1.1" 200 69322 "-" "Mozilla/5.0 (compatible; bingbot/2.0; +http://www.bing.com/bingbot.htm)" "ysfine.com"
157.55.39.128 - - [11/Oct/2022:02:07:01 -0700] "GET /bio/einstein/ulm.html HTTP/1.1" 404 88 "-" "Mozilla/5.0 (compatible; bingbot/2.0; +http://www.bing.com/bingbot.htm)" "ysfine.com"
37.49.140.12 - - [11/Oct/2022:02:08:16 -0700] "GET /maga/phys/bohr11.jpg HTTP/1.1" 200 113161 "https://www.google.com/" "Mozilla/5.0 (Macintosh; Intel Mac OS X 10_14_5) AppleWebKit/537.36 (KHTML, like Gecko) Chrome/105.0.0.0 Safari/537.36" "ysfine.com"
185.191.171.41 - - [11/Oct/2022:02:09:37 -0700] "GET /dirac/dirfeyn22.html HTTP/1.1" 200 2329 "-" "Mozilla/5.0 (compatible; SemrushBot/7~bl; +http://www.semrush.com/bot.html)" "ysfine.com"
172.102.211.161 - - [11/Oct/2022:02:09:58 -0700] "GET /einstein/places/ulm26.jpg HTTP/1.1" 200 104983 "-" "Mozilla/5.0 (Windows NT 6.3; WOW64) AppleWebKit/537.36 (KHTML, like Gecko) Chrome/38.0.2125.111 Safari/537.36" "www.ysfine.com"
194.187.171.131 - - [11/Oct/2022:02:10:43 -0700] "GET /favicon.ico HTTP/1.1" 404 88 "-" "Mozilla/5.0 (compatible; Qwantify/1.0; +https://www.qwant.com/)" "www.ysfine.com"
194.187.171.88 - - [11/Oct/2022:02:10:44 -0700] "GET / HTTP/1.1" 200 5283 "-" "Mozilla/5.0 (compatible; Qwantify/1.0; +https://www.qwant.com/)" "www.ysfine.com"
185.191.171.25 - - [11/Oct/2022:02:11:13 -0700] "GET /einstein/wallis.html HTTP/1.1" 200 5621 "-" "Mozilla/5.0 (compatible; SemrushBot/7~bl; +http://www.semrush.com/bot.html)" "ysfine.com"
77.75.77.11 - - [11/Oct/2022:02:11:28 -0700] "GET /robots.txt HTTP/1.1" 404 88 "-" "Mozilla/5.0 (compatible; SeznamBot/3.2; +http://napoveda.seznam.cz/en/seznambot-intro/)" "ysfine.com"
77.75.77.11 - - [11/Oct/2022:02:11:29 -0700] "GET /world/france/champbenz02.jpg HTTP/1.1" 200 92350 "-" "Mozilla/5.0 (compatible; SeznamBot/3.2; +http://napoveda.seznam.cz/en/seznambot-intro/)" "ysfine.com"
77.75.77.11 - - [11/Oct/2022:02:11:33 -0700] "GET /world/baltic/kalin32.jpg HTTP/1.1" 304 - "-" "Mozilla/5.0 (compatible; SeznamBot/3.2; +http://napoveda.seznam.cz/en/seznambot-intro/)" "ysfine.com"
77.75.77.11 - - [11/Oct/2022:02:11:33 -0700] "GET /kobak/sorae/grandpa.jpg HTTP/1.1" 304 - "-" "Mozilla/5.0 (compatible; SeznamBot/3.2; +http://napoveda.seznam.cz/en/seznambot-intro/)" "ysfine.com"
77.75.77.11 - - [11/Oct/2022:02:11:34 -0700] "GET /newyork/unionsq01.jpg HTTP/1.1" 304 - "-" "Mozilla/5.0 (compatible; SeznamBot/3.2; +http://napoveda.seznam.cz/en/seznambot-intro/)" "ysfine.com"
77.75.77.11 - - [11/Oct/2022:02:11:34 -0700] "GET /princeton/jj03.jpg HTTP/1.1" 200 137734 "-" "Mozilla/5.0 (compatible; SeznamBot/3.2; +http://napoveda.seznam.cz/en/seznambot-intro/)" "ysfine.com"
157.55.39.55 - - [11/Oct/2022:02:12:40 -0700] "GET /bio/style/ystyle.html HTTP/1.1" 404 88 "-" "Mozilla/5.0 (compatible; bingbot/2.0; +http://www.bing.com/bingbot.htm)" "ysfine.com"
157.55.39.55 - - [11/Oct/2022:02:12:40 -0700] "GET /maga/phys/huy45.jpg HTTP/1.1" 200 320724 "-" "Mozilla/5.0 (compatible; bingbot/2.0; +http://www.bing.com/bingbot.htm)" "www.ysfine.com"
157.55.39.127 - - [11/Oct/2022:02:13:18 -0700] "GET /style/musee/britmu17.jpg HTTP/1.1" 200 113884 "-" "Mozilla/5.0 (compatible; bingbot/2.0; +http://www.bing.com/bingbot.htm)" "ysfine.com"
88.218.148.17 - - [11/Oct/2022:02:13:27 -0700] "GET /world/places/ulm26.jpg HTTP/1.1" 200 104983 "-" "Mozilla/5.0 (Windows NT 6.3; WOW64) AppleWebKit/537.36 (KHTML, like Gecko) Chrome/38.0.2125.111 Safari/537.36" "www.ysfine.com"
157.55.39.58 - - [11/Oct/2022:02:13:31 -0700] "GET /world/china/dalian22b.jpg HTTP/1.1" 200 45684 "-" "Mozilla/5.0 (compatible; bingbot/2.0; +http://www.bing.com/bingbot.htm)" "ysfine.com"
40.77.167.27 - - [11/Oct/2022:02:13:44 -0700] "GET /bio/einstein/standingw.html HTTP/1.1" 404 88 "-" "Mozilla/5.0 AppleWebKit/537.36 (KHTML, like Gecko; compatible; bingbot/2.0; +http://www.bing.com/bingbot.htm) Chrome/103.0.5060.134 Safari/537.36" "ysfine.com"
212.139.173.98 - - [11/Oct/2022:02:15:19 -0700] "GET /maga/phys/yukawa00.jpg HTTP/1.1" 200 84885 "https://www.google.com/" "Mozilla/5.0 (Windows NT 10.0; Win64; x64) AppleWebKit/537.36 (KHTML, like Gecko) Chrome/105.0.0.0 Safari/537.36" "ysfine.com"
212.139.173.98 - - [11/Oct/2022:02:15:25 -0700] "GET /maga/phys/yukawa00.jpg HTTP/1.1" 200 84885 "-" "Mozilla/4.0 (compatible; ms-office; MSOffice 16)" "ysfine.com"
157.55.39.128 - - [11/Oct/2022:02:15:26 -0700] "GET /world/france/montmar16.jpg HTTP/1.1" 200 193398 "-" "Mozilla/5.0 AppleWebKit/537.36 (KHTML, like Gecko; compatible; bingbot/2.0; +http://www.bing.com/bingbot.htm) Chrome/103.0.5060.134 Safari/537.36" "www.ysfine.com"
114.119.128.158 - - [11/Oct/2022:02:15:30 -0700] "GET /remote/ewk.html HTTP/1.1" 404 88 "https://ysfine.com/remote/sisfa12aa/keirigh.html" "Mozilla/5.0 (Linux; Android 7.0;) AppleWebKit/537.36 (KHTML, like Gecko) Mobile Safari/537.36 (compatible; PetalBot;+https://webmaster.petalsearch.com/site/petalbot)" "ysfine.com"
157.55.39.127 - - [11/Oct/2022:02:15:31 -0700] "GET / HTTP/1.1" 200 5283 "-" "Mozilla/5.0 AppleWebKit/537.36 (KHTML, like Gecko; compatible; bingbot/2.0; +http://www.bing.com/bingbot.htm) Chrome/103.0.5060.134 Safari/537.36" "www.ysfine.com"
157.55.39.55 - - [11/Oct/2022:02:16:11 -0700] "GET /wdc/washmofw22.jpg HTTP/1.1" 200 49658 "-" "Mozilla/5.0 (compatible; bingbot/2.0; +http://www.bing.com/bingbot.htm)" "ysfine.com"
207.46.13.102 - - [11/Oct/2022:02:16:28 -0700] "GET /einstein/places/einha39b.jpg HTTP/1.1" 200 50120 "-" "Mozilla/5.0 (compatible; bingbot/2.0; +http://www.bing.com/bingbot.htm)" "ysfine.com"
157.55.39.58 - - [11/Oct/2022:02:16:53 -0700] "GET /bio/usca/neworl.html HTTP/1.1" 404 88 "-" "Mozilla/5.0 (compatible; bingbot/2.0; +http://www.bing.com/bingbot.htm)" "ysfine.com"
157.55.39.55 - - [11/Oct/2022:02:17:52 -0700] "GET /bio/pquartet.html HTTP/1.1" 404 88 "-" "Mozilla/5.0 (compatible; bingbot/2.0; +http://www.bing.com/bingbot.htm)" "ysfine.com"
51.104.180.26 - - [11/Oct/2022:02:18:19 -0700] "GET /world/france/arusas01.jpg HTTP/1.1" 200 364636 "http://ysfine.com/world/france/arusas01.jpg" "DuckDuckBot/1.1; (+http://duckduckgo.com/duckduckbot.html)" "ysfine.com"
70.36.114.241 - - [11/Oct/2022:02:18:30 -0700] "GET /archives/ HTTP/1.1" 200 857 "https://ysfine.com/archives/" "Mozilla/5.0 (Windows NT 10.0; Win64; x64) AppleWebKit/537.36 (KHTML, like Gecko) Chrome/90.0.4430.85 Safari/537.36 Edg/90.0.818.46" "ysfine.com"
70.36.114.241 - - [11/Oct/2022:02:18:30 -0700] "GET / HTTP/1.1" 200 15910 "https://ysfine.com/" "Mozilla/5.0 (Windows NT 10.0; Win64; x64) AppleWebKit/537.36 (KHTML, like Gecko) Chrome/90.0.4430.85 Safari/537.36 Edg/90.0.818.46" "ysfine.com"
157.55.39.58 - - [11/Oct/2022:02:18:51 -0700] "GET /world/hungary/buda021b.jpg HTTP/1.1" 200 41415 "-" "Mozilla/5.0 AppleWebKit/537.36 (KHTML, like Gecko; compatible; bingbot/2.0; +http://www.bing.com/bingbot.htm) Chrome/103.0.5060.134 Safari/537.36" "ysfine.com"
207.46.13.102 - - [11/Oct/2022:02:19:08 -0700] "GET /bio/einstein/bern.html HTTP/1.1" 404 88 "-" "Mozilla/5.0 (compatible; bingbot/2.0; +http://www.bing.com/bingbot.htm)" "ysfine.com"
157.55.39.127 - - [11/Oct/2022:02:19:30 -0700] "GET /bio/kowar/index.html HTTP/1.1" 404 88 "-" "Mozilla/5.0 AppleWebKit/537.36 (KHTML, like Gecko; compatible; bingbot/2.0; +http://www.bing.com/bingbot.htm) Chrome/103.0.5060.134 Safari/537.36" "ysfine.com"
46.5.59.90 - - [11/Oct/2022:02:19:52 -0700] "GET /world/andal.html HTTP/1.1" 200 10099 "https://lens.google.com/" "Mozilla/5.0 (Windows NT 10.0; Win64; x64) AppleWebKit/537.36 (KHTML, like Gecko) Chrome/106.0.0.0 Safari/537.36 Edg/106.0.1370.37" "ysfine.com"
46.5.59.90 - - [11/Oct/2022:02:19:52 -0700] "GET /world/spain/cairo01c.jpg HTTP/1.1" 200 39747 "https://ysfine.com/world/andal.html" "Mozilla/5.0 (Windows NT 10.0; Win64; x64) AppleWebKit/537.36 (KHTML, like Gecko) Chrome/106.0.0.0 Safari/537.36 Edg/106.0.1370.37" "ysfine.com"
46.5.59.90 - - [11/Oct/2022:02:19:52 -0700] "GET /world/spain/iberia11c.jpg HTTP/1.1" 200 27983 "https://ysfine.com/world/andal.html" "Mozilla/5.0 (Windows NT 10.0; Win64; x64) AppleWebKit/537.36 (KHTML, like Gecko) Chrome/106.0.0.0 Safari/537.36 Edg/106.0.1370.37" "ysfine.com"
46.5.59.90 - - [11/Oct/2022:02:19:52 -0700] "GET /dongio/turklawyer02c.jpg HTTP/1.1" 404 88 "https://ysfine.com/world/andal.html" "Mozilla/5.0 (Windows NT 10.0; Win64; x64) AppleWebKit/537.36 (KHTML, like Gecko) Chrome/106.0.0.0 Safari/537.36 Edg/106.0.1370.37" "ysfine.com"
46.5.59.90 - - [11/Oct/2022:02:19:52 -0700] "GET /world/spain/cordoc06c.jpg HTTP/1.1" 200 33420 "https://ysfine.com/world/andal.html" "Mozilla/5.0 (Windows NT 10.0; Win64; x64) AppleWebKit/537.36 (KHTML, like Gecko) Chrome/106.0.0.0 Safari/537.36 Edg/106.0.1370.37" "ysfine.com"
46.5.59.90 - - [11/Oct/2022:02:19:52 -0700] "GET /world/spain/cordoc03c.jpg HTTP/1.1" 200 39225 "https://ysfine.com/world/andal.html" "Mozilla/5.0 (Windows NT 10.0; Win64; x64) AppleWebKit/537.36 (KHTML, like Gecko) Chrome/106.0.0.0 Safari/537.36 Edg/106.0.1370.37" "ysfine.com"
46.5.59.90 - - [11/Oct/2022:02:19:52 -0700] "GET /world/spain/cordof05c.jpg HTTP/1.1" 200 63713 "https://ysfine.com/world/andal.html" "Mozilla/5.0 (Windows NT 10.0; Win64; x64) AppleWebKit/537.36 (KHTML, like Gecko) Chrome/106.0.0.0 Safari/537.36 Edg/106.0.1370.37" "ysfine.com"
46.5.59.90 - - [11/Oct/2022:02:19:52 -0700] "GET /world/spain/cordo03c.jpg HTTP/1.1" 200 46064 "https://ysfine.com/world/andal.html" "Mozilla/5.0 (Windows NT 10.0; Win64; x64) AppleWebKit/537.36 (KHTML, like Gecko) Chrome/106.0.0.0 Safari/537.36 Edg/106.0.1370.37" "ysfine.com"
46.5.59.90 - - [11/Oct/2022:02:19:52 -0700] "GET /world/spain/cordoj02c.jpg HTTP/1.1" 200 38755 "https://ysfine.com/world/andal.html" "Mozilla/5.0 (Windows NT 10.0; Win64; x64) AppleWebKit/537.36 (KHTML, like Gecko) Chrome/106.0.0.0 Safari/537.36 Edg/106.0.1370.37" "ysfine.com"
46.5.59.90 - - [11/Oct/2022:02:19:52 -0700] "GET /world/spain/cordoc05c.jpg HTTP/1.1" 200 49915 "https://ysfine.com/world/andal.html" "Mozilla/5.0 (Windows NT 10.0; Win64; x64) AppleWebKit/537.36 (KHTML, like Gecko) Chrome/106.0.0.0 Safari/537.36 Edg/106.0.1370.37" "ysfine.com"
46.5.59.90 - - [11/Oct/2022:02:19:52 -0700] "GET /dongio/kuwait02c.jpg HTTP/1.1" 404 88 "https://ysfine.com/world/andal.html" "Mozilla/5.0 (Windows NT 10.0; Win64; x64) AppleWebKit/537.36 (KHTML, like Gecko) Chrome/106.0.0.0 Safari/537.36 Edg/106.0.1370.37" "ysfine.com"
46.5.59.90 - - [11/Oct/2022:02:19:52 -0700] "GET /dongio/kuwait01c.jpg HTTP/1.1" 404 88 "https://ysfine.com/world/andal.html" "Mozilla/5.0 (Windows NT 10.0; Win64; x64) AppleWebKit/537.36 (KHTML, like Gecko) Chrome/106.0.0.0 Safari/537.36 Edg/106.0.1370.37" "ysfine.com"
46.5.59.90 - - [11/Oct/2022:02:19:52 -0700] "GET /world/spain/cordoj01c.jpg HTTP/1.1" 200 57302 "https://ysfine.com/world/andal.html" "Mozilla/5.0 (Windows NT 10.0; Win64; x64) AppleWebKit/537.36 (KHTML, like Gecko) Chrome/106.0.0.0 Safari/537.36 Edg/106.0.1370.37" "ysfine.com"
46.5.59.90 - - [11/Oct/2022:02:19:52 -0700] "GET /world/spain/sevi107c.jpg HTTP/1.1" 200 34267 "https://ysfine.com/world/andal.html" "Mozilla/5.0 (Windows NT 10.0; Win64; x64) AppleWebKit/537.36 (KHTML, like Gecko) Chrome/106.0.0.0 Safari/537.36 Edg/106.0.1370.37" "ysfine.com"
46.5.59.90 - - [11/Oct/2022:02:19:52 -0700] "GET /world/spain/cordoc09c.jpg HTTP/1.1" 200 44203 "https://ysfine.com/world/andal.html" "Mozilla/5.0 (Windows NT 10.0; Win64; x64) AppleWebKit/537.36 (KHTML, like Gecko) Chrome/106.0.0.0 Safari/537.36 Edg/106.0.1370.37" "ysfine.com"
46.5.59.90 - - [11/Oct/2022:02:19:52 -0700] "GET /world/spain/sevi202c.jpg HTTP/1.1" 200 33405 "https://ysfine.com/world/andal.html" "Mozilla/5.0 (Windows NT 10.0; Win64; x64) AppleWebKit/537.36 (KHTML, like Gecko) Chrome/106.0.0.0 Safari/537.36 Edg/106.0.1370.37" "ysfine.com"
46.5.59.90 - - [11/Oct/2022:02:19:52 -0700] "GET /world/spain/sevif05c.jpg HTTP/1.1" 200 42149 "https://ysfine.com/world/andal.html" "Mozilla/5.0 (Windows NT 10.0; Win64; x64) AppleWebKit/537.36 (KHTML, like Gecko) Chrome/106.0.0.0 Safari/537.36 Edg/106.0.1370.37" "ysfine.com"
46.5.59.90 - - [11/Oct/2022:02:19:52 -0700] "GET /world/spain/gran10c.jpg HTTP/1.1" 200 37422 "https://ysfine.com/world/andal.html" "Mozilla/5.0 (Windows NT 10.0; Win64; x64) AppleWebKit/537.36 (KHTML, like Gecko) Chrome/106.0.0.0 Safari/537.36 Edg/106.0.1370.37" "ysfine.com"
46.5.59.90 - - [11/Oct/2022:02:19:52 -0700] "GET /world/spain/praha120c.jpg HTTP/1.1" 200 61402 "https://ysfine.com/world/andal.html" "Mozilla/5.0 (Windows NT 10.0; Win64; x64) AppleWebKit/537.36 (KHTML, like Gecko) Chrome/106.0.0.0 Safari/537.36 Edg/106.0.1370.37" "ysfine.com"
46.5.59.90 - - [11/Oct/2022:02:19:52 -0700] "GET /world/spain/sevi021c.jpg HTTP/1.1" 200 39993 "https://ysfine.com/world/andal.html" "Mozilla/5.0 (Windows NT 10.0; Win64; x64) AppleWebKit/537.36 (KHTML, like Gecko) Chrome/106.0.0.0 Safari/537.36 Edg/106.0.1370.37" "ysfine.com"
46.5.59.90 - - [11/Oct/2022:02:19:52 -0700] "GET /world/spain/gran03c.jpg HTTP/1.1" 200 34316 "https://ysfine.com/world/andal.html" "Mozilla/5.0 (Windows NT 10.0; Win64; x64) AppleWebKit/537.36 (KHTML, like Gecko) Chrome/106.0.0.0 Safari/537.36 Edg/106.0.1370.37" "ysfine.com"
46.5.59.90 - - [11/Oct/2022:02:19:52 -0700] "GET /world/spain/gran26c.jpg HTTP/1.1" 200 35639 "https://ysfine.com/world/andal.html" "Mozilla/5.0 (Windows NT 10.0; Win64; x64) AppleWebKit/537.36 (KHTML, like Gecko) Chrome/106.0.0.0 Safari/537.36 Edg/106.0.1370.37" "ysfine.com"
46.5.59.90 - - [11/Oct/2022:02:19:52 -0700] "GET /kobak/taylor33c.jpg HTTP/1.1" 200 39951 "https://ysfine.com/world/andal.html" "Mozilla/5.0 (Windows NT 10.0; Win64; x64) AppleWebKit/537.36 (KHTML, like Gecko) Chrome/106.0.0.0 Safari/537.36 Edg/106.0.1370.37" "ysfine.com"
46.5.59.90 - - [11/Oct/2022:02:19:52 -0700] "GET /world/spain/sevif10c.jpg HTTP/1.1" 200 48447 "https://ysfine.com/world/andal.html" "Mozilla/5.0 (Windows NT 10.0; Win64; x64) AppleWebKit/537.36 (KHTML, like Gecko) Chrome/106.0.0.0 Safari/537.36 Edg/106.0.1370.37" "ysfine.com"
46.5.59.90 - - [11/Oct/2022:02:19:52 -0700] "GET /eink/pwk19c.jpg HTTP/1.1" 200 57759 "https://ysfine.com/world/andal.html" "Mozilla/5.0 (Windows NT 10.0; Win64; x64) AppleWebKit/537.36 (KHTML, like Gecko) Chrome/106.0.0.0 Safari/537.36 Edg/106.0.1370.37" "ysfine.com"
46.5.59.90 - - [11/Oct/2022:02:19:52 -0700] "GET /world/spain/sevi061c.jpg HTTP/1.1" 200 37747 "https://ysfine.com/world/andal.html" "Mozilla/5.0 (Windows NT 10.0; Win64; x64) AppleWebKit/537.36 (KHTML, like Gecko) Chrome/106.0.0.0 Safari/537.36 Edg/106.0.1370.37" "ysfine.com"
46.5.59.90 - - [11/Oct/2022:02:19:52 -0700] "GET /world/spain/cordof02c.jpg HTTP/1.1" 200 37577 "https://ysfine.com/world/andal.html" "Mozilla/5.0 (Windows NT 10.0; Win64; x64) AppleWebKit/537.36 (KHTML, like Gecko) Chrome/106.0.0.0 Safari/537.36 Edg/106.0.1370.37" "ysfine.com"
46.5.59.90 - - [11/Oct/2022:02:19:52 -0700] "GET /world/spain/granf12c.jpg HTTP/1.1" 200 42601 "https://ysfine.com/world/andal.html" "Mozilla/5.0 (Windows NT 10.0; Win64; x64) AppleWebKit/537.36 (KHTML, like Gecko) Chrome/106.0.0.0 Safari/537.36 Edg/106.0.1370.37" "ysfine.com"
46.5.59.90 - - [11/Oct/2022:02:19:52 -0700] "GET /world/spain/gran29c.jpg HTTP/1.1" 200 40528 "https://ysfine.com/world/andal.html" "Mozilla/5.0 (Windows NT 10.0; Win64; x64) AppleWebKit/537.36 (KHTML, like Gecko) Chrome/106.0.0.0 Safari/537.36 Edg/106.0.1370.37" "ysfine.com"
46.5.59.90 - - [11/Oct/2022:02:19:52 -0700] "GET /world/spain/sevi026c.jpg HTTP/1.1" 200 33190 "https://ysfine.com/world/andal.html" "Mozilla/5.0 (Windows NT 10.0; Win64; x64) AppleWebKit/537.36 (KHTML, like Gecko) Chrome/106.0.0.0 Safari/537.36 Edg/106.0.1370.37" "ysfine.com"
46.5.59.90 - - [11/Oct/2022:02:19:52 -0700] "GET /world/spain/sevi011c.jpg HTTP/1.1" 200 31753 "https://ysfine.com/world/andal.html" "Mozilla/5.0 (Windows NT 10.0; Win64; x64) AppleWebKit/537.36 (KHTML, like Gecko) Chrome/106.0.0.0 Safari/537.36 Edg/106.0.1370.37" "ysfine.com"
46.5.59.90 - - [11/Oct/2022:02:19:52 -0700] "GET /world/spain/sevi207c.jpg HTTP/1.1" 200 36620 "https://ysfine.com/world/andal.html" "Mozilla/5.0 (Windows NT 10.0; Win64; x64) AppleWebKit/537.36 (KHTML, like Gecko) Chrome/106.0.0.0 Safari/537.36 Edg/106.0.1370.37" "ysfine.com"
46.5.59.90 - - [11/Oct/2022:02:19:52 -0700] "GET /world/spain/gran35c.jpg HTTP/1.1" 200 45862 "https://ysfine.com/world/andal.html" "Mozilla/5.0 (Windows NT 10.0; Win64; x64) AppleWebKit/537.36 (KHTML, like Gecko) Chrome/106.0.0.0 Safari/537.36 Edg/106.0.1370.37" "ysfine.com"
46.5.59.90 - - [11/Oct/2022:02:19:52 -0700] "GET /world/spain/cordo28c.jpg HTTP/1.1" 200 46687 "https://ysfine.com/world/andal.html" "Mozilla/5.0 (Windows NT 10.0; Win64; x64) AppleWebKit/537.36 (KHTML, like Gecko) Chrome/106.0.0.0 Safari/537.36 Edg/106.0.1370.37" "ysfine.com"
46.5.59.90 - - [11/Oct/2022:02:19:52 -0700] "GET /world/spain/sevi051c.jpg HTTP/1.1" 200 62623 "https://ysfine.com/world/andal.html" "Mozilla/5.0 (Windows NT 10.0; Win64; x64) AppleWebKit/537.36 (KHTML, like Gecko) Chrome/106.0.0.0 Safari/537.36 Edg/106.0.1370.37" "ysfine.com"
46.5.59.90 - - [11/Oct/2022:02:19:52 -0700] "GET /world/spain/gran52c.jpg HTTP/1.1" 200 35055 "https://ysfine.com/world/andal.html" "Mozilla/5.0 (Windows NT 10.0; Win64; x64) AppleWebKit/537.36 (KHTML, like Gecko) Chrome/106.0.0.0 Safari/537.36 Edg/106.0.1370.37" "ysfine.com"
46.5.59.90 - - [11/Oct/2022:02:19:57 -0700] "GET /favicon.ico HTTP/1.1" 404 88 "https://ysfine.com/world/andal.html" "Mozilla/5.0 (Windows NT 10.0; Win64; x64) AppleWebKit/537.36 (KHTML, like Gecko) Chrome/106.0.0.0 Safari/537.36 Edg/106.0.1370.37" "ysfine.com"
46.5.59.90 - - [11/Oct/2022:02:20:01 -0700] "GET /world/spain/cordof05.jpg HTTP/1.1" 200 397033 "https://ysfine.com/world/andal.html" "Mozilla/5.0 (Windows NT 10.0; Win64; x64) AppleWebKit/537.36 (KHTML, like Gecko) Chrome/106.0.0.0 Safari/537.36 Edg/106.0.1370.37" "ysfine.com"
157.55.39.58 - - [11/Oct/2022:02:20:03 -0700] "GET /bio/usca/pgh22.html HTTP/1.1" 404 88 "-" "Mozilla/5.0 (compatible; bingbot/2.0; +http://www.bing.com/bingbot.htm)" "ysfine.com"
207.46.13.102 - - [11/Oct/2022:02:20:19 -0700] "GET /bio/dwf33.html HTTP/1.1" 404 88 "-" "Mozilla/5.0 AppleWebKit/537.36 (KHTML, like Gecko; compatible; bingbot/2.0; +http://www.bing.com/bingbot.htm) Chrome/103.0.5060.134 Safari/537.36" "ysfine.com"
185.191.171.1 - - [11/Oct/2022:02:20:38 -0700] "GET /robots.txt HTTP/1.1" 404 88 "-" "Mozilla/5.0 (compatible; SemrushBot/7~bl; +http://www.semrush.com/bot.html)" "ysfine.com"
185.191.171.39 - - [11/Oct/2022:02:20:39 -0700] "GET /feynman/fagenda.html HTTP/1.1" 200 2089 "-" "Mozilla/5.0 (compatible; SemrushBot/7~bl; +http://www.semrush.com/bot.html)" "ysfine.com"
114.119.128.162 - - [11/Oct/2022:02:20:40 -0700] "GET /world/france/metznyork.html HTTP/1.1" 200 305 "-" "Mozilla/5.0 (Linux; Android 7.0;) AppleWebKit/537.36 (KHTML, like Gecko) Mobile Safari/537.36 (compatible; PetalBot;+https://webmaster.petalsearch.com/site/petalbot)" "www.ysfine.com"
157.34.158.225 - - [11/Oct/2022:02:22:04 -0700] "GET /world/france/louvre22.jpg HTTP/1.1" 200 90347 "https://www.google.com/blank.html" "Mozilla/5.0 (Linux; Android 10; RMX1911 Build/QKQ1.200209.002; wv) AppleWebKit/537.36 (KHTML, like Gecko) Version/4.0 Chrome/80.0.3987.99 Mobile Safari/537.36 GSA/12.22.8.23.arm64" "ysfine.com"
157.34.158.225 - - [11/Oct/2022:02:22:09 -0700] "GET /world/france/louvre11.jpg HTTP/1.1" 200 90911 "https://www.google.com/blank.html" "Mozilla/5.0 (Linux; Android 10; RMX1911 Build/QKQ1.200209.002; wv) AppleWebKit/537.36 (KHTML, like Gecko) Version/4.0 Chrome/80.0.3987.99 Mobile Safari/537.36 GSA/12.22.8.23.arm64" "ysfine.com"
134.61.106.220 - - [11/Oct/2022:02:22:18 -0700] "GET /yspapers/iopbook15.pdf HTTP/1.1" 200 2962673 "https://www.google.com/" "Mozilla/5.0 (X11; Linux x86_64) AppleWebKit/537.36 (KHTML, like Gecko) Chrome/106.0.0.0 Safari/537.36" "ysfine.com"
134.61.106.220 - - [11/Oct/2022:02:22:18 -0700] "GET /favicon.ico HTTP/1.1" 404 88 "https://ysfine.com/yspapers/iopbook15.pdf" "Mozilla/5.0 (X11; Linux x86_64) AppleWebKit/537.36 (KHTML, like Gecko) Chrome/106.0.0.0 Safari/537.36" "ysfine.com"
207.46.13.102 - - [11/Oct/2022:02:22:39 -0700] "GET /people/facu63b.jpg HTTP/1.1" 200 47712 "-" "Mozilla/5.0 (compatible; bingbot/2.0; +http://www.bing.com/bingbot.htm)" "ysfine.com"
207.46.13.102 - - [11/Oct/2022:02:23:00 -0700] "GET /bio/kobak/rifles.html HTTP/1.1" 404 88 "-" "Mozilla/5.0 AppleWebKit/537.36 (KHTML, like Gecko; compatible; bingbot/2.0; +http://www.bing.com/bingbot.htm) Chrome/103.0.5060.134 Safari/537.36" "ysfine.com"
157.55.39.58 - - [11/Oct/2022:02:24:01 -0700] "GET /world/china/hongkong18.jpg HTTP/1.1" 200 82546 "-" "Mozilla/5.0 AppleWebKit/537.36 (KHTML, like Gecko; compatible; bingbot/2.0; +http://www.bing.com/bingbot.htm) Chrome/103.0.5060.134 Safari/537.36" "ysfine.com"
112.118.37.107 - - [11/Oct/2022:02:24:03 -0700] "GET /wigner/wiglittle.pdf HTTP/1.1" 200 2659296 "https://www.google.com.hk/" "Mozilla/5.0 (X11; Ubuntu; Linux x86_64; rv:105.0) Gecko/20100101 Firefox/105.0" "ysfine.com"
112.118.37.107 - - [11/Oct/2022:02:24:04 -0700] "GET /favicon.ico HTTP/1.1" 404 88 "https://ysfine.com/" "Mozilla/5.0 (X11; Ubuntu; Linux x86_64; rv:105.0) Gecko/20100101 Firefox/105.0" "ysfine.com"
112.118.37.107 - - [11/Oct/2022:02:24:04 -0700] "GET /wigner/wiglittle.pdf HTTP/1.1" 206 65536 "https://www.google.com.hk/" "Mozilla/5.0 (X11; Ubuntu; Linux x86_64; rv:105.0) Gecko/20100101 Firefox/105.0" "ysfine.com"
112.118.37.107 - - [11/Oct/2022:02:24:05 -0700] "GET /wigner/wiglittle.pdf HTTP/1.1" 206 37856 "https://www.google.com.hk/" "Mozilla/5.0 (X11; Ubuntu; Linux x86_64; rv:105.0) Gecko/20100101 Firefox/105.0" "ysfine.com"
134.61.106.220 - - [11/Oct/2022:02:24:23 -0700] "GET /yspapers/ HTTP/1.1" 200 21306 "-" "Mozilla/5.0 (X11; Linux x86_64) AppleWebKit/537.36 (KHTML, like Gecko) Chrome/106.0.0.0 Safari/537.36" "ysfine.com"
134.61.106.220 - - [11/Oct/2022:02:24:23 -0700] "GET /princeton/yspr61c.jpg HTTP/1.1" 200 27257 "https://ysfine.com/yspapers/" "Mozilla/5.0 (X11; Linux x86_64) AppleWebKit/537.36 (KHTML, like Gecko) Chrome/106.0.0.0 Safari/537.36" "ysfine.com"
134.61.106.220 - - [11/Oct/2022:02:24:23 -0700] "GET /awards/eward33f.jpg HTTP/1.1" 200 86617 "https://ysfine.com/yspapers/" "Mozilla/5.0 (X11; Linux x86_64) AppleWebKit/537.36 (KHTML, like Gecko) Chrome/106.0.0.0 Safari/537.36" "ysfine.com"
134.61.106.220 - - [11/Oct/2022:02:24:23 -0700] "GET /yspapers/iop21c.jpg HTTP/1.1" 200 30227 "https://ysfine.com/yspapers/" "Mozilla/5.0 (X11; Linux x86_64) AppleWebKit/537.36 (KHTML, like Gecko) Chrome/106.0.0.0 Safari/537.36" "ysfine.com"
134.61.106.220 - - [11/Oct/2022:02:24:23 -0700] "GET /yspapers/fortune21f.jpg HTTP/1.1" 200 131858 "https://ysfine.com/yspapers/" "Mozilla/5.0 (X11; Linux x86_64) AppleWebKit/537.36 (KHTML, like Gecko) Chrome/106.0.0.0 Safari/537.36" "ysfine.com"
134.61.106.220 - - [11/Oct/2022:02:24:23 -0700] "GET /home/canal11c.jpg HTTP/1.1" 200 31848 "https://ysfine.com/yspapers/" "Mozilla/5.0 (X11; Linux x86_64) AppleWebKit/537.36 (KHTML, like Gecko) Chrome/106.0.0.0 Safari/537.36" "ysfine.com"
134.61.106.220 - - [11/Oct/2022:02:24:23 -0700] "GET /yspapers/gauge33c.jpg HTTP/1.1" 200 22977 "https://ysfine.com/yspapers/" "Mozilla/5.0 (X11; Linux x86_64) AppleWebKit/537.36 (KHTML, like Gecko) Chrome/106.0.0.0 Safari/537.36" "ysfine.com"
134.61.106.220 - - [11/Oct/2022:02:24:23 -0700] "GET /yspapers/coupo02c.jpg HTTP/1.1" 200 42609 "https://ysfine.com/yspapers/" "Mozilla/5.0 (X11; Linux x86_64) AppleWebKit/537.36 (KHTML, like Gecko) Chrome/106.0.0.0 Safari/537.36" "ysfine.com"
134.61.106.220 - - [11/Oct/2022:02:24:23 -0700] "GET /yspapers/ewk11c.jpg HTTP/1.1" 200 47514 "https://ysfine.com/yspapers/" "Mozilla/5.0 (X11; Linux x86_64) AppleWebKit/537.36 (KHTML, like Gecko) Chrome/106.0.0.0 Safari/537.36" "ysfine.com"
134.61.106.220 - - [11/Oct/2022:02:24:23 -0700] "GET /yspapers/eintao22c.jpg HTTP/1.1" 200 34310 "https://ysfine.com/yspapers/" "Mozilla/5.0 (X11; Linux x86_64) AppleWebKit/537.36 (KHTML, like Gecko) Chrome/106.0.0.0 Safari/537.36" "ysfine.com"
134.61.106.220 - - [11/Oct/2022:02:24:23 -0700] "GET /yspapers/feyfirm03c.jpg HTTP/1.1" 200 32880 "https://ysfine.com/yspapers/" "Mozilla/5.0 (X11; Linux x86_64) AppleWebKit/537.36 (KHTML, like Gecko) Chrome/106.0.0.0 Safari/537.36" "ysfine.com"
134.61.106.220 - - [11/Oct/2022:02:24:23 -0700] "GET /yspapers/resonance33c.jpg HTTP/1.1" 200 31778 "https://ysfine.com/yspapers/" "Mozilla/5.0 (X11; Linux x86_64) AppleWebKit/537.36 (KHTML, like Gecko) Chrome/106.0.0.0 Safari/537.36" "ysfine.com"
134.61.106.220 - - [11/Oct/2022:02:24:23 -0700] "GET /yspapers/quapar55c.jpg HTTP/1.1" 200 49178 "https://ysfine.com/yspapers/" "Mozilla/5.0 (X11; Linux x86_64) AppleWebKit/537.36 (KHTML, like Gecko) Chrome/106.0.0.0 Safari/537.36" "ysfine.com"
134.61.106.220 - - [11/Oct/2022:02:24:23 -0700] "GET /yspapers/pdugard17f.jpg HTTP/1.1" 200 134164 "https://ysfine.com/yspapers/" "Mozilla/5.0 (X11; Linux x86_64) AppleWebKit/537.36 (KHTML, like Gecko) Chrome/106.0.0.0 Safari/537.36" "ysfine.com"
134.61.106.220 - - [11/Oct/2022:02:24:23 -0700] "GET /yspapers/feynrio55c.jpg HTTP/1.1" 200 55222 "https://ysfine.com/yspapers/" "Mozilla/5.0 (X11; Linux x86_64) AppleWebKit/537.36 (KHTML, like Gecko) Chrome/106.0.0.0 Safari/537.36" "ysfine.com"
134.61.106.220 - - [11/Oct/2022:02:24:23 -0700] "GET /yspapers/hosc2by2c.jpg HTTP/1.1" 200 34523 "https://ysfine.com/yspapers/" "Mozilla/5.0 (X11; Linux x86_64) AppleWebKit/537.36 (KHTML, like Gecko) Chrome/106.0.0.0 Safari/537.36" "ysfine.com"
134.61.106.220 - - [11/Oct/2022:02:24:23 -0700] "GET /yspapers/qboil17f.jpg HTTP/1.1" 200 39480 "https://ysfine.com/yspapers/" "Mozilla/5.0 (X11; Linux x86_64) AppleWebKit/537.36 (KHTML, like Gecko) Chrome/106.0.0.0 Safari/537.36" "ysfine.com"
134.61.106.220 - - [11/Oct/2022:02:24:23 -0700] "GET /yspapers/eintao77c.jpg HTTP/1.1" 200 45084 "https://ysfine.com/yspapers/" "Mozilla/5.0 (X11; Linux x86_64) AppleWebKit/537.36 (KHTML, like Gecko) Chrome/106.0.0.0 Safari/537.36" "ysfine.com"
134.61.106.220 - - [11/Oct/2022:02:24:23 -0700] "GET /feynman/feybongo77c.jpg HTTP/1.1" 200 25947 "https://ysfine.com/yspapers/" "Mozilla/5.0 (X11; Linux x86_64) AppleWebKit/537.36 (KHTML, like Gecko) Chrome/106.0.0.0 Safari/537.36" "ysfine.com"
134.61.106.220 - - [11/Oct/2022:02:24:23 -0700] "GET /yspapers/psphere11c.jpg HTTP/1.1" 200 29352 "https://ysfine.com/yspapers/" "Mozilla/5.0 (X11; Linux x86_64) AppleWebKit/537.36 (KHTML, like Gecko) Chrome/106.0.0.0 Safari/537.36" "ysfine.com"
134.61.106.220 - - [11/Oct/2022:02:24:23 -0700] "GET /home/truck/truck20c.jpg HTTP/1.1" 200 29999 "https://ysfine.com/yspapers/" "Mozilla/5.0 (X11; Linux x86_64) AppleWebKit/537.36 (KHTML, like Gecko) Chrome/106.0.0.0 Safari/537.36" "ysfine.com"
134.61.106.220 - - [11/Oct/2022:02:24:23 -0700] "GET /yspapers/restof11f.jpg HTTP/1.1" 200 65553 "https://ysfine.com/yspapers/" "Mozilla/5.0 (X11; Linux x86_64) AppleWebKit/537.36 (KHTML, like Gecko) Chrome/106.0.0.0 Safari/537.36" "ysfine.com"
134.61.106.220 - - [11/Oct/2022:02:24:23 -0700] "GET /yspapers/sincos88f.jpg HTTP/1.1" 200 43677 "https://ysfine.com/yspapers/" "Mozilla/5.0 (X11; Linux x86_64) AppleWebKit/537.36 (KHTML, like Gecko) Chrome/106.0.0.0 Safari/537.36" "ysfine.com"
134.61.106.220 - - [11/Oct/2022:02:24:23 -0700] "GET /yspapers/wsj21c.jpg HTTP/1.1" 200 39468 "https://ysfine.com/yspapers/" "Mozilla/5.0 (X11; Linux x86_64) AppleWebKit/537.36 (KHTML, like Gecko) Chrome/106.0.0.0 Safari/537.36" "ysfine.com"
134.61.106.220 - - [11/Oct/2022:02:24:23 -0700] "GET /yspapers/iop19c.jpg HTTP/1.1" 200 40220 "https://ysfine.com/yspapers/" "Mozilla/5.0 (X11; Linux x86_64) AppleWebKit/537.36 (KHTML, like Gecko) Chrome/106.0.0.0 Safari/537.36" "ysfine.com"
134.61.106.220 - - [11/Oct/2022:02:24:23 -0700] "GET /yspapers/einbohr55c.jpg HTTP/1.1" 200 34145 "https://ysfine.com/yspapers/" "Mozilla/5.0 (X11; Linux x86_64) AppleWebKit/537.36 (KHTML, like Gecko) Chrome/106.0.0.0 Safari/537.36" "ysfine.com"
134.61.106.220 - - [11/Oct/2022:02:24:23 -0700] "GET /yspapers/evol77c.jpg HTTP/1.1" 200 52015 "https://ysfine.com/yspapers/" "Mozilla/5.0 (X11; Linux x86_64) AppleWebKit/537.36 (KHTML, like Gecko) Chrome/106.0.0.0 Safari/537.36" "ysfine.com"
134.61.106.220 - - [11/Oct/2022:02:24:23 -0700] "GET /yspapers/comet30f.jpg HTTP/1.1" 200 93087 "https://ysfine.com/yspapers/" "Mozilla/5.0 (X11; Linux x86_64) AppleWebKit/537.36 (KHTML, like Gecko) Chrome/106.0.0.0 Safari/537.36" "ysfine.com"
134.61.106.220 - - [11/Oct/2022:02:24:23 -0700] "GET /yspapers/isomor77f.jpg HTTP/1.1" 200 76971 "https://ysfine.com/yspapers/" "Mozilla/5.0 (X11; Linux x86_64) AppleWebKit/537.36 (KHTML, like Gecko) Chrome/106.0.0.0 Safari/537.36" "ysfine.com"
134.61.106.220 - - [11/Oct/2022:02:24:23 -0700] "GET /dirac/dirac63c.jpg HTTP/1.1" 200 29237 "https://ysfine.com/yspapers/" "Mozilla/5.0 (X11; Linux x86_64) AppleWebKit/537.36 (KHTML, like Gecko) Chrome/106.0.0.0 Safari/537.36" "ysfine.com"
134.61.106.220 - - [11/Oct/2022:02:24:23 -0700] "GET /yspapers/isomor88f.jpg HTTP/1.1" 200 87213 "https://ysfine.com/yspapers/" "Mozilla/5.0 (X11; Linux x86_64) AppleWebKit/537.36 (KHTML, like Gecko) Chrome/106.0.0.0 Safari/537.36" "ysfine.com"
134.61.106.220 - - [11/Oct/2022:02:24:23 -0700] "GET /eink/pwk19c.jpg HTTP/1.1" 200 57759 "https://ysfine.com/yspapers/" "Mozilla/5.0 (X11; Linux x86_64) AppleWebKit/537.36 (KHTML, like Gecko) Chrome/106.0.0.0 Safari/537.36" "ysfine.com"
134.61.106.220 - - [11/Oct/2022:02:24:23 -0700] "GET /yspapers/neupol01c.jpg HTTP/1.1" 200 27087 "https://ysfine.com/yspapers/" "Mozilla/5.0 (X11; Linux x86_64) AppleWebKit/537.36 (KHTML, like Gecko) Chrome/106.0.0.0 Safari/537.36" "ysfine.com"
134.61.106.220 - - [11/Oct/2022:02:24:23 -0700] "GET /kobak/taylor33c.jpg HTTP/1.1" 200 39951 "https://ysfine.com/yspapers/" "Mozilla/5.0 (X11; Linux x86_64) AppleWebKit/537.36 (KHTML, like Gecko) Chrome/106.0.0.0 Safari/537.36" "ysfine.com"
134.61.106.220 - - [11/Oct/2022:02:24:23 -0700] "GET /yspapers/emcbirth77c.jpg HTTP/1.1" 200 27922 "https://ysfine.com/yspapers/" "Mozilla/5.0 (X11; Linux x86_64) AppleWebKit/537.36 (KHTML, like Gecko) Chrome/106.0.0.0 Safari/537.36" "ysfine.com"
134.61.106.220 - - [11/Oct/2022:02:24:23 -0700] "GET /yspapers/inokim97c.jpg HTTP/1.1" 200 31832 "https://ysfine.com/yspapers/" "Mozilla/5.0 (X11; Linux x86_64) AppleWebKit/537.36 (KHTML, like Gecko) Chrome/106.0.0.0 Safari/537.36" "ysfine.com"
134.61.106.220 - - [11/Oct/2022:02:24:23 -0700] "GET /yspapers/cover22c.jpg HTTP/1.1" 200 27008 "https://ysfine.com/yspapers/" "Mozilla/5.0 (X11; Linux x86_64) AppleWebKit/537.36 (KHTML, like Gecko) Chrome/106.0.0.0 Safari/537.36" "ysfine.com"
134.61.106.220 - - [11/Oct/2022:02:24:23 -0700] "GET /yspapers/synthes11c.jpg HTTP/1.1" 200 36202 "https://ysfine.com/yspapers/" "Mozilla/5.0 (X11; Linux x86_64) AppleWebKit/537.36 (KHTML, like Gecko) Chrome/106.0.0.0 Safari/537.36" "ysfine.com"
134.61.106.220 - - [11/Oct/2022:02:24:23 -0700] "GET /yspapers/sp2c.jpg HTTP/1.1" 200 29079 "https://ysfine.com/yspapers/" "Mozilla/5.0 (X11; Linux x86_64) AppleWebKit/537.36 (KHTML, like Gecko) Chrome/106.0.0.0 Safari/537.36" "ysfine.com"
134.61.106.220 - - [11/Oct/2022:02:24:23 -0700] "GET /yspapers/iop15cc.jpg HTTP/1.1" 200 18741 "https://ysfine.com/yspapers/" "Mozilla/5.0 (X11; Linux x86_64) AppleWebKit/537.36 (KHTML, like Gecko) Chrome/106.0.0.0 Safari/537.36" "ysfine.com"
134.61.106.220 - - [11/Oct/2022:02:24:23 -0700] "GET /dirac/2osc22c.jpg HTTP/1.1" 200 28929 "https://ysfine.com/yspapers/" "Mozilla/5.0 (X11; Linux x86_64) AppleWebKit/537.36 (KHTML, like Gecko) Chrome/106.0.0.0 Safari/537.36" "ysfine.com"
134.61.106.220 - - [11/Oct/2022:02:24:23 -0700] "GET /awards/timessq33f.jpg HTTP/1.1" 200 171855 "https://ysfine.com/yspapers/" "Mozilla/5.0 (X11; Linux x86_64) AppleWebKit/537.36 (KHTML, like Gecko) Chrome/106.0.0.0 Safari/537.36" "ysfine.com"
134.61.106.220 - - [11/Oct/2022:02:24:23 -0700] "GET /home/facu63c.jpg HTTP/1.1" 200 41710 "https://ysfine.com/yspapers/" "Mozilla/5.0 (X11; Linux x86_64) AppleWebKit/537.36 (KHTML, like Gecko) Chrome/106.0.0.0 Safari/537.36" "ysfine.com"
134.61.106.220 - - [11/Oct/2022:02:24:23 -0700] "GET /yspapers/ortho66c.jpg HTTP/1.1" 200 27511 "https://ysfine.com/yspapers/" "Mozilla/5.0 (X11; Linux x86_64) AppleWebKit/537.36 (KHTML, like Gecko) Chrome/106.0.0.0 Safari/537.36" "ysfine.com"
134.61.106.220 - - [11/Oct/2022:02:24:23 -0700] "GET /yspapers/parton66f.jpg HTTP/1.1" 200 85165 "https://ysfine.com/yspapers/" "Mozilla/5.0 (X11; Linux x86_64) AppleWebKit/537.36 (KHTML, like Gecko) Chrome/106.0.0.0 Safari/537.36" "ysfine.com"
134.61.106.220 - - [11/Oct/2022:02:24:23 -0700] "GET /yspapers/tollwig11c.jpg HTTP/1.1" 200 28195 "https://ysfine.com/yspapers/" "Mozilla/5.0 (X11; Linux x86_64) AppleWebKit/537.36 (KHTML, like Gecko) Chrome/106.0.0.0 Safari/537.36" "ysfine.com"
134.61.106.220 - - [11/Oct/2022:02:24:23 -0700] "GET /awards/iaotp/top21c.jpg HTTP/1.1" 200 49015 "https://ysfine.com/yspapers/" "Mozilla/5.0 (X11; Linux x86_64) AppleWebKit/537.36 (KHTML, like Gecko) Chrome/106.0.0.0 Safari/537.36" "ysfine.com"
134.61.106.220 - - [11/Oct/2022:02:24:23 -0700] "GET /yspapers/eucylin55c.jpg HTTP/1.1" 200 41051 "https://ysfine.com/yspapers/" "Mozilla/5.0 (X11; Linux x86_64) AppleWebKit/537.36 (KHTML, like Gecko) Chrome/106.0.0.0 Safari/537.36" "ysfine.com"
134.61.106.220 - - [11/Oct/2022:02:24:23 -0700] "GET /yspapers/wiglunch91c.jpg HTTP/1.1" 200 59941 "https://ysfine.com/yspapers/" "Mozilla/5.0 (X11; Linux x86_64) AppleWebKit/537.36 (KHTML, like Gecko) Chrome/106.0.0.0 Safari/537.36" "ysfine.com"
134.61.106.220 - - [11/Oct/2022:02:24:23 -0700] "GET /yspapers/restof05c.jpg HTTP/1.1" 200 21825 "https://ysfine.com/yspapers/" "Mozilla/5.0 (X11; Linux x86_64) AppleWebKit/537.36 (KHTML, like Gecko) Chrome/106.0.0.0 Safari/537.36" "ysfine.com"
134.61.106.220 - - [11/Oct/2022:02:24:23 -0700] "GET /yspapers/goodbad11c.jpg HTTP/1.1" 200 18689 "https://ysfine.com/yspapers/" "Mozilla/5.0 (X11; Linux x86_64) AppleWebKit/537.36 (KHTML, like Gecko) Chrome/106.0.0.0 Safari/537.36" "ysfine.com"
134.61.106.220 - - [11/Oct/2022:02:24:23 -0700] "GET /yspapers/shear11c.jpg HTTP/1.1" 200 27291 "https://ysfine.com/yspapers/" "Mozilla/5.0 (X11; Linux x86_64) AppleWebKit/537.36 (KHTML, like Gecko) Chrome/106.0.0.0 Safari/537.36" "ysfine.com"
134.61.106.220 - - [11/Oct/2022:02:24:23 -0700] "GET /yspapers/sq73c.jpg HTTP/1.1" 200 38604 "https://ysfine.com/yspapers/" "Mozilla/5.0 (X11; Linux x86_64) AppleWebKit/537.36 (KHTML, like Gecko) Chrome/106.0.0.0 Safari/537.36" "ysfine.com"
134.61.106.220 - - [11/Oct/2022:02:24:23 -0700] "GET /yspapers/sq33f.jpg HTTP/1.1" 200 78266 "https://ysfine.com/yspapers/" "Mozilla/5.0 (X11; Linux x86_64) AppleWebKit/537.36 (KHTML, like Gecko) Chrome/106.0.0.0 Safari/537.36" "ysfine.com"
134.61.106.220 - - [11/Oct/2022:02:25:14 -0700] "GET /yspapers/iopbook14.pdf HTTP/1.1" 404 88 "-" "Mozilla/5.0 (X11; Linux x86_64) AppleWebKit/537.36 (KHTML, like Gecko) Chrome/106.0.0.0 Safari/537.36" "ysfine.com"
134.61.106.220 - - [11/Oct/2022:02:25:19 -0700] "GET /yspapers/iopbook16.pdf HTTP/1.1" 404 88 "-" "Mozilla/5.0 (X11; Linux x86_64) AppleWebKit/537.36 (KHTML, like Gecko) Chrome/106.0.0.0 Safari/537.36" "ysfine.com"
157.55.39.127 - - [11/Oct/2022:02:25:58 -0700] "GET /sbk/2016mos22.jpg HTTP/1.1" 200 169846 "-" "Mozilla/5.0 (compatible; bingbot/2.0; +http://www.bing.com/bingbot.htm)" "www.ysfine.com"
66.249.66.44 - - [11/Oct/2022:02:26:16 -0700] "GET /usca/pitt/knee11b.jpg HTTP/1.1" 200 37513 "-" "Googlebot-Image/1.0" "ysfine.com"
157.55.39.128 - - [11/Oct/2022:02:26:28 -0700] "GET /world/ital/termini03.jpg HTTP/1.1" 200 107130 "-" "Mozilla/5.0 AppleWebKit/537.36 (KHTML, like Gecko; compatible; bingbot/2.0; +http://www.bing.com/bingbot.htm) Chrome/103.0.5060.134 Safari/537.36" "ysfine.com"
147.92.238.77 - - [11/Oct/2022:02:27:58 -0700] "GET /wigner/neeman.jpg HTTP/1.1" 200 74678 "https://www.google.com/" "Mozilla/5.0 (X11; Linux x86_64) AppleWebKit/537.36 (KHTML, like Gecko) HeadlessChrome/106.0.5249.91 Safari/537.36" "ysfine.com"
114.119.128.158 - - [11/Oct/2022:02:28:07 -0700] "GET /wdc/whx.html HTTP/1.1" 200 366 "https://ysfine.com/wdc/whx18.html" "Mozilla/5.0 (Linux; Android 7.0;) AppleWebKit/537.36 (KHTML, like Gecko) Mobile Safari/537.36 (compatible; PetalBot;+https://webmaster.petalsearch.com/site/petalbot)" "ysfine.com"
40.77.167.27 - - [11/Oct/2022:02:28:26 -0700] "GET /philo/marxphil55c.jpg HTTP/1.1" 200 35954 "-" "Mozilla/5.0 (compatible; bingbot/2.0; +http://www.bing.com/bingbot.htm)" "www.ysfine.com"
173.73.80.118 - - [11/Oct/2022:02:28:31 -0700] "GET /ysbio/sing.html?fbclid=IwAR2xKZ8cYKG9VLVsbYXsQTStbuEFt0Lx_vvpUc2qMMM0re2NMuf6wYo5_GM HTTP/1.1" 304 - "https://l.facebook.com/" "Mozilla/5.0 (Windows NT 10.0; Win64; x64) AppleWebKit/537.36 (KHTML, like Gecko) Chrome/105.0.0.0 Safari/537.36" "ysfine.com"
173.73.80.118 - - [11/Oct/2022:02:28:34 -0700] "GET /ysbio/sing.html?fbclid=IwAR2xKZ8cYKG9VLVsbYXsQTStbuEFt0Lx_vvpUc2qMMM0re2NMuf6wYo5_GM HTTP/1.1" 304 - "https://l.facebook.com/" "Mozilla/5.0 (Windows NT 10.0; Win64; x64) AppleWebKit/537.36 (KHTML, like Gecko) Chrome/105.0.0.0 Safari/537.36" "ysfine.com"
157.55.39.55 - - [11/Oct/2022:02:29:31 -0700] "GET /world/germany/berlin005.jpg HTTP/1.1" 200 146680 "-" "Mozilla/5.0 AppleWebKit/537.36 (KHTML, like Gecko; compatible; bingbot/2.0; +http://www.bing.com/bingbot.htm) Chrome/103.0.5060.134 Safari/537.36" "ysfine.com"
207.46.13.102 - - [11/Oct/2022:02:29:50 -0700] "GET /bio/style/leica.html HTTP/1.1" 404 88 "-" "Mozilla/5.0 (compatible; bingbot/2.0; +http://www.bing.com/bingbot.htm)" "ysfine.com"
157.55.39.58 - - [11/Oct/2022:02:30:22 -0700] "GET /bio/harmoarchi.html HTTP/1.1" 404 88 "-" "Mozilla/5.0 (compatible; bingbot/2.0; +http://www.bing.com/bingbot.htm)" "ysfine.com"
114.119.128.162 - - [11/Oct/2022:02:30:27 -0700] "GET /dirac/dirk62.html HTTP/1.1" 200 3930 "https://ysfine.com/einstein/eindirac.html" "Mozilla/5.0 (Linux; Android 7.0;) AppleWebKit/537.36 (KHTML, like Gecko) Mobile Safari/537.36 (compatible; PetalBot;+https://webmaster.petalsearch.com/site/petalbot)" "ysfine.com"
40.77.167.27 - - [11/Oct/2022:02:30:46 -0700] "GET /world/ital/venice01ff.jpg HTTP/1.1" 200 127956 "-" "Mozilla/5.0 (compatible; bingbot/2.0; +http://www.bing.com/bingbot.htm)" "ysfine.com"
157.55.39.127 - - [11/Oct/2022:02:31:19 -0700] "GET /world/poland/krch04.jpg HTTP/1.1" 200 113514 "-" "Mozilla/5.0 AppleWebKit/537.36 (KHTML, like Gecko; compatible; bingbot/2.0; +http://www.bing.com/bingbot.htm) Chrome/103.0.5060.134 Safari/537.36" "ysfine.com"
157.55.39.55 - - [11/Oct/2022:02:31:23 -0700] "GET /maga/osc300.jpg HTTP/1.1" 200 49873 "-" "Mozilla/5.0 (compatible; bingbot/2.0; +http://www.bing.com/bingbot.htm)" "ysfine.com"
173.73.80.118 - - [11/Oct/2022:02:31:27 -0700] "GET /ysbio/sing.html?fbclid=IwAR3GE3RNW8C7XedydEj6cDrGZg-sHuA2a4PwARC1LcCmW-AOYPBxAjpajEU HTTP/1.1" 200 2605 "https://l.facebook.com/" "Mozilla/5.0 (Windows NT 10.0; Win64; x64) AppleWebKit/537.36 (KHTML, like Gecko) Chrome/105.0.0.0 Safari/537.36" "ysfine.com"
173.73.80.118 - - [11/Oct/2022:02:31:27 -0700] "GET /favicon.ico HTTP/1.1" 404 88 "https://ysfine.com/ysbio/sing.html?fbclid=IwAR3GE3RNW8C7XedydEj6cDrGZg-sHuA2a4PwARC1LcCmW-AOYPBxAjpajEU" "Mozilla/5.0 (Windows NT 10.0; Win64; x64) AppleWebKit/537.36 (KHTML, like Gecko) Chrome/105.0.0.0 Safari/537.36" "ysfine.com"
93.158.161.59 - - [11/Oct/2022:02:32:08 -0700] "GET /world/spain/sevi026c.jpg HTTP/1.1" 200 33190 "-" "Mozilla/5.0 (compatible; YandexImages/3.0; +http://yandex.com/bots)" "www.ysfine.com"
114.119.128.158 - - [11/Oct/2022:02:32:48 -0700] "GET /archives/proceedings/boston/shih.pdf HTTP/1.1" 200 399969 "https://doxbin.org/upload/Doxdelta" "Mozilla/5.0 (Linux; Android 7.0;) AppleWebKit/537.36 (KHTML, like Gecko) Mobile Safari/537.36 (compatible; PetalBot;+https://webmaster.petalsearch.com/site/petalbot)" "www.ysfine.com"
147.92.238.77 - - [11/Oct/2022:02:33:36 -0700] "GET /wigner/neeman.jpg HTTP/1.1" 200 74678 "-" "python-requests/2.25.1" "ysfine.com"
46.204.0.3 - - [11/Oct/2022:02:34:30 -0700] "GET /maga/phys/yukawa00.jpg HTTP/1.1" 200 84885 "https://www.google.pl/" "Mozilla/5.0 (iPhone; CPU iPhone OS 16_0_2 like Mac OS X) AppleWebKit/605.1.15 (KHTML, like Gecko) Version/16.0 Mobile/15E148 Safari/604.1" "ysfine.com"
207.46.13.102 - - [11/Oct/2022:02:34:30 -0700] "GET /world/ital/flor064.jpg HTTP/1.1" 200 92740 "-" "Mozilla/5.0 (compatible; bingbot/2.0; +http://www.bing.com/bingbot.htm)" "www.ysfine.com"
107.127.42.129 - - [11/Oct/2022:02:34:48 -0700] "GET /princeton/alexan22.jpg HTTP/1.1" 200 175436 "https://www.google.com/" "Mozilla/5.0 (iPhone; CPU iPhone OS 16_0 like Mac OS X) AppleWebKit/605.1.15 (KHTML, like Gecko) Version/16.0 Mobile/15E148 Safari/604.1" "ysfine.com"
114.119.128.158 - - [11/Oct/2022:02:35:03 -0700] "GET /class54/class5470/total_data/photo_img/8-174.jpg HTTP/1.1" 200 377390 "https://ysfine.com/class54/class5470/total_data/sub_8174.htm" "Mozilla/5.0 (Linux; Android 7.0;) AppleWebKit/537.36 (KHTML, like Gecko) Mobile Safari/537.36 (compatible; PetalBot;+https://webmaster.petalsearch.com/site/petalbot)" "ysfine.com"
157.55.39.55 - - [11/Oct/2022:02:35:13 -0700] "GET /world/russ/spbm05.jpg HTTP/1.1" 200 115998 "-" "Mozilla/5.0 (compatible; bingbot/2.0; +http://www.bing.com/bingbot.htm)" "ysfine.com"
40.77.167.27 - - [11/Oct/2022:02:35:16 -0700] "GET /princeton/ias11b.jpg HTTP/1.1" 200 33974 "-" "Mozilla/5.0 (compatible; bingbot/2.0; +http://www.bing.com/bingbot.htm)" "ysfine.com"
157.55.39.127 - - [11/Oct/2022:02:35:19 -0700] "GET /kor/jeju01b.jpg HTTP/1.1" 200 27249 "-" "Mozilla/5.0 (compatible; bingbot/2.0; +http://www.bing.com/bingbot.htm)" "www.ysfine.com"
207.46.13.102 - - [11/Oct/2022:02:35:22 -0700] "GET /bio/style/leica.html HTTP/1.1" 404 88 "-" "Mozilla/5.0 (compatible; bingbot/2.0; +http://www.bing.com/bingbot.htm)" "ysfine.com"
157.55.39.127 - - [11/Oct/2022:02:37:10 -0700] "GET /dirac/dirbust22.jpg HTTP/1.1" 200 88173 "-" "Mozilla/5.0 (compatible; bingbot/2.0; +http://www.bing.com/bingbot.htm)" "www.ysfine.com"
193.175.5.162 - - [11/Oct/2022:02:37:23 -0700] "GET /wigner/wigner39.pdf HTTP/1.1" 200 1398440 "https://www.google.com/" "Mozilla/5.0 (Windows NT 10.0; Win64; x64) AppleWebKit/537.36 (KHTML, like Gecko) Chrome/106.0.0.0 Safari/537.36 Edg/106.0.1370.42" "ysfine.com"
193.175.5.162 - - [11/Oct/2022:02:37:23 -0700] "GET /favicon.ico HTTP/1.1" 404 88 "https://ysfine.com/wigner/wigner39.pdf" "Mozilla/5.0 (Windows NT 10.0; Win64; x64) AppleWebKit/537.36 (KHTML, like Gecko) Chrome/106.0.0.0 Safari/537.36 Edg/106.0.1370.42" "ysfine.com"
35.89.61.91 - - [11/Oct/2022:02:37:26 -0700] "HEAD /feynman/restof.html HTTP/1.1" 200 - "-" "-" "ysfine.com"
61.79.124.201 - - [11/Oct/2022:02:37:29 -0700] "GET /feynman/restof.html HTTP/1.1" 200 12578 "-" "Mozilla/5.0 (Windows NT 6.1; WOW64) AppleWebKit/537.36 (KHTML, like Gecko) Chrome/55.0.2883.75 Safari/537.36" "ysfine.com"
114.119.128.158 - - [11/Oct/2022:02:37:29 -0700] "GET /class54/class5470/total_data/photo_img/3-79.jpg HTTP/1.1" 200 182908 "https://ysfine.com/class54/class5470/total_data/sub_379.htm" "Mozilla/5.0 (Linux; Android 7.0;) AppleWebKit/537.36 (KHTML, like Gecko) Mobile Safari/537.36 (compatible; PetalBot;+https://webmaster.petalsearch.com/site/petalbot)" "ysfine.com"
157.55.39.58 - - [11/Oct/2022:02:37:32 -0700] "GET /kobak/rheeh.jpg HTTP/1.1" 200 268963 "-" "Mozilla/5.0 AppleWebKit/537.36 (KHTML, like Gecko; compatible; bingbot/2.0; +http://www.bing.com/bingbot.htm) Chrome/103.0.5060.134 Safari/537.36" "ysfine.com"
40.77.167.27 - - [11/Oct/2022:02:38:18 -0700] "GET /world/brit/eton08.jpg HTTP/1.1" 200 122783 "-" "Mozilla/5.0 AppleWebKit/537.36 (KHTML, like Gecko; compatible; bingbot/2.0; +http://www.bing.com/bingbot.htm) Chrome/103.0.5060.134 Safari/537.36" "ysfine.com"
62.172.220.82 - - [11/Oct/2022:02:38:22 -0700] "GET /einstein/webar22.jpg HTTP/1.1" 200 116285 "https://www.bing.com/" "Mozilla/5.0 (Windows NT 10.0; Win64; x64) AppleWebKit/537.36 (KHTML, like Gecko) Chrome/106.0.0.0 Safari/537.36 Edg/106.0.1370.37" "ysfine.com"
185.191.171.17 - - [11/Oct/2022:02:39:40 -0700] "GET /style/slavianki.html HTTP/1.1" 200 2686 "-" "Mozilla/5.0 (compatible; SemrushBot/7~bl; +http://www.semrush.com/bot.html)" "ysfine.com"
114.119.128.162 - - [11/Oct/2022:02:39:42 -0700] "GET /world/latina/feynplate.html HTTP/1.1" 200 1525 "https://www.ysfine.com/world/feynrio.html" "Mozilla/5.0 (Linux; Android 7.0;) AppleWebKit/537.36 (KHTML, like Gecko) Mobile Safari/537.36 (compatible; PetalBot;+https://webmaster.petalsearch.com/site/petalbot)" "www.ysfine.com"
