211.217.247.234 - - [10/Oct/2022:22:59:19 -0700] "GET /world/russ/kazakh07b.jpg HTTP/1.1" 200 37170 "https://ysfine.com/ffriends/russian.html" "Mozilla/5.0 (Windows NT 10.0; Win64; x64) AppleWebKit/537.36 (KHTML, like Gecko) Chrome/106.0.0.0 Safari/537.36" "ysfine.com"
211.217.247.234 - - [10/Oct/2022:22:59:19 -0700] "GET /ffriends/russwas03b.jpg HTTP/1.1" 200 39253 "https://ysfine.com/ffriends/russian.html" "Mozilla/5.0 (Windows NT 10.0; Win64; x64) AppleWebKit/537.36 (KHTML, like Gecko) Chrome/106.0.0.0 Safari/537.36" "ysfine.com"
211.217.247.234 - - [10/Oct/2022:22:59:19 -0700] "GET /world/russ/minskf12a.jpg HTTP/1.1" 200 119789 "https://ysfine.com/ffriends/russian.html" "Mozilla/5.0 (Windows NT 10.0; Win64; x64) AppleWebKit/537.36 (KHTML, like Gecko) Chrome/106.0.0.0 Safari/537.36" "ysfine.com"
211.217.247.234 - - [10/Oct/2022:22:59:19 -0700] "GET /ffriends/russvien03b.jpg HTTP/1.1" 200 44540 "https://ysfine.com/ffriends/russian.html" "Mozilla/5.0 (Windows NT 10.0; Win64; x64) AppleWebKit/537.36 (KHTML, like Gecko) Chrome/106.0.0.0 Safari/537.36" "ysfine.com"
211.217.247.234 - - [10/Oct/2022:22:59:19 -0700] "GET /ffriends/russny06b.jpg HTTP/1.1" 200 34131 "https://ysfine.com/ffriends/russian.html" "Mozilla/5.0 (Windows NT 10.0; Win64; x64) AppleWebKit/537.36 (KHTML, like Gecko) Chrome/106.0.0.0 Safari/537.36" "ysfine.com"
211.217.247.234 - - [10/Oct/2022:22:59:19 -0700] "GET /ffriends/russzuri02b.jpg HTTP/1.1" 200 40868 "https://ysfine.com/ffriends/russian.html" "Mozilla/5.0 (Windows NT 10.0; Win64; x64) AppleWebKit/537.36 (KHTML, like Gecko) Chrome/106.0.0.0 Safari/537.36" "ysfine.com"
211.217.247.234 - - [10/Oct/2022:22:59:19 -0700] "GET /ffriends/russparis07b.jpg HTTP/1.1" 200 57795 "https://ysfine.com/ffriends/russian.html" "Mozilla/5.0 (Windows NT 10.0; Win64; x64) AppleWebKit/537.36 (KHTML, like Gecko) Chrome/106.0.0.0 Safari/537.36" "ysfine.com"
211.217.247.234 - - [10/Oct/2022:22:59:19 -0700] "GET /ffriends/russstanf01b.jpg HTTP/1.1" 200 56948 "https://ysfine.com/ffriends/russian.html" "Mozilla/5.0 (Windows NT 10.0; Win64; x64) AppleWebKit/537.36 (KHTML, like Gecko) Chrome/106.0.0.0 Safari/537.36" "ysfine.com"
211.217.247.234 - - [10/Oct/2022:22:59:19 -0700] "GET /world/russ/russriga11b.jpg HTTP/1.1" 200 43472 "https://ysfine.com/ffriends/russian.html" "Mozilla/5.0 (Windows NT 10.0; Win64; x64) AppleWebKit/537.36 (KHTML, like Gecko) Chrome/106.0.0.0 Safari/537.36" "ysfine.com"
211.217.247.234 - - [10/Oct/2022:22:59:19 -0700] "GET /world/russ/almaty11b.jpg HTTP/1.1" 200 27200 "https://ysfine.com/ffriends/russian.html" "Mozilla/5.0 (Windows NT 10.0; Win64; x64) AppleWebKit/537.36 (KHTML, like Gecko) Chrome/106.0.0.0 Safari/537.36" "ysfine.com"
211.217.247.234 - - [10/Oct/2022:22:59:19 -0700] "GET /world/russ/minskf83b.jpg HTTP/1.1" 200 40433 "https://ysfine.com/ffriends/russian.html" "Mozilla/5.0 (Windows NT 10.0; Win64; x64) AppleWebKit/537.36 (KHTML, like Gecko) Chrome/106.0.0.0 Safari/537.36" "ysfine.com"
211.217.247.234 - - [10/Oct/2022:22:59:20 -0700] "GET /ffriends/russvenice01b.jpg HTTP/1.1" 200 44878 "https://ysfine.com/ffriends/russian.html" "Mozilla/5.0 (Windows NT 10.0; Win64; x64) AppleWebKit/537.36 (KHTML, like Gecko) Chrome/106.0.0.0 Safari/537.36" "ysfine.com"
211.217.247.234 - - [10/Oct/2022:22:59:20 -0700] "GET /ffriends/russmuc01b.jpg HTTP/1.1" 200 47229 "https://ysfine.com/ffriends/russian.html" "Mozilla/5.0 (Windows NT 10.0; Win64; x64) AppleWebKit/537.36 (KHTML, like Gecko) Chrome/106.0.0.0 Safari/537.36" "ysfine.com"
211.217.247.234 - - [10/Oct/2022:22:59:21 -0700] "GET /ffriends/russrio11b.jpg HTTP/1.1" 200 35808 "https://ysfine.com/ffriends/russian.html" "Mozilla/5.0 (Windows NT 10.0; Win64; x64) AppleWebKit/537.36 (KHTML, like Gecko) Chrome/106.0.0.0 Safari/537.36" "ysfine.com"
211.217.247.234 - - [10/Oct/2022:22:59:21 -0700] "GET /ffriends/russrio33b.jpg HTTP/1.1" 200 38506 "https://ysfine.com/ffriends/russian.html" "Mozilla/5.0 (Windows NT 10.0; Win64; x64) AppleWebKit/537.36 (KHTML, like Gecko) Chrome/106.0.0.0 Safari/537.36" "ysfine.com"
211.217.247.234 - - [10/Oct/2022:22:59:21 -0700] "GET /ffriends/ukralon01b.jpg HTTP/1.1" 200 38506 "https://ysfine.com/ffriends/russian.html" "Mozilla/5.0 (Windows NT 10.0; Win64; x64) AppleWebKit/537.36 (KHTML, like Gecko) Chrome/106.0.0.0 Safari/537.36" "ysfine.com"
211.217.247.234 - - [10/Oct/2022:22:59:22 -0700] "GET /ffriends/ukrapol01b.jpg HTTP/1.1" 200 49057 "https://ysfine.com/ffriends/russian.html" "Mozilla/5.0 (Windows NT 10.0; Win64; x64) AppleWebKit/537.36 (KHTML, like Gecko) Chrome/106.0.0.0 Safari/537.36" "ysfine.com"
211.217.247.234 - - [10/Oct/2022:22:59:22 -0700] "GET /ffriends/tymoshenko02b.jpg HTTP/1.1" 200 53576 "https://ysfine.com/ffriends/russian.html" "Mozilla/5.0 (Windows NT 10.0; Win64; x64) AppleWebKit/537.36 (KHTML, like Gecko) Chrome/106.0.0.0 Safari/537.36" "ysfine.com"
211.217.247.234 - - [10/Oct/2022:22:59:22 -0700] "GET /ffriends/russkor01b.jpg HTTP/1.1" 200 52895 "https://ysfine.com/ffriends/russian.html" "Mozilla/5.0 (Windows NT 10.0; Win64; x64) AppleWebKit/537.36 (KHTML, like Gecko) Chrome/106.0.0.0 Safari/537.36" "ysfine.com"
211.217.247.234 - - [10/Oct/2022:22:59:23 -0700] "GET /style/tatiana11b.jpg HTTP/1.1" 200 29416 "https://ysfine.com/ffriends/russian.html" "Mozilla/5.0 (Windows NT 10.0; Win64; x64) AppleWebKit/537.36 (KHTML, like Gecko) Chrome/106.0.0.0 Safari/537.36" "ysfine.com"
211.217.247.234 - - [10/Oct/2022:22:59:23 -0700] "GET /world/russ/ballerina11b.jpg HTTP/1.1" 200 41163 "https://ysfine.com/ffriends/russian.html" "Mozilla/5.0 (Windows NT 10.0; Win64; x64) AppleWebKit/537.36 (KHTML, like Gecko) Chrome/106.0.0.0 Safari/537.36" "ysfine.com"
211.217.247.234 - - [10/Oct/2022:22:59:23 -0700] "GET /world/russ/bachkova11b.jpg HTTP/1.1" 200 45475 "https://ysfine.com/ffriends/russian.html" "Mozilla/5.0 (Windows NT 10.0; Win64; x64) AppleWebKit/537.36 (KHTML, like Gecko) Chrome/106.0.0.0 Safari/537.36" "ysfine.com"
211.217.247.234 - - [10/Oct/2022:22:59:23 -0700] "GET /style/russdance11b.jpg HTTP/1.1" 200 39905 "https://ysfine.com/ffriends/russian.html" "Mozilla/5.0 (Windows NT 10.0; Win64; x64) AppleWebKit/537.36 (KHTML, like Gecko) Chrome/106.0.0.0 Safari/537.36" "ysfine.com"
211.217.247.234 - - [10/Oct/2022:22:59:24 -0700] "GET /style/swanlake2.jpg HTTP/1.1" 200 28176 "https://ysfine.com/ffriends/russian.html" "Mozilla/5.0 (Windows NT 10.0; Win64; x64) AppleWebKit/537.36 (KHTML, like Gecko) Chrome/106.0.0.0 Safari/537.36" "ysfine.com"
211.217.247.234 - - [10/Oct/2022:22:59:24 -0700] "GET /style/tchaikov2.jpg HTTP/1.1" 200 38919 "https://ysfine.com/ffriends/russian.html" "Mozilla/5.0 (Windows NT 10.0; Win64; x64) AppleWebKit/537.36 (KHTML, like Gecko) Chrome/106.0.0.0 Safari/537.36" "ysfine.com"
211.217.247.234 - - [10/Oct/2022:22:59:24 -0700] "GET /world/russ/bolshoi22b.jpg HTTP/1.1" 200 49548 "https://ysfine.com/ffriends/russian.html" "Mozilla/5.0 (Windows NT 10.0; Win64; x64) AppleWebKit/537.36 (KHTML, like Gecko) Chrome/106.0.0.0 Safari/537.36" "ysfine.com"
211.217.247.234 - - [10/Oct/2022:22:59:24 -0700] "GET /world/russ/tchaikovhall02b.jpg HTTP/1.1" 200 29193 "https://ysfine.com/ffriends/russian.html" "Mozilla/5.0 (Windows NT 10.0; Win64; x64) AppleWebKit/537.36 (KHTML, like Gecko) Chrome/106.0.0.0 Safari/537.36" "ysfine.com"
211.217.247.234 - - [10/Oct/2022:22:59:25 -0700] "GET /world/russ/spbm03b.jpg HTTP/1.1" 200 39569 "https://ysfine.com/ffriends/russian.html" "Mozilla/5.0 (Windows NT 10.0; Win64; x64) AppleWebKit/537.36 (KHTML, like Gecko) Chrome/106.0.0.0 Safari/537.36" "ysfine.com"
211.217.247.234 - - [10/Oct/2022:22:59:25 -0700] "GET /world/russ/mosmusic53b.jpg HTTP/1.1" 200 36509 "https://ysfine.com/ffriends/russian.html" "Mozilla/5.0 (Windows NT 10.0; Win64; x64) AppleWebKit/537.36 (KHTML, like Gecko) Chrome/106.0.0.0 Safari/537.36" "ysfine.com"
211.217.247.234 - - [10/Oct/2022:22:59:25 -0700] "GET /kobak/taylor33c.jpg HTTP/1.1" 200 39951 "https://ysfine.com/ffriends/russian.html" "Mozilla/5.0 (Windows NT 10.0; Win64; x64) AppleWebKit/537.36 (KHTML, like Gecko) Chrome/106.0.0.0 Safari/537.36" "ysfine.com"
211.217.247.234 - - [10/Oct/2022:22:59:25 -0700] "GET /world/russ/spbm07b.jpg HTTP/1.1" 200 42946 "https://ysfine.com/ffriends/russian.html" "Mozilla/5.0 (Windows NT 10.0; Win64; x64) AppleWebKit/537.36 (KHTML, like Gecko) Chrome/106.0.0.0 Safari/537.36" "ysfine.com"
211.217.247.234 - - [10/Oct/2022:22:59:54 -0700] "GET /wisdom/yitol.html HTTP/1.1" 200 6261 "https://ysfine.com/ffriends/russian.html" "Mozilla/5.0 (Windows NT 10.0; Win64; x64) AppleWebKit/537.36 (KHTML, like Gecko) Chrome/106.0.0.0 Safari/537.36" "ysfine.com"
211.217.247.234 - - [10/Oct/2022:22:59:54 -0700] "GET /wisdom/tolstoy97b.jpg HTTP/1.1" 200 46981 "https://ysfine.com/wisdom/yitol.html" "Mozilla/5.0 (Windows NT 10.0; Win64; x64) AppleWebKit/537.36 (KHTML, like Gecko) Chrome/106.0.0.0 Safari/537.36" "ysfine.com"
211.217.247.234 - - [10/Oct/2022:22:59:54 -0700] "GET /kobak/kangban11b.jpg HTTP/1.1" 200 24123 "https://ysfine.com/wisdom/yitol.html" "Mozilla/5.0 (Windows NT 10.0; Win64; x64) AppleWebKit/537.36 (KHTML, like Gecko) Chrome/106.0.0.0 Safari/537.36" "ysfine.com"
211.217.247.234 - - [10/Oct/2022:22:59:54 -0700] "GET /kobak/arisaka99b.jpg HTTP/1.1" 200 48028 "https://ysfine.com/wisdom/yitol.html" "Mozilla/5.0 (Windows NT 10.0; Win64; x64) AppleWebKit/537.36 (KHTML, like Gecko) Chrome/106.0.0.0 Safari/537.36" "ysfine.com"
211.217.247.234 - - [10/Oct/2022:22:59:54 -0700] "GET /wisdom/yks22b.jpg HTTP/1.1" 200 56210 "https://ysfine.com/wisdom/yitol.html" "Mozilla/5.0 (Windows NT 10.0; Win64; x64) AppleWebKit/537.36 (KHTML, like Gecko) Chrome/106.0.0.0 Safari/537.36" "ysfine.com"
211.217.247.234 - - [10/Oct/2022:22:59:54 -0700] "GET /wisdom/yksgrave2.jpg HTTP/1.1" 200 41493 "https://ysfine.com/wisdom/yitol.html" "Mozilla/5.0 (Windows NT 10.0; Win64; x64) AppleWebKit/537.36 (KHTML, like Gecko) Chrome/106.0.0.0 Safari/537.36" "ysfine.com"
211.217.247.234 - - [10/Oct/2022:22:59:54 -0700] "GET /kobak/sonja11c.jpg HTTP/1.1" 200 33899 "https://ysfine.com/wisdom/yitol.html" "Mozilla/5.0 (Windows NT 10.0; Win64; x64) AppleWebKit/537.36 (KHTML, like Gecko) Chrome/106.0.0.0 Safari/537.36" "ysfine.com"
211.217.247.234 - - [10/Oct/2022:22:59:54 -0700] "GET /wisdom/bible01c.jpg HTTP/1.1" 200 49685 "https://ysfine.com/wisdom/yitol.html" "Mozilla/5.0 (Windows NT 10.0; Win64; x64) AppleWebKit/537.36 (KHTML, like Gecko) Chrome/106.0.0.0 Safari/537.36" "ysfine.com"
211.217.247.234 - - [10/Oct/2022:22:59:54 -0700] "GET /eink/eink61c.jpg HTTP/1.1" 200 34119 "https://ysfine.com/wisdom/yitol.html" "Mozilla/5.0 (Windows NT 10.0; Win64; x64) AppleWebKit/537.36 (KHTML, like Gecko) Chrome/106.0.0.0 Safari/537.36" "ysfine.com"
211.217.247.234 - - [10/Oct/2022:22:59:54 -0700] "GET /kobak/swr51c.jpg HTTP/1.1" 200 35677 "https://ysfine.com/wisdom/yitol.html" "Mozilla/5.0 (Windows NT 10.0; Win64; x64) AppleWebKit/537.36 (KHTML, like Gecko) Chrome/106.0.0.0 Safari/537.36" "ysfine.com"
211.217.247.234 - - [10/Oct/2022:22:59:54 -0700] "GET /wisdom/kimilsong01b.jpg HTTP/1.1" 200 31223 "https://ysfine.com/wisdom/yitol.html" "Mozilla/5.0 (Windows NT 10.0; Win64; x64) AppleWebKit/537.36 (KHTML, like Gecko) Chrome/106.0.0.0 Safari/537.36" "ysfine.com"
211.217.247.234 - - [10/Oct/2022:22:59:54 -0700] "GET /wisdom/yks11b.jpg HTTP/1.1" 200 41064 "https://ysfine.com/wisdom/yitol.html" "Mozilla/5.0 (Windows NT 10.0; Win64; x64) AppleWebKit/537.36 (KHTML, like Gecko) Chrome/106.0.0.0 Safari/537.36" "ysfine.com"
157.55.39.127 - - [10/Oct/2022:22:59:58 -0700] "GET /world/scandi/copen055.jpg HTTP/1.1" 200 92915 "-" "Mozilla/5.0 AppleWebKit/537.36 (KHTML, like Gecko; compatible; bingbot/2.0; +http://www.bing.com/bingbot.htm) Chrome/103.0.5060.134 Safari/537.36" "ysfine.com"
207.46.13.102 - - [10/Oct/2022:23:00:31 -0700] "GET /world/france/pantheon03.jpg HTTP/1.1" 200 107105 "-" "Mozilla/5.0 (compatible; bingbot/2.0; +http://www.bing.com/bingbot.htm)" "ysfine.com"
54.236.1.11 - - [10/Oct/2022:23:00:32 -0700] "GET /robots.txt HTTP/1.1" 404 88 "-" "Mozilla/5.0 (compatible; Pinterestbot/1.0; +http://www.pinterest.com/bot.html)" "ysfine.com"
54.236.1.11 - - [10/Oct/2022:23:00:32 -0700] "GET /feynman/feydirac.jpg HTTP/1.1" 200 98378 "-" "Mozilla/5.0 (compatible; Pinterestbot/1.0; +http://www.pinterest.com/bot.html)" "ysfine.com"
207.46.13.102 - - [10/Oct/2022:23:01:49 -0700] "GET /bio/einstein/bern.html HTTP/1.1" 404 88 "-" "Mozilla/5.0 (compatible; bingbot/2.0; +http://www.bing.com/bingbot.htm)" "ysfine.com"
79.127.91.176 - - [10/Oct/2022:23:01:54 -0700] "GET /dirac/dfkim11.jpg HTTP/1.1" 200 102093 "https://www.google.com/" "Mozilla/5.0 (Linux; Android 12; SM-A526B) AppleWebKit/537.36 (KHTML, like Gecko) Chrome/103.0.0.0 Mobile Safari/537.36" "ysfine.com"
211.217.247.234 - - [10/Oct/2022:23:02:07 -0700] "GET /wisdom/kimilsong01.jpg HTTP/1.1" 200 87559 "https://ysfine.com/wisdom/yitol.html" "Mozilla/5.0 (Windows NT 10.0; Win64; x64) AppleWebKit/537.36 (KHTML, like Gecko) Chrome/106.0.0.0 Safari/537.36" "ysfine.com"
211.217.247.234 - - [10/Oct/2022:23:02:25 -0700] "GET /ffriends/soldiers.html HTTP/1.1" 200 4685 "https://ysfine.com/kowar/war45.html" "Mozilla/5.0 (Windows NT 10.0; Win64; x64) AppleWebKit/537.36 (KHTML, like Gecko) Chrome/106.0.0.0 Safari/537.36" "ysfine.com"
211.217.247.234 - - [10/Oct/2022:23:02:26 -0700] "GET /kobak/taylor11b.jpg HTTP/1.1" 200 42467 "https://ysfine.com/ffriends/soldiers.html" "Mozilla/5.0 (Windows NT 10.0; Win64; x64) AppleWebKit/537.36 (KHTML, like Gecko) Chrome/106.0.0.0 Safari/537.36" "ysfine.com"
211.217.247.234 - - [10/Oct/2022:23:02:26 -0700] "GET /world/russ/krem06b.jpg HTTP/1.1" 200 25649 "https://ysfine.com/ffriends/soldiers.html" "Mozilla/5.0 (Windows NT 10.0; Win64; x64) AppleWebKit/537.36 (KHTML, like Gecko) Chrome/106.0.0.0 Safari/537.36" "ysfine.com"
211.217.247.234 - - [10/Oct/2022:23:02:26 -0700] "GET /world/poland/psoldier04b.jpg HTTP/1.1" 200 43561 "https://ysfine.com/ffriends/soldiers.html" "Mozilla/5.0 (Windows NT 10.0; Win64; x64) AppleWebKit/537.36 (KHTML, like Gecko) Chrome/106.0.0.0 Safari/537.36" "ysfine.com"
211.217.247.234 - - [10/Oct/2022:23:02:26 -0700] "GET /ffriends/mil/nato11b.jpg HTTP/1.1" 200 41360 "https://ysfine.com/ffriends/soldiers.html" "Mozilla/5.0 (Windows NT 10.0; Win64; x64) AppleWebKit/537.36 (KHTML, like Gecko) Chrome/106.0.0.0 Safari/537.36" "ysfine.com"
211.217.247.234 - - [10/Oct/2022:23:02:26 -0700] "GET /world/russ/roskei01b.jpg HTTP/1.1" 200 20978 "https://ysfine.com/ffriends/soldiers.html" "Mozilla/5.0 (Windows NT 10.0; Win64; x64) AppleWebKit/537.36 (KHTML, like Gecko) Chrome/106.0.0.0 Safari/537.36" "ysfine.com"
211.217.247.234 - - [10/Oct/2022:23:02:26 -0700] "GET /ffriends/mil/usmc11b.jpg HTTP/1.1" 200 50386 "https://ysfine.com/ffriends/soldiers.html" "Mozilla/5.0 (Windows NT 10.0; Win64; x64) AppleWebKit/537.36 (KHTML, like Gecko) Chrome/106.0.0.0 Safari/537.36" "ysfine.com"
211.217.247.234 - - [10/Oct/2022:23:02:26 -0700] "GET /ffriends/turksol01b.jpg HTTP/1.1" 200 37105 "https://ysfine.com/ffriends/soldiers.html" "Mozilla/5.0 (Windows NT 10.0; Win64; x64) AppleWebKit/537.36 (KHTML, like Gecko) Chrome/106.0.0.0 Safari/537.36" "ysfine.com"
211.217.247.234 - - [10/Oct/2022:23:02:26 -0700] "GET /kobak/draftreg11b.jpg HTTP/1.1" 200 51376 "https://ysfine.com/ffriends/soldiers.html" "Mozilla/5.0 (Windows NT 10.0; Win64; x64) AppleWebKit/537.36 (KHTML, like Gecko) Chrome/106.0.0.0 Safari/537.36" "ysfine.com"
211.217.247.234 - - [10/Oct/2022:23:02:26 -0700] "GET /world/russ/roskei90b.jpg HTTP/1.1" 200 50111 "https://ysfine.com/ffriends/soldiers.html" "Mozilla/5.0 (Windows NT 10.0; Win64; x64) AppleWebKit/537.36 (KHTML, like Gecko) Chrome/106.0.0.0 Safari/537.36" "ysfine.com"
211.217.247.234 - - [10/Oct/2022:23:02:26 -0700] "GET /ffriends/mil/usna11b.jpg HTTP/1.1" 200 47119 "https://ysfine.com/ffriends/soldiers.html" "Mozilla/5.0 (Windows NT 10.0; Win64; x64) AppleWebKit/537.36 (KHTML, like Gecko) Chrome/106.0.0.0 Safari/537.36" "ysfine.com"
66.249.66.43 - - [10/Oct/2022:23:02:34 -0700] "GET /kowar/yaltac02.jpg HTTP/1.1" 304 - "-" "Googlebot-Image/1.0" "ysfine.com"
157.55.39.128 - - [10/Oct/2022:23:02:48 -0700] "GET /einstein/places/einha05.jpg HTTP/1.1" 200 138021 "-" "Mozilla/5.0 (compatible; bingbot/2.0; +http://www.bing.com/bingbot.htm)" "ysfine.com"
106.200.90.160 - - [10/Oct/2022:23:02:55 -0700] "GET /world/ital/vicenza04.jpg HTTP/1.1" 200 177718 "https://www.google.com/" "Mozilla/5.0 (Windows NT 10.0; Win64; x64) AppleWebKit/537.36 (KHTML, like Gecko) Chrome/105.0.0.0 Safari/537.36" "ysfine.com"
211.217.247.234 - - [10/Oct/2022:23:03:06 -0700] "GET /kobak/soraech.html HTTP/1.1" 200 16670 "https://ysfine.com/kowar/war45.html" "Mozilla/5.0 (Windows NT 10.0; Win64; x64) AppleWebKit/537.36 (KHTML, like Gecko) Chrome/106.0.0.0 Safari/537.36" "ysfine.com"
211.217.247.234 - - [10/Oct/2022:23:03:07 -0700] "GET /kobak/sorae/alexvic11b.jpg HTTP/1.1" 200 47312 "https://ysfine.com/kobak/soraech.html" "Mozilla/5.0 (Windows NT 10.0; Win64; x64) AppleWebKit/537.36 (KHTML, like Gecko) Chrome/106.0.0.0 Safari/537.36" "ysfine.com"
211.217.247.234 - - [10/Oct/2022:23:03:07 -0700] "GET /kobak/underw09b.jpg HTTP/1.1" 200 60928 "https://ysfine.com/kobak/soraech.html" "Mozilla/5.0 (Windows NT 10.0; Win64; x64) AppleWebKit/537.36 (KHTML, like Gecko) Chrome/106.0.0.0 Safari/537.36" "ysfine.com"
211.217.247.234 - - [10/Oct/2022:23:03:07 -0700] "GET /kobak/nll01b.jpg HTTP/1.1" 200 30471 "https://ysfine.com/kobak/soraech.html" "Mozilla/5.0 (Windows NT 10.0; Win64; x64) AppleWebKit/537.36 (KHTML, like Gecko) Chrome/106.0.0.0 Safari/537.36" "ysfine.com"
211.217.247.234 - - [10/Oct/2022:23:03:07 -0700] "GET /kobak/underw06b.jpg HTTP/1.1" 200 51332 "https://ysfine.com/kobak/soraech.html" "Mozilla/5.0 (Windows NT 10.0; Win64; x64) AppleWebKit/537.36 (KHTML, like Gecko) Chrome/106.0.0.0 Safari/537.36" "ysfine.com"
211.217.247.234 - - [10/Oct/2022:23:03:07 -0700] "GET /kobak/underw03b.jpg HTTP/1.1" 200 37749 "https://ysfine.com/kobak/soraech.html" "Mozilla/5.0 (Windows NT 10.0; Win64; x64) AppleWebKit/537.36 (KHTML, like Gecko) Chrome/106.0.0.0 Safari/537.36" "ysfine.com"
211.217.247.234 - - [10/Oct/2022:23:03:07 -0700] "GET /kobak/rhee12b.jpg HTTP/1.1" 200 49113 "https://ysfine.com/kobak/soraech.html" "Mozilla/5.0 (Windows NT 10.0; Win64; x64) AppleWebKit/537.36 (KHTML, like Gecko) Chrome/106.0.0.0 Safari/537.36" "ysfine.com"
211.217.247.234 - - [10/Oct/2022:23:03:07 -0700] "GET /kobak/gojong01b.jpg HTTP/1.1" 200 43980 "https://ysfine.com/kobak/soraech.html" "Mozilla/5.0 (Windows NT 10.0; Win64; x64) AppleWebKit/537.36 (KHTML, like Gecko) Chrome/106.0.0.0 Safari/537.36" "ysfine.com"
211.217.247.234 - - [10/Oct/2022:23:03:07 -0700] "GET /kobak/underw01b.jpg HTTP/1.1" 200 36835 "https://ysfine.com/kobak/soraech.html" "Mozilla/5.0 (Windows NT 10.0; Win64; x64) AppleWebKit/537.36 (KHTML, like Gecko) Chrome/106.0.0.0 Safari/537.36" "ysfine.com"
211.217.247.234 - - [10/Oct/2022:23:03:07 -0700] "GET /kobak/sorae01b.jpg HTTP/1.1" 200 31668 "https://ysfine.com/kobak/soraech.html" "Mozilla/5.0 (Windows NT 10.0; Win64; x64) AppleWebKit/537.36 (KHTML, like Gecko) Chrome/106.0.0.0 Safari/537.36" "ysfine.com"
211.217.247.234 - - [10/Oct/2022:23:03:07 -0700] "GET /kobak/mskim01b.jpg HTTP/1.1" 200 51469 "https://ysfine.com/kobak/soraech.html" "Mozilla/5.0 (Windows NT 10.0; Win64; x64) AppleWebKit/537.36 (KHTML, like Gecko) Chrome/106.0.0.0 Safari/537.36" "ysfine.com"
211.217.247.234 - - [10/Oct/2022:23:03:07 -0700] "GET /kobak/sorae/church09b.jpg HTTP/1.1" 200 63003 "https://ysfine.com/kobak/soraech.html" "Mozilla/5.0 (Windows NT 10.0; Win64; x64) AppleWebKit/537.36 (KHTML, like Gecko) Chrome/106.0.0.0 Safari/537.36" "ysfine.com"
211.217.247.234 - - [10/Oct/2022:23:03:07 -0700] "GET /kobak/mskim03b.jpg HTTP/1.1" 200 44430 "https://ysfine.com/kobak/soraech.html" "Mozilla/5.0 (Windows NT 10.0; Win64; x64) AppleWebKit/537.36 (KHTML, like Gecko) Chrome/106.0.0.0 Safari/537.36" "ysfine.com"
211.217.247.234 - - [10/Oct/2022:23:03:07 -0700] "GET /kobak/sorae/church03b.jpg HTTP/1.1" 200 50665 "https://ysfine.com/kobak/soraech.html" "Mozilla/5.0 (Windows NT 10.0; Win64; x64) AppleWebKit/537.36 (KHTML, like Gecko) Chrome/106.0.0.0 Safari/537.36" "ysfine.com"
211.217.247.234 - - [10/Oct/2022:23:03:07 -0700] "GET /kobak/sohnwi01b.jpg HTTP/1.1" 200 35047 "https://ysfine.com/kobak/soraech.html" "Mozilla/5.0 (Windows NT 10.0; Win64; x64) AppleWebKit/537.36 (KHTML, like Gecko) Chrome/106.0.0.0 Safari/537.36" "ysfine.com"
211.217.247.234 - - [10/Oct/2022:23:03:07 -0700] "GET /kobak/sorae/kumipo01b.jpg HTTP/1.1" 200 30861 "https://ysfine.com/kobak/soraech.html" "Mozilla/5.0 (Windows NT 10.0; Win64; x64) AppleWebKit/537.36 (KHTML, like Gecko) Chrome/106.0.0.0 Safari/537.36" "ysfine.com"
211.217.247.234 - - [10/Oct/2022:23:03:07 -0700] "GET /kobak/underw26b.jpg HTTP/1.1" 200 56057 "https://ysfine.com/kobak/soraech.html" "Mozilla/5.0 (Windows NT 10.0; Win64; x64) AppleWebKit/537.36 (KHTML, like Gecko) Chrome/106.0.0.0 Safari/537.36" "ysfine.com"
211.217.247.234 - - [10/Oct/2022:23:03:07 -0700] "GET /kobak/sorae/grandpa11b.jpg HTTP/1.1" 200 20714 "https://ysfine.com/kobak/soraech.html" "Mozilla/5.0 (Windows NT 10.0; Win64; x64) AppleWebKit/537.36 (KHTML, like Gecko) Chrome/106.0.0.0 Safari/537.36" "ysfine.com"
211.217.247.234 - - [10/Oct/2022:23:03:07 -0700] "GET /kobak/sorae/church05b.jpg HTTP/1.1" 200 66213 "https://ysfine.com/kobak/soraech.html" "Mozilla/5.0 (Windows NT 10.0; Win64; x64) AppleWebKit/537.36 (KHTML, like Gecko) Chrome/106.0.0.0 Safari/537.36" "ysfine.com"
211.217.247.234 - - [10/Oct/2022:23:03:07 -0700] "GET /kobak/sorae/church02b.jpg HTTP/1.1" 200 40321 "https://ysfine.com/kobak/soraech.html" "Mozilla/5.0 (Windows NT 10.0; Win64; x64) AppleWebKit/537.36 (KHTML, like Gecko) Chrome/106.0.0.0 Safari/537.36" "ysfine.com"
211.217.247.234 - - [10/Oct/2022:23:03:07 -0700] "GET /kowar/tanks/sherman44b.jpg HTTP/1.1" 200 34454 "https://ysfine.com/kobak/soraech.html" "Mozilla/5.0 (Windows NT 10.0; Win64; x64) AppleWebKit/537.36 (KHTML, like Gecko) Chrome/106.0.0.0 Safari/537.36" "ysfine.com"
211.217.247.234 - - [10/Oct/2022:23:03:07 -0700] "GET /kobak/sorae/church12b.jpg HTTP/1.1" 200 56689 "https://ysfine.com/kobak/soraech.html" "Mozilla/5.0 (Windows NT 10.0; Win64; x64) AppleWebKit/537.36 (KHTML, like Gecko) Chrome/106.0.0.0 Safari/537.36" "ysfine.com"
211.217.247.234 - - [10/Oct/2022:23:03:07 -0700] "GET /kobak/sorae/church102b.jpg HTTP/1.1" 200 39343 "https://ysfine.com/kobak/soraech.html" "Mozilla/5.0 (Windows NT 10.0; Win64; x64) AppleWebKit/537.36 (KHTML, like Gecko) Chrome/106.0.0.0 Safari/537.36" "ysfine.com"
211.217.247.234 - - [10/Oct/2022:23:03:07 -0700] "GET /kobak/underw12b.jpg HTTP/1.1" 200 42070 "https://ysfine.com/kobak/soraech.html" "Mozilla/5.0 (Windows NT 10.0; Win64; x64) AppleWebKit/537.36 (KHTML, like Gecko) Chrome/106.0.0.0 Safari/537.36" "ysfine.com"
211.217.247.234 - - [10/Oct/2022:23:03:07 -0700] "GET /kobak/underw25b.jpg HTTP/1.1" 200 36194 "https://ysfine.com/kobak/soraech.html" "Mozilla/5.0 (Windows NT 10.0; Win64; x64) AppleWebKit/537.36 (KHTML, like Gecko) Chrome/106.0.0.0 Safari/537.36" "ysfine.com"
211.217.247.234 - - [10/Oct/2022:23:03:07 -0700] "GET /kobak/underw21b.jpg HTTP/1.1" 200 45991 "https://ysfine.com/kobak/soraech.html" "Mozilla/5.0 (Windows NT 10.0; Win64; x64) AppleWebKit/537.36 (KHTML, like Gecko) Chrome/106.0.0.0 Safari/537.36" "ysfine.com"
211.217.247.234 - - [10/Oct/2022:23:03:07 -0700] "GET /kobak/underw08b.jpg HTTP/1.1" 200 48993 "https://ysfine.com/kobak/soraech.html" "Mozilla/5.0 (Windows NT 10.0; Win64; x64) AppleWebKit/537.36 (KHTML, like Gecko) Chrome/106.0.0.0 Safari/537.36" "ysfine.com"
211.217.247.234 - - [10/Oct/2022:23:03:07 -0700] "GET /kobak/underw22b.jpg HTTP/1.1" 200 68866 "https://ysfine.com/kobak/soraech.html" "Mozilla/5.0 (Windows NT 10.0; Win64; x64) AppleWebKit/537.36 (KHTML, like Gecko) Chrome/106.0.0.0 Safari/537.36" "ysfine.com"
211.217.247.234 - - [10/Oct/2022:23:03:07 -0700] "GET /kowar/kimis53b.jpg HTTP/1.1" 200 44376 "https://ysfine.com/kobak/soraech.html" "Mozilla/5.0 (Windows NT 10.0; Win64; x64) AppleWebKit/537.36 (KHTML, like Gecko) Chrome/106.0.0.0 Safari/537.36" "ysfine.com"
211.217.247.234 - - [10/Oct/2022:23:03:07 -0700] "GET /kobak/sorae/church105b.jpg HTTP/1.1" 200 36895 "https://ysfine.com/kobak/soraech.html" "Mozilla/5.0 (Windows NT 10.0; Win64; x64) AppleWebKit/537.36 (KHTML, like Gecko) Chrome/106.0.0.0 Safari/537.36" "ysfine.com"
211.217.247.234 - - [10/Oct/2022:23:03:07 -0700] "GET /kobak/sorae/church07b.jpg HTTP/1.1" 200 55556 "https://ysfine.com/kobak/soraech.html" "Mozilla/5.0 (Windows NT 10.0; Win64; x64) AppleWebKit/537.36 (KHTML, like Gecko) Chrome/106.0.0.0 Safari/537.36" "ysfine.com"
211.217.247.234 - - [10/Oct/2022:23:03:07 -0700] "GET /kobak/sorae/church06b.jpg HTTP/1.1" 200 49022 "https://ysfine.com/kobak/soraech.html" "Mozilla/5.0 (Windows NT 10.0; Win64; x64) AppleWebKit/537.36 (KHTML, like Gecko) Chrome/106.0.0.0 Safari/537.36" "ysfine.com"
211.217.247.234 - - [10/Oct/2022:23:03:07 -0700] "GET /kobak/sorae/church103b.jpg HTTP/1.1" 200 41194 "https://ysfine.com/kobak/soraech.html" "Mozilla/5.0 (Windows NT 10.0; Win64; x64) AppleWebKit/537.36 (KHTML, like Gecko) Chrome/106.0.0.0 Safari/537.36" "ysfine.com"
211.217.247.234 - - [10/Oct/2022:23:03:07 -0700] "GET /kowar/tanks/b29b.jpg HTTP/1.1" 200 33471 "https://ysfine.com/kobak/soraech.html" "Mozilla/5.0 (Windows NT 10.0; Win64; x64) AppleWebKit/537.36 (KHTML, like Gecko) Chrome/106.0.0.0 Safari/537.36" "ysfine.com"
157.55.39.55 - - [10/Oct/2022:23:03:13 -0700] "GET /ffriends/italgenoa33.jpg HTTP/1.1" 200 190823 "-" "Mozilla/5.0 (compatible; bingbot/2.0; +http://www.bing.com/bingbot.htm)" "ysfine.com"
207.46.13.102 - - [10/Oct/2022:23:03:19 -0700] "GET /world/brit/oxlon14.jpg HTTP/1.1" 200 136837 "-" "Mozilla/5.0 AppleWebKit/537.36 (KHTML, like Gecko; compatible; bingbot/2.0; +http://www.bing.com/bingbot.htm) Chrome/103.0.5060.134 Safari/537.36" "ysfine.com"
211.217.247.234 - - [10/Oct/2022:23:03:44 -0700] "GET /kobak/underw03.jpg HTTP/1.1" 200 173917 "https://ysfine.com/kobak/soraech.html" "Mozilla/5.0 (Windows NT 10.0; Win64; x64) AppleWebKit/537.36 (KHTML, like Gecko) Chrome/106.0.0.0 Safari/537.36" "ysfine.com"
157.55.39.58 - - [10/Oct/2022:23:03:52 -0700] "GET /world/russ/kazan004.jpg HTTP/1.1" 200 120550 "-" "Mozilla/5.0 (compatible; bingbot/2.0; +http://www.bing.com/bingbot.htm)" "www.ysfine.com"
211.217.247.234 - - [10/Oct/2022:23:04:25 -0700] "GET /kobak/harbin11.jpg HTTP/1.1" 200 65618 "https://ysfine.com/kobak/soraech.html" "Mozilla/5.0 (Windows NT 10.0; Win64; x64) AppleWebKit/537.36 (KHTML, like Gecko) Chrome/106.0.0.0 Safari/537.36" "ysfine.com"
95.217.9.24 - - [10/Oct/2022:23:04:40 -0700] "GET /kobak/underw22b.jpg HTTP/1.1" 200 68866 "-" "Mozilla/5.0 (X11; Fedora; Linux x86_64) AppleWebKit/537.36 (KHTML, like Gecko) Chrome/79.0.3945.117 Safari/537.36" "www.ysfine.com"
157.55.39.58 - - [10/Oct/2022:23:05:43 -0700] "GET /sbk/1959aa11.jpg HTTP/1.1" 200 170393 "-" "Mozilla/5.0 (compatible; bingbot/2.0; +http://www.bing.com/bingbot.htm)" "ysfine.com"
66.249.66.40 - - [10/Oct/2022:23:05:48 -0700] "GET /houses/truman01.jpg HTTP/1.1" 200 94790 "-" "Googlebot-Image/1.0" "ysfine.com"
157.55.39.58 - - [10/Oct/2022:23:06:42 -0700] "GET /princeton/brooke87.jpg HTTP/1.1" 200 174753 "-" "Mozilla/5.0 (compatible; bingbot/2.0; +http://www.bing.com/bingbot.htm)" "ysfine.com"
157.55.39.55 - - [10/Oct/2022:23:06:53 -0700] "GET /sbk/2005pomp11.jpg HTTP/1.1" 200 236856 "-" "Mozilla/5.0 (compatible; bingbot/2.0; +http://www.bing.com/bingbot.htm)" "ysfine.com"
185.191.171.21 - - [10/Oct/2022:23:07:31 -0700] "GET /wigner/einwig.html HTTP/1.1" 200 3897 "-" "Mozilla/5.0 (compatible; SemrushBot/7~bl; +http://www.semrush.com/bot.html)" "www.ysfine.com"
207.46.13.102 - - [10/Oct/2022:23:08:30 -0700] "GET /feynman/feykant.html HTTP/1.1" 200 3350 "-" "Mozilla/5.0 AppleWebKit/537.36 (KHTML, like Gecko; compatible; bingbot/2.0; +http://www.bing.com/bingbot.htm) Chrome/103.0.5060.134 Safari/537.36" "ysfine.com"
185.191.171.9 - - [10/Oct/2022:23:08:59 -0700] "GET /robots.txt HTTP/1.1" 404 88 "-" "Mozilla/5.0 (compatible; SemrushBot/7~bl; +http://www.semrush.com/bot.html)" "ysfine.com"
185.191.171.24 - - [10/Oct/2022:23:09:01 -0700] "GET /class54/roskeim.html HTTP/1.1" 200 824 "-" "Mozilla/5.0 (compatible; SemrushBot/7~bl; +http://www.semrush.com/bot.html)" "ysfine.com"
157.55.39.128 - - [10/Oct/2022:23:09:08 -0700] "GET /ffriends/belgistu01.jpg HTTP/1.1" 200 75917 "-" "Mozilla/5.0 (compatible; bingbot/2.0; +http://www.bing.com/bingbot.htm)" "ysfine.com"
157.55.39.128 - - [10/Oct/2022:23:09:49 -0700] "GET /world/scandi/wignob01.jpg HTTP/1.1" 200 73231 "-" "Mozilla/5.0 (compatible; bingbot/2.0; +http://www.bing.com/bingbot.htm)" "ysfine.com"
207.46.13.102 - - [10/Oct/2022:23:10:10 -0700] "GET /world/brit/cam08.jpg HTTP/1.1" 200 198050 "-" "Mozilla/5.0 (compatible; bingbot/2.0; +http://www.bing.com/bingbot.htm)" "ysfine.com"
93.158.161.47 - - [10/Oct/2022:23:10:52 -0700] "GET /world/moscow.html HTTP/1.1" 200 21363 "-" "Mozilla/5.0 (compatible; YandexBot/3.0; +http://yandex.com/bots)" "www.ysfine.com"
109.127.201.92 - - [10/Oct/2022:23:11:47 -0700] "GET /princeton/einpm.jpg HTTP/1.1" 200 116543 "https://www.google.com/" "Mozilla/5.0 (Windows NT 10.0; Win64; x64) AppleWebKit/537.36 (KHTML, like Gecko) Chrome/106.0.0.0 Safari/537.36" "ysfine.com"
185.191.171.22 - - [10/Oct/2022:23:11:49 -0700] "GET /robots.txt HTTP/1.1" 404 88 "-" "Mozilla/5.0 (compatible; SemrushBot/7~bl; +http://www.semrush.com/bot.html)" "www.ysfine.com"
185.191.171.39 - - [10/Oct/2022:23:11:49 -0700] "GET /home/hmrigh HTTP/1.1" 200 4212 "-" "Mozilla/5.0 (compatible; SemrushBot/7~bl; +http://www.semrush.com/bot.html)" "www.ysfine.com"
207.46.13.102 - - [10/Oct/2022:23:13:32 -0700] "GET /bio/bio06.html HTTP/1.1" 404 88 "-" "Mozilla/5.0 (compatible; bingbot/2.0; +http://www.bing.com/bingbot.htm)" "ysfine.com"
173.73.80.118 - - [10/Oct/2022:23:13:32 -0700] "GET /ys11/ HTTP/1.1" 304 - "-" "Mozilla/5.0 (Windows NT 10.0; Win64; x64) AppleWebKit/537.36 (KHTML, like Gecko) Chrome/105.0.0.0 Safari/537.36" "ysfine.com"
173.73.80.118 - - [10/Oct/2022:23:13:32 -0700] "GET /favicon.ico HTTP/1.1" 404 88 "https://ysfine.com/ys11/" "Mozilla/5.0 (Windows NT 10.0; Win64; x64) AppleWebKit/537.36 (KHTML, like Gecko) Chrome/105.0.0.0 Safari/537.36" "ysfine.com"
157.55.39.55 - - [10/Oct/2022:23:14:04 -0700] "GET /bio/100yrs.html HTTP/1.1" 404 88 "-" "Mozilla/5.0 (compatible; bingbot/2.0; +http://www.bing.com/bingbot.htm)" "ysfine.com"
157.55.39.55 - - [10/Oct/2022:23:14:05 -0700] "GET /world/russ/redsq02.jpg HTTP/1.1" 200 77346 "-" "Mozilla/5.0 (compatible; bingbot/2.0; +http://www.bing.com/bingbot.htm)" "ysfine.com"
157.55.39.58 - - [10/Oct/2022:23:14:33 -0700] "GET /world/baltic/kalin15.jpg HTTP/1.1" 200 89905 "-" "Mozilla/5.0 AppleWebKit/537.36 (KHTML, like Gecko; compatible; bingbot/2.0; +http://www.bing.com/bingbot.htm) Chrome/103.0.5060.134 Safari/537.36" "ysfine.com"
157.55.39.58 - - [10/Oct/2022:23:15:23 -0700] "GET /wdc/reagan22.jpg HTTP/1.1" 200 96885 "-" "Mozilla/5.0 AppleWebKit/537.36 (KHTML, like Gecko; compatible; bingbot/2.0; +http://www.bing.com/bingbot.htm) Chrome/103.0.5060.134 Safari/537.36" "www.ysfine.com"
46.32.99.10 - - [10/Oct/2022:23:15:24 -0700] "GET /princeton/alexan22.jpg HTTP/1.1" 200 175436 "https://www.google.com/" "Mozilla/5.0 (Windows NT 10.0; Win64; x64) AppleWebKit/537.36 (KHTML, like Gecko) Chrome/105.0.0.0 Safari/537.36" "ysfine.com"
106.200.90.160 - - [10/Oct/2022:23:15:25 -0700] "GET /wdc/jeffm03.jpg HTTP/1.1" 200 71008 "https://www.google.com/" "Mozilla/5.0 (Windows NT 10.0; Win64; x64) AppleWebKit/537.36 (KHTML, like Gecko) Chrome/105.0.0.0 Safari/537.36" "ysfine.com"
106.200.90.160 - - [10/Oct/2022:23:15:28 -0700] "GET /home/harmoarchi.html HTTP/1.1" 200 3686 "https://www.google.com/" "Mozilla/5.0 (Windows NT 10.0; Win64; x64) AppleWebKit/537.36 (KHTML, like Gecko) Chrome/105.0.0.0 Safari/537.36" "ysfine.com"
106.200.90.160 - - [10/Oct/2022:23:15:28 -0700] "GET /wdc/jeffm02b.jpg HTTP/1.1" 200 32468 "https://ysfine.com/home/harmoarchi.html" "Mozilla/5.0 (Windows NT 10.0; Win64; x64) AppleWebKit/537.36 (KHTML, like Gecko) Chrome/105.0.0.0 Safari/537.36" "ysfine.com"
106.200.90.160 - - [10/Oct/2022:23:15:28 -0700] "GET /style/venus11a.jpg HTTP/1.1" 200 76598 "https://ysfine.com/home/harmoarchi.html" "Mozilla/5.0 (Windows NT 10.0; Win64; x64) AppleWebKit/537.36 (KHTML, like Gecko) Chrome/105.0.0.0 Safari/537.36" "ysfine.com"
106.200.90.160 - - [10/Oct/2022:23:15:28 -0700] "GET /home/hyperell33b.jpg HTTP/1.1" 200 28132 "https://ysfine.com/home/harmoarchi.html" "Mozilla/5.0 (Windows NT 10.0; Win64; x64) AppleWebKit/537.36 (KHTML, like Gecko) Chrome/105.0.0.0 Safari/537.36" "ysfine.com"
106.200.90.160 - - [10/Oct/2022:23:15:28 -0700] "GET /world/ital/vicenza04b.jpg HTTP/1.1" 200 45148 "https://ysfine.com/home/harmoarchi.html" "Mozilla/5.0 (Windows NT 10.0; Win64; x64) AppleWebKit/537.36 (KHTML, like Gecko) Chrome/105.0.0.0 Safari/537.36" "ysfine.com"
106.200.90.160 - - [10/Oct/2022:23:15:28 -0700] "GET /wisdom/korart03b.jpg HTTP/1.1" 200 70101 "https://ysfine.com/home/harmoarchi.html" "Mozilla/5.0 (Windows NT 10.0; Win64; x64) AppleWebKit/537.36 (KHTML, like Gecko) Chrome/105.0.0.0 Safari/537.36" "ysfine.com"
106.200.90.160 - - [10/Oct/2022:23:15:34 -0700] "GET /favicon.ico HTTP/1.1" 404 88 "https://ysfine.com/home/harmoarchi.html" "Mozilla/5.0 (Windows NT 10.0; Win64; x64) AppleWebKit/537.36 (KHTML, like Gecko) Chrome/105.0.0.0 Safari/537.36" "ysfine.com"
185.191.171.38 - - [10/Oct/2022:23:15:45 -0700] "GET /wigner/wigheisen.html HTTP/1.1" 200 3346 "-" "Mozilla/5.0 (compatible; SemrushBot/7~bl; +http://www.semrush.com/bot.html)" "www.ysfine.com"
157.55.39.58 - - [10/Oct/2022:23:15:55 -0700] "GET /bio/world/london.html HTTP/1.1" 404 88 "-" "Mozilla/5.0 AppleWebKit/537.36 (KHTML, like Gecko; compatible; bingbot/2.0; +http://www.bing.com/bingbot.htm) Chrome/103.0.5060.134 Safari/537.36" "ysfine.com"
157.55.39.127 - - [10/Oct/2022:23:16:00 -0700] "GET /einstein/runstan11.jpg HTTP/1.1" 200 132736 "-" "Mozilla/5.0 (compatible; bingbot/2.0; +http://www.bing.com/bingbot.htm)" "ysfine.com"
157.55.39.55 - - [10/Oct/2022:23:16:14 -0700] "GET /world/russ/volga12.jpg HTTP/1.1" 200 112593 "-" "Mozilla/5.0 (compatible; bingbot/2.0; +http://www.bing.com/bingbot.htm)" "ysfine.com"
173.73.80.118 - - [10/Oct/2022:23:16:51 -0700] "GET /ysbio/sing.html?fbclid=IwAR3nY9Ai25zeEpfj8rVm5pmxLIg9XMInnAI-lmZnctpJDHukwHJJqctG_v0 HTTP/1.1" 200 2585 "https://l.facebook.com/" "Mozilla/5.0 (Windows NT 10.0; Win64; x64) AppleWebKit/537.36 (KHTML, like Gecko) Chrome/105.0.0.0 Safari/537.36" "ysfine.com"
173.73.80.118 - - [10/Oct/2022:23:16:51 -0700] "GET /favicon.ico HTTP/1.1" 404 88 "https://ysfine.com/ysbio/sing.html?fbclid=IwAR3nY9Ai25zeEpfj8rVm5pmxLIg9XMInnAI-lmZnctpJDHukwHJJqctG_v0" "Mozilla/5.0 (Windows NT 10.0; Win64; x64) AppleWebKit/537.36 (KHTML, like Gecko) Chrome/105.0.0.0 Safari/537.36" "ysfine.com"
70.190.152.150 - - [10/Oct/2022:23:16:53 -0700] "GET /maga/phys/maxwell06.jpg HTTP/1.1" 200 94271 "https://www.google.com/" "Mozilla/5.0 (Windows NT 10.0; Win64; x64) AppleWebKit/537.36 (KHTML, like Gecko) Chrome/105.0.0.0 Safari/537.36" "ysfine.com"
173.73.80.118 - - [10/Oct/2022:23:17:09 -0700] "GET /ysbio/eink/index.html HTTP/1.1" 304 - "https://ysfine.com/ysbio/sing.html?fbclid=IwAR3nY9Ai25zeEpfj8rVm5pmxLIg9XMInnAI-lmZnctpJDHukwHJJqctG_v0" "Mozilla/5.0 (Windows NT 10.0; Win64; x64) AppleWebKit/537.36 (KHTML, like Gecko) Chrome/105.0.0.0 Safari/537.36" "ysfine.com"
173.73.80.118 - - [10/Oct/2022:23:17:09 -0700] "GET /ysbio/home/eink77c.jpg HTTP/1.1" 404 88 "https://ysfine.com/ysbio/eink/index.html" "Mozilla/5.0 (Windows NT 10.0; Win64; x64) AppleWebKit/537.36 (KHTML, like Gecko) Chrome/105.0.0.0 Safari/537.36" "ysfine.com"
173.73.80.118 - - [10/Oct/2022:23:17:09 -0700] "GET /ysbio/home/taylor500.jpg HTTP/1.1" 404 88 "https://ysfine.com/ysbio/eink/index.html" "Mozilla/5.0 (Windows NT 10.0; Win64; x64) AppleWebKit/537.36 (KHTML, like Gecko) Chrome/105.0.0.0 Safari/537.36" "ysfine.com"
173.73.80.118 - - [10/Oct/2022:23:17:15 -0700] "GET /ysbio/einstein/einstorie.html HTTP/1.1" 200 2505 "https://ysfine.com/ysbio/eink/index.html" "Mozilla/5.0 (Windows NT 10.0; Win64; x64) AppleWebKit/537.36 (KHTML, like Gecko) Chrome/105.0.0.0 Safari/537.36" "ysfine.com"
173.73.80.118 - - [10/Oct/2022:23:17:15 -0700] "GET /ysbio/einstein/einwife66b.jpg HTTP/1.1" 200 29967 "https://ysfine.com/ysbio/einstein/einstorie.html" "Mozilla/5.0 (Windows NT 10.0; Win64; x64) AppleWebKit/537.36 (KHTML, like Gecko) Chrome/105.0.0.0 Safari/537.36" "ysfine.com"
173.73.80.118 - - [10/Oct/2022:23:17:15 -0700] "GET /ysbio/einstein/eincurie11b.jpg HTTP/1.1" 200 42944 "https://ysfine.com/ysbio/einstein/einstorie.html" "Mozilla/5.0 (Windows NT 10.0; Win64; x64) AppleWebKit/537.36 (KHTML, like Gecko) Chrome/105.0.0.0 Safari/537.36" "ysfine.com"
173.73.80.118 - - [10/Oct/2022:23:17:15 -0700] "GET /ysbio/einstein/einglaub01b.jpg HTTP/1.1" 200 48405 "https://ysfine.com/ysbio/einstein/einstorie.html" "Mozilla/5.0 (Windows NT 10.0; Win64; x64) AppleWebKit/537.36 (KHTML, like Gecko) Chrome/105.0.0.0 Safari/537.36" "ysfine.com"
173.73.80.118 - - [10/Oct/2022:23:17:15 -0700] "GET /ysbio/einstein/eindc33b.jpg HTTP/1.1" 200 54447 "https://ysfine.com/ysbio/einstein/einstorie.html" "Mozilla/5.0 (Windows NT 10.0; Win64; x64) AppleWebKit/537.36 (KHTML, like Gecko) Chrome/105.0.0.0 Safari/537.36" "ysfine.com"
173.73.80.118 - - [10/Oct/2022:23:17:15 -0700] "GET /ysbio/eink/eink61c.jpg HTTP/1.1" 200 34119 "https://ysfine.com/ysbio/einstein/einstorie.html" "Mozilla/5.0 (Windows NT 10.0; Win64; x64) AppleWebKit/537.36 (KHTML, like Gecko) Chrome/105.0.0.0 Safari/537.36" "ysfine.com"
173.73.80.118 - - [10/Oct/2022:23:17:15 -0700] "GET /ysbio/einstein/einfine21b.jpg HTTP/1.1" 200 53710 "https://ysfine.com/ysbio/einstein/einstorie.html" "Mozilla/5.0 (Windows NT 10.0; Win64; x64) AppleWebKit/537.36 (KHTML, like Gecko) Chrome/105.0.0.0 Safari/537.36" "ysfine.com"
173.73.80.118 - - [10/Oct/2022:23:17:15 -0700] "GET /ysbio/einstein/fantova/fanto11b.jpg HTTP/1.1" 200 52186 "https://ysfine.com/ysbio/einstein/einstorie.html" "Mozilla/5.0 (Windows NT 10.0; Win64; x64) AppleWebKit/537.36 (KHTML, like Gecko) Chrome/105.0.0.0 Safari/537.36" "ysfine.com"
157.55.39.55 - - [10/Oct/2022:23:17:54 -0700] "GET /world/germany/tubw21.jpg HTTP/1.1" 200 98236 "-" "Mozilla/5.0 AppleWebKit/537.36 (KHTML, like Gecko; compatible; bingbot/2.0; +http://www.bing.com/bingbot.htm) Chrome/103.0.5060.134 Safari/537.36" "www.ysfine.com"
157.55.39.58 - - [10/Oct/2022:23:19:24 -0700] "GET /wigner/wigjad11.jpg HTTP/1.1" 200 105835 "-" "Mozilla/5.0 (compatible; bingbot/2.0; +http://www.bing.com/bingbot.htm)" "ysfine.com"
157.55.39.128 - - [10/Oct/2022:23:20:20 -0700] "GET /bio/world/kalinin22.html HTTP/1.1" 404 88 "-" "Mozilla/5.0 AppleWebKit/537.36 (KHTML, like Gecko; compatible; bingbot/2.0; +http://www.bing.com/bingbot.htm) Chrome/103.0.5060.134 Safari/537.36" "ysfine.com"
157.55.39.127 - - [10/Oct/2022:23:20:42 -0700] "GET /bio/genea.html HTTP/1.1" 404 88 "-" "Mozilla/5.0 (compatible; bingbot/2.0; +http://www.bing.com/bingbot.htm)" "ysfine.com"
14.49.193.50 - - [10/Oct/2022:23:20:56 -0700] "GET /maga/phys/schrod11.jpg HTTP/1.1" 200 107958 "https://www.google.com/" "Mozilla/5.0 (Macintosh; Intel Mac OS X 10_15_7) AppleWebKit/537.36 (KHTML, like Gecko) Chrome/105.0.0.0 Safari/537.36" "ysfine.com"
185.191.171.45 - - [10/Oct/2022:23:21:01 -0700] "GET /world/london.html HTTP/1.1" 200 16969 "-" "Mozilla/5.0 (compatible; SemrushBot/7~bl; +http://www.semrush.com/bot.html)" "www.ysfine.com"
157.55.39.55 - - [10/Oct/2022:23:21:15 -0700] "GET /bio/style/ystyle.html HTTP/1.1" 404 88 "-" "Mozilla/5.0 (compatible; bingbot/2.0; +http://www.bing.com/bingbot.htm)" "ysfine.com"
157.55.39.128 - - [10/Oct/2022:23:21:39 -0700] "GET /style/musee/britmu03b.jpg HTTP/1.1" 200 44431 "-" "Mozilla/5.0 (compatible; bingbot/2.0; +http://www.bing.com/bingbot.htm)" "ysfine.com"
157.55.39.58 - - [10/Oct/2022:23:22:13 -0700] "GET /world/baltic/riga55.jpg HTTP/1.1" 200 78963 "-" "Mozilla/5.0 (compatible; bingbot/2.0; +http://www.bing.com/bingbot.htm)" "ysfine.com"
70.15.31.203 - - [10/Oct/2022:23:22:19 -0700] "GET /world/kor/sel803.jpg HTTP/1.1" 200 195155 "https://www.google.com/" "Mozilla/5.0 (iPhone; CPU iPhone OS 15_6_1 like Mac OS X) AppleWebKit/605.1.15 (KHTML, like Gecko) Version/15.6.1 Mobile/15E148 Safari/604.1" "ysfine.com"
66.249.66.44 - - [10/Oct/2022:23:23:00 -0700] "GET /world/ital/venice31b.jpg HTTP/1.1" 200 31258 "-" "Googlebot-Image/1.0" "ysfine.com"
157.55.39.127 - - [10/Oct/2022:23:23:01 -0700] "GET /world/ital/termini10.jpg HTTP/1.1" 200 94658 "-" "Mozilla/5.0 AppleWebKit/537.36 (KHTML, like Gecko; compatible; bingbot/2.0; +http://www.bing.com/bingbot.htm) Chrome/103.0.5060.134 Safari/537.36" "ysfine.com"
185.191.171.14 - - [10/Oct/2022:23:23:09 -0700] "GET /jobs/koreaj.html HTTP/1.1" 200 10214 "-" "Mozilla/5.0 (compatible; SemrushBot/7~bl; +http://www.semrush.com/bot.html)" "ysfine.com"
157.55.39.128 - - [10/Oct/2022:23:23:30 -0700] "GET /world/china/opium04.jpg HTTP/1.1" 200 95838 "-" "Mozilla/5.0 (compatible; bingbot/2.0; +http://www.bing.com/bingbot.htm)" "ysfine.com"
66.249.66.40 - - [10/Oct/2022:23:23:37 -0700] "GET /dirac/dirfoc62.jpg HTTP/1.1" 304 - "-" "Googlebot-Image/1.0" "ysfine.com"
77.75.73.26 - - [10/Oct/2022:23:23:51 -0700] "GET /einstein/einstring.html HTTP/1.1" 304 - "-" "Mozilla/5.0 (compatible; SeznamBot/4.0-RC1; +http://napoveda.seznam.cz/seznambot-intro/)" "ysfine.com"
157.55.39.58 - - [10/Oct/2022:23:23:54 -0700] "GET /world/ital/padova24.jpg HTTP/1.1" 200 67082 "-" "Mozilla/5.0 AppleWebKit/537.36 (KHTML, like Gecko; compatible; bingbot/2.0; +http://www.bing.com/bingbot.htm) Chrome/103.0.5060.134 Safari/537.36" "ysfine.com"
157.55.39.58 - - [10/Oct/2022:23:24:04 -0700] "GET /maga/invent/marconi02c.jpg HTTP/1.1" 200 27154 "-" "Mozilla/5.0 (compatible; bingbot/2.0; +http://www.bing.com/bingbot.htm)" "ysfine.com"
157.55.39.58 - - [10/Oct/2022:23:25:53 -0700] "GET /kowar/tanks/bradley.jpg HTTP/1.1" 200 75135 "-" "Mozilla/5.0 (compatible; bingbot/2.0; +http://www.bing.com/bingbot.htm)" "www.ysfine.com"
185.191.171.14 - - [10/Oct/2022:23:26:08 -0700] "GET /newyork/nyc.html HTTP/1.1" 200 31389 "-" "Mozilla/5.0 (compatible; SemrushBot/7~bl; +http://www.semrush.com/bot.html)" "www.ysfine.com"
157.55.39.128 - - [10/Oct/2022:23:28:21 -0700] "GET /world/brit/paddington06.jpg HTTP/1.1" 200 126897 "-" "Mozilla/5.0 (compatible; bingbot/2.0; +http://www.bing.com/bingbot.htm)" "ysfine.com"
54.37.1.193 - - [10/Oct/2022:23:28:41 -0700] "GET /maga/histo/oscar33.jpg HTTP/1.1" 200 140181 "https://www.google.com/" "Mozilla/5.0 (Windows NT 10.0; Win64; x64) AppleWebKit/537.36 (KHTML, like Gecko) Chrome/106.0.0.0 Safari/537.36" "ysfine.com"
157.55.39.58 - - [10/Oct/2022:23:29:14 -0700] "GET /world/russ/msu52.jpg HTTP/1.1" 200 139785 "-" "Mozilla/5.0 (compatible; bingbot/2.0; +http://www.bing.com/bingbot.htm)" "ysfine.com"
207.46.13.102 - - [10/Oct/2022:23:29:32 -0700] "GET /usca/pitt/pghrail33.jpg HTTP/1.1" 200 118198 "-" "Mozilla/5.0 AppleWebKit/537.36 (KHTML, like Gecko; compatible; bingbot/2.0; +http://www.bing.com/bingbot.htm) Chrome/103.0.5060.134 Safari/537.36" "www.ysfine.com"
77.75.79.101 - - [10/Oct/2022:23:29:50 -0700] "GET /robots.txt HTTP/1.1" 404 88 "-" "Mozilla/5.0 (compatible; SeznamBot/3.2; +http://napoveda.seznam.cz/en/seznambot-intro/)" "ysfine.com"
77.75.79.101 - - [10/Oct/2022:23:29:51 -0700] "GET /world/france/sorbonne18.jpg HTTP/1.1" 200 121874 "-" "Mozilla/5.0 (compatible; SeznamBot/3.2; +http://napoveda.seznam.cz/en/seznambot-intro/)" "ysfine.com"
77.75.79.101 - - [10/Oct/2022:23:29:55 -0700] "GET /princeton/nightbefore.jpg HTTP/1.1" 200 80173 "-" "Mozilla/5.0 (compatible; SeznamBot/3.2; +http://napoveda.seznam.cz/en/seznambot-intro/)" "ysfine.com"
77.75.79.101 - - [10/Oct/2022:23:29:57 -0700] "GET /princeton/nasshall06.jpg HTTP/1.1" 200 145090 "-" "Mozilla/5.0 (compatible; SeznamBot/3.2; +http://napoveda.seznam.cz/en/seznambot-intro/)" "ysfine.com"
77.75.79.101 - - [10/Oct/2022:23:30:00 -0700] "GET /world/ital/vatican14.jpg HTTP/1.1" 304 - "-" "Mozilla/5.0 (compatible; SeznamBot/3.2; +http://napoveda.seznam.cz/en/seznambot-intro/)" "ysfine.com"
77.75.79.101 - - [10/Oct/2022:23:30:01 -0700] "GET /newyork/nyharbor01.jpg HTTP/1.1" 304 - "-" "Mozilla/5.0 (compatible; SeznamBot/3.2; +http://napoveda.seznam.cz/en/seznambot-intro/)" "ysfine.com"
207.46.13.102 - - [10/Oct/2022:23:30:52 -0700] "GET /bio/einstein/bern.html HTTP/1.1" 404 88 "-" "Mozilla/5.0 AppleWebKit/537.36 (KHTML, like Gecko; compatible; bingbot/2.0; +http://www.bing.com/bingbot.htm) Chrome/103.0.5060.134 Safari/537.36" "ysfine.com"
40.77.167.27 - - [10/Oct/2022:23:31:20 -0700] "GET /bio/dirac/twobroth.html HTTP/1.1" 404 88 "-" "Mozilla/5.0 (compatible; bingbot/2.0; +http://www.bing.com/bingbot.htm)" "ysfine.com"
185.191.171.22 - - [10/Oct/2022:23:31:50 -0700] "GET /wigner/neum/compu.html HTTP/1.1" 200 2267 "-" "Mozilla/5.0 (compatible; SemrushBot/7~bl; +http://www.semrush.com/bot.html)" "ysfine.com"
157.55.39.55 - - [10/Oct/2022:23:31:56 -0700] "GET /bio/world/trier.html HTTP/1.1" 404 88 "-" "Mozilla/5.0 (compatible; bingbot/2.0; +http://www.bing.com/bingbot.htm)" "ysfine.com"
157.55.39.128 - - [10/Oct/2022:23:33:01 -0700] "GET /world/russ/czar05.jpg HTTP/1.1" 200 123045 "-" "Mozilla/5.0 AppleWebKit/537.36 (KHTML, like Gecko; compatible; bingbot/2.0; +http://www.bing.com/bingbot.htm) Chrome/103.0.5060.134 Safari/537.36" "ysfine.com"
157.55.39.127 - - [10/Oct/2022:23:33:06 -0700] "GET /bio/feynman/feynbot.html HTTP/1.1" 404 88 "-" "Mozilla/5.0 (compatible; bingbot/2.0; +http://www.bing.com/bingbot.htm)" "ysfine.com"
157.55.39.58 - - [10/Oct/2022:23:33:55 -0700] "GET /wdc/washmo20.jpg HTTP/1.1" 200 92654 "-" "Mozilla/5.0 AppleWebKit/537.36 (KHTML, like Gecko; compatible; bingbot/2.0; +http://www.bing.com/bingbot.htm) Chrome/103.0.5060.134 Safari/537.36" "ysfine.com"
157.55.39.58 - - [10/Oct/2022:23:34:48 -0700] "GET /bio/world/russ/basil.html HTTP/1.1" 404 88 "-" "Mozilla/5.0 (compatible; bingbot/2.0; +http://www.bing.com/bingbot.htm)" "ysfine.com"
157.55.39.127 - - [10/Oct/2022:23:35:04 -0700] "GET /bio/dirac/index.html HTTP/1.1" 404 88 "-" "Mozilla/5.0 (compatible; bingbot/2.0; +http://www.bing.com/bingbot.htm)" "ysfine.com"
157.55.39.127 - - [10/Oct/2022:23:35:05 -0700] "GET /world/russ/basil23b.jpg HTTP/1.1" 200 54658 "-" "Mozilla/5.0 AppleWebKit/537.36 (KHTML, like Gecko; compatible; bingbot/2.0; +http://www.bing.com/bingbot.htm) Chrome/103.0.5060.134 Safari/537.36" "ysfine.com"
40.77.167.27 - - [10/Oct/2022:23:35:20 -0700] "GET /maga/phys/huy31.jpg HTTP/1.1" 200 163262 "-" "Mozilla/5.0 (compatible; bingbot/2.0; +http://www.bing.com/bingbot.htm)" "ysfine.com"
157.55.39.55 - - [10/Oct/2022:23:35:25 -0700] "GET /world/poland/polstu06.jpg HTTP/1.1" 200 57353 "-" "Mozilla/5.0 (compatible; bingbot/2.0; +http://www.bing.com/bingbot.htm)" "ysfine.com"
150.158.102.237 - - [10/Oct/2022:23:35:35 -0700] "GET /xmlrpc.php HTTP/1.1" 404 88 "-" "Mozilla/5.0 (Windows NT 6.1; WOW64; rv:45.0) Gecko/20100101 Firefox/45.0" "www.ysfine.com"
66.249.66.214 - - [10/Oct/2022:23:36:15 -0700] "GET /style/yamato.jpg HTTP/1.1" 304 - "-" "Googlebot-Image/1.0" "www.ysfine.com"
157.55.39.55 - - [10/Oct/2022:23:36:25 -0700] "GET /maga/phil/hugo2.jpg HTTP/1.1" 200 58892 "-" "Mozilla/5.0 (compatible; bingbot/2.0; +http://www.bing.com/bingbot.htm)" "ysfine.com"
157.55.39.58 - - [10/Oct/2022:23:38:17 -0700] "GET /bio/kobak/moscowk.html HTTP/1.1" 404 88 "-" "Mozilla/5.0 (compatible; bingbot/2.0; +http://www.bing.com/bingbot.htm)" "ysfine.com"
40.77.167.27 - - [10/Oct/2022:23:38:29 -0700] "GET /kowar/kimis53b.jpg HTTP/1.1" 200 44376 "-" "Mozilla/5.0 (compatible; bingbot/2.0; +http://www.bing.com/bingbot.htm)" "ysfine.com"
207.46.13.102 - - [10/Oct/2022:23:38:33 -0700] "GET /world/berlin.html HTTP/1.1" 200 16173 "-" "Mozilla/5.0 (compatible; bingbot/2.0; +http://www.bing.com/bingbot.htm)" "www.ysfine.com"
207.46.13.102 - - [10/Oct/2022:23:39:03 -0700] "GET /world/france/pariso09.jpg HTTP/1.1" 200 109419 "-" "Mozilla/5.0 AppleWebKit/537.36 (KHTML, like Gecko; compatible; bingbot/2.0; +http://www.bing.com/bingbot.htm) Chrome/103.0.5060.134 Safari/537.36" "www.ysfine.com"
93.158.161.42 - - [10/Oct/2022:23:39:39 -0700] "GET /world/germany/perga06.jpg HTTP/1.1" 200 81015 "-" "Mozilla/5.0 (compatible; YandexImages/3.0; +http://yandex.com/bots)" "www.ysfine.com"
40.77.167.27 - - [10/Oct/2022:23:41:21 -0700] "GET /world/germany/oktf12.jpg HTTP/1.1" 200 126223 "-" "Mozilla/5.0 AppleWebKit/537.36 (KHTML, like Gecko; compatible; bingbot/2.0; +http://www.bing.com/bingbot.htm) Chrome/103.0.5060.134 Safari/537.36" "www.ysfine.com"
190.197.82.26 - - [10/Oct/2022:23:41:55 -0700] "GET /heisen/einheisen.html HTTP/1.1" 200 5142 "https://www.google.com/" "Mozilla/5.0 (Windows NT 10.0) AppleWebKit/537.36 (KHTML, like Gecko) Chrome/105.0.0.0 Safari/537.36" "ysfine.com"
190.197.82.26 - - [10/Oct/2022:23:41:56 -0700] "GET /heisen/bohrheisen11c.jpg HTTP/1.1" 200 41289 "https://ysfine.com/heisen/einheisen.html" "Mozilla/5.0 (Windows NT 10.0) AppleWebKit/537.36 (KHTML, like Gecko) Chrome/105.0.0.0 Safari/537.36" "ysfine.com"
190.197.82.26 - - [10/Oct/2022:23:41:56 -0700] "GET /heisen/heisen66c.jpg HTTP/1.1" 200 43543 "https://ysfine.com/heisen/einheisen.html" "Mozilla/5.0 (Windows NT 10.0) AppleWebKit/537.36 (KHTML, like Gecko) Chrome/105.0.0.0 Safari/537.36" "ysfine.com"
190.197.82.26 - - [10/Oct/2022:23:41:56 -0700] "GET /heisen/schroheisen33c.jpg HTTP/1.1" 200 47347 "https://ysfine.com/heisen/einheisen.html" "Mozilla/5.0 (Windows NT 10.0) AppleWebKit/537.36 (KHTML, like Gecko) Chrome/105.0.0.0 Safari/537.36" "ysfine.com"
