66.249.66.40 - - [11/Oct/2022:02:41:16 -0700] "GET /maga/histo/desiree21.jpg HTTP/1.1" 304 - "-" "Googlebot-Image/1.0" "ysfine.com"
185.191.171.1 - - [11/Oct/2022:02:41:24 -0700] "GET /robots.txt HTTP/1.1" 404 88 "-" "Mozilla/5.0 (compatible; SemrushBot/7~bl; +http://www.semrush.com/bot.html)" "www.ysfine.com"
185.191.171.26 - - [11/Oct/2022:02:41:26 -0700] "GET /style/digilit.html HTTP/1.1" 200 8470 "-" "Mozilla/5.0 (compatible; SemrushBot/7~bl; +http://www.semrush.com/bot.html)" "www.ysfine.com"
157.55.39.128 - - [11/Oct/2022:02:41:38 -0700] "GET /world/ital/venice01cc.jpg HTTP/1.1" 200 316319 "-" "Mozilla/5.0 (compatible; bingbot/2.0; +http://www.bing.com/bingbot.htm)" "ysfine.com"
114.119.128.142 - - [11/Oct/2022:02:42:10 -0700] "GET /ffriends/aline/saudiair05b.jpg HTTP/1.1" 200 32514 "https://ysfine.com/ffriends/moslems.html" "Mozilla/5.0 (Linux; Android 7.0;) AppleWebKit/537.36 (KHTML, like Gecko) Mobile Safari/537.36 (compatible; PetalBot;+https://webmaster.petalsearch.com/site/petalbot)" "ysfine.com"
157.55.39.55 - - [11/Oct/2022:02:42:42 -0700] "GET /bio/style/ystyle.html HTTP/1.1" 404 88 "-" "Mozilla/5.0 (compatible; bingbot/2.0; +http://www.bing.com/bingbot.htm)" "ysfine.com"
157.55.39.58 - - [11/Oct/2022:02:43:24 -0700] "GET /style/musee/vatican33b.jpg HTTP/1.1" 200 38167 "-" "Mozilla/5.0 AppleWebKit/537.36 (KHTML, like Gecko; compatible; bingbot/2.0; +http://www.bing.com/bingbot.htm) Chrome/103.0.5060.134 Safari/537.36" "ysfine.com"
66.249.66.44 - - [11/Oct/2022:02:43:56 -0700] "GET /kobak/nicodem11b.jpg HTTP/1.1" 304 - "-" "Googlebot-Image/1.0" "ysfine.com"
157.55.39.55 - - [11/Oct/2022:02:44:14 -0700] "GET /bio/kobak/shortw.html HTTP/1.1" 404 88 "-" "Mozilla/5.0 (compatible; bingbot/2.0; +http://www.bing.com/bingbot.htm)" "ysfine.com"
114.119.128.154 - - [11/Oct/2022:02:44:21 -0700] "GET /class54/class5470/total_data/sub_849.htm HTTP/1.1" 200 3526 "https://ysfine.com/class54/class5470/total_data/sub_837.htm" "Mozilla/5.0 (Linux; Android 7.0;) AppleWebKit/537.36 (KHTML, like Gecko) Mobile Safari/537.36 (compatible; PetalBot;+https://webmaster.petalsearch.com/site/petalbot)" "ysfine.com"
185.191.171.2 - - [11/Oct/2022:02:44:23 -0700] "GET /confer/listall.html HTTP/1.1" 200 6460 "-" "Mozilla/5.0 (compatible; SemrushBot/7~bl; +http://www.semrush.com/bot.html)" "www.ysfine.com"
185.191.171.3 - - [11/Oct/2022:02:44:39 -0700] "GET /maga/index.html HTTP/1.1" 200 6127 "-" "Mozilla/5.0 (compatible; SemrushBot/7~bl; +http://www.semrush.com/bot.html)" "ysfine.com"
157.55.39.58 - - [11/Oct/2022:02:44:44 -0700] "GET /bio/world/baltic/kalinmap44.html HTTP/1.1" 404 88 "-" "Mozilla/5.0 AppleWebKit/537.36 (KHTML, like Gecko; compatible; bingbot/2.0; +http://www.bing.com/bingbot.htm) Chrome/103.0.5060.134 Safari/537.36" "ysfine.com"
199.167.138.122 - - [11/Oct/2022:02:44:44 -0700] "GET /yspapers/iopbook22.pdf HTTP/1.1" 200 2950375 "https://www.ysfine.com/yspapers/iopbook22.pdf" "Mozilla/5.0 (Windows NT 6.1) AppleWebKit/537.36 (KHTML, like Gecko) Chrome/90.0.4430.72 Safari/537.36" "www.ysfine.com"
199.167.138.122 - - [11/Oct/2022:02:44:44 -0700] "GET / HTTP/1.1" 200 15910 "https://www.ysfine.com/" "Mozilla/5.0 (Windows NT 6.1) AppleWebKit/537.36 (KHTML, like Gecko) Chrome/90.0.4430.72 Safari/537.36" "www.ysfine.com"
1.144.29.110 - - [11/Oct/2022:02:45:23 -0700] "GET /maga/histo/swedking01.jpg HTTP/1.1" 200 150012 "-" "Dalvik/2.1.0 (Linux; U; Android 11; Blade A51 Build/RP1A.201005.001)" "www.ysfine.com"
185.191.171.5 - - [11/Oct/2022:02:45:27 -0700] "GET /usca/neworl.html HTTP/1.1" 200 14308 "-" "Mozilla/5.0 (compatible; SemrushBot/7~bl; +http://www.semrush.com/bot.html)" "www.ysfine.com"
66.249.66.43 - - [11/Oct/2022:02:45:34 -0700] "GET /usca/pitt/knee11b.jpg HTTP/1.1" 200 37513 "-" "Googlebot-Image/1.0" "ysfine.com"
65.108.79.209 - - [11/Oct/2022:02:45:51 -0700] "GET /jobs/index.html HTTP/1.1" 200 123 "http://ysfine.com/jobs/index.html" "Mozilla/5.0 (compatible; SEOkicks; +https://www.seokicks.de/robot.html)" "ysfine.com"
65.108.79.209 - - [11/Oct/2022:02:45:52 -0700] "GET /eink/index.html HTTP/1.1" 200 17659 "http://ysfine.com/eink/index.html" "Mozilla/5.0 (compatible; SEOkicks; +https://www.seokicks.de/robot.html)" "ysfine.com"
65.108.79.209 - - [11/Oct/2022:02:45:53 -0700] "GET /eink/mose.html HTTP/1.1" 200 14315 "http://ysfine.com/eink/mose.html" "Mozilla/5.0 (compatible; SEOkicks; +https://www.seokicks.de/robot.html)" "ysfine.com"
157.55.39.58 - - [11/Oct/2022:02:45:55 -0700] "GET /bio/style/artlove.html HTTP/1.1" 404 88 "-" "Mozilla/5.0 (compatible; bingbot/2.0; +http://www.bing.com/bingbot.htm)" "ysfine.com"
65.108.79.209 - - [11/Oct/2022:02:45:55 -0700] "GET /home/index.html HTTP/1.1" 200 142 "http://ysfine.com/home/index.html" "Mozilla/5.0 (compatible; SEOkicks; +https://www.seokicks.de/robot.html)" "ysfine.com"
65.108.79.209 - - [11/Oct/2022:02:45:56 -0700] "GET /home/bio.html HTTP/1.1" 404 88 "http://ysfine.com/home/bio.html" "Mozilla/5.0 (compatible; SEOkicks; +https://www.seokicks.de/robot.html)" "ysfine.com"
65.108.79.209 - - [11/Oct/2022:02:45:58 -0700] "GET /world/ysworld.html HTTP/1.1" 200 3195 "http://ysfine.com/world/ysworld.html" "Mozilla/5.0 (compatible; SEOkicks; +https://www.seokicks.de/robot.html)" "ysfine.com"
65.108.79.209 - - [11/Oct/2022:02:45:59 -0700] "GET /home/bio77.html HTTP/1.1" 404 88 "http://ysfine.com/home/bio77.html" "Mozilla/5.0 (compatible; SEOkicks; +https://www.seokicks.de/robot.html)" "ysfine.com"
65.108.79.209 - - [11/Oct/2022:02:46:01 -0700] "GET /yspapers/index.html HTTP/1.1" 200 21306 "http://ysfine.com/yspapers/index.html" "Mozilla/5.0 (compatible; SEOkicks; +https://www.seokicks.de/robot.html)" "ysfine.com"
65.108.79.209 - - [11/Oct/2022:02:46:02 -0700] "GET /awards/index.html HTTP/1.1" 200 9993 "http://ysfine.com/awards/index.html" "Mozilla/5.0 (compatible; SEOkicks; +https://www.seokicks.de/robot.html)" "ysfine.com"
65.108.79.209 - - [11/Oct/2022:02:46:04 -0700] "GET /einstein/index.html HTTP/1.1" 200 135 "http://ysfine.com/einstein/index.html" "Mozilla/5.0 (compatible; SEOkicks; +https://www.seokicks.de/robot.html)" "ysfine.com"
65.108.79.209 - - [11/Oct/2022:02:46:05 -0700] "GET /dirac/index.html HTTP/1.1" 200 124 "http://ysfine.com/dirac/index.html" "Mozilla/5.0 (compatible; SEOkicks; +https://www.seokicks.de/robot.html)" "ysfine.com"
207.46.13.102 - - [11/Oct/2022:02:46:41 -0700] "GET /bio/einstein/bern.html HTTP/1.1" 404 88 "-" "Mozilla/5.0 (compatible; bingbot/2.0; +http://www.bing.com/bingbot.htm)" "ysfine.com"
114.119.128.154 - - [11/Oct/2022:02:46:43 -0700] "GET /jobs/jform.html HTTP/1.1" 200 829 "https://ysfine.com/jobs/jorigh.html" "Mozilla/5.0 (Linux; Android 7.0;) AppleWebKit/537.36 (KHTML, like Gecko) Mobile Safari/537.36 (compatible; PetalBot;+https://webmaster.petalsearch.com/site/petalbot)" "ysfine.com"
77.88.5.83 - - [11/Oct/2022:02:48:06 -0700] "GET /ffriends/amkor/kostu10.jpg HTTP/1.1" 200 68293 "-" "Mozilla/5.0 (compatible; YandexImages/3.0; +http://yandex.com/bots)" "www.ysfine.com"
54.236.1.13 - - [11/Oct/2022:02:48:21 -0700] "GET /robots.txt HTTP/1.1" 404 88 "-" "Mozilla/5.0 (compatible; Pinterestbot/1.0; +http://www.pinterest.com/bot.html)" "ysfine.com"
54.236.1.13 - - [11/Oct/2022:02:48:21 -0700] "GET /world/roma.html HTTP/1.1" 200 13994 "-" "Mozilla/5.0 (compatible; Pinterestbot/1.0; +http://www.pinterest.com/bot.html)" "ysfine.com"
93.158.161.47 - - [11/Oct/2022:02:48:22 -0700] "GET /robots.txt HTTP/1.1" 404 73 "-" "Mozilla/5.0 (compatible; YandexBot/3.0; +http://yandex.com/bots)" "ysfine.com"
93.158.161.73 - - [11/Oct/2022:02:48:26 -0700] "GET /maga/phys/standardmo11b.jpg HTTP/1.1" 200 52388 "-" "Mozilla/5.0 (compatible; YandexImages/3.0; +http://yandex.com/bots)" "ysfine.com"
185.191.171.3 - - [11/Oct/2022:02:48:40 -0700] "GET /confer/math.html HTTP/1.1" 200 2175 "-" "Mozilla/5.0 (compatible; SemrushBot/7~bl; +http://www.semrush.com/bot.html)" "ysfine.com"
157.55.39.58 - - [11/Oct/2022:02:48:43 -0700] "GET /home/osaka123d.jpg HTTP/1.1" 200 41542 "-" "Mozilla/5.0 (compatible; bingbot/2.0; +http://www.bing.com/bingbot.htm)" "ysfine.com"
114.119.128.14 - - [11/Oct/2022:02:49:01 -0700] "GET /home/pgh/scotam450.jpg HTTP/1.1" 200 54833 "https://www.ysfine.com/home/bio44.html" "Mozilla/5.0 (Linux; Android 7.0;) AppleWebKit/537.36 (KHTML, like Gecko) Mobile Safari/537.36 (compatible; PetalBot;+https://webmaster.petalsearch.com/site/petalbot)" "www.ysfine.com"
185.24.238.130 - - [11/Oct/2022:02:51:11 -0700] "GET /world/baltic/kalin30.jpg HTTP/1.1" 200 94863 "https://www.google.com/" "Mozilla/5.0 (Macintosh; Intel Mac OS X 10_15_7) AppleWebKit/537.36 (KHTML, like Gecko) Chrome/105.0.0.0 Safari/537.36" "ysfine.com"
157.55.39.58 - - [11/Oct/2022:02:51:55 -0700] "GET /einstein/places/einmu02.jpg HTTP/1.1" 200 84066 "-" "Mozilla/5.0 AppleWebKit/537.36 (KHTML, like Gecko; compatible; bingbot/2.0; +http://www.bing.com/bingbot.htm) Chrome/103.0.5060.134 Safari/537.36" "ysfine.com"
157.55.39.127 - - [11/Oct/2022:02:53:31 -0700] "GET /yspapers/sq73.jpg HTTP/1.1" 200 141429 "-" "Mozilla/5.0 (compatible; bingbot/2.0; +http://www.bing.com/bingbot.htm)" "ysfine.com"
114.119.128.142 - - [11/Oct/2022:02:53:41 -0700] "GET /class54/class5470/total_data/photo_img/3-68.jpg HTTP/1.1" 200 174649 "https://ysfine.com/class54/class5470/total_data/sub_368.htm" "Mozilla/5.0 (Linux; Android 7.0;) AppleWebKit/537.36 (KHTML, like Gecko) Mobile Safari/537.36 (compatible; PetalBot;+https://webmaster.petalsearch.com/site/petalbot)" "ysfine.com"
207.46.13.102 - - [11/Oct/2022:02:53:41 -0700] "GET /usca/pitt/donner03b.jpg HTTP/1.1" 200 44291 "-" "Mozilla/5.0 (compatible; bingbot/2.0; +http://www.bing.com/bingbot.htm)" "ysfine.com"
114.119.128.142 - - [11/Oct/2022:02:54:16 -0700] "GET /wisdom/ HTTP/1.1" 200 129 "-" "Mozilla/5.0 (Linux; Android 7.0;) AppleWebKit/537.36 (KHTML, like Gecko) Mobile Safari/537.36 (compatible; PetalBot;+https://webmaster.petalsearch.com/site/petalbot)" "ysfine.com"
157.55.39.55 - - [11/Oct/2022:02:54:16 -0700] "GET /bio/world/cambr.html HTTP/1.1" 404 88 "-" "Mozilla/5.0 AppleWebKit/537.36 (KHTML, like Gecko; compatible; bingbot/2.0; +http://www.bing.com/bingbot.htm) Chrome/103.0.5060.134 Safari/537.36" "ysfine.com"
114.119.128.142 - - [11/Oct/2022:02:54:16 -0700] "GET /wisdom/wktop.html HTTP/1.1" 200 443 "https://ysfine.com/wisdom/" "Mozilla/5.0 (Linux; Android 7.0;) AppleWebKit/537.36 (KHTML, like Gecko) Mobile Safari/537.36 (compatible; PetalBot;+https://webmaster.petalsearch.com/site/petalbot)" "ysfine.com"
114.119.128.142 - - [11/Oct/2022:02:54:16 -0700] "GET /wisdom/wkbot.html HTTP/1.1" 200 130 "https://ysfine.com/wisdom/" "Mozilla/5.0 (Linux; Android 7.0;) AppleWebKit/537.36 (KHTML, like Gecko) Mobile Safari/537.36 (compatible; PetalBot;+https://webmaster.petalsearch.com/site/petalbot)" "ysfine.com"
114.119.128.142 - - [11/Oct/2022:02:54:23 -0700] "GET /wisdom/wkleft.html HTTP/1.1" 200 596 "https://ysfine.com/wisdom/wkbot.html" "Mozilla/5.0 (Linux; Android 7.0;) AppleWebKit/537.36 (KHTML, like Gecko) Mobile Safari/537.36 (compatible; PetalBot;+https://webmaster.petalsearch.com/site/petalbot)" "ysfine.com"
114.119.128.142 - - [11/Oct/2022:02:54:23 -0700] "GET /wisdom/wkrigh.html HTTP/1.1" 200 4130 "https://ysfine.com/wisdom/wkbot.html" "Mozilla/5.0 (Linux; Android 7.0;) AppleWebKit/537.36 (KHTML, like Gecko) Mobile Safari/537.36 (compatible; PetalBot;+https://webmaster.petalsearch.com/site/petalbot)" "ysfine.com"
157.55.39.128 - - [11/Oct/2022:02:54:50 -0700] "GET /bio/maga/hugo.html HTTP/1.1" 404 88 "-" "Mozilla/5.0 (compatible; bingbot/2.0; +http://www.bing.com/bingbot.htm)" "ysfine.com"
157.55.39.128 - - [11/Oct/2022:02:56:20 -0700] "GET /world/russ/czar08b.jpg HTTP/1.1" 200 51147 "-" "Mozilla/5.0 (compatible; bingbot/2.0; +http://www.bing.com/bingbot.htm)" "ysfine.com"
40.77.167.27 - - [11/Oct/2022:02:56:31 -0700] "GET /bio/wdc/monticello.html HTTP/1.1" 404 88 "-" "Mozilla/5.0 (compatible; bingbot/2.0; +http://www.bing.com/bingbot.htm)" "ysfine.com"
116.179.32.237 - - [11/Oct/2022:02:56:44 -0700] "GET /maga/schrodein.html HTTP/1.1" 200 5672 "-" "Mozilla/5.0 (compatible; Baiduspider/2.0; +http://www.baidu.com/search/spider.html)" "ysfine.com"
220.181.108.110 - - [11/Oct/2022:02:56:45 -0700] "GET /maga/naimark.html HTTP/1.1" 200 4603 "-" "Mozilla/5.0 (compatible; Baiduspider/2.0; +http://www.baidu.com/search/spider.html)" "ysfine.com"
116.179.37.113 - - [11/Oct/2022:02:56:48 -0700] "GET /princeton/wightman01b.jpg HTTP/1.1" 200 39820 "https://ysfine.com/maga/naimark.html" "Mozilla/5.0 (compatible; Baiduspider-render/2.0; +http://www.baidu.com/search/spider.html)" "ysfine.com"
116.179.37.13 - - [11/Oct/2022:02:56:48 -0700] "GET /maga/phys/naimar/pewk02b.jpg HTTP/1.1" 200 32109 "https://ysfine.com/maga/naimark.html" "Mozilla/5.0 (compatible; Baiduspider-render/2.0; +http://www.baidu.com/search/spider.html)" "ysfine.com"
116.179.37.213 - - [11/Oct/2022:02:56:48 -0700] "GET /maga/phys/naimar/pewk10b.jpg HTTP/1.1" 200 44175 "https://ysfine.com/maga/naimark.html" "Mozilla/5.0 (compatible; Baiduspider-render/2.0; +http://www.baidu.com/search/spider.html)" "ysfine.com"
116.179.37.50 - - [11/Oct/2022:02:56:48 -0700] "GET /maga/phys/naimar/pewk09b.jpg HTTP/1.1" 200 35133 "https://ysfine.com/maga/naimark.html" "Mozilla/5.0 (compatible; Baiduspider-render/2.0; +http://www.baidu.com/search/spider.html)" "ysfine.com"
116.179.37.242 - - [11/Oct/2022:02:56:48 -0700] "GET /feynman/feynman270.jpg HTTP/1.1" 200 37830 "https://ysfine.com/maga/naimark.html" "Mozilla/5.0 (compatible; Baiduspider-render/2.0; +http://www.baidu.com/search/spider.html)" "ysfine.com"
116.179.37.94 - - [11/Oct/2022:02:56:48 -0700] "GET /maga/phys/naimar/poincs33b.jpg HTTP/1.1" 200 65195 "https://ysfine.com/maga/naimark.html" "Mozilla/5.0 (compatible; Baiduspider-render/2.0; +http://www.baidu.com/search/spider.html)" "ysfine.com"
116.179.37.140 - - [11/Oct/2022:02:56:48 -0700] "GET /maga/phys/naimar/pewk14b.jpg HTTP/1.1" 200 35927 "https://ysfine.com/maga/naimark.html" "Mozilla/5.0 (compatible; Baiduspider-render/2.0; +http://www.baidu.com/search/spider.html)" "ysfine.com"
116.179.37.18 - - [11/Oct/2022:02:56:48 -0700] "GET /maga/phys/naimar/pewk03b.jpg HTTP/1.1" 200 29359 "https://ysfine.com/maga/naimark.html" "Mozilla/5.0 (compatible; Baiduspider-render/2.0; +http://www.baidu.com/search/spider.html)" "ysfine.com"
116.179.37.113 - - [11/Oct/2022:02:56:49 -0700] "GET /maga/phys/schrod33b.jpg HTTP/1.1" 200 48626 "https://ysfine.com/maga/schrodein.html" "Mozilla/5.0 (compatible; Baiduspider-render/2.0; +http://www.baidu.com/search/spider.html)" "ysfine.com"
116.179.37.211 - - [11/Oct/2022:02:56:49 -0700] "GET /maga/phys/tsepa11b.jpg HTTP/1.1" 200 40401 "https://ysfine.com/maga/schrodein.html" "Mozilla/5.0 (compatible; Baiduspider-render/2.0; +http://www.baidu.com/search/spider.html)" "ysfine.com"
116.179.37.232 - - [11/Oct/2022:02:56:49 -0700] "GET /home/comet10b.jpg HTTP/1.1" 200 63249 "https://ysfine.com/maga/schrodein.html" "Mozilla/5.0 (compatible; Baiduspider-render/2.0; +http://www.baidu.com/search/spider.html)" "ysfine.com"
116.179.37.74 - - [11/Oct/2022:02:56:49 -0700] "GET /maga/phys/schrod03b.jpg HTTP/1.1" 200 59475 "https://ysfine.com/maga/schrodein.html" "Mozilla/5.0 (compatible; Baiduspider-render/2.0; +http://www.baidu.com/search/spider.html)" "ysfine.com"
116.179.37.38 - - [11/Oct/2022:02:56:49 -0700] "GET /maga/phys/solvayc27c.jpg HTTP/1.1" 200 53464 "https://ysfine.com/maga/schrodein.html" "Mozilla/5.0 (compatible; Baiduspider-render/2.0; +http://www.baidu.com/search/spider.html)" "ysfine.com"
116.179.37.71 - - [11/Oct/2022:02:56:49 -0700] "GET /einstein/jsbell01b.jpg HTTP/1.1" 200 33090 "https://ysfine.com/maga/schrodein.html" "Mozilla/5.0 (compatible; Baiduspider-render/2.0; +http://www.baidu.com/search/spider.html)" "ysfine.com"
116.179.37.7 - - [11/Oct/2022:02:56:49 -0700] "GET /maga/phys/schrod37b.jpg HTTP/1.1" 200 60678 "https://ysfine.com/maga/schrodein.html" "Mozilla/5.0 (compatible; Baiduspider-render/2.0; +http://www.baidu.com/search/spider.html)" "ysfine.com"
116.179.37.196 - - [11/Oct/2022:02:56:49 -0700] "GET /maga/phys/schrod07b.jpg HTTP/1.1" 200 39702 "https://ysfine.com/maga/schrodein.html" "Mozilla/5.0 (compatible; Baiduspider-render/2.0; +http://www.baidu.com/search/spider.html)" "ysfine.com"
116.179.37.107 - - [11/Oct/2022:02:56:49 -0700] "GET /dirac/diracqm33b.jpg HTTP/1.1" 200 44237 "https://ysfine.com/maga/schrodein.html" "Mozilla/5.0 (compatible; Baiduspider-render/2.0; +http://www.baidu.com/search/spider.html)" "ysfine.com"
116.179.37.145 - - [11/Oct/2022:02:56:49 -0700] "GET /maga/phys/schrod08b.jpg HTTP/1.1" 200 34216 "https://ysfine.com/maga/schrodein.html" "Mozilla/5.0 (compatible; Baiduspider-render/2.0; +http://www.baidu.com/search/spider.html)" "ysfine.com"
116.179.37.148 - - [11/Oct/2022:02:56:49 -0700] "GET /dirac/dirac44b.jpg HTTP/1.1" 200 36136 "https://ysfine.com/maga/schrodein.html" "Mozilla/5.0 (compatible; Baiduspider-render/2.0; +http://www.baidu.com/search/spider.html)" "ysfine.com"
116.179.37.54 - - [11/Oct/2022:02:56:52 -0700] "GET /einstein/newton55b.jpg HTTP/1.1" 200 20261 "https://ysfine.com/maga/schrodein.html" "Mozilla/5.0 (compatible; Baiduspider-render/2.0; +http://www.baidu.com/search/spider.html)" "ysfine.com"
157.55.39.58 - - [11/Oct/2022:02:57:04 -0700] "GET /world/russ/volga01.jpg HTTP/1.1" 200 102852 "-" "Mozilla/5.0 AppleWebKit/537.36 (KHTML, like Gecko; compatible; bingbot/2.0; +http://www.bing.com/bingbot.htm) Chrome/103.0.5060.134 Safari/537.36" "ysfine.com"
157.55.39.127 - - [11/Oct/2022:02:57:52 -0700] "GET /home/figs/evol77.jpg HTTP/1.1" 200 145608 "-" "Mozilla/5.0 (compatible; bingbot/2.0; +http://www.bing.com/bingbot.htm)" "www.ysfine.com"
157.55.39.128 - - [11/Oct/2022:02:58:00 -0700] "GET /world/china/xian04.jpg HTTP/1.1" 200 82865 "-" "Mozilla/5.0 AppleWebKit/537.36 (KHTML, like Gecko; compatible; bingbot/2.0; +http://www.bing.com/bingbot.htm) Chrome/103.0.5060.134 Safari/537.36" "ysfine.com"
157.55.39.128 - - [11/Oct/2022:02:58:01 -0700] "GET /world/ital/rome056.jpg HTTP/1.1" 200 114902 "-" "Mozilla/5.0 (compatible; bingbot/2.0; +http://www.bing.com/bingbot.htm)" "ysfine.com"
157.55.39.55 - - [11/Oct/2022:02:58:05 -0700] "GET /home/resonance33.jpg HTTP/1.1" 200 81671 "-" "Mozilla/5.0 (compatible; bingbot/2.0; +http://www.bing.com/bingbot.htm)" "www.ysfine.com"
157.55.39.128 - - [11/Oct/2022:02:58:11 -0700] "GET /world/russ/roskei10.jpg HTTP/1.1" 200 75892 "-" "Mozilla/5.0 (compatible; bingbot/2.0; +http://www.bing.com/bingbot.htm)" "ysfine.com"
114.119.128.162 - - [11/Oct/2022:02:58:18 -0700] "GET /wdc/gtown24b.jpg HTTP/1.1" 200 35392 "http://www.ysfine.com/wdc/wasdc.html" "Mozilla/5.0 (Linux; Android 7.0;) AppleWebKit/537.36 (KHTML, like Gecko) Mobile Safari/537.36 (compatible; PetalBot;+https://webmaster.petalsearch.com/site/petalbot)" "www.ysfine.com"
114.119.128.158 - - [11/Oct/2022:02:58:32 -0700] "GET /newyork HTTP/1.1" 301 1408 "-" "Mozilla/5.0 (Linux; Android 7.0;) AppleWebKit/537.36 (KHTML, like Gecko) Mobile Safari/537.36 (compatible; PetalBot;+https://webmaster.petalsearch.com/site/petalbot)" "www.ysfine.com"
114.119.128.158 - - [11/Oct/2022:02:58:32 -0700] "GET /newyork/ HTTP/1.1" 200 132 "-" "Mozilla/5.0 (Linux; Android 7.0;) AppleWebKit/537.36 (KHTML, like Gecko) Mobile Safari/537.36 (compatible; PetalBot;+https://webmaster.petalsearch.com/site/petalbot)" "www.ysfine.com"
114.119.128.158 - - [11/Oct/2022:02:58:33 -0700] "GET /newyork/nyleft.html HTTP/1.1" 200 905 "https://www.ysfine.com/newyork/" "Mozilla/5.0 (Linux; Android 7.0;) AppleWebKit/537.36 (KHTML, like Gecko) Mobile Safari/537.36 (compatible; PetalBot;+https://webmaster.petalsearch.com/site/petalbot)" "www.ysfine.com"
114.119.128.158 - - [11/Oct/2022:02:58:33 -0700] "GET /newyork/nyc.html HTTP/1.1" 200 31389 "https://www.ysfine.com/newyork/" "Mozilla/5.0 (Linux; Android 7.0;) AppleWebKit/537.36 (KHTML, like Gecko) Mobile Safari/537.36 (compatible; PetalBot;+https://webmaster.petalsearch.com/site/petalbot)" "www.ysfine.com"
176.236.62.122 - - [11/Oct/2022:02:58:47 -0700] "GET /dirac/dirheisen31c.jpg HTTP/1.1" 200 43569 "https://www.google.com.tr/" "Mozilla/5.0 (Windows NT 10.0) AppleWebKit/537.36 (KHTML, like Gecko) Chrome/106.0.0.0 Safari/537.36" "ysfine.com"
157.55.39.127 - - [11/Oct/2022:02:59:22 -0700] "GET /world/israel/jeru20.jpg HTTP/1.1" 200 247932 "-" "Mozilla/5.0 AppleWebKit/537.36 (KHTML, like Gecko; compatible; bingbot/2.0; +http://www.bing.com/bingbot.htm) Chrome/103.0.5060.134 Safari/537.36" "ysfine.com"
207.46.13.102 - - [11/Oct/2022:02:59:26 -0700] "GET /world/israel/jeru43.jpg HTTP/1.1" 200 248686 "-" "Mozilla/5.0 (compatible; bingbot/2.0; +http://www.bing.com/bingbot.htm)" "ysfine.com"
185.191.171.42 - - [11/Oct/2022:03:00:00 -0700] "GET /ys11/index.html HTTP/1.1" 200 3415 "-" "Mozilla/5.0 (compatible; SemrushBot/7~bl; +http://www.semrush.com/bot.html)" "www.ysfine.com"
157.55.39.127 - - [11/Oct/2022:03:00:04 -0700] "GET /world/brit/lonstore03.jpg HTTP/1.1" 200 85858 "-" "Mozilla/5.0 (compatible; bingbot/2.0; +http://www.bing.com/bingbot.htm)" "ysfine.com"
114.119.128.142 - - [11/Oct/2022:03:00:34 -0700] "GET /articles/euler.pdf HTTP/1.1" 401 90 "https://www.ysfine.com/maga/copislam.html" "Mozilla/5.0 (Linux; Android 7.0;) AppleWebKit/537.36 (KHTML, like Gecko) Mobile Safari/537.36 (compatible; PetalBot;+https://webmaster.petalsearch.com/site/petalbot)" "www.ysfine.com"
157.55.39.58 - - [11/Oct/2022:03:00:44 -0700] "GET /kobak/father2.jpg HTTP/1.1" 200 27723 "-" "Mozilla/5.0 (compatible; bingbot/2.0; +http://www.bing.com/bingbot.htm)" "ysfine.com"
5.151.132.12 - - [11/Oct/2022:03:00:57 -0700] "GET /world/poland/gdnu06.jpg HTTP/1.1" 200 79254 "https://www.bing.com/" "Mozilla/5.0 (Windows NT 10.0; Win64; x64) AppleWebKit/537.36 (KHTML, like Gecko) Chrome/105.0.0.0 Safari/537.36 Edg/105.0.1343.53" "ysfine.com"
185.191.171.37 - - [11/Oct/2022:03:01:06 -0700] "GET /maga/sartre.html HTTP/1.1" 200 7719 "-" "Mozilla/5.0 (compatible; SemrushBot/7~bl; +http://www.semrush.com/bot.html)" "ysfine.com"
157.55.39.128 - - [11/Oct/2022:03:02:02 -0700] "GET /bio/pgh/pnc.html HTTP/1.1" 404 88 "-" "Mozilla/5.0 (compatible; bingbot/2.0; +http://www.bing.com/bingbot.htm)" "ysfine.com"
185.191.171.37 - - [11/Oct/2022:03:02:30 -0700] "GET /maga/boltzmann.html HTTP/1.1" 200 6052 "-" "Mozilla/5.0 (compatible; SemrushBot/7~bl; +http://www.semrush.com/bot.html)" "www.ysfine.com"
114.119.128.162 - - [11/Oct/2022:03:02:53 -0700] "GET /class54/class5470/total_data/sub_522.htm HTTP/1.1" 200 3212 "https://ysfine.com/class54/class5470/total_data/sub_527.htm" "Mozilla/5.0 (Linux; Android 7.0;) AppleWebKit/537.36 (KHTML, like Gecko) Mobile Safari/537.36 (compatible; PetalBot;+https://webmaster.petalsearch.com/site/petalbot)" "ysfine.com"
40.77.167.27 - - [11/Oct/2022:03:03:00 -0700] "GET /wigner/neum/ymath.jpg HTTP/1.1" 200 64930 "-" "Mozilla/5.0 (compatible; bingbot/2.0; +http://www.bing.com/bingbot.htm)" "ysfine.com"
157.55.39.128 - - [11/Oct/2022:03:03:11 -0700] "GET /bio/dirac/dart/kno79.pdf HTTP/1.1" 404 88 "-" "Mozilla/5.0 (compatible; bingbot/2.0; +http://www.bing.com/bingbot.htm)" "ysfine.com"
157.55.39.127 - - [11/Oct/2022:03:03:43 -0700] "GET /bio/einstein/ewk.html HTTP/1.1" 404 88 "-" "Mozilla/5.0 (compatible; bingbot/2.0; +http://www.bing.com/bingbot.htm)" "ysfine.com"
157.55.39.128 - - [11/Oct/2022:03:04:02 -0700] "GET /wdc/kennedyc03.jpg HTTP/1.1" 200 51691 "-" "Mozilla/5.0 (compatible; bingbot/2.0; +http://www.bing.com/bingbot.htm)" "ysfine.com"
185.191.171.2 - - [11/Oct/2022:03:04:05 -0700] "GET /world/jeru.html HTTP/1.1" 200 6991 "-" "Mozilla/5.0 (compatible; SemrushBot/7~bl; +http://www.semrush.com/bot.html)" "ysfine.com"
185.191.171.42 - - [11/Oct/2022:03:04:20 -0700] "GET /bio/bio05.html HTTP/1.1" 404 88 "-" "Mozilla/5.0 (compatible; SemrushBot/7~bl; +http://www.semrush.com/bot.html)" "ysfine.com"
73.63.8.248 - - [11/Oct/2022:03:04:23 -0700] "GET /favicon.ico HTTP/1.1" 404 88 "-" "Mozilla/5.0 (X11; Linux x86_64; rv:102.0) Gecko/20100101 Goanna/5.2 Firefox/102.0 PaleMoon/31.3.0.1" "ysfine.com"
73.63.8.248 - - [11/Oct/2022:03:04:23 -0700] "GET /favicon.ico HTTP/1.1" 404 88 "-" "Mozilla/5.0 (X11; Linux x86_64; rv:102.0) Gecko/20100101 Goanna/5.2 Firefox/102.0 PaleMoon/31.3.0.1" "ysfine.com"
114.119.128.158 - - [11/Oct/2022:03:05:15 -0700] "GET /articles/symmetry12.pdf HTTP/1.1" 401 90 "http://ysfine.com/dirac/diracsq22.html" "Mozilla/5.0 (Linux; Android 7.0;) AppleWebKit/537.36 (KHTML, like Gecko) Mobile Safari/537.36 (compatible; PetalBot;+https://webmaster.petalsearch.com/site/petalbot)" "ysfine.com"
18.207.246.65 - - [11/Oct/2022:03:06:59 -0700] "GET /dirac/wigsis.html HTTP/1.1" 200 10275 "-" "python-requests/2.27.1" "ysfine.com"
114.119.128.14 - - [11/Oct/2022:03:07:29 -0700] "GET /world/veneto.html HTTP/1.1" 200 6676 "https://ysfine.com/world/venice.html" "Mozilla/5.0 (Linux; Android 7.0;) AppleWebKit/537.36 (KHTML, like Gecko) Mobile Safari/537.36 (compatible; PetalBot;+https://webmaster.petalsearch.com/site/petalbot)" "ysfine.com"
40.77.167.27 - - [11/Oct/2022:03:08:10 -0700] "GET /maga/phys/huy01b.jpg HTTP/1.1" 200 48784 "-" "Mozilla/5.0 (compatible; bingbot/2.0; +http://www.bing.com/bingbot.htm)" "ysfine.com"
94.20.63.9 - - [11/Oct/2022:03:09:38 -0700] "GET /world/brit/etonharrow.html HTTP/1.1" 200 4546 "https://www.google.com/" "Mozilla/5.0 (Windows NT 10.0; Win64; x64) AppleWebKit/537.36 (KHTML, like Gecko) Chrome/106.0.0.0 Safari/537.36" "ysfine.com"
94.20.63.9 - - [11/Oct/2022:03:09:38 -0700] "GET /eink/pwk19c.jpg HTTP/1.1" 200 57759 "https://ysfine.com/world/brit/etonharrow.html" "Mozilla/5.0 (Windows NT 10.0; Win64; x64) AppleWebKit/537.36 (KHTML, like Gecko) Chrome/106.0.0.0 Safari/537.36" "ysfine.com"
94.20.63.9 - - [11/Oct/2022:03:09:38 -0700] "GET /kobak/kwk11b.jpg HTTP/1.1" 200 46888 "https://ysfine.com/world/brit/etonharrow.html" "Mozilla/5.0 (Windows NT 10.0; Win64; x64) AppleWebKit/537.36 (KHTML, like Gecko) Chrome/106.0.0.0 Safari/537.36" "ysfine.com"
94.20.63.9 - - [11/Oct/2022:03:09:38 -0700] "GET /world/brit/harrow11b.jpg HTTP/1.1" 200 42533 "https://ysfine.com/world/brit/etonharrow.html" "Mozilla/5.0 (Windows NT 10.0; Win64; x64) AppleWebKit/537.36 (KHTML, like Gecko) Chrome/106.0.0.0 Safari/537.36" "ysfine.com"
94.20.63.9 - - [11/Oct/2022:03:09:38 -0700] "GET /world/brit/harrow01b.jpg HTTP/1.1" 200 54632 "https://ysfine.com/world/brit/etonharrow.html" "Mozilla/5.0 (Windows NT 10.0; Win64; x64) AppleWebKit/537.36 (KHTML, like Gecko) Chrome/106.0.0.0 Safari/537.36" "ysfine.com"
94.20.63.9 - - [11/Oct/2022:03:09:38 -0700] "GET /world/brit/nehru11b.jpg HTTP/1.1" 200 43052 "https://ysfine.com/world/brit/etonharrow.html" "Mozilla/5.0 (Windows NT 10.0; Win64; x64) AppleWebKit/537.36 (KHTML, like Gecko) Chrome/106.0.0.0 Safari/537.36" "ysfine.com"
94.20.63.9 - - [11/Oct/2022:03:09:38 -0700] "GET /world/brit/eton07b.jpg HTTP/1.1" 200 36566 "https://ysfine.com/world/brit/etonharrow.html" "Mozilla/5.0 (Windows NT 10.0; Win64; x64) AppleWebKit/537.36 (KHTML, like Gecko) Chrome/106.0.0.0 Safari/537.36" "ysfine.com"
94.20.63.9 - - [11/Oct/2022:03:09:38 -0700] "GET /world/brit/winston01b.jpg HTTP/1.1" 200 38436 "https://ysfine.com/world/brit/etonharrow.html" "Mozilla/5.0 (Windows NT 10.0; Win64; x64) AppleWebKit/537.36 (KHTML, like Gecko) Chrome/106.0.0.0 Safari/537.36" "ysfine.com"
94.20.63.9 - - [11/Oct/2022:03:09:38 -0700] "GET /world/brit/windsor02b.jpg HTTP/1.1" 200 40724 "https://ysfine.com/world/brit/etonharrow.html" "Mozilla/5.0 (Windows NT 10.0; Win64; x64) AppleWebKit/537.36 (KHTML, like Gecko) Chrome/106.0.0.0 Safari/537.36" "ysfine.com"
94.20.63.9 - - [11/Oct/2022:03:09:38 -0700] "GET /world/brit/harrow04b.jpg HTTP/1.1" 200 48004 "https://ysfine.com/world/brit/etonharrow.html" "Mozilla/5.0 (Windows NT 10.0; Win64; x64) AppleWebKit/537.36 (KHTML, like Gecko) Chrome/106.0.0.0 Safari/537.36" "ysfine.com"
94.20.63.9 - - [11/Oct/2022:03:09:38 -0700] "GET /world/brit/eton02b.jpg HTTP/1.1" 200 39432 "https://ysfine.com/world/brit/etonharrow.html" "Mozilla/5.0 (Windows NT 10.0; Win64; x64) AppleWebKit/537.36 (KHTML, like Gecko) Chrome/106.0.0.0 Safari/537.36" "ysfine.com"
94.20.63.9 - - [11/Oct/2022:03:09:38 -0700] "GET /kobak/taylor33c.jpg HTTP/1.1" 200 39951 "https://ysfine.com/world/brit/etonharrow.html" "Mozilla/5.0 (Windows NT 10.0; Win64; x64) AppleWebKit/537.36 (KHTML, like Gecko) Chrome/106.0.0.0 Safari/537.36" "ysfine.com"
94.20.63.9 - - [11/Oct/2022:03:09:38 -0700] "GET /world/brit/eton03b.jpg HTTP/1.1" 200 45141 "https://ysfine.com/world/brit/etonharrow.html" "Mozilla/5.0 (Windows NT 10.0; Win64; x64) AppleWebKit/537.36 (KHTML, like Gecko) Chrome/106.0.0.0 Safari/537.36" "ysfine.com"
94.20.63.9 - - [11/Oct/2022:03:09:38 -0700] "GET /world/brit/eton01b.jpg HTTP/1.1" 200 47771 "https://ysfine.com/world/brit/etonharrow.html" "Mozilla/5.0 (Windows NT 10.0; Win64; x64) AppleWebKit/537.36 (KHTML, like Gecko) Chrome/106.0.0.0 Safari/537.36" "ysfine.com"
94.20.63.9 - - [11/Oct/2022:03:09:38 -0700] "GET /world/brit/harrow12b.jpg HTTP/1.1" 200 45104 "https://ysfine.com/world/brit/etonharrow.html" "Mozilla/5.0 (Windows NT 10.0; Win64; x64) AppleWebKit/537.36 (KHTML, like Gecko) Chrome/106.0.0.0 Safari/537.36" "ysfine.com"
94.20.63.9 - - [11/Oct/2022:03:09:38 -0700] "GET /world/brit/harrow09b.jpg HTTP/1.1" 200 48797 "https://ysfine.com/world/brit/etonharrow.html" "Mozilla/5.0 (Windows NT 10.0; Win64; x64) AppleWebKit/537.36 (KHTML, like Gecko) Chrome/106.0.0.0 Safari/537.36" "ysfine.com"
94.20.63.9 - - [11/Oct/2022:03:09:40 -0700] "GET /favicon.ico HTTP/1.1" 404 88 "https://ysfine.com/world/brit/etonharrow.html" "Mozilla/5.0 (Windows NT 10.0; Win64; x64) AppleWebKit/537.36 (KHTML, like Gecko) Chrome/106.0.0.0 Safari/537.36" "ysfine.com"
114.119.128.142 - - [11/Oct/2022:03:09:52 -0700] "GET /world/russ/kazan008.jpg HTTP/1.1" 200 66489 "-" "Mozilla/5.0 (Linux; Android 7.0;) AppleWebKit/537.36 (KHTML, like Gecko) Mobile Safari/537.36 (compatible; PetalBot;+https://webmaster.petalsearch.com/site/petalbot)" "www.ysfine.com"
37.19.205.242 - - [11/Oct/2022:03:11:02 -0700] "GET /kobak/bow.jpg HTTP/1.1" 200 90533 "https://www.google.com/" "Mozilla/5.0 (Macintosh; Intel Mac OS X 10.15; rv:105.0) Gecko/20100101 Firefox/105.0" "ysfine.com"
157.55.39.128 - - [11/Oct/2022:03:11:22 -0700] "GET /world/china/suz22.jpg HTTP/1.1" 200 62474 "-" "Mozilla/5.0 (compatible; bingbot/2.0; +http://www.bing.com/bingbot.htm)" "ysfine.com"
114.119.128.158 - - [11/Oct/2022:03:12:02 -0700] "GET /class54/class5470/total_data/sub_375.htm HTTP/1.1" 200 3306 "https://ysfine.com/class54/class5470/total_data/sub_374.htm" "Mozilla/5.0 (Linux; Android 7.0;) AppleWebKit/537.36 (KHTML, like Gecko) Mobile Safari/537.36 (compatible; PetalBot;+https://webmaster.petalsearch.com/site/petalbot)" "ysfine.com"
40.77.167.27 - - [11/Oct/2022:03:13:10 -0700] "GET /einstein/einplanck3.jpg HTTP/1.1" 200 37784 "-" "Mozilla/5.0 (compatible; bingbot/2.0; +http://www.bing.com/bingbot.htm)" "ysfine.com"
157.55.39.128 - - [11/Oct/2022:03:13:32 -0700] "GET /world/poland/psoldier04.jpg HTTP/1.1" 200 97970 "-" "Mozilla/5.0 (compatible; bingbot/2.0; +http://www.bing.com/bingbot.htm)" "www.ysfine.com"
157.55.39.55 - - [11/Oct/2022:03:14:16 -0700] "GET /bio/style/ystyle.html HTTP/1.1" 404 88 "-" "Mozilla/5.0 AppleWebKit/537.36 (KHTML, like Gecko; compatible; bingbot/2.0; +http://www.bing.com/bingbot.htm) Chrome/103.0.5060.134 Safari/537.36" "ysfine.com"
66.249.66.43 - - [11/Oct/2022:03:14:25 -0700] "GET /ffriends/aline/kuwaitf11b.jpg HTTP/1.1" 200 45452 "-" "Googlebot-Image/1.0" "ysfine.com"
114.119.128.158 - - [11/Oct/2022:03:14:26 -0700] "GET /world/kiev.html HTTP/1.1" 200 4582 "https://ysfine.com/world/ysworld" "Mozilla/5.0 (Linux; Android 7.0;) AppleWebKit/537.36 (KHTML, like Gecko) Mobile Safari/537.36 (compatible; PetalBot;+https://webmaster.petalsearch.com/site/petalbot)" "ysfine.com"
138.201.173.214 - - [11/Oct/2022:03:14:39 -0700] "GET /bio/world/france/stras51.jpg HTTP/1.1" 404 88 "-" "Mozilla/5.0 (X11; Fedora; Linux x86_64) AppleWebKit/537.36 (KHTML, like Gecko) Chrome/79.0.3945.117 Safari/537.36" "ysfine.com"
135.181.95.195 - - [11/Oct/2022:03:14:50 -0700] "GET / HTTP/1.1" 200 15910 "-" "Mozilla/5.0 (Macintosh; Intel Mac OS X 10.6; rv:48.0) Gecko/20100101 Firefox/48.0" "www.ysfine.com"
207.46.13.102 - - [11/Oct/2022:03:15:03 -0700] "GET /bio/einstein/bern.html HTTP/1.1" 404 88 "-" "Mozilla/5.0 (compatible; bingbot/2.0; +http://www.bing.com/bingbot.htm)" "ysfine.com"
207.46.13.102 - - [11/Oct/2022:03:15:54 -0700] "GET /people/mott01.jpg HTTP/1.1" 200 104664 "-" "Mozilla/5.0 AppleWebKit/537.36 (KHTML, like Gecko; compatible; bingbot/2.0; +http://www.bing.com/bingbot.htm) Chrome/103.0.5060.134 Safari/537.36" "ysfine.com"
195.90.211.114 - - [11/Oct/2022:03:16:34 -0700] "GET /favicon.ico HTTP/1.1" 404 73 "-" "Mozilla/5.0 (Macintosh; Intel Mac OS X 10.11; rv:56.0) Gecko/20100101 Firefox/56.0.4 Waterfox/56.0.4" "www.ysfine.com"
114.119.128.154 - - [11/Oct/2022:03:16:46 -0700] "GET /world/france/montpar08.jpg HTTP/1.1" 200 166437 "http://babyhealthservices.me/post/Grave-of-guy-de-maupassant-on-the-cemetery-of" "Mozilla/5.0 (Linux; Android 7.0;) AppleWebKit/537.36 (KHTML, like Gecko) Mobile Safari/537.36 (compatible; PetalBot;+https://webmaster.petalsearch.com/site/petalbot)" "www.ysfine.com"
95.217.223.160 - - [11/Oct/2022:03:16:56 -0700] "GET /sitemap.xml HTTP/1.1" 200 190 "-" "Mozilla/5.0 (Macintosh; Intel Mac OS X 10_13_6) AppleWebKit/537.36 (KHTML, like Gecko) Chrome/71.0.3578.80 Safari/537.36" "www.ysfine.com"
40.77.167.27 - - [11/Oct/2022:03:17:11 -0700] "GET /world/russ/krem09.jpg HTTP/1.1" 200 102475 "-" "Mozilla/5.0 (compatible; bingbot/2.0; +http://www.bing.com/bingbot.htm)" "ysfine.com"
157.55.39.55 - - [11/Oct/2022:03:17:16 -0700] "GET /maga/invent/pupin33.jpg HTTP/1.1" 200 52653 "-" "Mozilla/5.0 (compatible; bingbot/2.0; +http://www.bing.com/bingbot.htm)" "www.ysfine.com"
95.217.223.160 - - [11/Oct/2022:03:17:26 -0700] "GET / HTTP/1.1" 200 15910 "-" "Mozilla/5.0 (Macintosh; PPC Mac OS X 10.5; FPR8; rv:45.0) Gecko/20100101 Firefox/45.0 TenFourFox/7450" "www.ysfine.com"
65.109.14.243 - - [11/Oct/2022:03:17:33 -0700] "GET /robots.txt HTTP/1.1" 404 73 "-" "Mozilla/5.0 (Macintosh; Intel Mac OS X 10.10; rv:47.0) Gecko/20100101 Firefox/47.0" "www.ysfine.com"
157.55.39.55 - - [11/Oct/2022:03:17:47 -0700] "GET /bio/kobak/kumipo.html HTTP/1.1" 404 88 "-" "Mozilla/5.0 (compatible; bingbot/2.0; +http://www.bing.com/bingbot.htm)" "ysfine.com"
40.77.167.27 - - [11/Oct/2022:03:18:21 -0700] "GET /home/newtgr33.jpg HTTP/1.1" 200 91706 "-" "Mozilla/5.0 (compatible; bingbot/2.0; +http://www.bing.com/bingbot.htm)" "ysfine.com"
114.119.128.154 - - [11/Oct/2022:03:18:57 -0700] "GET /home/bio33.html HTTP/1.1" 404 88 "https://www.ysfine.com/awards/index.html" "Mozilla/5.0 (Linux; Android 7.0;) AppleWebKit/537.36 (KHTML, like Gecko) Mobile Safari/537.36 (compatible; PetalBot;+https://webmaster.petalsearch.com/site/petalbot)" "www.ysfine.com"
207.46.13.102 - - [11/Oct/2022:03:19:15 -0700] "GET /bio/style/venuspics22.html HTTP/1.1" 404 88 "-" "Mozilla/5.0 (compatible; bingbot/2.0; +http://www.bing.com/bingbot.htm)" "ysfine.com"
40.77.167.27 - - [11/Oct/2022:03:20:41 -0700] "GET /world/ital/panth12.jpg HTTP/1.1" 200 95859 "-" "Mozilla/5.0 AppleWebKit/537.36 (KHTML, like Gecko; compatible; bingbot/2.0; +http://www.bing.com/bingbot.htm) Chrome/103.0.5060.134 Safari/537.36" "ysfine.com"
121.6.169.14 - - [11/Oct/2022:03:22:05 -0700] "GET /world/russ/msu04.jpg HTTP/1.1" 200 118066 "https://www.bing.com/" "Mozilla/5.0 (Windows NT 10.0; Win64; x64) AppleWebKit/537.36 (KHTML, like Gecko) Chrome/106.0.0.0 Safari/537.36 Edg/106.0.1370.37" "ysfine.com"
157.55.39.58 - - [11/Oct/2022:03:23:26 -0700] "GET /world/china/dalian33b.jpg HTTP/1.1" 200 31978 "-" "Mozilla/5.0 (compatible; bingbot/2.0; +http://www.bing.com/bingbot.htm)" "ysfine.com"
40.77.167.27 - - [11/Oct/2022:03:23:32 -0700] "GET /world/germany/johannstra44.jpg HTTP/1.1" 200 116375 "-" "Mozilla/5.0 (compatible; bingbot/2.0; +http://www.bing.com/bingbot.htm)" "ysfine.com"
157.55.39.127 - - [11/Oct/2022:03:23:35 -0700] "GET /princeton/sbt.html HTTP/1.1" 200 529 "-" "Mozilla/5.0 (compatible; bingbot/2.0; +http://www.bing.com/bingbot.htm)" "ysfine.com"
157.55.39.58 - - [11/Oct/2022:03:23:38 -0700] "GET /wigner/neum/futcomp.html HTTP/1.1" 200 1986 "-" "Mozilla/5.0 (compatible; bingbot/2.0; +http://www.bing.com/bingbot.htm)" "www.ysfine.com"
31.44.254.63 - - [11/Oct/2022:03:26:25 -0700] "GET /kobak/rhee12.jpg HTTP/1.1" 200 235392 "https://yandex.ru/images/search?text=%D0%BB%D0%B8%20%D1%81%D1%8B%D0%BD%20%D0%BC%D0%B0%D0%BD&from=tabbar&pos=9&img_url=http%3A%2F%2Fysfine.com%2Fkobak%2Frhee12.jpg&rpt=simage&lr=11275" "Mozilla/5.0 (Windows NT 6.1; Win64; x64) AppleWebKit/537.36 (KHTML, like Gecko) Chrome/104.0.5112.102 Safari/537.36 OPR/90.0.4480.84" "www.ysfine.com"
31.44.254.63 - - [11/Oct/2022:03:26:25 -0700] "GET /kobak/rhee12.jpg HTTP/1.1" 200 235392 "https://yandex.ru/images/search?text=%D0%BB%D0%B8%20%D1%81%D1%8B%D0%BD%20%D0%BC%D0%B0%D0%BD&from=tabbar&pos=9&img_url=http%3A%2F%2Fysfine.com%2Fkobak%2Frhee12.jpg&rpt=simage&lr=11275" "Mozilla/5.0 (Windows NT 6.1; Win64; x64) AppleWebKit/537.36 (KHTML, like Gecko) Chrome/104.0.5112.102 Safari/537.36 OPR/90.0.4480.84" "www.ysfine.com"
77.88.5.126 - - [11/Oct/2022:03:26:28 -0700] "GET /robots.txt HTTP/1.1" 404 73 "-" "Mozilla/5.0 (compatible; YandexBot/3.0; +http://yandex.com/bots)" "www.ysfine.com"
93.158.161.42 - - [11/Oct/2022:03:26:32 -0700] "GET /ffriends/romania16.jpg HTTP/1.1" 200 218569 "-" "Mozilla/5.0 (compatible; YandexImages/3.0; +http://yandex.com/bots)" "www.ysfine.com"
40.77.167.27 - - [11/Oct/2022:03:27:22 -0700] "GET /world/china/shanghai053b.jpg HTTP/1.1" 200 45086 "-" "Mozilla/5.0 (compatible; bingbot/2.0; +http://www.bing.com/bingbot.htm)" "ysfine.com"
65.108.79.209 - - [11/Oct/2022:03:27:51 -0700] "GET /people/peo.html HTTP/1.1" 200 13502 "http://ysfine.com/people/peo.html" "Mozilla/5.0 (compatible; SEOkicks; +https://www.seokicks.de/robot.html)" "ysfine.com"
65.108.79.209 - - [11/Oct/2022:03:27:52 -0700] "GET /kobak/index.html HTTP/1.1" 200 130 "http://ysfine.com/kobak/index.html" "Mozilla/5.0 (compatible; SEOkicks; +https://www.seokicks.de/robot.html)" "ysfine.com"
65.108.79.209 - - [11/Oct/2022:03:27:54 -0700] "GET /jobs/joleft.html HTTP/1.1" 200 334 "https://ysfine.com/jobs/index.html" "Mozilla/5.0 (compatible; SEOkicks; +https://www.seokicks.de/robot.html)" "ysfine.com"
65.108.79.209 - - [11/Oct/2022:03:27:55 -0700] "GET /jobs/jorigh.html HTTP/1.1" 200 1583 "https://ysfine.com/jobs/index.html" "Mozilla/5.0 (compatible; SEOkicks; +https://www.seokicks.de/robot.html)" "ysfine.com"
65.108.79.209 - - [11/Oct/2022:03:27:56 -0700] "GET /home/yshome.html HTTP/1.1" 200 5704 "https://ysfine.com/eink/index.html" "Mozilla/5.0 (compatible; SEOkicks; +https://www.seokicks.de/robot.html)" "ysfine.com"
65.108.79.209 - - [11/Oct/2022:03:27:58 -0700] "GET /home/easy.html HTTP/1.1" 200 7877 "https://ysfine.com/eink/index.html" "Mozilla/5.0 (compatible; SEOkicks; +https://www.seokicks.de/robot.html)" "ysfine.com"
65.108.79.209 - - [11/Oct/2022:03:27:59 -0700] "GET /home/different.html HTTP/1.1" 200 2354 "https://ysfine.com/eink/index.html" "Mozilla/5.0 (compatible; SEOkicks; +https://www.seokicks.de/robot.html)" "ysfine.com"
65.108.79.209 - - [11/Oct/2022:03:28:00 -0700] "GET /princeton/yspr.html HTTP/1.1" 200 5439 "https://ysfine.com/eink/index.html" "Mozilla/5.0 (compatible; SEOkicks; +https://www.seokicks.de/robot.html)" "ysfine.com"
65.108.79.209 - - [11/Oct/2022:03:28:02 -0700] "GET /einstein/einxmas.html HTTP/1.1" 200 2693 "https://ysfine.com/eink/index.html" "Mozilla/5.0 (compatible; SEOkicks; +https://www.seokicks.de/robot.html)" "ysfine.com"
65.108.79.209 - - [11/Oct/2022:03:28:03 -0700] "GET /wdc/index.html HTTP/1.1" 200 141 "http://ysfine.com/wdc/index.html" "Mozilla/5.0 (compatible; SEOkicks; +https://www.seokicks.de/robot.html)" "ysfine.com"
65.108.79.209 - - [11/Oct/2022:03:28:05 -0700] "GET /houses/myhouse.html HTTP/1.1" 200 1473 "http://ysfine.com/houses/myhouse.html" "Mozilla/5.0 (compatible; SEOkicks; +https://www.seokicks.de/robot.html)" "ysfine.com"
157.55.39.128 - - [11/Oct/2022:03:28:24 -0700] "GET /beau/aline/pakis22.jpg HTTP/1.1" 404 88 "-" "Mozilla/5.0 (compatible; bingbot/2.0; +http://www.bing.com/bingbot.htm)" "ysfine.com"
40.77.167.27 - - [11/Oct/2022:03:29:13 -0700] "GET /bio/princeton/cleve.html HTTP/1.1" 404 88 "-" "Mozilla/5.0 (compatible; bingbot/2.0; +http://www.bing.com/bingbot.htm)" "ysfine.com"
207.46.13.102 - - [11/Oct/2022:03:30:15 -0700] "GET /style/ysnr11.jpg HTTP/1.1" 200 141084 "-" "Mozilla/5.0 (compatible; bingbot/2.0; +http://www.bing.com/bingbot.htm)" "www.ysfine.com"
5.188.210.38 - - [11/Oct/2022:03:30:28 -0700] "GET /world/travel.html HTTP/1.1" 200 5186 "https://www.ysfine.com/world/travel.html" "Mozilla/5.0 (Windows NT 10.0; Win64; x64) AppleWebKit/537.36 (KHTML, like Gecko) Chrome/90.0.4430.93 Safari/537.36" "www.ysfine.com"
5.188.210.38 - - [11/Oct/2022:03:30:29 -0700] "GET / HTTP/1.1" 200 15910 "https://www.ysfine.com/" "Mozilla/5.0 (Windows NT 10.0; Win64; x64) AppleWebKit/537.36 (KHTML, like Gecko) Chrome/90.0.4430.93 Safari/537.36" "www.ysfine.com"
40.77.167.27 - - [11/Oct/2022:03:30:32 -0700] "GET /einstein/places/einmu16b.jpg HTTP/1.1" 200 34497 "-" "Mozilla/5.0 (compatible; bingbot/2.0; +http://www.bing.com/bingbot.htm)" "ysfine.com"
40.77.167.27 - - [11/Oct/2022:03:30:52 -0700] "GET /world/scandi/sto040.jpg HTTP/1.1" 200 86146 "-" "Mozilla/5.0 (compatible; bingbot/2.0; +http://www.bing.com/bingbot.htm)" "ysfine.com"
207.46.13.102 - - [11/Oct/2022:03:31:05 -0700] "GET /maga/invent/mosin.jpg HTTP/1.1" 200 64407 "-" "Mozilla/5.0 (compatible; bingbot/2.0; +http://www.bing.com/bingbot.htm)" "ysfine.com"
157.55.39.127 - - [11/Oct/2022:03:31:45 -0700] "GET /style/musee/perga11.jpg HTTP/1.1" 200 110500 "-" "Mozilla/5.0 AppleWebKit/537.36 (KHTML, like Gecko; compatible; bingbot/2.0; +http://www.bing.com/bingbot.htm) Chrome/103.0.5060.134 Safari/537.36" "ysfine.com"
157.55.39.127 - - [11/Oct/2022:03:31:46 -0700] "GET /maga/phil/sisfa12/frame53.html HTTP/1.1" 200 319 "-" "Mozilla/5.0 (compatible; bingbot/2.0; +http://www.bing.com/bingbot.htm)" "ysfine.com"
157.55.39.55 - - [11/Oct/2022:03:32:18 -0700] "GET /bio/kowar/war53.html HTTP/1.1" 404 88 "-" "Mozilla/5.0 (compatible; bingbot/2.0; +http://www.bing.com/bingbot.htm)" "ysfine.com"
157.55.39.55 - - [11/Oct/2022:03:32:58 -0700] "GET /eink/eink22.jpg HTTP/1.1" 200 179372 "-" "Mozilla/5.0 (compatible; bingbot/2.0; +http://www.bing.com/bingbot.htm)" "ysfine.com"
157.55.39.128 - - [11/Oct/2022:03:33:14 -0700] "GET /style/accodion.jpg HTTP/1.1" 200 106811 "-" "Mozilla/5.0 (compatible; bingbot/2.0; +http://www.bing.com/bingbot.htm)" "ysfine.com"
157.55.39.55 - - [11/Oct/2022:03:33:18 -0700] "GET /world/france/sorbonne03.jpg HTTP/1.1" 200 132007 "-" "Mozilla/5.0 (compatible; bingbot/2.0; +http://www.bing.com/bingbot.htm)" "www.ysfine.com"
185.191.171.13 - - [11/Oct/2022:03:33:53 -0700] "GET /robots.txt HTTP/1.1" 404 88 "-" "Mozilla/5.0 (compatible; SemrushBot/7~bl; +http://www.semrush.com/bot.html)" "ysfine.com"
185.191.171.38 - - [11/Oct/2022:03:33:54 -0700] "GET /world/brit/britmu.html HTTP/1.1" 200 4897 "-" "Mozilla/5.0 (compatible; SemrushBot/7~bl; +http://www.semrush.com/bot.html)" "ysfine.com"
157.55.39.58 - - [11/Oct/2022:03:33:58 -0700] "GET /world/russ/kazan072.jpg HTTP/1.1" 200 84018 "-" "Mozilla/5.0 (compatible; bingbot/2.0; +http://www.bing.com/bingbot.htm)" "www.ysfine.com"
185.191.171.43 - - [11/Oct/2022:03:34:07 -0700] "GET /index.html HTTP/1.1" 200 5283 "-" "Mozilla/5.0 (compatible; SemrushBot/7~bl; +http://www.semrush.com/bot.html)" "ysfine.com"
80.1.105.130 - - [11/Oct/2022:03:34:30 -0700] "GET /wigner/wiglittle.pdf HTTP/1.1" 200 2659296 "-" "Mozilla/5.0 (Macintosh; Intel Mac OS X 10_15_4) AppleWebKit/605.1.15 (KHTML, like Gecko) Version/13.1 Safari/605.1.15" "ysfine.com"
80.1.105.130 - - [11/Oct/2022:03:34:30 -0700] "GET /wigner/wiglittle.pdf HTTP/1.1" 200 2659296 "-" "Mozilla/5.0 (Macintosh; Intel Mac OS X 10_15_4) AppleWebKit/605.1.15 (KHTML, like Gecko) Version/13.1 Safari/605.1.15" "ysfine.com"
80.1.105.130 - - [11/Oct/2022:03:34:30 -0700] "GET /wigner/wiglittle.pdf HTTP/1.1" 200 2659296 "-" "Mozilla/5.0 (Macintosh; Intel Mac OS X 10_15_4) AppleWebKit/605.1.15 (KHTML, like Gecko) Version/13.1 Safari/605.1.15" "ysfine.com"
80.1.105.130 - - [11/Oct/2022:03:34:30 -0700] "GET /apple-touch-icon-precomposed.png HTTP/1.1" 404 88 "-" "Mozilla/5.0 (Macintosh; Intel Mac OS X 10_11_1) AppleWebKit/601.2.4 (KHTML, like Gecko) Version/9.0.1 Safari/601.2.4 facebookexternalhit/1.1 Facebot Twitterbot/1.0" "ysfine.com"
80.1.105.130 - - [11/Oct/2022:03:34:30 -0700] "GET /apple-touch-icon.png HTTP/1.1" 404 88 "-" "Mozilla/5.0 (Macintosh; Intel Mac OS X 10_11_1) AppleWebKit/601.2.4 (KHTML, like Gecko) Version/9.0.1 Safari/601.2.4 facebookexternalhit/1.1 Facebot Twitterbot/1.0" "ysfine.com"
80.1.105.130 - - [11/Oct/2022:03:34:30 -0700] "GET /favicon.ico HTTP/1.1" 404 88 "-" "Mozilla/5.0 (Macintosh; Intel Mac OS X 10_11_1) AppleWebKit/601.2.4 (KHTML, like Gecko) Version/9.0.1 Safari/601.2.4 facebookexternalhit/1.1 Facebot Twitterbot/1.0" "ysfine.com"
80.1.105.130 - - [11/Oct/2022:03:34:30 -0700] "GET /wigner/wiglittle.pdf HTTP/1.1" 200 2659296 "-" "Mozilla/5.0 (Macintosh; Intel Mac OS X 10_15_4) AppleWebKit/605.1.15 (KHTML, like Gecko) Version/13.1 Safari/605.1.15" "ysfine.com"
80.1.105.130 - - [11/Oct/2022:03:34:30 -0700] "GET /wigner/wiglittle.pdf HTTP/1.1" 200 2659296 "-" "Mozilla/5.0 (Macintosh; Intel Mac OS X 10_15_4) AppleWebKit/605.1.15 (KHTML, like Gecko) Version/13.1 Safari/605.1.15" "ysfine.com"
80.1.105.130 - - [11/Oct/2022:03:34:30 -0700] "GET /wigner/wiglittle.pdf HTTP/1.1" 200 2659296 "-" "Mozilla/5.0 (Macintosh; Intel Mac OS X 10_11_1) AppleWebKit/601.2.4 (KHTML, like Gecko) Version/9.0.1 Safari/601.2.4 facebookexternalhit/1.1 Facebot Twitterbot/1.0" "ysfine.com"
80.1.105.130 - - [11/Oct/2022:03:34:30 -0700] "GET /apple-touch-icon-precomposed.png HTTP/1.1" 404 88 "-" "Mozilla/5.0 (Macintosh; Intel Mac OS X 10_11_1) AppleWebKit/601.2.4 (KHTML, like Gecko) Version/9.0.1 Safari/601.2.4 facebookexternalhit/1.1 Facebot Twitterbot/1.0" "ysfine.com"
80.1.105.130 - - [11/Oct/2022:03:34:30 -0700] "GET /apple-touch-icon-precomposed.png HTTP/1.1" 404 88 "-" "Mozilla/5.0 (Macintosh; Intel Mac OS X 10_11_1) AppleWebKit/601.2.4 (KHTML, like Gecko) Version/9.0.1 Safari/601.2.4 facebookexternalhit/1.1 Facebot Twitterbot/1.0" "ysfine.com"
80.1.105.130 - - [11/Oct/2022:03:34:30 -0700] "GET /apple-touch-icon.png HTTP/1.1" 404 88 "-" "Mozilla/5.0 (Macintosh; Intel Mac OS X 10_11_1) AppleWebKit/601.2.4 (KHTML, like Gecko) Version/9.0.1 Safari/601.2.4 facebookexternalhit/1.1 Facebot Twitterbot/1.0" "ysfine.com"
80.1.105.130 - - [11/Oct/2022:03:34:30 -0700] "GET /favicon.ico HTTP/1.1" 404 88 "-" "Mozilla/5.0 (Macintosh; Intel Mac OS X 10_11_1) AppleWebKit/601.2.4 (KHTML, like Gecko) Version/9.0.1 Safari/601.2.4 facebookexternalhit/1.1 Facebot Twitterbot/1.0" "ysfine.com"
80.1.105.130 - - [11/Oct/2022:03:34:30 -0700] "GET /apple-touch-icon.png HTTP/1.1" 404 88 "-" "Mozilla/5.0 (Macintosh; Intel Mac OS X 10_11_1) AppleWebKit/601.2.4 (KHTML, like Gecko) Version/9.0.1 Safari/601.2.4 facebookexternalhit/1.1 Facebot Twitterbot/1.0" "ysfine.com"
80.1.105.130 - - [11/Oct/2022:03:34:30 -0700] "GET /wigner/wiglittle.pdf HTTP/1.1" 200 2659296 "-" "Mozilla/5.0 (Macintosh; Intel Mac OS X 10_11_1) AppleWebKit/601.2.4 (KHTML, like Gecko) Version/9.0.1 Safari/601.2.4 facebookexternalhit/1.1 Facebot Twitterbot/1.0" "ysfine.com"
80.1.105.130 - - [11/Oct/2022:03:34:30 -0700] "GET /wigner/wiglittle.pdf HTTP/1.1" 200 2659296 "-" "Mozilla/5.0 (Macintosh; Intel Mac OS X 10_11_1) AppleWebKit/601.2.4 (KHTML, like Gecko) Version/9.0.1 Safari/601.2.4 facebookexternalhit/1.1 Facebot Twitterbot/1.0" "ysfine.com"
80.1.105.130 - - [11/Oct/2022:03:34:30 -0700] "GET /favicon.ico HTTP/1.1" 404 88 "-" "Mozilla/5.0 (Macintosh; Intel Mac OS X 10_11_1) AppleWebKit/601.2.4 (KHTML, like Gecko) Version/9.0.1 Safari/601.2.4 facebookexternalhit/1.1 Facebot Twitterbot/1.0" "ysfine.com"
80.1.105.130 - - [11/Oct/2022:03:34:30 -0700] "GET /favicon.ico HTTP/1.1" 404 88 "-" "Mozilla/5.0 (Macintosh; Intel Mac OS X 10_11_1) AppleWebKit/601.2.4 (KHTML, like Gecko) Version/9.0.1 Safari/601.2.4 facebookexternalhit/1.1 Facebot Twitterbot/1.0" "ysfine.com"
80.1.105.130 - - [11/Oct/2022:03:34:30 -0700] "GET /apple-touch-icon.png HTTP/1.1" 404 88 "-" "Mozilla/5.0 (Macintosh; Intel Mac OS X 10_11_1) AppleWebKit/601.2.4 (KHTML, like Gecko) Version/9.0.1 Safari/601.2.4 facebookexternalhit/1.1 Facebot Twitterbot/1.0" "ysfine.com"
80.1.105.130 - - [11/Oct/2022:03:34:30 -0700] "GET /apple-touch-icon-precomposed.png HTTP/1.1" 404 88 "-" "Mozilla/5.0 (Macintosh; Intel Mac OS X 10_11_1) AppleWebKit/601.2.4 (KHTML, like Gecko) Version/9.0.1 Safari/601.2.4 facebookexternalhit/1.1 Facebot Twitterbot/1.0" "ysfine.com"
80.1.105.130 - - [11/Oct/2022:03:34:30 -0700] "GET /wigner/wiglittle.pdf HTTP/1.1" 200 2659296 "-" "Mozilla/5.0 (Macintosh; Intel Mac OS X 10_11_1) AppleWebKit/601.2.4 (KHTML, like Gecko) Version/9.0.1 Safari/601.2.4 facebookexternalhit/1.1 Facebot Twitterbot/1.0" "ysfine.com"
80.1.105.130 - - [11/Oct/2022:03:34:37 -0700] "GET /apple-touch-icon-precomposed.png HTTP/1.1" 404 88 "-" "Mozilla/5.0 (Macintosh; Intel Mac OS X 10_11_1) AppleWebKit/601.2.4 (KHTML, like Gecko) Version/9.0.1 Safari/601.2.4 facebookexternalhit/1.1 Facebot Twitterbot/1.0" "ysfine.com"
80.1.105.130 - - [11/Oct/2022:03:34:37 -0700] "GET /favicon.ico HTTP/1.1" 404 88 "-" "Mozilla/5.0 (Macintosh; Intel Mac OS X 10_11_1) AppleWebKit/601.2.4 (KHTML, like Gecko) Version/9.0.1 Safari/601.2.4 facebookexternalhit/1.1 Facebot Twitterbot/1.0" "ysfine.com"
