201.190.251.121 - - [11/Oct/2022:13:01:56 -0700] "GET /maga/boltzmann.html HTTP/1.1" 200 6052 "-" "Mozilla/5.0 (Windows NT 10.0; Win64; x64) AppleWebKit/537.36 (KHTML, like Gecko) Chrome/105.0.0.0 Safari/537.36" "ysfine.com"
201.190.251.121 - - [11/Oct/2022:13:01:57 -0700] "GET /world/germany/vienna71b.jpg HTTP/1.1" 200 46089 "https://ysfine.com/maga/boltzmann.html" "Mozilla/5.0 (Windows NT 10.0; Win64; x64) AppleWebKit/537.36 (KHTML, like Gecko) Chrome/105.0.0.0 Safari/537.36" "ysfine.com"
201.190.251.121 - - [11/Oct/2022:13:01:57 -0700] "GET /world/germany/johannstra00b.jpg HTTP/1.1" 200 49436 "https://ysfine.com/maga/boltzmann.html" "Mozilla/5.0 (Windows NT 10.0; Win64; x64) AppleWebKit/537.36 (KHTML, like Gecko) Chrome/105.0.0.0 Safari/537.36" "ysfine.com"
201.190.251.121 - - [11/Oct/2022:13:01:58 -0700] "GET /maga/phys/vnm01b.jpg HTTP/1.1" 200 35878 "https://ysfine.com/maga/boltzmann.html" "Mozilla/5.0 (Windows NT 10.0; Win64; x64) AppleWebKit/537.36 (KHTML, like Gecko) Chrome/105.0.0.0 Safari/537.36" "ysfine.com"
201.190.251.121 - - [11/Oct/2022:13:01:58 -0700] "GET /maga/boltz/boltz22b.jpg HTTP/1.1" 200 30861 "https://ysfine.com/maga/boltzmann.html" "Mozilla/5.0 (Windows NT 10.0; Win64; x64) AppleWebKit/537.36 (KHTML, like Gecko) Chrome/105.0.0.0 Safari/537.36" "ysfine.com"
201.190.251.121 - - [11/Oct/2022:13:01:58 -0700] "GET /home/yscoup11b.jpg HTTP/1.1" 200 34138 "https://ysfine.com/maga/boltzmann.html" "Mozilla/5.0 (Windows NT 10.0; Win64; x64) AppleWebKit/537.36 (KHTML, like Gecko) Chrome/105.0.0.0 Safari/537.36" "ysfine.com"
201.190.251.121 - - [11/Oct/2022:13:01:58 -0700] "GET /maga/boltz/maxrel11b.jpg HTTP/1.1" 200 28313 "https://ysfine.com/maga/boltzmann.html" "Mozilla/5.0 (Windows NT 10.0; Win64; x64) AppleWebKit/537.36 (KHTML, like Gecko) Chrome/105.0.0.0 Safari/537.36" "ysfine.com"
201.190.251.121 - - [11/Oct/2022:13:01:58 -0700] "GET /feynman/feybongo77b.jpg HTTP/1.1" 200 29724 "https://ysfine.com/maga/boltzmann.html" "Mozilla/5.0 (Windows NT 10.0; Win64; x64) AppleWebKit/537.36 (KHTML, like Gecko) Chrome/105.0.0.0 Safari/537.36" "ysfine.com"
201.190.251.121 - - [11/Oct/2022:13:01:58 -0700] "GET /wigner/isomor66b.jpg HTTP/1.1" 200 60963 "https://ysfine.com/maga/boltzmann.html" "Mozilla/5.0 (Windows NT 10.0; Win64; x64) AppleWebKit/537.36 (KHTML, like Gecko) Chrome/105.0.0.0 Safari/537.36" "ysfine.com"
201.190.251.121 - - [11/Oct/2022:13:01:58 -0700] "GET /einstein/einbohr11b.jpg HTTP/1.1" 200 37538 "https://ysfine.com/maga/boltzmann.html" "Mozilla/5.0 (Windows NT 10.0; Win64; x64) AppleWebKit/537.36 (KHTML, like Gecko) Chrome/105.0.0.0 Safari/537.36" "ysfine.com"
201.190.251.121 - - [11/Oct/2022:13:01:58 -0700] "GET /wigner/lunch91b.jpg HTTP/1.1" 200 52318 "https://ysfine.com/maga/boltzmann.html" "Mozilla/5.0 (Windows NT 10.0; Win64; x64) AppleWebKit/537.36 (KHTML, like Gecko) Chrome/105.0.0.0 Safari/537.36" "ysfine.com"
201.190.251.121 - - [11/Oct/2022:13:01:58 -0700] "GET /wigner/wigsharp2.jpg HTTP/1.1" 200 34860 "https://ysfine.com/maga/boltzmann.html" "Mozilla/5.0 (Windows NT 10.0; Win64; x64) AppleWebKit/537.36 (KHTML, like Gecko) Chrome/105.0.0.0 Safari/537.36" "ysfine.com"
201.190.251.121 - - [11/Oct/2022:13:01:58 -0700] "GET /einstein/bohradius11b.jpg HTTP/1.1" 200 39999 "https://ysfine.com/maga/boltzmann.html" "Mozilla/5.0 (Windows NT 10.0; Win64; x64) AppleWebKit/537.36 (KHTML, like Gecko) Chrome/105.0.0.0 Safari/537.36" "ysfine.com"
201.190.251.121 - - [11/Oct/2022:13:01:58 -0700] "GET /maga/boltz/restof11.jpg HTTP/1.1" 200 39679 "https://ysfine.com/maga/boltzmann.html" "Mozilla/5.0 (Windows NT 10.0; Win64; x64) AppleWebKit/537.36 (KHTML, like Gecko) Chrome/105.0.0.0 Safari/537.36" "ysfine.com"
201.190.251.121 - - [11/Oct/2022:13:01:58 -0700] "GET /maga/boltz/gauss11a.jpg HTTP/1.1" 200 22192 "https://ysfine.com/maga/boltzmann.html" "Mozilla/5.0 (Windows NT 10.0; Win64; x64) AppleWebKit/537.36 (KHTML, like Gecko) Chrome/105.0.0.0 Safari/537.36" "ysfine.com"
201.190.251.121 - - [11/Oct/2022:13:01:58 -0700] "GET /eink/pwk19c.jpg HTTP/1.1" 200 57759 "https://ysfine.com/maga/boltzmann.html" "Mozilla/5.0 (Windows NT 10.0; Win64; x64) AppleWebKit/537.36 (KHTML, like Gecko) Chrome/105.0.0.0 Safari/537.36" "ysfine.com"
201.190.251.121 - - [11/Oct/2022:13:01:58 -0700] "GET /maga/boltz/boost11.jpg HTTP/1.1" 200 34116 "https://ysfine.com/maga/boltzmann.html" "Mozilla/5.0 (Windows NT 10.0; Win64; x64) AppleWebKit/537.36 (KHTML, like Gecko) Chrome/105.0.0.0 Safari/537.36" "ysfine.com"
201.190.251.121 - - [11/Oct/2022:13:01:58 -0700] "GET /maga/boltz/qboil66a.jpg HTTP/1.1" 200 64414 "https://ysfine.com/maga/boltzmann.html" "Mozilla/5.0 (Windows NT 10.0; Win64; x64) AppleWebKit/537.36 (KHTML, like Gecko) Chrome/105.0.0.0 Safari/537.36" "ysfine.com"
201.190.251.121 - - [11/Oct/2022:13:01:58 -0700] "GET /kobak/taylor33c.jpg HTTP/1.1" 200 39951 "https://ysfine.com/maga/boltzmann.html" "Mozilla/5.0 (Windows NT 10.0; Win64; x64) AppleWebKit/537.36 (KHTML, like Gecko) Chrome/105.0.0.0 Safari/537.36" "ysfine.com"
201.190.251.121 - - [11/Oct/2022:13:01:58 -0700] "GET /maga/boltz/entro22b.jpg HTTP/1.1" 200 581794 "https://ysfine.com/maga/boltzmann.html" "Mozilla/5.0 (Windows NT 10.0; Win64; x64) AppleWebKit/537.36 (KHTML, like Gecko) Chrome/105.0.0.0 Safari/537.36" "ysfine.com"
201.190.251.121 - - [11/Oct/2022:13:01:58 -0700] "GET /maga/boltz/restof22a.jpg HTTP/1.1" 200 41645 "https://ysfine.com/maga/boltzmann.html" "Mozilla/5.0 (Windows NT 10.0; Win64; x64) AppleWebKit/537.36 (KHTML, like Gecko) Chrome/105.0.0.0 Safari/537.36" "ysfine.com"
201.190.251.121 - - [11/Oct/2022:13:01:58 -0700] "GET /maga/boltz/gauss22a.jpg HTTP/1.1" 200 33642 "https://ysfine.com/maga/boltzmann.html" "Mozilla/5.0 (Windows NT 10.0; Win64; x64) AppleWebKit/537.36 (KHTML, like Gecko) Chrome/105.0.0.0 Safari/537.36" "ysfine.com"
64.124.8.34 - - [11/Oct/2022:13:02:28 -0700] "GET /einstein/einstorie.html HTTP/1.1" 200 2505 "-" "Mozilla/5.0 (X11; Linux x86_64) AppleWebKit/537.36 (KHTML, like Gecko) Chrome/61.0.3163.79 Safari/537.36" "ysfine.com"
114.119.128.14 - - [11/Oct/2022:13:02:40 -0700] "GET /class54/class5470/total_data/sub_518.htm HTTP/1.1" 200 3212 "https://ysfine.com/class54/class5470/total_data/sub_503.htm" "Mozilla/5.0 (Linux; Android 7.0;) AppleWebKit/537.36 (KHTML, like Gecko) Mobile Safari/537.36 (compatible; PetalBot;+https://webmaster.petalsearch.com/site/petalbot)" "ysfine.com"
157.55.39.55 - - [11/Oct/2022:13:02:52 -0700] "GET /wdc/whxmas/whxmas05.jpg HTTP/1.1" 200 40309 "-" "Mozilla/5.0 (compatible; bingbot/2.0; +http://www.bing.com/bingbot.htm)" "www.ysfine.com"
64.124.8.34 - - [11/Oct/2022:13:03:09 -0700] "GET /robots.txt HTTP/1.1" 404 88 "-" "Mozilla/5.0 (X11; Linux x86_64) AppleWebKit/537.36 (KHTML, like Gecko) Chrome/61.0.3163.79 Safari/537.36" "ysfine.com"
157.55.39.58 - - [11/Oct/2022:13:03:23 -0700] "GET /style/musee/berlinmus01.jpg HTTP/1.1" 200 166514 "-" "Mozilla/5.0 (compatible; bingbot/2.0; +http://www.bing.com/bingbot.htm)" "ysfine.com"
77.75.79.95 - - [11/Oct/2022:13:03:37 -0700] "GET /robots.txt HTTP/1.1" 404 88 "-" "Mozilla/5.0 (compatible; SeznamBot/3.2; +http://napoveda.seznam.cz/en/seznambot-intro/)" "ysfine.com"
77.75.79.95 - - [11/Oct/2022:13:03:41 -0700] "GET /style/musee/britmu21.jpg HTTP/1.1" 200 50288 "-" "Mozilla/5.0 (compatible; SeznamBot/3.2; +http://napoveda.seznam.cz/en/seznambot-intro/)" "ysfine.com"
77.75.79.95 - - [11/Oct/2022:13:03:50 -0700] "GET /world/baltic/kalin15.jpg HTTP/1.1" 304 - "-" "Mozilla/5.0 (compatible; SeznamBot/3.2; +http://napoveda.seznam.cz/en/seznambot-intro/)" "ysfine.com"
77.75.79.95 - - [11/Oct/2022:13:03:51 -0700] "GET /style/musee/britmu05.jpg HTTP/1.1" 200 87828 "-" "Mozilla/5.0 (compatible; SeznamBot/3.2; +http://napoveda.seznam.cz/en/seznambot-intro/)" "ysfine.com"
157.55.39.127 - - [11/Oct/2022:13:03:52 -0700] "GET /world/russ/kazan005.jpg HTTP/1.1" 200 99334 "-" "Mozilla/5.0 (compatible; bingbot/2.0; +http://www.bing.com/bingbot.htm)" "www.ysfine.com"
77.75.79.95 - - [11/Oct/2022:13:03:53 -0700] "GET /world/russ/minsk026.jpg HTTP/1.1" 200 123094 "-" "Mozilla/5.0 (compatible; SeznamBot/3.2; +http://napoveda.seznam.cz/en/seznambot-intro/)" "ysfine.com"
157.55.39.58 - - [11/Oct/2022:13:03:55 -0700] "GET /world/hungary/buda014.jpg HTTP/1.1" 200 91720 "-" "Mozilla/5.0 AppleWebKit/537.36 (KHTML, like Gecko; compatible; bingbot/2.0; +http://www.bing.com/bingbot.htm) Chrome/103.0.5060.134 Safari/537.36" "www.ysfine.com"
77.75.79.95 - - [11/Oct/2022:13:03:56 -0700] "GET /awards/top100.jpg HTTP/1.1" 200 384358 "-" "Mozilla/5.0 (compatible; SeznamBot/3.2; +http://napoveda.seznam.cz/en/seznambot-intro/)" "ysfine.com"
114.119.128.142 - - [11/Oct/2022:13:04:53 -0700] "GET /friends/amkor/canstu05b.jpg HTTP/1.1" 404 88 "https://www.ysfine.com/friends/uscan.html" "Mozilla/5.0 (Linux; Android 7.0;) AppleWebKit/537.36 (KHTML, like Gecko) Mobile Safari/537.36 (compatible; PetalBot;+https://webmaster.petalsearch.com/site/petalbot)" "www.ysfine.com"
76.103.192.58 - - [11/Oct/2022:13:05:00 -0700] "GET /wigner/neum/pvn07.jpg HTTP/1.1" 200 101823 "https://www.google.com/" "Mozilla/5.0 (Macintosh; Intel Mac OS X 10_15_7) AppleWebKit/537.36 (KHTML, like Gecko) Chrome/106.0.0.0 Safari/537.36" "ysfine.com"
76.103.192.58 - - [11/Oct/2022:13:05:01 -0700] "GET /wigner/neum/vnc02.jpg HTTP/1.1" 200 122957 "https://www.google.com/" "Mozilla/5.0 (Macintosh; Intel Mac OS X 10_15_7) AppleWebKit/537.36 (KHTML, like Gecko) Chrome/106.0.0.0 Safari/537.36" "ysfine.com"
76.103.192.58 - - [11/Oct/2022:13:05:01 -0700] "GET /wigner/neum/pvn05.jpg HTTP/1.1" 200 219501 "https://www.google.com/" "Mozilla/5.0 (Macintosh; Intel Mac OS X 10_15_7) AppleWebKit/537.36 (KHTML, like Gecko) Chrome/106.0.0.0 Safari/537.36" "ysfine.com"
76.103.192.58 - - [11/Oct/2022:13:05:18 -0700] "GET /wigner/neum/fuld.jpg HTTP/1.1" 200 172715 "https://www.google.com/" "Mozilla/5.0 (Macintosh; Intel Mac OS X 10_15_7) AppleWebKit/537.36 (KHTML, like Gecko) Chrome/106.0.0.0 Safari/537.36" "ysfine.com"
157.55.39.55 - - [11/Oct/2022:13:06:23 -0700] "GET /world/baltic/kalin05.jpg HTTP/1.1" 200 94382 "-" "Mozilla/5.0 (compatible; bingbot/2.0; +http://www.bing.com/bingbot.htm)" "www.ysfine.com"
157.55.39.58 - - [11/Oct/2022:13:06:24 -0700] "GET /style/musee/britmu22.jpg HTTP/1.1" 200 121340 "-" "Mozilla/5.0 (compatible; bingbot/2.0; +http://www.bing.com/bingbot.htm)" "ysfine.com"
207.46.13.102 - - [11/Oct/2022:13:06:30 -0700] "GET /world/baltic/lithuf01b.jpg HTTP/1.1" 200 41898 "-" "Mozilla/5.0 (compatible; bingbot/2.0; +http://www.bing.com/bingbot.htm)" "www.ysfine.com"
114.119.128.142 - - [11/Oct/2022:13:07:14 -0700] "GET /wdc/umd.html HTTP/1.1" 200 3139 "http://www.ysfine.com/wdc/wasdc.html" "Mozilla/5.0 (Linux; Android 7.0;) AppleWebKit/537.36 (KHTML, like Gecko) Mobile Safari/537.36 (compatible; PetalBot;+https://webmaster.petalsearch.com/site/petalbot)" "www.ysfine.com"
51.75.241.40 - - [11/Oct/2022:13:07:34 -0700] "GET /feynman/fagenda.html HTTP/1.1" 200 2089 "-" "INETDEX-BOT/1.5 (Mozilla/5.0; https://inetdex.com/bot.html; info at inetdex dot com)" "ysfine.com"
64.124.8.34 - - [11/Oct/2022:13:07:51 -0700] "GET /maga/hosc.html HTTP/1.1" 200 1463 "-" "Mozilla/5.0 (X11; Linux x86_64) AppleWebKit/537.36 (KHTML, like Gecko) Chrome/61.0.3163.79 Safari/537.36" "ysfine.com"
157.55.39.127 - - [11/Oct/2022:13:09:22 -0700] "GET /maga/phil/further08b.jpg HTTP/1.1" 200 58023 "-" "Mozilla/5.0 (compatible; bingbot/2.0; +http://www.bing.com/bingbot.htm)" "ysfine.com"
114.119.128.14 - - [11/Oct/2022:13:09:29 -0700] "GET /beau/amkor/konurse.html HTTP/1.1" 404 88 "https://www.ysfine.com/class54/emailed05.html" "Mozilla/5.0 (Linux; Android 7.0;) AppleWebKit/537.36 (KHTML, like Gecko) Mobile Safari/537.36 (compatible; PetalBot;+https://webmaster.petalsearch.com/site/petalbot)" "www.ysfine.com"
157.55.39.127 - - [11/Oct/2022:13:09:51 -0700] "GET /sbk/2006nice11.jpg HTTP/1.1" 200 238304 "-" "Mozilla/5.0 (compatible; bingbot/2.0; +http://www.bing.com/bingbot.htm)" "ysfine.com"
157.55.39.128 - - [11/Oct/2022:13:10:59 -0700] "GET /wdc/sakura09.jpg HTTP/1.1" 200 63786 "-" "Mozilla/5.0 AppleWebKit/537.36 (KHTML, like Gecko; compatible; bingbot/2.0; +http://www.bing.com/bingbot.htm) Chrome/103.0.5060.134 Safari/537.36" "ysfine.com"
207.46.13.102 - - [11/Oct/2022:13:11:20 -0700] "GET /world/ital/flor023b.jpg HTTP/1.1" 200 44340 "-" "Mozilla/5.0 (compatible; bingbot/2.0; +http://www.bing.com/bingbot.htm)" "ysfine.com"
116.71.164.159 - - [11/Oct/2022:13:11:39 -0700] "GET /dirac/dirpoems.html HTTP/1.1" 200 5773 "https://www.google.com/" "Mozilla/5.0 (Windows NT 10.0; Win64; x64) AppleWebKit/537.36 (KHTML, like Gecko) Chrome/105.0.0.0 Safari/537.36" "ysfine.com"
116.71.164.159 - - [11/Oct/2022:13:11:40 -0700] "GET /dirac/coupo06b.jpg HTTP/1.1" 200 36282 "https://ysfine.com/dirac/dirpoems.html" "Mozilla/5.0 (Windows NT 10.0; Win64; x64) AppleWebKit/537.36 (KHTML, like Gecko) Chrome/105.0.0.0 Safari/537.36" "ysfine.com"
116.71.164.159 - - [11/Oct/2022:13:11:40 -0700] "GET /dirac/2osc22b.jpg HTTP/1.1" 200 47666 "https://ysfine.com/dirac/dirpoems.html" "Mozilla/5.0 (Windows NT 10.0; Win64; x64) AppleWebKit/537.36 (KHTML, like Gecko) Chrome/105.0.0.0 Safari/537.36" "ysfine.com"
116.71.164.159 - - [11/Oct/2022:13:11:40 -0700] "GET /dirac/coupo05b.jpg HTTP/1.1" 200 28928 "https://ysfine.com/dirac/dirpoems.html" "Mozilla/5.0 (Windows NT 10.0; Win64; x64) AppleWebKit/537.36 (KHTML, like Gecko) Chrome/105.0.0.0 Safari/537.36" "ysfine.com"
116.71.164.159 - - [11/Oct/2022:13:11:40 -0700] "GET /einstein/einbohr33b.jpg HTTP/1.1" 200 42636 "https://ysfine.com/dirac/dirpoems.html" "Mozilla/5.0 (Windows NT 10.0; Win64; x64) AppleWebKit/537.36 (KHTML, like Gecko) Chrome/105.0.0.0 Safari/537.36" "ysfine.com"
116.71.164.159 - - [11/Oct/2022:13:11:40 -0700] "GET /dirac/dirmatrix22b.jpg HTTP/1.1" 200 49475 "https://ysfine.com/dirac/dirpoems.html" "Mozilla/5.0 (Windows NT 10.0; Win64; x64) AppleWebKit/537.36 (KHTML, like Gecko) Chrome/105.0.0.0 Safari/537.36" "ysfine.com"
116.71.164.159 - - [11/Oct/2022:13:11:40 -0700] "GET /dirac/michelan01b.jpg HTTP/1.1" 200 50306 "https://ysfine.com/dirac/dirpoems.html" "Mozilla/5.0 (Windows NT 10.0; Win64; x64) AppleWebKit/537.36 (KHTML, like Gecko) Chrome/105.0.0.0 Safari/537.36" "ysfine.com"
116.71.164.159 - - [11/Oct/2022:13:11:40 -0700] "GET /eink/eink61c.jpg HTTP/1.1" 200 34119 "https://ysfine.com/dirac/dirpoems.html" "Mozilla/5.0 (Windows NT 10.0; Win64; x64) AppleWebKit/537.36 (KHTML, like Gecko) Chrome/105.0.0.0 Safari/537.36" "ysfine.com"
116.71.164.159 - - [11/Oct/2022:13:11:40 -0700] "GET /feynman/silvana11b.jpg HTTP/1.1" 200 52681 "https://ysfine.com/dirac/dirpoems.html" "Mozilla/5.0 (Windows NT 10.0; Win64; x64) AppleWebKit/537.36 (KHTML, like Gecko) Chrome/105.0.0.0 Safari/537.36" "ysfine.com"
116.71.164.159 - - [11/Oct/2022:13:11:40 -0700] "GET /feynman/jacdrum11b.jpg HTTP/1.1" 200 49846 "https://ysfine.com/dirac/dirpoems.html" "Mozilla/5.0 (Windows NT 10.0; Win64; x64) AppleWebKit/537.36 (KHTML, like Gecko) Chrome/105.0.0.0 Safari/537.36" "ysfine.com"
116.71.164.159 - - [11/Oct/2022:13:11:40 -0700] "GET /feynman/feybongo77b.jpg HTTP/1.1" 200 29724 "https://ysfine.com/dirac/dirpoems.html" "Mozilla/5.0 (Windows NT 10.0; Win64; x64) AppleWebKit/537.36 (KHTML, like Gecko) Chrome/105.0.0.0 Safari/537.36" "ysfine.com"
116.71.164.159 - - [11/Oct/2022:13:11:40 -0700] "GET /style/rieu01b.jpg HTTP/1.1" 200 44969 "https://ysfine.com/dirac/dirpoems.html" "Mozilla/5.0 (Windows NT 10.0; Win64; x64) AppleWebKit/537.36 (KHTML, like Gecko) Chrome/105.0.0.0 Safari/537.36" "ysfine.com"
116.71.164.159 - - [11/Oct/2022:13:11:40 -0700] "GET /style/rieu02b.jpg HTTP/1.1" 200 52217 "https://ysfine.com/dirac/dirpoems.html" "Mozilla/5.0 (Windows NT 10.0; Win64; x64) AppleWebKit/537.36 (KHTML, like Gecko) Chrome/105.0.0.0 Safari/537.36" "ysfine.com"
114.119.128.14 - - [11/Oct/2022:13:11:45 -0700] "GET /maga/mellon.html HTTP/1.1" 200 2949 "https://www.ysfine.com/style/artlove.html" "Mozilla/5.0 (Linux; Android 7.0;) AppleWebKit/537.36 (KHTML, like Gecko) Mobile Safari/537.36 (compatible; PetalBot;+https://webmaster.petalsearch.com/site/petalbot)" "www.ysfine.com"
116.71.164.159 - - [11/Oct/2022:13:11:46 -0700] "GET /favicon.ico HTTP/1.1" 404 88 "https://ysfine.com/dirac/dirpoems.html" "Mozilla/5.0 (Windows NT 10.0; Win64; x64) AppleWebKit/537.36 (KHTML, like Gecko) Chrome/105.0.0.0 Safari/537.36" "ysfine.com"
40.77.167.27 - - [11/Oct/2022:13:12:19 -0700] "GET /newyork/radioci08c.jpg HTTP/1.1" 200 36077 "-" "Mozilla/5.0 (compatible; bingbot/2.0; +http://www.bing.com/bingbot.htm)" "ysfine.com"
157.55.39.58 - - [11/Oct/2022:13:12:45 -0700] "GET /world/scandi/vaxdoll33.jpg HTTP/1.1" 200 119176 "-" "Mozilla/5.0 AppleWebKit/537.36 (KHTML, like Gecko; compatible; bingbot/2.0; +http://www.bing.com/bingbot.htm) Chrome/103.0.5060.134 Safari/537.36" "ysfine.com"
81.17.57.144 - - [11/Oct/2022:13:13:23 -0700] "GET /robots.txt HTTP/1.1" 404 73 "-" "Mozilla/5.0 (compatible; MJ12bot/v1.4.8; http://mj12bot.com/)" "ysfine.com"
81.17.57.144 - - [11/Oct/2022:13:13:27 -0700] "GET / HTTP/1.1" 200 5283 "-" "Mozilla/5.0 (compatible; MJ12bot/v1.4.8; http://mj12bot.com/)" "ysfine.com"
114.119.128.162 - - [11/Oct/2022:13:14:09 -0700] "GET /remote/wigner111/frame49.html HTTP/1.1" 200 371 "https://ysfine.com/remote/wigner111/frame50.html" "Mozilla/5.0 (Linux; Android 7.0;) AppleWebKit/537.36 (KHTML, like Gecko) Mobile Safari/537.36 (compatible; PetalBot;+https://webmaster.petalsearch.com/site/petalbot)" "ysfine.com"
185.184.157.95 - - [11/Oct/2022:13:14:23 -0700] "GET /eink/buybook.html HTTP/1.1" 200 1781 "-" "Mozilla/5.0 (compatible; linkdexbot/2.0; +http://www.linkdex.com/bots/)" "ysfine.com"
185.184.157.95 - - [11/Oct/2022:13:14:25 -0700] "GET /robots.txt HTTP/1.1" 404 88 "-" "Mozilla/5.0 (compatible; linkdexbot/2.0; +http://www.linkdex.com/bots/)" "ysfine.com"
185.184.157.95 - - [11/Oct/2022:13:14:25 -0700] "GET /robots.txt HTTP/1.1" 404 88 "-" "Mozilla/5.0 (compatible; linkdexbot/2.0; +http://www.linkdex.com/bots/)" "www.ysfine.com"
185.184.157.95 - - [11/Oct/2022:13:14:47 -0700] "GET /eink/buythisbook.html HTTP/1.1" 200 1792 "-" "Mozilla/5.0 (compatible; linkdexbot/2.0; +http://www.linkdex.com/bots/)" "www.ysfine.com"
116.71.164.159 - - [11/Oct/2022:13:14:51 -0700] "GET /kobak/soraech.html HTTP/1.1" 200 16670 "https://ysfine.com/dirac/dirpoems.html" "Mozilla/5.0 (Windows NT 10.0; Win64; x64) AppleWebKit/537.36 (KHTML, like Gecko) Chrome/105.0.0.0 Safari/537.36" "ysfine.com"
116.71.164.159 - - [11/Oct/2022:13:14:52 -0700] "GET /kobak/sorae/church103b.jpg HTTP/1.1" 200 41194 "https://ysfine.com/kobak/soraech.html" "Mozilla/5.0 (Windows NT 10.0; Win64; x64) AppleWebKit/537.36 (KHTML, like Gecko) Chrome/105.0.0.0 Safari/537.36" "ysfine.com"
116.71.164.159 - - [11/Oct/2022:13:14:52 -0700] "GET /kobak/sorae/alexvic11b.jpg HTTP/1.1" 200 47312 "https://ysfine.com/kobak/soraech.html" "Mozilla/5.0 (Windows NT 10.0; Win64; x64) AppleWebKit/537.36 (KHTML, like Gecko) Chrome/105.0.0.0 Safari/537.36" "ysfine.com"
116.71.164.159 - - [11/Oct/2022:13:14:52 -0700] "GET /kobak/sorae/church102b.jpg HTTP/1.1" 200 39343 "https://ysfine.com/kobak/soraech.html" "Mozilla/5.0 (Windows NT 10.0; Win64; x64) AppleWebKit/537.36 (KHTML, like Gecko) Chrome/105.0.0.0 Safari/537.36" "ysfine.com"
116.71.164.159 - - [11/Oct/2022:13:14:53 -0700] "GET /kobak/underw08b.jpg HTTP/1.1" 200 48993 "https://ysfine.com/kobak/soraech.html" "Mozilla/5.0 (Windows NT 10.0; Win64; x64) AppleWebKit/537.36 (KHTML, like Gecko) Chrome/105.0.0.0 Safari/537.36" "ysfine.com"
116.71.164.159 - - [11/Oct/2022:13:14:54 -0700] "GET /kobak/underw21b.jpg HTTP/1.1" 200 45991 "https://ysfine.com/kobak/soraech.html" "Mozilla/5.0 (Windows NT 10.0; Win64; x64) AppleWebKit/537.36 (KHTML, like Gecko) Chrome/105.0.0.0 Safari/537.36" "ysfine.com"
116.71.164.159 - - [11/Oct/2022:13:14:55 -0700] "GET /kobak/sorae/church03b.jpg HTTP/1.1" 200 50665 "https://ysfine.com/kobak/soraech.html" "Mozilla/5.0 (Windows NT 10.0; Win64; x64) AppleWebKit/537.36 (KHTML, like Gecko) Chrome/105.0.0.0 Safari/537.36" "ysfine.com"
116.71.164.159 - - [11/Oct/2022:13:14:55 -0700] "GET /kobak/sorae/church05b.jpg HTTP/1.1" 200 66213 "https://ysfine.com/kobak/soraech.html" "Mozilla/5.0 (Windows NT 10.0; Win64; x64) AppleWebKit/537.36 (KHTML, like Gecko) Chrome/105.0.0.0 Safari/537.36" "ysfine.com"
116.71.164.159 - - [11/Oct/2022:13:14:56 -0700] "GET /kobak/sorae/church07b.jpg HTTP/1.1" 200 55556 "https://ysfine.com/kobak/soraech.html" "Mozilla/5.0 (Windows NT 10.0; Win64; x64) AppleWebKit/537.36 (KHTML, like Gecko) Chrome/105.0.0.0 Safari/537.36" "ysfine.com"
116.71.164.159 - - [11/Oct/2022:13:14:57 -0700] "GET /kobak/sorae/church06b.jpg HTTP/1.1" 200 49022 "https://ysfine.com/kobak/soraech.html" "Mozilla/5.0 (Windows NT 10.0; Win64; x64) AppleWebKit/537.36 (KHTML, like Gecko) Chrome/105.0.0.0 Safari/537.36" "ysfine.com"
116.71.164.159 - - [11/Oct/2022:13:14:57 -0700] "GET /kobak/sorae/church02b.jpg HTTP/1.1" 200 40321 "https://ysfine.com/kobak/soraech.html" "Mozilla/5.0 (Windows NT 10.0; Win64; x64) AppleWebKit/537.36 (KHTML, like Gecko) Chrome/105.0.0.0 Safari/537.36" "ysfine.com"
116.71.164.159 - - [11/Oct/2022:13:14:58 -0700] "GET /kobak/sorae/grandpa11b.jpg HTTP/1.1" 200 20714 "https://ysfine.com/kobak/soraech.html" "Mozilla/5.0 (Windows NT 10.0; Win64; x64) AppleWebKit/537.36 (KHTML, like Gecko) Chrome/105.0.0.0 Safari/537.36" "ysfine.com"
116.71.164.159 - - [11/Oct/2022:13:14:58 -0700] "GET /world/russ/roskei90b.jpg HTTP/1.1" 200 50111 "https://ysfine.com/kobak/soraech.html" "Mozilla/5.0 (Windows NT 10.0; Win64; x64) AppleWebKit/537.36 (KHTML, like Gecko) Chrome/105.0.0.0 Safari/537.36" "ysfine.com"
116.71.164.159 - - [11/Oct/2022:13:14:58 -0700] "GET /kowar/tanks/b29b.jpg HTTP/1.1" 200 33471 "https://ysfine.com/kobak/soraech.html" "Mozilla/5.0 (Windows NT 10.0; Win64; x64) AppleWebKit/537.36 (KHTML, like Gecko) Chrome/105.0.0.0 Safari/537.36" "ysfine.com"
116.71.164.159 - - [11/Oct/2022:13:14:58 -0700] "GET /kobak/sorae/church12b.jpg HTTP/1.1" 200 56689 "https://ysfine.com/kobak/soraech.html" "Mozilla/5.0 (Windows NT 10.0; Win64; x64) AppleWebKit/537.36 (KHTML, like Gecko) Chrome/105.0.0.0 Safari/537.36" "ysfine.com"
116.71.164.159 - - [11/Oct/2022:13:14:58 -0700] "GET /kowar/tanks/sherman44b.jpg HTTP/1.1" 200 34454 "https://ysfine.com/kobak/soraech.html" "Mozilla/5.0 (Windows NT 10.0; Win64; x64) AppleWebKit/537.36 (KHTML, like Gecko) Chrome/105.0.0.0 Safari/537.36" "ysfine.com"
116.71.164.159 - - [11/Oct/2022:13:14:58 -0700] "GET /kobak/underw09b.jpg HTTP/1.1" 200 60928 "https://ysfine.com/kobak/soraech.html" "Mozilla/5.0 (Windows NT 10.0; Win64; x64) AppleWebKit/537.36 (KHTML, like Gecko) Chrome/105.0.0.0 Safari/537.36" "ysfine.com"
116.71.164.159 - - [11/Oct/2022:13:14:58 -0700] "GET /kobak/underw03b.jpg HTTP/1.1" 200 37749 "https://ysfine.com/kobak/soraech.html" "Mozilla/5.0 (Windows NT 10.0; Win64; x64) AppleWebKit/537.36 (KHTML, like Gecko) Chrome/105.0.0.0 Safari/537.36" "ysfine.com"
116.71.164.159 - - [11/Oct/2022:13:14:59 -0700] "GET /kobak/underw25b.jpg HTTP/1.1" 200 36194 "https://ysfine.com/kobak/soraech.html" "Mozilla/5.0 (Windows NT 10.0; Win64; x64) AppleWebKit/537.36 (KHTML, like Gecko) Chrome/105.0.0.0 Safari/537.36" "ysfine.com"
116.71.164.159 - - [11/Oct/2022:13:14:59 -0700] "GET /kobak/sorae01b.jpg HTTP/1.1" 200 31668 "https://ysfine.com/kobak/soraech.html" "Mozilla/5.0 (Windows NT 10.0; Win64; x64) AppleWebKit/537.36 (KHTML, like Gecko) Chrome/105.0.0.0 Safari/537.36" "ysfine.com"
116.71.164.159 - - [11/Oct/2022:13:14:59 -0700] "GET /kobak/mskim01b.jpg HTTP/1.1" 200 51469 "https://ysfine.com/kobak/soraech.html" "Mozilla/5.0 (Windows NT 10.0; Win64; x64) AppleWebKit/537.36 (KHTML, like Gecko) Chrome/105.0.0.0 Safari/537.36" "ysfine.com"
116.71.164.159 - - [11/Oct/2022:13:14:59 -0700] "GET /kobak/mskim03b.jpg HTTP/1.1" 200 44430 "https://ysfine.com/kobak/soraech.html" "Mozilla/5.0 (Windows NT 10.0; Win64; x64) AppleWebKit/537.36 (KHTML, like Gecko) Chrome/105.0.0.0 Safari/537.36" "ysfine.com"
116.71.164.159 - - [11/Oct/2022:13:14:59 -0700] "GET /kobak/rhee12b.jpg HTTP/1.1" 200 49113 "https://ysfine.com/kobak/soraech.html" "Mozilla/5.0 (Windows NT 10.0; Win64; x64) AppleWebKit/537.36 (KHTML, like Gecko) Chrome/105.0.0.0 Safari/537.36" "ysfine.com"
116.71.164.159 - - [11/Oct/2022:13:15:00 -0700] "GET /kobak/sohnwi01b.jpg HTTP/1.1" 200 35047 "https://ysfine.com/kobak/soraech.html" "Mozilla/5.0 (Windows NT 10.0; Win64; x64) AppleWebKit/537.36 (KHTML, like Gecko) Chrome/105.0.0.0 Safari/537.36" "ysfine.com"
116.71.164.159 - - [11/Oct/2022:13:15:00 -0700] "GET /kowar/kimis53b.jpg HTTP/1.1" 200 44376 "https://ysfine.com/kobak/soraech.html" "Mozilla/5.0 (Windows NT 10.0; Win64; x64) AppleWebKit/537.36 (KHTML, like Gecko) Chrome/105.0.0.0 Safari/537.36" "ysfine.com"
116.71.164.159 - - [11/Oct/2022:13:15:00 -0700] "GET /kobak/underw06b.jpg HTTP/1.1" 200 51332 "https://ysfine.com/kobak/soraech.html" "Mozilla/5.0 (Windows NT 10.0; Win64; x64) AppleWebKit/537.36 (KHTML, like Gecko) Chrome/105.0.0.0 Safari/537.36" "ysfine.com"
116.71.164.159 - - [11/Oct/2022:13:15:00 -0700] "GET /kobak/sorae/kumipo01b.jpg HTTP/1.1" 200 30861 "https://ysfine.com/kobak/soraech.html" "Mozilla/5.0 (Windows NT 10.0; Win64; x64) AppleWebKit/537.36 (KHTML, like Gecko) Chrome/105.0.0.0 Safari/537.36" "ysfine.com"
116.71.164.159 - - [11/Oct/2022:13:15:01 -0700] "GET /kobak/nll01b.jpg HTTP/1.1" 200 30471 "https://ysfine.com/kobak/soraech.html" "Mozilla/5.0 (Windows NT 10.0; Win64; x64) AppleWebKit/537.36 (KHTML, like Gecko) Chrome/105.0.0.0 Safari/537.36" "ysfine.com"
116.71.164.159 - - [11/Oct/2022:13:15:01 -0700] "GET /kobak/underw12b.jpg HTTP/1.1" 200 42070 "https://ysfine.com/kobak/soraech.html" "Mozilla/5.0 (Windows NT 10.0; Win64; x64) AppleWebKit/537.36 (KHTML, like Gecko) Chrome/105.0.0.0 Safari/537.36" "ysfine.com"
116.71.164.159 - - [11/Oct/2022:13:15:01 -0700] "GET /kobak/somap38b.jpg HTTP/1.1" 200 54149 "https://ysfine.com/kobak/soraech.html" "Mozilla/5.0 (Windows NT 10.0; Win64; x64) AppleWebKit/537.36 (KHTML, like Gecko) Chrome/105.0.0.0 Safari/537.36" "ysfine.com"
116.71.164.159 - - [11/Oct/2022:13:15:01 -0700] "GET /kobak/gojong01b.jpg HTTP/1.1" 200 43980 "https://ysfine.com/kobak/soraech.html" "Mozilla/5.0 (Windows NT 10.0; Win64; x64) AppleWebKit/537.36 (KHTML, like Gecko) Chrome/105.0.0.0 Safari/537.36" "ysfine.com"
116.71.164.159 - - [11/Oct/2022:13:15:01 -0700] "GET /kobak/underw22b.jpg HTTP/1.1" 200 68866 "https://ysfine.com/kobak/soraech.html" "Mozilla/5.0 (Windows NT 10.0; Win64; x64) AppleWebKit/537.36 (KHTML, like Gecko) Chrome/105.0.0.0 Safari/537.36" "ysfine.com"
116.71.164.159 - - [11/Oct/2022:13:15:01 -0700] "GET /kobak/underw01b.jpg HTTP/1.1" 200 36835 "https://ysfine.com/kobak/soraech.html" "Mozilla/5.0 (Windows NT 10.0; Win64; x64) AppleWebKit/537.36 (KHTML, like Gecko) Chrome/105.0.0.0 Safari/537.36" "ysfine.com"
116.71.164.159 - - [11/Oct/2022:13:15:02 -0700] "GET /kobak/underw26b.jpg HTTP/1.1" 200 56057 "https://ysfine.com/kobak/soraech.html" "Mozilla/5.0 (Windows NT 10.0; Win64; x64) AppleWebKit/537.36 (KHTML, like Gecko) Chrome/105.0.0.0 Safari/537.36" "ysfine.com"
116.71.164.159 - - [11/Oct/2022:13:15:02 -0700] "GET /kobak/sorae/church09b.jpg HTTP/1.1" 200 63003 "https://ysfine.com/kobak/soraech.html" "Mozilla/5.0 (Windows NT 10.0; Win64; x64) AppleWebKit/537.36 (KHTML, like Gecko) Chrome/105.0.0.0 Safari/537.36" "ysfine.com"
116.71.164.159 - - [11/Oct/2022:13:15:02 -0700] "GET /kobak/sorae/church105b.jpg HTTP/1.1" 200 36895 "https://ysfine.com/kobak/soraech.html" "Mozilla/5.0 (Windows NT 10.0; Win64; x64) AppleWebKit/537.36 (KHTML, like Gecko) Chrome/105.0.0.0 Safari/537.36" "ysfine.com"
40.77.167.27 - - [11/Oct/2022:13:15:29 -0700] "GET /sbk/2001mexnavy11.jpg HTTP/1.1" 200 176111 "-" "Mozilla/5.0 AppleWebKit/537.36 (KHTML, like Gecko; compatible; bingbot/2.0; +http://www.bing.com/bingbot.htm) Chrome/103.0.5060.134 Safari/537.36" "ysfine.com"
185.184.157.95 - - [11/Oct/2022:13:15:35 -0700] "GET /eink/buythisbook.html HTTP/1.1" 200 1792 "-" "Mozilla/5.0 (compatible; linkdexbot/2.0; +http://www.linkdex.com/bots/)" "ysfine.com"
185.184.157.95 - - [11/Oct/2022:13:15:35 -0700] "GET /robots.txt HTTP/1.1" 404 88 "-" "Mozilla/5.0 (compatible; linkdexbot/2.0; +http://www.linkdex.com/bots/)" "ysfine.com"
185.184.157.95 - - [11/Oct/2022:13:15:35 -0700] "GET /robots.txt HTTP/1.1" 404 88 "-" "Mozilla/5.0 (compatible; linkdexbot/2.0; +http://www.linkdex.com/bots/)" "www.ysfine.com"
116.71.164.159 - - [11/Oct/2022:13:15:42 -0700] "GET /einstein/einbohr.html HTTP/1.1" 200 6142 "https://ysfine.com/dirac/dirpoems.html" "Mozilla/5.0 (Windows NT 10.0; Win64; x64) AppleWebKit/537.36 (KHTML, like Gecko) Chrome/105.0.0.0 Safari/537.36" "ysfine.com"
116.71.164.159 - - [11/Oct/2022:13:15:43 -0700] "GET /world/scandi/nbi02b.jpg HTTP/1.1" 200 39350 "https://ysfine.com/einstein/einbohr.html" "Mozilla/5.0 (Windows NT 10.0; Win64; x64) AppleWebKit/537.36 (KHTML, like Gecko) Chrome/105.0.0.0 Safari/537.36" "ysfine.com"
116.71.164.159 - - [11/Oct/2022:13:15:43 -0700] "GET /world/scandi/nbi06b.jpg HTTP/1.1" 200 45656 "https://ysfine.com/einstein/einbohr.html" "Mozilla/5.0 (Windows NT 10.0; Win64; x64) AppleWebKit/537.36 (KHTML, like Gecko) Chrome/105.0.0.0 Safari/537.36" "ysfine.com"
116.71.164.159 - - [11/Oct/2022:13:15:43 -0700] "GET /world/scandi/nbi09b.jpg HTTP/1.1" 200 57684 "https://ysfine.com/einstein/einbohr.html" "Mozilla/5.0 (Windows NT 10.0; Win64; x64) AppleWebKit/537.36 (KHTML, like Gecko) Chrome/105.0.0.0 Safari/537.36" "ysfine.com"
116.71.164.159 - - [11/Oct/2022:13:15:43 -0700] "GET /einstein/bohradius11b.jpg HTTP/1.1" 200 39999 "https://ysfine.com/einstein/einbohr.html" "Mozilla/5.0 (Windows NT 10.0; Win64; x64) AppleWebKit/537.36 (KHTML, like Gecko) Chrome/105.0.0.0 Safari/537.36" "ysfine.com"
116.71.164.159 - - [11/Oct/2022:13:15:43 -0700] "GET /einstein/jsbell01b.jpg HTTP/1.1" 200 33090 "https://ysfine.com/einstein/einbohr.html" "Mozilla/5.0 (Windows NT 10.0; Win64; x64) AppleWebKit/537.36 (KHTML, like Gecko) Chrome/105.0.0.0 Safari/537.36" "ysfine.com"
116.71.164.159 - - [11/Oct/2022:13:15:44 -0700] "GET /dirac/diracqm33b.jpg HTTP/1.1" 200 44237 "https://ysfine.com/einstein/einbohr.html" "Mozilla/5.0 (Windows NT 10.0; Win64; x64) AppleWebKit/537.36 (KHTML, like Gecko) Chrome/105.0.0.0 Safari/537.36" "ysfine.com"
116.71.164.159 - - [11/Oct/2022:13:15:44 -0700] "GET /feynman/feydirac270.jpg HTTP/1.1" 200 59000 "https://ysfine.com/einstein/einbohr.html" "Mozilla/5.0 (Windows NT 10.0; Win64; x64) AppleWebKit/537.36 (KHTML, like Gecko) Chrome/105.0.0.0 Safari/537.36" "ysfine.com"
116.71.164.159 - - [11/Oct/2022:13:15:44 -0700] "GET /dirac/sq73b.jpg HTTP/1.1" 200 49918 "https://ysfine.com/einstein/einbohr.html" "Mozilla/5.0 (Windows NT 10.0; Win64; x64) AppleWebKit/537.36 (KHTML, like Gecko) Chrome/105.0.0.0 Safari/537.36" "ysfine.com"
116.71.164.159 - - [11/Oct/2022:13:15:45 -0700] "GET /einstein/evol22b.jpg HTTP/1.1" 200 29614 "https://ysfine.com/einstein/einbohr.html" "Mozilla/5.0 (Windows NT 10.0; Win64; x64) AppleWebKit/537.36 (KHTML, like Gecko) Chrome/105.0.0.0 Safari/537.36" "ysfine.com"
116.71.164.159 - - [11/Oct/2022:13:15:45 -0700] "GET /feynman/feygell66b.jpg HTTP/1.1" 200 28843 "https://ysfine.com/einstein/einbohr.html" "Mozilla/5.0 (Windows NT 10.0; Win64; x64) AppleWebKit/537.36 (KHTML, like Gecko) Chrome/105.0.0.0 Safari/537.36" "ysfine.com"
116.71.164.159 - - [11/Oct/2022:13:15:45 -0700] "GET /dirac/sq66b.jpg HTTP/1.1" 200 22242 "https://ysfine.com/einstein/einbohr.html" "Mozilla/5.0 (Windows NT 10.0; Win64; x64) AppleWebKit/537.36 (KHTML, like Gecko) Chrome/105.0.0.0 Safari/537.36" "ysfine.com"
116.71.164.159 - - [11/Oct/2022:13:15:45 -0700] "GET /maga/phys/bohr05b.jpg HTTP/1.1" 200 33923 "https://ysfine.com/einstein/einbohr.html" "Mozilla/5.0 (Windows NT 10.0; Win64; x64) AppleWebKit/537.36 (KHTML, like Gecko) Chrome/105.0.0.0 Safari/537.36" "ysfine.com"
116.71.164.159 - - [11/Oct/2022:13:15:45 -0700] "GET /world/scandi/copenf03b.jpg HTTP/1.1" 200 48862 "https://ysfine.com/einstein/einbohr.html" "Mozilla/5.0 (Windows NT 10.0; Win64; x64) AppleWebKit/537.36 (KHTML, like Gecko) Chrome/105.0.0.0 Safari/537.36" "ysfine.com"
116.71.164.159 - - [11/Oct/2022:13:15:45 -0700] "GET /world/scandi/nbi33b.jpg HTTP/1.1" 200 39400 "https://ysfine.com/einstein/einbohr.html" "Mozilla/5.0 (Windows NT 10.0; Win64; x64) AppleWebKit/537.36 (KHTML, like Gecko) Chrome/105.0.0.0 Safari/537.36" "ysfine.com"
116.71.164.159 - - [11/Oct/2022:13:15:46 -0700] "GET /ffriends/danstu22b.jpg HTTP/1.1" 200 51863 "https://ysfine.com/einstein/einbohr.html" "Mozilla/5.0 (Windows NT 10.0; Win64; x64) AppleWebKit/537.36 (KHTML, like Gecko) Chrome/105.0.0.0 Safari/537.36" "ysfine.com"
66.249.66.94 - - [11/Oct/2022:13:15:56 -0700] "GET /style/hamako11b.jpg HTTP/1.1" 304 - "-" "Googlebot-Image/1.0" "ysfine.com"
114.119.128.158 - - [11/Oct/2022:13:16:22 -0700] "GET /eink HTTP/1.1" 301 1406 "https://www.semanticjuice.com/gravity-is-electromagnetic/ysfine.com" "Mozilla/5.0 (Linux; Android 7.0;) AppleWebKit/537.36 (KHTML, like Gecko) Mobile Safari/537.36 (compatible; PetalBot;+https://webmaster.petalsearch.com/site/petalbot)" "ysfine.com"
114.119.128.158 - - [11/Oct/2022:13:16:23 -0700] "GET /eink/ HTTP/1.1" 200 17659 "https://www.semanticjuice.com/gravity-is-electromagnetic/ysfine.com" "Mozilla/5.0 (Linux; Android 7.0;) AppleWebKit/537.36 (KHTML, like Gecko) Mobile Safari/537.36 (compatible; PetalBot;+https://webmaster.petalsearch.com/site/petalbot)" "ysfine.com"
157.55.39.128 - - [11/Oct/2022:13:16:29 -0700] "GET /sbk/2009jac11.jpg HTTP/1.1" 200 106686 "-" "Mozilla/5.0 (compatible; bingbot/2.0; +http://www.bing.com/bingbot.htm)" "ysfine.com"
157.55.39.55 - - [11/Oct/2022:13:17:04 -0700] "GET /bio/style/ystyle.html HTTP/1.1" 404 88 "-" "Mozilla/5.0 AppleWebKit/537.36 (KHTML, like Gecko; compatible; bingbot/2.0; +http://www.bing.com/bingbot.htm) Chrome/103.0.5060.134 Safari/537.36" "ysfine.com"
100.19.105.205 - - [11/Oct/2022:13:17:05 -0700] "GET /style/cameras/contax.html HTTP/1.1" 200 3773 "-" "Mozilla/5.0 (Macintosh; Intel Mac OS X 10_15_7) AppleWebKit/537.36 (KHTML, like Gecko) Chrome/105.0.0.0 Safari/537.36" "ysfine.com"
207.46.13.102 - - [11/Oct/2022:13:17:32 -0700] "GET /maga/invent/edison22b.jpg HTTP/1.1" 200 23585 "-" "Mozilla/5.0 AppleWebKit/537.36 (KHTML, like Gecko; compatible; bingbot/2.0; +http://www.bing.com/bingbot.htm) Chrome/103.0.5060.134 Safari/537.36" "www.ysfine.com"
64.124.8.34 - - [11/Oct/2022:13:18:04 -0700] "GET /world/polandw.html HTTP/1.1" 200 17892 "-" "Mozilla/5.0 (X11; Linux x86_64) AppleWebKit/537.36 (KHTML, like Gecko) Chrome/61.0.3163.79 Safari/537.36" "ysfine.com"
185.184.157.95 - - [11/Oct/2022:13:18:11 -0700] "GET / HTTP/1.1" 200 5283 "-" "Mozilla/5.0 (compatible; linkdexbot/2.0; +http://www.linkdex.com/bots/)" "ysfine.com"
157.55.39.127 - - [11/Oct/2022:13:18:32 -0700] "GET /world/ital/veronasis01.jpg HTTP/1.1" 200 125798 "-" "Mozilla/5.0 (compatible; bingbot/2.0; +http://www.bing.com/bingbot.htm)" "ysfine.com"
157.55.39.128 - - [11/Oct/2022:13:18:40 -0700] "GET /bio/kobak/soraech.html HTTP/1.1" 404 88 "-" "Mozilla/5.0 (compatible; bingbot/2.0; +http://www.bing.com/bingbot.htm)" "ysfine.com"
207.46.13.102 - - [11/Oct/2022:13:18:41 -0700] "GET /einstein/math/sp2c.jpg HTTP/1.1" 200 29719 "-" "Mozilla/5.0 (compatible; bingbot/2.0; +http://www.bing.com/bingbot.htm)" "www.ysfine.com"
207.46.13.102 - - [11/Oct/2022:13:18:42 -0700] "GET /world/france/metz53.jpg HTTP/1.1" 200 115985 "-" "Mozilla/5.0 (compatible; bingbot/2.0; +http://www.bing.com/bingbot.htm)" "www.ysfine.com"
157.55.39.127 - - [11/Oct/2022:13:18:44 -0700] "GET /newyork/wtc14.jpg HTTP/1.1" 200 91909 "-" "Mozilla/5.0 (compatible; bingbot/2.0; +http://www.bing.com/bingbot.htm)" "ysfine.com"
207.46.13.102 - - [11/Oct/2022:13:18:51 -0700] "GET /wdc/waskor021.jpg HTTP/1.1" 200 97358 "-" "Mozilla/5.0 (compatible; bingbot/2.0; +http://www.bing.com/bingbot.htm)" "ysfine.com"
3.85.117.33 - - [11/Oct/2022:13:18:54 -0700] "GET /sitemap.xml HTTP/1.1" 304 - "https://www.google.com/" "Mozilla/5.0 (Windows NT 10.0; Win64; x64) AppleWebKit/537.36 (KHTML, like Gecko) Chrome/80.0.3987.149 Safari/537.36" "ysfine.com"
157.55.39.58 - - [11/Oct/2022:13:18:56 -0700] "GET /saram/d001.jpg HTTP/1.1" 200 94170 "-" "Mozilla/5.0 (compatible; bingbot/2.0; +http://www.bing.com/bingbot.htm)" "www.ysfine.com"
116.71.164.159 - - [11/Oct/2022:13:18:58 -0700] "GET /dirac/dirackim62.html HTTP/1.1" 200 2970 "https://ysfine.com/dirac/dirpoems.html" "Mozilla/5.0 (Windows NT 10.0; Win64; x64) AppleWebKit/537.36 (KHTML, like Gecko) Chrome/105.0.0.0 Safari/537.36" "ysfine.com"
116.71.164.159 - - [11/Oct/2022:13:18:58 -0700] "GET /kobak/nicodem11b.jpg HTTP/1.1" 200 79065 "https://ysfine.com/dirac/dirackim62.html" "Mozilla/5.0 (Windows NT 10.0; Win64; x64) AppleWebKit/537.36 (KHTML, like Gecko) Chrome/105.0.0.0 Safari/537.36" "ysfine.com"
116.71.164.159 - - [11/Oct/2022:13:18:58 -0700] "GET /feynman/feydirak11b.jpg HTTP/1.1" 200 38821 "https://ysfine.com/dirac/dirackim62.html" "Mozilla/5.0 (Windows NT 10.0; Win64; x64) AppleWebKit/537.36 (KHTML, like Gecko) Chrome/105.0.0.0 Safari/537.36" "ysfine.com"
116.71.164.159 - - [11/Oct/2022:13:18:58 -0700] "GET /dirac/dirk6201.jpg HTTP/1.1" 200 51283 "https://ysfine.com/dirac/dirackim62.html" "Mozilla/5.0 (Windows NT 10.0; Win64; x64) AppleWebKit/537.36 (KHTML, like Gecko) Chrome/105.0.0.0 Safari/537.36" "ysfine.com"
116.71.164.159 - - [11/Oct/2022:13:18:58 -0700] "GET /dirac/hyperell2.jpg HTTP/1.1" 200 29858 "https://ysfine.com/dirac/dirackim62.html" "Mozilla/5.0 (Windows NT 10.0; Win64; x64) AppleWebKit/537.36 (KHTML, like Gecko) Chrome/105.0.0.0 Safari/537.36" "ysfine.com"
116.71.164.159 - - [11/Oct/2022:13:18:58 -0700] "GET /dirac/dirackn33b.jpg HTTP/1.1" 200 48200 "https://ysfine.com/dirac/dirackim62.html" "Mozilla/5.0 (Windows NT 10.0; Win64; x64) AppleWebKit/537.36 (KHTML, like Gecko) Chrome/105.0.0.0 Safari/537.36" "ysfine.com"
116.71.164.159 - - [11/Oct/2022:13:18:58 -0700] "GET /dirac/dirk6202.jpg HTTP/1.1" 200 62459 "https://ysfine.com/dirac/dirackim62.html" "Mozilla/5.0 (Windows NT 10.0; Win64; x64) AppleWebKit/537.36 (KHTML, like Gecko) Chrome/105.0.0.0 Safari/537.36" "ysfine.com"
64.124.8.34 - - [11/Oct/2022:13:19:06 -0700] "GET /confer/conbot.html HTTP/1.1" 200 124 "-" "Mozilla/5.0 (X11; Linux x86_64) AppleWebKit/537.36 (KHTML, like Gecko) Chrome/61.0.3163.79 Safari/537.36" "ysfine.com"
176.88.60.102 - - [11/Oct/2022:13:19:25 -0700] "GET /maga/phil/tao07.jpg HTTP/1.1" 200 63473 "-" "Python/3.8 aiohttp/3.8.1" "ysfine.com"
176.88.60.102 - - [11/Oct/2022:13:19:25 -0700] "GET /maga/phil/tao07.jpg HTTP/1.1" 200 63473 "-" "Python/3.8 aiohttp/3.8.1" "ysfine.com"
40.77.167.27 - - [11/Oct/2022:13:19:50 -0700] "GET /world/ital/venice27.jpg HTTP/1.1" 200 228541 "-" "Mozilla/5.0 (compatible; bingbot/2.0; +http://www.bing.com/bingbot.htm)" "ysfine.com"
157.55.39.55 - - [11/Oct/2022:13:20:24 -0700] "GET /world/russ/kazan062b.jpg HTTP/1.1" 200 21196 "-" "Mozilla/5.0 (compatible; bingbot/2.0; +http://www.bing.com/bingbot.htm)" "ysfine.com"
64.124.8.34 - - [11/Oct/2022:13:20:30 -0700] "GET /style/music.html HTTP/1.1" 200 137 "-" "Mozilla/5.0 (X11; Linux x86_64) AppleWebKit/537.36 (KHTML, like Gecko) Chrome/61.0.3163.79 Safari/537.36" "ysfine.com"
40.77.167.27 - - [11/Oct/2022:13:20:42 -0700] "GET /bio/dirac/twobroth.html HTTP/1.1" 404 88 "-" "Mozilla/5.0 (compatible; bingbot/2.0; +http://www.bing.com/bingbot.htm)" "ysfine.com"
64.124.8.34 - - [11/Oct/2022:13:20:48 -0700] "GET /dongio/moso.html HTTP/1.1" 404 88 "-" "Mozilla/5.0 (X11; Linux x86_64) AppleWebKit/537.36 (KHTML, like Gecko) Chrome/61.0.3163.79 Safari/537.36" "ysfine.com"
114.119.128.14 - - [11/Oct/2022:13:20:58 -0700] "GET /kobak/underw12.jpg HTTP/1.1" 200 105170 "https://ysfine.com/kobak/soraech.html" "Mozilla/5.0 (Linux; Android 7.0;) AppleWebKit/537.36 (KHTML, like Gecko) Mobile Safari/537.36 (compatible; PetalBot;+https://webmaster.petalsearch.com/site/petalbot)" "ysfine.com"
116.71.164.159 - - [11/Oct/2022:13:22:16 -0700] "GET /einstein/index.html HTTP/1.1" 200 135 "https://ysfine.com/dirac/dirackim62.html" "Mozilla/5.0 (Windows NT 10.0; Win64; x64) AppleWebKit/537.36 (KHTML, like Gecko) Chrome/105.0.0.0 Safari/537.36" "ysfine.com"
116.71.164.159 - - [11/Oct/2022:13:22:16 -0700] "GET /einstein/eintop.html HTTP/1.1" 200 431 "https://ysfine.com/einstein/index.html" "Mozilla/5.0 (Windows NT 10.0; Win64; x64) AppleWebKit/537.36 (KHTML, like Gecko) Chrome/105.0.0.0 Safari/537.36" "ysfine.com"
116.71.164.159 - - [11/Oct/2022:13:22:16 -0700] "GET /einstein/einbot.html HTTP/1.1" 200 126 "https://ysfine.com/einstein/index.html" "Mozilla/5.0 (Windows NT 10.0; Win64; x64) AppleWebKit/537.36 (KHTML, like Gecko) Chrome/105.0.0.0 Safari/537.36" "ysfine.com"
116.71.164.159 - - [11/Oct/2022:13:22:17 -0700] "GET /einstein/einleft.html HTTP/1.1" 200 735 "https://ysfine.com/einstein/einbot.html" "Mozilla/5.0 (Windows NT 10.0; Win64; x64) AppleWebKit/537.36 (KHTML, like Gecko) Chrome/105.0.0.0 Safari/537.36" "ysfine.com"
116.71.164.159 - - [11/Oct/2022:13:22:17 -0700] "GET /einstein/einkim.html HTTP/1.1" 200 3731 "https://ysfine.com/einstein/einbot.html" "Mozilla/5.0 (Windows NT 10.0; Win64; x64) AppleWebKit/537.36 (KHTML, like Gecko) Chrome/105.0.0.0 Safari/537.36" "ysfine.com"
116.71.164.159 - - [11/Oct/2022:13:22:17 -0700] "GET /einstein/eins47c.jpg HTTP/1.1" 200 43054 "https://ysfine.com/einstein/einkim.html" "Mozilla/5.0 (Windows NT 10.0; Win64; x64) AppleWebKit/537.36 (KHTML, like Gecko) Chrome/105.0.0.0 Safari/537.36" "ysfine.com"
116.71.164.159 - - [11/Oct/2022:13:22:17 -0700] "GET /einstein/orren11c.jpg HTTP/1.1" 200 21314 "https://ysfine.com/einstein/einkim.html" "Mozilla/5.0 (Windows NT 10.0; Win64; x64) AppleWebKit/537.36 (KHTML, like Gecko) Chrome/105.0.0.0 Safari/537.36" "ysfine.com"
116.71.164.159 - - [11/Oct/2022:13:22:17 -0700] "GET /einstein/ysturner11c.jpg HTTP/1.1" 200 39604 "https://ysfine.com/einstein/einkim.html" "Mozilla/5.0 (Windows NT 10.0; Win64; x64) AppleWebKit/537.36 (KHTML, like Gecko) Chrome/105.0.0.0 Safari/537.36" "ysfine.com"
116.71.164.159 - - [11/Oct/2022:13:22:17 -0700] "GET /einstein/einbohr33c.jpg HTTP/1.1" 200 36410 "https://ysfine.com/einstein/einkim.html" "Mozilla/5.0 (Windows NT 10.0; Win64; x64) AppleWebKit/537.36 (KHTML, like Gecko) Chrome/105.0.0.0 Safari/537.36" "ysfine.com"
116.71.164.159 - - [11/Oct/2022:13:22:17 -0700] "GET /eink/eink54a.jpg HTTP/1.1" 200 79717 "https://ysfine.com/einstein/einkim.html" "Mozilla/5.0 (Windows NT 10.0; Win64; x64) AppleWebKit/537.36 (KHTML, like Gecko) Chrome/105.0.0.0 Safari/537.36" "ysfine.com"
116.71.164.159 - - [11/Oct/2022:13:22:17 -0700] "GET /home/dwf55a.jpg HTTP/1.1" 200 54743 "https://ysfine.com/einstein/einkim.html" "Mozilla/5.0 (Windows NT 10.0; Win64; x64) AppleWebKit/537.36 (KHTML, like Gecko) Chrome/105.0.0.0 Safari/537.36" "ysfine.com"
116.71.164.159 - - [11/Oct/2022:13:22:17 -0700] "GET /einstein/pdugard17a.jpg HTTP/1.1" 200 92931 "https://ysfine.com/einstein/einkim.html" "Mozilla/5.0 (Windows NT 10.0; Win64; x64) AppleWebKit/537.36 (KHTML, like Gecko) Chrome/105.0.0.0 Safari/537.36" "ysfine.com"
116.71.164.159 - - [11/Oct/2022:13:22:17 -0700] "GET /einstein/keigel77a.jpg HTTP/1.1" 200 59466 "https://ysfine.com/einstein/einkim.html" "Mozilla/5.0 (Windows NT 10.0; Win64; x64) AppleWebKit/537.36 (KHTML, like Gecko) Chrome/105.0.0.0 Safari/537.36" "ysfine.com"
116.71.164.159 - - [11/Oct/2022:13:22:21 -0700] "GET /home/resonance33c.jpg HTTP/1.1" 200 36247 "https://ysfine.com/einstein/einkim.html" "Mozilla/5.0 (Windows NT 10.0; Win64; x64) AppleWebKit/537.36 (KHTML, like Gecko) Chrome/105.0.0.0 Safari/537.36" "ysfine.com"
116.71.164.159 - - [11/Oct/2022:13:22:21 -0700] "GET /einstein/eward33d.jpg HTTP/1.1" 200 61786 "https://ysfine.com/einstein/einkim.html" "Mozilla/5.0 (Windows NT 10.0; Win64; x64) AppleWebKit/537.36 (KHTML, like Gecko) Chrome/105.0.0.0 Safari/537.36" "ysfine.com"
207.46.13.102 - - [11/Oct/2022:13:22:22 -0700] "GET /wdc/willard88.jpg HTTP/1.1" 200 88961 "-" "Mozilla/5.0 (compatible; bingbot/2.0; +http://www.bing.com/bingbot.htm)" "www.ysfine.com"
157.55.39.128 - - [11/Oct/2022:13:22:40 -0700] "GET /saram/g013.jpg HTTP/1.1" 200 77413 "-" "Mozilla/5.0 (compatible; bingbot/2.0; +http://www.bing.com/bingbot.htm)" "www.ysfine.com"
157.55.39.128 - - [11/Oct/2022:13:22:41 -0700] "GET /world/balkan/turkmodo02b.jpg HTTP/1.1" 200 42906 "-" "Mozilla/5.0 (compatible; bingbot/2.0; +http://www.bing.com/bingbot.htm)" "ysfine.com"
207.46.13.102 - - [11/Oct/2022:13:22:51 -0700] "GET /dongio/amkor/koparis01c.jpg HTTP/1.1" 404 88 "-" "Mozilla/5.0 (compatible; bingbot/2.0; +http://www.bing.com/bingbot.htm)" "ysfine.com"
157.55.39.58 - - [11/Oct/2022:13:23:06 -0700] "GET /world/france/frmodo01.jpg HTTP/1.1" 200 100221 "-" "Mozilla/5.0 (compatible; bingbot/2.0; +http://www.bing.com/bingbot.htm)" "ysfine.com"
114.119.128.162 - - [11/Oct/2022:13:23:19 -0700] "GET /class54/class5470/total_data/photo_img/3-29.jpg HTTP/1.1" 200 84202 "https://ysfine.com/class54/class5470/total_data/sub_329.htm" "Mozilla/5.0 (Linux; Android 7.0;) AppleWebKit/537.36 (KHTML, like Gecko) Mobile Safari/537.36 (compatible; PetalBot;+https://webmaster.petalsearch.com/site/petalbot)" "ysfine.com"
207.46.13.102 - - [11/Oct/2022:13:23:33 -0700] "GET /maga/phys/wentzel11.jpg HTTP/1.1" 200 64757 "-" "Mozilla/5.0 AppleWebKit/537.36 (KHTML, like Gecko; compatible; bingbot/2.0; +http://www.bing.com/bingbot.htm) Chrome/103.0.5060.134 Safari/537.36" "ysfine.com"
209.141.51.222 - - [11/Oct/2022:13:23:46 -0700] "GET / HTTP/1.1" 200 5283 "http://www.ysfine.com" "Mozilla/5.0 (Macintosh; Intel Mac OS X 10_15_7) AppleWebKit/537.36 (KHTML, like Gecko) Chrome/96.0.4664.110 Safari/537.36" "www.ysfine.com"
209.141.51.222 - - [11/Oct/2022:13:23:48 -0700] "GET /favicon.ico HTTP/1.1" 404 88 "http://www.ysfine.com/favicon.ico" "Mozilla/5.0 (Macintosh; Intel Mac OS X 10_15_7) AppleWebKit/537.36 (KHTML, like Gecko) Chrome/96.0.4664.110 Safari/537.36" "www.ysfine.com"
5.102.173.71 - - [11/Oct/2022:13:23:49 -0700] "GET /robots.txt HTTP/1.1" 404 88 "-" "Mozilla/5.0 (compatible; MojeekBot/0.11; +https://www.mojeek.com/bot.html)" "ysfine.com"
5.102.173.71 - - [11/Oct/2022:13:23:49 -0700] "GET /wigner/evangel.html HTTP/1.1" 200 4831 "-" "Mozilla/5.0 (compatible; MojeekBot/0.11; +https://www.mojeek.com/bot.html)" "ysfine.com"
173.73.80.118 - - [11/Oct/2022:13:25:44 -0700] "GET /ysbio/eink/index.html HTTP/1.1" 200 17688 "-" "Mozilla/5.0 (Linux; Android 5.1.1; KFSUWI) AppleWebKit/537.36 (KHTML, like Gecko) Silk/104.2.16 like Chrome/104.0.5112.114 Safari/537.36" "ysfine.com"
173.73.80.118 - - [11/Oct/2022:13:25:45 -0700] "GET /ysbio/einstein/einglaub01c.jpg HTTP/1.1" 200 36935 "https://ysfine.com/ysbio/eink/index.html" "Mozilla/5.0 (Linux; Android 5.1.1; KFSUWI) AppleWebKit/537.36 (KHTML, like Gecko) Silk/104.2.16 like Chrome/104.0.5112.114 Safari/537.36" "ysfine.com"
173.73.80.118 - - [11/Oct/2022:13:25:45 -0700] "GET /ysbio/eink/einhouse11c.jpg HTTP/1.1" 200 32610 "https://ysfine.com/ysbio/eink/index.html" "Mozilla/5.0 (Linux; Android 5.1.1; KFSUWI) AppleWebKit/537.36 (KHTML, like Gecko) Silk/104.2.16 like Chrome/104.0.5112.114 Safari/537.36" "ysfine.com"
173.73.80.118 - - [11/Oct/2022:13:25:45 -0700] "GET /ysbio/eink/weber88c.jpg HTTP/1.1" 200 24641 "https://ysfine.com/ysbio/eink/index.html" "Mozilla/5.0 (Linux; Android 5.1.1; KFSUWI) AppleWebKit/537.36 (KHTML, like Gecko) Silk/104.2.16 like Chrome/104.0.5112.114 Safari/537.36" "ysfine.com"
173.73.80.118 - - [11/Oct/2022:13:25:45 -0700] "GET /ysbio/einstein/eindc33c.jpg HTTP/1.1" 200 60609 "https://ysfine.com/ysbio/eink/index.html" "Mozilla/5.0 (Linux; Android 5.1.1; KFSUWI) AppleWebKit/537.36 (KHTML, like Gecko) Silk/104.2.16 like Chrome/104.0.5112.114 Safari/537.36" "ysfine.com"
173.73.80.118 - - [11/Oct/2022:13:25:45 -0700] "GET /ysbio/eink/lorentz21c.jpg HTTP/1.1" 200 36448 "https://ysfine.com/ysbio/eink/index.html" "Mozilla/5.0 (Linux; Android 5.1.1; KFSUWI) AppleWebKit/537.36 (KHTML, like Gecko) Silk/104.2.16 like Chrome/104.0.5112.114 Safari/537.36" "ysfine.com"
173.73.80.118 - - [11/Oct/2022:13:25:45 -0700] "GET /ysbio/eink/iop21c.jpg HTTP/1.1" 200 31991 "https://ysfine.com/ysbio/eink/index.html" "Mozilla/5.0 (Linux; Android 5.1.1; KFSUWI) AppleWebKit/537.36 (KHTML, like Gecko) Silk/104.2.16 like Chrome/104.0.5112.114 Safari/537.36" "ysfine.com"
173.73.80.118 - - [11/Oct/2022:13:25:45 -0700] "GET /ysbio/eink/einsaru22f.jpg HTTP/1.1" 200 76202 "https://ysfine.com/ysbio/eink/index.html" "Mozilla/5.0 (Linux; Android 5.1.1; KFSUWI) AppleWebKit/537.36 (KHTML, like Gecko) Silk/104.2.16 like Chrome/104.0.5112.114 Safari/537.36" "ysfine.com"
173.73.80.118 - - [11/Oct/2022:13:25:45 -0700] "GET /ysbio/eink/abomb66c.jpg HTTP/1.1" 200 22350 "https://ysfine.com/ysbio/eink/index.html" "Mozilla/5.0 (Linux; Android 5.1.1; KFSUWI) AppleWebKit/537.36 (KHTML, like Gecko) Silk/104.2.16 like Chrome/104.0.5112.114 Safari/537.36" "ysfine.com"
173.73.80.118 - - [11/Oct/2022:13:25:45 -0700] "GET /ysbio/eink/ecitizen40c.jpg HTTP/1.1" 200 29979 "https://ysfine.com/ysbio/eink/index.html" "Mozilla/5.0 (Linux; Android 5.1.1; KFSUWI) AppleWebKit/537.36 (KHTML, like Gecko) Silk/104.2.16 like Chrome/104.0.5112.114 Safari/537.36" "ysfine.com"
173.73.80.118 - - [11/Oct/2022:13:25:45 -0700] "GET /ysbio/eink/einhaus11c.jpg HTTP/1.1" 200 42522 "https://ysfine.com/ysbio/eink/index.html" "Mozilla/5.0 (Linux; Android 5.1.1; KFSUWI) AppleWebKit/537.36 (KHTML, like Gecko) Silk/104.2.16 like Chrome/104.0.5112.114 Safari/537.36" "ysfine.com"
173.73.80.118 - - [11/Oct/2022:13:25:45 -0700] "GET /ysbio/eink/einbern66c.jpg HTTP/1.1" 200 51134 "https://ysfine.com/ysbio/eink/index.html" "Mozilla/5.0 (Linux; Android 5.1.1; KFSUWI) AppleWebKit/537.36 (KHTML, like Gecko) Silk/104.2.16 like Chrome/104.0.5112.114 Safari/537.36" "ysfine.com"
