80.1.105.130 - - [11/Oct/2022:03:34:37 -0700] "GET /favicon.ico HTTP/1.1" 404 88 "-" "Mozilla/5.0 (Macintosh; Intel Mac OS X 10_11_1) AppleWebKit/601.2.4 (KHTML, like Gecko) Version/9.0.1 Safari/601.2.4 facebookexternalhit/1.1 Facebot Twitterbot/1.0" "ysfine.com"
80.1.105.130 - - [11/Oct/2022:03:34:37 -0700] "GET /apple-touch-icon-precomposed.png HTTP/1.1" 404 88 "-" "Mozilla/5.0 (Macintosh; Intel Mac OS X 10_11_1) AppleWebKit/601.2.4 (KHTML, like Gecko) Version/9.0.1 Safari/601.2.4 facebookexternalhit/1.1 Facebot Twitterbot/1.0" "ysfine.com"
80.1.105.130 - - [11/Oct/2022:03:34:37 -0700] "GET /apple-touch-icon.png HTTP/1.1" 404 88 "-" "Mozilla/5.0 (Macintosh; Intel Mac OS X 10_11_1) AppleWebKit/601.2.4 (KHTML, like Gecko) Version/9.0.1 Safari/601.2.4 facebookexternalhit/1.1 Facebot Twitterbot/1.0" "ysfine.com"
80.1.105.130 - - [11/Oct/2022:03:34:37 -0700] "GET /apple-touch-icon.png HTTP/1.1" 404 88 "-" "Mozilla/5.0 (Macintosh; Intel Mac OS X 10_11_1) AppleWebKit/601.2.4 (KHTML, like Gecko) Version/9.0.1 Safari/601.2.4 facebookexternalhit/1.1 Facebot Twitterbot/1.0" "ysfine.com"
80.1.105.130 - - [11/Oct/2022:03:34:37 -0700] "GET /wigner/wiglittle.pdf HTTP/1.1" 200 2659296 "-" "Mozilla/5.0 (Macintosh; Intel Mac OS X 10_11_1) AppleWebKit/601.2.4 (KHTML, like Gecko) Version/9.0.1 Safari/601.2.4 facebookexternalhit/1.1 Facebot Twitterbot/1.0" "ysfine.com"
80.1.105.130 - - [11/Oct/2022:03:34:37 -0700] "GET /wigner/wiglittle.pdf HTTP/1.1" 200 2659296 "-" "Mozilla/5.0 (Macintosh; Intel Mac OS X 10_11_1) AppleWebKit/601.2.4 (KHTML, like Gecko) Version/9.0.1 Safari/601.2.4 facebookexternalhit/1.1 Facebot Twitterbot/1.0" "ysfine.com"
157.55.39.58 - - [11/Oct/2022:03:34:49 -0700] "GET /kobak/rhee12b.jpg HTTP/1.1" 200 49113 "-" "Mozilla/5.0 (compatible; bingbot/2.0; +http://www.bing.com/bingbot.htm)" "ysfine.com"
80.1.105.130 - - [11/Oct/2022:03:35:08 -0700] "GET /favicon.ico HTTP/1.1" 404 88 "-" "Client/18490 CFNetwork/1335.0.3 Darwin/21.6.0" "ysfine.com"
146.70.111.86 - - [11/Oct/2022:03:35:30 -0700] "GET /maga/marx.html HTTP/1.1" 200 15701 "https://ysfine.com/maga/marx.html" "Mozilla/5.0 (Windows NT 6.1; ) AppleWebKit/537.36 (KHTML, like Gecko) Chrome/90.0.4430.85 Safari/537.36" "ysfine.com"
157.55.39.127 - - [11/Oct/2022:03:36:37 -0700] "GET /world/germany/berlin171.jpg HTTP/1.1" 200 163978 "-" "Mozilla/5.0 (compatible; bingbot/2.0; +http://www.bing.com/bingbot.htm)" "www.ysfine.com"
185.191.171.21 - - [11/Oct/2022:03:37:09 -0700] "GET /style/mushalls.html HTTP/1.1" 200 21398 "-" "Mozilla/5.0 (compatible; SemrushBot/7~bl; +http://www.semrush.com/bot.html)" "ysfine.com"
157.55.39.55 - - [11/Oct/2022:03:37:20 -0700] "GET /maga/phys/bohrheisen11.jpg HTTP/1.1" 200 104546 "-" "Mozilla/5.0 (compatible; bingbot/2.0; +http://www.bing.com/bingbot.htm)" "ysfine.com"
207.46.13.102 - - [11/Oct/2022:03:37:26 -0700] "GET /wdc/stud72b.jpg HTTP/1.1" 200 40710 "-" "Mozilla/5.0 (compatible; bingbot/2.0; +http://www.bing.com/bingbot.htm)" "ysfine.com"
36.99.136.131 - - [11/Oct/2022:03:38:10 -0700] "GET /world/baltic/kalin22.jpg HTTP/1.1" 200 152819 "http://rangaputhali.com/" "Mozilla/5.0 (Windows NT 10.0; Win64; x64) AppleWebKit/537.36 (KHTML, like Gecko) Chrome/72.0.3626.119 Safari/537.36" "www.ysfine.com"
157.55.39.55 - - [11/Oct/2022:03:40:29 -0700] "GET /maga/phys/rectan.jpg HTTP/1.1" 200 21089 "-" "Mozilla/5.0 (compatible; bingbot/2.0; +http://www.bing.com/bingbot.htm)" "www.ysfine.com"
157.55.39.127 - - [11/Oct/2022:03:40:47 -0700] "GET /class54/weheard628.html HTTP/1.1" 200 1613 "-" "Mozilla/5.0 (compatible; bingbot/2.0; +http://www.bing.com/bingbot.htm)" "www.ysfine.com"
119.94.234.101 - - [11/Oct/2022:03:40:49 -0700] "GET /maga/phil/sisfa12/kanthegel01.jpg HTTP/1.1" 200 77614 "https://www.google.com/" "Mozilla/5.0 (Macintosh; Intel Mac OS X 10_13_6) AppleWebKit/537.36 (KHTML, like Gecko) Chrome/105.0.0.0 Safari/537.36" "ysfine.com"
157.55.39.55 - - [11/Oct/2022:03:42:39 -0700] "GET /bio/style/ystyle.html HTTP/1.1" 404 88 "-" "Mozilla/5.0 AppleWebKit/537.36 (KHTML, like Gecko; compatible; bingbot/2.0; +http://www.bing.com/bingbot.htm) Chrome/103.0.5060.134 Safari/537.36" "ysfine.com"
207.46.13.102 - - [11/Oct/2022:03:43:06 -0700] "GET /bio/einstein/bern.html HTTP/1.1" 404 88 "-" "Mozilla/5.0 (compatible; bingbot/2.0; +http://www.bing.com/bingbot.htm)" "ysfine.com"
185.191.171.36 - - [11/Oct/2022:03:43:36 -0700] "GET /robots.txt HTTP/1.1" 404 88 "-" "Mozilla/5.0 (compatible; SemrushBot/7~bl; +http://www.semrush.com/bot.html)" "www.ysfine.com"
185.191.171.3 - - [11/Oct/2022:03:43:37 -0700] "GET /style/restau.html HTTP/1.1" 200 2149 "-" "Mozilla/5.0 (compatible; SemrushBot/7~bl; +http://www.semrush.com/bot.html)" "www.ysfine.com"
40.77.167.27 - - [11/Oct/2022:03:43:54 -0700] "GET /bio/einstein/index.html HTTP/1.1" 404 88 "-" "Mozilla/5.0 (compatible; bingbot/2.0; +http://www.bing.com/bingbot.htm)" "ysfine.com"
157.55.39.127 - - [11/Oct/2022:03:44:58 -0700] "GET /usca/pitt/cmall04.jpg HTTP/1.1" 200 70991 "-" "Mozilla/5.0 (compatible; bingbot/2.0; +http://www.bing.com/bingbot.htm)" "ysfine.com"
93.158.161.38 - - [11/Oct/2022:03:45:40 -0700] "GET /world/feynrio.html HTTP/1.1" 200 8831 "-" "Mozilla/5.0 (compatible; YandexBot/3.0; +http://yandex.com/bots)" "www.ysfine.com"
150.158.133.128 - - [11/Oct/2022:03:46:10 -0700] "GET /xmlrpc.php HTTP/1.1" 404 88 "-" "Mozilla/5.0 (Windows NT 6.1; WOW64; rv:45.0) Gecko/20100101 Firefox/45.0" "www.ysfine.com"
207.46.13.102 - - [11/Oct/2022:03:46:37 -0700] "GET /bio/kobak/namdae.html HTTP/1.1" 404 88 "-" "Mozilla/5.0 (compatible; bingbot/2.0; +http://www.bing.com/bingbot.htm)" "ysfine.com"
115.147.21.250 - - [11/Oct/2022:03:46:47 -0700] "GET /kobak/sohnwi01.jpg HTTP/1.1" 200 67716 "https://www.google.com/" "Mozilla/5.0 (Windows NT 10.0; Win64; x64) AppleWebKit/537.36 (KHTML, like Gecko) Chrome/106.0.0.0 Safari/537.36" "ysfine.com"
40.77.167.27 - - [11/Oct/2022:03:47:44 -0700] "GET /sbk/2002nyc11.jpg HTTP/1.1" 200 136126 "-" "Mozilla/5.0 (compatible; bingbot/2.0; +http://www.bing.com/bingbot.htm)" "ysfine.com"
40.77.167.27 - - [11/Oct/2022:03:48:15 -0700] "GET /world/germany/vienstdpark04.jpg HTTP/1.1" 200 161578 "-" "Mozilla/5.0 (compatible; bingbot/2.0; +http://www.bing.com/bingbot.htm)" "www.ysfine.com"
185.191.171.22 - - [11/Oct/2022:03:48:24 -0700] "GET /einstein/einkant.html HTTP/1.1" 200 1812 "-" "Mozilla/5.0 (compatible; SemrushBot/7~bl; +http://www.semrush.com/bot.html)" "ysfine.com"
66.249.66.40 - - [11/Oct/2022:03:48:58 -0700] "GET /princeton/nasshall01b.jpg HTTP/1.1" 304 - "-" "Googlebot-Image/1.0" "ysfine.com"
5.102.173.71 - - [11/Oct/2022:03:49:04 -0700] "GET /robots.txt HTTP/1.1" 404 88 "-" "Mozilla/5.0 (compatible; MojeekBot/0.11; +https://www.mojeek.com/bot.html)" "ysfine.com"
5.102.173.71 - - [11/Oct/2022:03:49:04 -0700] "GET /einstein/einabel.html HTTP/1.1" 200 5982 "-" "Mozilla/5.0 (compatible; MojeekBot/0.11; +https://www.mojeek.com/bot.html)" "ysfine.com"
157.55.39.127 - - [11/Oct/2022:03:49:06 -0700] "GET /world/ital/verona19.jpg HTTP/1.1" 200 93439 "-" "Mozilla/5.0 (compatible; bingbot/2.0; +http://www.bing.com/bingbot.htm)" "ysfine.com"
157.55.39.128 - - [11/Oct/2022:03:50:06 -0700] "GET /world/russ/kiev029.jpg HTTP/1.1" 200 75600 "-" "Mozilla/5.0 (compatible; bingbot/2.0; +http://www.bing.com/bingbot.htm)" "ysfine.com"
157.55.39.58 - - [11/Oct/2022:03:50:10 -0700] "GET /world/china/qingdao08b.jpg HTTP/1.1" 200 41547 "-" "Mozilla/5.0 (compatible; bingbot/2.0; +http://www.bing.com/bingbot.htm)" "www.ysfine.com"
123.253.51.82 - - [11/Oct/2022:03:50:27 -0700] "GET /world/germany/hegel03.jpg HTTP/1.1" 200 211480 "https://ph.images.search.yahoo.com/search/images;_ylt=Awr1UUzoSUVjI9UqOFi1Rwx.;_ylu=c2VjA3NlYXJjaARzbGsDYnV0dG9u;_ylc=X1MDMjExNDczNDAwNQRfcgMyBGZyA21jYWZlZQRmcjIDcDpzLHY6aSxtOnNiLXRvcARncHJpZANObDlzVExmNlJabTRrajZLcVprbEVBBG5fcnNsdAMwBG5fc3VnZwMxMARvcmlnaW4DcGguaW1hZ2VzLnNlYXJjaC55YWhvby5jb20EcG9zAzAEcHFzdHIDBHBxc3RybAMwBHFzdHJsAzUEcXVlcnkDaGVnZWwEdF9zdG1wAzE2NjU0ODUzOTg-?p=hegel&fr=mcafee&fr2=p%3As%2Cv%3Ai%2Cm%3Asb-top&ei=UTF-8&x=wrt&type=E211PH885G91711" "Mozilla/5.0 (Windows NT 10.0; Win64; x64) AppleWebKit/537.36 (KHTML, like Gecko) Chrome/106.0.0.0 Safari/537.36" "ysfine.com"
40.77.167.27 - - [11/Oct/2022:03:50:56 -0700] "GET /bio/wigner/index.html HTTP/1.1" 404 88 "-" "Mozilla/5.0 (compatible; bingbot/2.0; +http://www.bing.com/bingbot.htm)" "ysfine.com"
173.252.83.12 - - [11/Oct/2022:03:51:10 -0700] "GET /awards/marq/hemis21a.jpg HTTP/1.1" 200 116270 "-" "facebookexternalhit/1.1 (+http://www.facebook.com/externalhit_uatext.php)" "ysfine.com"
185.191.171.39 - - [11/Oct/2022:03:52:35 -0700] "GET /class54/weheard.html HTTP/1.1" 200 5818 "-" "Mozilla/5.0 (compatible; SemrushBot/7~bl; +http://www.semrush.com/bot.html)" "ysfine.com"
157.55.39.55 - - [11/Oct/2022:03:52:39 -0700] "GET /style/musee/ams007.jpg HTTP/1.1" 200 173921 "-" "Mozilla/5.0 (compatible; bingbot/2.0; +http://www.bing.com/bingbot.htm)" "ysfine.com"
207.46.13.102 - - [11/Oct/2022:03:52:47 -0700] "GET /newyork/colum12.jpg HTTP/1.1" 200 105871 "-" "Mozilla/5.0 AppleWebKit/537.36 (KHTML, like Gecko; compatible; bingbot/2.0; +http://www.bing.com/bingbot.htm) Chrome/103.0.5060.134 Safari/537.36" "ysfine.com"
77.88.5.173 - - [11/Oct/2022:03:52:58 -0700] "GET /home/facu450.jpg HTTP/1.1" 200 74535 "-" "Mozilla/5.0 (compatible; YandexImages/3.0; +http://yandex.com/bots)" "www.ysfine.com"
40.77.167.27 - - [11/Oct/2022:03:53:16 -0700] "GET /bio/style/strigh.html HTTP/1.1" 404 88 "-" "Mozilla/5.0 (compatible; bingbot/2.0; +http://www.bing.com/bingbot.htm)" "ysfine.com"
157.55.39.58 - - [11/Oct/2022:03:55:12 -0700] "GET /kobak/kowar.html HTTP/1.1" 304 - "-" "Mozilla/5.0 (compatible; bingbot/2.0; +http://www.bing.com/bingbot.htm)" "ysfine.com"
157.55.39.128 - - [11/Oct/2022:03:55:48 -0700] "GET /bio/world/vienna.html HTTP/1.1" 404 88 "-" "Mozilla/5.0 AppleWebKit/537.36 (KHTML, like Gecko; compatible; bingbot/2.0; +http://www.bing.com/bingbot.htm) Chrome/103.0.5060.134 Safari/537.36" "ysfine.com"
40.77.167.27 - - [11/Oct/2022:03:56:04 -0700] "GET /princeton/compu22.jpg HTTP/1.1" 200 168374 "-" "Mozilla/5.0 AppleWebKit/537.36 (KHTML, like Gecko; compatible; bingbot/2.0; +http://www.bing.com/bingbot.htm) Chrome/103.0.5060.134 Safari/537.36" "www.ysfine.com"
157.55.39.128 - - [11/Oct/2022:03:56:38 -0700] "GET /bio/einstein/photoel.html HTTP/1.1" 404 88 "-" "Mozilla/5.0 (compatible; bingbot/2.0; +http://www.bing.com/bingbot.htm)" "ysfine.com"
185.191.171.3 - - [11/Oct/2022:03:57:10 -0700] "GET /dirac/lorendir.html HTTP/1.1" 200 2426 "-" "Mozilla/5.0 (compatible; SemrushBot/7~bl; +http://www.semrush.com/bot.html)" "ysfine.com"
157.55.39.58 - - [11/Oct/2022:03:57:31 -0700] "GET /bio/kobak/yskor.html HTTP/1.1" 404 88 "-" "Mozilla/5.0 (compatible; bingbot/2.0; +http://www.bing.com/bingbot.htm)" "ysfine.com"
157.55.39.58 - - [11/Oct/2022:03:57:50 -0700] "GET /world/balkan/istan048.jpg HTTP/1.1" 200 109322 "-" "Mozilla/5.0 AppleWebKit/537.36 (KHTML, like Gecko; compatible; bingbot/2.0; +http://www.bing.com/bingbot.htm) Chrome/103.0.5060.134 Safari/537.36" "ysfine.com"
157.55.39.58 - - [11/Oct/2022:03:58:01 -0700] "GET /track-my-order HTTP/1.1" 404 88 "-" "Mozilla/5.0 (compatible; bingbot/2.0; +http://www.bing.com/bingbot.htm)" "www.ysfine.com"
131.155.137.238 - - [11/Oct/2022:03:59:14 -0700] "GET /dirac/dirheisen31b.jpg HTTP/1.1" 200 39248 "https://www.google.com/" "Mozilla/5.0 (Macintosh; Intel Mac OS X 10_13_6) AppleWebKit/605.1.15 (KHTML, like Gecko) Version/13.1.2 Safari/605.1.15" "ysfine.com"
207.46.13.102 - - [11/Oct/2022:04:00:08 -0700] "GET /world/israel/jeruf01.jpg HTTP/1.1" 200 221371 "-" "Mozilla/5.0 (compatible; bingbot/2.0; +http://www.bing.com/bingbot.htm)" "ysfine.com"
157.55.39.58 - - [11/Oct/2022:04:01:00 -0700] "GET /bio/feynman/ff5.pdf HTTP/1.1" 404 88 "-" "Mozilla/5.0 (compatible; bingbot/2.0; +http://www.bing.com/bingbot.htm)" "ysfine.com"
157.55.39.58 - - [11/Oct/2022:04:01:01 -0700] "GET /world/china/xian18b.jpg HTTP/1.1" 200 50830 "-" "Mozilla/5.0 (compatible; bingbot/2.0; +http://www.bing.com/bingbot.htm)" "ysfine.com"
157.55.39.127 - - [11/Oct/2022:04:02:29 -0700] "GET /bio/maga/sarnoff.html HTTP/1.1" 404 88 "-" "Mozilla/5.0 AppleWebKit/537.36 (KHTML, like Gecko; compatible; bingbot/2.0; +http://www.bing.com/bingbot.htm) Chrome/103.0.5060.134 Safari/537.36" "ysfine.com"
157.55.39.58 - - [11/Oct/2022:04:02:42 -0700] "GET /wdc/eindc05.jpg HTTP/1.1" 200 168467 "-" "Mozilla/5.0 (compatible; bingbot/2.0; +http://www.bing.com/bingbot.htm)" "www.ysfine.com"
40.77.167.27 - - [11/Oct/2022:04:02:45 -0700] "GET /saram/g117.jpg HTTP/1.1" 200 104759 "-" "Mozilla/5.0 (compatible; bingbot/2.0; +http://www.bing.com/bingbot.htm)" "www.ysfine.com"
157.55.39.55 - - [11/Oct/2022:04:06:12 -0700] "GET /bio/heisen/einheisen00.html HTTP/1.1" 404 88 "-" "Mozilla/5.0 (compatible; bingbot/2.0; +http://www.bing.com/bingbot.htm)" "ysfine.com"
157.55.39.128 - - [11/Oct/2022:04:06:29 -0700] "GET /bio/class54/index.html HTTP/1.1" 404 88 "-" "Mozilla/5.0 (compatible; bingbot/2.0; +http://www.bing.com/bingbot.htm)" "ysfine.com"
173.252.83.6 - - [11/Oct/2022:04:07:05 -0700] "GET /style/bstring33c.jpg HTTP/1.1" 200 28940 "-" "facebookexternalhit/1.1 (+http://www.facebook.com/externalhit_uatext.php)" "ysfine.com"
157.55.39.128 - - [11/Oct/2022:04:07:37 -0700] "GET /princeton/wilson06.jpg HTTP/1.1" 200 129836 "-" "Mozilla/5.0 (compatible; bingbot/2.0; +http://www.bing.com/bingbot.htm)" "ysfine.com"
65.108.79.209 - - [11/Oct/2022:04:07:38 -0700] "GET /einstein/einwo.html HTTP/1.1" 200 4222 "https://ysfine.com/eink/index.html" "Mozilla/5.0 (compatible; SEOkicks; +https://www.seokicks.de/robot.html)" "ysfine.com"
185.191.171.35 - - [11/Oct/2022:04:07:39 -0700] "GET /dirac/diracsq22.html HTTP/1.1" 200 7395 "-" "Mozilla/5.0 (compatible; SemrushBot/7~bl; +http://www.semrush.com/bot.html)" "ysfine.com"
65.108.79.209 - - [11/Oct/2022:04:07:40 -0700] "GET /einstein/bern.html HTTP/1.1" 200 8314 "https://ysfine.com/eink/index.html" "Mozilla/5.0 (compatible; SEOkicks; +https://www.seokicks.de/robot.html)" "ysfine.com"
65.108.79.209 - - [11/Oct/2022:04:07:41 -0700] "GET /einstein/ulm22.html HTTP/1.1" 200 6581 "https://ysfine.com/eink/index.html" "Mozilla/5.0 (compatible; SEOkicks; +https://www.seokicks.de/robot.html)" "ysfine.com"
65.108.79.209 - - [11/Oct/2022:04:07:42 -0700] "GET /einstein/einbohr.html HTTP/1.1" 200 6142 "https://ysfine.com/eink/index.html" "Mozilla/5.0 (compatible; SEOkicks; +https://www.seokicks.de/robot.html)" "ysfine.com"
65.108.79.209 - - [11/Oct/2022:04:07:44 -0700] "GET /home/100yrs.html HTTP/1.1" 200 7936 "https://ysfine.com/eink/index.html" "Mozilla/5.0 (compatible; SEOkicks; +https://www.seokicks.de/robot.html)" "ysfine.com"
65.108.79.209 - - [11/Oct/2022:04:07:45 -0700] "GET /heisen/einheisen.html HTTP/1.1" 200 5142 "https://ysfine.com/eink/index.html" "Mozilla/5.0 (compatible; SEOkicks; +https://www.seokicks.de/robot.html)" "ysfine.com"
65.108.79.209 - - [11/Oct/2022:04:07:47 -0700] "GET /wigner/evangel.html HTTP/1.1" 200 4831 "https://ysfine.com/eink/index.html" "Mozilla/5.0 (compatible; SEOkicks; +https://www.seokicks.de/robot.html)" "ysfine.com"
65.108.79.209 - - [11/Oct/2022:04:07:48 -0700] "GET /einstein/further.html HTTP/1.1" 200 4338 "https://ysfine.com/eink/index.html" "Mozilla/5.0 (compatible; SEOkicks; +https://www.seokicks.de/robot.html)" "ysfine.com"
65.108.79.209 - - [11/Oct/2022:04:07:50 -0700] "GET /dirac/dirk62.html HTTP/1.1" 200 3930 "https://ysfine.com/eink/index.html" "Mozilla/5.0 (compatible; SEOkicks; +https://www.seokicks.de/robot.html)" "ysfine.com"
65.108.79.209 - - [11/Oct/2022:04:07:51 -0700] "GET /feynman/index.html HTTP/1.1" 200 124 "https://ysfine.com/eink/index.html" "Mozilla/5.0 (compatible; SEOkicks; +https://www.seokicks.de/robot.html)" "ysfine.com"
65.108.79.209 - - [11/Oct/2022:04:07:52 -0700] "GET /feynman/feyntop.html HTTP/1.1" 200 435 "https://ysfine.com/feynman/index.html" "Mozilla/5.0 (compatible; SEOkicks; +https://www.seokicks.de/robot.html)" "ysfine.com"
157.55.39.127 - - [11/Oct/2022:04:08:28 -0700] "GET /style/musee/ath032.jpg HTTP/1.1" 200 123573 "-" "Mozilla/5.0 (compatible; bingbot/2.0; +http://www.bing.com/bingbot.htm)" "ysfine.com"
207.46.13.102 - - [11/Oct/2022:04:08:59 -0700] "GET /bio/einstein/bern.html HTTP/1.1" 404 88 "-" "Mozilla/5.0 (compatible; bingbot/2.0; +http://www.bing.com/bingbot.htm)" "ysfine.com"
157.55.39.58 - - [11/Oct/2022:04:09:04 -0700] "GET /bio/einstein/einwo.html HTTP/1.1" 404 88 "-" "Mozilla/5.0 (compatible; bingbot/2.0; +http://www.bing.com/bingbot.htm)" "ysfine.com"
157.55.39.127 - - [11/Oct/2022:04:10:20 -0700] "GET /bio/feynman/fagenda.html HTTP/1.1" 404 88 "-" "Mozilla/5.0 (compatible; bingbot/2.0; +http://www.bing.com/bingbot.htm)" "ysfine.com"
157.55.39.128 - - [11/Oct/2022:04:10:28 -0700] "GET /newyork/nyu12.jpg HTTP/1.1" 200 64133 "-" "Mozilla/5.0 (compatible; bingbot/2.0; +http://www.bing.com/bingbot.htm)" "ysfine.com"
77.75.79.62 - - [11/Oct/2022:04:10:37 -0700] "GET /robots.txt HTTP/1.1" 404 88 "-" "Mozilla/5.0 (compatible; SeznamBot/3.2; +http://napoveda.seznam.cz/en/seznambot-intro/)" "ysfine.com"
77.75.79.62 - - [11/Oct/2022:04:10:39 -0700] "GET /world/france/lafayette01.jpg HTTP/1.1" 200 100388 "-" "Mozilla/5.0 (compatible; SeznamBot/3.2; +http://napoveda.seznam.cz/en/seznambot-intro/)" "ysfine.com"
77.75.79.62 - - [11/Oct/2022:04:10:42 -0700] "GET /world/russ/bachkova11.jpg HTTP/1.1" 200 66613 "-" "Mozilla/5.0 (compatible; SeznamBot/3.2; +http://napoveda.seznam.cz/en/seznambot-intro/)" "ysfine.com"
77.75.79.62 - - [11/Oct/2022:04:10:44 -0700] "GET /world/ital/rome014.jpg HTTP/1.1" 304 - "-" "Mozilla/5.0 (compatible; SeznamBot/3.2; +http://napoveda.seznam.cz/en/seznambot-intro/)" "ysfine.com"
77.75.79.62 - - [11/Oct/2022:04:10:45 -0700] "GET /wigner/neum/vnc06.jpg HTTP/1.1" 304 - "-" "Mozilla/5.0 (compatible; SeznamBot/3.2; +http://napoveda.seznam.cz/en/seznambot-intro/)" "ysfine.com"
77.75.79.62 - - [11/Oct/2022:04:10:45 -0700] "GET /usca/pitt/knee11.jpg HTTP/1.1" 304 - "-" "Mozilla/5.0 (compatible; SeznamBot/3.2; +http://napoveda.seznam.cz/en/seznambot-intro/)" "ysfine.com"
157.55.39.58 - - [11/Oct/2022:04:11:51 -0700] "GET /world/ital/padova26.jpg HTTP/1.1" 200 123337 "-" "Mozilla/5.0 (compatible; bingbot/2.0; +http://www.bing.com/bingbot.htm)" "ysfine.com"
40.77.167.27 - - [11/Oct/2022:04:12:06 -0700] "GET /feynman/feygell.html HTTP/1.1" 200 4714 "-" "Mozilla/5.0 AppleWebKit/537.36 (KHTML, like Gecko; compatible; bingbot/2.0; +http://www.bing.com/bingbot.htm) Chrome/103.0.5060.134 Safari/537.36" "ysfine.com"
157.55.39.128 - - [11/Oct/2022:04:12:38 -0700] "GET /bio/world/kazan.html HTTP/1.1" 404 88 "-" "Mozilla/5.0 (compatible; bingbot/2.0; +http://www.bing.com/bingbot.htm)" "ysfine.com"
157.55.39.58 - - [11/Oct/2022:04:13:02 -0700] "GET /sbk/2009lon44.jpg HTTP/1.1" 200 161528 "-" "Mozilla/5.0 (compatible; bingbot/2.0; +http://www.bing.com/bingbot.htm)" "ysfine.com"
207.46.13.102 - - [11/Oct/2022:04:13:09 -0700] "GET /maga/boltz/gauss11a.jpg HTTP/1.1" 200 22192 "-" "Mozilla/5.0 (compatible; bingbot/2.0; +http://www.bing.com/bingbot.htm)" "ysfine.com"
207.46.13.102 - - [11/Oct/2022:04:13:10 -0700] "GET /newyork/wtc27.jpg HTTP/1.1" 200 169481 "-" "Mozilla/5.0 (compatible; bingbot/2.0; +http://www.bing.com/bingbot.htm)" "www.ysfine.com"
157.55.39.55 - - [11/Oct/2022:04:13:31 -0700] "GET /wdc/reagan01.jpg HTTP/1.1" 200 153187 "-" "Mozilla/5.0 AppleWebKit/537.36 (KHTML, like Gecko; compatible; bingbot/2.0; +http://www.bing.com/bingbot.htm) Chrome/103.0.5060.134 Safari/537.36" "ysfine.com"
157.55.39.55 - - [11/Oct/2022:04:13:42 -0700] "GET /wdc/gtown17.jpg HTTP/1.1" 200 160830 "-" "Mozilla/5.0 (compatible; bingbot/2.0; +http://www.bing.com/bingbot.htm)" "www.ysfine.com"
5.188.62.26 - - [11/Oct/2022:04:14:39 -0700] "GET / HTTP/1.1" 200 5283 "-" "Mozilla/5.0 (Windows NT 10.0; Win64; x64) AppleWebKit/537.36 (KHTML, like Gecko) Chrome/100.0.4895.86 Safari/537.36" "ysfine.com"
78.46.90.120 - - [11/Oct/2022:04:14:48 -0700] "GET /feynman/illusf.pdf HTTP/1.1" 200 146979 "-" "Mozilla/5.0 (Macintosh; Intel Mac OS X 11_1_0) AppleWebKit/537.36 (KHTML, like Gecko) Chrome/87.0.4280.88 Safari/537.36" "www.ysfine.com"
157.55.39.55 - - [11/Oct/2022:04:16:03 -0700] "GET /bio/style/ystyle.html HTTP/1.1" 404 88 "-" "Mozilla/5.0 (compatible; bingbot/2.0; +http://www.bing.com/bingbot.htm)" "ysfine.com"
176.35.165.39 - - [11/Oct/2022:04:16:13 -0700] "GET /home/facu450.jpg HTTP/1.1" 200 74535 "-" "Mozilla/5.0 (iPhone; CPU iPhone OS 15_6_1 like Mac OS X) AppleWebKit/605.1.15 (KHTML, like Gecko) Version/15.6.1 Mobile/15E148 Safari/604.1" "ysfine.com"
176.35.165.39 - - [11/Oct/2022:04:16:13 -0700] "GET /home/eink450.jpg HTTP/1.1" 200 66794 "-" "Mozilla/5.0 (iPhone; CPU iPhone OS 15_6_1 like Mac OS X) AppleWebKit/605.1.15 (KHTML, like Gecko) Version/15.6.1 Mobile/15E148 Safari/604.1" "ysfine.com"
176.35.165.39 - - [11/Oct/2022:04:16:13 -0700] "GET /home/top21d.jpg HTTP/1.1" 200 74409 "-" "Mozilla/5.0 (iPhone; CPU iPhone OS 15_6_1 like Mac OS X) AppleWebKit/605.1.15 (KHTML, like Gecko) Version/15.6.1 Mobile/15E148 Safari/604.1" "ysfine.com"
176.35.165.39 - - [11/Oct/2022:04:16:13 -0700] "GET /home/goodbad450.jpg HTTP/1.1" 200 32258 "-" "Mozilla/5.0 (iPhone; CPU iPhone OS 15_6_1 like Mac OS X) AppleWebKit/605.1.15 (KHTML, like Gecko) Version/15.6.1 Mobile/15E148 Safari/604.1" "ysfine.com"
176.35.165.39 - - [11/Oct/2022:04:16:13 -0700] "GET /home/truck450.jpg HTTP/1.1" 200 42871 "-" "Mozilla/5.0 (iPhone; CPU iPhone OS 15_6_1 like Mac OS X) AppleWebKit/605.1.15 (KHTML, like Gecko) Version/15.6.1 Mobile/15E148 Safari/604.1" "ysfine.com"
176.35.165.39 - - [11/Oct/2022:04:16:13 -0700] "GET /home/eindc03d.jpg HTTP/1.1" 200 95860 "-" "Mozilla/5.0 (iPhone; CPU iPhone OS 15_6_1 like Mac OS X) AppleWebKit/605.1.15 (KHTML, like Gecko) Version/15.6.1 Mobile/15E148 Safari/604.1" "ysfine.com"
176.35.165.39 - - [11/Oct/2022:04:16:13 -0700] "GET /eink/ewk86f.jpg HTTP/1.1" 200 122173 "-" "Mozilla/5.0 (iPhone; CPU iPhone OS 15_6_1 like Mac OS X) AppleWebKit/605.1.15 (KHTML, like Gecko) Version/15.6.1 Mobile/15E148 Safari/604.1" "ysfine.com"
176.35.165.39 - - [11/Oct/2022:04:16:13 -0700] "GET /home/taylor500.jpg HTTP/1.1" 200 79197 "-" "Mozilla/5.0 (iPhone; CPU iPhone OS 15_6_1 like Mac OS X) AppleWebKit/605.1.15 (KHTML, like Gecko) Version/15.6.1 Mobile/15E148 Safari/604.1" "ysfine.com"
176.35.165.39 - - [11/Oct/2022:04:16:13 -0700] "GET /home/1987pr22d.jpg HTTP/1.1" 200 66428 "-" "Mozilla/5.0 (iPhone; CPU iPhone OS 15_6_1 like Mac OS X) AppleWebKit/605.1.15 (KHTML, like Gecko) Version/15.6.1 Mobile/15E148 Safari/604.1" "ysfine.com"
176.35.165.39 - - [11/Oct/2022:04:16:13 -0700] "GET /eink/einhaus11c.jpg HTTP/1.1" 200 42522 "-" "Mozilla/5.0 (iPhone; CPU iPhone OS 15_6_1 like Mac OS X) AppleWebKit/605.1.15 (KHTML, like Gecko) Version/15.6.1 Mobile/15E148 Safari/604.1" "ysfine.com"
176.35.165.39 - - [11/Oct/2022:04:16:13 -0700] "GET /eink/einhaus33c.jpg HTTP/1.1" 200 23792 "-" "Mozilla/5.0 (iPhone; CPU iPhone OS 15_6_1 like Mac OS X) AppleWebKit/605.1.15 (KHTML, like Gecko) Version/15.6.1 Mobile/15E148 Safari/604.1" "ysfine.com"
176.35.165.39 - - [11/Oct/2022:04:16:13 -0700] "GET /home/eward55f.jpg HTTP/1.1" 200 122802 "-" "Mozilla/5.0 (iPhone; CPU iPhone OS 15_6_1 like Mac OS X) AppleWebKit/605.1.15 (KHTML, like Gecko) Version/15.6.1 Mobile/15E148 Safari/604.1" "ysfine.com"
176.35.165.39 - - [11/Oct/2022:04:16:13 -0700] "GET /home/washmo23d.jpg HTTP/1.1" 200 32142 "-" "Mozilla/5.0 (iPhone; CPU iPhone OS 15_6_1 like Mac OS X) AppleWebKit/605.1.15 (KHTML, like Gecko) Version/15.6.1 Mobile/15E148 Safari/604.1" "ysfine.com"
176.35.165.39 - - [11/Oct/2022:04:16:13 -0700] "GET /home/eink54f.jpg HTTP/1.1" 200 96332 "-" "Mozilla/5.0 (iPhone; CPU iPhone OS 15_6_1 like Mac OS X) AppleWebKit/605.1.15 (KHTML, like Gecko) Version/15.6.1 Mobile/15E148 Safari/604.1" "ysfine.com"
157.55.39.55 - - [11/Oct/2022:04:16:22 -0700] "GET /world/france/frstu09.jpg HTTP/1.1" 200 167728 "-" "Mozilla/5.0 (compatible; bingbot/2.0; +http://www.bing.com/bingbot.htm)" "www.ysfine.com"
3.129.248.235 - - [11/Oct/2022:04:18:20 -0700] "GET /ads.txt HTTP/1.1" 404 88 "http://ysfine.com/ads.txt" "AdsTxtCrawler/1.0; +https://github.com/InteractiveAdvertisingBureau/adstxtcrawler" "ysfine.com"
114.119.128.158 - - [11/Oct/2022:04:18:23 -0700] "GET /maga/phys/poinsf/frame46.html HTTP/1.1" 200 319 "https://www.ysfine.com/maga/phys/poinsf/frame47.html" "Mozilla/5.0 (Linux; Android 7.0;) AppleWebKit/537.36 (KHTML, like Gecko) Mobile Safari/537.36 (compatible; PetalBot;+https://webmaster.petalsearch.com/site/petalbot)" "www.ysfine.com"
5.188.62.26 - - [11/Oct/2022:04:19:16 -0700] "GET / HTTP/1.1" 200 5283 "https://ysfine.com/" "Mozilla/5.0 (Windows NT 10.0; Win64; x64) AppleWebKit/537.36 (KHTML, like Gecko) Chrome/100.0.4895.86 Safari/537.36" "ysfine.com"
5.188.62.26 - - [11/Oct/2022:04:19:20 -0700] "GET /admin/ HTTP/1.1" 404 88 "https://ysfine.com/" "Mozilla/5.0 (Windows NT 10.0; Win64; x64) AppleWebKit/537.36 (KHTML, like Gecko) Chrome/100.0.4895.86 Safari/537.36" "ysfine.com"
157.55.39.55 - - [11/Oct/2022:04:20:23 -0700] "GET /world/china/shenyang22.jpg HTTP/1.1" 200 95576 "-" "Mozilla/5.0 AppleWebKit/537.36 (KHTML, like Gecko; compatible; bingbot/2.0; +http://www.bing.com/bingbot.htm) Chrome/103.0.5060.134 Safari/537.36" "ysfine.com"
157.55.39.58 - - [11/Oct/2022:04:20:46 -0700] "GET /bio/dirac/dirkim.html HTTP/1.1" 404 88 "-" "Mozilla/5.0 (compatible; bingbot/2.0; +http://www.bing.com/bingbot.htm)" "ysfine.com"
157.55.39.58 - - [11/Oct/2022:04:21:33 -0700] "GET /kobak/nicodem11.jpg HTTP/1.1" 200 240297 "-" "Mozilla/5.0 AppleWebKit/537.36 (KHTML, like Gecko; compatible; bingbot/2.0; +http://www.bing.com/bingbot.htm) Chrome/103.0.5060.134 Safari/537.36" "www.ysfine.com"
35.196.134.226 - - [11/Oct/2022:04:21:55 -0700] "GET /kobak/index.html HTTP/1.1" 200 186 "-" "Mozilla/5.0 (Macintosh; Intel Mac OS X 10_15_7) AppleWebKit/537.36 (KHTML, like Gecko) Chrome/101.0.4951.64 Safari/537.36" "ysfine.com"
207.46.13.102 - - [11/Oct/2022:04:23:00 -0700] "GET /einstein/muon.jpg HTTP/1.1" 200 53159 "-" "Mozilla/5.0 (compatible; bingbot/2.0; +http://www.bing.com/bingbot.htm)" "ysfine.com"
157.55.39.127 - - [11/Oct/2022:04:24:12 -0700] "GET /bio/sbk/index.html HTTP/1.1" 404 88 "-" "Mozilla/5.0 (compatible; bingbot/2.0; +http://www.bing.com/bingbot.htm)" "ysfine.com"
220.64.106.250 - - [11/Oct/2022:04:24:46 -0700] "GET /wisdom HTTP/1.1" 301 1407 "http://ysfine.com/wisdom" "facebookexternalhit/1.1; kakaotalk-scrap/1.0; +https://devtalk.kakao.com/t/scrap/33984" "ysfine.com"
220.64.106.250 - - [11/Oct/2022:04:24:46 -0700] "GET /wisdom/ HTTP/1.1" 200 129 "https://ysfine.com/wisdom" "facebookexternalhit/1.1; kakaotalk-scrap/1.0; +https://devtalk.kakao.com/t/scrap/33984" "ysfine.com"
54.236.1.13 - - [11/Oct/2022:04:25:37 -0700] "GET /robots.txt HTTP/1.1" 404 88 "-" "Mozilla/5.0 (compatible; Pinterestbot/1.0; +http://www.pinterest.com/bot.html)" "ysfine.com"
54.236.1.13 - - [11/Oct/2022:04:25:38 -0700] "GET /feynman/feygell.html HTTP/1.1" 200 4714 "-" "Mozilla/5.0 (compatible; Pinterestbot/1.0; +http://www.pinterest.com/bot.html)" "ysfine.com"
54.236.1.13 - - [11/Oct/2022:04:25:38 -0700] "GET / HTTP/1.1" 200 5283 "-" "Mozilla/5.0 (compatible; Pinterestbot/1.0; +http://www.pinterest.com/bot.html)" "ysfine.com"
54.236.1.13 - - [11/Oct/2022:04:25:38 -0700] "GET /feynman/feydirac270.jpg HTTP/1.1" 200 59000 "-" "Mozilla/5.0 (compatible; Pinterestbot/1.0; +http://www.pinterest.com/bot.html)" "ysfine.com"
40.77.167.27 - - [11/Oct/2022:04:26:17 -0700] "GET /einstein/locoher88.jpg HTTP/1.1" 200 125299 "-" "Mozilla/5.0 (compatible; bingbot/2.0; +http://www.bing.com/bingbot.htm)" "ysfine.com"
212.70.98.92 - - [11/Oct/2022:04:26:36 -0700] "GET /world/russ/roskei11.jpg HTTP/1.1" 200 131848 "-" "Mozilla/5.0 (Windows NT 5.1; rv:52.0) Gecko/20100101 Firefox/52.0" "www.ysfine.com"
157.55.39.127 - - [11/Oct/2022:04:27:11 -0700] "GET /world/russ/basil22.jpg HTTP/1.1" 200 134130 "-" "Mozilla/5.0 AppleWebKit/537.36 (KHTML, like Gecko; compatible; bingbot/2.0; +http://www.bing.com/bingbot.htm) Chrome/103.0.5060.134 Safari/537.36" "ysfine.com"
207.46.13.102 - - [11/Oct/2022:04:27:21 -0700] "GET /world/poland/gdn52.jpg HTTP/1.1" 200 128799 "-" "Mozilla/5.0 (compatible; bingbot/2.0; +http://www.bing.com/bingbot.htm)" "ysfine.com"
212.70.98.92 - - [11/Oct/2022:04:27:23 -0700] "GET /world/russ/stalinorg11.jpg HTTP/1.1" 200 131143 "https://images.search.yahoo.com/search/images;_ylt=AwrEnOmBNkRjkJQTVPeJzbkF;_ylu=c2VjA3NlYXJjaARzbGsDYnV0dG9u;_ylc=X1MDOTYwNjI4NTcEX3IDMgRmcgN5ZnAtdC1zBGZyMgNwOnMsdjppLG06c2ItdG9wBGdwcmlkAzBrX19WNkdXUW5LNktrQWJjRFZjNUEEbl9yc2x0AzAEbl9zdWdnAzAEb3JpZ2luA2ltYWdlcy5zZWFyY2gueWFob28uY29tBHBvcwMwBHBxc3RyAwRwcXN0cmwDMARxc3RybAMzOARxdWVyeQNtb3Njb3clMjBpbnNpZGUlMjBtaW5pc3RyeSUyMG9mJTIwZGVmZW5jZSUyMDE5OTAEdF9zdG1wAzE2NjU0ODczMTA-?p=moscow+inside+ministry+of+defence+1990&fr=yfp-t-s&fr2=p%3As%2Cv%3Ai%2Cm%3Asb-top&ei=UTF-8&x=wrt" "Mozilla/5.0 (Windows NT 5.1; rv:52.0) Gecko/20100101 Firefox/52.0" "www.ysfine.com"
212.70.98.92 - - [11/Oct/2022:04:27:23 -0700] "GET /world/russ/roskei10.jpg HTTP/1.1" 200 75892 "https://images.search.yahoo.com/search/images;_ylt=AwrEnOmBNkRjkJQTVPeJzbkF;_ylu=c2VjA3NlYXJjaARzbGsDYnV0dG9u;_ylc=X1MDOTYwNjI4NTcEX3IDMgRmcgN5ZnAtdC1zBGZyMgNwOnMsdjppLG06c2ItdG9wBGdwcmlkAzBrX19WNkdXUW5LNktrQWJjRFZjNUEEbl9yc2x0AzAEbl9zdWdnAzAEb3JpZ2luA2ltYWdlcy5zZWFyY2gueWFob28uY29tBHBvcwMwBHBxc3RyAwRwcXN0cmwDMARxc3RybAMzOARxdWVyeQNtb3Njb3clMjBpbnNpZGUlMjBtaW5pc3RyeSUyMG9mJTIwZGVmZW5jZSUyMDE5OTAEdF9zdG1wAzE2NjU0ODczMTA-?p=moscow+inside+ministry+of+defence+1990&fr=yfp-t-s&fr2=p%3As%2Cv%3Ai%2Cm%3Asb-top&ei=UTF-8&x=wrt" "Mozilla/5.0 (Windows NT 5.1; rv:52.0) Gecko/20100101 Firefox/52.0" "ysfine.com"
157.55.39.128 - - [11/Oct/2022:04:27:29 -0700] "GET /world/russ/russtea11b.jpg HTTP/1.1" 200 32818 "-" "Mozilla/5.0 (compatible; bingbot/2.0; +http://www.bing.com/bingbot.htm)" "www.ysfine.com"
157.55.39.58 - - [11/Oct/2022:04:27:33 -0700] "GET /maga/histo/desiree23.jpg HTTP/1.1" 200 85900 "-" "Mozilla/5.0 (compatible; bingbot/2.0; +http://www.bing.com/bingbot.htm)" "www.ysfine.com"
207.46.13.102 - - [11/Oct/2022:04:27:50 -0700] "GET /world/brit/oxlon18.jpg HTTP/1.1" 200 124389 "-" "Mozilla/5.0 (compatible; bingbot/2.0; +http://www.bing.com/bingbot.htm)" "ysfine.com"
40.77.167.27 - - [11/Oct/2022:04:28:28 -0700] "GET /bio/kowis33.html HTTP/1.1" 404 88 "-" "Mozilla/5.0 (compatible; bingbot/2.0; +http://www.bing.com/bingbot.htm)" "ysfine.com"
185.191.171.23 - - [11/Oct/2022:04:28:59 -0700] "GET /einstein/eink10.html HTTP/1.1" 200 3356 "-" "Mozilla/5.0 (compatible; SemrushBot/7~bl; +http://www.semrush.com/bot.html)" "www.ysfine.com"
157.55.39.55 - - [11/Oct/2022:04:29:24 -0700] "GET /bio/maga/mellon.html HTTP/1.1" 404 88 "-" "Mozilla/5.0 (compatible; bingbot/2.0; +http://www.bing.com/bingbot.htm)" "ysfine.com"
20.191.45.212 - - [11/Oct/2022:04:29:53 -0700] "GET / HTTP/1.1" 200 5283 "https://www.ysfine.com/" "Mozilla/5.0 (compatible; DuckDuckGo-Favicons-Bot/1.0; +http://duckduckgo.com)" "www.ysfine.com"
20.191.45.212 - - [11/Oct/2022:04:29:53 -0700] "GET /favicon.ico HTTP/1.1" 404 88 "https://www.ysfine.com/favicon.ico" "Mozilla/5.0 (compatible; DuckDuckGo-Favicons-Bot/1.0; +http://duckduckgo.com)" "www.ysfine.com"
20.191.45.212 - - [11/Oct/2022:04:29:54 -0700] "GET /favicon.ico HTTP/1.1" 404 88 "https://www.ysfine.com/favicon.ico" "Mozilla/5.0 (compatible; DuckDuckGo-Favicons-Bot/1.0; +http://duckduckgo.com)" "www.ysfine.com"
67.45.96.119 - - [11/Oct/2022:04:30:33 -0700] "GET /kobak/jutlandia2.jpg HTTP/1.1" 200 34252 "https://images.search.yahoo.com/search/images;_ylt=Awr92qoZU0VjDMMTQyWJzbkF;_ylu=c2VjA3NlYXJjaARzbGsDYnV0dG9u;_ylc=X1MDOTYwNjI4NTcEX3IDMgRmcgNtY2FmZWUEZnIyA3A6cyx2OmksbTpzYi10b3AEZ3ByaWQDeXgzVEFDSU9TWnlLcGxmanUyM0VUQQRuX3JzbHQDMARuX3N1Z2cDMARvcmlnaW4DaW1hZ2VzLnNlYXJjaC55YWhvby5jb20EcG9zAzAEcHFzdHIDBHBxc3RybAMwBHFzdHJsAzMwBHF1ZXJ5A3BvcnQlMjBvZiUyMGJ1c2FuJTIwc291dGglMjBrb3JlYSUyMDE5NTAEdF9zdG1wAzE2NjU0ODc3MDI-?p=port+of+busan+south+korea+1950&fr=mcafee&fr2=p%3As%2Cv%3Ai%2Cm%3Asb-top&ei=UTF-8&x=wrt&type=E211US1490G91652" "Mozilla/5.0 (Windows NT 10.0; Win64; x64) AppleWebKit/537.36 (KHTML, like Gecko) Chrome/105.0.0.0 Safari/537.36" "www.ysfine.com"
157.55.39.58 - - [11/Oct/2022:04:31:15 -0700] "GET /bio/wigner/neumann.html HTTP/1.1" 404 88 "-" "Mozilla/5.0 (compatible; bingbot/2.0; +http://www.bing.com/bingbot.htm)" "ysfine.com"
157.55.39.58 - - [11/Oct/2022:04:31:37 -0700] "GET /bio/onephys.html HTTP/1.1" 404 88 "-" "Mozilla/5.0 AppleWebKit/537.36 (KHTML, like Gecko; compatible; bingbot/2.0; +http://www.bing.com/bingbot.htm) Chrome/103.0.5060.134 Safari/537.36" "ysfine.com"
157.55.39.127 - - [11/Oct/2022:04:32:02 -0700] "GET /style/cameras/hwanghae11.jpg HTTP/1.1" 200 178475 "-" "Mozilla/5.0 (compatible; bingbot/2.0; +http://www.bing.com/bingbot.htm)" "ysfine.com"
185.97.92.123 - - [11/Oct/2022:04:32:53 -0700] "GET /world/balkan/istan049.jpg HTTP/1.1" 200 104417 "https://www.bing.com/" "Mozilla/5.0 (Windows NT 10.0; Win64; x64) AppleWebKit/537.36 (KHTML, like Gecko) Chrome/106.0.0.0 Safari/537.36 Edg/106.0.1370.34" "www.ysfine.com"
192.187.23.6 - - [11/Oct/2022:04:33:03 -0700] "GET /wigner/neum/ymath.jpg HTTP/1.1" 200 64930 "https://www.google.com/" "Mozilla/5.0 (Windows NT 10.0; Win64; x64; rv:105.0) Gecko/20100101 Firefox/105.0" "ysfine.com"
40.77.167.27 - - [11/Oct/2022:04:33:38 -0700] "GET /world/ital/coloss04b.jpg HTTP/1.1" 200 42090 "-" "Mozilla/5.0 AppleWebKit/537.36 (KHTML, like Gecko; compatible; bingbot/2.0; +http://www.bing.com/bingbot.htm) Chrome/103.0.5060.134 Safari/537.36" "www.ysfine.com"
207.46.13.102 - - [11/Oct/2022:04:33:41 -0700] "GET /home/ellipse53a.jpg HTTP/1.1" 200 80180 "-" "Mozilla/5.0 (compatible; bingbot/2.0; +http://www.bing.com/bingbot.htm)" "ysfine.com"
185.191.171.12 - - [11/Oct/2022:04:34:33 -0700] "GET /robots.txt HTTP/1.1" 404 88 "-" "Mozilla/5.0 (compatible; SemrushBot/7~bl; +http://www.semrush.com/bot.html)" "ysfine.com"
185.191.171.25 - - [11/Oct/2022:04:34:36 -0700] "GET /maga/hegel.html HTTP/1.1" 200 4700 "-" "Mozilla/5.0 (compatible; SemrushBot/7~bl; +http://www.semrush.com/bot.html)" "ysfine.com"
185.191.171.1 - - [11/Oct/2022:04:34:45 -0700] "GET /confer/applied.html HTTP/1.1" 200 3735 "-" "Mozilla/5.0 (compatible; SemrushBot/7~bl; +http://www.semrush.com/bot.html)" "www.ysfine.com"
157.55.39.55 - - [11/Oct/2022:04:34:53 -0700] "GET /maga/phys/ellipse09b.jpg HTTP/1.1" 200 45517 "-" "Mozilla/5.0 (compatible; bingbot/2.0; +http://www.bing.com/bingbot.htm)" "ysfine.com"
157.55.39.58 - - [11/Oct/2022:04:34:54 -0700] "GET /sbk/2008athens22.jpg HTTP/1.1" 200 202963 "-" "Mozilla/5.0 (compatible; bingbot/2.0; +http://www.bing.com/bingbot.htm)" "www.ysfine.com"
223.188.84.200 - - [11/Oct/2022:04:35:21 -0700] "GET /jobs/koreaj11b.jpg HTTP/1.1" 200 67543 "https://ysfine.com/jobs/koreaj.html" "Mozilla/5.0 (Linux; Android 10; Redmi 7A) AppleWebKit/537.36 (KHTML, like Gecko) Chrome/87.0.4280.101 Mobile Safari/537.36" "ysfine.com"
223.188.84.200 - - [11/Oct/2022:04:35:24 -0700] "GET /favicon.ico HTTP/1.1" 404 88 "https://ysfine.com/jobs/koreaj.html" "Mozilla/5.0 (Linux; Android 10; Redmi 7A) AppleWebKit/537.36 (KHTML, like Gecko) Chrome/87.0.4280.101 Mobile Safari/537.36" "ysfine.com"
138.40.67.129 - - [11/Oct/2022:04:35:52 -0700] "GET /feynman/feydirac.jpg HTTP/1.1" 200 98378 "https://www.google.com/" "Mozilla/5.0 (Windows NT 10.0; Win64; x64) AppleWebKit/537.36 (KHTML, like Gecko) Chrome/106.0.0.0 Safari/537.36" "ysfine.com"
157.55.39.127 - - [11/Oct/2022:04:36:02 -0700] "GET /world/germany/vienopera22.jpg HTTP/1.1" 200 125468 "-" "Mozilla/5.0 (compatible; bingbot/2.0; +http://www.bing.com/bingbot.htm)" "www.ysfine.com"
207.46.13.102 - - [11/Oct/2022:04:36:21 -0700] "GET /bio/einstein/bern.html HTTP/1.1" 404 88 "-" "Mozilla/5.0 (compatible; bingbot/2.0; +http://www.bing.com/bingbot.htm)" "ysfine.com"
207.46.13.102 - - [11/Oct/2022:04:36:42 -0700] "GET /world/germany/oktf04.jpg HTTP/1.1" 200 111932 "-" "Mozilla/5.0 (compatible; bingbot/2.0; +http://www.bing.com/bingbot.htm)" "www.ysfine.com"
192.99.36.61 - - [11/Oct/2022:04:38:20 -0700] "GET /robots.txt HTTP/1.1" 404 73 "-" "Mozilla/5.0 (compatible; MJ12bot/v1.4.8; http://mj12bot.com/)" "ysfine.com"
192.99.36.61 - - [11/Oct/2022:04:38:23 -0700] "GET /class54/class5470/total_data/sub_873.htm HTTP/1.1" 200 3510 "-" "Mozilla/5.0 (compatible; MJ12bot/v1.4.8; http://mj12bot.com/)" "ysfine.com"
192.99.36.61 - - [11/Oct/2022:04:38:27 -0700] "GET /class54/class5470/total_data/sub_874.htm HTTP/1.1" 200 3510 "-" "Mozilla/5.0 (compatible; MJ12bot/v1.4.8; http://mj12bot.com/)" "ysfine.com"
192.99.36.61 - - [11/Oct/2022:04:38:32 -0700] "GET /class54/class5470/total_data/sub_875.htm HTTP/1.1" 200 3510 "-" "Mozilla/5.0 (compatible; MJ12bot/v1.4.8; http://mj12bot.com/)" "ysfine.com"
192.99.36.61 - - [11/Oct/2022:04:38:36 -0700] "GET /class54/class5470/total_data/sub_876.htm HTTP/1.1" 200 3510 "-" "Mozilla/5.0 (compatible; MJ12bot/v1.4.8; http://mj12bot.com/)" "ysfine.com"
192.99.36.61 - - [11/Oct/2022:04:38:40 -0700] "GET /class54/class5470/total_data/sub_877.htm HTTP/1.1" 200 3510 "-" "Mozilla/5.0 (compatible; MJ12bot/v1.4.8; http://mj12bot.com/)" "ysfine.com"
192.99.36.61 - - [11/Oct/2022:04:38:43 -0700] "GET /class54/class5470/total_data/sub_878.htm HTTP/1.1" 200 3510 "-" "Mozilla/5.0 (compatible; MJ12bot/v1.4.8; http://mj12bot.com/)" "ysfine.com"
17.121.114.151 - - [11/Oct/2022:04:38:44 -0700] "GET /robots.txt HTTP/1.1" 404 88 "-" "Mozilla/5.0 (Macintosh; Intel Mac OS X 10_15_5) AppleWebKit/605.1.15 (KHTML, like Gecko) Version/13.1.1 Safari/605.1.15 (Applebot/0.1; +http://www.apple.com/go/applebot)" "www.ysfine.com"
17.121.114.151 - - [11/Oct/2022:04:38:44 -0700] "GET /home/index.html HTTP/1.1" 200 142 "-" "Mozilla/5.0 (Macintosh; Intel Mac OS X 10_15_5) AppleWebKit/605.1.15 (KHTML, like Gecko) Version/13.1.1 Safari/605.1.15 (Applebot/0.1; +http://www.apple.com/go/applebot)" "www.ysfine.com"
192.99.36.61 - - [11/Oct/2022:04:38:48 -0700] "GET /class54/class5470/total_data/sub_879.htm HTTP/1.1" 200 3510 "-" "Mozilla/5.0 (compatible; MJ12bot/v1.4.8; http://mj12bot.com/)" "ysfine.com"
192.99.36.61 - - [11/Oct/2022:04:38:53 -0700] "GET /class54/class5470/total_data/sub_880.htm HTTP/1.1" 200 3510 "-" "Mozilla/5.0 (compatible; MJ12bot/v1.4.8; http://mj12bot.com/)" "ysfine.com"
192.99.36.61 - - [11/Oct/2022:04:38:57 -0700] "GET /class54/class5470/total_data/sub_881.htm HTTP/1.1" 200 3504 "-" "Mozilla/5.0 (compatible; MJ12bot/v1.4.8; http://mj12bot.com/)" "ysfine.com"
192.99.36.61 - - [11/Oct/2022:04:39:01 -0700] "GET /class54/class5470/total_data/sub_882.htm HTTP/1.1" 200 3510 "-" "Mozilla/5.0 (compatible; MJ12bot/v1.4.8; http://mj12bot.com/)" "ysfine.com"
192.99.36.61 - - [11/Oct/2022:04:39:05 -0700] "GET /class54/class5470/total_data/sub_883.htm HTTP/1.1" 200 3510 "-" "Mozilla/5.0 (compatible; MJ12bot/v1.4.8; http://mj12bot.com/)" "ysfine.com"
192.99.36.61 - - [11/Oct/2022:04:39:09 -0700] "GET /class54/class5470/total_data/sub_884.htm HTTP/1.1" 200 3510 "-" "Mozilla/5.0 (compatible; MJ12bot/v1.4.8; http://mj12bot.com/)" "ysfine.com"
192.99.36.61 - - [11/Oct/2022:04:39:14 -0700] "GET /class54/class5470/total_data/sub_885.htm HTTP/1.1" 200 3510 "-" "Mozilla/5.0 (compatible; MJ12bot/v1.4.8; http://mj12bot.com/)" "ysfine.com"
192.99.36.61 - - [11/Oct/2022:04:39:16 -0700] "GET /class54/class5470/total_data/sub_886.htm HTTP/1.1" 200 3510 "-" "Mozilla/5.0 (compatible; MJ12bot/v1.4.8; http://mj12bot.com/)" "ysfine.com"
157.55.39.128 - - [11/Oct/2022:04:39:21 -0700] "GET /bio/kowar/war50.html HTTP/1.1" 404 88 "-" "Mozilla/5.0 AppleWebKit/537.36 (KHTML, like Gecko; compatible; bingbot/2.0; +http://www.bing.com/bingbot.htm) Chrome/103.0.5060.134 Safari/537.36" "ysfine.com"
192.99.36.61 - - [11/Oct/2022:04:39:22 -0700] "GET /class54/class5470/total_data/sub_887.htm HTTP/1.1" 200 3510 "-" "Mozilla/5.0 (compatible; MJ12bot/v1.4.8; http://mj12bot.com/)" "ysfine.com"
192.99.36.61 - - [11/Oct/2022:04:39:26 -0700] "GET /class54/class5470/total_data/sub_888.htm HTTP/1.1" 200 3510 "-" "Mozilla/5.0 (compatible; MJ12bot/v1.4.8; http://mj12bot.com/)" "ysfine.com"
192.99.36.61 - - [11/Oct/2022:04:39:30 -0700] "GET /class54/class5470/total_data/sub_889.htm HTTP/1.1" 200 3510 "-" "Mozilla/5.0 (compatible; MJ12bot/v1.4.8; http://mj12bot.com/)" "ysfine.com"
192.99.36.61 - - [11/Oct/2022:04:39:34 -0700] "GET /class54/class5470/total_data/sub_890.htm HTTP/1.1" 200 3510 "-" "Mozilla/5.0 (compatible; MJ12bot/v1.4.8; http://mj12bot.com/)" "ysfine.com"
192.99.36.61 - - [11/Oct/2022:04:39:38 -0700] "GET /class54/class5470/total_data/sub_891.htm HTTP/1.1" 200 3497 "-" "Mozilla/5.0 (compatible; MJ12bot/v1.4.8; http://mj12bot.com/)" "ysfine.com"
192.99.36.61 - - [11/Oct/2022:04:39:43 -0700] "GET /class54/class5470/total_data/sub_892.htm HTTP/1.1" 200 3496 "-" "Mozilla/5.0 (compatible; MJ12bot/v1.4.8; http://mj12bot.com/)" "ysfine.com"
192.99.36.61 - - [11/Oct/2022:04:39:46 -0700] "GET /class54/class5470/total_data/sub_893.htm HTTP/1.1" 200 3510 "-" "Mozilla/5.0 (compatible; MJ12bot/v1.4.8; http://mj12bot.com/)" "ysfine.com"
192.99.36.61 - - [11/Oct/2022:04:39:51 -0700] "GET /class54/class5470/total_data/sub_894.htm HTTP/1.1" 200 3510 "-" "Mozilla/5.0 (compatible; MJ12bot/v1.4.8; http://mj12bot.com/)" "ysfine.com"
192.99.36.61 - - [11/Oct/2022:04:39:54 -0700] "GET /class54/class5470/total_data/sub_895.htm HTTP/1.1" 200 3510 "-" "Mozilla/5.0 (compatible; MJ12bot/v1.4.8; http://mj12bot.com/)" "ysfine.com"
192.99.36.61 - - [11/Oct/2022:04:39:57 -0700] "GET /class54/class5470/total_data/sub_897.htm HTTP/1.1" 200 3484 "-" "Mozilla/5.0 (compatible; MJ12bot/v1.4.8; http://mj12bot.com/)" "ysfine.com"
192.99.36.61 - - [11/Oct/2022:04:40:01 -0700] "GET /class54/class5470/total_data/sub_898.htm HTTP/1.1" 200 3499 "-" "Mozilla/5.0 (compatible; MJ12bot/v1.4.8; http://mj12bot.com/)" "ysfine.com"
192.99.36.61 - - [11/Oct/2022:04:40:04 -0700] "GET /class54/class5470/total_data/sub_899.htm HTTP/1.1" 200 3499 "-" "Mozilla/5.0 (compatible; MJ12bot/v1.4.8; http://mj12bot.com/)" "ysfine.com"
192.99.36.61 - - [11/Oct/2022:04:40:12 -0700] "GET /class54/class5480/?C=D;O=D HTTP/1.1" 200 377 "-" "Mozilla/5.0 (compatible; MJ12bot/v1.4.8; http://mj12bot.com/)" "ysfine.com"
192.99.36.61 - - [11/Oct/2022:04:40:16 -0700] "GET /class54/class5480/?C=M;O=D HTTP/1.1" 200 377 "-" "Mozilla/5.0 (compatible; MJ12bot/v1.4.8; http://mj12bot.com/)" "ysfine.com"
192.99.36.61 - - [11/Oct/2022:04:40:19 -0700] "GET /class54/class5480/?C=N;O=A HTTP/1.1" 200 378 "-" "Mozilla/5.0 (compatible; MJ12bot/v1.4.8; http://mj12bot.com/)" "ysfine.com"
192.99.36.61 - - [11/Oct/2022:04:40:23 -0700] "GET /class54/class5480/?C=S;O=D HTTP/1.1" 200 377 "-" "Mozilla/5.0 (compatible; MJ12bot/v1.4.8; http://mj12bot.com/)" "ysfine.com"
192.99.36.61 - - [11/Oct/2022:04:40:27 -0700] "GET /class54/class5480/Pictures/?C=D;O=A HTTP/1.1" 200 578 "-" "Mozilla/5.0 (compatible; MJ12bot/v1.4.8; http://mj12bot.com/)" "ysfine.com"
157.55.39.128 - - [11/Oct/2022:04:40:30 -0700] "GET /princeton/gcollege05.jpg HTTP/1.1" 200 144445 "-" "Mozilla/5.0 (compatible; bingbot/2.0; +http://www.bing.com/bingbot.htm)" "www.ysfine.com"
123.183.224.86 - - [11/Oct/2022:04:40:31 -0700] "GET / HTTP/1.1" 200 5283 "-" "Sogou web spider/4.0(+http://www.sogou.com/docs/help/webmasters.htm#07)" "www.ysfine.com"
192.99.36.61 - - [11/Oct/2022:04:40:31 -0700] "GET /class54/class5480/Pictures/?C=M;O=A HTTP/1.1" 200 579 "-" "Mozilla/5.0 (compatible; MJ12bot/v1.4.8; http://mj12bot.com/)" "ysfine.com"
192.99.36.61 - - [11/Oct/2022:04:40:35 -0700] "GET /class54/class5480/Pictures/?C=N;O=D HTTP/1.1" 200 575 "-" "Mozilla/5.0 (compatible; MJ12bot/v1.4.8; http://mj12bot.com/)" "ysfine.com"
192.99.36.61 - - [11/Oct/2022:04:40:38 -0700] "GET /class54/class5480/Pictures/?C=S;O=A HTTP/1.1" 200 578 "-" "Mozilla/5.0 (compatible; MJ12bot/v1.4.8; http://mj12bot.com/)" "ysfine.com"
192.99.36.61 - - [11/Oct/2022:04:40:42 -0700] "GET /robots.txt HTTP/1.1" 404 73 "-" "Mozilla/5.0 (compatible; MJ12bot/v1.4.8; http://mj12bot.com/)" "www.ysfine.com"
173.252.83.21 - - [11/Oct/2022:04:40:42 -0700] "GET /yspapers/sq33a.jpg HTTP/1.1" 200 57644 "-" "facebookexternalhit/1.1 (+http://www.facebook.com/externalhit_uatext.php)" "ysfine.com"
192.99.36.61 - - [11/Oct/2022:04:40:46 -0700] "GET /maga/phil/sisfa12/frame05.html HTTP/1.1" 200 320 "-" "Mozilla/5.0 (compatible; MJ12bot/v1.4.8; http://mj12bot.com/)" "www.ysfine.com"
192.99.36.61 - - [11/Oct/2022:04:40:49 -0700] "GET /maga/phil/sisfa12/frame06.html HTTP/1.1" 200 320 "-" "Mozilla/5.0 (compatible; MJ12bot/v1.4.8; http://mj12bot.com/)" "www.ysfine.com"
192.99.36.61 - - [11/Oct/2022:04:40:53 -0700] "GET /maga/phil/sisfa12/frame21.html HTTP/1.1" 200 319 "-" "Mozilla/5.0 (compatible; MJ12bot/v1.4.8; http://mj12bot.com/)" "www.ysfine.com"
192.99.36.61 - - [11/Oct/2022:04:40:58 -0700] "GET /maga/phil/sisfa12/frame22.html HTTP/1.1" 200 320 "-" "Mozilla/5.0 (compatible; MJ12bot/v1.4.8; http://mj12bot.com/)" "www.ysfine.com"
157.55.39.128 - - [11/Oct/2022:04:41:01 -0700] "GET /bio/maga/fermi.html HTTP/1.1" 404 88 "-" "Mozilla/5.0 AppleWebKit/537.36 (KHTML, like Gecko; compatible; bingbot/2.0; +http://www.bing.com/bingbot.htm) Chrome/103.0.5060.134 Safari/537.36" "ysfine.com"
192.99.36.61 - - [11/Oct/2022:04:41:01 -0700] "GET /maga/phil/sisfa12/frame30.html HTTP/1.1" 200 320 "-" "Mozilla/5.0 (compatible; MJ12bot/v1.4.8; http://mj12bot.com/)" "www.ysfine.com"
192.99.36.61 - - [11/Oct/2022:04:41:04 -0700] "GET /maga/phil/sisfa12/frame31.html HTTP/1.1" 200 319 "-" "Mozilla/5.0 (compatible; MJ12bot/v1.4.8; http://mj12bot.com/)" "www.ysfine.com"
192.99.36.61 - - [11/Oct/2022:04:41:08 -0700] "GET /robots.txt HTTP/1.1" 404 73 "-" "Mozilla/5.0 (compatible; MJ12bot/v1.4.8; http://mj12bot.com/)" "www.ysfine.com"
192.99.36.61 - - [11/Oct/2022:04:41:15 -0700] "GET /maga/phil/sisfa12/frame03.html HTTP/1.1" 200 320 "-" "Mozilla/5.0 (compatible; MJ12bot/v1.4.8; http://mj12bot.com/)" "www.ysfine.com"
192.99.36.61 - - [11/Oct/2022:04:41:19 -0700] "GET /maga/phil/sisfa12/frame03.html HTTP/1.1" 200 320 "-" "Mozilla/5.0 (compatible; MJ12bot/v1.4.8; http://mj12bot.com/)" "www.ysfine.com"
207.46.13.102 - - [11/Oct/2022:04:41:22 -0700] "GET /world/baltic/riga33.jpg HTTP/1.1" 200 78610 "-" "Mozilla/5.0 (compatible; bingbot/2.0; +http://www.bing.com/bingbot.htm)" "ysfine.com"
157.55.39.127 - - [11/Oct/2022:04:41:51 -0700] "GET /maga/phys/huy01.jpg HTTP/1.1" 200 348190 "-" "Mozilla/5.0 (compatible; bingbot/2.0; +http://www.bing.com/bingbot.htm)" "ysfine.com"
157.55.39.127 - - [11/Oct/2022:04:42:01 -0700] "GET /archives/class5470/total_data/refer_img/7-13_f.jpg HTTP/1.1" 404 88 "-" "Mozilla/5.0 (compatible; bingbot/2.0; +http://www.bing.com/bingbot.htm)" "www.ysfine.com"
207.46.13.102 - - [11/Oct/2022:04:42:23 -0700] "GET /bio/princeton/bagpipes.html HTTP/1.1" 404 88 "-" "Mozilla/5.0 (compatible; bingbot/2.0; +http://www.bing.com/bingbot.htm)" "ysfine.com"
157.55.39.128 - - [11/Oct/2022:04:42:41 -0700] "GET /bio/style/stbot.html HTTP/1.1" 404 88 "-" "Mozilla/5.0 (compatible; bingbot/2.0; +http://www.bing.com/bingbot.htm)" "ysfine.com"
157.55.39.55 - - [11/Oct/2022:04:44:16 -0700] "GET /bio/style/ystyle.html HTTP/1.1" 404 88 "-" "Mozilla/5.0 (compatible; bingbot/2.0; +http://www.bing.com/bingbot.htm)" "ysfine.com"
40.77.167.27 - - [11/Oct/2022:04:44:40 -0700] "GET /sbk/2007waw33.jpg HTTP/1.1" 200 124686 "-" "Mozilla/5.0 (compatible; bingbot/2.0; +http://www.bing.com/bingbot.htm)" "ysfine.com"
77.88.5.46 - - [11/Oct/2022:04:44:45 -0700] "GET /robots.txt HTTP/1.1" 404 73 "-" "Mozilla/5.0 (compatible; YandexBot/3.0; +http://yandex.com/bots)" "www.ysfine.com"
93.158.161.74 - - [11/Oct/2022:04:44:49 -0700] "GET /friends/moslems.html HTTP/1.1" 404 88 "-" "Mozilla/5.0 (compatible; YandexBot/3.0; +http://yandex.com/bots)" "www.ysfine.com"
207.46.13.102 - - [11/Oct/2022:04:45:03 -0700] "GET /kobak/indep01.jpg HTTP/1.1" 200 587380 "-" "Mozilla/5.0 (compatible; bingbot/2.0; +http://www.bing.com/bingbot.htm)" "ysfine.com"
157.55.39.58 - - [11/Oct/2022:04:45:05 -0700] "GET /eink/further22f.jpg HTTP/1.1" 200 99099 "-" "Mozilla/5.0 (compatible; bingbot/2.0; +http://www.bing.com/bingbot.htm)" "www.ysfine.com"
185.191.171.3 - - [11/Oct/2022:04:45:22 -0700] "GET /robots.txt HTTP/1.1" 404 88 "-" "Mozilla/5.0 (compatible; SemrushBot/7~bl; +http://www.semrush.com/bot.html)" "www.ysfine.com"
144.138.214.171 - - [11/Oct/2022:04:45:22 -0700] "GET /feynman/standardmo01.jpg HTTP/1.1" 200 94736 "https://www.bing.com/" "Mozilla/5.0 (Windows NT 10.0; Win64; x64) AppleWebKit/537.36 (KHTML, like Gecko) Chrome/106.0.0.0 Safari/537.36 Edg/106.0.1370.37" "www.ysfine.com"
185.191.171.23 - - [11/Oct/2022:04:45:24 -0700] "GET /world/travel.html HTTP/1.1" 200 1633 "-" "Mozilla/5.0 (compatible; SemrushBot/7~bl; +http://www.semrush.com/bot.html)" "www.ysfine.com"
65.108.79.209 - - [11/Oct/2022:04:45:33 -0700] "GET /home/feysavior.html HTTP/1.1" 200 2737 "https://ysfine.com/eink/index.html" "Mozilla/5.0 (compatible; SEOkicks; +https://www.seokicks.de/robot.html)" "ysfine.com"
65.108.79.209 - - [11/Oct/2022:04:45:35 -0700] "GET /feynman/partons.html HTTP/1.1" 200 5807 "https://ysfine.com/eink/index.html" "Mozilla/5.0 (compatible; SEOkicks; +https://www.seokicks.de/robot.html)" "ysfine.com"
65.108.79.209 - - [11/Oct/2022:04:45:36 -0700] "GET /home/wcartoon.html HTTP/1.1" 200 6127 "https://ysfine.com/eink/index.html" "Mozilla/5.0 (compatible; SEOkicks; +https://www.seokicks.de/robot.html)" "ysfine.com"
65.108.79.209 - - [11/Oct/2022:04:45:38 -0700] "GET /wigner/wigpoinc.html HTTP/1.1" 200 6586 "https://ysfine.com/eink/index.html" "Mozilla/5.0 (compatible; SEOkicks; +https://www.seokicks.de/robot.html)" "ysfine.com"
65.108.79.209 - - [11/Oct/2022:04:45:40 -0700] "GET /einstein/einqm.html HTTP/1.1" 200 4504 "https://ysfine.com/eink/index.html" "Mozilla/5.0 (compatible; SEOkicks; +https://www.seokicks.de/robot.html)" "ysfine.com"
