81.170.128.52 - - [11/Oct/2022:17:52:34 -0700] "GET /ysbio/world/trier.html HTTP/1.1" 200 6488 "-" "search.marginalia.nu" "www.ysfine.com"
81.170.128.52 - - [11/Oct/2022:17:52:34 -0700] "GET /ysbio/maga/phil/sisfa12/index.html HTTP/1.1" 200 148 "-" "search.marginalia.nu" "www.ysfine.com"
81.170.128.52 - - [11/Oct/2022:17:52:35 -0700] "GET /ysbio/world/baltic/arana.html HTTP/1.1" 200 3961 "-" "search.marginalia.nu" "www.ysfine.com"
81.170.128.52 - - [11/Oct/2022:17:52:35 -0700] "GET /ysbio/maga/marx.html HTTP/1.1" 200 5871 "-" "search.marginalia.nu" "www.ysfine.com"
81.170.128.52 - - [11/Oct/2022:17:52:36 -0700] "GET /ysbio/dirac/dirtop.html HTTP/1.1" 200 435 "-" "search.marginalia.nu" "www.ysfine.com"
81.170.128.52 - - [11/Oct/2022:17:52:36 -0700] "GET /ysbio/wdc/monticello.html HTTP/1.1" 200 302 "-" "search.marginalia.nu" "www.ysfine.com"
81.170.128.52 - - [11/Oct/2022:17:52:37 -0700] "HEAD /ysbio/feynman/restof55.jgp HTTP/1.1" 404 - "-" "search.marginalia.nu" "www.ysfine.com"
81.170.128.52 - - [11/Oct/2022:17:52:37 -0700] "GET /ysbio/feynman/restof55.jgp HTTP/1.1" 404 88 "-" "search.marginalia.nu" "www.ysfine.com"
81.170.128.52 - - [11/Oct/2022:17:52:37 -0700] "GET /ysbio/home/comet.html HTTP/1.1" 404 88 "-" "search.marginalia.nu" "www.ysfine.com"
81.170.128.52 - - [11/Oct/2022:17:52:38 -0700] "GET /ysbio/world/poland/copernisq.html HTTP/1.1" 200 474 "-" "search.marginalia.nu" "www.ysfine.com"
81.170.128.52 - - [11/Oct/2022:17:52:38 -0700] "GET /ysbio/friends/jarema.html HTTP/1.1" 404 88 "-" "search.marginalia.nu" "www.ysfine.com"
81.170.128.52 - - [11/Oct/2022:17:52:39 -0700] "GET /ysbio/princeton/wilson14.html HTTP/1.1" 200 774 "-" "search.marginalia.nu" "www.ysfine.com"
81.170.128.52 - - [11/Oct/2022:17:52:39 -0700] "GET /ysbio/friends/polish.html HTTP/1.1" 404 88 "-" "search.marginalia.nu" "www.ysfine.com"
77.75.72.26 - - [11/Oct/2022:17:53:12 -0700] "GET /kobak/soraech.html HTTP/1.1" 304 - "-" "Mozilla/5.0 (compatible; SeznamBot/4.0-RC1; +http://napoveda.seznam.cz/seznambot-intro/)" "ysfine.com"
77.75.73.26 - - [11/Oct/2022:17:53:12 -0700] "GET /robots.txt HTTP/1.1" 404 88 "-" "Mozilla/5.0 (compatible; SeznamBot/4.0-RC1; +http://napoveda.seznam.cz/seznambot-intro/)" "ysfine.com"
157.55.39.58 - - [11/Oct/2022:17:53:17 -0700] "GET /maga/phil/marxlon01b.jpg HTTP/1.1" 200 55777 "-" "Mozilla/5.0 (compatible; bingbot/2.0; +http://www.bing.com/bingbot.htm)" "ysfine.com"
157.55.39.58 - - [11/Oct/2022:17:55:18 -0700] "GET /wisdom/ HTTP/1.1" 304 - "-" "Mozilla/5.0 AppleWebKit/537.36 (KHTML, like Gecko; compatible; bingbot/2.0; +http://www.bing.com/bingbot.htm) Chrome/103.0.5060.134 Safari/537.36" "ysfine.com"
128.135.98.215 - - [11/Oct/2022:17:55:29 -0700] "GET /world/brit/harrow12.jpg HTTP/1.1" 200 99510 "https://www.google.com/" "Mozilla/5.0 (Windows NT 10.0; Win64; x64) AppleWebKit/537.36 (KHTML, like Gecko) Chrome/106.0.0.0 Safari/537.36" "ysfine.com"
157.55.39.58 - - [11/Oct/2022:17:58:10 -0700] "GET /bio/world/brit/firew.html HTTP/1.1" 404 88 "-" "Mozilla/5.0 AppleWebKit/537.36 (KHTML, like Gecko; compatible; bingbot/2.0; +http://www.bing.com/bingbot.htm) Chrome/103.0.5060.134 Safari/537.36" "ysfine.com"
157.55.39.55 - - [11/Oct/2022:17:58:43 -0700] "GET /einstein/places/ulm07.jpg HTTP/1.1" 200 183075 "-" "Mozilla/5.0 AppleWebKit/537.36 (KHTML, like Gecko; compatible; bingbot/2.0; +http://www.bing.com/bingbot.htm) Chrome/103.0.5060.134 Safari/537.36" "www.ysfine.com"
66.249.66.216 - - [11/Oct/2022:17:59:38 -0700] "GET /einstein/minkowski.html HTTP/1.1" 404 88 "-" "Mozilla/5.0 (Linux; Android 6.0.1; Nexus 5X Build/MMB29P) AppleWebKit/537.36 (KHTML, like Gecko) Chrome/106.0.5249.103 Mobile Safari/537.36 (compatible; Googlebot/2.1; +http://www.google.com/bot.html)" "www.ysfine.com"
93.158.161.40 - - [11/Oct/2022:18:00:02 -0700] "GET /robots.txt HTTP/1.1" 404 73 "-" "Mozilla/5.0 (compatible; YandexBot/3.0; +http://yandex.com/bots)" "www.ysfine.com"
77.88.5.46 - - [11/Oct/2022:18:00:06 -0700] "GET /articles/cylin.pdf HTTP/1.1" 401 90 "-" "Mozilla/5.0 (compatible; YandexBot/3.0; +http://yandex.com/bots)" "www.ysfine.com"
157.55.39.58 - - [11/Oct/2022:18:00:20 -0700] "GET /bio/world/brit/britmu.html HTTP/1.1" 404 88 "-" "Mozilla/5.0 AppleWebKit/537.36 (KHTML, like Gecko; compatible; bingbot/2.0; +http://www.bing.com/bingbot.htm) Chrome/103.0.5060.134 Safari/537.36" "ysfine.com"
114.119.128.162 - - [11/Oct/2022:18:00:42 -0700] "GET /kobak/korigh.html HTTP/1.1" 200 9853 "-" "Mozilla/5.0 (compatible;PetalBot;+https://webmaster.petalsearch.com/site/petalbot)" "ysfine.com"
66.249.66.44 - - [11/Oct/2022:18:00:50 -0700] "GET /ffriends/amkor/jpbuenos11b.jpg HTTP/1.1" 200 32985 "-" "Googlebot-Image/1.0" "ysfine.com"
157.55.39.128 - - [11/Oct/2022:18:01:19 -0700] "GET /wdc/lincoln14.jpg HTTP/1.1" 200 56842 "-" "Mozilla/5.0 AppleWebKit/537.36 (KHTML, like Gecko; compatible; bingbot/2.0; +http://www.bing.com/bingbot.htm) Chrome/103.0.5060.134 Safari/537.36" "ysfine.com"
157.55.39.55 - - [11/Oct/2022:18:01:24 -0700] "GET /bio/style/ystyle.html HTTP/1.1" 404 88 "-" "Mozilla/5.0 (compatible; bingbot/2.0; +http://www.bing.com/bingbot.htm)" "ysfine.com"
157.55.39.58 - - [11/Oct/2022:18:03:48 -0700] "GET /dirac/diracqm33.jpg HTTP/1.1" 200 112334 "-" "Mozilla/5.0 AppleWebKit/537.36 (KHTML, like Gecko; compatible; bingbot/2.0; +http://www.bing.com/bingbot.htm) Chrome/103.0.5060.134 Safari/537.36" "ysfine.com"
24.137.237.234 - - [11/Oct/2022:18:04:10 -0700] "GET /wigner/neeman.jpg HTTP/1.1" 200 74678 "https://www.google.com/" "Mozilla/5.0 (Windows NT 10.0; Win64; x64) AppleWebKit/537.36 (KHTML, like Gecko) Chrome/105.0.0.0 Safari/537.36" "ysfine.com"
207.46.13.102 - - [11/Oct/2022:18:04:11 -0700] "GET /bio/einstein/evol.html HTTP/1.1" 404 88 "-" "Mozilla/5.0 (compatible; bingbot/2.0; +http://www.bing.com/bingbot.htm)" "ysfine.com"
157.55.39.55 - - [11/Oct/2022:18:04:15 -0700] "GET /bio/world/balkan/inophoto.html HTTP/1.1" 404 88 "-" "Mozilla/5.0 (compatible; bingbot/2.0; +http://www.bing.com/bingbot.htm)" "ysfine.com"
157.55.39.55 - - [11/Oct/2022:18:06:35 -0700] "GET /world/ital/sapienza17.jpg HTTP/1.1" 200 116537 "-" "Mozilla/5.0 (compatible; bingbot/2.0; +http://www.bing.com/bingbot.htm)" "ysfine.com"
77.75.79.95 - - [11/Oct/2022:18:06:37 -0700] "GET /robots.txt HTTP/1.1" 404 88 "-" "Mozilla/5.0 (compatible; SeznamBot/3.2; +http://napoveda.seznam.cz/en/seznambot-intro/)" "ysfine.com"
77.75.79.95 - - [11/Oct/2022:18:06:39 -0700] "GET /style/cameras/nikonf16.jpg HTTP/1.1" 200 180968 "-" "Mozilla/5.0 (compatible; SeznamBot/3.2; +http://napoveda.seznam.cz/en/seznambot-intro/)" "ysfine.com"
77.75.79.95 - - [11/Oct/2022:18:06:44 -0700] "GET /world/france/royalpa08.jpg HTTP/1.1" 200 95517 "-" "Mozilla/5.0 (compatible; SeznamBot/3.2; +http://napoveda.seznam.cz/en/seznambot-intro/)" "ysfine.com"
77.75.79.95 - - [11/Oct/2022:18:06:46 -0700] "GET /world/russ/mosmetro17.jpg HTTP/1.1" 200 89201 "-" "Mozilla/5.0 (compatible; SeznamBot/3.2; +http://napoveda.seznam.cz/en/seznambot-intro/)" "ysfine.com"
77.75.79.95 - - [11/Oct/2022:18:06:48 -0700] "GET /world/poland/gdn94.jpg HTTP/1.1" 304 - "-" "Mozilla/5.0 (compatible; SeznamBot/3.2; +http://napoveda.seznam.cz/en/seznambot-intro/)" "ysfine.com"
77.75.79.95 - - [11/Oct/2022:18:06:48 -0700] "GET /style/athens05.jpg HTTP/1.1" 200 128877 "-" "Mozilla/5.0 (compatible; SeznamBot/3.2; +http://napoveda.seznam.cz/en/seznambot-intro/)" "ysfine.com"
40.88.21.235 - - [11/Oct/2022:18:06:52 -0700] "GET / HTTP/1.1" 200 5283 "https://ysfine.com/" "Mozilla/5.0 (compatible; DuckDuckGo-Favicons-Bot/1.0; +http://duckduckgo.com)" "ysfine.com"
40.88.21.235 - - [11/Oct/2022:18:06:52 -0700] "GET /favicon.ico HTTP/1.1" 404 88 "https://ysfine.com/favicon.ico" "Mozilla/5.0 (compatible; DuckDuckGo-Favicons-Bot/1.0; +http://duckduckgo.com)" "ysfine.com"
40.88.21.235 - - [11/Oct/2022:18:06:52 -0700] "GET /favicon.ico HTTP/1.1" 404 88 "https://ysfine.com/favicon.ico" "Mozilla/5.0 (compatible; DuckDuckGo-Favicons-Bot/1.0; +http://duckduckgo.com)" "ysfine.com"
114.119.128.162 - - [11/Oct/2022:18:07:29 -0700] "GET /awards/bostein.html HTTP/1.1" 404 88 "https://ysfine.com/awards/marq.html" "Mozilla/5.0 (Linux; Android 7.0;) AppleWebKit/537.36 (KHTML, like Gecko) Mobile Safari/537.36 (compatible; PetalBot;+https://webmaster.petalsearch.com/site/petalbot)" "ysfine.com"
207.46.13.102 - - [11/Oct/2022:18:07:32 -0700] "GET /bio/kowar/war51left.html HTTP/1.1" 404 88 "-" "Mozilla/5.0 AppleWebKit/537.36 (KHTML, like Gecko; compatible; bingbot/2.0; +http://www.bing.com/bingbot.htm) Chrome/103.0.5060.134 Safari/537.36" "ysfine.com"
163.198.121.58 - - [11/Oct/2022:18:07:47 -0700] "GET /bio/world/venice.html HTTP/1.1" 404 88 "https://ysfine.com/" "Mozilla/5.0 (Macintosh; Intel Mac OS X 12.5; rv:102.0) Gecko/20100101 Firefox/102.0" "ysfine.com"
163.198.121.58 - - [11/Oct/2022:18:07:48 -0700] "GET / HTTP/1.1" 200 5283 "https://ysfine.com" "Mozilla/5.0 (Macintosh; Intel Mac OS X 12.5; rv:102.0) Gecko/20100101 Firefox/102.0" "ysfine.com"
157.55.39.58 - - [11/Oct/2022:18:08:09 -0700] "GET /usca/pitt/pitmap03.jpg HTTP/1.1" 200 96378 "-" "Mozilla/5.0 AppleWebKit/537.36 (KHTML, like Gecko; compatible; bingbot/2.0; +http://www.bing.com/bingbot.htm) Chrome/103.0.5060.134 Safari/537.36" "ysfine.com"
207.46.13.102 - - [11/Oct/2022:18:08:11 -0700] "GET /world/russ/kazan004.jpg HTTP/1.1" 200 120550 "-" "Mozilla/5.0 (compatible; bingbot/2.0; +http://www.bing.com/bingbot.htm)" "www.ysfine.com"
40.77.167.27 - - [11/Oct/2022:18:08:45 -0700] "GET /princeton/sbt11a.jpg HTTP/1.1" 200 109936 "-" "Mozilla/5.0 (compatible; bingbot/2.0; +http://www.bing.com/bingbot.htm)" "ysfine.com"
40.77.167.27 - - [11/Oct/2022:18:08:45 -0700] "GET /style/vienopera11.jpg HTTP/1.1" 200 105702 "-" "Mozilla/5.0 (compatible; bingbot/2.0; +http://www.bing.com/bingbot.htm)" "ysfine.com"
173.73.80.118 - - [11/Oct/2022:18:08:53 -0700] "GET /ys11/ HTTP/1.1" 304 - "-" "Mozilla/5.0 (Windows NT 10.0; Win64; x64) AppleWebKit/537.36 (KHTML, like Gecko) Chrome/106.0.0.0 Safari/537.36 Edg/106.0.1370.37" "ysfine.com"
173.73.80.118 - - [11/Oct/2022:18:08:53 -0700] "GET /favicon.ico HTTP/1.1" 404 88 "https://ysfine.com/ys11/" "Mozilla/5.0 (Windows NT 10.0; Win64; x64) AppleWebKit/537.36 (KHTML, like Gecko) Chrome/106.0.0.0 Safari/537.36 Edg/106.0.1370.37" "ysfine.com"
157.55.39.128 - - [11/Oct/2022:18:09:20 -0700] "GET /world/germany/berlin021.jpg HTTP/1.1" 200 106691 "-" "Mozilla/5.0 AppleWebKit/537.36 (KHTML, like Gecko; compatible; bingbot/2.0; +http://www.bing.com/bingbot.htm) Chrome/103.0.5060.134 Safari/537.36" "ysfine.com"
65.108.46.72 - - [11/Oct/2022:18:09:50 -0700] "GET /robots.txt HTTP/1.1" 404 73 "-" "Mozilla/5.0 (compatible; MJ12bot/v1.4.8; http://mj12bot.com/)" "ysfine.com"
65.108.46.72 - - [11/Oct/2022:18:09:52 -0700] "GET /world/brit/etonharrow.html HTTP/1.1" 200 4546 "-" "Mozilla/5.0 (compatible; MJ12bot/v1.4.8; http://mj12bot.com/)" "ysfine.com"
194.27.73.112 - - [11/Oct/2022:18:10:07 -0700] "GET /wigner/supper650.jpg HTTP/1.1" 200 60839 "https://www.google.com/" "Mozilla/5.0 (Windows NT 10.0; Win64; x64) AppleWebKit/537.36 (KHTML, like Gecko) Chrome/106.0.0.0 Safari/537.36" "ysfine.com"
194.27.73.112 - - [11/Oct/2022:18:10:11 -0700] "GET /wigner/lunch.html HTTP/1.1" 200 3105 "https://www.google.com/" "Mozilla/5.0 (Windows NT 10.0; Win64; x64) AppleWebKit/537.36 (KHTML, like Gecko) Chrome/106.0.0.0 Safari/537.36" "ysfine.com"
194.27.73.112 - - [11/Oct/2022:18:10:11 -0700] "GET /wigner/lunch650.jpg HTTP/1.1" 200 76849 "https://ysfine.com/wigner/lunch.html" "Mozilla/5.0 (Windows NT 10.0; Win64; x64) AppleWebKit/537.36 (KHTML, like Gecko) Chrome/106.0.0.0 Safari/537.36" "ysfine.com"
194.27.73.112 - - [11/Oct/2022:18:10:11 -0700] "GET /wigner/supper650.jpg HTTP/1.1" 200 60839 "https://ysfine.com/wigner/lunch.html" "Mozilla/5.0 (Windows NT 10.0; Win64; x64) AppleWebKit/537.36 (KHTML, like Gecko) Chrome/106.0.0.0 Safari/537.36" "ysfine.com"
194.27.73.112 - - [11/Oct/2022:18:10:11 -0700] "GET /wigner/mzero03c.jpg HTTP/1.1" 200 22641 "https://ysfine.com/wigner/lunch.html" "Mozilla/5.0 (Windows NT 10.0; Win64; x64) AppleWebKit/537.36 (KHTML, like Gecko) Chrome/106.0.0.0 Safari/537.36" "ysfine.com"
194.27.73.112 - - [11/Oct/2022:18:10:11 -0700] "GET /wigner/isomor77c.jpg HTTP/1.1" 200 43414 "https://ysfine.com/wigner/lunch.html" "Mozilla/5.0 (Windows NT 10.0; Win64; x64) AppleWebKit/537.36 (KHTML, like Gecko) Chrome/106.0.0.0 Safari/537.36" "ysfine.com"
194.27.73.112 - - [11/Oct/2022:18:10:11 -0700] "GET /wigner/wigwein2.jpg HTTP/1.1" 200 42269 "https://ysfine.com/wigner/lunch.html" "Mozilla/5.0 (Windows NT 10.0; Win64; x64) AppleWebKit/537.36 (KHTML, like Gecko) Chrome/106.0.0.0 Safari/537.36" "ysfine.com"
194.27.73.112 - - [11/Oct/2022:18:10:11 -0700] "GET /wigner/euclid05b.jpg HTTP/1.1" 200 33016 "https://ysfine.com/wigner/lunch.html" "Mozilla/5.0 (Windows NT 10.0; Win64; x64) AppleWebKit/537.36 (KHTML, like Gecko) Chrome/106.0.0.0 Safari/537.36" "ysfine.com"
194.27.73.112 - - [11/Oct/2022:18:10:14 -0700] "GET /favicon.ico HTTP/1.1" 404 88 "https://ysfine.com/wigner/lunch.html" "Mozilla/5.0 (Windows NT 10.0; Win64; x64) AppleWebKit/537.36 (KHTML, like Gecko) Chrome/106.0.0.0 Safari/537.36" "ysfine.com"
207.46.13.102 - - [11/Oct/2022:18:10:20 -0700] "GET /einstein/jsbell01b.jpg HTTP/1.1" 200 33090 "-" "Mozilla/5.0 (compatible; bingbot/2.0; +http://www.bing.com/bingbot.htm)" "ysfine.com"
40.77.167.27 - - [11/Oct/2022:18:10:45 -0700] "GET /world/france/sorbonnef10.jpg HTTP/1.1" 200 123564 "-" "Mozilla/5.0 (compatible; bingbot/2.0; +http://www.bing.com/bingbot.htm)" "www.ysfine.com"
157.55.39.55 - - [11/Oct/2022:18:11:34 -0700] "GET /world/ital/padova09.jpg HTTP/1.1" 200 90335 "-" "Mozilla/5.0 (compatible; bingbot/2.0; +http://www.bing.com/bingbot.htm)" "ysfine.com"
157.55.39.128 - - [11/Oct/2022:18:15:21 -0700] "GET /style/3graces/indilis01.jpg HTTP/1.1" 200 415747 "-" "Mozilla/5.0 AppleWebKit/537.36 (KHTML, like Gecko; compatible; bingbot/2.0; +http://www.bing.com/bingbot.htm) Chrome/103.0.5060.134 Safari/537.36" "ysfine.com"
157.55.39.128 - - [11/Oct/2022:18:15:22 -0700] "GET /world/poland/polstu26.jpg HTTP/1.1" 200 94635 "-" "Mozilla/5.0 (compatible; bingbot/2.0; +http://www.bing.com/bingbot.htm)" "www.ysfine.com"
157.55.39.55 - - [11/Oct/2022:18:15:25 -0700] "GET /bio/style/ystyle.html HTTP/1.1" 404 88 "-" "Mozilla/5.0 AppleWebKit/537.36 (KHTML, like Gecko; compatible; bingbot/2.0; +http://www.bing.com/bingbot.htm) Chrome/103.0.5060.134 Safari/537.36" "ysfine.com"
40.77.167.27 - - [11/Oct/2022:18:16:16 -0700] "GET /people/yuen95.jpg HTTP/1.1" 200 68053 "-" "Mozilla/5.0 AppleWebKit/537.36 (KHTML, like Gecko; compatible; bingbot/2.0; +http://www.bing.com/bingbot.htm) Chrome/103.0.5060.134 Safari/537.36" "ysfine.com"
40.77.167.27 - - [11/Oct/2022:18:16:17 -0700] "GET /philo/further03.jpg HTTP/1.1" 200 75936 "-" "Mozilla/5.0 AppleWebKit/537.36 (KHTML, like Gecko; compatible; bingbot/2.0; +http://www.bing.com/bingbot.htm) Chrome/103.0.5060.134 Safari/537.36" "ysfine.com"
136.243.228.197 - - [11/Oct/2022:18:16:20 -0700] "GET /einstein/einplanck.html HTTP/1.1" 304 - "-" "Mozilla/5.0 (compatible; DataForSeoBot/1.0; +https://dataforseo.com/dataforseo-bot)" "www.ysfine.com"
40.77.167.27 - - [11/Oct/2022:18:17:26 -0700] "GET /wisdom/kimilsong01b.jpg HTTP/1.1" 200 31223 "-" "Mozilla/5.0 AppleWebKit/537.36 (KHTML, like Gecko; compatible; bingbot/2.0; +http://www.bing.com/bingbot.htm) Chrome/103.0.5060.134 Safari/537.36" "ysfine.com"
157.55.39.128 - - [11/Oct/2022:18:17:31 -0700] "GET /world/brit/paddington21.jpg HTTP/1.1" 200 117440 "-" "Mozilla/5.0 (compatible; bingbot/2.0; +http://www.bing.com/bingbot.htm)" "ysfine.com"
157.55.39.128 - - [11/Oct/2022:18:17:51 -0700] "GET /class54/choiyk11c.jpg HTTP/1.1" 200 32210 "-" "Mozilla/5.0 AppleWebKit/537.36 (KHTML, like Gecko; compatible; bingbot/2.0; +http://www.bing.com/bingbot.htm) Chrome/103.0.5060.134 Safari/537.36" "www.ysfine.com"
207.46.13.102 - - [11/Oct/2022:18:18:22 -0700] "GET /world/russ/mosmusic32.jpg HTTP/1.1" 200 101584 "-" "Mozilla/5.0 AppleWebKit/537.36 (KHTML, like Gecko; compatible; bingbot/2.0; +http://www.bing.com/bingbot.htm) Chrome/103.0.5060.134 Safari/537.36" "ysfine.com"
207.46.13.102 - - [11/Oct/2022:18:20:11 -0700] "GET /world/germany/trier19.jpg HTTP/1.1" 200 291717 "-" "Mozilla/5.0 AppleWebKit/537.36 (KHTML, like Gecko; compatible; bingbot/2.0; +http://www.bing.com/bingbot.htm) Chrome/103.0.5060.134 Safari/537.36" "www.ysfine.com"
59.92.167.121 - - [11/Oct/2022:18:20:36 -0700] "GET /maga/phys/inclined11b.jpg HTTP/1.1" 200 35417 "https://www.google.com/" "Mozilla/5.0 (Windows NT 10.0; Win64; x64) AppleWebKit/537.36 (KHTML, like Gecko) Chrome/105.0.0.0 Safari/537.36" "ysfine.com"
157.55.39.58 - - [11/Oct/2022:18:21:00 -0700] "GET /world/ital/venice08.jpg HTTP/1.1" 200 220941 "-" "Mozilla/5.0 AppleWebKit/537.36 (KHTML, like Gecko; compatible; bingbot/2.0; +http://www.bing.com/bingbot.htm) Chrome/103.0.5060.134 Safari/537.36" "ysfine.com"
157.55.39.128 - - [11/Oct/2022:18:21:11 -0700] "GET /world/munich.html HTTP/1.1" 200 3101 "-" "Mozilla/5.0 AppleWebKit/537.36 (KHTML, like Gecko; compatible; bingbot/2.0; +http://www.bing.com/bingbot.htm) Chrome/103.0.5060.134 Safari/537.36" "ysfine.com"
157.55.39.55 - - [11/Oct/2022:18:21:14 -0700] "GET /bio/kobak/shortw.html HTTP/1.1" 404 88 "-" "Mozilla/5.0 (compatible; bingbot/2.0; +http://www.bing.com/bingbot.htm)" "ysfine.com"
157.55.39.58 - - [11/Oct/2022:18:21:15 -0700] "GET /wigner/neupol.html HTTP/1.1" 200 1742 "-" "Mozilla/5.0 AppleWebKit/537.36 (KHTML, like Gecko; compatible; bingbot/2.0; +http://www.bing.com/bingbot.htm) Chrome/103.0.5060.134 Safari/537.36" "ysfine.com"
157.55.39.127 - - [11/Oct/2022:18:21:19 -0700] "GET /style/songs.html HTTP/1.1" 200 31567 "-" "Mozilla/5.0 (compatible; bingbot/2.0; +http://www.bing.com/bingbot.htm)" "ysfine.com"
40.77.167.27 - - [11/Oct/2022:18:21:20 -0700] "GET /world/kazan.html HTTP/1.1" 200 13929 "-" "Mozilla/5.0 (compatible; bingbot/2.0; +http://www.bing.com/bingbot.htm)" "ysfine.com"
207.46.13.102 - - [11/Oct/2022:18:21:26 -0700] "GET /world/russ/kremtheater33.jpg HTTP/1.1" 200 159829 "-" "Mozilla/5.0 (compatible; bingbot/2.0; +http://www.bing.com/bingbot.htm)" "ysfine.com"
207.46.13.102 - - [11/Oct/2022:18:21:26 -0700] "GET /wdc/wasdc.html HTTP/1.1" 200 13715 "-" "Mozilla/5.0 (compatible; bingbot/2.0; +http://www.bing.com/bingbot.htm)" "ysfine.com"
207.46.13.102 - - [11/Oct/2022:18:21:27 -0700] "GET /world/russ/dubnaf.html HTTP/1.1" 200 1239 "-" "Mozilla/5.0 (compatible; bingbot/2.0; +http://www.bing.com/bingbot.htm)" "ysfine.com"
207.46.13.102 - - [11/Oct/2022:18:21:27 -0700] "GET /feynman/feykant.html HTTP/1.1" 200 3350 "-" "Mozilla/5.0 AppleWebKit/537.36 (KHTML, like Gecko; compatible; bingbot/2.0; +http://www.bing.com/bingbot.htm) Chrome/103.0.5060.134 Safari/537.36" "ysfine.com"
207.46.13.102 - - [11/Oct/2022:18:21:27 -0700] "GET /world/russ/dubna.html HTTP/1.1" 200 1205 "-" "Mozilla/5.0 AppleWebKit/537.36 (KHTML, like Gecko; compatible; bingbot/2.0; +http://www.bing.com/bingbot.htm) Chrome/103.0.5060.134 Safari/537.36" "ysfine.com"
207.46.13.102 - - [11/Oct/2022:18:21:35 -0700] "GET /jakella/index.html HTTP/1.1" 200 1693 "-" "Mozilla/5.0 (compatible; bingbot/2.0; +http://www.bing.com/bingbot.htm)" "ysfine.com"
157.55.39.55 - - [11/Oct/2022:18:21:35 -0700] "GET /philo/marx.html HTTP/1.1" 200 6465 "-" "Mozilla/5.0 AppleWebKit/537.36 (KHTML, like Gecko; compatible; bingbot/2.0; +http://www.bing.com/bingbot.htm) Chrome/103.0.5060.134 Safari/537.36" "ysfine.com"
207.46.13.102 - - [11/Oct/2022:18:21:35 -0700] "GET /world/paris HTTP/1.1" 200 18129 "-" "Mozilla/5.0 (compatible; bingbot/2.0; +http://www.bing.com/bingbot.htm)" "ysfine.com"
40.77.167.27 - - [11/Oct/2022:18:21:36 -0700] "GET /world/poland/polstu16b.jpg HTTP/1.1" 200 29745 "-" "Mozilla/5.0 (compatible; bingbot/2.0; +http://www.bing.com/bingbot.htm)" "www.ysfine.com"
157.55.39.127 - - [11/Oct/2022:18:21:30 -0700] "GET /world/russ/?C=M;O=A HTTP/1.1" 200 17106 "-" "Mozilla/5.0 (compatible; bingbot/2.0; +http://www.bing.com/bingbot.htm)" "ysfine.com"
157.55.39.127 - - [11/Oct/2022:18:21:37 -0700] "GET /archives/proceedings/boston/castel.html HTTP/1.1" 200 631 "-" "Mozilla/5.0 AppleWebKit/537.36 (KHTML, like Gecko; compatible; bingbot/2.0; +http://www.bing.com/bingbot.htm) Chrome/103.0.5060.134 Safari/537.36" "ysfine.com"
157.55.39.58 - - [11/Oct/2022:18:21:41 -0700] "GET /princeton/car06.jpg HTTP/1.1" 200 72390 "-" "Mozilla/5.0 (compatible; bingbot/2.0; +http://www.bing.com/bingbot.htm)" "www.ysfine.com"
157.55.39.128 - - [11/Oct/2022:18:22:00 -0700] "GET /world/russ/koryo22.jpg HTTP/1.1" 200 94901 "-" "Mozilla/5.0 AppleWebKit/537.36 (KHTML, like Gecko; compatible; bingbot/2.0; +http://www.bing.com/bingbot.htm) Chrome/103.0.5060.134 Safari/537.36" "ysfine.com"
157.55.39.127 - - [11/Oct/2022:18:22:39 -0700] "GET /kowar/tanks/tank22.jpg HTTP/1.1" 200 85692 "-" "Mozilla/5.0 (compatible; bingbot/2.0; +http://www.bing.com/bingbot.htm)" "www.ysfine.com"
157.55.39.127 - - [11/Oct/2022:18:23:20 -0700] "GET /world/china/qingdao08.jpg HTTP/1.1" 200 118012 "-" "Mozilla/5.0 AppleWebKit/537.36 (KHTML, like Gecko; compatible; bingbot/2.0; +http://www.bing.com/bingbot.htm) Chrome/103.0.5060.134 Safari/537.36" "ysfine.com"
174.210.228.2 - - [11/Oct/2022:18:24:12 -0700] "GET /maga/phys/landau35b.jpg HTTP/1.1" 200 26143 "https://www.google.com/" "Mozilla/5.0 (Linux; Android 12; SM-G998U) AppleWebKit/537.36 (KHTML, like Gecko) Chrome/106.0.0.0 Mobile Safari/537.36" "ysfine.com"
157.55.39.55 - - [11/Oct/2022:18:25:55 -0700] "GET /princeton/car01.jpg HTTP/1.1" 200 78000 "-" "Mozilla/5.0 AppleWebKit/537.36 (KHTML, like Gecko; compatible; bingbot/2.0; +http://www.bing.com/bingbot.htm) Chrome/103.0.5060.134 Safari/537.36" "www.ysfine.com"
187.146.122.50 - - [11/Oct/2022:18:26:43 -0700] "GET /maga/phys/schrod11.jpg HTTP/1.1" 200 107958 "https://www.bing.com/" "Mozilla/5.0 (Windows NT 10.0; Win64; x64) AppleWebKit/537.36 (KHTML, like Gecko) Chrome/106.0.0.0 Safari/537.36 Edg/106.0.1370.37" "www.ysfine.com"
157.55.39.55 - - [11/Oct/2022:18:27:56 -0700] "GET /style/cameras/lumixfan11.jpg HTTP/1.1" 200 81585 "-" "Mozilla/5.0 (compatible; bingbot/2.0; +http://www.bing.com/bingbot.htm)" "www.ysfine.com"
157.55.39.55 - - [11/Oct/2022:18:30:26 -0700] "GET /usca/vegas/caesar10.jpg HTTP/1.1" 200 102896 "-" "Mozilla/5.0 (compatible; bingbot/2.0; +http://www.bing.com/bingbot.htm)" "www.ysfine.com"
157.55.39.127 - - [11/Oct/2022:18:30:41 -0700] "GET /people/tollwig.jpg HTTP/1.1" 200 111433 "-" "Mozilla/5.0 AppleWebKit/537.36 (KHTML, like Gecko; compatible; bingbot/2.0; +http://www.bing.com/bingbot.htm) Chrome/103.0.5060.134 Safari/537.36" "ysfine.com"
117.99.200.161 - - [11/Oct/2022:18:31:18 -0700] "GET /heisen/bohrheisen11.jpg HTTP/1.1" 200 104546 "https://www.google.com/" "Mozilla/5.0 (Linux; Android 11; V2069 Build/RP1A.200720.012; wv) AppleWebKit/537.36 (KHTML, like Gecko) Version/4.0 Chrome/83.0.4103.106 Mobile Safari/537.36 GoogleApp/13.23.14.26.arm64" "ysfine.com"
117.99.200.161 - - [11/Oct/2022:18:31:23 -0700] "GET /einstein/einbohr33.jpg HTTP/1.1" 200 87797 "https://www.google.com/" "Mozilla/5.0 (Linux; Android 11; V2069 Build/RP1A.200720.012; wv) AppleWebKit/537.36 (KHTML, like Gecko) Version/4.0 Chrome/83.0.4103.106 Mobile Safari/537.36 GoogleApp/13.23.14.26.arm64" "ysfine.com"
117.99.200.161 - - [11/Oct/2022:18:31:26 -0700] "GET /einstein/einbohr33.jpg HTTP/1.1" 200 87797 "https://www.google.com/" "Mozilla/5.0 (Linux; Android 11; V2069 Build/RP1A.200720.012; wv) AppleWebKit/537.36 (KHTML, like Gecko) Version/4.0 Chrome/83.0.4103.106 Mobile Safari/537.36 GoogleApp/13.23.14.26.arm64" "ysfine.com"
117.99.200.161 - - [11/Oct/2022:18:31:29 -0700] "GET /einstein/einbohr33.jpg HTTP/1.1" 200 87797 "https://www.google.com/" "Mozilla/5.0 (Linux; Android 11; V2069 Build/RP1A.200720.012; wv) AppleWebKit/537.36 (KHTML, like Gecko) Version/4.0 Chrome/83.0.4103.106 Mobile Safari/537.36 GoogleApp/13.23.14.26.arm64" "ysfine.com"
24.96.41.59 - - [11/Oct/2022:18:31:30 -0700] "GET /princeton/gcollege08.jpg HTTP/1.1" 200 81357 "https://www.google.com/" "Mozilla/5.0 (Windows NT 10.0; Win64; x64) AppleWebKit/537.36 (KHTML, like Gecko) Chrome/105.0.0.0 Safari/537.36" "ysfine.com"
117.99.200.161 - - [11/Oct/2022:18:31:35 -0700] "GET /heisen/bohrheisen11.jpg HTTP/1.1" 200 104546 "https://www.google.com/" "Mozilla/5.0 (Linux; Android 11; V2069 Build/RP1A.200720.012; wv) AppleWebKit/537.36 (KHTML, like Gecko) Version/4.0 Chrome/83.0.4103.106 Mobile Safari/537.36 GoogleApp/13.23.14.26.arm64" "ysfine.com"
117.99.200.161 - - [11/Oct/2022:18:31:37 -0700] "GET /einstein/einbohr33.jpg HTTP/1.1" 200 87797 "https://www.google.com/" "Mozilla/5.0 (Linux; Android 11; V2069 Build/RP1A.200720.012; wv) AppleWebKit/537.36 (KHTML, like Gecko) Version/4.0 Chrome/83.0.4103.106 Mobile Safari/537.36 GoogleApp/13.23.14.26.arm64" "ysfine.com"
117.99.200.161 - - [11/Oct/2022:18:31:40 -0700] "GET /einstein/einbohr33.jpg HTTP/1.1" 200 87797 "https://www.google.com/" "Mozilla/5.0 (Linux; Android 11; V2069 Build/RP1A.200720.012; wv) AppleWebKit/537.36 (KHTML, like Gecko) Version/4.0 Chrome/83.0.4103.106 Mobile Safari/537.36 GoogleApp/13.23.14.26.arm64" "ysfine.com"
157.55.39.127 - - [11/Oct/2022:18:31:40 -0700] "GET /feynman/feybongo.jpg HTTP/1.1" 200 47448 "-" "Mozilla/5.0 (compatible; bingbot/2.0; +http://www.bing.com/bingbot.htm)" "www.ysfine.com"
157.55.39.128 - - [11/Oct/2022:18:31:43 -0700] "GET /bio/world/brit/lontaxi.html HTTP/1.1" 404 88 "-" "Mozilla/5.0 (compatible; bingbot/2.0; +http://www.bing.com/bingbot.htm)" "ysfine.com"
157.55.39.58 - - [11/Oct/2022:18:32:20 -0700] "GET /saram/g127.jpg HTTP/1.1" 200 131701 "-" "Mozilla/5.0 (compatible; bingbot/2.0; +http://www.bing.com/bingbot.htm)" "www.ysfine.com"
77.75.73.26 - - [11/Oct/2022:18:32:59 -0700] "GET /manko/index.html HTTP/1.1" 304 - "-" "Mozilla/5.0 (compatible; SeznamBot/4.0-RC1; +http://napoveda.seznam.cz/seznambot-intro/)" "ysfine.com"
207.46.13.102 - - [11/Oct/2022:18:33:12 -0700] "GET /style/yerevano22.jpg HTTP/1.1" 200 86088 "-" "Mozilla/5.0 (compatible; bingbot/2.0; +http://www.bing.com/bingbot.htm)" "ysfine.com"
157.55.39.128 - - [11/Oct/2022:18:34:03 -0700] "GET /bio/einstein/photoel.html HTTP/1.1" 404 88 "-" "Mozilla/5.0 AppleWebKit/537.36 (KHTML, like Gecko; compatible; bingbot/2.0; +http://www.bing.com/bingbot.htm) Chrome/103.0.5060.134 Safari/537.36" "ysfine.com"
207.46.13.102 - - [11/Oct/2022:18:34:15 -0700] "GET /bio/wdc/umdbarn.html HTTP/1.1" 404 88 "-" "Mozilla/5.0 (compatible; bingbot/2.0; +http://www.bing.com/bingbot.htm)" "ysfine.com"
157.55.39.128 - - [11/Oct/2022:18:34:42 -0700] "GET /home/figs/sq55c.jpg HTTP/1.1" 200 29581 "-" "Mozilla/5.0 (compatible; bingbot/2.0; +http://www.bing.com/bingbot.htm)" "ysfine.com"
157.55.39.128 - - [11/Oct/2022:18:36:52 -0700] "GET /home/wsj21a.jpg HTTP/1.1" 200 118092 "-" "Mozilla/5.0 AppleWebKit/537.36 (KHTML, like Gecko; compatible; bingbot/2.0; +http://www.bing.com/bingbot.htm) Chrome/103.0.5060.134 Safari/537.36" "www.ysfine.com"
157.55.39.55 - - [11/Oct/2022:18:36:56 -0700] "GET /galileo.html HTTP/1.1" 404 88 "-" "Mozilla/5.0 AppleWebKit/537.36 (KHTML, like Gecko; compatible; bingbot/2.0; +http://www.bing.com/bingbot.htm) Chrome/103.0.5060.134 Safari/537.36" "ysfine.com"
157.55.39.58 - - [11/Oct/2022:18:37:02 -0700] "GET /yspapers/ortho66c.jpg HTTP/1.1" 200 27511 "-" "Mozilla/5.0 (compatible; bingbot/2.0; +http://www.bing.com/bingbot.htm)" "ysfine.com"
207.46.13.102 - - [11/Oct/2022:18:37:14 -0700] "GET /bio/einstein/bern.html HTTP/1.1" 404 88 "-" "Mozilla/5.0 AppleWebKit/537.36 (KHTML, like Gecko; compatible; bingbot/2.0; +http://www.bing.com/bingbot.htm) Chrome/103.0.5060.134 Safari/537.36" "ysfine.com"
114.119.128.162 - - [11/Oct/2022:18:37:18 -0700] "GET /ffriends/russvegas01c.jpg HTTP/1.1" 200 45094 "http://ysfine.com/ffriends/garden.html" "Mozilla/5.0 (Linux; Android 7.0;) AppleWebKit/537.36 (KHTML, like Gecko) Mobile Safari/537.36 (compatible; PetalBot;+https://webmaster.petalsearch.com/site/petalbot)" "ysfine.com"
197.22.85.176 - - [11/Oct/2022:18:37:43 -0700] "GET /kobak/rhee28b.jpg HTTP/1.1" 200 58445 "https://www.bing.com/" "Mozilla/5.0 (Windows NT 10.0; Win64; x64) AppleWebKit/537.36 (KHTML, like Gecko) Chrome/106.0.0.0 Safari/537.36 Edg/106.0.1370.37" "www.ysfine.com"
157.55.39.127 - - [11/Oct/2022:18:39:51 -0700] "GET /world/baltic/riga23.jpg HTTP/1.1" 200 103093 "-" "Mozilla/5.0 AppleWebKit/537.36 (KHTML, like Gecko; compatible; bingbot/2.0; +http://www.bing.com/bingbot.htm) Chrome/103.0.5060.134 Safari/537.36" "ysfine.com"
190.88.53.198 - - [11/Oct/2022:18:41:50 -0700] "GET /world/baltic/kalin02.jpg HTTP/1.1" 200 89989 "https://www.google.com/" "Mozilla/5.0 (iPhone; CPU iPhone OS 15_6_1 like Mac OS X) AppleWebKit/605.1.15 (KHTML, like Gecko) Version/15.6.1 Mobile/15E148 Safari/604.1" "ysfine.com"
157.55.39.127 - - [11/Oct/2022:18:41:51 -0700] "GET /world/ital/venice29.jpg HTTP/1.1" 200 239826 "-" "Mozilla/5.0 AppleWebKit/537.36 (KHTML, like Gecko; compatible; bingbot/2.0; +http://www.bing.com/bingbot.htm) Chrome/103.0.5060.134 Safari/537.36" "www.ysfine.com"
68.37.226.141 - - [11/Oct/2022:18:41:53 -0700] "GET /maga/phys/yukafeyn.jpg HTTP/1.1" 200 111167 "https://www.google.com/" "Mozilla/5.0 (Macintosh; Intel Mac OS X 10_15_7) AppleWebKit/605.1.15 (KHTML, like Gecko) Version/15.4 Safari/605.1.15" "ysfine.com"
104.5.54.192 - - [11/Oct/2022:18:42:10 -0700] "GET /einstein/places/einha05.jpg HTTP/1.1" 200 138021 "https://www.google.com/" "Mozilla/5.0 (iPhone; CPU iPhone OS 16_0 like Mac OS X) AppleWebKit/605.1.15 (KHTML, like Gecko) Version/16.0 Mobile/15E148 Safari/604.1" "ysfine.com"
157.55.39.128 - - [11/Oct/2022:18:42:13 -0700] "GET /world/germany/hegel22.jpg HTTP/1.1" 200 68698 "-" "Mozilla/5.0 (compatible; bingbot/2.0; +http://www.bing.com/bingbot.htm)" "ysfine.com"
157.55.39.58 - - [11/Oct/2022:18:42:42 -0700] "GET /wdc/whxmas/whxmas12.jpg HTTP/1.1" 200 85147 "-" "Mozilla/5.0 AppleWebKit/537.36 (KHTML, like Gecko; compatible; bingbot/2.0; +http://www.bing.com/bingbot.htm) Chrome/103.0.5060.134 Safari/537.36" "ysfine.com"
157.55.39.127 - - [11/Oct/2022:18:42:52 -0700] "GET /bio/feynman/feynbot.html HTTP/1.1" 404 88 "-" "Mozilla/5.0 (compatible; bingbot/2.0; +http://www.bing.com/bingbot.htm)" "ysfine.com"
73.135.129.117 - - [11/Oct/2022:18:42:58 -0700] "GET /wdc/usna14.jpg HTTP/1.1" 200 98975 "https://www.google.com/" "Mozilla/5.0 (Macintosh; Intel Mac OS X 10.15; rv:105.0) Gecko/20100101 Firefox/105.0" "ysfine.com"
73.135.129.117 - - [11/Oct/2022:18:43:00 -0700] "GET /wdc/usna26.jpg HTTP/1.1" 200 143743 "https://www.google.com/" "Mozilla/5.0 (Macintosh; Intel Mac OS X 10.15; rv:105.0) Gecko/20100101 Firefox/105.0" "ysfine.com"
157.55.39.55 - - [11/Oct/2022:18:43:07 -0700] "GET /bio/style/ystyle.html HTTP/1.1" 404 88 "-" "Mozilla/5.0 (compatible; bingbot/2.0; +http://www.bing.com/bingbot.htm)" "ysfine.com"
104.5.54.192 - - [11/Oct/2022:18:43:13 -0700] "GET /einstein/places/einha01.jpg HTTP/1.1" 200 75624 "https://www.google.com/" "Mozilla/5.0 (iPhone; CPU iPhone OS 16_0 like Mac OS X) AppleWebKit/605.1.15 (KHTML, like Gecko) Version/16.0 Mobile/15E148 Safari/604.1" "ysfine.com"
173.252.87.8 - - [11/Oct/2022:18:43:29 -0700] "GET /maga/invent/eisenstein01b.jpg HTTP/1.1" 200 50445 "-" "facebookexternalhit/1.1 (+http://www.facebook.com/externalhit_uatext.php)" "ysfine.com"
207.46.13.102 - - [11/Oct/2022:18:44:24 -0700] "GET /world/russ/redsq01.jpg HTTP/1.1" 200 68420 "-" "Mozilla/5.0 AppleWebKit/537.36 (KHTML, like Gecko; compatible; bingbot/2.0; +http://www.bing.com/bingbot.htm) Chrome/103.0.5060.134 Safari/537.36" "www.ysfine.com"
157.55.39.55 - - [11/Oct/2022:18:45:08 -0700] "GET /einstein/further07.jpg HTTP/1.1" 200 56279 "-" "Mozilla/5.0 (compatible; bingbot/2.0; +http://www.bing.com/bingbot.htm)" "ysfine.com"
157.55.39.128 - - [11/Oct/2022:18:47:04 -0700] "GET /princeton/pros06.jpg HTTP/1.1" 200 76933 "-" "Mozilla/5.0 (compatible; bingbot/2.0; +http://www.bing.com/bingbot.htm)" "ysfine.com"
77.88.5.245 - - [11/Oct/2022:18:47:15 -0700] "GET /maga/boltzmann.html HTTP/1.1" 200 6052 "-" "Mozilla/5.0 (compatible; YandexBot/3.0; +http://yandex.com/bots)" "www.ysfine.com"
157.55.39.55 - - [11/Oct/2022:18:47:29 -0700] "GET /home/resonance11.jpg HTTP/1.1" 200 55090 "-" "Mozilla/5.0 AppleWebKit/537.36 (KHTML, like Gecko; compatible; bingbot/2.0; +http://www.bing.com/bingbot.htm) Chrome/103.0.5060.134 Safari/537.36" "ysfine.com"
66.249.66.44 - - [11/Oct/2022:18:48:16 -0700] "GET /world/ital/genoa12b.jpg HTTP/1.1" 200 31329 "-" "Googlebot-Image/1.0" "ysfine.com"
77.88.5.126 - - [11/Oct/2022:18:49:18 -0700] "GET /usca/norl/bour21,jpg HTTP/1.1" 404 88 "-" "Mozilla/5.0 (compatible; YandexBot/3.0; +http://yandex.com/bots)" "www.ysfine.com"
77.88.5.245 - - [11/Oct/2022:18:51:17 -0700] "GET /robots.txt HTTP/1.1" 404 73 "-" "Mozilla/5.0 (compatible; YandexBot/3.0; +http://yandex.com/bots)" "ysfine.com"
93.158.161.40 - - [11/Oct/2022:18:51:21 -0700] "GET /world/russ/basil04.jpg HTTP/1.1" 200 74303 "-" "Mozilla/5.0 (compatible; YandexImages/3.0; +http://yandex.com/bots)" "ysfine.com"
189.189.187.221 - - [11/Oct/2022:18:53:18 -0700] "GET /maga/phys/schrod11.jpg HTTP/1.1" 200 107958 "https://www.bing.com/" "Mozilla/5.0 (Windows NT 10.0; Win64; x64) AppleWebKit/537.36 (KHTML, like Gecko) Chrome/106.0.0.0 Safari/537.36 Edg/106.0.1370.42" "www.ysfine.com"
207.46.13.102 - - [11/Oct/2022:18:53:44 -0700] "GET /people/facu63.jpg HTTP/1.1" 200 255387 "-" "Mozilla/5.0 (compatible; bingbot/2.0; +http://www.bing.com/bingbot.htm)" "ysfine.com"
157.55.39.55 - - [11/Oct/2022:18:54:18 -0700] "GET /world/hungary/hunband01b.jpg HTTP/1.1" 200 46280 "-" "Mozilla/5.0 (compatible; bingbot/2.0; +http://www.bing.com/bingbot.htm)" "ysfine.com"
157.55.39.55 - - [11/Oct/2022:18:54:19 -0700] "GET /bio/einstein/eincopen.html HTTP/1.1" 404 88 "-" "Mozilla/5.0 AppleWebKit/537.36 (KHTML, like Gecko; compatible; bingbot/2.0; +http://www.bing.com/bingbot.htm) Chrome/103.0.5060.134 Safari/537.36" "ysfine.com"
157.55.39.58 - - [11/Oct/2022:18:54:43 -0700] "GET /eink/eink26a.jpg HTTP/1.1" 200 48279 "-" "Mozilla/5.0 (compatible; bingbot/2.0; +http://www.bing.com/bingbot.htm)" "ysfine.com"
207.46.13.102 - - [11/Oct/2022:18:54:55 -0700] "GET /wdc/washmo07b.jpg HTTP/1.1" 200 34166 "-" "Mozilla/5.0 AppleWebKit/537.36 (KHTML, like Gecko; compatible; bingbot/2.0; +http://www.bing.com/bingbot.htm) Chrome/103.0.5060.134 Safari/537.36" "www.ysfine.com"
207.46.13.102 - - [11/Oct/2022:18:54:55 -0700] "GET /world/germany/leipzig41.jpg HTTP/1.1" 200 247799 "-" "Mozilla/5.0 (compatible; bingbot/2.0; +http://www.bing.com/bingbot.htm)" "www.ysfine.com"
207.46.13.102 - - [11/Oct/2022:18:55:25 -0700] "GET /bio/style/leica.html HTTP/1.1" 404 88 "-" "Mozilla/5.0 (compatible; bingbot/2.0; +http://www.bing.com/bingbot.htm)" "ysfine.com"
157.55.39.127 - - [11/Oct/2022:18:55:32 -0700] "GET /world/ital/murano12.jpg HTTP/1.1" 200 81860 "-" "Mozilla/5.0 AppleWebKit/537.36 (KHTML, like Gecko; compatible; bingbot/2.0; +http://www.bing.com/bingbot.htm) Chrome/103.0.5060.134 Safari/537.36" "ysfine.com"
207.46.13.102 - - [11/Oct/2022:18:56:16 -0700] "GET /bio/feynman/illusf.pdf HTTP/1.1" 404 88 "-" "Mozilla/5.0 AppleWebKit/537.36 (KHTML, like Gecko; compatible; bingbot/2.0; +http://www.bing.com/bingbot.htm) Chrome/103.0.5060.134 Safari/537.36" "ysfine.com"
73.189.152.53 - - [11/Oct/2022:18:56:50 -0700] "GET /princeton/alexan22.jpg HTTP/1.1" 200 175436 "https://www.google.com/" "Mozilla/5.0 (iPhone; CPU iPhone OS 15_6_1 like Mac OS X) AppleWebKit/605.1.15 (KHTML, like Gecko) Version/15.6.1 Mobile/15E148 Safari/604.1" "ysfine.com"
73.189.152.53 - - [11/Oct/2022:18:57:11 -0700] "GET /princeton/withers01.jpg HTTP/1.1" 200 113946 "https://www.google.com/" "Mozilla/5.0 (iPhone; CPU iPhone OS 15_6_1 like Mac OS X) AppleWebKit/605.1.15 (KHTML, like Gecko) Version/15.6.1 Mobile/15E148 Safari/604.1" "ysfine.com"
157.55.39.58 - - [11/Oct/2022:18:57:25 -0700] "GET /wdc/wasmap11.jpg HTTP/1.1" 200 90827 "-" "Mozilla/5.0 AppleWebKit/537.36 (KHTML, like Gecko; compatible; bingbot/2.0; +http://www.bing.com/bingbot.htm) Chrome/103.0.5060.134 Safari/537.36" "ysfine.com"
207.46.13.102 - - [11/Oct/2022:18:57:25 -0700] "GET /princeton/rheepr01c.jpg HTTP/1.1" 200 33538 "-" "Mozilla/5.0 (compatible; bingbot/2.0; +http://www.bing.com/bingbot.htm)" "www.ysfine.com"
203.179.14.225 - - [11/Oct/2022:18:58:53 -0700] "GET /maga/phys/yukawa00.jpg HTTP/1.1" 200 84885 "https://www.bing.com/" "Mozilla/5.0 (Windows NT 10.0; Win64; x64) AppleWebKit/537.36 (KHTML, like Gecko) Chrome/106.0.0.0 Safari/537.36 Edg/106.0.1370.37" "ysfine.com"
203.179.14.225 - - [11/Oct/2022:18:58:54 -0700] "GET /favicon.ico HTTP/1.1" 404 88 "https://ysfine.com/maga/phys/yukawa00.jpg" "Mozilla/5.0 (Windows NT 10.0; Win64; x64) AppleWebKit/537.36 (KHTML, like Gecko) Chrome/106.0.0.0 Safari/537.36 Edg/106.0.1370.37" "ysfine.com"
77.88.5.233 - - [11/Oct/2022:18:59:19 -0700] "GET /world/poland/polstu25.jpg HTTP/1.1" 200 113851 "-" "Mozilla/5.0 (compatible; YandexImages/3.0; +http://yandex.com/bots)" "www.ysfine.com"
157.55.39.55 - - [11/Oct/2022:19:00:19 -0700] "GET /kobak/rhee48b.jpg HTTP/1.1" 200 53936 "-" "Mozilla/5.0 AppleWebKit/537.36 (KHTML, like Gecko; compatible; bingbot/2.0; +http://www.bing.com/bingbot.htm) Chrome/103.0.5060.134 Safari/537.36" "ysfine.com"
207.46.13.102 - - [11/Oct/2022:19:00:56 -0700] "GET /bio/newyork/index.html HTTP/1.1" 404 88 "-" "Mozilla/5.0 AppleWebKit/537.36 (KHTML, like Gecko; compatible; bingbot/2.0; +http://www.bing.com/bingbot.htm) Chrome/103.0.5060.134 Safari/537.36" "ysfine.com"
77.88.5.46 - - [11/Oct/2022:19:03:13 -0700] "GET /robots.txt HTTP/1.1" 404 73 "-" "Mozilla/5.0 (compatible; YandexBot/3.0; +http://yandex.com/bots)" "ysfine.com"
24.16.205.237 - - [11/Oct/2022:19:03:13 -0700] "GET /maga/histo/oscar33.jpg HTTP/1.1" 200 140181 "https://www.bing.com/" "Mozilla/5.0 (Linux; Android 9; KFTRWI) AppleWebKit/537.36 (KHTML, like Gecko) Silk/104.2.16 like Chrome/104.0.5112.114 Safari/537.36" "www.ysfine.com"
77.88.5.126 - - [11/Oct/2022:19:03:19 -0700] "GET /world/baltic/kalin30.jpg HTTP/1.1" 200 94863 "-" "Mozilla/5.0 (compatible; YandexImages/3.0; +http://yandex.com/bots)" "ysfine.com"
77.88.5.126 - - [11/Oct/2022:19:03:36 -0700] "GET /world/baltic/kalin30.jpg HTTP/1.1" 200 94863 "-" "Mozilla/5.0 (compatible; YandexImages/3.0; +http://yandex.com/bots)" "ysfine.com"
66.249.66.44 - - [11/Oct/2022:19:03:41 -0700] "GET /wigner/gim/gimn37.jpg HTTP/1.1" 200 126136 "-" "Googlebot-Image/1.0" "ysfine.com"
157.55.39.127 - - [11/Oct/2022:19:03:54 -0700] "GET /usca/pitt/cmall04.jpg HTTP/1.1" 200 70991 "-" "Mozilla/5.0 (compatible; bingbot/2.0; +http://www.bing.com/bingbot.htm)" "www.ysfine.com"
85.128.143.24 - - [11/Oct/2022:19:04:06 -0700] "HEAD /princeton/gcollege22.jpg HTTP/1.1" 200 - "http://ekolaczki.pl" "Mozilla/5.0 (Windows NT 10.0; Win64; x64) AppleWebKit/537.36 (KHTML, like Gecko) Chrome/70.0.3538.102 Safari/537.36" "ysfine.com"
85.128.143.24 - - [11/Oct/2022:19:04:07 -0700] "GET /princeton/gcollege22.jpg HTTP/1.1" 206 2049 "http://ekolaczki.pl" "Mozilla/5.0 (Windows NT 10.0; Win64; x64) AppleWebKit/537.36 (KHTML, like Gecko) Chrome/70.0.3538.102 Safari/537.36" "ysfine.com"
207.46.13.102 - - [11/Oct/2022:19:04:37 -0700] "GET /bio/einstein/bern.html HTTP/1.1" 404 88 "-" "Mozilla/5.0 AppleWebKit/537.36 (KHTML, like Gecko; compatible; bingbot/2.0; +http://www.bing.com/bingbot.htm) Chrome/103.0.5060.134 Safari/537.36" "ysfine.com"
157.55.39.127 - - [11/Oct/2022:19:05:03 -0700] "GET /world/baltic/lithu24.jpg HTTP/1.1" 200 95279 "-" "Mozilla/5.0 (compatible; bingbot/2.0; +http://www.bing.com/bingbot.htm)" "ysfine.com"
173.76.239.232 - - [11/Oct/2022:19:05:53 -0700] "GET /princeton/alexan22.jpg HTTP/1.1" 200 175436 "https://www.google.com/" "Mozilla/5.0 (iPhone; CPU iPhone OS 16_0_2 like Mac OS X) AppleWebKit/605.1.15 (KHTML, like Gecko) Version/16.0 Mobile/15E148 Safari/604.1" "ysfine.com"
52.143.241.111 - - [11/Oct/2022:19:06:27 -0700] "GET /maga/histo/swedking01.jpg HTTP/1.1" 200 150012 "http://ysfine.com/maga/histo/swedking01.jpg" "DuckDuckBot/1.1; (+http://duckduckgo.com/duckduckbot.html)" "ysfine.com"
99.239.233.124 - - [11/Oct/2022:19:06:56 -0700] "GET /people/tollwig.jpg HTTP/1.1" 200 111433 "https://www.google.ca/" "Mozilla/5.0 (Windows NT 10.0; Win64; x64) AppleWebKit/537.36 (KHTML, like Gecko) Chrome/106.0.0.0 Safari/537.36 Edg/106.0.1370.37" "ysfine.com"
157.55.39.127 - - [11/Oct/2022:19:07:24 -0700] "GET /world/russ/kazan054b.jpg HTTP/1.1" 200 29447 "-" "Mozilla/5.0 (compatible; bingbot/2.0; +http://www.bing.com/bingbot.htm)" "www.ysfine.com"
157.55.39.127 - - [11/Oct/2022:19:09:33 -0700] "GET /style/klauder33b.jpg HTTP/1.1" 200 48434 "-" "Mozilla/5.0 AppleWebKit/537.36 (KHTML, like Gecko; compatible; bingbot/2.0; +http://www.bing.com/bingbot.htm) Chrome/103.0.5060.134 Safari/537.36" "ysfine.com"
40.77.167.27 - - [11/Oct/2022:19:09:44 -0700] "GET /ffriends/russyerevan01.jpg HTTP/1.1" 200 65391 "-" "Mozilla/5.0 (compatible; bingbot/2.0; +http://www.bing.com/bingbot.htm)" "ysfine.com"
129.126.39.176 - - [11/Oct/2022:19:10:24 -0700] "GET /kowar/tanks/tank03.jpg HTTP/1.1" 200 106726 "https://www.google.com/" "Mozilla/5.0 (X11; CrOS x86_64 14989.107.0) AppleWebKit/537.36 (KHTML, like Gecko) Chrome/105.0.0.0 Safari/537.36" "ysfine.com"
157.55.39.55 - - [11/Oct/2022:19:10:30 -0700] "GET /bio/style/ystyle.html HTTP/1.1" 404 88 "-" "Mozilla/5.0 (compatible; bingbot/2.0; +http://www.bing.com/bingbot.htm)" "ysfine.com"
49.37.44.134 - - [11/Oct/2022:19:10:31 -0700] "GET /feynman/fthesis.html HTTP/1.1" 200 144 "https://www.google.com/url?q=https://ysfine.com/feynman/fthesis.html&sa=U&ved=2ahUKEwjyxeelztn6AhVFw3MBHdxpC5o4ChAWegQICxAB&usg=AOvVaw0uC0bdBKZbb4UcREf2sdA0" "Mozilla/5.0 (iPad; CPU OS 15_6 like Mac OS X) AppleWebKit/605.1.15 (KHTML, like Gecko) GSA/232.0.476785961 Mobile/15E148 Safari/604.1" "ysfine.com"
49.37.44.134 - - [11/Oct/2022:19:10:32 -0700] "GET /feynman/fthtop.html HTTP/1.1" 200 395 "https://ysfine.com/feynman/fthesis.html" "Mozilla/5.0 (iPad; CPU OS 15_6 like Mac OS X) AppleWebKit/605.1.15 (KHTML, like Gecko) GSA/232.0.476785961 Mobile/15E148 Safari/604.1" "ysfine.com"
49.37.44.134 - - [11/Oct/2022:19:10:32 -0700] "GET /feynman/fthbot.html HTTP/1.1" 200 691 "https://ysfine.com/feynman/fthesis.html" "Mozilla/5.0 (iPad; CPU OS 15_6 like Mac OS X) AppleWebKit/605.1.15 (KHTML, like Gecko) GSA/232.0.476785961 Mobile/15E148 Safari/604.1" "ysfine.com"
49.37.44.134 - - [11/Oct/2022:19:10:32 -0700] "GET /feynman/feyprince.jpg HTTP/1.1" 200 62002 "https://ysfine.com/feynman/fthbot.html" "Mozilla/5.0 (iPad; CPU OS 15_6 like Mac OS X) AppleWebKit/605.1.15 (KHTML, like Gecko) GSA/232.0.476785961 Mobile/15E148 Safari/604.1" "ysfine.com"
172.226.41.3 - - [11/Oct/2022:19:10:52 -0700] "GET /maga/phys/ellipse77a.jpg HTTP/1.1" 200 16686 "https://www.google.com/" "Mozilla/5.0 (iPhone; CPU iPhone OS 16_0_3 like Mac OS X) AppleWebKit/605.1.15 (KHTML, like Gecko) Version/16.0 Mobile/15E148 Safari/604.1" "ysfine.com"
77.75.77.101 - - [11/Oct/2022:19:12:10 -0700] "GET /robots.txt HTTP/1.1" 404 88 "-" "Mozilla/5.0 (compatible; SeznamBot/3.2; +http://napoveda.seznam.cz/en/seznambot-intro/)" "ysfine.com"
77.75.77.101 - - [11/Oct/2022:19:12:11 -0700] "GET /style/cameras/canonae11.jpg HTTP/1.1" 200 94219 "-" "Mozilla/5.0 (compatible; SeznamBot/3.2; +http://napoveda.seznam.cz/en/seznambot-intro/)" "ysfine.com"
77.75.77.101 - - [11/Oct/2022:19:12:15 -0700] "GET /world/russ/minsk072.jpg HTTP/1.1" 200 88033 "-" "Mozilla/5.0 (compatible; SeznamBot/3.2; +http://napoveda.seznam.cz/en/seznambot-intro/)" "ysfine.com"
77.75.77.101 - - [11/Oct/2022:19:12:17 -0700] "GET /maga/phil/tao07.jpg HTTP/1.1" 304 - "-" "Mozilla/5.0 (compatible; SeznamBot/3.2; +http://napoveda.seznam.cz/en/seznambot-intro/)" "ysfine.com"
77.75.77.101 - - [11/Oct/2022:19:12:17 -0700] "GET /wdc/jeffm03.jpg HTTP/1.1" 304 - "-" "Mozilla/5.0 (compatible; SeznamBot/3.2; +http://napoveda.seznam.cz/en/seznambot-intro/)" "ysfine.com"
77.75.77.101 - - [11/Oct/2022:19:12:17 -0700] "GET /wdc/gtown44.jpg HTTP/1.1" 304 - "-" "Mozilla/5.0 (compatible; SeznamBot/3.2; +http://napoveda.seznam.cz/en/seznambot-intro/)" "ysfine.com"
114.119.130.104 - - [11/Oct/2022:19:12:40 -0700] "GET /robots.txt HTTP/1.1" 404 88 "-" "Mozilla/5.0 (compatible;PetalBot;+https://webmaster.petalsearch.com/site/petalbot)" "ysfine.com"
223.166.96.244 - - [11/Oct/2022:19:12:56 -0700] "GET /yspapers/euler.pdf HTTP/1.1" 200 738507 "-" "Mozilla/4.0 (compatible; MSIE 6.0; Windows 98) Internet Explorer 6  Windows Trident" "ysfine.com"
207.46.13.102 - - [11/Oct/2022:19:14:07 -0700] "GET /usca/pitt/carnlab11b.jpg HTTP/1.1" 200 32622 "-" "Mozilla/5.0 AppleWebKit/537.36 (KHTML, like Gecko; compatible; bingbot/2.0; +http://www.bing.com/bingbot.htm) Chrome/103.0.5060.134 Safari/537.36" "www.ysfine.com"
157.55.39.127 - - [11/Oct/2022:19:14:14 -0700] "GET /world/scandi/fin01b.jpg HTTP/1.1" 200 50331 "-" "Mozilla/5.0 (compatible; bingbot/2.0; +http://www.bing.com/bingbot.htm)" "ysfine.com"
157.55.39.127 - - [11/Oct/2022:19:14:16 -0700] "GET /maga/phys/maxwell06b.jpg HTTP/1.1" 200 51047 "-" "Mozilla/5.0 (compatible; bingbot/2.0; +http://www.bing.com/bingbot.htm)" "ysfine.com"
40.77.167.27 - - [11/Oct/2022:19:14:18 -0700] "GET /style/musee/perga03.jpg HTTP/1.1" 200 75158 "-" "Mozilla/5.0 AppleWebKit/537.36 (KHTML, like Gecko; compatible; bingbot/2.0; +http://www.bing.com/bingbot.htm) Chrome/103.0.5060.134 Safari/537.36" "ysfine.com"
40.77.167.27 - - [11/Oct/2022:19:14:18 -0700] "GET /kowar/tanks/m46c.jpg HTTP/1.1" 200 74862 "-" "Mozilla/5.0 AppleWebKit/537.36 (KHTML, like Gecko; compatible; bingbot/2.0; +http://www.bing.com/bingbot.htm) Chrome/103.0.5060.134 Safari/537.36" "ysfine.com"
155.69.190.63 - - [11/Oct/2022:19:14:34 -0700] "GET /einstein/dff22.jpg HTTP/1.1" 200 39866 "https://www.google.com/" "Mozilla/5.0 (Windows NT 10.0; Win64; x64) AppleWebKit/537.36 (KHTML, like Gecko) Chrome/106.0.0.0 Safari/537.36" "ysfine.com"
207.46.13.102 - - [11/Oct/2022:19:15:28 -0700] "GET /bio/kobak/namdae.html HTTP/1.1" 404 88 "-" "Mozilla/5.0 AppleWebKit/537.36 (KHTML, like Gecko; compatible; bingbot/2.0; +http://www.bing.com/bingbot.htm) Chrome/103.0.5060.134 Safari/537.36" "ysfine.com"
88.29.179.57 - - [11/Oct/2022:19:15:29 -0700] "GET /yspapers/iopbook15.pdf HTTP/1.1" 200 2962673 "-" "Dalvik/2.1.0 (Linux; U; Android 8.1.0; Aquaris V Plus Build/OPM1.171019.026)" "ysfine.com"
157.55.39.55 - - [11/Oct/2022:19:15:33 -0700] "GET /style/franko11.jpg HTTP/1.1" 200 71379 "-" "Mozilla/5.0 (compatible; bingbot/2.0; +http://www.bing.com/bingbot.htm)" "ysfine.com"
206.127.215.22 - - [11/Oct/2022:19:15:56 -0700] "GET /world/germany/leipzig29.jpg HTTP/1.1" 200 284047 "-" "Mozilla/5.0 (Windows NT 6.3; WOW64) AppleWebKit/537.36 (KHTML, like Gecko) Chrome/38.0.2125.111 Safari/537.36" "www.ysfine.com"
207.46.13.102 - - [11/Oct/2022:19:15:58 -0700] "GET /kobak/hyundai86.jpg HTTP/1.1" 200 117727 "-" "Mozilla/5.0 AppleWebKit/537.36 (KHTML, like Gecko; compatible; bingbot/2.0; +http://www.bing.com/bingbot.htm) Chrome/103.0.5060.134 Safari/537.36" "www.ysfine.com"
40.77.167.27 - - [11/Oct/2022:19:17:35 -0700] "GET /archives/proceedings/boston/liao.html HTTP/1.1" 304 - "-" "Mozilla/5.0 (compatible; bingbot/2.0; +http://www.bing.com/bingbot.htm)" "ysfine.com"
207.46.13.102 - - [11/Oct/2022:19:19:17 -0700] "GET /style/owaves2.jpg HTTP/1.1" 200 55324 "-" "Mozilla/5.0 AppleWebKit/537.36 (KHTML, like Gecko; compatible; bingbot/2.0; +http://www.bing.com/bingbot.htm) Chrome/103.0.5060.134 Safari/537.36" "www.ysfine.com"
40.77.167.27 - - [11/Oct/2022:19:20:05 -0700] "GET /world/france/pantheon08.jpg HTTP/1.1" 200 83787 "-" "Mozilla/5.0 AppleWebKit/537.36 (KHTML, like Gecko; compatible; bingbot/2.0; +http://www.bing.com/bingbot.htm) Chrome/103.0.5060.134 Safari/537.36" "www.ysfine.com"
207.46.13.102 - - [11/Oct/2022:19:20:27 -0700] "GET /world/china/beijing107.jpg HTTP/1.1" 200 115418 "-" "Mozilla/5.0 (compatible; bingbot/2.0; +http://www.bing.com/bingbot.htm)" "ysfine.com"
172.58.219.14 - - [11/Oct/2022:19:20:56 -0700] "GET /wigner/neum/vnc01.jpg HTTP/1.1" 200 133641 "https://sites.google.com/" "Mozilla/5.0 (Windows NT 10.0; Win64; x64) AppleWebKit/537.36 (KHTML, like Gecko) Chrome/106.0.0.0 Safari/537.36" "ysfine.com"
207.46.13.102 - - [11/Oct/2022:19:22:08 -0700] "GET /world/france/pariso09.jpg HTTP/1.1" 200 109419 "-" "Mozilla/5.0 AppleWebKit/537.36 (KHTML, like Gecko; compatible; bingbot/2.0; +http://www.bing.com/bingbot.htm) Chrome/103.0.5060.134 Safari/537.36" "ysfine.com"
140.180.240.116 - - [11/Oct/2022:19:22:09 -0700] "GET /princeton/gcollege02.jpg HTTP/1.1" 200 69104 "https://www.google.com/" "Mozilla/5.0 (iPhone; CPU iPhone OS 15_6 like Mac OS X) AppleWebKit/605.1.15 (KHTML, like Gecko) CriOS/106.0.5249.92 Mobile/15E148 Safari/604.1" "ysfine.com"
45.154.98.29 - - [11/Oct/2022:19:22:15 -0700] "GET / HTTP/1.1" 200 5283 "-" "Mozilla/5.0 (Windows NT 6.1; Win64; x64; rv:100.0) Gecko/20100101 Firefox/100.0" "ysfine.com"
45.154.98.29 - - [11/Oct/2022:19:22:16 -0700] "GET / HTTP/1.1" 200 5283 "-" "Mozilla/5.0 (Windows NT 10.0; Win64; x64) AppleWebKit/537.36 (KHTML, like Gecko) Chrome/80.0.3987.122 Safari/537.36" "ysfine.com"
157.55.39.128 - - [11/Oct/2022:19:22:26 -0700] "GET /people/klauder.jpg HTTP/1.1" 200 89143 "-" "Mozilla/5.0 (compatible; bingbot/2.0; +http://www.bing.com/bingbot.htm)" "www.ysfine.com"
40.77.167.27 - - [11/Oct/2022:19:22:55 -0700] "GET /philo/marx05c.jpg HTTP/1.1" 200 25613 "-" "Mozilla/5.0 AppleWebKit/537.36 (KHTML, like Gecko; compatible; bingbot/2.0; +http://www.bing.com/bingbot.htm) Chrome/103.0.5060.134 Safari/537.36" "www.ysfine.com"
207.46.13.102 - - [11/Oct/2022:19:24:48 -0700] "GET /princeton/brooke87.jpg HTTP/1.1" 200 174753 "-" "Mozilla/5.0 (compatible; bingbot/2.0; +http://www.bing.com/bingbot.htm)" "www.ysfine.com"
