116.179.37.109 - - [29/Sep/2022:12:58:30 -0700] "GET /world/poland/polstu18b.jpg HTTP/1.1" 200 52684 "https://www.ysfine.com/world/polandw.html" "Mozilla/5.0 (compatible; Baiduspider-render/2.0; +http://www.baidu.com/search/spider.html)" "www.ysfine.com"
116.179.37.251 - - [29/Sep/2022:12:58:30 -0700] "GET /world/poland/gdnu03b.jpg HTTP/1.1" 200 56209 "https://www.ysfine.com/world/polandw.html" "Mozilla/5.0 (compatible; Baiduspider-render/2.0; +http://www.baidu.com/search/spider.html)" "www.ysfine.com"
116.179.37.155 - - [29/Sep/2022:12:58:31 -0700] "GET /eink/eink61c.jpg HTTP/1.1" 200 34119 "https://www.ysfine.com/world/polandw.html" "Mozilla/5.0 (compatible; Baiduspider-render/2.0; +http://www.baidu.com/search/spider.html)" "www.ysfine.com"
116.179.37.159 - - [29/Sep/2022:12:58:31 -0700] "GET /world/poland/gdnu11b.jpg HTTP/1.1" 200 51491 "https://www.ysfine.com/world/polandw.html" "Mozilla/5.0 (compatible; Baiduspider-render/2.0; +http://www.baidu.com/search/spider.html)" "www.ysfine.com"
77.88.5.168 - - [29/Sep/2022:12:58:35 -0700] "GET /robots.txt HTTP/1.1" 404 73 "-" "Mozilla/5.0 (compatible; YandexBot/3.0; +http://yandex.com/bots)" "ysfine.com"
93.158.161.40 - - [29/Sep/2022:12:58:39 -0700] "GET /world/russ/arbat08.jpg HTTP/1.1" 200 180558 "-" "Mozilla/5.0 (compatible; YandexImages/3.0; +http://yandex.com/bots)" "ysfine.com"
66.249.70.30 - - [29/Sep/2022:12:58:40 -0700] "GET /home/comet01.jpg HTTP/1.1" 304 - "-" "Googlebot-Image/1.0" "ysfine.com"
37.225.17.86 - - [29/Sep/2022:12:59:06 -0700] "GET /feynman/feydirac.jpg HTTP/1.1" 200 98378 "https://www.google.pl/" "Mozilla/5.0 (iPhone; CPU iPhone OS 16_0 like Mac OS X) AppleWebKit/605.1.15 (KHTML, like Gecko) Version/16.0 Mobile/15E148 Safari/604.1" "ysfine.com"
37.225.17.86 - - [29/Sep/2022:12:59:10 -0700] "GET /world/poland/jablo01b.jpg HTTP/1.1" 200 39801 "https://www.google.pl/" "Mozilla/5.0 (iPhone; CPU iPhone OS 16_0 like Mac OS X) AppleWebKit/605.1.15 (KHTML, like Gecko) Version/16.0 Mobile/15E148 Safari/604.1" "ysfine.com"
66.249.70.4 - - [29/Sep/2022:12:59:36 -0700] "GET /princeton/alexan11.jpg HTTP/1.1" 304 - "-" "Googlebot-Image/1.0" "ysfine.com"
66.249.70.3 - - [29/Sep/2022:12:59:38 -0700] "GET /princeton/prospectg11.jpg HTTP/1.1" 304 - "-" "Googlebot-Image/1.0" "ysfine.com"
157.55.39.55 - - [29/Sep/2022:12:59:57 -0700] "GET /world/france/nicef07.jpg HTTP/1.1" 200 96371 "-" "Mozilla/5.0 (compatible; bingbot/2.0; +http://www.bing.com/bingbot.htm)" "www.ysfine.com"
114.119.128.162 - - [29/Sep/2022:13:00:45 -0700] "GET /world/ital/pantheon.html HTTP/1.1" 200 277 "https://www.ysfine.com/newyork/columbia.html" "Mozilla/5.0 (Linux; Android 7.0;) AppleWebKit/537.36 (KHTML, like Gecko) Mobile Safari/537.36 (compatible; PetalBot;+https://webmaster.petalsearch.com/site/petalbot)" "www.ysfine.com"
37.225.17.86 - - [29/Sep/2022:13:00:53 -0700] "GET /world/poland/jablo07.jpg HTTP/1.1" 200 122193 "https://www.google.pl/" "Mozilla/5.0 (iPhone; CPU iPhone OS 16_0 like Mac OS X) AppleWebKit/605.1.15 (KHTML, like Gecko) Version/16.0 Mobile/15E148 Safari/604.1" "ysfine.com"
77.88.5.245 - - [29/Sep/2022:13:01:49 -0700] "GET /fdx/index.html HTTP/1.1" 401 90 "-" "Mozilla/5.0 (compatible; YandexBot/3.0; +http://yandex.com/bots)" "www.ysfine.com"
157.55.39.58 - - [29/Sep/2022:13:01:58 -0700] "GET /style/russdance11.jpg HTTP/1.1" 200 117906 "-" "Mozilla/5.0 (compatible; bingbot/2.0; +http://www.bing.com/bingbot.htm)" "www.ysfine.com"
65.108.6.231 - - [29/Sep/2022:13:02:01 -0700] "GET /robots.txt HTTP/1.1" 404 88 "-" "Mozilla/5.0 (compatible; SeekportBot; +https://bot.seekport.com)" "ysfine.com"
65.108.6.231 - - [29/Sep/2022:13:02:08 -0700] "GET /robots.txt HTTP/1.1" 404 88 "-" "Mozilla/5.0 (compatible; SeekportBot; +https://bot.seekport.com)" "ysfine.com"
157.55.39.55 - - [29/Sep/2022:13:02:09 -0700] "GET /world/baltic/tallin02.jpg HTTP/1.1" 200 76857 "-" "Mozilla/5.0 (compatible; bingbot/2.0; +http://www.bing.com/bingbot.htm)" "www.ysfine.com"
65.108.6.231 - - [29/Sep/2022:13:02:16 -0700] "GET /einstein/ulm.html HTTP/1.1" 200 6713 "-" "Mozilla/5.0 (compatible; SeekportBot; +https://bot.seekport.com)" "ysfine.com"
65.108.6.231 - - [29/Sep/2022:13:02:16 -0700] "GET /einstein/places/ulm05c.jpg HTTP/1.1" 200 36499 "https://ysfine.com/einstein/ulm.html" "Mozilla/5.0 (compatible; SeekportBot; +https://bot.seekport.com)" "ysfine.com"
65.108.6.231 - - [29/Sep/2022:13:02:16 -0700] "GET /einstein/places/ulm01c.jpg HTTP/1.1" 200 26617 "https://ysfine.com/einstein/ulm.html" "Mozilla/5.0 (compatible; SeekportBot; +https://bot.seekport.com)" "ysfine.com"
65.108.6.231 - - [29/Sep/2022:13:02:16 -0700] "GET /einstein/places/ulm26c.jpg HTTP/1.1" 200 41167 "https://ysfine.com/einstein/ulm.html" "Mozilla/5.0 (compatible; SeekportBot; +https://bot.seekport.com)" "ysfine.com"
65.108.6.231 - - [29/Sep/2022:13:02:16 -0700] "GET /einstein/places/ulm04c.jpg HTTP/1.1" 200 41981 "https://ysfine.com/einstein/ulm.html" "Mozilla/5.0 (compatible; SeekportBot; +https://bot.seekport.com)" "ysfine.com"
65.108.6.231 - - [29/Sep/2022:13:02:16 -0700] "GET /eink/eink61c.jpg HTTP/1.1" 200 34119 "https://ysfine.com/einstein/ulm.html" "Mozilla/5.0 (compatible; SeekportBot; +https://bot.seekport.com)" "ysfine.com"
65.108.6.231 - - [29/Sep/2022:13:02:16 -0700] "GET /einstein/places/ulm02c.jpg HTTP/1.1" 200 39645 "https://ysfine.com/einstein/ulm.html" "Mozilla/5.0 (compatible; SeekportBot; +https://bot.seekport.com)" "ysfine.com"
65.108.6.231 - - [29/Sep/2022:13:02:16 -0700] "GET /einstein/places/ulm07c.jpg HTTP/1.1" 200 50779 "https://ysfine.com/einstein/ulm.html" "Mozilla/5.0 (compatible; SeekportBot; +https://bot.seekport.com)" "ysfine.com"
65.108.6.231 - - [29/Sep/2022:13:02:16 -0700] "GET /einstein/places/ulm11c.jpg HTTP/1.1" 200 47305 "https://ysfine.com/einstein/ulm.html" "Mozilla/5.0 (compatible; SeekportBot; +https://bot.seekport.com)" "ysfine.com"
65.108.6.231 - - [29/Sep/2022:13:02:16 -0700] "GET /einstein/places/ulm03c.jpg HTTP/1.1" 200 44718 "https://ysfine.com/einstein/ulm.html" "Mozilla/5.0 (compatible; SeekportBot; +https://bot.seekport.com)" "ysfine.com"
65.108.6.231 - - [29/Sep/2022:13:02:16 -0700] "GET /einstein/places/ulm06c.jpg HTTP/1.1" 200 24642 "https://ysfine.com/einstein/ulm.html" "Mozilla/5.0 (compatible; SeekportBot; +https://bot.seekport.com)" "ysfine.com"
65.108.6.231 - - [29/Sep/2022:13:02:26 -0700] "GET /kowar/tanks.html HTTP/1.1" 200 8702 "-" "Mozilla/5.0 (compatible; SeekportBot; +https://bot.seekport.com)" "ysfine.com"
65.108.6.231 - - [29/Sep/2022:13:02:26 -0700] "GET /kowar/tanks/tank03b.jpg HTTP/1.1" 200 42892 "https://ysfine.com/kowar/tanks.html" "Mozilla/5.0 (compatible; SeekportBot; +https://bot.seekport.com)" "ysfine.com"
65.108.6.231 - - [29/Sep/2022:13:02:26 -0700] "GET /kowar/tanks/tank02b.jpg HTTP/1.1" 200 30002 "https://ysfine.com/kowar/tanks.html" "Mozilla/5.0 (compatible; SeekportBot; +https://bot.seekport.com)" "ysfine.com"
65.108.6.231 - - [29/Sep/2022:13:02:26 -0700] "GET /kowar/tanks/tank04b.jpg HTTP/1.1" 200 48757 "https://ysfine.com/kowar/tanks.html" "Mozilla/5.0 (compatible; SeekportBot; +https://bot.seekport.com)" "ysfine.com"
65.108.6.231 - - [29/Sep/2022:13:02:26 -0700] "GET /kowar/tanks/sherman43b.jpg HTTP/1.1" 200 28142 "https://ysfine.com/kowar/tanks.html" "Mozilla/5.0 (compatible; SeekportBot; +https://bot.seekport.com)" "ysfine.com"
65.108.6.231 - - [29/Sep/2022:13:02:26 -0700] "GET /kowar/tanks/tank05b.jpg HTTP/1.1" 200 48742 "https://ysfine.com/kowar/tanks.html" "Mozilla/5.0 (compatible; SeekportBot; +https://bot.seekport.com)" "ysfine.com"
65.108.6.231 - - [29/Sep/2022:13:02:26 -0700] "GET /kowar/tanks/tank01b.jpg HTTP/1.1" 200 43748 "https://ysfine.com/kowar/tanks.html" "Mozilla/5.0 (compatible; SeekportBot; +https://bot.seekport.com)" "ysfine.com"
65.108.6.231 - - [29/Sep/2022:13:02:26 -0700] "GET /kowar/tanks/sherman44b.jpg HTTP/1.1" 200 34454 "https://ysfine.com/kowar/tanks.html" "Mozilla/5.0 (compatible; SeekportBot; +https://bot.seekport.com)" "ysfine.com"
65.108.6.231 - - [29/Sep/2022:13:02:26 -0700] "GET /kowar/tanks/stalinorg2.jpg HTTP/1.1" 200 50939 "https://ysfine.com/kowar/tanks.html" "Mozilla/5.0 (compatible; SeekportBot; +https://bot.seekport.com)" "ysfine.com"
65.108.6.231 - - [29/Sep/2022:13:02:26 -0700] "GET /kowar/tanks/tank07b.jpg HTTP/1.1" 200 40314 "https://ysfine.com/kowar/tanks.html" "Mozilla/5.0 (compatible; SeekportBot; +https://bot.seekport.com)" "ysfine.com"
65.108.6.231 - - [29/Sep/2022:13:02:26 -0700] "GET /kowar/tanks/tank54b.jpg HTTP/1.1" 200 38354 "https://ysfine.com/kowar/tanks.html" "Mozilla/5.0 (compatible; SeekportBot; +https://bot.seekport.com)" "ysfine.com"
65.108.6.231 - - [29/Sep/2022:13:02:26 -0700] "GET /kowar/tanks/southhorse2.jpg HTTP/1.1" 200 51359 "https://ysfine.com/kowar/tanks.html" "Mozilla/5.0 (compatible; SeekportBot; +https://bot.seekport.com)" "ysfine.com"
65.108.6.231 - - [29/Sep/2022:13:02:26 -0700] "GET /kowar/tanks/m60b.jpg HTTP/1.1" 200 31548 "https://ysfine.com/kowar/tanks.html" "Mozilla/5.0 (compatible; SeekportBot; +https://bot.seekport.com)" "ysfine.com"
65.108.6.231 - - [29/Sep/2022:13:02:26 -0700] "GET /kowar/tanks/m46cb.jpg HTTP/1.1" 200 35273 "https://ysfine.com/kowar/tanks.html" "Mozilla/5.0 (compatible; SeekportBot; +https://bot.seekport.com)" "ysfine.com"
65.108.6.231 - - [29/Sep/2022:13:02:26 -0700] "GET /kowar/tanks/tank21b.jpg HTTP/1.1" 200 26768 "https://ysfine.com/kowar/tanks.html" "Mozilla/5.0 (compatible; SeekportBot; +https://bot.seekport.com)" "ysfine.com"
65.108.6.231 - - [29/Sep/2022:13:02:26 -0700] "GET /kowar/tanks/sherman58b.jpg HTTP/1.1" 200 37300 "https://ysfine.com/kowar/tanks.html" "Mozilla/5.0 (compatible; SeekportBot; +https://bot.seekport.com)" "ysfine.com"
65.108.6.231 - - [29/Sep/2022:13:02:26 -0700] "GET /kowar/tanks/m24b.jpg HTTP/1.1" 200 37948 "https://ysfine.com/kowar/tanks.html" "Mozilla/5.0 (compatible; SeekportBot; +https://bot.seekport.com)" "ysfine.com"
65.108.6.231 - - [29/Sep/2022:13:02:26 -0700] "GET /kowar/tanks/m01b.jpg HTTP/1.1" 200 28921 "https://ysfine.com/kowar/tanks.html" "Mozilla/5.0 (compatible; SeekportBot; +https://bot.seekport.com)" "ysfine.com"
65.108.6.231 - - [29/Sep/2022:13:02:26 -0700] "GET /kowar/tanks/tank22b.jpg HTTP/1.1" 200 37945 "https://ysfine.com/kowar/tanks.html" "Mozilla/5.0 (compatible; SeekportBot; +https://bot.seekport.com)" "ysfine.com"
65.108.6.231 - - [29/Sep/2022:13:02:35 -0700] "GET /world/brit/etonharrow.html HTTP/1.1" 200 4546 "-" "Mozilla/5.0 (compatible; SeekportBot; +https://bot.seekport.com)" "ysfine.com"
65.108.6.231 - - [29/Sep/2022:13:02:35 -0700] "GET /world/brit/nehru11b.jpg HTTP/1.1" 200 43052 "https://ysfine.com/world/brit/etonharrow.html" "Mozilla/5.0 (compatible; SeekportBot; +https://bot.seekport.com)" "ysfine.com"
65.108.6.231 - - [29/Sep/2022:13:02:35 -0700] "GET /world/brit/harrow12b.jpg HTTP/1.1" 200 45104 "https://ysfine.com/world/brit/etonharrow.html" "Mozilla/5.0 (compatible; SeekportBot; +https://bot.seekport.com)" "ysfine.com"
65.108.6.231 - - [29/Sep/2022:13:02:35 -0700] "GET /world/brit/harrow01b.jpg HTTP/1.1" 200 54632 "https://ysfine.com/world/brit/etonharrow.html" "Mozilla/5.0 (compatible; SeekportBot; +https://bot.seekport.com)" "ysfine.com"
65.108.6.231 - - [29/Sep/2022:13:02:35 -0700] "GET /world/brit/eton07b.jpg HTTP/1.1" 200 36566 "https://ysfine.com/world/brit/etonharrow.html" "Mozilla/5.0 (compatible; SeekportBot; +https://bot.seekport.com)" "ysfine.com"
65.108.6.231 - - [29/Sep/2022:13:02:35 -0700] "GET /world/brit/winston01b.jpg HTTP/1.1" 200 38436 "https://ysfine.com/world/brit/etonharrow.html" "Mozilla/5.0 (compatible; SeekportBot; +https://bot.seekport.com)" "ysfine.com"
65.108.6.231 - - [29/Sep/2022:13:02:35 -0700] "GET /world/brit/eton03b.jpg HTTP/1.1" 200 45141 "https://ysfine.com/world/brit/etonharrow.html" "Mozilla/5.0 (compatible; SeekportBot; +https://bot.seekport.com)" "ysfine.com"
65.108.6.231 - - [29/Sep/2022:13:02:35 -0700] "GET /world/brit/windsor02b.jpg HTTP/1.1" 200 40724 "https://ysfine.com/world/brit/etonharrow.html" "Mozilla/5.0 (compatible; SeekportBot; +https://bot.seekport.com)" "ysfine.com"
65.108.6.231 - - [29/Sep/2022:13:02:35 -0700] "GET /kobak/kwk11b.jpg HTTP/1.1" 200 46888 "https://ysfine.com/world/brit/etonharrow.html" "Mozilla/5.0 (compatible; SeekportBot; +https://bot.seekport.com)" "ysfine.com"
65.108.6.231 - - [29/Sep/2022:13:02:35 -0700] "GET /world/brit/eton02b.jpg HTTP/1.1" 200 39432 "https://ysfine.com/world/brit/etonharrow.html" "Mozilla/5.0 (compatible; SeekportBot; +https://bot.seekport.com)" "ysfine.com"
65.108.6.231 - - [29/Sep/2022:13:02:35 -0700] "GET /world/brit/eton01b.jpg HTTP/1.1" 200 47771 "https://ysfine.com/world/brit/etonharrow.html" "Mozilla/5.0 (compatible; SeekportBot; +https://bot.seekport.com)" "ysfine.com"
65.108.6.231 - - [29/Sep/2022:13:02:35 -0700] "GET /kobak/taylor33c.jpg HTTP/1.1" 200 39951 "https://ysfine.com/world/brit/etonharrow.html" "Mozilla/5.0 (compatible; SeekportBot; +https://bot.seekport.com)" "ysfine.com"
65.108.6.231 - - [29/Sep/2022:13:02:35 -0700] "GET /world/brit/harrow04b.jpg HTTP/1.1" 200 48004 "https://ysfine.com/world/brit/etonharrow.html" "Mozilla/5.0 (compatible; SeekportBot; +https://bot.seekport.com)" "ysfine.com"
65.108.6.231 - - [29/Sep/2022:13:02:35 -0700] "GET /world/brit/harrow11b.jpg HTTP/1.1" 200 42533 "https://ysfine.com/world/brit/etonharrow.html" "Mozilla/5.0 (compatible; SeekportBot; +https://bot.seekport.com)" "ysfine.com"
65.108.6.231 - - [29/Sep/2022:13:02:35 -0700] "GET /world/brit/harrow09b.jpg HTTP/1.1" 200 48797 "https://ysfine.com/world/brit/etonharrow.html" "Mozilla/5.0 (compatible; SeekportBot; +https://bot.seekport.com)" "ysfine.com"
65.108.6.231 - - [29/Sep/2022:13:02:35 -0700] "GET /eink/pwk19c.jpg HTTP/1.1" 200 57759 "https://ysfine.com/world/brit/etonharrow.html" "Mozilla/5.0 (compatible; SeekportBot; +https://bot.seekport.com)" "ysfine.com"
157.55.39.127 - - [29/Sep/2022:13:02:40 -0700] "GET /world/ital/romef108.jpg HTTP/1.1" 200 87248 "-" "Mozilla/5.0 (compatible; bingbot/2.0; +http://www.bing.com/bingbot.htm)" "ysfine.com"
65.108.6.231 - - [29/Sep/2022:13:02:45 -0700] "GET /yspapers/iopbook15.pdf HTTP/1.1" 200 2962673 "-" "Mozilla/5.0 (compatible; SeekportBot; +https://bot.seekport.com)" "ysfine.com"
157.55.39.58 - - [29/Sep/2022:13:03:59 -0700] "GET /kobak/liber45.jpg HTTP/1.1" 200 141542 "-" "Mozilla/5.0 AppleWebKit/537.36 (KHTML, like Gecko; compatible; bingbot/2.0; +http://www.bing.com/bingbot.htm) Chrome/103.0.5060.134 Safari/537.36" "www.ysfine.com"
12.219.229.114 - - [29/Sep/2022:13:04:05 -0700] "GET /princeton/alexan22.jpg HTTP/1.1" 200 175436 "https://www.google.com/" "Mozilla/5.0 (X11; CrOS aarch64 14989.85.0) AppleWebKit/537.36 (KHTML, like Gecko) Chrome/105.0.0.0 Safari/537.36" "ysfine.com"
188.193.248.89 - - [29/Sep/2022:13:04:10 -0700] "GET /wigner/wiglittle.pdf HTTP/1.1" 200 2659296 "https://www.google.com/" "Mozilla/5.0 (Linux; Android 12; SM-N770F) AppleWebKit/537.36 (KHTML, like Gecko) Chrome/106.0.0.0 Mobile Safari/537.36" "ysfine.com"
73.125.230.39 - - [29/Sep/2022:13:05:00 -0700] "GET /princeton/withers01.jpg HTTP/1.1" 200 113946 "https://www.google.com/" "Mozilla/5.0 (Macintosh; Intel Mac OS X 10_13_6) AppleWebKit/537.36 (KHTML, like Gecko) Chrome/105.0.0.0 Safari/537.36" "ysfine.com"
157.55.39.128 - - [29/Sep/2022:13:05:21 -0700] "GET /world/hungary/buda201.jpg HTTP/1.1" 200 74542 "-" "Mozilla/5.0 AppleWebKit/537.36 (KHTML, like Gecko; compatible; bingbot/2.0; +http://www.bing.com/bingbot.htm) Chrome/103.0.5060.134 Safari/537.36" "ysfine.com"
207.46.13.102 - - [29/Sep/2022:13:06:35 -0700] "GET /world/china/opium02.jpg HTTP/1.1" 200 125532 "-" "Mozilla/5.0 (compatible; bingbot/2.0; +http://www.bing.com/bingbot.htm)" "ysfine.com"
157.55.39.58 - - [29/Sep/2022:13:07:19 -0700] "GET /princeton/family87c.jpg HTTP/1.1" 200 41065 "-" "Mozilla/5.0 (compatible; bingbot/2.0; +http://www.bing.com/bingbot.htm)" "www.ysfine.com"
207.46.13.102 - - [29/Sep/2022:13:08:05 -0700] "GET /princeton/nphd.jpg HTTP/1.1" 200 92709 "-" "Mozilla/5.0 (compatible; bingbot/2.0; +http://www.bing.com/bingbot.htm)" "ysfine.com"
40.77.167.27 - - [29/Sep/2022:13:08:09 -0700] "GET /people/towhee HTTP/1.1" 200 64342 "-" "Mozilla/5.0 AppleWebKit/537.36 (KHTML, like Gecko; compatible; bingbot/2.0; +http://www.bing.com/bingbot.htm) Chrome/103.0.5060.134 Safari/537.36" "ysfine.com"
192.0.114.49 - - [29/Sep/2022:13:08:33 -0700] "GET /wigner/neum/pvn05.jpg HTTP/1.1" 200 219501 "-" "Photon/1.0" "ysfine.com"
66.249.70.3 - - [29/Sep/2022:13:09:16 -0700] "GET /world/russ/spb31.jpg HTTP/1.1" 304 - "-" "Googlebot-Image/1.0" "ysfine.com"
157.55.39.58 - - [29/Sep/2022:13:09:40 -0700] "GET /kobak/potsdam.jpg HTTP/1.1" 200 83597 "-" "Mozilla/5.0 (compatible; bingbot/2.0; +http://www.bing.com/bingbot.htm)" "ysfine.com"
114.119.128.162 - - [29/Sep/2022:13:09:41 -0700] "GET /style/music/salzm05b.jpg HTTP/1.1" 200 52328 "https://ysfine.com/style/mushalls.html" "Mozilla/5.0 (Linux; Android 7.0;) AppleWebKit/537.36 (KHTML, like Gecko) Mobile Safari/537.36 (compatible; PetalBot;+https://webmaster.petalsearch.com/site/petalbot)" "ysfine.com"
40.77.167.27 - - [29/Sep/2022:13:09:50 -0700] "GET /philo/dirhegel11.jpg HTTP/1.1" 200 119170 "-" "Mozilla/5.0 AppleWebKit/537.36 (KHTML, like Gecko; compatible; bingbot/2.0; +http://www.bing.com/bingbot.htm) Chrome/103.0.5060.134 Safari/537.36" "ysfine.com"
157.55.39.127 - - [29/Sep/2022:13:10:30 -0700] "GET /world/china/china006.gif HTTP/1.1" 200 105398 "-" "Mozilla/5.0 (compatible; bingbot/2.0; +http://www.bing.com/bingbot.htm)" "ysfine.com"
157.55.39.58 - - [29/Sep/2022:13:11:11 -0700] "GET /world/germany/vienstdpark01.jpg HTTP/1.1" 200 136850 "-" "Mozilla/5.0 (compatible; bingbot/2.0; +http://www.bing.com/bingbot.htm)" "ysfine.com"
123.125.109.96 - - [29/Sep/2022:13:11:46 -0700] "GET / HTTP/1.1" 200 5283 "-" "Sogou web spider/4.0(+http://www.sogou.com/docs/help/webmasters.htm#07)" "www.ysfine.com"
77.88.5.253 - - [29/Sep/2022:13:12:24 -0700] "GET /wigner/e(2).html HTTP/1.1" 200 4288 "-" "Mozilla/5.0 (compatible; YandexBot/3.0; +http://yandex.com/bots)" "www.ysfine.com"
114.119.128.154 - - [29/Sep/2022:13:12:37 -0700] "GET /einstein/einwife66c.jpg HTTP/1.1" 200 20213 "https://www.ysfine.com/einstein/einwo.html" "Mozilla/5.0 (Linux; Android 7.0;) AppleWebKit/537.36 (KHTML, like Gecko) Mobile Safari/537.36 (compatible; PetalBot;+https://webmaster.petalsearch.com/site/petalbot)" "www.ysfine.com"
77.88.5.253 - - [29/Sep/2022:13:12:39 -0700] "GET /world/brit/mayfair03.jpg HTTP/1.1" 200 92441 "-" "Mozilla/5.0 (compatible; YandexImages/3.0; +http://yandex.com/bots)" "www.ysfine.com"
157.55.39.55 - - [29/Sep/2022:13:13:01 -0700] "GET /newyork/nyleft.html HTTP/1.1" 200 905 "-" "Mozilla/5.0 (compatible; bingbot/2.0; +http://www.bing.com/bingbot.htm)" "ysfine.com"
157.55.39.58 - - [29/Sep/2022:13:13:10 -0700] "GET /kobak/1014.jpg HTTP/1.1" 200 125873 "-" "Mozilla/5.0 AppleWebKit/537.36 (KHTML, like Gecko; compatible; bingbot/2.0; +http://www.bing.com/bingbot.htm) Chrome/103.0.5060.134 Safari/537.36" "www.ysfine.com"
40.77.167.27 - - [29/Sep/2022:13:14:00 -0700] "GET /world/russ/arbat09b.jpg HTTP/1.1" 200 57093 "-" "Mozilla/5.0 (compatible; bingbot/2.0; +http://www.bing.com/bingbot.htm)" "ysfine.com"
157.55.39.128 - - [29/Sep/2022:13:14:11 -0700] "GET /kowar/gi002c.jpg HTTP/1.1" 200 40441 "-" "Mozilla/5.0 (compatible; bingbot/2.0; +http://www.bing.com/bingbot.htm)" "www.ysfine.com"
157.55.39.55 - - [29/Sep/2022:13:14:28 -0700] "GET /world/scandi/copenf06.jpg HTTP/1.1" 200 190510 "-" "Mozilla/5.0 AppleWebKit/537.36 (KHTML, like Gecko; compatible; bingbot/2.0; +http://www.bing.com/bingbot.htm) Chrome/103.0.5060.134 Safari/537.36" "ysfine.com"
207.46.13.102 - - [29/Sep/2022:13:14:57 -0700] "GET /sbk/1999mb11.jpg HTTP/1.1" 200 157012 "-" "Mozilla/5.0 AppleWebKit/537.36 (KHTML, like Gecko; compatible; bingbot/2.0; +http://www.bing.com/bingbot.htm) Chrome/103.0.5060.134 Safari/537.36" "www.ysfine.com"
157.55.39.128 - - [29/Sep/2022:13:15:01 -0700] "GET /newyork/colum09.jpg HTTP/1.1" 200 93133 "-" "Mozilla/5.0 (compatible; bingbot/2.0; +http://www.bing.com/bingbot.htm)" "ysfine.com"
54.162.244.62 - - [29/Sep/2022:13:16:18 -0700] "GET /sitemap.xml HTTP/1.1" 304 - "https://www.google.com/" "Mozilla/5.0 (Macintosh; Intel Mac OS X 10.13; rv:73.0) Gecko/20100101 Firefox/73.0" "www.ysfine.com"
77.88.5.46 - - [29/Sep/2022:13:16:30 -0700] "GET /usca/pitt/mtwash05.jpg HTTP/1.1" 200 74374 "-" "Mozilla/5.0 (compatible; YandexImages/3.0; +http://yandex.com/bots)" "www.ysfine.com"
114.119.147.6 - - [29/Sep/2022:13:17:02 -0700] "GET /robots.txt HTTP/1.1" 404 88 "-" "Mozilla/5.0 (compatible;PetalBot;+https://webmaster.petalsearch.com/site/petalbot)" "www.ysfine.com"
207.46.13.102 - - [29/Sep/2022:13:17:06 -0700] "GET /princeton/mudd22.jpg HTTP/1.1" 200 97933 "-" "Mozilla/5.0 (compatible; bingbot/2.0; +http://www.bing.com/bingbot.htm)" "ysfine.com"
40.88.21.235 - - [29/Sep/2022:13:17:28 -0700] "GET / HTTP/1.1" 200 5283 "https://www.ysfine.com/" "Mozilla/5.0 (compatible; DuckDuckGo-Favicons-Bot/1.0; +http://duckduckgo.com)" "www.ysfine.com"
40.88.21.235 - - [29/Sep/2022:13:17:28 -0700] "GET /favicon.ico HTTP/1.1" 404 88 "https://www.ysfine.com/favicon.ico" "Mozilla/5.0 (compatible; DuckDuckGo-Favicons-Bot/1.0; +http://duckduckgo.com)" "www.ysfine.com"
40.88.21.235 - - [29/Sep/2022:13:17:28 -0700] "GET /favicon.ico HTTP/1.1" 404 88 "https://www.ysfine.com/favicon.ico" "Mozilla/5.0 (compatible; DuckDuckGo-Favicons-Bot/1.0; +http://duckduckgo.com)" "www.ysfine.com"
40.77.167.27 - - [29/Sep/2022:13:17:40 -0700] "GET /world/scandi/sto033.jpg HTTP/1.1" 200 83103 "-" "Mozilla/5.0 (compatible; bingbot/2.0; +http://www.bing.com/bingbot.htm)" "ysfine.com"
103.91.146.63 - - [29/Sep/2022:13:17:50 -0700] "GET /world/brit/etonharrow.html HTTP/1.1" 200 4546 "-" "Mozilla/5.0 (Linux; Android 8.1.0; Redmi Note 5) AppleWebKit/537.36 (KHTML, like Gecko) Chrome/105.0.0.0 Mobile Safari/537.36" "ysfine.com"
103.91.146.63 - - [29/Sep/2022:13:17:51 -0700] "GET /world/brit/winston01b.jpg HTTP/1.1" 200 38436 "https://ysfine.com/world/brit/etonharrow.html" "Mozilla/5.0 (Linux; Android 8.1.0; Redmi Note 5) AppleWebKit/537.36 (KHTML, like Gecko) Chrome/105.0.0.0 Mobile Safari/537.36" "ysfine.com"
103.91.146.63 - - [29/Sep/2022:13:17:51 -0700] "GET /world/brit/nehru11b.jpg HTTP/1.1" 200 43052 "https://ysfine.com/world/brit/etonharrow.html" "Mozilla/5.0 (Linux; Android 8.1.0; Redmi Note 5) AppleWebKit/537.36 (KHTML, like Gecko) Chrome/105.0.0.0 Mobile Safari/537.36" "ysfine.com"
103.91.146.63 - - [29/Sep/2022:13:17:51 -0700] "GET /world/brit/eton01b.jpg HTTP/1.1" 200 47771 "https://ysfine.com/world/brit/etonharrow.html" "Mozilla/5.0 (Linux; Android 8.1.0; Redmi Note 5) AppleWebKit/537.36 (KHTML, like Gecko) Chrome/105.0.0.0 Mobile Safari/537.36" "ysfine.com"
103.91.146.63 - - [29/Sep/2022:13:17:51 -0700] "GET /kobak/kwk11b.jpg HTTP/1.1" 200 46888 "https://ysfine.com/world/brit/etonharrow.html" "Mozilla/5.0 (Linux; Android 8.1.0; Redmi Note 5) AppleWebKit/537.36 (KHTML, like Gecko) Chrome/105.0.0.0 Mobile Safari/537.36" "ysfine.com"
103.91.146.63 - - [29/Sep/2022:13:17:51 -0700] "GET /world/brit/eton02b.jpg HTTP/1.1" 200 39432 "https://ysfine.com/world/brit/etonharrow.html" "Mozilla/5.0 (Linux; Android 8.1.0; Redmi Note 5) AppleWebKit/537.36 (KHTML, like Gecko) Chrome/105.0.0.0 Mobile Safari/537.36" "ysfine.com"
103.91.146.63 - - [29/Sep/2022:13:17:51 -0700] "GET /world/brit/eton07b.jpg HTTP/1.1" 200 36566 "https://ysfine.com/world/brit/etonharrow.html" "Mozilla/5.0 (Linux; Android 8.1.0; Redmi Note 5) AppleWebKit/537.36 (KHTML, like Gecko) Chrome/105.0.0.0 Mobile Safari/537.36" "ysfine.com"
103.91.146.63 - - [29/Sep/2022:13:17:51 -0700] "GET /world/brit/harrow12b.jpg HTTP/1.1" 200 45104 "https://ysfine.com/world/brit/etonharrow.html" "Mozilla/5.0 (Linux; Android 8.1.0; Redmi Note 5) AppleWebKit/537.36 (KHTML, like Gecko) Chrome/105.0.0.0 Mobile Safari/537.36" "ysfine.com"
103.91.146.63 - - [29/Sep/2022:13:17:51 -0700] "GET /world/brit/harrow04b.jpg HTTP/1.1" 200 48004 "https://ysfine.com/world/brit/etonharrow.html" "Mozilla/5.0 (Linux; Android 8.1.0; Redmi Note 5) AppleWebKit/537.36 (KHTML, like Gecko) Chrome/105.0.0.0 Mobile Safari/537.36" "ysfine.com"
103.91.146.63 - - [29/Sep/2022:13:17:51 -0700] "GET /kobak/taylor33c.jpg HTTP/1.1" 200 39951 "https://ysfine.com/world/brit/etonharrow.html" "Mozilla/5.0 (Linux; Android 8.1.0; Redmi Note 5) AppleWebKit/537.36 (KHTML, like Gecko) Chrome/105.0.0.0 Mobile Safari/537.36" "ysfine.com"
103.91.146.63 - - [29/Sep/2022:13:17:51 -0700] "GET /world/brit/harrow01b.jpg HTTP/1.1" 200 54632 "https://ysfine.com/world/brit/etonharrow.html" "Mozilla/5.0 (Linux; Android 8.1.0; Redmi Note 5) AppleWebKit/537.36 (KHTML, like Gecko) Chrome/105.0.0.0 Mobile Safari/537.36" "ysfine.com"
103.91.146.63 - - [29/Sep/2022:13:17:51 -0700] "GET /world/brit/eton03b.jpg HTTP/1.1" 200 45141 "https://ysfine.com/world/brit/etonharrow.html" "Mozilla/5.0 (Linux; Android 8.1.0; Redmi Note 5) AppleWebKit/537.36 (KHTML, like Gecko) Chrome/105.0.0.0 Mobile Safari/537.36" "ysfine.com"
103.91.146.63 - - [29/Sep/2022:13:17:51 -0700] "GET /eink/pwk19c.jpg HTTP/1.1" 200 57759 "https://ysfine.com/world/brit/etonharrow.html" "Mozilla/5.0 (Linux; Android 8.1.0; Redmi Note 5) AppleWebKit/537.36 (KHTML, like Gecko) Chrome/105.0.0.0 Mobile Safari/537.36" "ysfine.com"
103.91.146.63 - - [29/Sep/2022:13:17:51 -0700] "GET /world/brit/windsor02b.jpg HTTP/1.1" 200 40724 "https://ysfine.com/world/brit/etonharrow.html" "Mozilla/5.0 (Linux; Android 8.1.0; Redmi Note 5) AppleWebKit/537.36 (KHTML, like Gecko) Chrome/105.0.0.0 Mobile Safari/537.36" "ysfine.com"
103.91.146.63 - - [29/Sep/2022:13:17:51 -0700] "GET /world/brit/harrow09b.jpg HTTP/1.1" 200 48797 "https://ysfine.com/world/brit/etonharrow.html" "Mozilla/5.0 (Linux; Android 8.1.0; Redmi Note 5) AppleWebKit/537.36 (KHTML, like Gecko) Chrome/105.0.0.0 Mobile Safari/537.36" "ysfine.com"
103.91.146.63 - - [29/Sep/2022:13:17:51 -0700] "GET /world/brit/harrow11b.jpg HTTP/1.1" 200 42533 "https://ysfine.com/world/brit/etonharrow.html" "Mozilla/5.0 (Linux; Android 8.1.0; Redmi Note 5) AppleWebKit/537.36 (KHTML, like Gecko) Chrome/105.0.0.0 Mobile Safari/537.36" "ysfine.com"
40.77.167.27 - - [29/Sep/2022:13:17:51 -0700] "GET /archives/proceedings/boston/welsch.pdf HTTP/1.1" 304 - "-" "Mozilla/5.0 (compatible; bingbot/2.0; +http://www.bing.com/bingbot.htm)" "ysfine.com"
20.58.166.25 - - [29/Sep/2022:13:17:59 -0700] "GET /wp-includes/wlwmanifest.xml HTTP/1.1" 404 88 "-" "python-requests/2.27.1" "ysfine.com"
20.58.166.25 - - [29/Sep/2022:13:18:00 -0700] "GET /administrator/index.php HTTP/1.1" 404 88 "-" "python-requests/2.27.1" "ysfine.com"
20.58.166.25 - - [29/Sep/2022:13:18:01 -0700] "GET /view-source: HTTP/1.1" 404 88 "-" "python-requests/2.27.1" "ysfine.com"
103.91.146.63 - - [29/Sep/2022:13:18:02 -0700] "GET /favicon.ico HTTP/1.1" 404 88 "https://ysfine.com/world/brit/etonharrow.html" "Mozilla/5.0 (Linux; Android 8.1.0; Redmi Note 5) AppleWebKit/537.36 (KHTML, like Gecko) Chrome/105.0.0.0 Mobile Safari/537.36" "ysfine.com"
20.58.166.25 - - [29/Sep/2022:13:18:03 -0700] "GET /misc/ajax.js HTTP/1.1" 404 88 "-" "python-requests/2.27.1" "ysfine.com"
157.55.39.55 - - [29/Sep/2022:13:18:08 -0700] "GET /world/brit/tower02.jpg HTTP/1.1" 200 142109 "-" "Mozilla/5.0 (compatible; bingbot/2.0; +http://www.bing.com/bingbot.htm)" "www.ysfine.com"
157.55.39.128 - - [29/Sep/2022:13:18:13 -0700] "GET /usca/pitt/pitmap03b.jpg HTTP/1.1" 200 56177 "-" "Mozilla/5.0 (compatible; bingbot/2.0; +http://www.bing.com/bingbot.htm)" "www.ysfine.com"
157.55.39.128 - - [29/Sep/2022:13:18:33 -0700] "GET /ys11/index.html HTTP/1.1" 200 3375 "-" "Mozilla/5.0 (compatible; bingbot/2.0; +http://www.bing.com/bingbot.htm)" "www.ysfine.com"
207.46.13.102 - - [29/Sep/2022:13:18:37 -0700] "GET /dongio/french.html HTTP/1.1" 404 88 "-" "Mozilla/5.0 AppleWebKit/537.36 (KHTML, like Gecko; compatible; bingbot/2.0; +http://www.bing.com/bingbot.htm) Chrome/103.0.5060.134 Safari/537.36" "www.ysfine.com"
157.55.39.58 - - [29/Sep/2022:13:18:42 -0700] "GET /usca/pgh22.html HTTP/1.1" 200 11391 "-" "Mozilla/5.0 (compatible; bingbot/2.0; +http://www.bing.com/bingbot.htm)" "www.ysfine.com"
188.34.176.252 - - [29/Sep/2022:13:18:47 -0700] "GET /world/poland/polstu11.jpg HTTP/1.1" 200 104151 "-" "Mozilla/5.0 (X11; Fedora; Linux x86_64) AppleWebKit/537.36 (KHTML, like Gecko) Chrome/79.0.3945.117 Safari/537.36" "ysfine.com"
114.119.128.158 - - [29/Sep/2022:13:20:02 -0700] "GET /home/iaotp/list21.pdf HTTP/1.1" 404 88 "https://ysfine.com/home/iao.html" "Mozilla/5.0 (Linux; Android 7.0;) AppleWebKit/537.36 (KHTML, like Gecko) Mobile Safari/537.36 (compatible; PetalBot;+https://webmaster.petalsearch.com/site/petalbot)" "ysfine.com"
66.249.70.3 - - [29/Sep/2022:13:20:14 -0700] "GET /maga/phil/marxmos02.jpg HTTP/1.1" 304 - "-" "Googlebot-Image/1.0" "ysfine.com"
86.48.1.115 - - [29/Sep/2022:13:21:27 -0700] "GET /einstein/einplanck.html HTTP/1.1" 200 9467 "-" "Mozilla/5.0 (Windows NT 5.1; rv:21.0) Gecko/20130401 Firefox/21.0" "ysfine.com"
50.234.189.45 - - [29/Sep/2022:13:21:54 -0700] "GET /world/brit/cam07.jpg HTTP/1.1" 200 217690 "https://www.google.com/" "Mozilla/5.0 (Macintosh; Intel Mac OS X 10_15_6) AppleWebKit/605.1.15 (KHTML, like Gecko) Version/15.6.1 Safari/605.1.15" "ysfine.com"
78.46.90.120 - - [29/Sep/2022:13:22:17 -0700] "GET /maga/sanchez.html HTTP/1.1" 200 1278 "-" "Mozilla/5.0 (Windows NT 10.0; Win64; x64) AppleWebKit/537.36 (KHTML, like Gecko) Chrome/87.0.4280.67 Safari/537.36 Edg/87.0.664.55" "ysfine.com"
110.93.150.91 - - [29/Sep/2022:13:22:37 -0700] "GET /home/fotos/dirfeyn62c.jpg HTTP/1.1" 200 52150 "-" "Mozilla/5.0 (compatible; Yeti/1.1; +https://naver.me/spd)" "ysfine.com"
109.197.32.162 - - [29/Sep/2022:13:23:33 -0700] "GET /world/poland/jablo01b.jpg HTTP/1.1" 200 39801 "https://www.google.pl/" "Mozilla/5.0 (iPhone; CPU iPhone OS 16_0 like Mac OS X) AppleWebKit/605.1.15 (KHTML, like Gecko) Version/16.0 Mobile/15E148 Safari/604.1" "ysfine.com"
109.197.32.162 - - [29/Sep/2022:13:23:34 -0700] "GET /world/polandp.html HTTP/1.1" 200 5412 "https://www.google.pl/" "Mozilla/5.0 (iPhone; CPU iPhone OS 16_0 like Mac OS X) AppleWebKit/605.1.15 (KHTML, like Gecko) Version/16.0 Mobile/15E148 Safari/604.1" "ysfine.com"
109.197.32.162 - - [29/Sep/2022:13:23:34 -0700] "GET /world/poland/jablo01b.jpg HTTP/1.1" 200 39801 "https://ysfine.com/" "Mozilla/5.0 (iPhone; CPU iPhone OS 16_0 like Mac OS X) AppleWebKit/605.1.15 (KHTML, like Gecko) Version/16.0 Mobile/15E148 Safari/604.1" "ysfine.com"
109.197.32.162 - - [29/Sep/2022:13:23:34 -0700] "GET /feynman/feydirac270.jpg HTTP/1.1" 200 59000 "https://ysfine.com/" "Mozilla/5.0 (iPhone; CPU iPhone OS 16_0 like Mac OS X) AppleWebKit/605.1.15 (KHTML, like Gecko) Version/16.0 Mobile/15E148 Safari/604.1" "ysfine.com"
109.197.32.162 - - [29/Sep/2022:13:23:34 -0700] "GET /world/poland/jablo20b.jpg HTTP/1.1" 200 41339 "https://ysfine.com/" "Mozilla/5.0 (iPhone; CPU iPhone OS 16_0 like Mac OS X) AppleWebKit/605.1.15 (KHTML, like Gecko) Version/16.0 Mobile/15E148 Safari/604.1" "ysfine.com"
109.197.32.162 - - [29/Sep/2022:13:23:34 -0700] "GET /world/poland/jablo08b.jpg HTTP/1.1" 200 42070 "https://ysfine.com/" "Mozilla/5.0 (iPhone; CPU iPhone OS 16_0 like Mac OS X) AppleWebKit/605.1.15 (KHTML, like Gecko) Version/16.0 Mobile/15E148 Safari/604.1" "ysfine.com"
109.197.32.162 - - [29/Sep/2022:13:23:34 -0700] "GET /world/poland/jablo19b.jpg HTTP/1.1" 200 49913 "https://ysfine.com/" "Mozilla/5.0 (iPhone; CPU iPhone OS 16_0 like Mac OS X) AppleWebKit/605.1.15 (KHTML, like Gecko) Version/16.0 Mobile/15E148 Safari/604.1" "ysfine.com"
109.197.32.162 - - [29/Sep/2022:13:23:36 -0700] "GET /world/poland/jablo62b.jpg HTTP/1.1" 200 33975 "https://ysfine.com/" "Mozilla/5.0 (iPhone; CPU iPhone OS 16_0 like Mac OS X) AppleWebKit/605.1.15 (KHTML, like Gecko) Version/16.0 Mobile/15E148 Safari/604.1" "ysfine.com"
109.197.32.162 - - [29/Sep/2022:13:23:36 -0700] "GET /eink/eink61c.jpg HTTP/1.1" 200 34119 "https://ysfine.com/" "Mozilla/5.0 (iPhone; CPU iPhone OS 16_0 like Mac OS X) AppleWebKit/605.1.15 (KHTML, like Gecko) Version/16.0 Mobile/15E148 Safari/604.1" "ysfine.com"
109.197.32.162 - - [29/Sep/2022:13:23:36 -0700] "GET /dirac/dirackim6202.jpg HTTP/1.1" 200 51465 "https://ysfine.com/" "Mozilla/5.0 (iPhone; CPU iPhone OS 16_0 like Mac OS X) AppleWebKit/605.1.15 (KHTML, like Gecko) Version/16.0 Mobile/15E148 Safari/604.1" "ysfine.com"
109.197.32.162 - - [29/Sep/2022:13:23:36 -0700] "GET /kobak/nicodem11b.jpg HTTP/1.1" 200 79065 "https://ysfine.com/" "Mozilla/5.0 (iPhone; CPU iPhone OS 16_0 like Mac OS X) AppleWebKit/605.1.15 (KHTML, like Gecko) Version/16.0 Mobile/15E148 Safari/604.1" "ysfine.com"
109.197.32.162 - - [29/Sep/2022:13:23:36 -0700] "GET /dirac/hyperell2.jpg HTTP/1.1" 200 29858 "https://ysfine.com/" "Mozilla/5.0 (iPhone; CPU iPhone OS 16_0 like Mac OS X) AppleWebKit/605.1.15 (KHTML, like Gecko) Version/16.0 Mobile/15E148 Safari/604.1" "ysfine.com"
109.197.32.162 - - [29/Sep/2022:13:23:36 -0700] "GET /dirac/dirackn33b.jpg HTTP/1.1" 200 48200 "https://ysfine.com/" "Mozilla/5.0 (iPhone; CPU iPhone OS 16_0 like Mac OS X) AppleWebKit/605.1.15 (KHTML, like Gecko) Version/16.0 Mobile/15E148 Safari/604.1" "ysfine.com"
109.197.32.162 - - [29/Sep/2022:13:23:36 -0700] "GET /dirac/dirackim6201.jpg HTTP/1.1" 200 51283 "https://ysfine.com/" "Mozilla/5.0 (iPhone; CPU iPhone OS 16_0 like Mac OS X) AppleWebKit/605.1.15 (KHTML, like Gecko) Version/16.0 Mobile/15E148 Safari/604.1" "ysfine.com"
109.197.32.162 - - [29/Sep/2022:13:23:38 -0700] "GET /favicon.ico HTTP/1.1" 404 88 "https://ysfine.com/" "Mozilla/5.0 (iPhone; CPU iPhone OS 16_0 like Mac OS X) AppleWebKit/605.1.15 (KHTML, like Gecko) Version/16.0 Mobile/15E148 Safari/604.1" "ysfine.com"
157.55.39.55 - - [29/Sep/2022:13:24:00 -0700] "GET /world/germany/schonbr01.jpg HTTP/1.1" 200 89359 "-" "Mozilla/5.0 (compatible; bingbot/2.0; +http://www.bing.com/bingbot.htm)" "ysfine.com"
114.119.128.142 - - [29/Sep/2022:13:24:23 -0700] "GET /remote/sisfa12aa/frame10.html HTTP/1.1" 200 320 "https://ysfine.com/remote/sisfa12aa/frame11.html" "Mozilla/5.0 (Linux; Android 7.0;) AppleWebKit/537.36 (KHTML, like Gecko) Mobile Safari/537.36 (compatible; PetalBot;+https://webmaster.petalsearch.com/site/petalbot)" "ysfine.com"
40.77.167.27 - - [29/Sep/2022:13:24:32 -0700] "GET /sbk/2008orlando11.jpg HTTP/1.1" 200 126190 "-" "Mozilla/5.0 (compatible; bingbot/2.0; +http://www.bing.com/bingbot.htm)" "ysfine.com"
77.75.73.26 - - [29/Sep/2022:13:24:36 -0700] "GET /manko/left.html HTTP/1.1" 304 - "-" "Mozilla/5.0 (compatible; SeznamBot/4.0-RC1; +http://napoveda.seznam.cz/seznambot-intro/)" "ysfine.com"
157.55.39.128 - - [29/Sep/2022:13:24:42 -0700] "GET /world/russ/spbf28.jpg HTTP/1.1" 200 240532 "-" "Mozilla/5.0 AppleWebKit/537.36 (KHTML, like Gecko; compatible; bingbot/2.0; +http://www.bing.com/bingbot.htm) Chrome/103.0.5060.134 Safari/537.36" "ysfine.com"
93.158.161.40 - - [29/Sep/2022:13:24:59 -0700] "GET /wigner/e(2).html HTTP/1.1" 200 4288 "-" "Mozilla/5.0 (compatible; YandexBot/3.0; +http://yandex.com/bots)" "www.ysfine.com"
136.243.228.179 - - [29/Sep/2022:13:25:03 -0700] "GET /yspapers/index.html HTTP/1.1" 304 - "-" "Mozilla/5.0 (compatible; DataForSeoBot/1.0; +https://dataforseo.com/dataforseo-bot)" "ysfine.com"
157.55.39.58 - - [29/Sep/2022:13:25:22 -0700] "GET /maga/phys/naimar/pewk09.jpg HTTP/1.1" 200 54557 "-" "Mozilla/5.0 (compatible; bingbot/2.0; +http://www.bing.com/bingbot.htm)" "ysfine.com"
66.249.70.4 - - [29/Sep/2022:13:25:44 -0700] "GET /maga/phil/marxber33.jpg HTTP/1.1" 304 - "-" "Googlebot-Image/1.0" "ysfine.com"
5.188.210.87 - - [29/Sep/2022:13:25:58 -0700] "GET /world/travel.html HTTP/1.1" 200 5186 "https://www.ysfine.com/world/travel.html" "Mozilla/5.0 (Windows NT 10.0; WOW64) AppleWebKit/537.36 (KHTML, like Gecko) Chrome/90.0.4430.72 Safari/537.36" "www.ysfine.com"
5.188.210.87 - - [29/Sep/2022:13:25:59 -0700] "GET / HTTP/1.1" 200 15910 "https://www.ysfine.com/" "Mozilla/5.0 (Windows NT 10.0; WOW64) AppleWebKit/537.36 (KHTML, like Gecko) Chrome/90.0.4430.72 Safari/537.36" "www.ysfine.com"
207.46.13.102 - - [29/Sep/2022:13:26:37 -0700] "GET /kobak/lemnitzer.jpg HTTP/1.1" 200 123112 "-" "Mozilla/5.0 (compatible; bingbot/2.0; +http://www.bing.com/bingbot.htm)" "www.ysfine.com"
114.119.128.154 - - [29/Sep/2022:13:26:52 -0700] "GET /class54/class5470/total_data/photo_img/8-121.jpg HTTP/1.1" 200 257657 "https://ysfine.com/class54/class5470/total_data/sub_8121.htm" "Mozilla/5.0 (Linux; Android 7.0;) AppleWebKit/537.36 (KHTML, like Gecko) Mobile Safari/537.36 (compatible; PetalBot;+https://webmaster.petalsearch.com/site/petalbot)" "ysfine.com"
123.183.224.89 - - [29/Sep/2022:13:27:38 -0700] "GET / HTTP/1.1" 200 5283 "-" "Sogou web spider/4.0(+http://www.sogou.com/docs/help/webmasters.htm#07)" "www.ysfine.com"
220.181.108.102 - - [29/Sep/2022:13:28:22 -0700] "GET / HTTP/1.1" 304 - "-" "Mozilla/5.0 (compatible; Baiduspider/2.0; +http://www.baidu.com/search/spider.html)" "www.ysfine.com"
85.226.184.238 - - [29/Sep/2022:13:28:29 -0700] "GET /wigner/neum/vnc03.jpg HTTP/1.1" 200 80421 "https://www.google.com/" "Mozilla/5.0 (Macintosh; Intel Mac OS X 10.15; rv:105.0) Gecko/20100101 Firefox/105.0" "ysfine.com"
157.55.39.58 - - [29/Sep/2022:13:28:51 -0700] "GET /style/augustiner22.jpg HTTP/1.1" 200 133962 "-" "Mozilla/5.0 (compatible; bingbot/2.0; +http://www.bing.com/bingbot.htm)" "ysfine.com"
114.119.128.14 - - [29/Sep/2022:13:29:23 -0700] "GET /dirac/dart/dirac45a.pdf HTTP/1.1" 200 2115116 "https://www.ysfine.com/eink/index.html" "Mozilla/5.0 (Linux; Android 7.0;) AppleWebKit/537.36 (KHTML, like Gecko) Mobile Safari/537.36 (compatible; PetalBot;+https://webmaster.petalsearch.com/site/petalbot)" "www.ysfine.com"
40.77.167.27 - - [29/Sep/2022:13:29:31 -0700] "GET /princeton/adulles2.jpg HTTP/1.1" 200 51260 "-" "Mozilla/5.0 (compatible; bingbot/2.0; +http://www.bing.com/bingbot.htm)" "ysfine.com"
40.77.167.27 - - [29/Sep/2022:13:29:32 -0700] "GET /world/scandi/sto024b.jpg HTTP/1.1" 200 34817 "-" "Mozilla/5.0 (compatible; bingbot/2.0; +http://www.bing.com/bingbot.htm)" "ysfine.com"
40.77.167.27 - - [29/Sep/2022:13:29:52 -0700] "GET /wdc/gtown38.jpg HTTP/1.1" 200 122436 "-" "Mozilla/5.0 AppleWebKit/537.36 (KHTML, like Gecko; compatible; bingbot/2.0; +http://www.bing.com/bingbot.htm) Chrome/103.0.5060.134 Safari/537.36" "ysfine.com"
14.231.199.120 - - [29/Sep/2022:13:30:42 -0700] "GET /world/ital/venice01.jpg HTTP/1.1" 200 187595 "-" "Mozilla/5.0 (iPhone; CPU iPhone OS 16_0 like Mac OS X) AppleWebKit/605.1.15 (KHTML, like Gecko) CriOS/105.0.5195.147 Mobile/15E148 Safari/604.1" "www.ysfine.com"
157.55.39.128 - - [29/Sep/2022:13:31:13 -0700] "GET /world/balkan/istan002.jpg HTTP/1.1" 200 137911 "-" "Mozilla/5.0 AppleWebKit/537.36 (KHTML, like Gecko; compatible; bingbot/2.0; +http://www.bing.com/bingbot.htm) Chrome/103.0.5060.134 Safari/537.36" "ysfine.com"
114.119.128.162 - - [29/Sep/2022:13:32:16 -0700] "GET /dirac/emc/fparton.html HTTP/1.1" 404 88 "https://ysfine.com/dirac/dirfeyn.html" "Mozilla/5.0 (Linux; Android 7.0;) AppleWebKit/537.36 (KHTML, like Gecko) Mobile Safari/537.36 (compatible; PetalBot;+https://webmaster.petalsearch.com/site/petalbot)" "ysfine.com"
198.162.115.71 - - [29/Sep/2022:13:32:27 -0700] "GET /world/russ/kazanmap22.jpg HTTP/1.1" 200 129761 "https://www.bing.com/" "Mozilla/5.0 (Windows NT 10.0; Win64; x64) AppleWebKit/537.36 (KHTML, like Gecko) Chrome/105.0.0.0 Safari/537.36 Edg/105.0.1343.53" "www.ysfine.com"
17.121.115.146 - - [29/Sep/2022:13:33:10 -0700] "GET /maga/poincare.html HTTP/1.1" 200 7726 "-" "Mozilla/5.0 (Macintosh; Intel Mac OS X 10_15_5) AppleWebKit/605.1.15 (KHTML, like Gecko) Version/13.1.1 Safari/605.1.15 (Applebot/0.1; +http://www.apple.com/go/applebot)" "ysfine.com"
67.186.107.118 - - [29/Sep/2022:13:34:02 -0700] "GET /kobak/taylor11.jpg HTTP/1.1" 200 252685 "https://www.google.com/" "Mozilla/5.0 (Windows NT 10.0; Win64; x64) AppleWebKit/537.36 (KHTML, like Gecko) Chrome/106.0.0.0 Safari/537.36" "ysfine.com"
157.55.39.55 - - [29/Sep/2022:13:34:31 -0700] "GET /world/kalinin.html HTTP/1.1" 200 9595 "-" "Mozilla/5.0 (compatible; bingbot/2.0; +http://www.bing.com/bingbot.htm)" "www.ysfine.com"
157.55.39.55 - - [29/Sep/2022:13:34:32 -0700] "GET /world/jeru.html HTTP/1.1" 200 6991 "-" "Mozilla/5.0 (compatible; bingbot/2.0; +http://www.bing.com/bingbot.htm)" "www.ysfine.com"
114.119.128.142 - - [29/Sep/2022:13:34:44 -0700] "GET /einstein/eingali.html HTTP/1.1" 200 2762 "https://www.ysfine.com/einstein/einstorie.html" "Mozilla/5.0 (Linux; Android 7.0;) AppleWebKit/537.36 (KHTML, like Gecko) Mobile Safari/537.36 (compatible; PetalBot;+https://webmaster.petalsearch.com/site/petalbot)" "www.ysfine.com"
157.55.39.55 - - [29/Sep/2022:13:35:00 -0700] "GET /world/china/hangz05.jpg HTTP/1.1" 200 89458 "-" "Mozilla/5.0 (compatible; bingbot/2.0; +http://www.bing.com/bingbot.htm)" "www.ysfine.com"
157.55.39.127 - - [29/Sep/2022:13:35:23 -0700] "GET /world/ital/padova06.jpg HTTP/1.1" 200 106864 "-" "Mozilla/5.0 (compatible; bingbot/2.0; +http://www.bing.com/bingbot.htm)" "ysfine.com"
173.252.83.6 - - [29/Sep/2022:13:36:34 -0700] "GET /yspapers/restof11a.jpg HTTP/1.1" 200 52991 "-" "facebookexternalhit/1.1 (+http://www.facebook.com/externalhit_uatext.php)" "ysfine.com"
17.121.112.116 - - [29/Sep/2022:13:37:19 -0700] "GET /home/yshome.html HTTP/1.1" 200 5699 "-" "Mozilla/5.0 (Macintosh; Intel Mac OS X 10_15_5) AppleWebKit/605.1.15 (KHTML, like Gecko) Version/13.1.1 Safari/605.1.15 (Applebot/0.1; +http://www.apple.com/go/applebot)" "ysfine.com"
157.55.39.128 - - [29/Sep/2022:13:37:34 -0700] "GET /world/poland/gdn05.jpg HTTP/1.1" 200 178316 "-" "Mozilla/5.0 AppleWebKit/537.36 (KHTML, like Gecko; compatible; bingbot/2.0; +http://www.bing.com/bingbot.htm) Chrome/103.0.5060.134 Safari/537.36" "ysfine.com"
207.46.13.102 - - [29/Sep/2022:13:38:58 -0700] "GET /kobak/namdae01a.jpg HTTP/1.1" 200 74504 "-" "Mozilla/5.0 (compatible; bingbot/2.0; +http://www.bing.com/bingbot.htm)" "www.ysfine.com"
216.200.69.58 - - [29/Sep/2022:13:39:00 -0700] "GET /heisen/heisen22.jpg HTTP/1.1" 200 82807 "https://www.google.com/" "Mozilla/5.0 (Windows NT 10.0; Win64; x64) AppleWebKit/537.36 (KHTML, like Gecko) Chrome/105.0.0.0 Safari/537.36" "ysfine.com"
174.26.66.198 - - [29/Sep/2022:13:39:04 -0700] "GET /world/japan/nara005.jpg HTTP/1.1" 200 144132 "https://www.google.com/" "Mozilla/5.0 (Windows NT 10.0; Win64; x64) AppleWebKit/537.36 (KHTML, like Gecko) Chrome/104.0.5112.102 Safari/537.36 OPR/90.0.4480.84" "ysfine.com"
5.188.210.93 - - [29/Sep/2022:13:40:03 -0700] "GET /world/travel.html HTTP/1.1" 200 5186 "https://www.ysfine.com/world/travel.html" "Mozilla/5.0 (Windows NT 10.0; Win64; x64) AppleWebKit/537.36 (KHTML, like Gecko) Chrome/90.0.4430.85 Safari/537.36 Edg/90.0.818.49" "www.ysfine.com"
5.188.210.93 - - [29/Sep/2022:13:40:04 -0700] "GET / HTTP/1.1" 200 15910 "https://www.ysfine.com/" "Mozilla/5.0 (Windows NT 10.0; Win64; x64) AppleWebKit/537.36 (KHTML, like Gecko) Chrome/90.0.4430.85 Safari/537.36 Edg/90.0.818.49" "www.ysfine.com"
40.77.167.27 - - [29/Sep/2022:13:40:53 -0700] "GET /world/russ/spb33.jpg HTTP/1.1" 200 84373 "-" "Mozilla/5.0 (compatible; bingbot/2.0; +http://www.bing.com/bingbot.htm)" "ysfine.com"
35.93.33.215 - - [29/Sep/2022:13:41:35 -0700] "GET /maga/herod.html HTTP/1.1" 200 11293 "-" "Mozilla/5.0 (Windows NT 10.0; Win64; x64) AppleWebKit/537.36 (KHTML, like Gecko) Chrome/105.0.0.0 Safari/537.36" "ysfine.com"
157.55.39.58 - - [29/Sep/2022:13:41:44 -0700] "GET /world/brit/loncafe22.jpg HTTP/1.1" 200 112967 "-" "Mozilla/5.0 (compatible; bingbot/2.0; +http://www.bing.com/bingbot.htm)" "ysfine.com"
157.55.39.55 - - [29/Sep/2022:13:42:21 -0700] "GET /home/tollwig11c.jpg HTTP/1.1" 200 28199 "-" "Mozilla/5.0 (compatible; bingbot/2.0; +http://www.bing.com/bingbot.htm)" "ysfine.com"
114.119.128.162 - - [29/Sep/2022:13:42:26 -0700] "GET /class54/class5470/total_data/photo_img/8-12.jpg HTTP/1.1" 200 168812 "https://ysfine.com/class54/class5470/total_data/sub_812.htm" "Mozilla/5.0 (Linux; Android 7.0;) AppleWebKit/537.36 (KHTML, like Gecko) Mobile Safari/537.36 (compatible; PetalBot;+https://webmaster.petalsearch.com/site/petalbot)" "ysfine.com"
216.227.248.122 - - [29/Sep/2022:13:42:28 -0700] "GET /kowar/panmun04.jpg HTTP/1.1" 200 126386 "https://www.google.com/" "Mozilla/5.0 (X11; CrOS x86_64 14989.107.0) AppleWebKit/537.36 (KHTML, like Gecko) Chrome/105.0.0.0 Safari/537.36" "ysfine.com"
91.37.186.219 - - [29/Sep/2022:13:43:25 -0700] "GET /feynman/feyn86b.jpg HTTP/1.1" 200 26190 "https://www.google.com/" "Mozilla/5.0 (Macintosh; Intel Mac OS X 10_15_7) AppleWebKit/537.36 (KHTML, like Gecko) Chrome/104.0.5112.102 Safari/537.36 OPR/90.0.4480.84" "ysfine.com"
157.55.39.58 - - [29/Sep/2022:13:43:33 -0700] "GET /world/hungary/buda043.jpg HTTP/1.1" 200 112469 "-" "Mozilla/5.0 (compatible; bingbot/2.0; +http://www.bing.com/bingbot.htm)" "ysfine.com"
157.55.39.128 - - [29/Sep/2022:13:44:25 -0700] "GET /wdc/kennedyc05b.jpg HTTP/1.1" 200 26902 "-" "Mozilla/5.0 (compatible; bingbot/2.0; +http://www.bing.com/bingbot.htm)" "www.ysfine.com"
157.55.39.127 - - [29/Sep/2022:13:45:23 -0700] "GET /usca/pitt/cmall04.jpg HTTP/1.1" 200 70991 "-" "Mozilla/5.0 AppleWebKit/537.36 (KHTML, like Gecko; compatible; bingbot/2.0; +http://www.bing.com/bingbot.htm) Chrome/103.0.5060.134 Safari/537.36" "www.ysfine.com"
114.119.128.154 - - [29/Sep/2022:13:45:24 -0700] "GET /style/kazan.html HTTP/1.1" 404 88 "https://ysfine.com/style/mushalls.html" "Mozilla/5.0 (Linux; Android 7.0;) AppleWebKit/537.36 (KHTML, like Gecko) Mobile Safari/537.36 (compatible; PetalBot;+https://webmaster.petalsearch.com/site/petalbot)" "ysfine.com"
91.37.186.219 - - [29/Sep/2022:13:45:29 -0700] "GET /feynman/feynman.jpg HTTP/1.1" 200 40536 "https://www.google.com/" "Mozilla/5.0 (Macintosh; Intel Mac OS X 10_15_7) AppleWebKit/537.36 (KHTML, like Gecko) Chrome/104.0.5112.102 Safari/537.36 OPR/90.0.4480.84" "ysfine.com"
157.55.39.55 - - [29/Sep/2022:13:46:23 -0700] "GET /eink/eintao55a.jpg HTTP/1.1" 200 43359 "-" "Mozilla/5.0 (compatible; bingbot/2.0; +http://www.bing.com/bingbot.htm)" "www.ysfine.com"
37.225.3.187 - - [29/Sep/2022:13:47:46 -0700] "GET /world/brit/harrow05.jpg HTTP/1.1" 200 248175 "https://www.bing.com/" "Mozilla/5.0 (Windows NT 10.0; Win64; x64) AppleWebKit/537.36 (KHTML, like Gecko) Chrome/105.0.0.0 Safari/537.36 Edg/105.0.1343.53" "www.ysfine.com"
37.225.3.187 - - [29/Sep/2022:13:47:50 -0700] "GET /world/brit/etonharrow.html HTTP/1.1" 200 4546 "https://www.bing.com/" "Mozilla/5.0 (Windows NT 10.0; Win64; x64) AppleWebKit/537.36 (KHTML, like Gecko) Chrome/105.0.0.0 Safari/537.36 Edg/105.0.1343.53" "www.ysfine.com"
37.225.3.187 - - [29/Sep/2022:13:47:50 -0700] "GET /world/brit/nehru11b.jpg HTTP/1.1" 200 43052 "https://www.ysfine.com/world/brit/etonharrow.html" "Mozilla/5.0 (Windows NT 10.0; Win64; x64) AppleWebKit/537.36 (KHTML, like Gecko) Chrome/105.0.0.0 Safari/537.36 Edg/105.0.1343.53" "www.ysfine.com"
37.225.3.187 - - [29/Sep/2022:13:47:50 -0700] "GET /world/brit/winston01b.jpg HTTP/1.1" 200 38436 "https://www.ysfine.com/world/brit/etonharrow.html" "Mozilla/5.0 (Windows NT 10.0; Win64; x64) AppleWebKit/537.36 (KHTML, like Gecko) Chrome/105.0.0.0 Safari/537.36 Edg/105.0.1343.53" "www.ysfine.com"
37.225.3.187 - - [29/Sep/2022:13:47:50 -0700] "GET /world/brit/eton01b.jpg HTTP/1.1" 200 47771 "https://www.ysfine.com/world/brit/etonharrow.html" "Mozilla/5.0 (Windows NT 10.0; Win64; x64) AppleWebKit/537.36 (KHTML, like Gecko) Chrome/105.0.0.0 Safari/537.36 Edg/105.0.1343.53" "www.ysfine.com"
37.225.3.187 - - [29/Sep/2022:13:47:50 -0700] "GET /kobak/kwk11b.jpg HTTP/1.1" 200 46888 "https://www.ysfine.com/world/brit/etonharrow.html" "Mozilla/5.0 (Windows NT 10.0; Win64; x64) AppleWebKit/537.36 (KHTML, like Gecko) Chrome/105.0.0.0 Safari/537.36 Edg/105.0.1343.53" "www.ysfine.com"
37.225.3.187 - - [29/Sep/2022:13:47:50 -0700] "GET /eink/pwk19c.jpg HTTP/1.1" 200 57759 "https://www.ysfine.com/world/brit/etonharrow.html" "Mozilla/5.0 (Windows NT 10.0; Win64; x64) AppleWebKit/537.36 (KHTML, like Gecko) Chrome/105.0.0.0 Safari/537.36 Edg/105.0.1343.53" "www.ysfine.com"
37.225.3.187 - - [29/Sep/2022:13:47:50 -0700] "GET /world/brit/harrow11b.jpg HTTP/1.1" 200 42533 "https://www.ysfine.com/world/brit/etonharrow.html" "Mozilla/5.0 (Windows NT 10.0; Win64; x64) AppleWebKit/537.36 (KHTML, like Gecko) Chrome/105.0.0.0 Safari/537.36 Edg/105.0.1343.53" "www.ysfine.com"
37.225.3.187 - - [29/Sep/2022:13:47:50 -0700] "GET /kobak/taylor33c.jpg HTTP/1.1" 200 39951 "https://www.ysfine.com/world/brit/etonharrow.html" "Mozilla/5.0 (Windows NT 10.0; Win64; x64) AppleWebKit/537.36 (KHTML, like Gecko) Chrome/105.0.0.0 Safari/537.36 Edg/105.0.1343.53" "www.ysfine.com"
37.225.3.187 - - [29/Sep/2022:13:47:50 -0700] "GET /world/brit/eton07b.jpg HTTP/1.1" 200 36566 "https://www.ysfine.com/world/brit/etonharrow.html" "Mozilla/5.0 (Windows NT 10.0; Win64; x64) AppleWebKit/537.36 (KHTML, like Gecko) Chrome/105.0.0.0 Safari/537.36 Edg/105.0.1343.53" "www.ysfine.com"
37.225.3.187 - - [29/Sep/2022:13:47:50 -0700] "GET /world/brit/harrow04b.jpg HTTP/1.1" 200 48004 "https://www.ysfine.com/world/brit/etonharrow.html" "Mozilla/5.0 (Windows NT 10.0; Win64; x64) AppleWebKit/537.36 (KHTML, like Gecko) Chrome/105.0.0.0 Safari/537.36 Edg/105.0.1343.53" "www.ysfine.com"
37.225.3.187 - - [29/Sep/2022:13:47:50 -0700] "GET /world/brit/windsor02b.jpg HTTP/1.1" 200 40724 "https://www.ysfine.com/world/brit/etonharrow.html" "Mozilla/5.0 (Windows NT 10.0; Win64; x64) AppleWebKit/537.36 (KHTML, like Gecko) Chrome/105.0.0.0 Safari/537.36 Edg/105.0.1343.53" "www.ysfine.com"
37.225.3.187 - - [29/Sep/2022:13:47:50 -0700] "GET /world/brit/harrow09b.jpg HTTP/1.1" 200 48797 "https://www.ysfine.com/world/brit/etonharrow.html" "Mozilla/5.0 (Windows NT 10.0; Win64; x64) AppleWebKit/537.36 (KHTML, like Gecko) Chrome/105.0.0.0 Safari/537.36 Edg/105.0.1343.53" "www.ysfine.com"
