157.55.39.55 - - [29/Sep/2022:03:17:54 -0700] "GET /world/baltic/kantname11.jpg HTTP/1.1" 200 140735 "-" "Mozilla/5.0 (compatible; bingbot/2.0; +http://www.bing.com/bingbot.htm)" "ysfine.com"
2.49.39.252 - - [29/Sep/2022:03:17:56 -0700] "GET /world/baltic/lithu11.jpg HTTP/1.1" 200 115376 "https://www.google.com/" "Mozilla/5.0 (Linux; Android 12; SM-A025F Build/SP1A.210812.016; wv) AppleWebKit/537.36 (KHTML, like Gecko) Version/4.0 Chrome/105.0.5195.136 Mobile Safari/537.36 GoogleApp/13.37.10.26.arm" "ysfine.com"
44.192.26.60 - - [29/Sep/2022:03:18:20 -0700] "GET /people/sbtwein.html HTTP/1.1" 304 - "-" "CCBot/2.0 (https://commoncrawl.org/faq/)" "ysfine.com"
157.55.39.58 - - [29/Sep/2022:03:18:51 -0700] "GET /einstein/newtmax02.jpg HTTP/1.1" 200 55929 "-" "Mozilla/5.0 (compatible; bingbot/2.0; +http://www.bing.com/bingbot.htm)" "ysfine.com"
44.192.26.60 - - [29/Sep/2022:03:19:14 -0700] "GET /einstein/einwo.html HTTP/1.1" 200 4222 "-" "CCBot/2.0 (https://commoncrawl.org/faq/)" "ysfine.com"
157.55.39.55 - - [29/Sep/2022:03:19:33 -0700] "GET /people/redgreen.jpg HTTP/1.1" 200 128354 "-" "Mozilla/5.0 AppleWebKit/537.36 (KHTML, like Gecko; compatible; bingbot/2.0; +http://www.bing.com/bingbot.htm) Chrome/103.0.5060.134 Safari/537.36" "www.ysfine.com"
44.192.26.60 - - [29/Sep/2022:03:20:05 -0700] "GET /sbk/2000rome.html HTTP/1.1" 200 316 "-" "CCBot/2.0 (https://commoncrawl.org/faq/)" "ysfine.com"
20.248.169.252 - - [29/Sep/2022:03:20:47 -0700] "GET /wp-includes/wlwmanifest.xml HTTP/1.1" 404 88 "-" "python-requests/2.27.1" "ysfine.com"
20.248.169.252 - - [29/Sep/2022:03:20:48 -0700] "GET /administrator/index.php HTTP/1.1" 404 88 "-" "python-requests/2.27.1" "ysfine.com"
20.248.169.252 - - [29/Sep/2022:03:20:50 -0700] "GET /view-source: HTTP/1.1" 404 88 "-" "python-requests/2.27.1" "ysfine.com"
20.248.169.252 - - [29/Sep/2022:03:20:51 -0700] "GET /misc/ajax.js HTTP/1.1" 404 88 "-" "python-requests/2.27.1" "ysfine.com"
44.192.26.60 - - [29/Sep/2022:03:20:56 -0700] "GET /dongio/korcasia.html HTTP/1.1" 404 88 "-" "CCBot/2.0 (https://commoncrawl.org/faq/)" "ysfine.com"
54.236.1.13 - - [29/Sep/2022:03:21:13 -0700] "GET /einstein/einplanck.html HTTP/1.1" 200 3255 "-" "Mozilla/5.0 (compatible; Pinterestbot/1.0; +http://www.pinterest.com/bot.html)" "ysfine.com"
54.236.1.11 - - [29/Sep/2022:03:21:13 -0700] "GET /einstein/einplanck2.jpg HTTP/1.1" 200 33638 "-" "Mozilla/5.0 (compatible; Pinterestbot/1.0; +http://www.pinterest.com/bot.html)" "ysfine.com"
207.46.13.102 - - [29/Sep/2022:03:21:19 -0700] "GET /einstein/pdugard17a.jpg HTTP/1.1" 200 92931 "-" "Mozilla/5.0 (compatible; bingbot/2.0; +http://www.bing.com/bingbot.htm)" "ysfine.com"
207.46.13.102 - - [29/Sep/2022:03:21:20 -0700] "GET /world/baltic/riga20b.jpg HTTP/1.1" 200 28147 "-" "Mozilla/5.0 (compatible; bingbot/2.0; +http://www.bing.com/bingbot.htm)" "ysfine.com"
44.192.26.60 - - [29/Sep/2022:03:21:45 -0700] "GET /sbk/1950.html HTTP/1.1" 200 5522 "-" "CCBot/2.0 (https://commoncrawl.org/faq/)" "ysfine.com"
157.55.39.58 - - [29/Sep/2022:03:22:11 -0700] "GET /world/france/stras30c.jpg HTTP/1.1" 200 34002 "-" "Mozilla/5.0 (compatible; bingbot/2.0; +http://www.bing.com/bingbot.htm)" "www.ysfine.com"
44.192.26.60 - - [29/Sep/2022:03:22:32 -0700] "GET /kowar/war45.html HTTP/1.1" 200 12086 "-" "CCBot/2.0 (https://commoncrawl.org/faq/)" "ysfine.com"
110.93.150.211 - - [29/Sep/2022:03:22:38 -0700] "GET /home/fotos/photo04c.jpg HTTP/1.1" 200 39964 "-" "Mozilla/5.0 (compatible; Yeti/1.1; +https://naver.me/spd)" "ysfine.com"
157.55.39.58 - - [29/Sep/2022:03:23:11 -0700] "GET /world/baltic/riga08.jpg HTTP/1.1" 200 103075 "-" "Mozilla/5.0 (compatible; bingbot/2.0; +http://www.bing.com/bingbot.htm)" "ysfine.com"
157.55.39.55 - - [29/Sep/2022:03:24:34 -0700] "GET /maga/invent/marconi03c.jpg HTTP/1.1" 200 55919 "-" "Mozilla/5.0 (compatible; bingbot/2.0; +http://www.bing.com/bingbot.htm)" "ysfine.com"
157.55.39.128 - - [29/Sep/2022:03:24:55 -0700] "GET /wdc/obama15.jpg HTTP/1.1" 200 122358 "-" "Mozilla/5.0 AppleWebKit/537.36 (KHTML, like Gecko; compatible; bingbot/2.0; +http://www.bing.com/bingbot.htm) Chrome/103.0.5060.134 Safari/537.36" "ysfine.com"
157.55.39.128 - - [29/Sep/2022:03:24:58 -0700] "GET /world/france/frstu09.jpg HTTP/1.1" 200 167728 "-" "Mozilla/5.0 (compatible; bingbot/2.0; +http://www.bing.com/bingbot.htm)" "ysfine.com"
44.192.26.60 - - [29/Sep/2022:03:25:01 -0700] "GET /kobak/yoonhm.html HTTP/1.1" 404 88 "-" "CCBot/2.0 (https://commoncrawl.org/faq/)" "ysfine.com"
44.192.26.60 - - [29/Sep/2022:03:25:56 -0700] "GET /sbk/1990.html HTTP/1.1" 200 3990 "-" "CCBot/2.0 (https://commoncrawl.org/faq/)" "ysfine.com"
17.121.113.111 - - [29/Sep/2022:03:26:06 -0700] "GET /home/easy.html HTTP/1.1" 200 7877 "-" "Mozilla/5.0 (Macintosh; Intel Mac OS X 10_15_5) AppleWebKit/605.1.15 (KHTML, like Gecko) Version/13.1.1 Safari/605.1.15 (Applebot/0.1; +http://www.apple.com/go/applebot)" "ysfine.com"
78.188.9.181 - - [29/Sep/2022:03:26:26 -0700] "GET /dirac/dirheisen31c.jpg HTTP/1.1" 200 43569 "https://www.google.com.tr/" "Mozilla/5.0 (iPhone; CPU iPhone OS 14_4_1 like Mac OS X) AppleWebKit/605.1.15 (KHTML, like Gecko) Version/14.0.3 Mobile/15E148 Safari/604.1" "ysfine.com"
157.55.39.58 - - [29/Sep/2022:03:27:12 -0700] "GET /world/germany/humboldt08.jpg HTTP/1.1" 200 80094 "-" "Mozilla/5.0 AppleWebKit/537.36 (KHTML, like Gecko; compatible; bingbot/2.0; +http://www.bing.com/bingbot.htm) Chrome/103.0.5060.134 Safari/537.36" "ysfine.com"
44.192.26.60 - - [29/Sep/2022:03:28:07 -0700] "GET /maga/marx.html HTTP/1.1" 304 - "-" "CCBot/2.0 (https://commoncrawl.org/faq/)" "ysfine.com"
31.173.81.249 - - [29/Sep/2022:03:28:21 -0700] "GET /kobak/sl628.jpg HTTP/1.1" 200 225100 "https://www.google.com/" "Mozilla/5.0 (Windows NT 10.0; Win64; x64) AppleWebKit/537.36 (KHTML, like Gecko) Chrome/105.0.0.0 Safari/537.36 Edg/105.0.1343.53" "ysfine.com"
207.46.13.102 - - [29/Sep/2022:03:28:41 -0700] "GET /world/hungary/hunstu26.jpg HTTP/1.1" 200 82020 "-" "Mozilla/5.0 (compatible; bingbot/2.0; +http://www.bing.com/bingbot.htm)" "www.ysfine.com"
157.55.39.128 - - [29/Sep/2022:03:28:46 -0700] "GET /archives/class5470/total_data/refer_img/2-86_f.jpg HTTP/1.1" 404 88 "-" "Mozilla/5.0 (compatible; bingbot/2.0; +http://www.bing.com/bingbot.htm)" "www.ysfine.com"
14.139.186.179 - - [29/Sep/2022:03:28:51 -0700] "GET /jobs/koreaj.html HTTP/1.1" 200 10214 "https://www.google.co.in/" "Mozilla/5.0 (Windows NT 10.0; Win64; x64; rv:105.0) Gecko/20100101 Firefox/105.0" "ysfine.com"
44.192.26.60 - - [29/Sep/2022:03:28:52 -0700] "GET /fbook/phys.html HTTP/1.1" 304 - "-" "CCBot/2.0 (https://commoncrawl.org/faq/)" "ysfine.com"
14.139.186.179 - - [29/Sep/2022:03:28:53 -0700] "GET /jobs/koreaj11b.jpg HTTP/1.1" 200 67543 "https://ysfine.com/jobs/koreaj.html" "Mozilla/5.0 (Windows NT 10.0; Win64; x64; rv:105.0) Gecko/20100101 Firefox/105.0" "ysfine.com"
14.139.186.179 - - [29/Sep/2022:03:28:53 -0700] "GET /favicon.ico HTTP/1.1" 404 88 "https://ysfine.com/jobs/koreaj.html" "Mozilla/5.0 (Windows NT 10.0; Win64; x64; rv:105.0) Gecko/20100101 Firefox/105.0" "ysfine.com"
44.192.26.60 - - [29/Sep/2022:03:29:39 -0700] "GET /home/mathphys.html HTTP/1.1" 200 2690 "-" "CCBot/2.0 (https://commoncrawl.org/faq/)" "ysfine.com"
44.192.26.60 - - [29/Sep/2022:03:30:23 -0700] "GET /manko/index.html HTTP/1.1" 304 - "-" "CCBot/2.0 (https://commoncrawl.org/faq/)" "ysfine.com"
207.46.13.102 - - [29/Sep/2022:03:30:40 -0700] "GET /world/scandi/norw24.jpg HTTP/1.1" 200 97560 "-" "Mozilla/5.0 (compatible; bingbot/2.0; +http://www.bing.com/bingbot.htm)" "ysfine.com"
40.77.167.61 - - [29/Sep/2022:03:30:46 -0700] "GET /world/baltic/riga41.jpg HTTP/1.1" 200 74794 "-" "Mozilla/5.0 AppleWebKit/537.36 (KHTML, like Gecko; compatible; bingbot/2.0; +http://www.bing.com/bingbot.htm) Chrome/103.0.5060.134 Safari/537.36" "ysfine.com"
51.75.145.235 - - [29/Sep/2022:03:31:06 -0700] "GET /robots.txt HTTP/1.1" 404 88 "-" "INETDEX-BOT/1.5 (Mozilla/5.0; https://inetdex.com/; info at inetdex dot com)" "ysfine.com"
51.75.145.235 - - [29/Sep/2022:03:31:07 -0700] "GET /usca/pgh.html HTTP/1.1" 200 13572 "-" "INETDEX-BOT/1.5 (Mozilla/5.0; https://inetdex.com/; info at inetdex dot com)" "ysfine.com"
44.192.26.60 - - [29/Sep/2022:03:31:08 -0700] "GET /saram/saleft.html HTTP/1.1" 200 1634 "-" "CCBot/2.0 (https://commoncrawl.org/faq/)" "ysfine.com"
216.244.66.229 - - [29/Sep/2022:03:31:14 -0700] "GET /robots.txt HTTP/1.1" 404 73 "-" "Mozilla/5.0 (compatible; DotBot/1.2; +https://opensiteexplorer.org/dotbot; help@moz.com)" "www.ysfine.com"
44.192.26.60 - - [29/Sep/2022:03:31:53 -0700] "GET /wisdom/wktop.html HTTP/1.1" 200 443 "-" "CCBot/2.0 (https://commoncrawl.org/faq/)" "ysfine.com"
207.46.13.102 - - [29/Sep/2022:03:32:31 -0700] "GET /maga/phys/farad32.jpg HTTP/1.1" 200 89445 "-" "Mozilla/5.0 (compatible; bingbot/2.0; +http://www.bing.com/bingbot.htm)" "ysfine.com"
44.192.26.60 - - [29/Sep/2022:03:32:40 -0700] "GET /home/bio.html HTTP/1.1" 200 15242 "-" "CCBot/2.0 (https://commoncrawl.org/faq/)" "ysfine.com"
69.249.37.9 - - [29/Sep/2022:03:33:04 -0700] "GET /newyork/colum09.jpg HTTP/1.1" 200 93133 "https://www.bing.com/" "Mozilla/5.0 (Macintosh; Intel Mac OS X 10_15_7) AppleWebKit/537.36 (KHTML, like Gecko) Chrome/105.0.0.0 Safari/537.36" "ysfine.com"
69.249.37.9 - - [29/Sep/2022:03:33:06 -0700] "GET /newyork/colum06.jpg HTTP/1.1" 200 109170 "https://www.bing.com/" "Mozilla/5.0 (Macintosh; Intel Mac OS X 10_15_7) AppleWebKit/537.36 (KHTML, like Gecko) Chrome/105.0.0.0 Safari/537.36" "www.ysfine.com"
69.249.37.9 - - [29/Sep/2022:03:33:10 -0700] "GET /newyork/colum05.jpg HTTP/1.1" 200 116037 "https://www.bing.com/" "Mozilla/5.0 (Macintosh; Intel Mac OS X 10_15_7) AppleWebKit/537.36 (KHTML, like Gecko) Chrome/105.0.0.0 Safari/537.36" "www.ysfine.com"
44.192.26.60 - - [29/Sep/2022:03:33:28 -0700] "GET /index.html HTTP/1.1" 200 5283 "-" "CCBot/2.0 (https://commoncrawl.org/faq/)" "ysfine.com"
216.244.66.229 - - [29/Sep/2022:03:33:35 -0700] "GET /wisdom/wk02.html HTTP/1.1" 200 205798 "-" "Mozilla/5.0 (compatible; DotBot/1.2; +https://opensiteexplorer.org/dotbot; help@moz.com)" "www.ysfine.com"
216.244.66.229 - - [29/Sep/2022:03:33:55 -0700] "GET /maga/bohrwash.html HTTP/1.1" 200 10572 "-" "Mozilla/5.0 (compatible; DotBot/1.2; +https://opensiteexplorer.org/dotbot; help@moz.com)" "www.ysfine.com"
168.182.210.66 - - [29/Sep/2022:03:34:32 -0700] "GET /world/russ/kiev005.jpg HTTP/1.1" 200 109885 "-" "Mozilla/5.0 (Macintosh; Intel Mac OS X 10.15; rv:105.0) Gecko/20100101 Firefox/105.0" "ysfine.com"
17.121.115.125 - - [29/Sep/2022:03:34:55 -0700] "GET /confer/conleft.html HTTP/1.1" 200 546 "https://ysfine.com/confer/conbot.html" "Mozilla/5.0 (Macintosh; Intel Mac OS X 10_15_5) AppleWebKit/605.1.15 (KHTML, like Gecko) Version/13.1.1 Safari/605.1.15 (Applebot/0.1; +http://www.apple.com/go/applebot)" "ysfine.com"
17.121.115.93 - - [29/Sep/2022:03:34:55 -0700] "GET /confer/conrigh.html HTTP/1.1" 200 1964 "https://ysfine.com/confer/conbot.html" "Mozilla/5.0 (Macintosh; Intel Mac OS X 10_15_5) AppleWebKit/605.1.15 (KHTML, like Gecko) Version/13.1.1 Safari/605.1.15 (Applebot/0.1; +http://www.apple.com/go/applebot)" "ysfine.com"
3.223.3.224 - - [29/Sep/2022:03:35:02 -0700] "GET / HTTP/1.1" 200 5283 "-" "Mozilla/5.0 (Windows NT 10.0; Win64; x64) AppleWebKit/537.36 (KHTML, like Gecko) Chrome/100.0.4896.151 Whale/3.14.134.62 Safari/537.36" "ysfine.com"
157.55.39.55 - - [29/Sep/2022:03:35:25 -0700] "GET /world/germany/berlino03.jpg HTTP/1.1" 200 99139 "-" "Mozilla/5.0 (compatible; bingbot/2.0; +http://www.bing.com/bingbot.htm)" "www.ysfine.com"
40.77.167.61 - - [29/Sep/2022:03:35:58 -0700] "GET /world/france/metz41.jpg HTTP/1.1" 200 109744 "-" "Mozilla/5.0 (compatible; bingbot/2.0; +http://www.bing.com/bingbot.htm)" "ysfine.com"
95.91.111.111 - - [29/Sep/2022:03:36:14 -0700] "GET /robots.txt HTTP/1.1" 404 73 "-" "Mozilla/5.0 (compatible; MJ12bot/v1.4.8; http://mj12bot.com/)" "ysfine.com"
95.91.111.111 - - [29/Sep/2022:03:36:15 -0700] "GET /kobak/father.jpg HTTP/1.1" 200 75154 "-" "Mozilla/5.0 (compatible; MJ12bot/v1.4.8; http://mj12bot.com/)" "ysfine.com"
95.91.111.111 - - [29/Sep/2022:03:36:17 -0700] "GET /kobak/rhee10.jpg HTTP/1.1" 200 116308 "-" "Mozilla/5.0 (compatible; MJ12bot/v1.4.8; http://mj12bot.com/)" "ysfine.com"
95.91.111.111 - - [29/Sep/2022:03:36:19 -0700] "GET /people/facu63.jpg HTTP/1.1" 200 255387 "-" "Mozilla/5.0 (compatible; MJ12bot/v1.4.8; http://mj12bot.com/)" "ysfine.com"
95.91.111.111 - - [29/Sep/2022:03:36:21 -0700] "GET /princeton/tilghman04.jpg HTTP/1.1" 200 123895 "-" "Mozilla/5.0 (compatible; MJ12bot/v1.4.8; http://mj12bot.com/)" "ysfine.com"
44.192.26.60 - - [29/Sep/2022:03:36:29 -0700] "GET /beau/garden.html HTTP/1.1" 404 88 "-" "CCBot/2.0 (https://commoncrawl.org/faq/)" "ysfine.com"
51.75.241.40 - - [29/Sep/2022:03:36:51 -0700] "GET /robots.txt HTTP/1.1" 404 88 "-" "INETDEX-BOT/1.5 (Mozilla/5.0; https://inetdex.com/; info at inetdex dot com)" "ysfine.com"
51.75.241.40 - - [29/Sep/2022:03:36:51 -0700] "GET /princeton/yspr.html HTTP/1.1" 200 5439 "-" "INETDEX-BOT/1.5 (Mozilla/5.0; https://inetdex.com/; info at inetdex dot com)" "ysfine.com"
157.55.39.127 - - [29/Sep/2022:03:37:14 -0700] "GET /people/bianca.jpg HTTP/1.1" 200 92204 "-" "Mozilla/5.0 (compatible; bingbot/2.0; +http://www.bing.com/bingbot.htm)" "ysfine.com"
157.55.39.128 - - [29/Sep/2022:03:37:56 -0700] "GET /class54/ewk86c.jpg HTTP/1.1" 200 33520 "-" "Mozilla/5.0 (compatible; bingbot/2.0; +http://www.bing.com/bingbot.htm)" "www.ysfine.com"
44.192.26.60 - - [29/Sep/2022:03:38:41 -0700] "GET /kowar/sampal.html HTTP/1.1" 200 12090 "-" "CCBot/2.0 (https://commoncrawl.org/faq/)" "ysfine.com"
157.55.39.58 - - [29/Sep/2022:03:38:43 -0700] "GET /saram/g005.jpg HTTP/1.1" 200 100611 "-" "Mozilla/5.0 (compatible; bingbot/2.0; +http://www.bing.com/bingbot.htm)" "www.ysfine.com"
114.119.128.154 - - [29/Sep/2022:03:38:57 -0700] "GET /peotop.html HTTP/1.1" 404 88 "-" "Mozilla/5.0 (Linux; Android 7.0;) AppleWebKit/537.36 (KHTML, like Gecko) Mobile Safari/537.36 (compatible; PetalBot;+https://webmaster.petalsearch.com/site/petalbot)" "ysfine.com"
207.46.13.102 - - [29/Sep/2022:03:39:52 -0700] "GET /world/france/stras12.jpg HTTP/1.1" 200 157118 "-" "Mozilla/5.0 (compatible; bingbot/2.0; +http://www.bing.com/bingbot.htm)" "www.ysfine.com"
157.55.39.58 - - [29/Sep/2022:03:40:03 -0700] "GET /maga/phys/schrod03.jpg HTTP/1.1" 200 184623 "-" "Mozilla/5.0 (compatible; bingbot/2.0; +http://www.bing.com/bingbot.htm)" "ysfine.com"
117.251.201.130 - - [29/Sep/2022:03:40:13 -0700] "GET /princeton/wilson11b.jpg HTTP/1.1" 200 34463 "https://www.bing.com/" "Mozilla/5.0 (Windows NT 10.0; Win64; x64) AppleWebKit/537.36 (KHTML, like Gecko) Chrome/105.0.0.0 Safari/537.36 Edg/105.0.1343.53" "ysfine.com"
91.187.68.223 - - [29/Sep/2022:03:40:31 -0700] "GET /feynman/jf2.jpg HTTP/1.1" 200 10558 "https://www.google.com/" "Mozilla/5.0 (Macintosh; Intel Mac OS X 10_15_7) AppleWebKit/537.36 (KHTML, like Gecko) Chrome/105.0.0.0 Safari/537.36" "ysfine.com"
91.187.68.223 - - [29/Sep/2022:03:40:55 -0700] "GET /feynman/feynman.jpg HTTP/1.1" 200 40536 "https://www.google.com/" "Mozilla/5.0 (Macintosh; Intel Mac OS X 10_15_7) AppleWebKit/537.36 (KHTML, like Gecko) Chrome/105.0.0.0 Safari/537.36" "ysfine.com"
44.192.26.60 - - [29/Sep/2022:03:40:59 -0700] "GET /home/dashen.html HTTP/1.1" 200 4015 "-" "CCBot/2.0 (https://commoncrawl.org/faq/)" "ysfine.com"
157.55.39.55 - - [29/Sep/2022:03:41:15 -0700] "GET /style/music/franko44.jpg HTTP/1.1" 200 90123 "-" "Mozilla/5.0 (compatible; bingbot/2.0; +http://www.bing.com/bingbot.htm)" "www.ysfine.com"
157.55.39.127 - - [29/Sep/2022:03:41:24 -0700] "GET /world/ital/flor088.jpg HTTP/1.1" 200 107475 "-" "Mozilla/5.0 (compatible; bingbot/2.0; +http://www.bing.com/bingbot.htm)" "ysfine.com"
44.192.26.60 - - [29/Sep/2022:03:41:40 -0700] "GET /kobak/kohist.html HTTP/1.1" 200 6039 "-" "CCBot/2.0 (https://commoncrawl.org/faq/)" "ysfine.com"
217.20.20.85 - - [29/Sep/2022:03:41:48 -0700] "GET /world/brit/eton01.jpg HTTP/1.1" 200 126845 "https://www.google.com/" "Mozilla/5.0 (Windows NT 10.0; Win64; x64) AppleWebKit/537.36 (KHTML, like Gecko) Chrome/106.0.0.0 Safari/537.36" "ysfine.com"
157.55.39.58 - - [29/Sep/2022:03:43:22 -0700] "GET /yspapers/eintao77.jpg HTTP/1.1" 200 57212 "-" "Mozilla/5.0 (compatible; bingbot/2.0; +http://www.bing.com/bingbot.htm)" "ysfine.com"
44.192.26.60 - - [29/Sep/2022:03:44:59 -0700] "GET /home/hepth.html HTTP/1.1" 200 2544 "-" "CCBot/2.0 (https://commoncrawl.org/faq/)" "ysfine.com"
157.55.39.58 - - [29/Sep/2022:03:45:33 -0700] "GET /world/france/sartsq01b.jpg HTTP/1.1" 200 50069 "-" "Mozilla/5.0 (compatible; bingbot/2.0; +http://www.bing.com/bingbot.htm)" "ysfine.com"
66.249.70.10 - - [29/Sep/2022:03:45:49 -0700] "GET /sbk/1969conn22.jpg HTTP/1.1" 200 77622 "-" "Googlebot-Image/1.0" "www.ysfine.com"
207.46.13.102 - - [29/Sep/2022:03:45:52 -0700] "GET /world/ital/padova14.jpg HTTP/1.1" 200 125443 "-" "Mozilla/5.0 (compatible; bingbot/2.0; +http://www.bing.com/bingbot.htm)" "ysfine.com"
44.192.26.60 - - [29/Sep/2022:03:46:29 -0700] "GET /home/bio33.html HTTP/1.1" 200 10365 "-" "CCBot/2.0 (https://commoncrawl.org/faq/)" "ysfine.com"
157.55.39.128 - - [29/Sep/2022:03:47:17 -0700] "GET /maga/phil/yy10b.jpg HTTP/1.1" 200 24920 "-" "Mozilla/5.0 (compatible; bingbot/2.0; +http://www.bing.com/bingbot.htm)" "ysfine.com"
44.192.26.60 - - [29/Sep/2022:03:47:49 -0700] "GET /yspapers/prl89.pdf HTTP/1.1" 200 304155 "-" "CCBot/2.0 (https://commoncrawl.org/faq/)" "ysfine.com"
157.55.39.58 - - [29/Sep/2022:03:48:05 -0700] "GET /style/alexandrov11.jpg HTTP/1.1" 200 186993 "-" "Mozilla/5.0 (compatible; bingbot/2.0; +http://www.bing.com/bingbot.htm)" "ysfine.com"
3.92.3.159 - - [29/Sep/2022:03:48:25 -0700] "GET /sitemap.xml HTTP/1.1" 304 - "https://www.google.com/" "Mozilla/5.0 (Macintosh; Intel Mac OS X 10_14_6) AppleWebKit/537.36 (KHTML, like Gecko) Chrome/80.0.3987.116 Safari/537.36" "ysfine.com"
44.192.26.60 - - [29/Sep/2022:03:48:28 -0700] "GET / HTTP/1.1" 200 5283 "-" "CCBot/2.0 (https://commoncrawl.org/faq/)" "ysfine.com"
44.192.26.60 - - [29/Sep/2022:03:49:09 -0700] "GET /wdc/umd.html HTTP/1.1" 304 - "-" "CCBot/2.0 (https://commoncrawl.org/faq/)" "ysfine.com"
206.83.114.44 - - [29/Sep/2022:03:49:26 -0700] "GET /world/brit/etonharrow.html HTTP/1.1" 200 4546 "https://www.google.com/" "Mozilla/5.0 (iPad; CPU OS 15_6 like Mac OS X) AppleWebKit/605.1.15 (KHTML, like Gecko) CriOS/105.0.5195.147 Mobile/15E148 Safari/604.1" "ysfine.com"
206.83.114.44 - - [29/Sep/2022:03:49:26 -0700] "GET /world/brit/winston01b.jpg HTTP/1.1" 200 38436 "https://ysfine.com/world/brit/etonharrow.html" "Mozilla/5.0 (iPad; CPU OS 15_6 like Mac OS X) AppleWebKit/605.1.15 (KHTML, like Gecko) CriOS/105.0.5195.147 Mobile/15E148 Safari/604.1" "ysfine.com"
206.83.114.44 - - [29/Sep/2022:03:49:26 -0700] "GET /world/brit/nehru11b.jpg HTTP/1.1" 200 43052 "https://ysfine.com/world/brit/etonharrow.html" "Mozilla/5.0 (iPad; CPU OS 15_6 like Mac OS X) AppleWebKit/605.1.15 (KHTML, like Gecko) CriOS/105.0.5195.147 Mobile/15E148 Safari/604.1" "ysfine.com"
206.83.114.44 - - [29/Sep/2022:03:49:27 -0700] "GET /favicon.ico HTTP/1.1" 404 88 "-" "Mozilla/5.0 (iPad; CPU OS 15_6 like Mac OS X) AppleWebKit/605.1.15 (KHTML, like Gecko) CriOS/105.0.5195.147 Mobile/15E148 Safari/604.1" "ysfine.com"
206.83.114.44 - - [29/Sep/2022:03:49:27 -0700] "GET /kobak/kwk11b.jpg HTTP/1.1" 200 46888 "https://ysfine.com/world/brit/etonharrow.html" "Mozilla/5.0 (iPad; CPU OS 15_6 like Mac OS X) AppleWebKit/605.1.15 (KHTML, like Gecko) CriOS/105.0.5195.147 Mobile/15E148 Safari/604.1" "ysfine.com"
206.83.114.44 - - [29/Sep/2022:03:49:28 -0700] "GET /kobak/taylor33c.jpg HTTP/1.1" 200 39951 "https://ysfine.com/world/brit/etonharrow.html" "Mozilla/5.0 (iPad; CPU OS 15_6 like Mac OS X) AppleWebKit/605.1.15 (KHTML, like Gecko) CriOS/105.0.5195.147 Mobile/15E148 Safari/604.1" "ysfine.com"
206.83.114.44 - - [29/Sep/2022:03:49:28 -0700] "GET /world/brit/eton07b.jpg HTTP/1.1" 200 36566 "https://ysfine.com/world/brit/etonharrow.html" "Mozilla/5.0 (iPad; CPU OS 15_6 like Mac OS X) AppleWebKit/605.1.15 (KHTML, like Gecko) CriOS/105.0.5195.147 Mobile/15E148 Safari/604.1" "ysfine.com"
206.83.114.44 - - [29/Sep/2022:03:49:28 -0700] "GET /world/brit/harrow09b.jpg HTTP/1.1" 200 48797 "https://ysfine.com/world/brit/etonharrow.html" "Mozilla/5.0 (iPad; CPU OS 15_6 like Mac OS X) AppleWebKit/605.1.15 (KHTML, like Gecko) CriOS/105.0.5195.147 Mobile/15E148 Safari/604.1" "ysfine.com"
206.83.114.44 - - [29/Sep/2022:03:49:28 -0700] "GET /world/brit/harrow12b.jpg HTTP/1.1" 200 45104 "https://ysfine.com/world/brit/etonharrow.html" "Mozilla/5.0 (iPad; CPU OS 15_6 like Mac OS X) AppleWebKit/605.1.15 (KHTML, like Gecko) CriOS/105.0.5195.147 Mobile/15E148 Safari/604.1" "ysfine.com"
206.83.114.44 - - [29/Sep/2022:03:49:28 -0700] "GET /world/brit/harrow04b.jpg HTTP/1.1" 200 48004 "https://ysfine.com/world/brit/etonharrow.html" "Mozilla/5.0 (iPad; CPU OS 15_6 like Mac OS X) AppleWebKit/605.1.15 (KHTML, like Gecko) CriOS/105.0.5195.147 Mobile/15E148 Safari/604.1" "ysfine.com"
206.83.114.44 - - [29/Sep/2022:03:49:28 -0700] "GET /world/brit/eton03b.jpg HTTP/1.1" 200 45141 "https://ysfine.com/world/brit/etonharrow.html" "Mozilla/5.0 (iPad; CPU OS 15_6 like Mac OS X) AppleWebKit/605.1.15 (KHTML, like Gecko) CriOS/105.0.5195.147 Mobile/15E148 Safari/604.1" "ysfine.com"
206.83.114.44 - - [29/Sep/2022:03:49:28 -0700] "GET /eink/pwk19c.jpg HTTP/1.1" 200 57759 "https://ysfine.com/world/brit/etonharrow.html" "Mozilla/5.0 (iPad; CPU OS 15_6 like Mac OS X) AppleWebKit/605.1.15 (KHTML, like Gecko) CriOS/105.0.5195.147 Mobile/15E148 Safari/604.1" "ysfine.com"
206.83.114.44 - - [29/Sep/2022:03:49:28 -0700] "GET /world/brit/eton01b.jpg HTTP/1.1" 200 47771 "https://ysfine.com/world/brit/etonharrow.html" "Mozilla/5.0 (iPad; CPU OS 15_6 like Mac OS X) AppleWebKit/605.1.15 (KHTML, like Gecko) CriOS/105.0.5195.147 Mobile/15E148 Safari/604.1" "ysfine.com"
206.83.114.44 - - [29/Sep/2022:03:49:28 -0700] "GET /world/brit/windsor02b.jpg HTTP/1.1" 200 40724 "https://ysfine.com/world/brit/etonharrow.html" "Mozilla/5.0 (iPad; CPU OS 15_6 like Mac OS X) AppleWebKit/605.1.15 (KHTML, like Gecko) CriOS/105.0.5195.147 Mobile/15E148 Safari/604.1" "ysfine.com"
206.83.114.44 - - [29/Sep/2022:03:49:28 -0700] "GET /world/brit/harrow11b.jpg HTTP/1.1" 200 42533 "https://ysfine.com/world/brit/etonharrow.html" "Mozilla/5.0 (iPad; CPU OS 15_6 like Mac OS X) AppleWebKit/605.1.15 (KHTML, like Gecko) CriOS/105.0.5195.147 Mobile/15E148 Safari/604.1" "ysfine.com"
206.83.114.44 - - [29/Sep/2022:03:49:28 -0700] "GET /world/brit/harrow01b.jpg HTTP/1.1" 200 54632 "https://ysfine.com/world/brit/etonharrow.html" "Mozilla/5.0 (iPad; CPU OS 15_6 like Mac OS X) AppleWebKit/605.1.15 (KHTML, like Gecko) CriOS/105.0.5195.147 Mobile/15E148 Safari/604.1" "ysfine.com"
206.83.114.44 - - [29/Sep/2022:03:49:28 -0700] "GET /world/brit/eton02b.jpg HTTP/1.1" 200 39432 "https://ysfine.com/world/brit/etonharrow.html" "Mozilla/5.0 (iPad; CPU OS 15_6 like Mac OS X) AppleWebKit/605.1.15 (KHTML, like Gecko) CriOS/105.0.5195.147 Mobile/15E148 Safari/604.1" "ysfine.com"
44.192.26.60 - - [29/Sep/2022:03:49:48 -0700] "GET /home/dwf22.html HTTP/1.1" 200 1498 "-" "CCBot/2.0 (https://commoncrawl.org/faq/)" "ysfine.com"
44.192.26.60 - - [29/Sep/2022:03:50:27 -0700] "GET /home/dwf.html HTTP/1.1" 200 4126 "-" "CCBot/2.0 (https://commoncrawl.org/faq/)" "ysfine.com"
157.55.39.58 - - [29/Sep/2022:03:50:56 -0700] "GET /wdc/lincoln05.jpg HTTP/1.1" 200 125799 "-" "Mozilla/5.0 (compatible; bingbot/2.0; +http://www.bing.com/bingbot.htm)" "www.ysfine.com"
131.152.231.250 - - [29/Sep/2022:03:51:08 -0700] "GET /feynman/ppic/parton88a.jpg HTTP/1.1" 200 55506 "https://www.google.com/" "Mozilla/5.0 (Macintosh; Intel Mac OS X 10.15; rv:104.0) Gecko/20100101 Firefox/104.0" "ysfine.com"
157.55.39.127 - - [29/Sep/2022:03:52:05 -0700] "GET /usca/pitt/westim09.jpg HTTP/1.1" 200 64407 "-" "Mozilla/5.0 AppleWebKit/537.36 (KHTML, like Gecko; compatible; bingbot/2.0; +http://www.bing.com/bingbot.htm) Chrome/103.0.5060.134 Safari/537.36" "www.ysfine.com"
44.192.26.60 - - [29/Sep/2022:03:52:18 -0700] "GET /wisdom/wkstorie.html HTTP/1.1" 200 954 "-" "CCBot/2.0 (https://commoncrawl.org/faq/)" "ysfine.com"
85.208.98.23 - - [29/Sep/2022:03:52:20 -0700] "GET /robots.txt HTTP/1.1" 404 88 "http://www.ysfine.com/robots.txt" "Mozilla/5.0 (compatible; SemrushBot-BA; +http://www.semrush.com/bot.html)" "www.ysfine.com"
85.208.98.23 - - [29/Sep/2022:03:52:25 -0700] "GET /robots.txt HTTP/1.1" 404 88 "http://ysfine.com/robots.txt" "Mozilla/5.0 (compatible; SemrushBot-BA; +http://www.semrush.com/bot.html)" "ysfine.com"
157.55.39.58 - - [29/Sep/2022:03:52:45 -0700] "GET /style/cameras/zenit22.jpg HTTP/1.1" 200 89105 "-" "Mozilla/5.0 (compatible; bingbot/2.0; +http://www.bing.com/bingbot.htm)" "www.ysfine.com"
85.208.98.22 - - [29/Sep/2022:03:53:34 -0700] "GET /world/travel.html HTTP/1.1" 200 1633 "-" "Mozilla/5.0 (compatible; SemrushBot-BA; +http://www.semrush.com/bot.html)" "ysfine.com"
85.208.98.31 - - [29/Sep/2022:03:53:50 -0700] "GET /world/travel.html HTTP/1.1" 200 1633 "-" "Mozilla/5.0 (compatible; SemrushBot-BA; +http://www.semrush.com/bot.html)" "www.ysfine.com"
85.208.98.16 - - [29/Sep/2022:03:54:40 -0700] "GET /world/travel.html HTTP/1.1" 200 1633 "http://www.ysfine.com/world/travel.html" "Mozilla/5.0 (compatible; SemrushBot-BA; +http://www.semrush.com/bot.html)" "www.ysfine.com"
44.192.26.60 - - [29/Sep/2022:03:54:47 -0700] "GET /kobak/yskor.html HTTP/1.1" 200 9943 "-" "CCBot/2.0 (https://commoncrawl.org/faq/)" "ysfine.com"
173.252.83.22 - - [29/Sep/2022:03:55:56 -0700] "GET /home/truck/truck20a.jpg HTTP/1.1" 200 63504 "-" "facebookexternalhit/1.1 (+http://www.facebook.com/externalhit_uatext.php)" "ysfine.com"
40.77.167.61 - - [29/Sep/2022:03:55:59 -0700] "GET /dirac/dirbust22b.jpg HTTP/1.1" 200 46579 "-" "Mozilla/5.0 (compatible; bingbot/2.0; +http://www.bing.com/bingbot.htm)" "ysfine.com"
44.192.26.60 - - [29/Sep/2022:03:56:01 -0700] "GET /jobs/koreaj.html HTTP/1.1" 200 10214 "-" "CCBot/2.0 (https://commoncrawl.org/faq/)" "ysfine.com"
44.192.26.60 - - [29/Sep/2022:03:56:38 -0700] "GET /eink/mose.html HTTP/1.1" 200 14315 "-" "CCBot/2.0 (https://commoncrawl.org/faq/)" "ysfine.com"
157.55.39.58 - - [29/Sep/2022:03:57:24 -0700] "GET /style/nga77.jpg HTTP/1.1" 200 92170 "-" "Mozilla/5.0 AppleWebKit/537.36 (KHTML, like Gecko; compatible; bingbot/2.0; +http://www.bing.com/bingbot.htm) Chrome/103.0.5060.134 Safari/537.36" "ysfine.com"
40.77.167.61 - - [29/Sep/2022:03:57:49 -0700] "GET /world/ital/verona15.jpg HTTP/1.1" 200 102363 "-" "Mozilla/5.0 AppleWebKit/537.36 (KHTML, like Gecko; compatible; bingbot/2.0; +http://www.bing.com/bingbot.htm) Chrome/103.0.5060.134 Safari/537.36" "ysfine.com"
207.46.13.102 - - [29/Sep/2022:03:57:53 -0700] "GET /world/china/hongkong08.jpg HTTP/1.1" 200 122117 "-" "Mozilla/5.0 (compatible; bingbot/2.0; +http://www.bing.com/bingbot.htm)" "www.ysfine.com"
157.55.39.128 - - [29/Sep/2022:03:58:18 -0700] "GET /usca/pitt/steelm01.jpg HTTP/1.1" 200 36650 "-" "Mozilla/5.0 AppleWebKit/537.36 (KHTML, like Gecko; compatible; bingbot/2.0; +http://www.bing.com/bingbot.htm) Chrome/103.0.5060.134 Safari/537.36" "ysfine.com"
157.55.39.127 - - [29/Sep/2022:04:00:37 -0700] "GET /wdc/washmo04.jpg HTTP/1.1" 200 52444 "-" "Mozilla/5.0 (compatible; bingbot/2.0; +http://www.bing.com/bingbot.htm)" "www.ysfine.com"
85.76.13.215 - - [29/Sep/2022:04:00:57 -0700] "GET /maga/phil/marxlon02.jpg HTTP/1.1" 200 167564 "https://www.google.fi/" "Mozilla/5.0 (Linux; Android 10; SAMSUNG SM-A750FN) AppleWebKit/537.36 (KHTML, like Gecko) SamsungBrowser/18.0 Chrome/99.0.4844.88 Mobile Safari/537.36" "ysfine.com"
44.192.26.60 - - [29/Sep/2022:04:00:58 -0700] "GET /kobak/1919.html HTTP/1.1" 200 6884 "-" "CCBot/2.0 (https://commoncrawl.org/faq/)" "ysfine.com"
173.252.83.22 - - [29/Sep/2022:04:01:02 -0700] "GET /home/fotos/photo06c.jpg HTTP/1.1" 200 40796 "-" "facebookexternalhit/1.1 (+http://www.facebook.com/externalhit_uatext.php)" "ysfine.com"
40.77.167.61 - - [29/Sep/2022:04:01:21 -0700] "GET /kobak/kimilsong11.jpg HTTP/1.1" 200 185542 "-" "Mozilla/5.0 (compatible; bingbot/2.0; +http://www.bing.com/bingbot.htm)" "ysfine.com"
40.77.167.61 - - [29/Sep/2022:04:01:21 -0700] "GET /world/germany/berlinf07.jpg HTTP/1.1" 200 107345 "-" "Mozilla/5.0 (compatible; bingbot/2.0; +http://www.bing.com/bingbot.htm)" "ysfine.com"
44.192.26.60 - - [29/Sep/2022:04:01:35 -0700] "GET /wisdom/koelectric.html HTTP/1.1" 200 5212 "-" "CCBot/2.0 (https://commoncrawl.org/faq/)" "ysfine.com"
157.55.39.127 - - [29/Sep/2022:04:01:46 -0700] "GET /kobak/sorae/church02.jpg HTTP/1.1" 200 89726 "-" "Mozilla/5.0 (compatible; bingbot/2.0; +http://www.bing.com/bingbot.htm)" "www.ysfine.com"
157.55.39.55 - - [29/Sep/2022:04:02:07 -0700] "GET /world/israel/jeruf10.jpg HTTP/1.1" 200 152064 "-" "Mozilla/5.0 (compatible; bingbot/2.0; +http://www.bing.com/bingbot.htm)" "ysfine.com"
44.192.26.60 - - [29/Sep/2022:04:02:10 -0700] "GET /home/bio44.html HTTP/1.1" 200 14624 "-" "CCBot/2.0 (https://commoncrawl.org/faq/)" "ysfine.com"
158.37.216.37 - - [29/Sep/2022:04:02:37 -0700] "GET /wdc/capitol07.jpg HTTP/1.1" 200 138407 "https://www.google.com/" "Mozilla/5.0 (Windows NT 10.0; Win64; x64) AppleWebKit/537.36 (KHTML, like Gecko) Chrome/105.0.0.0 Safari/537.36" "ysfine.com"
110.93.150.85 - - [29/Sep/2022:04:02:38 -0700] "GET /home/family66f.jpg HTTP/1.1" 200 102254 "-" "Mozilla/5.0 (compatible; Yeti/1.1; +https://naver.me/spd)" "ysfine.com"
40.77.167.61 - - [29/Sep/2022:04:02:41 -0700] "GET /world/venice.html HTTP/1.1" 304 - "-" "Mozilla/5.0 (compatible; bingbot/2.0; +http://www.bing.com/bingbot.htm)" "www.ysfine.com"
193.186.4.167 - - [29/Sep/2022:04:02:54 -0700] "GET /dirac/dirfeyn.html HTTP/1.1" 200 6341 "-" "Mozilla/5.0 (Linux; Android 10; K) AppleWebKit/537.36 (KHTML, like Gecko) Chrome/105.0.0.0 Mobile Safari/537.36" "ysfine.com"
145.40.134.0 - - [29/Sep/2022:04:03:01 -0700] "GET /world/brit/eton09.jpg HTTP/1.1" 200 102035 "https://www.google.com/" "Mozilla/5.0 (Macintosh; Intel Mac OS X 10_15_7) AppleWebKit/537.36 (KHTML, like Gecko) Chrome/105.0.0.0 Safari/537.36" "ysfine.com"
217.149.138.209 - - [29/Sep/2022:04:03:11 -0700] "GET /world/russ/arbat01.jpg HTTP/1.1" 200 107338 "https://www.google.nl/" "Mozilla/5.0 (Windows NT 10.0; Win64; x64) AppleWebKit/537.36 (KHTML, like Gecko) Chrome/105.0.0.0 Safari/537.36" "ysfine.com"
44.192.26.60 - - [29/Sep/2022:04:03:25 -0700] "GET /world/roma.html HTTP/1.1" 304 - "-" "CCBot/2.0 (https://commoncrawl.org/faq/)" "ysfine.com"
157.55.39.55 - - [29/Sep/2022:04:03:29 -0700] "GET /yspapers/plb83.pdf HTTP/1.1" 304 - "-" "Mozilla/5.0 AppleWebKit/537.36 (KHTML, like Gecko; compatible; bingbot/2.0; +http://www.bing.com/bingbot.htm) Chrome/103.0.5060.134 Safari/537.36" "ysfine.com"
44.192.26.60 - - [29/Sep/2022:04:03:59 -0700] "GET /beau/amkor/korcasia.html HTTP/1.1" 404 88 "-" "CCBot/2.0 (https://commoncrawl.org/faq/)" "ysfine.com"
40.77.167.61 - - [29/Sep/2022:04:04:30 -0700] "GET /world/ital/venice26.jpg HTTP/1.1" 200 212413 "-" "Mozilla/5.0 (compatible; bingbot/2.0; +http://www.bing.com/bingbot.htm)" "ysfine.com"
44.192.26.60 - - [29/Sep/2022:04:04:39 -0700] "GET /home/dwf33.html HTTP/1.1" 200 7188 "-" "CCBot/2.0 (https://commoncrawl.org/faq/)" "ysfine.com"
207.46.13.102 - - [29/Sep/2022:04:04:54 -0700] "GET /newyork/wtcob08.jpg HTTP/1.1" 200 111610 "-" "Mozilla/5.0 (compatible; bingbot/2.0; +http://www.bing.com/bingbot.htm)" "www.ysfine.com"
77.88.5.5 - - [29/Sep/2022:04:06:14 -0700] "GET /robots.txt HTTP/1.1" 404 73 "-" "Mozilla/5.0 (compatible; YandexBot/3.0; +http://yandex.com/bots)" "www.ysfine.com"
93.158.161.46 - - [29/Sep/2022:04:06:18 -0700] "GET /world/brit/kensington02.jpg HTTP/1.1" 200 95240 "-" "Mozilla/5.0 (compatible; YandexImages/3.0; +http://yandex.com/bots)" "www.ysfine.com"
207.46.13.102 - - [29/Sep/2022:04:06:43 -0700] "GET /world/france/lilas06.jpg HTTP/1.1" 200 174881 "-" "Mozilla/5.0 (compatible; bingbot/2.0; +http://www.bing.com/bingbot.htm)" "www.ysfine.com"
157.55.39.128 - - [29/Sep/2022:04:07:09 -0700] "GET /ys11/index.html HTTP/1.1" 200 3375 "-" "Mozilla/5.0 (compatible; bingbot/2.0; +http://www.bing.com/bingbot.htm)" "www.ysfine.com"
192.95.30.128 - - [29/Sep/2022:04:07:12 -0700] "GET /robots.txt HTTP/1.1" 404 73 "-" "Mozilla/5.0 (compatible; MJ12bot/v1.4.8; http://mj12bot.com/)" "ysfine.com"
192.95.30.128 - - [29/Sep/2022:04:07:14 -0700] "GET /world/kor/sel803.jpg HTTP/1.1" 200 195155 "-" "Mozilla/5.0 (compatible; MJ12bot/v1.4.8; http://mj12bot.com/)" "ysfine.com"
192.95.30.128 - - [29/Sep/2022:04:07:16 -0700] "GET /class54/class5480/Videos/1.%C3%AC%C2%9A%C2%B0%C3%AB%C2%A6%C2%AC%C3%AC%C2%9D%C2%98%20%C3%AC%C2%9E%C2%AC%C3%AD%C2%95%C2%99%C3%AC%C2%8B%C2%9C%C3%AC%C2%A0%C2%88(1948-1954).wmv HTTP/1.1" 200 84851613 "-" "Mozilla/5.0 (compatible; MJ12bot/v1.4.8; http://mj12bot.com/)" "ysfine.com"
192.95.30.128 - - [29/Sep/2022:04:07:17 -0700] "GET /class54/class5480/Videos/2.%C3%AC%C2%A1%C2%B8%C3%AC%C2%97%C2%8560%C3%AC%C2%A3%C2%BC%C3%AB%C2%85%C2%84%C3%AB%C2%AC%C2%B8%C3%AC%C2%A7%C2%91%201%C3%AB%C2%B6%C2%80.wmv HTTP/1.1" 200 27160054 "-" "Mozilla/5.0 (compatible; MJ12bot/v1.4.8; http://mj12bot.com/)" "ysfine.com"
192.95.30.128 - - [29/Sep/2022:04:07:19 -0700] "GET /class54/class5480/Videos/3.%C3%AC%C2%A1%C2%B8%C3%AC%C2%97%C2%8560%C3%AC%C2%A3%C2%BC%C3%AB%C2%85%C2%84%C3%AB%C2%AC%C2%B8%C3%AC%C2%A7%C2%91%202%C3%AB%C2%B6%C2%80.wmv HTTP/1.1" 200 37680666 "-" "Mozilla/5.0 (compatible; MJ12bot/v1.4.8; http://mj12bot.com/)" "ysfine.com"
192.95.30.128 - - [29/Sep/2022:04:07:20 -0700] "GET /robots.txt HTTP/1.1" 404 73 "-" "Mozilla/5.0 (compatible; MJ12bot/v1.4.8; http://mj12bot.com/)" "www.ysfine.com"
192.95.30.128 - - [29/Sep/2022:04:07:22 -0700] "GET /world/kor/sel803.jpg HTTP/1.1" 200 195155 "-" "Mozilla/5.0 (compatible; MJ12bot/v1.4.8; http://mj12bot.com/)" "www.ysfine.com"
157.55.39.58 - - [29/Sep/2022:04:08:26 -0700] "GET /world/russ/czar02.jpg HTTP/1.1" 200 36838 "-" "Mozilla/5.0 (compatible; bingbot/2.0; +http://www.bing.com/bingbot.htm)" "ysfine.com"
44.192.26.60 - - [29/Sep/2022:04:08:38 -0700] "GET /ffriends/garden.html HTTP/1.1" 200 35721 "-" "CCBot/2.0 (https://commoncrawl.org/faq/)" "ysfine.com"
44.192.26.60 - - [29/Sep/2022:04:09:08 -0700] "GET /kobak/democr.html HTTP/1.1" 200 2199 "-" "CCBot/2.0 (https://commoncrawl.org/faq/)" "ysfine.com"
193.186.4.167 - - [29/Sep/2022:04:09:30 -0700] "GET /dirac/dirfeyn.html HTTP/1.1" 200 6341 "-" "Mozilla/5.0 (Linux; Android 10; K) AppleWebKit/537.36 (KHTML, like Gecko) Chrome/105.0.0.0 Mobile Safari/537.36" "ysfine.com"
44.192.26.60 - - [29/Sep/2022:04:10:06 -0700] "GET /home/einwig.html HTTP/1.1" 200 1537 "-" "CCBot/2.0 (https://commoncrawl.org/faq/)" "ysfine.com"
157.55.39.127 - - [29/Sep/2022:04:10:27 -0700] "GET /world/france/chagall04.jpg HTTP/1.1" 200 118222 "-" "Mozilla/5.0 (compatible; bingbot/2.0; +http://www.bing.com/bingbot.htm)" "www.ysfine.com"
157.55.39.55 - - [29/Sep/2022:04:10:48 -0700] "GET /class54/emailed.html HTTP/1.1" 200 8184 "-" "Mozilla/5.0 AppleWebKit/537.36 (KHTML, like Gecko; compatible; bingbot/2.0; +http://www.bing.com/bingbot.htm) Chrome/103.0.5060.134 Safari/537.36" "www.ysfine.com"
157.55.39.55 - - [29/Sep/2022:04:10:49 -0700] "GET /princeton/campus.html HTTP/1.1" 200 15142 "-" "Mozilla/5.0 (compatible; bingbot/2.0; +http://www.bing.com/bingbot.htm)" "www.ysfine.com"
40.77.167.61 - - [29/Sep/2022:04:10:52 -0700] "GET /world/kazan.html HTTP/1.1" 200 13929 "-" "Mozilla/5.0 AppleWebKit/537.36 (KHTML, like Gecko; compatible; bingbot/2.0; +http://www.bing.com/bingbot.htm) Chrome/103.0.5060.134 Safari/537.36" "www.ysfine.com"
40.77.167.61 - - [29/Sep/2022:04:10:52 -0700] "GET /dirac/dirk62.html HTTP/1.1" 200 3930 "-" "Mozilla/5.0 (compatible; bingbot/2.0; +http://www.bing.com/bingbot.htm)" "www.ysfine.com"
40.77.167.61 - - [29/Sep/2022:04:10:52 -0700] "GET /maga/yukawa.html HTTP/1.1" 200 5658 "-" "Mozilla/5.0 (compatible; bingbot/2.0; +http://www.bing.com/bingbot.htm)" "www.ysfine.com"
40.77.167.61 - - [29/Sep/2022:04:10:52 -0700] "GET /style/mushalls.html HTTP/1.1" 200 21398 "-" "Mozilla/5.0 (compatible; bingbot/2.0; +http://www.bing.com/bingbot.htm)" "www.ysfine.com"
207.46.13.102 - - [29/Sep/2022:04:10:58 -0700] "GET /wigner/neum/compu.html HTTP/1.1" 200 2267 "-" "Mozilla/5.0 AppleWebKit/537.36 (KHTML, like Gecko; compatible; bingbot/2.0; +http://www.bing.com/bingbot.htm) Chrome/103.0.5060.134 Safari/537.36" "www.ysfine.com"
44.192.26.60 - - [29/Sep/2022:04:11:08 -0700] "GET /world/moscow.html HTTP/1.1" 200 21363 "-" "CCBot/2.0 (https://commoncrawl.org/faq/)" "ysfine.com"
193.186.4.167 - - [29/Sep/2022:04:11:16 -0700] "GET /dirac/dirfeyn.html HTTP/1.1" 200 6341 "-" "Mozilla/5.0 (Linux; Android 10; K) AppleWebKit/537.36 (KHTML, like Gecko) Chrome/105.0.0.0 Mobile Safari/537.36" "ysfine.com"
44.192.26.60 - - [29/Sep/2022:04:11:39 -0700] "GET /class54/roofless.html HTTP/1.1" 200 13341 "-" "CCBot/2.0 (https://commoncrawl.org/faq/)" "ysfine.com"
44.192.26.60 - - [29/Sep/2022:04:12:07 -0700] "GET /world/germany.html HTTP/1.1" 304 - "-" "CCBot/2.0 (https://commoncrawl.org/faq/)" "ysfine.com"
40.77.167.61 - - [29/Sep/2022:04:12:22 -0700] "GET /world/russ/bachkova11.jpg HTTP/1.1" 200 66613 "-" "Mozilla/5.0 (compatible; bingbot/2.0; +http://www.bing.com/bingbot.htm)" "www.ysfine.com"
44.192.26.60 - - [29/Sep/2022:04:12:33 -0700] "GET /world/ysworld.html HTTP/1.1" 304 - "-" "CCBot/2.0 (https://commoncrawl.org/faq/)" "ysfine.com"
77.75.76.160 - - [29/Sep/2022:04:12:49 -0700] "GET /robots.txt HTTP/1.1" 404 88 "-" "Mozilla/5.0 (compatible; SeznamBot/3.2; +http://napoveda.seznam.cz/en/seznambot-intro/)" "ysfine.com"
77.75.76.160 - - [29/Sep/2022:04:12:51 -0700] "GET /style/cameras/fednofr11.jpg HTTP/1.1" 200 164672 "-" "Mozilla/5.0 (compatible; SeznamBot/3.2; +http://napoveda.seznam.cz/en/seznambot-intro/)" "ysfine.com"
5.161.121.196 - - [29/Sep/2022:04:12:54 -0700] "GET /maga/phys/ggi11.pdf HTTP/1.1" 200 36778 "-" "Mozilla/5.0 (Windows NT 10.0; Win64; x64) AppleWebKit/537.36 (KHTML, like Gecko) Chrome/84.0.4147.105 Safari/537.36" "ysfine.com"
77.75.76.160 - - [29/Sep/2022:04:12:56 -0700] "GET /maga/invent/pupin33.jpg HTTP/1.1" 304 - "-" "Mozilla/5.0 (compatible; SeznamBot/3.2; +http://napoveda.seznam.cz/en/seznambot-intro/)" "ysfine.com"
77.75.76.160 - - [29/Sep/2022:04:12:56 -0700] "GET /world/ital/coloss13.jpg HTTP/1.1" 304 - "-" "Mozilla/5.0 (compatible; SeznamBot/3.2; +http://napoveda.seznam.cz/en/seznambot-intro/)" "ysfine.com"
77.75.76.160 - - [29/Sep/2022:04:12:56 -0700] "GET /world/poland/krk14.jpg HTTP/1.1" 304 - "-" "Mozilla/5.0 (compatible; SeznamBot/3.2; +http://napoveda.seznam.cz/en/seznambot-intro/)" "ysfine.com"
193.186.4.167 - - [29/Sep/2022:04:12:58 -0700] "GET /dirac/dirfeyn.html HTTP/1.1" 200 6341 "-" "Mozilla/5.0 (Linux; Android 10; K) AppleWebKit/537.36 (KHTML, like Gecko) Chrome/105.0.0.0 Mobile Safari/537.36" "ysfine.com"
44.192.26.60 - - [29/Sep/2022:04:12:59 -0700] "GET /wisdom/wkrigh.html HTTP/1.1" 200 4130 "-" "CCBot/2.0 (https://commoncrawl.org/faq/)" "ysfine.com"
3.133.59.146 - - [29/Sep/2022:04:13:08 -0700] "GET /ads.txt HTTP/1.1" 404 88 "http://ysfine.com/ads.txt" "AdsTxtCrawler/1.0; +https://github.com/InteractiveAdvertisingBureau/adstxtcrawler" "ysfine.com"
44.192.26.60 - - [29/Sep/2022:04:13:53 -0700] "GET /sbk/sbkrome.html HTTP/1.1" 200 306 "-" "CCBot/2.0 (https://commoncrawl.org/faq/)" "ysfine.com"
40.77.167.61 - - [29/Sep/2022:04:15:22 -0700] "GET /home/feysavior.html HTTP/1.1" 200 2737 "-" "Mozilla/5.0 AppleWebKit/537.36 (KHTML, like Gecko; compatible; bingbot/2.0; +http://www.bing.com/bingbot.htm) Chrome/103.0.5060.134 Safari/537.36" "ysfine.com"
191.243.36.199 - - [29/Sep/2022:04:15:59 -0700] "GET /wigner/neum/vnc01.jpg HTTP/1.1" 200 133641 "-" "Mozilla/5.0 (Linux; Android 10; M10_4G_PRO) AppleWebKit/537.36 (KHTML, like Gecko) Chrome/81.0.4044.138 Safari/537.36" "ysfine.com"
44.192.26.60 - - [29/Sep/2022:04:16:12 -0700] "GET /houses/christmas.html HTTP/1.1" 304 - "-" "CCBot/2.0 (https://commoncrawl.org/faq/)" "ysfine.com"
44.192.26.60 - - [29/Sep/2022:04:16:56 -0700] "GET /home/bio55.html HTTP/1.1" 200 5175 "-" "CCBot/2.0 (https://commoncrawl.org/faq/)" "ysfine.com"
72.14.201.167 - - [29/Sep/2022:04:17:16 -0700] "GET /dirac/dirfeyn.html HTTP/1.1" 200 6341 "-" "Mozilla/5.0 (Linux; Android 10; K) AppleWebKit/537.36 (KHTML, like Gecko) Chrome/105.0.0.0 Mobile Safari/537.36" "ysfine.com"
44.192.26.60 - - [29/Sep/2022:04:17:18 -0700] "GET /friends/kmc.html HTTP/1.1" 404 88 "-" "CCBot/2.0 (https://commoncrawl.org/faq/)" "ysfine.com"
207.46.13.102 - - [29/Sep/2022:04:17:34 -0700] "GET /maga/phys/bohr05.jpg HTTP/1.1" 200 70451 "-" "Mozilla/5.0 (compatible; bingbot/2.0; +http://www.bing.com/bingbot.htm)" "ysfine.com"
44.192.26.60 - - [29/Sep/2022:04:18:11 -0700] "GET /heisen/heisen54.html HTTP/1.1" 200 4526 "-" "CCBot/2.0 (https://commoncrawl.org/faq/)" "ysfine.com"
157.55.39.128 - - [29/Sep/2022:04:19:00 -0700] "GET /maga/phil/marxlon01.jpg HTTP/1.1" 200 263404 "-" "Mozilla/5.0 (compatible; bingbot/2.0; +http://www.bing.com/bingbot.htm)" "www.ysfine.com"
44.192.26.60 - - [29/Sep/2022:04:19:10 -0700] "GET /wdc/mydc.html HTTP/1.1" 304 - "-" "CCBot/2.0 (https://commoncrawl.org/faq/)" "ysfine.com"
44.192.26.60 - - [29/Sep/2022:04:19:22 -0700] "GET /awards/marq.html HTTP/1.1" 200 3275 "-" "CCBot/2.0 (https://commoncrawl.org/faq/)" "ysfine.com"
157.55.39.128 - - [29/Sep/2022:04:19:40 -0700] "GET /einstein/places/einha05.jpg HTTP/1.1" 200 138021 "-" "Mozilla/5.0 (compatible; bingbot/2.0; +http://www.bing.com/bingbot.htm)" "www.ysfine.com"
210.178.182.201 - - [29/Sep/2022:04:19:50 -0700] "GET /class54/tallm03.jpg HTTP/1.1" 200 218202 "https://www.bing.com/" "Mozilla/5.0 (Windows NT 10.0; Win64; x64) AppleWebKit/537.36 (KHTML, like Gecko) Chrome/70.0.3538.102 Safari/537.36 Edge/18.18362" "ysfine.com"
44.192.26.60 - - [29/Sep/2022:04:19:59 -0700] "GET /yspapers/plb83.pdf HTTP/1.1" 200 195268 "-" "CCBot/2.0 (https://commoncrawl.org/faq/)" "ysfine.com"
207.46.13.102 - - [29/Sep/2022:04:20:26 -0700] "GET /wdc/gtown18.jpg HTTP/1.1" 200 172500 "-" "Mozilla/5.0 (compatible; bingbot/2.0; +http://www.bing.com/bingbot.htm)" "www.ysfine.com"
40.77.167.95 - - [29/Sep/2022:04:21:13 -0700] "GET /robots.txt HTTP/1.1" 404 88 "-" "Mozilla/5.0 (compatible; bingbot/2.0; +http://www.bing.com/bingbot.htm)" "ysfine.com"
157.55.39.128 - - [29/Sep/2022:04:21:21 -0700] "GET /people/curtrigh.jpg HTTP/1.1" 200 45655 "-" "Mozilla/5.0 (compatible; bingbot/2.0; +http://www.bing.com/bingbot.htm)" "ysfine.com"
40.64.105.247 - - [29/Sep/2022:04:22:07 -0700] "GET /kobak/sl628.jpg HTTP/1.1" 200 225100 "-" "DuckDuckBot/1.1; (+http://duckduckgo.com/duckduckbot.html)" "ysfine.com"
40.77.167.61 - - [29/Sep/2022:04:22:23 -0700] "GET /world/china/qingdao07.jpg HTTP/1.1" 200 119626 "-" "Mozilla/5.0 (compatible; bingbot/2.0; +http://www.bing.com/bingbot.htm)" "ysfine.com"
40.77.167.61 - - [29/Sep/2022:04:22:31 -0700] "GET /world/china/xian09b.jpg HTTP/1.1" 200 40511 "-" "Mozilla/5.0 (compatible; bingbot/2.0; +http://www.bing.com/bingbot.htm)" "ysfine.com"
157.55.39.128 - - [29/Sep/2022:04:22:51 -0700] "GET /kobak/kimilsong11a.jpg HTTP/1.1" 200 63829 "-" "Mozilla/5.0 AppleWebKit/537.36 (KHTML, like Gecko; compatible; bingbot/2.0; +http://www.bing.com/bingbot.htm) Chrome/103.0.5060.134 Safari/537.36" "ysfine.com"
44.192.26.60 - - [29/Sep/2022:04:22:56 -0700] "GET /philo/helena.html HTTP/1.1" 200 6350 "-" "CCBot/2.0 (https://commoncrawl.org/faq/)" "ysfine.com"
216.244.66.229 - - [29/Sep/2022:04:23:33 -0700] "GET /robots.txt HTTP/1.1" 404 73 "-" "Mozilla/5.0 (compatible; DotBot/1.2; +https://opensiteexplorer.org/dotbot; help@moz.com)" "www.ysfine.com"
157.55.39.55 - - [29/Sep/2022:04:24:11 -0700] "GET /friends/korf.html HTTP/1.1" 404 88 "-" "Mozilla/5.0 (compatible; bingbot/2.0; +http://www.bing.com/bingbot.htm)" "ysfine.com"
114.119.128.142 - - [29/Sep/2022:04:24:15 -0700] "GET /world/russ/redsq50.jpg HTTP/1.1" 200 97893 "https://ysfine.com/world/moscow.html" "Mozilla/5.0 (Linux; Android 7.0;) AppleWebKit/537.36 (KHTML, like Gecko) Mobile Safari/537.36 (compatible; PetalBot;+https://webmaster.petalsearch.com/site/petalbot)" "ysfine.com"
44.192.26.60 - - [29/Sep/2022:04:24:20 -0700] "GET /princeton/cosmic.html HTTP/1.1" 304 - "-" "CCBot/2.0 (https://commoncrawl.org/faq/)" "ysfine.com"
77.75.73.26 - - [29/Sep/2022:04:24:25 -0700] "GET /style/index.html HTTP/1.1" 200 129 "-" "Mozilla/5.0 (compatible; SeznamBot/4.0-RC1; +http://napoveda.seznam.cz/seznambot-intro/)" "ysfine.com"
42.236.12.228 - - [29/Sep/2022:04:24:45 -0700] "GET / HTTP/1.1" 200 5283 "-" "Mozilla/5.0 (iPhone; CPU OS 11_0 like Mac OS X) AppleWebKit/604.1.25 (KHTML, like Gecko) Version/11.0 Mobile/15A372 Safari/604.1" "www.ysfine.com"
66.249.70.3 - - [29/Sep/2022:04:24:50 -0700] "GET /fbook/rheepr03.jpg HTTP/1.1" 200 179337 "-" "Googlebot-Image/1.0" "ysfine.com"
157.55.39.58 - - [29/Sep/2022:04:25:37 -0700] "GET /sbk/2004bb.jpg HTTP/1.1" 200 96519 "-" "Mozilla/5.0 (compatible; bingbot/2.0; +http://www.bing.com/bingbot.htm)" "ysfine.com"
40.77.167.105 - - [29/Sep/2022:04:25:48 -0700] "GET /robots.txt HTTP/1.1" 404 88 "-" "Mozilla/5.0 (compatible; bingbot/2.0; +http://www.bing.com/bingbot.htm)" "www.ysfine.com"
44.192.26.60 - - [29/Sep/2022:04:26:15 -0700] "GET /wdc/waskor.html HTTP/1.1" 304 - "-" "CCBot/2.0 (https://commoncrawl.org/faq/)" "ysfine.com"
17.121.113.16 - - [29/Sep/2022:04:26:51 -0700] "GET /style/index.html HTTP/1.1" 200 129 "-" "Mozilla/5.0 (Macintosh; Intel Mac OS X 10_15_5) AppleWebKit/605.1.15 (KHTML, like Gecko) Version/13.1.1 Safari/605.1.15 (Applebot/0.1; +http://www.apple.com/go/applebot)" "ysfine.com"
157.55.39.128 - - [29/Sep/2022:04:27:21 -0700] "GET /world/scandi/wignob06b.jpg HTTP/1.1" 200 38894 "-" "Mozilla/5.0 AppleWebKit/537.36 (KHTML, like Gecko; compatible; bingbot/2.0; +http://www.bing.com/bingbot.htm) Chrome/103.0.5060.134 Safari/537.36" "www.ysfine.com"
44.192.26.60 - - [29/Sep/2022:04:27:43 -0700] "GET /einstein/index.html%22 HTTP/1.1" 404 88 "-" "CCBot/2.0 (https://commoncrawl.org/faq/)" "ysfine.com"
44.192.26.60 - - [29/Sep/2022:04:29:07 -0700] "GET /awards/index.html HTTP/1.1" 200 9993 "-" "CCBot/2.0 (https://commoncrawl.org/faq/)" "ysfine.com"
108.14.233.9 - - [29/Sep/2022:04:29:10 -0700] "GET /world/russ/roskei90b.jpg HTTP/1.1" 200 50111 "https://www.google.com/" "Mozilla/5.0 (iPad; CPU OS 15_4_1 like Mac OS X) AppleWebKit/605.1.15 (KHTML, like Gecko) Version/15.4 Mobile/15E148 Safari/604.1" "ysfine.com"
108.14.233.9 - - [29/Sep/2022:04:29:23 -0700] "GET /world/russ/roskei90.jpg HTTP/1.1" 200 110306 "https://www.google.com/" "Mozilla/5.0 (iPad; CPU OS 15_4_1 like Mac OS X) AppleWebKit/605.1.15 (KHTML, like Gecko) Version/15.4 Mobile/15E148 Safari/604.1" "ysfine.com"
44.192.26.60 - - [29/Sep/2022:04:29:39 -0700] "GET /princeton/pstorie.html HTTP/1.1" 304 - "-" "CCBot/2.0 (https://commoncrawl.org/faq/)" "ysfine.com"
157.55.39.128 - - [29/Sep/2022:04:29:41 -0700] "GET /dirac/michaels.jpg HTTP/1.1" 200 102277 "-" "Mozilla/5.0 (compatible; bingbot/2.0; +http://www.bing.com/bingbot.htm)" "ysfine.com"
77.75.73.26 - - [29/Sep/2022:04:29:57 -0700] "GET /princeton/pstorie.html HTTP/1.1" 304 - "-" "Mozilla/5.0 (compatible; SeznamBot/4.0-RC1; +http://napoveda.seznam.cz/seznambot-intro/)" "ysfine.com"
157.55.39.55 - - [29/Sep/2022:04:30:09 -0700] "GET /princeton/deans.jpg HTTP/1.1" 200 81209 "-" "Mozilla/5.0 AppleWebKit/537.36 (KHTML, like Gecko; compatible; bingbot/2.0; +http://www.bing.com/bingbot.htm) Chrome/103.0.5060.134 Safari/537.36" "ysfine.com"
40.77.167.61 - - [29/Sep/2022:04:30:13 -0700] "GET /world/ital/itstu01.jpg HTTP/1.1" 200 70806 "-" "Mozilla/5.0 AppleWebKit/537.36 (KHTML, like Gecko; compatible; bingbot/2.0; +http://www.bing.com/bingbot.htm) Chrome/103.0.5060.134 Safari/537.36" "ysfine.com"
157.55.39.127 - - [29/Sep/2022:04:30:29 -0700] "GET /world/china/chongking16.jpg HTTP/1.1" 200 93088 "-" "Mozilla/5.0 (compatible; bingbot/2.0; +http://www.bing.com/bingbot.htm)" "www.ysfine.com"
157.55.39.127 - - [29/Sep/2022:04:30:30 -0700] "GET /class54/weheard.html HTTP/1.1" 200 5818 "-" "Mozilla/5.0 AppleWebKit/537.36 (KHTML, like Gecko; compatible; bingbot/2.0; +http://www.bing.com/bingbot.htm) Chrome/103.0.5060.134 Safari/537.36" "www.ysfine.com"
157.55.39.127 - - [29/Sep/2022:04:30:30 -0700] "GET /style/songs.html HTTP/1.1" 200 31567 "-" "Mozilla/5.0 (compatible; bingbot/2.0; +http://www.bing.com/bingbot.htm)" "www.ysfine.com"
40.77.167.61 - - [29/Sep/2022:04:30:34 -0700] "GET /world/russ/bolshoi33.jpg HTTP/1.1" 200 90561 "-" "Mozilla/5.0 (compatible; bingbot/2.0; +http://www.bing.com/bingbot.htm)" "ysfine.com"
44.192.26.60 - - [29/Sep/2022:04:30:49 -0700] "GET /ffriends/fdw.html HTTP/1.1" 200 45463 "-" "CCBot/2.0 (https://commoncrawl.org/faq/)" "ysfine.com"
44.192.26.60 - - [29/Sep/2022:04:31:25 -0700] "GET /home/chris.html HTTP/1.1" 200 1777 "-" "CCBot/2.0 (https://commoncrawl.org/faq/)" "ysfine.com"
44.192.26.60 - - [29/Sep/2022:04:31:36 -0700] "GET /houses/styhouses.html HTTP/1.1" 304 - "-" "CCBot/2.0 (https://commoncrawl.org/faq/)" "ysfine.com"
167.21.42.147 - - [29/Sep/2022:04:31:46 -0700] "GET /kowar/tanks/m46a.jpg HTTP/1.1" 200 150661 "https://www.google.com/" "Mozilla/5.0 (X11; CrOS x86_64 14989.85.0) AppleWebKit/537.36 (KHTML, like Gecko) Chrome/105.0.0.0 Safari/537.36" "ysfine.com"
157.55.39.55 - - [29/Sep/2022:04:31:50 -0700] "GET /kowar/tilelli01b.jpg HTTP/1.1" 200 45426 "-" "Mozilla/5.0 (compatible; bingbot/2.0; +http://www.bing.com/bingbot.htm)" "www.ysfine.com"
157.55.39.58 - - [29/Sep/2022:04:32:20 -0700] "GET /dirac/dirackim62.html HTTP/1.1" 200 2970 "-" "Mozilla/5.0 (compatible; bingbot/2.0; +http://www.bing.com/bingbot.htm)" "ysfine.com"
72.14.201.167 - - [29/Sep/2022:04:32:48 -0700] "GET /dirac/dirfeyn.html HTTP/1.1" 200 6341 "-" "Mozilla/5.0 (Linux; Android 10; K) AppleWebKit/537.36 (KHTML, like Gecko) Chrome/105.0.0.0 Mobile Safari/537.36" "ysfine.com"
