144.62.84.200 - - [29/Sep/2022:00:42:32 -0700] "GET /world/russ/kazan083b.jpg HTTP/1.1" 200 27729 "https://ysfine.com/world/kazan.html" "Mozilla/5.0 (Windows NT 10.0; Win64; x64) AppleWebKit/537.36 (KHTML, like Gecko) Chrome/105.0.0.0 Safari/537.36" "ysfine.com"
144.62.84.200 - - [29/Sep/2022:00:42:32 -0700] "GET /world/russ/volga02b.jpg HTTP/1.1" 200 36769 "https://ysfine.com/world/kazan.html" "Mozilla/5.0 (Windows NT 10.0; Win64; x64) AppleWebKit/537.36 (KHTML, like Gecko) Chrome/105.0.0.0 Safari/537.36" "ysfine.com"
144.62.84.200 - - [29/Sep/2022:00:42:32 -0700] "GET /world/russ/kazan030b.jpg HTTP/1.1" 200 39028 "https://ysfine.com/world/kazan.html" "Mozilla/5.0 (Windows NT 10.0; Win64; x64) AppleWebKit/537.36 (KHTML, like Gecko) Chrome/105.0.0.0 Safari/537.36" "ysfine.com"
144.62.84.200 - - [29/Sep/2022:00:42:32 -0700] "GET /world/russ/kazanmap11b.jpg HTTP/1.1" 200 29396 "https://ysfine.com/world/kazan.html" "Mozilla/5.0 (Windows NT 10.0; Win64; x64) AppleWebKit/537.36 (KHTML, like Gecko) Chrome/105.0.0.0 Safari/537.36" "ysfine.com"
144.62.84.200 - - [29/Sep/2022:00:42:32 -0700] "GET /world/russ/volga06b.jpg HTTP/1.1" 200 23320 "https://ysfine.com/world/kazan.html" "Mozilla/5.0 (Windows NT 10.0; Win64; x64) AppleWebKit/537.36 (KHTML, like Gecko) Chrome/105.0.0.0 Safari/537.36" "ysfine.com"
144.62.84.200 - - [29/Sep/2022:00:42:32 -0700] "GET /world/russ/kazan058b.jpg HTTP/1.1" 200 35328 "https://ysfine.com/world/kazan.html" "Mozilla/5.0 (Windows NT 10.0; Win64; x64) AppleWebKit/537.36 (KHTML, like Gecko) Chrome/105.0.0.0 Safari/537.36" "ysfine.com"
144.62.84.200 - - [29/Sep/2022:00:42:32 -0700] "GET /world/russ/kazan011b.jpg HTTP/1.1" 200 33761 "https://ysfine.com/world/kazan.html" "Mozilla/5.0 (Windows NT 10.0; Win64; x64) AppleWebKit/537.36 (KHTML, like Gecko) Chrome/105.0.0.0 Safari/537.36" "ysfine.com"
144.62.84.200 - - [29/Sep/2022:00:42:32 -0700] "GET /ffriends/tolstoy22b.jpg HTTP/1.1" 200 51408 "https://ysfine.com/world/kazan.html" "Mozilla/5.0 (Windows NT 10.0; Win64; x64) AppleWebKit/537.36 (KHTML, like Gecko) Chrome/105.0.0.0 Safari/537.36" "ysfine.com"
144.62.84.200 - - [29/Sep/2022:00:42:32 -0700] "GET /world/russ/twosis22b.jpg HTTP/1.1" 200 23679 "https://ysfine.com/world/kazan.html" "Mozilla/5.0 (Windows NT 10.0; Win64; x64) AppleWebKit/537.36 (KHTML, like Gecko) Chrome/105.0.0.0 Safari/537.36" "ysfine.com"
144.62.84.200 - - [29/Sep/2022:00:42:32 -0700] "GET /world/russ/kazan087b.jpg HTTP/1.1" 200 20172 "https://ysfine.com/world/kazan.html" "Mozilla/5.0 (Windows NT 10.0; Win64; x64) AppleWebKit/537.36 (KHTML, like Gecko) Chrome/105.0.0.0 Safari/537.36" "ysfine.com"
144.62.84.200 - - [29/Sep/2022:00:42:32 -0700] "GET /world/russ/kazan086b.jpg HTTP/1.1" 200 38794 "https://ysfine.com/world/kazan.html" "Mozilla/5.0 (Windows NT 10.0; Win64; x64) AppleWebKit/537.36 (KHTML, like Gecko) Chrome/105.0.0.0 Safari/537.36" "ysfine.com"
144.62.84.200 - - [29/Sep/2022:00:42:32 -0700] "GET /world/russ/basil01b.jpg HTTP/1.1" 200 42711 "https://ysfine.com/world/kazan.html" "Mozilla/5.0 (Windows NT 10.0; Win64; x64) AppleWebKit/537.36 (KHTML, like Gecko) Chrome/105.0.0.0 Safari/537.36" "ysfine.com"
144.62.84.200 - - [29/Sep/2022:00:42:32 -0700] "GET /world/russ/kazan001b.jpg HTTP/1.1" 200 41163 "https://ysfine.com/world/kazan.html" "Mozilla/5.0 (Windows NT 10.0; Win64; x64) AppleWebKit/537.36 (KHTML, like Gecko) Chrome/105.0.0.0 Safari/537.36" "ysfine.com"
144.62.84.200 - - [29/Sep/2022:00:42:32 -0700] "GET /world/russ/kazan037b.jpg HTTP/1.1" 200 41335 "https://ysfine.com/world/kazan.html" "Mozilla/5.0 (Windows NT 10.0; Win64; x64) AppleWebKit/537.36 (KHTML, like Gecko) Chrome/105.0.0.0 Safari/537.36" "ysfine.com"
144.62.84.200 - - [29/Sep/2022:00:42:32 -0700] "GET /world/russ/kazan048b.jpg HTTP/1.1" 200 31543 "https://ysfine.com/world/kazan.html" "Mozilla/5.0 (Windows NT 10.0; Win64; x64) AppleWebKit/537.36 (KHTML, like Gecko) Chrome/105.0.0.0 Safari/537.36" "ysfine.com"
144.62.84.200 - - [29/Sep/2022:00:42:32 -0700] "GET /world/russ/bachkova22b.jpg HTTP/1.1" 200 28646 "https://ysfine.com/world/kazan.html" "Mozilla/5.0 (Windows NT 10.0; Win64; x64) AppleWebKit/537.36 (KHTML, like Gecko) Chrome/105.0.0.0 Safari/537.36" "ysfine.com"
144.62.84.200 - - [29/Sep/2022:00:42:32 -0700] "GET /world/russ/kazan050b.jpg HTTP/1.1" 200 36024 "https://ysfine.com/world/kazan.html" "Mozilla/5.0 (Windows NT 10.0; Win64; x64) AppleWebKit/537.36 (KHTML, like Gecko) Chrome/105.0.0.0 Safari/537.36" "ysfine.com"
144.62.84.200 - - [29/Sep/2022:00:42:32 -0700] "GET /world/russ/volga08b.jpg HTTP/1.1" 200 23746 "https://ysfine.com/world/kazan.html" "Mozilla/5.0 (Windows NT 10.0; Win64; x64) AppleWebKit/537.36 (KHTML, like Gecko) Chrome/105.0.0.0 Safari/537.36" "ysfine.com"
93.55.132.132 - - [29/Sep/2022:00:42:33 -0700] "GET /wigner/neum/ymath.jpg HTTP/1.1" 200 64930 "https://www.google.com/" "Mozilla/5.0 (Windows NT 6.3; Win64; x64) AppleWebKit/537.36 (KHTML, like Gecko) Chrome/105.0.0.0 Safari/537.36" "ysfine.com"
144.62.84.200 - - [29/Sep/2022:00:42:33 -0700] "GET /favicon.ico HTTP/1.1" 404 88 "https://ysfine.com/world/kazan.html" "Mozilla/5.0 (Windows NT 10.0; Win64; x64) AppleWebKit/537.36 (KHTML, like Gecko) Chrome/105.0.0.0 Safari/537.36" "ysfine.com"
211.249.46.185 - - [29/Sep/2022:00:42:37 -0700] "GET /home/comet40c.jpg HTTP/1.1" 200 41188 "-" "Mozilla/5.0 (compatible; Yeti/1.1; +https://naver.me/spd)" "ysfine.com"
93.55.132.132 - - [29/Sep/2022:00:42:44 -0700] "GET /wigner/neum/pvn07.jpg HTTP/1.1" 200 101823 "https://www.google.com/" "Mozilla/5.0 (Windows NT 6.3; Win64; x64) AppleWebKit/537.36 (KHTML, like Gecko) Chrome/105.0.0.0 Safari/537.36" "ysfine.com"
173.73.80.118 - - [29/Sep/2022:00:43:20 -0700] "GET /favicon.ico HTTP/1.1" 404 88 "https://ysfine.com/style/proschanie.html" "Mozilla/5.0 (Windows NT 10.0; Win64; x64) AppleWebKit/537.36 (KHTML, like Gecko) Chrome/105.0.0.0 Safari/537.36 Edg/105.0.1343.53" "ysfine.com"
157.55.39.128 - - [29/Sep/2022:00:45:11 -0700] "GET /world/baltic/kantm09.jpg HTTP/1.1" 200 132684 "-" "Mozilla/5.0 (compatible; bingbot/2.0; +http://www.bing.com/bingbot.htm)" "ysfine.com"
157.55.39.55 - - [29/Sep/2022:00:45:18 -0700] "GET /world/russ/arbat33.jpg HTTP/1.1" 200 105674 "-" "Mozilla/5.0 (compatible; bingbot/2.0; +http://www.bing.com/bingbot.htm)" "ysfine.com"
157.55.39.128 - - [29/Sep/2022:00:46:10 -0700] "GET /world/ital/rome023.jpg HTTP/1.1" 200 177299 "-" "Mozilla/5.0 AppleWebKit/537.36 (KHTML, like Gecko; compatible; bingbot/2.0; +http://www.bing.com/bingbot.htm) Chrome/103.0.5060.134 Safari/537.36" "ysfine.com"
77.75.79.31 - - [29/Sep/2022:00:46:27 -0700] "GET /kobak/underw.html HTTP/1.1" 304 - "-" "Mozilla/5.0 (compatible; SeznamBot/4.0-RC1; +http://napoveda.seznam.cz/seznambot-intro/)" "ysfine.com"
123.125.109.45 - - [29/Sep/2022:00:46:36 -0700] "GET / HTTP/1.1" 200 5283 "-" "Sogou web spider/4.0(+http://www.sogou.com/docs/help/webmasters.htm#07)" "ysfine.com"
40.77.167.61 - - [29/Sep/2022:00:47:11 -0700] "GET /people/glauber01.jpg HTTP/1.1" 200 70165 "-" "Mozilla/5.0 (compatible; bingbot/2.0; +http://www.bing.com/bingbot.htm)" "ysfine.com"
157.55.39.55 - - [29/Sep/2022:00:47:28 -0700] "GET /world/germany/vienna09.jpg HTTP/1.1" 200 94484 "-" "Mozilla/5.0 (compatible; bingbot/2.0; +http://www.bing.com/bingbot.htm)" "ysfine.com"
207.46.13.102 - - [29/Sep/2022:00:50:35 -0700] "GET /feynman/restof05b.jpg HTTP/1.1" 200 20819 "-" "Mozilla/5.0 (compatible; bingbot/2.0; +http://www.bing.com/bingbot.htm)" "ysfine.com"
40.77.167.61 - - [29/Sep/2022:00:50:42 -0700] "GET /world/china/beijing014.jpg HTTP/1.1" 200 104683 "-" "Mozilla/5.0 (compatible; bingbot/2.0; +http://www.bing.com/bingbot.htm)" "ysfine.com"
171.6.222.143 - - [29/Sep/2022:00:50:46 -0700] "GET /kobak/sohnwi01.jpg HTTP/1.1" 200 67716 "https://www.google.com/" "Mozilla/5.0 (Windows NT 10.0; Win64; x64) AppleWebKit/537.36 (KHTML, like Gecko) Chrome/105.0.0.0 Safari/537.36" "ysfine.com"
66.249.70.4 - - [29/Sep/2022:00:50:57 -0700] "GET /world/scandi/sto035.jpg HTTP/1.1" 304 - "-" "Googlebot-Image/1.0" "ysfine.com"
171.6.222.143 - - [29/Sep/2022:00:51:04 -0700] "GET /kobak/sohnwi01.jpg HTTP/1.1" 200 67716 "https://www.google.com/" "Mozilla/5.0 (Windows NT 10.0; Win64; x64) AppleWebKit/537.36 (KHTML, like Gecko) Chrome/105.0.0.0 Safari/537.36" "ysfine.com"
40.77.167.61 - - [29/Sep/2022:00:51:22 -0700] "GET /people/kibler.jpg HTTP/1.1" 200 94528 "-" "Mozilla/5.0 (compatible; bingbot/2.0; +http://www.bing.com/bingbot.htm)" "ysfine.com"
173.73.80.118 - - [29/Sep/2022:00:52:07 -0700] "GET /favicon.ico HTTP/1.1" 404 88 "https://ysfine.com/home/yshome.html" "Mozilla/5.0 (Windows NT 10.0; Win64; x64) AppleWebKit/537.36 (KHTML, like Gecko) Chrome/105.0.0.0 Safari/537.36" "ysfine.com"
216.244.66.229 - - [29/Sep/2022:00:52:18 -0700] "GET /robots.txt HTTP/1.1" 404 73 "-" "Mozilla/5.0 (compatible; DotBot/1.2; +https://opensiteexplorer.org/dotbot; help@moz.com)" "www.ysfine.com"
157.55.39.127 - - [29/Sep/2022:00:52:19 -0700] "GET /newyork/nyharbor15.jpg HTTP/1.1" 200 95901 "-" "Mozilla/5.0 (compatible; bingbot/2.0; +http://www.bing.com/bingbot.htm)" "www.ysfine.com"
77.75.79.72 - - [29/Sep/2022:00:52:36 -0700] "GET /robots.txt HTTP/1.1" 404 88 "-" "Mozilla/5.0 (compatible; SeznamBot/3.2; +http://napoveda.seznam.cz/en/seznambot-intro/)" "ysfine.com"
77.75.79.72 - - [29/Sep/2022:00:52:37 -0700] "GET /world/germany/salzmo07.jpg HTTP/1.1" 304 - "-" "Mozilla/5.0 (compatible; SeznamBot/3.2; +http://napoveda.seznam.cz/en/seznambot-intro/)" "ysfine.com"
77.75.79.72 - - [29/Sep/2022:00:52:38 -0700] "GET /style/musee/vatican66.jpg HTTP/1.1" 200 122639 "-" "Mozilla/5.0 (compatible; SeznamBot/3.2; +http://napoveda.seznam.cz/en/seznambot-intro/)" "ysfine.com"
77.75.79.72 - - [29/Sep/2022:00:52:42 -0700] "GET /einstein/einfine21.jpg HTTP/1.1" 200 71101 "-" "Mozilla/5.0 (compatible; SeznamBot/3.2; +http://napoveda.seznam.cz/en/seznambot-intro/)" "ysfine.com"
77.75.79.72 - - [29/Sep/2022:00:52:44 -0700] "GET /world/ital/flor055.jpg HTTP/1.1" 304 - "-" "Mozilla/5.0 (compatible; SeznamBot/3.2; +http://napoveda.seznam.cz/en/seznambot-intro/)" "ysfine.com"
173.73.80.118 - - [29/Sep/2022:00:52:56 -0700] "GET /home/bio.html HTTP/1.1" 200 15243 "https://search.yahoo.com/" "Mozilla/5.0 (Windows NT 10.0; Win64; x64; rv:105.0) Gecko/20100101 Firefox/105.0" "ysfine.com"
173.73.80.118 - - [29/Sep/2022:00:52:56 -0700] "GET /home/yskim10c.jpg HTTP/1.1" 200 88826 "https://ysfine.com/home/bio.html" "Mozilla/5.0 (Windows NT 10.0; Win64; x64; rv:105.0) Gecko/20100101 Firefox/105.0" "ysfine.com"
173.73.80.118 - - [29/Sep/2022:00:52:56 -0700] "GET /home/ysrhee33c.jpg HTTP/1.1" 200 26817 "https://ysfine.com/home/bio.html" "Mozilla/5.0 (Windows NT 10.0; Win64; x64; rv:105.0) Gecko/20100101 Firefox/105.0" "ysfine.com"
173.73.80.118 - - [29/Sep/2022:00:52:56 -0700] "GET /kobak/underw03c.jpg HTTP/1.1" 200 26805 "https://ysfine.com/home/bio.html" "Mozilla/5.0 (Windows NT 10.0; Win64; x64; rv:105.0) Gecko/20100101 Firefox/105.0" "ysfine.com"
173.73.80.118 - - [29/Sep/2022:00:52:56 -0700] "GET /home/fotos/photo00c.jpg HTTP/1.1" 200 34216 "https://ysfine.com/home/bio.html" "Mozilla/5.0 (Windows NT 10.0; Win64; x64; rv:105.0) Gecko/20100101 Firefox/105.0" "ysfine.com"
173.73.80.118 - - [29/Sep/2022:00:52:56 -0700] "GET /home/fotos/photo02c.jpg HTTP/1.1" 200 37432 "https://ysfine.com/home/bio.html" "Mozilla/5.0 (Windows NT 10.0; Win64; x64; rv:105.0) Gecko/20100101 Firefox/105.0" "ysfine.com"
173.73.80.118 - - [29/Sep/2022:00:52:56 -0700] "GET /wdc/eindc03c.jpg HTTP/1.1" 200 48446 "https://ysfine.com/home/bio.html" "Mozilla/5.0 (Windows NT 10.0; Win64; x64; rv:105.0) Gecko/20100101 Firefox/105.0" "ysfine.com"
173.73.80.118 - - [29/Sep/2022:00:52:56 -0700] "GET /home/fotos/campus06c.jpg HTTP/1.1" 200 49136 "https://ysfine.com/home/bio.html" "Mozilla/5.0 (Windows NT 10.0; Win64; x64; rv:105.0) Gecko/20100101 Firefox/105.0" "ysfine.com"
173.73.80.118 - - [29/Sep/2022:00:52:56 -0700] "GET /home/fotos/photo04c.jpg HTTP/1.1" 200 39964 "https://ysfine.com/home/bio.html" "Mozilla/5.0 (Windows NT 10.0; Win64; x64; rv:105.0) Gecko/20100101 Firefox/105.0" "ysfine.com"
173.73.80.118 - - [29/Sep/2022:00:52:56 -0700] "GET /dirac/dirbust22c.jpg HTTP/1.1" 200 36029 "https://ysfine.com/home/bio.html" "Mozilla/5.0 (Windows NT 10.0; Win64; x64; rv:105.0) Gecko/20100101 Firefox/105.0" "ysfine.com"
173.73.80.118 - - [29/Sep/2022:00:52:56 -0700] "GET /home/bew22f.jpg HTTP/1.1" 200 124596 "https://ysfine.com/home/bio.html" "Mozilla/5.0 (Windows NT 10.0; Win64; x64; rv:105.0) Gecko/20100101 Firefox/105.0" "ysfine.com"
173.73.80.118 - - [29/Sep/2022:00:52:56 -0700] "GET /home/fotos/photo08c.jpg HTTP/1.1" 200 28474 "https://ysfine.com/home/bio.html" "Mozilla/5.0 (Windows NT 10.0; Win64; x64; rv:105.0) Gecko/20100101 Firefox/105.0" "ysfine.com"
173.73.80.118 - - [29/Sep/2022:00:52:56 -0700] "GET /home/resonance33c.jpg HTTP/1.1" 200 36247 "https://ysfine.com/home/bio.html" "Mozilla/5.0 (Windows NT 10.0; Win64; x64; rv:105.0) Gecko/20100101 Firefox/105.0" "ysfine.com"
173.73.80.118 - - [29/Sep/2022:00:52:56 -0700] "GET /home/fotos/photo09c.jpg HTTP/1.1" 200 25413 "https://ysfine.com/home/bio.html" "Mozilla/5.0 (Windows NT 10.0; Win64; x64; rv:105.0) Gecko/20100101 Firefox/105.0" "ysfine.com"
173.73.80.118 - - [29/Sep/2022:00:52:56 -0700] "GET /home/canal22c.jpg HTTP/1.1" 200 29939 "https://ysfine.com/home/bio.html" "Mozilla/5.0 (Windows NT 10.0; Win64; x64; rv:105.0) Gecko/20100101 Firefox/105.0" "ysfine.com"
173.73.80.118 - - [29/Sep/2022:00:52:56 -0700] "GET /home/fotos/dirfeyn62c.jpg HTTP/1.1" 200 52150 "https://ysfine.com/home/bio.html" "Mozilla/5.0 (Windows NT 10.0; Win64; x64; rv:105.0) Gecko/20100101 Firefox/105.0" "ysfine.com"
173.73.80.118 - - [29/Sep/2022:00:52:56 -0700] "GET /home/fotos/wsj450.jpg HTTP/1.1" 200 68132 "https://ysfine.com/home/bio.html" "Mozilla/5.0 (Windows NT 10.0; Win64; x64; rv:105.0) Gecko/20100101 Firefox/105.0" "ysfine.com"
173.73.80.118 - - [29/Sep/2022:00:52:56 -0700] "GET /home/fotos/photo03c.jpg HTTP/1.1" 200 23013 "https://ysfine.com/home/bio.html" "Mozilla/5.0 (Windows NT 10.0; Win64; x64; rv:105.0) Gecko/20100101 Firefox/105.0" "ysfine.com"
173.73.80.118 - - [29/Sep/2022:00:52:56 -0700] "GET /home/fotos/photo12c.jpg HTTP/1.1" 200 31719 "https://ysfine.com/home/bio.html" "Mozilla/5.0 (Windows NT 10.0; Win64; x64; rv:105.0) Gecko/20100101 Firefox/105.0" "ysfine.com"
173.73.80.118 - - [29/Sep/2022:00:52:56 -0700] "GET /home/sq600c.jpg HTTP/1.1" 200 18492 "https://ysfine.com/home/bio.html" "Mozilla/5.0 (Windows NT 10.0; Win64; x64; rv:105.0) Gecko/20100101 Firefox/105.0" "ysfine.com"
173.73.80.118 - - [29/Sep/2022:00:52:56 -0700] "GET /home/top21c.jpg HTTP/1.1" 200 53120 "https://ysfine.com/home/bio.html" "Mozilla/5.0 (Windows NT 10.0; Win64; x64; rv:105.0) Gecko/20100101 Firefox/105.0" "ysfine.com"
173.73.80.118 - - [29/Sep/2022:00:52:56 -0700] "GET /home/comet40c.jpg HTTP/1.1" 200 41188 "https://ysfine.com/home/bio.html" "Mozilla/5.0 (Windows NT 10.0; Win64; x64; rv:105.0) Gecko/20100101 Firefox/105.0" "ysfine.com"
173.73.80.118 - - [29/Sep/2022:00:52:56 -0700] "GET /wdc/jeffm02c.jpg HTTP/1.1" 200 27659 "https://ysfine.com/home/bio.html" "Mozilla/5.0 (Windows NT 10.0; Win64; x64; rv:105.0) Gecko/20100101 Firefox/105.0" "ysfine.com"
173.73.80.118 - - [29/Sep/2022:00:52:56 -0700] "GET /style/bstring33c.jpg HTTP/1.1" 200 28940 "https://ysfine.com/home/bio.html" "Mozilla/5.0 (Windows NT 10.0; Win64; x64; rv:105.0) Gecko/20100101 Firefox/105.0" "ysfine.com"
173.73.80.118 - - [29/Sep/2022:00:52:56 -0700] "GET /home/fotos/104c.jpg HTTP/1.1" 200 35089 "https://ysfine.com/home/bio.html" "Mozilla/5.0 (Windows NT 10.0; Win64; x64; rv:105.0) Gecko/20100101 Firefox/105.0" "ysfine.com"
173.73.80.118 - - [29/Sep/2022:00:52:56 -0700] "GET /home/fotos/101c.jpg HTTP/1.1" 200 37079 "https://ysfine.com/home/bio.html" "Mozilla/5.0 (Windows NT 10.0; Win64; x64; rv:105.0) Gecko/20100101 Firefox/105.0" "ysfine.com"
173.73.80.118 - - [29/Sep/2022:00:52:56 -0700] "GET /home/fotos/gongdae54f.jpg HTTP/1.1" 200 88096 "https://ysfine.com/home/bio.html" "Mozilla/5.0 (Windows NT 10.0; Win64; x64; rv:105.0) Gecko/20100101 Firefox/105.0" "ysfine.com"
173.73.80.118 - - [29/Sep/2022:00:52:56 -0700] "GET /home/fotos/103c.jpg HTTP/1.1" 200 32825 "https://ysfine.com/home/bio.html" "Mozilla/5.0 (Windows NT 10.0; Win64; x64; rv:105.0) Gecko/20100101 Firefox/105.0" "ysfine.com"
173.73.80.118 - - [29/Sep/2022:00:52:56 -0700] "GET /home/fotos/korjap03c.jpg HTTP/1.1" 200 24308 "https://ysfine.com/home/bio.html" "Mozilla/5.0 (Windows NT 10.0; Win64; x64; rv:105.0) Gecko/20100101 Firefox/105.0" "ysfine.com"
173.73.80.118 - - [29/Sep/2022:00:52:56 -0700] "GET /home/fotos/photo06c.jpg HTTP/1.1" 200 40796 "https://ysfine.com/home/bio.html" "Mozilla/5.0 (Windows NT 10.0; Win64; x64; rv:105.0) Gecko/20100101 Firefox/105.0" "ysfine.com"
173.73.80.118 - - [29/Sep/2022:00:52:56 -0700] "GET /yspapers/iop20c.jpg HTTP/1.1" 200 29134 "https://ysfine.com/home/bio.html" "Mozilla/5.0 (Windows NT 10.0; Win64; x64; rv:105.0) Gecko/20100101 Firefox/105.0" "ysfine.com"
173.73.80.118 - - [29/Sep/2022:00:52:56 -0700] "GET /wigner/tollwig11c.jpg HTTP/1.1" 200 30497 "https://ysfine.com/home/bio.html" "Mozilla/5.0 (Windows NT 10.0; Win64; x64; rv:105.0) Gecko/20100101 Firefox/105.0" "ysfine.com"
173.73.80.118 - - [29/Sep/2022:00:52:56 -0700] "GET /home/truck/truck20c.jpg HTTP/1.1" 200 29999 "https://ysfine.com/home/bio.html" "Mozilla/5.0 (Windows NT 10.0; Win64; x64; rv:105.0) Gecko/20100101 Firefox/105.0" "ysfine.com"
173.73.80.118 - - [29/Sep/2022:00:52:56 -0700] "GET /home/fotos/photo05c.jpg HTTP/1.1" 200 39109 "https://ysfine.com/home/bio.html" "Mozilla/5.0 (Windows NT 10.0; Win64; x64; rv:105.0) Gecko/20100101 Firefox/105.0" "ysfine.com"
173.73.80.118 - - [29/Sep/2022:00:52:56 -0700] "GET /home/family66f.jpg HTTP/1.1" 200 102254 "https://ysfine.com/home/bio.html" "Mozilla/5.0 (Windows NT 10.0; Win64; x64; rv:105.0) Gecko/20100101 Firefox/105.0" "ysfine.com"
173.73.80.118 - - [29/Sep/2022:00:52:56 -0700] "GET /home/eink77c.jpg HTTP/1.1" 200 47471 "https://ysfine.com/home/bio.html" "Mozilla/5.0 (Windows NT 10.0; Win64; x64; rv:105.0) Gecko/20100101 Firefox/105.0" "ysfine.com"
173.73.80.118 - - [29/Sep/2022:00:52:56 -0700] "GET /home/fotos/kids20f.jpg HTTP/1.1" 200 103189 "https://ysfine.com/home/bio.html" "Mozilla/5.0 (Windows NT 10.0; Win64; x64; rv:105.0) Gecko/20100101 Firefox/105.0" "ysfine.com"
173.73.80.118 - - [29/Sep/2022:00:52:56 -0700] "GET /home/fotos/105c.jpg HTTP/1.1" 200 41825 "https://ysfine.com/home/bio.html" "Mozilla/5.0 (Windows NT 10.0; Win64; x64; rv:105.0) Gecko/20100101 Firefox/105.0" "ysfine.com"
173.73.80.118 - - [29/Sep/2022:00:52:56 -0700] "GET /home/fotos/house99c.jpg HTTP/1.1" 200 26434 "https://ysfine.com/home/bio.html" "Mozilla/5.0 (Windows NT 10.0; Win64; x64; rv:105.0) Gecko/20100101 Firefox/105.0" "ysfine.com"
157.55.39.55 - - [29/Sep/2022:00:53:18 -0700] "GET /maga/phil/hugo.jpg HTTP/1.1" 200 172203 "-" "Mozilla/5.0 (compatible; bingbot/2.0; +http://www.bing.com/bingbot.htm)" "ysfine.com"
121.160.60.18 - - [29/Sep/2022:00:54:10 -0700] "GET /kowar/tanks/m46c.jpg HTTP/1.1" 200 74862 "https://www.google.co.kr/" "Mozilla/5.0 (Windows NT 10.0; Win64; x64) AppleWebKit/537.36 (KHTML, like Gecko) Chrome/106.0.0.0 Safari/537.36" "ysfine.com"
216.244.66.229 - - [29/Sep/2022:00:54:27 -0700] "GET /home/mac05.jpg HTTP/1.1" 200 141510 "-" "Mozilla/5.0 (compatible; DotBot/1.2; +https://opensiteexplorer.org/dotbot; help@moz.com)" "www.ysfine.com"
66.249.70.30 - - [29/Sep/2022:00:54:29 -0700] "GET /world/germany/chonbr03.jpg HTTP/1.1" 404 88 "-" "Googlebot-Image/1.0" "ysfine.com"
173.73.80.118 - - [29/Sep/2022:00:56:51 -0700] "GET /home/bio.html HTTP/1.1" 200 15242 "https://search.yahoo.com/" "Mozilla/5.0 (Windows NT 10.0; Win64; x64; rv:105.0) Gecko/20100101 Firefox/105.0" "ysfine.com"
207.46.13.102 - - [29/Sep/2022:00:56:57 -0700] "GET /feynman/ppic/feygell66b.jpg HTTP/1.1" 200 39470 "-" "Mozilla/5.0 (compatible; bingbot/2.0; +http://www.bing.com/bingbot.htm)" "www.ysfine.com"
173.73.80.118 - - [29/Sep/2022:00:56:58 -0700] "GET /home/bio11.html HTTP/1.1" 200 12284 "https://ysfine.com/home/bio.html" "Mozilla/5.0 (Windows NT 10.0; Win64; x64; rv:105.0) Gecko/20100101 Firefox/105.0" "ysfine.com"
173.73.80.118 - - [29/Sep/2022:00:56:58 -0700] "GET /kowar/roosevelt01b.jpg HTTP/1.1" 200 30594 "https://ysfine.com/home/bio11.html" "Mozilla/5.0 (Windows NT 10.0; Win64; x64; rv:105.0) Gecko/20100101 Firefox/105.0" "ysfine.com"
173.73.80.118 - - [29/Sep/2022:00:56:58 -0700] "GET /kowar/rusk01b.jpg HTTP/1.1" 200 42888 "https://ysfine.com/home/bio11.html" "Mozilla/5.0 (Windows NT 10.0; Win64; x64; rv:105.0) Gecko/20100101 Firefox/105.0" "ysfine.com"
173.73.80.118 - - [29/Sep/2022:00:56:58 -0700] "GET /kowar/bonesteel01b.jpg HTTP/1.1" 200 33050 "https://ysfine.com/home/bio11.html" "Mozilla/5.0 (Windows NT 10.0; Win64; x64; rv:105.0) Gecko/20100101 Firefox/105.0" "ysfine.com"
173.73.80.118 - - [29/Sep/2022:00:56:58 -0700] "GET /kowar/sampal02b.jpg HTTP/1.1" 200 39972 "https://ysfine.com/home/bio11.html" "Mozilla/5.0 (Windows NT 10.0; Win64; x64; rv:105.0) Gecko/20100101 Firefox/105.0" "ysfine.com"
173.73.80.118 - - [29/Sep/2022:00:56:58 -0700] "GET /kowar/tanks/gmc01b.jpg HTTP/1.1" 200 43939 "https://ysfine.com/home/bio11.html" "Mozilla/5.0 (Windows NT 10.0; Win64; x64; rv:105.0) Gecko/20100101 Firefox/105.0" "ysfine.com"
173.73.80.118 - - [29/Sep/2022:00:56:58 -0700] "GET /kowar/zhukov01b.jpg HTTP/1.1" 200 43906 "https://ysfine.com/home/bio11.html" "Mozilla/5.0 (Windows NT 10.0; Win64; x64; rv:105.0) Gecko/20100101 Firefox/105.0" "ysfine.com"
173.73.80.118 - - [29/Sep/2022:00:56:58 -0700] "GET /kowar/pnoodle01b.jpg HTTP/1.1" 200 44990 "https://ysfine.com/home/bio11.html" "Mozilla/5.0 (Windows NT 10.0; Win64; x64; rv:105.0) Gecko/20100101 Firefox/105.0" "ysfine.com"
173.73.80.118 - - [29/Sep/2022:00:56:58 -0700] "GET /kowar/tanks/tankbt57b.jpg HTTP/1.1" 200 52672 "https://ysfine.com/home/bio11.html" "Mozilla/5.0 (Windows NT 10.0; Win64; x64; rv:105.0) Gecko/20100101 Firefox/105.0" "ysfine.com"
173.73.80.118 - - [29/Sep/2022:00:56:58 -0700] "GET /kowar/tanks/abomb01b.jpg HTTP/1.1" 200 32937 "https://ysfine.com/home/bio11.html" "Mozilla/5.0 (Windows NT 10.0; Win64; x64; rv:105.0) Gecko/20100101 Firefox/105.0" "ysfine.com"
173.73.80.118 - - [29/Sep/2022:00:56:58 -0700] "GET /kowar/potsdam01b.jpg HTTP/1.1" 200 47865 "https://ysfine.com/home/bio11.html" "Mozilla/5.0 (Windows NT 10.0; Win64; x64; rv:105.0) Gecko/20100101 Firefox/105.0" "ysfine.com"
173.73.80.118 - - [29/Sep/2022:00:56:58 -0700] "GET /kowar/kwandong01b.jpg HTTP/1.1" 200 33688 "https://ysfine.com/home/bio11.html" "Mozilla/5.0 (Windows NT 10.0; Win64; x64; rv:105.0) Gecko/20100101 Firefox/105.0" "ysfine.com"
173.73.80.118 - - [29/Sep/2022:00:56:58 -0700] "GET /kowar/tanks/arisakaguns01b.jpg HTTP/1.1" 200 33229 "https://ysfine.com/home/bio11.html" "Mozilla/5.0 (Windows NT 10.0; Win64; x64; rv:105.0) Gecko/20100101 Firefox/105.0" "ysfine.com"
173.73.80.118 - - [29/Sep/2022:00:56:58 -0700] "GET /kowar/tojo01b.jpg HTTP/1.1" 200 55959 "https://ysfine.com/home/bio11.html" "Mozilla/5.0 (Windows NT 10.0; Win64; x64; rv:105.0) Gecko/20100101 Firefox/105.0" "ysfine.com"
173.73.80.118 - - [29/Sep/2022:00:56:58 -0700] "GET /kowar/iwojima01b.jpg HTTP/1.1" 200 51598 "https://ysfine.com/home/bio11.html" "Mozilla/5.0 (Windows NT 10.0; Win64; x64; rv:105.0) Gecko/20100101 Firefox/105.0" "ysfine.com"
173.73.80.118 - - [29/Sep/2022:00:56:58 -0700] "GET /kowar/yaltac03b.jpg HTTP/1.1" 200 33354 "https://ysfine.com/home/bio11.html" "Mozilla/5.0 (Windows NT 10.0; Win64; x64; rv:105.0) Gecko/20100101 Firefox/105.0" "ysfine.com"
173.73.80.118 - - [29/Sep/2022:00:56:58 -0700] "GET /kowar/yaltac01b.jpg HTTP/1.1" 200 52982 "https://ysfine.com/home/bio11.html" "Mozilla/5.0 (Windows NT 10.0; Win64; x64; rv:105.0) Gecko/20100101 Firefox/105.0" "ysfine.com"
173.73.80.118 - - [29/Sep/2022:00:56:58 -0700] "GET /kowar/tanks/malaya01b.jpg HTTP/1.1" 200 50821 "https://ysfine.com/home/bio11.html" "Mozilla/5.0 (Windows NT 10.0; Win64; x64; rv:105.0) Gecko/20100101 Firefox/105.0" "ysfine.com"
173.73.80.118 - - [29/Sep/2022:00:56:58 -0700] "GET /eink/eink54f.jpg HTTP/1.1" 200 98068 "https://ysfine.com/home/bio11.html" "Mozilla/5.0 (Windows NT 10.0; Win64; x64; rv:105.0) Gecko/20100101 Firefox/105.0" "ysfine.com"
173.73.80.118 - - [29/Sep/2022:00:56:58 -0700] "GET /kowar/shintak01b.jpg HTTP/1.1" 200 42707 "https://ysfine.com/home/bio11.html" "Mozilla/5.0 (Windows NT 10.0; Win64; x64; rv:105.0) Gecko/20100101 Firefox/105.0" "ysfine.com"
173.73.80.118 - - [29/Sep/2022:00:56:58 -0700] "GET /kobak/taylor400.jpg HTTP/1.1" 200 56181 "https://ysfine.com/home/bio11.html" "Mozilla/5.0 (Windows NT 10.0; Win64; x64; rv:105.0) Gecko/20100101 Firefox/105.0" "ysfine.com"
173.73.80.118 - - [29/Sep/2022:00:56:58 -0700] "GET /kobak/somap38b.jpg HTTP/1.1" 200 54149 "https://ysfine.com/home/bio11.html" "Mozilla/5.0 (Windows NT 10.0; Win64; x64; rv:105.0) Gecko/20100101 Firefox/105.0" "ysfine.com"
173.73.80.118 - - [29/Sep/2022:00:56:58 -0700] "GET /kowar/landreform01b.jpg HTTP/1.1" 200 63201 "https://ysfine.com/home/bio11.html" "Mozilla/5.0 (Windows NT 10.0; Win64; x64; rv:105.0) Gecko/20100101 Firefox/105.0" "ysfine.com"
173.73.80.118 - - [29/Sep/2022:00:56:58 -0700] "GET /kowar/sampal03b.jpg HTTP/1.1" 200 61883 "https://ysfine.com/home/bio11.html" "Mozilla/5.0 (Windows NT 10.0; Win64; x64; rv:105.0) Gecko/20100101 Firefox/105.0" "ysfine.com"
173.73.80.118 - - [29/Sep/2022:00:56:58 -0700] "GET /kowar/tanks/gmc03b.jpg HTTP/1.1" 200 47909 "https://ysfine.com/home/bio11.html" "Mozilla/5.0 (Windows NT 10.0; Win64; x64; rv:105.0) Gecko/20100101 Firefox/105.0" "ysfine.com"
173.73.80.118 - - [29/Sep/2022:00:56:58 -0700] "GET /kowar/ningen01b.jpg HTTP/1.1" 200 41414 "https://ysfine.com/home/bio11.html" "Mozilla/5.0 (Windows NT 10.0; Win64; x64; rv:105.0) Gecko/20100101 Firefox/105.0" "ysfine.com"
173.73.80.118 - - [29/Sep/2022:00:56:58 -0700] "GET /kowar/tanks/tank05b.jpg HTTP/1.1" 200 48742 "https://ysfine.com/home/bio11.html" "Mozilla/5.0 (Windows NT 10.0; Win64; x64; rv:105.0) Gecko/20100101 Firefox/105.0" "ysfine.com"
173.73.80.118 - - [29/Sep/2022:00:56:58 -0700] "GET /kowar/kwandong02b.jpg HTTP/1.1" 200 55217 "https://ysfine.com/home/bio11.html" "Mozilla/5.0 (Windows NT 10.0; Win64; x64; rv:105.0) Gecko/20100101 Firefox/105.0" "ysfine.com"
173.73.80.118 - - [29/Sep/2022:00:56:58 -0700] "GET /kowar/tehran43b.jpg HTTP/1.1" 200 45127 "https://ysfine.com/home/bio11.html" "Mozilla/5.0 (Windows NT 10.0; Win64; x64; rv:105.0) Gecko/20100101 Firefox/105.0" "ysfine.com"
173.73.80.118 - - [29/Sep/2022:00:56:58 -0700] "GET /kowar/stalin01b.jpg HTTP/1.1" 200 43158 "https://ysfine.com/home/bio11.html" "Mozilla/5.0 (Windows NT 10.0; Win64; x64; rv:105.0) Gecko/20100101 Firefox/105.0" "ysfine.com"
173.73.80.118 - - [29/Sep/2022:00:56:58 -0700] "GET /kobak/church03b.jpg HTTP/1.1" 200 50665 "https://ysfine.com/home/bio11.html" "Mozilla/5.0 (Windows NT 10.0; Win64; x64; rv:105.0) Gecko/20100101 Firefox/105.0" "ysfine.com"
173.73.80.118 - - [29/Sep/2022:00:56:58 -0700] "GET /kowar/yaltac02b.jpg HTTP/1.1" 200 42243 "https://ysfine.com/home/bio11.html" "Mozilla/5.0 (Windows NT 10.0; Win64; x64; rv:105.0) Gecko/20100101 Firefox/105.0" "ysfine.com"
173.73.80.118 - - [29/Sep/2022:00:56:58 -0700] "GET /world/russ/roskei10b.jpg HTTP/1.1" 200 36598 "https://ysfine.com/home/bio11.html" "Mozilla/5.0 (Windows NT 10.0; Win64; x64; rv:105.0) Gecko/20100101 Firefox/105.0" "ysfine.com"
157.55.39.58 - - [29/Sep/2022:00:57:06 -0700] "GET /world/poland/hcross01.jpg HTTP/1.1" 200 95455 "-" "Mozilla/5.0 AppleWebKit/537.36 (KHTML, like Gecko; compatible; bingbot/2.0; +http://www.bing.com/bingbot.htm) Chrome/103.0.5060.134 Safari/537.36" "ysfine.com"
40.77.167.61 - - [29/Sep/2022:00:57:12 -0700] "GET /kobak/underw02.jpg HTTP/1.1" 200 61728 "-" "Mozilla/5.0 (compatible; bingbot/2.0; +http://www.bing.com/bingbot.htm)" "ysfine.com"
173.252.83.17 - - [29/Sep/2022:00:57:58 -0700] "GET /robots.txt HTTP/1.1" 404 88 "-" "facebookexternalhit/1.1 (+http://www.facebook.com/externalhit_uatext.php)" "ysfine.com"
40.77.167.61 - - [29/Sep/2022:00:59:02 -0700] "GET /princeton/class2002.jpg HTTP/1.1" 200 132587 "-" "Mozilla/5.0 AppleWebKit/537.36 (KHTML, like Gecko; compatible; bingbot/2.0; +http://www.bing.com/bingbot.htm) Chrome/103.0.5060.134 Safari/537.36" "ysfine.com"
157.55.39.58 - - [29/Sep/2022:00:59:07 -0700] "GET /world/france/pontdg05b.jpg HTTP/1.1" 200 31046 "-" "Mozilla/5.0 (compatible; bingbot/2.0; +http://www.bing.com/bingbot.htm)" "ysfine.com"
64.189.31.22 - - [29/Sep/2022:00:59:08 -0700] "GET /world/brit/eton11.jpg HTTP/1.1" 200 107084 "https://www.google.com/" "Mozilla/5.0 (Windows NT 10.0; Win64; x64) AppleWebKit/537.36 (KHTML, like Gecko) Chrome/105.0.0.0 Safari/537.36" "ysfine.com"
165.132.5.150 - - [29/Sep/2022:00:59:09 -0700] "GET /wigner/neum/vnc01.jpg HTTP/1.1" 200 133641 "http://tchoi8.github.io/" "Mozilla/5.0 (Macintosh; Intel Mac OS X 10.15; rv:105.0) Gecko/20100101 Firefox/105.0" "ysfine.com"
173.252.83.16 - - [29/Sep/2022:01:00:13 -0700] "GET /awards/eward33a.jpg HTTP/1.1" 200 63370 "-" "facebookexternalhit/1.1 (+http://www.facebook.com/externalhit_uatext.php)" "ysfine.com"
157.55.39.55 - - [29/Sep/2022:01:00:29 -0700] "GET /world/scandi/copen014b.jpg HTTP/1.1" 200 39784 "-" "Mozilla/5.0 (compatible; bingbot/2.0; +http://www.bing.com/bingbot.htm)" "ysfine.com"
157.55.39.127 - - [29/Sep/2022:01:01:29 -0700] "GET /world/ital/termini04.jpg HTTP/1.1" 200 109733 "-" "Mozilla/5.0 (compatible; bingbot/2.0; +http://www.bing.com/bingbot.htm)" "ysfine.com"
40.77.167.61 - - [29/Sep/2022:01:03:22 -0700] "GET /world/china/hongkong03.jpg HTTP/1.1" 200 82081 "-" "Mozilla/5.0 (compatible; bingbot/2.0; +http://www.bing.com/bingbot.htm)" "ysfine.com"
40.77.167.61 - - [29/Sep/2022:01:03:42 -0700] "GET /eink/evol77a.jpg HTTP/1.1" 200 87188 "-" "Mozilla/5.0 (compatible; bingbot/2.0; +http://www.bing.com/bingbot.htm)" "ysfine.com"
157.55.39.127 - - [29/Sep/2022:01:04:48 -0700] "GET /world/baltic/riga16.jpg HTTP/1.1" 200 60014 "-" "Mozilla/5.0 (compatible; bingbot/2.0; +http://www.bing.com/bingbot.htm)" "ysfine.com"
207.46.13.102 - - [29/Sep/2022:01:04:56 -0700] "GET /feynman/feyn70b.jpg HTTP/1.1" 200 17231 "-" "Mozilla/5.0 (compatible; bingbot/2.0; +http://www.bing.com/bingbot.htm)" "ysfine.com"
40.77.167.61 - - [29/Sep/2022:01:05:35 -0700] "GET /wdc/gtown15.jpg HTTP/1.1" 200 83582 "-" "Mozilla/5.0 (compatible; bingbot/2.0; +http://www.bing.com/bingbot.htm)" "www.ysfine.com"
80.94.121.121 - - [29/Sep/2022:01:05:52 -0700] "GET /maga/phys/landau35b.jpg HTTP/1.1" 200 26143 "https://www.google.com/" "Mozilla/5.0 (Windows NT 10.0; Win64; x64) AppleWebKit/537.36 (KHTML, like Gecko) Chrome/105.0.0.0 Safari/537.36" "ysfine.com"
207.46.13.102 - - [29/Sep/2022:01:06:27 -0700] "GET /style/rieu02.jpg HTTP/1.1" 200 167047 "-" "Mozilla/5.0 (compatible; bingbot/2.0; +http://www.bing.com/bingbot.htm)" "www.ysfine.com"
157.55.39.127 - - [29/Sep/2022:01:07:18 -0700] "GET /dongio/amkor/koprof05.jpg HTTP/1.1" 404 88 "-" "Mozilla/5.0 AppleWebKit/537.36 (KHTML, like Gecko; compatible; bingbot/2.0; +http://www.bing.com/bingbot.htm) Chrome/103.0.5060.134 Safari/537.36" "ysfine.com"
157.55.39.128 - - [29/Sep/2022:01:07:23 -0700] "GET /dirac/coupo06.jpg HTTP/1.1" 200 87233 "-" "Mozilla/5.0 (compatible; bingbot/2.0; +http://www.bing.com/bingbot.htm)" "ysfine.com"
103.131.71.30 - - [29/Sep/2022:01:07:43 -0700] "GET /robots.txt HTTP/1.1" 404 88 "-" "Mozilla/5.0 (compatible; coccocbot-image/1.0; +http://help.coccoc.com/searchengine)" "www.ysfine.com"
40.77.167.61 - - [29/Sep/2022:01:07:55 -0700] "GET /princeton/lakecar44.jpg HTTP/1.1" 200 75181 "-" "Mozilla/5.0 (compatible; bingbot/2.0; +http://www.bing.com/bingbot.htm)" "ysfine.com"
121.160.62.113 - - [29/Sep/2022:01:08:13 -0700] "GET /einstein/webar33.jpg HTTP/1.1" 200 74633 "https://www.google.com/" "Mozilla/5.0 (Windows NT 10.0; Win64; x64) AppleWebKit/537.36 (KHTML, like Gecko) Chrome/104.0.5112.102 Safari/537.36" "ysfine.com"
103.131.71.41 - - [29/Sep/2022:01:08:30 -0700] "GET /world/ital/venice01.jpg HTTP/1.1" 200 187595 "-" "Mozilla/5.0 (compatible; coccocbot-image/1.0; +http://help.coccoc.com/searchengine)" "www.ysfine.com"
157.55.39.55 - - [29/Sep/2022:01:09:21 -0700] "GET /einstein/einstein33.jpg HTTP/1.1" 200 35678 "-" "Mozilla/5.0 (compatible; bingbot/2.0; +http://www.bing.com/bingbot.htm)" "www.ysfine.com"
103.131.71.39 - - [29/Sep/2022:01:09:40 -0700] "GET /world/ital/venice01.jpg HTTP/1.1" 200 187595 "-" "Mozilla/5.0 (compatible; coccocbot-image/1.0; +http://help.coccoc.com/searchengine)" "www.ysfine.com"
103.131.71.32 - - [29/Sep/2022:01:10:23 -0700] "GET /world/ital/venice01.jpg HTTP/1.1" 200 187595 "-" "Mozilla/5.0 (compatible; coccocbot-image/1.0; +http://help.coccoc.com/searchengine)" "www.ysfine.com"
103.131.71.44 - - [29/Sep/2022:01:11:17 -0700] "GET /world/ital/venice01.jpg HTTP/1.1" 200 187595 "-" "Mozilla/5.0 (compatible; coccocbot-image/1.0; +http://help.coccoc.com/searchengine)" "www.ysfine.com"
157.55.39.58 - - [29/Sep/2022:01:11:19 -0700] "GET /style/chulmo2.jpg HTTP/1.1" 200 49387 "-" "Mozilla/5.0 (compatible; bingbot/2.0; +http://www.bing.com/bingbot.htm)" "ysfine.com"
20.44.74.116 - - [29/Sep/2022:01:11:58 -0700] "GET /feynman/ppic/quapa01.jpg HTTP/1.1" 200 24320 "https://ysfine.com/feynman/partons.html" "Mozilla/5.0 (Windows NT 6.1; WOW64) AppleWebKit/537.31 (KHTML, like Gecko) Chrome/26.0.1410.64 Safari/537.31" "ysfine.com"
157.55.39.58 - - [29/Sep/2022:01:12:18 -0700] "GET /sbk/2008waw11.jpg HTTP/1.1" 200 211182 "-" "Mozilla/5.0 (compatible; bingbot/2.0; +http://www.bing.com/bingbot.htm)" "ysfine.com"
136.152.143.151 - - [29/Sep/2022:01:12:18 -0700] "GET /princeton/alexan22.jpg HTTP/1.1" 200 175436 "https://www.google.com/" "Mozilla/5.0 (Windows NT 10.0; Win64; x64) AppleWebKit/537.36 (KHTML, like Gecko) Chrome/105.0.0.0 Safari/537.36" "ysfine.com"
20.44.74.173 - - [29/Sep/2022:01:12:19 -0700] "GET /feynman/ppic/quapa01.jpg HTTP/1.1" 200 24320 "http://www.bing.com/images/search?q=partons" "Mozilla/5.0 (Windows NT 6.1; WOW64) AppleWebKit/537.31 (KHTML, like Gecko) Chrome/26.0.1410.64 Safari/537.31" "ysfine.com"
157.55.39.128 - - [29/Sep/2022:01:12:32 -0700] "GET /dongio/amkor/prgr06b.jpg HTTP/1.1" 404 88 "-" "Mozilla/5.0 (compatible; bingbot/2.0; +http://www.bing.com/bingbot.htm)" "ysfine.com"
20.44.74.116 - - [29/Sep/2022:01:13:50 -0700] "GET /feynman/ppic/parton33.jpg HTTP/1.1" 200 116692 "https://ysfine.com/feynman/partons.html" "Mozilla/5.0 (Windows NT 6.1; WOW64) AppleWebKit/537.31 (KHTML, like Gecko) Chrome/26.0.1410.64 Safari/537.31" "ysfine.com"
103.131.71.48 - - [29/Sep/2022:01:14:09 -0700] "GET /robots.txt HTTP/1.1" 404 88 "-" "Mozilla/5.0 (compatible; coccocbot-image/1.0; +http://help.coccoc.com/searchengine)" "ysfine.com"
20.44.74.173 - - [29/Sep/2022:01:14:11 -0700] "GET /feynman/ppic/parton33.jpg HTTP/1.1" 200 116692 "http://www.bing.com/images/search?q=partons" "Mozilla/5.0 (Windows NT 6.1; WOW64) AppleWebKit/537.31 (KHTML, like Gecko) Chrome/26.0.1410.64 Safari/537.31" "ysfine.com"
176.237.125.38 - - [29/Sep/2022:01:14:11 -0700] "GET /einstein/heisenberg.html HTTP/1.1" 200 10552 "https://www.google.com/" "Mozilla/5.0 (Linux; Android 7.0; SM-G920F) AppleWebKit/537.36 (KHTML, like Gecko) Chrome/96.0.4664.92 Mobile Safari/537.36" "ysfine.com"
176.237.125.38 - - [29/Sep/2022:01:14:12 -0700] "GET /heisen/heisen66c.jpg HTTP/1.1" 200 43543 "https://ysfine.com/einstein/heisenberg.html" "Mozilla/5.0 (Linux; Android 7.0; SM-G920F) AppleWebKit/537.36 (KHTML, like Gecko) Chrome/96.0.4664.92 Mobile Safari/537.36" "ysfine.com"
176.237.125.38 - - [29/Sep/2022:01:14:12 -0700] "GET /wigner/wigheis11c.jpg HTTP/1.1" 200 41279 "https://ysfine.com/einstein/heisenberg.html" "Mozilla/5.0 (Linux; Android 7.0; SM-G920F) AppleWebKit/537.36 (KHTML, like Gecko) Chrome/96.0.4664.92 Mobile Safari/537.36" "ysfine.com"
176.237.125.38 - - [29/Sep/2022:01:14:12 -0700] "GET /heisen/bohrheisen11c.jpg HTTP/1.1" 200 41289 "https://ysfine.com/einstein/heisenberg.html" "Mozilla/5.0 (Linux; Android 7.0; SM-G920F) AppleWebKit/537.36 (KHTML, like Gecko) Chrome/96.0.4664.92 Mobile Safari/537.36" "ysfine.com"
176.237.125.38 - - [29/Sep/2022:01:14:13 -0700] "GET /heisen/schroheisen33c.jpg HTTP/1.1" 200 47347 "https://ysfine.com/einstein/heisenberg.html" "Mozilla/5.0 (Linux; Android 7.0; SM-G920F) AppleWebKit/537.36 (KHTML, like Gecko) Chrome/96.0.4664.92 Mobile Safari/537.36" "ysfine.com"
176.237.125.38 - - [29/Sep/2022:01:14:13 -0700] "GET /einstein/einhouse11c.jpg HTTP/1.1" 200 32610 "https://ysfine.com/einstein/heisenberg.html" "Mozilla/5.0 (Linux; Android 7.0; SM-G920F) AppleWebKit/537.36 (KHTML, like Gecko) Chrome/96.0.4664.92 Mobile Safari/537.36" "ysfine.com"
176.237.125.38 - - [29/Sep/2022:01:14:13 -0700] "GET /einstein/fantova/fanto11c.jpg HTTP/1.1" 200 48308 "https://ysfine.com/einstein/heisenberg.html" "Mozilla/5.0 (Linux; Android 7.0; SM-G920F) AppleWebKit/537.36 (KHTML, like Gecko) Chrome/96.0.4664.92 Mobile Safari/537.36" "ysfine.com"
176.237.125.38 - - [29/Sep/2022:01:14:14 -0700] "GET /heisen/heisen22c.jpg HTTP/1.1" 200 33300 "https://ysfine.com/einstein/heisenberg.html" "Mozilla/5.0 (Linux; Android 7.0; SM-G920F) AppleWebKit/537.36 (KHTML, like Gecko) Chrome/96.0.4664.92 Mobile Safari/537.36" "ysfine.com"
176.237.125.38 - - [29/Sep/2022:01:14:14 -0700] "GET /einstein/tsepa11c.jpg HTTP/1.1" 200 28691 "https://ysfine.com/einstein/heisenberg.html" "Mozilla/5.0 (Linux; Android 7.0; SM-G920F) AppleWebKit/537.36 (KHTML, like Gecko) Chrome/96.0.4664.92 Mobile Safari/537.36" "ysfine.com"
176.237.125.38 - - [29/Sep/2022:01:14:15 -0700] "GET /einstein/einbohr33c.jpg HTTP/1.1" 200 36410 "https://ysfine.com/einstein/heisenberg.html" "Mozilla/5.0 (Linux; Android 7.0; SM-G920F) AppleWebKit/537.36 (KHTML, like Gecko) Chrome/96.0.4664.92 Mobile Safari/537.36" "ysfine.com"
176.237.125.38 - - [29/Sep/2022:01:14:15 -0700] "GET /wigner/wighome11c.jpg HTTP/1.1" 200 45648 "https://ysfine.com/einstein/heisenberg.html" "Mozilla/5.0 (Linux; Android 7.0; SM-G920F) AppleWebKit/537.36 (KHTML, like Gecko) Chrome/96.0.4664.92 Mobile Safari/537.36" "ysfine.com"
176.237.125.38 - - [29/Sep/2022:01:14:15 -0700] "GET /einstein/texfiles/einheis01.jpg HTTP/1.1" 200 32456 "https://ysfine.com/einstein/heisenberg.html" "Mozilla/5.0 (Linux; Android 7.0; SM-G920F) AppleWebKit/537.36 (KHTML, like Gecko) Chrome/96.0.4664.92 Mobile Safari/537.36" "ysfine.com"
176.237.125.38 - - [29/Sep/2022:01:14:15 -0700] "GET /einstein/texfiles/einheis02.jpg HTTP/1.1" 200 27605 "https://ysfine.com/einstein/heisenberg.html" "Mozilla/5.0 (Linux; Android 7.0; SM-G920F) AppleWebKit/537.36 (KHTML, like Gecko) Chrome/96.0.4664.92 Mobile Safari/537.36" "ysfine.com"
176.237.125.38 - - [29/Sep/2022:01:14:15 -0700] "GET /einstein/texfiles/einheis03.jpg HTTP/1.1" 200 46000 "https://ysfine.com/einstein/heisenberg.html" "Mozilla/5.0 (Linux; Android 7.0; SM-G920F) AppleWebKit/537.36 (KHTML, like Gecko) Chrome/96.0.4664.92 Mobile Safari/537.36" "ysfine.com"
176.237.125.38 - - [29/Sep/2022:01:14:15 -0700] "GET /einstein/texfiles/einheis05.jpg HTTP/1.1" 200 31679 "https://ysfine.com/einstein/heisenberg.html" "Mozilla/5.0 (Linux; Android 7.0; SM-G920F) AppleWebKit/537.36 (KHTML, like Gecko) Chrome/96.0.4664.92 Mobile Safari/537.36" "ysfine.com"
176.237.125.38 - - [29/Sep/2022:01:14:15 -0700] "GET /maga/phys/yukadirac53c.jpg HTTP/1.1" 200 40447 "https://ysfine.com/einstein/heisenberg.html" "Mozilla/5.0 (Linux; Android 7.0; SM-G920F) AppleWebKit/537.36 (KHTML, like Gecko) Chrome/96.0.4664.92 Mobile Safari/537.36" "ysfine.com"
176.237.125.38 - - [29/Sep/2022:01:14:16 -0700] "GET /feynman/ppic/parton88a.jpg HTTP/1.1" 200 55506 "https://ysfine.com/einstein/heisenberg.html" "Mozilla/5.0 (Linux; Android 7.0; SM-G920F) AppleWebKit/537.36 (KHTML, like Gecko) Chrome/96.0.4664.92 Mobile Safari/537.36" "ysfine.com"
176.237.125.38 - - [29/Sep/2022:01:14:16 -0700] "GET /wigner/wigkim11c.jpg HTTP/1.1" 200 30443 "https://ysfine.com/einstein/heisenberg.html" "Mozilla/5.0 (Linux; Android 7.0; SM-G920F) AppleWebKit/537.36 (KHTML, like Gecko) Chrome/96.0.4664.92 Mobile Safari/537.36" "ysfine.com"
176.237.125.38 - - [29/Sep/2022:01:14:16 -0700] "GET /dirac/dirheisen31c.jpg HTTP/1.1" 200 43569 "https://ysfine.com/einstein/heisenberg.html" "Mozilla/5.0 (Linux; Android 7.0; SM-G920F) AppleWebKit/537.36 (KHTML, like Gecko) Chrome/96.0.4664.92 Mobile Safari/537.36" "ysfine.com"
176.237.125.38 - - [29/Sep/2022:01:14:16 -0700] "GET /einstein/math/sp2c.jpg HTTP/1.1" 200 29719 "https://ysfine.com/einstein/heisenberg.html" "Mozilla/5.0 (Linux; Android 7.0; SM-G920F) AppleWebKit/537.36 (KHTML, like Gecko) Chrome/96.0.4664.92 Mobile Safari/537.36" "ysfine.com"
176.237.125.38 - - [29/Sep/2022:01:14:16 -0700] "GET /dirac/2osc22c.jpg HTTP/1.1" 200 28929 "https://ysfine.com/einstein/heisenberg.html" "Mozilla/5.0 (Linux; Android 7.0; SM-G920F) AppleWebKit/537.36 (KHTML, like Gecko) Chrome/96.0.4664.92 Mobile Safari/537.36" "ysfine.com"
176.237.125.38 - - [29/Sep/2022:01:14:17 -0700] "GET /dirac/o32c.jpg HTTP/1.1" 200 30707 "https://ysfine.com/einstein/heisenberg.html" "Mozilla/5.0 (Linux; Android 7.0; SM-G920F) AppleWebKit/537.36 (KHTML, like Gecko) Chrome/96.0.4664.92 Mobile Safari/537.36" "ysfine.com"
176.237.125.38 - - [29/Sep/2022:01:14:17 -0700] "GET /dirac/o32inho22c.jpg HTTP/1.1" 200 33038 "https://ysfine.com/einstein/heisenberg.html" "Mozilla/5.0 (Linux; Android 7.0; SM-G920F) AppleWebKit/537.36 (KHTML, like Gecko) Chrome/96.0.4664.92 Mobile Safari/537.36" "ysfine.com"
176.237.125.38 - - [29/Sep/2022:01:14:17 -0700] "GET /eink/pwk19c.jpg HTTP/1.1" 200 57759 "https://ysfine.com/einstein/heisenberg.html" "Mozilla/5.0 (Linux; Android 7.0; SM-G920F) AppleWebKit/537.36 (KHTML, like Gecko) Chrome/96.0.4664.92 Mobile Safari/537.36" "ysfine.com"
103.131.71.48 - - [29/Sep/2022:01:14:17 -0700] "GET /beau/amkor/kostu16b.jpg HTTP/1.1" 404 88 "-" "Mozilla/5.0 (compatible; coccocbot-image/1.0; +http://help.coccoc.com/searchengine)" "ysfine.com"
176.237.125.38 - - [29/Sep/2022:01:14:17 -0700] "GET /home/figs/sq55c.jpg HTTP/1.1" 200 29581 "https://ysfine.com/einstein/heisenberg.html" "Mozilla/5.0 (Linux; Android 7.0; SM-G920F) AppleWebKit/537.36 (KHTML, like Gecko) Chrome/96.0.4664.92 Mobile Safari/537.36" "ysfine.com"
176.237.125.38 - - [29/Sep/2022:01:14:18 -0700] "GET /favicon.ico HTTP/1.1" 404 88 "https://ysfine.com/einstein/heisenberg.html" "Mozilla/5.0 (Linux; Android 7.0; SM-G920F) AppleWebKit/537.36 (KHTML, like Gecko) Chrome/96.0.4664.92 Mobile Safari/537.36" "ysfine.com"
157.55.39.127 - - [29/Sep/2022:01:16:10 -0700] "GET /awards/acs20a.jpg HTTP/1.1" 200 103389 "-" "Mozilla/5.0 (compatible; bingbot/2.0; +http://www.bing.com/bingbot.htm)" "ysfine.com"
40.77.167.61 - - [29/Sep/2022:01:16:35 -0700] "GET /world/germany/tubw15.jpg HTTP/1.1" 200 84799 "-" "Mozilla/5.0 (compatible; bingbot/2.0; +http://www.bing.com/bingbot.htm)" "www.ysfine.com"
157.55.39.58 - - [29/Sep/2022:01:17:38 -0700] "GET /world/ital/panth09.jpg HTTP/1.1" 200 80033 "-" "Mozilla/5.0 AppleWebKit/537.36 (KHTML, like Gecko; compatible; bingbot/2.0; +http://www.bing.com/bingbot.htm) Chrome/103.0.5060.134 Safari/537.36" "ysfine.com"
157.55.39.58 - - [29/Sep/2022:01:17:39 -0700] "GET /wdc/waskor010b.jpg HTTP/1.1" 200 35339 "-" "Mozilla/5.0 (compatible; bingbot/2.0; +http://www.bing.com/bingbot.htm)" "ysfine.com"
157.55.39.127 - - [29/Sep/2022:01:18:41 -0700] "GET /feynman/jacdrum11b.jpg HTTP/1.1" 200 49846 "-" "Mozilla/5.0 (compatible; bingbot/2.0; +http://www.bing.com/bingbot.htm)" "ysfine.com"
207.46.13.102 - - [29/Sep/2022:01:20:27 -0700] "GET /wdc/gtown19b.jpg HTTP/1.1" 200 42238 "-" "Mozilla/5.0 (compatible; bingbot/2.0; +http://www.bing.com/bingbot.htm)" "ysfine.com"
43.143.28.57 - - [29/Sep/2022:01:21:23 -0700] "GET / HTTP/1.1" 200 5283 "http://ysfine.com" "Mozilla/5.0 (Linux; Android 6.0; Nexus 5 Build/MRA58N) AppleWebKit/537.36 (KHTML, like Gecko) Chrome/81.0.4044.138 Mobile Safari/537.36" "ysfine.com"
211.249.46.164 - - [29/Sep/2022:01:22:37 -0700] "GET /home/fotos/103c.jpg HTTP/1.1" 200 32825 "-" "Mozilla/5.0 (compatible; Yeti/1.1; +https://naver.me/spd)" "ysfine.com"
157.55.39.58 - - [29/Sep/2022:01:22:59 -0700] "GET /world/ital/capri03.jpg HTTP/1.1" 200 64534 "-" "Mozilla/5.0 (compatible; bingbot/2.0; +http://www.bing.com/bingbot.htm)" "ysfine.com"
157.55.39.127 - - [29/Sep/2022:01:23:11 -0700] "GET /kobak/underw22b.jpg HTTP/1.1" 200 68866 "-" "Mozilla/5.0 (compatible; bingbot/2.0; +http://www.bing.com/bingbot.htm)" "www.ysfine.com"
157.55.39.128 - - [29/Sep/2022:01:24:53 -0700] "GET /home/fotos/104c.jpg HTTP/1.1" 200 35089 "-" "Mozilla/5.0 (compatible; bingbot/2.0; +http://www.bing.com/bingbot.htm)" "ysfine.com"
40.77.167.61 - - [29/Sep/2022:01:25:06 -0700] "GET /style/kievopera33.jpg HTTP/1.1" 200 73484 "-" "Mozilla/5.0 (compatible; bingbot/2.0; +http://www.bing.com/bingbot.htm)" "www.ysfine.com"
157.55.39.128 - - [29/Sep/2022:01:25:14 -0700] "GET /world/china/shanghai082.jpg HTTP/1.1" 200 111789 "-" "Mozilla/5.0 (compatible; bingbot/2.0; +http://www.bing.com/bingbot.htm)" "www.ysfine.com"
93.158.161.59 - - [29/Sep/2022:01:25:45 -0700] "GET /robots.txt HTTP/1.1" 404 73 "-" "Mozilla/5.0 (compatible; YandexBot/3.0; +http://yandex.com/bots)" "ysfine.com"
77.88.5.233 - - [29/Sep/2022:01:25:49 -0700] "GET /world/russ/kazan032.jpg HTTP/1.1" 200 99156 "-" "Mozilla/5.0 (compatible; YandexImages/3.0; +http://yandex.com/bots)" "ysfine.com"
157.55.39.58 - - [29/Sep/2022:01:26:10 -0700] "GET /world/france/nicef09.jpg HTTP/1.1" 200 132399 "-" "Mozilla/5.0 (compatible; bingbot/2.0; +http://www.bing.com/bingbot.htm)" "ysfine.com"
207.46.13.102 - - [29/Sep/2022:01:26:48 -0700] "GET /world/ital/milanf01b.jpg HTTP/1.1" 200 51884 "-" "Mozilla/5.0 (compatible; bingbot/2.0; +http://www.bing.com/bingbot.htm)" "ysfine.com"
157.55.39.127 - - [29/Sep/2022:01:26:51 -0700] "GET /sbk/2012lon55.jpg HTTP/1.1" 200 121797 "-" "Mozilla/5.0 AppleWebKit/537.36 (KHTML, like Gecko; compatible; bingbot/2.0; +http://www.bing.com/bingbot.htm) Chrome/103.0.5060.134 Safari/537.36" "www.ysfine.com"
157.55.39.58 - - [29/Sep/2022:01:27:30 -0700] "GET /world/russ/moschurch32.jpg HTTP/1.1" 200 92406 "-" "Mozilla/5.0 (compatible; bingbot/2.0; +http://www.bing.com/bingbot.htm)" "ysfine.com"
157.41.248.209 - - [29/Sep/2022:01:28:03 -0700] "GET /einstein/heisenberg.html HTTP/1.1" 200 10552 "https://www.google.com/" "Mozilla/5.0 (Linux; Android 11; RMX3171) AppleWebKit/537.36 (KHTML, like Gecko) Chrome/96.0.4664.45 Mobile Safari/537.36" "ysfine.com"
157.41.248.209 - - [29/Sep/2022:01:28:04 -0700] "GET /heisen/heisen66c.jpg HTTP/1.1" 200 43543 "https://ysfine.com/einstein/heisenberg.html" "Mozilla/5.0 (Linux; Android 11; RMX3171) AppleWebKit/537.36 (KHTML, like Gecko) Chrome/96.0.4664.45 Mobile Safari/537.36" "ysfine.com"
157.41.248.209 - - [29/Sep/2022:01:28:04 -0700] "GET /wigner/wigheis11c.jpg HTTP/1.1" 200 41279 "https://ysfine.com/einstein/heisenberg.html" "Mozilla/5.0 (Linux; Android 11; RMX3171) AppleWebKit/537.36 (KHTML, like Gecko) Chrome/96.0.4664.45 Mobile Safari/537.36" "ysfine.com"
157.41.248.209 - - [29/Sep/2022:01:28:04 -0700] "GET /heisen/bohrheisen11c.jpg HTTP/1.1" 200 41289 "https://ysfine.com/einstein/heisenberg.html" "Mozilla/5.0 (Linux; Android 11; RMX3171) AppleWebKit/537.36 (KHTML, like Gecko) Chrome/96.0.4664.45 Mobile Safari/537.36" "ysfine.com"
157.41.248.209 - - [29/Sep/2022:01:28:07 -0700] "GET /favicon.ico HTTP/1.1" 404 88 "https://ysfine.com/einstein/heisenberg.html" "Mozilla/5.0 (Linux; Android 11; RMX3171) AppleWebKit/537.36 (KHTML, like Gecko) Chrome/96.0.4664.45 Mobile Safari/537.36" "ysfine.com"
157.55.39.127 - - [29/Sep/2022:01:28:42 -0700] "GET /world/ital/stcroce18.jpg HTTP/1.1" 200 111891 "-" "Mozilla/5.0 (compatible; bingbot/2.0; +http://www.bing.com/bingbot.htm)" "ysfine.com"
157.41.248.209 - - [29/Sep/2022:01:29:07 -0700] "GET /heisen/schroheisen33c.jpg HTTP/1.1" 200 47347 "https://ysfine.com/einstein/heisenberg.html" "Mozilla/5.0 (Linux; Android 11; RMX3171) AppleWebKit/537.36 (KHTML, like Gecko) Chrome/96.0.4664.45 Mobile Safari/537.36" "ysfine.com"
157.55.39.128 - - [29/Sep/2022:01:29:44 -0700] "GET /world/france/stras11.jpg HTTP/1.1" 200 107903 "-" "Mozilla/5.0 (compatible; bingbot/2.0; +http://www.bing.com/bingbot.htm)" "www.ysfine.com"
114.119.128.158 - - [29/Sep/2022:01:30:30 -0700] "GET /dashen.html HTTP/1.1" 404 88 "-" "Mozilla/5.0 (Linux; Android 7.0;) AppleWebKit/537.36 (KHTML, like Gecko) Mobile Safari/537.36 (compatible; PetalBot;+https://webmaster.petalsearch.com/site/petalbot)" "ysfine.com"
40.77.167.61 - - [29/Sep/2022:01:32:16 -0700] "GET /usca/pitt/margmor.jpg HTTP/1.1" 200 99402 "-" "Mozilla/5.0 (compatible; bingbot/2.0; +http://www.bing.com/bingbot.htm)" "www.ysfine.com"
42.236.10.73 - - [29/Sep/2022:01:32:57 -0700] "GET / HTTP/1.1" 200 5283 "https://www.ysfine.com/" "Mozilla/5.0 (Windows NT 6.1; WOW64) AppleWebKit/537.36 (KHTML, like Gecko) Chrome/50.0.2661.102 Safari/537.36; 360Spider" "www.ysfine.com"
51.104.180.53 - - [29/Sep/2022:01:33:21 -0700] "GET /maga/phys/huy36.jpg HTTP/1.1" 200 65279 "-" "DuckDuckBot/1.1; (+http://duckduckgo.com/duckduckbot.html)" "www.ysfine.com"
157.55.39.128 - - [29/Sep/2022:01:34:04 -0700] "GET /world/china/chongking22.jpg HTTP/1.1" 200 100366 "-" "Mozilla/5.0 (compatible; bingbot/2.0; +http://www.bing.com/bingbot.htm)" "ysfine.com"
77.75.79.31 - - [29/Sep/2022:01:34:24 -0700] "GET /einstein/einkim.html HTTP/1.1" 200 3731 "-" "Mozilla/5.0 (compatible; SeznamBot/4.0-RC1; +http://napoveda.seznam.cz/seznambot-intro/)" "ysfine.com"
157.55.39.55 - - [29/Sep/2022:01:35:23 -0700] "GET /world/poland/polstu09c.jpg HTTP/1.1" 200 42128 "-" "Mozilla/5.0 (compatible; bingbot/2.0; +http://www.bing.com/bingbot.htm)" "www.ysfine.com"
