173.73.80.118 - - [28/Sep/2022:21:54:26 -0700] "GET /princeton/forrestalmap2.jpg HTTP/1.1" 200 54761 "https://www.ysfine.com/princeton/campus.html" "Mozilla/5.0 (Linux; Android 5.1.1; KFSUWI) AppleWebKit/537.36 (KHTML, like Gecko) Silk/104.2.16 like Chrome/104.0.5112.114 Safari/537.36" "www.ysfine.com"
173.73.80.118 - - [28/Sep/2022:21:54:26 -0700] "GET /princeton/nassin08b.jpg HTTP/1.1" 200 55747 "https://www.ysfine.com/princeton/campus.html" "Mozilla/5.0 (Linux; Android 5.1.1; KFSUWI) AppleWebKit/537.36 (KHTML, like Gecko) Silk/104.2.16 like Chrome/104.0.5112.114 Safari/537.36" "www.ysfine.com"
173.73.80.118 - - [28/Sep/2022:21:54:26 -0700] "GET /princeton/cleve11b.jpg HTTP/1.1" 200 42431 "https://www.ysfine.com/princeton/campus.html" "Mozilla/5.0 (Linux; Android 5.1.1; KFSUWI) AppleWebKit/537.36 (KHTML, like Gecko) Silk/104.2.16 like Chrome/104.0.5112.114 Safari/537.36" "www.ysfine.com"
173.73.80.118 - - [28/Sep/2022:21:54:26 -0700] "GET /princeton/rheepr01b.jpg HTTP/1.1" 200 35236 "https://www.ysfine.com/princeton/campus.html" "Mozilla/5.0 (Linux; Android 5.1.1; KFSUWI) AppleWebKit/537.36 (KHTML, like Gecko) Silk/104.2.16 like Chrome/104.0.5112.114 Safari/537.36" "www.ysfine.com"
173.73.80.118 - - [28/Sep/2022:21:54:26 -0700] "GET /princeton/brooke66b.jpg HTTP/1.1" 200 44674 "https://www.ysfine.com/princeton/campus.html" "Mozilla/5.0 (Linux; Android 5.1.1; KFSUWI) AppleWebKit/537.36 (KHTML, like Gecko) Silk/104.2.16 like Chrome/104.0.5112.114 Safari/537.36" "www.ysfine.com"
173.73.80.118 - - [28/Sep/2022:21:54:26 -0700] "GET /princeton/pgarden11b.jpg HTTP/1.1" 200 46683 "https://www.ysfine.com/princeton/campus.html" "Mozilla/5.0 (Linux; Android 5.1.1; KFSUWI) AppleWebKit/537.36 (KHTML, like Gecko) Silk/104.2.16 like Chrome/104.0.5112.114 Safari/537.36" "www.ysfine.com"
173.73.80.118 - - [28/Sep/2022:21:54:26 -0700] "GET /princeton/eng01b.jpg HTTP/1.1" 200 35847 "https://www.ysfine.com/princeton/campus.html" "Mozilla/5.0 (Linux; Android 5.1.1; KFSUWI) AppleWebKit/537.36 (KHTML, like Gecko) Silk/104.2.16 like Chrome/104.0.5112.114 Safari/537.36" "www.ysfine.com"
173.73.80.118 - - [28/Sep/2022:21:54:26 -0700] "GET /princeton/nassinf32b.jpg HTTP/1.1" 200 40214 "https://www.ysfine.com/princeton/campus.html" "Mozilla/5.0 (Linux; Android 5.1.1; KFSUWI) AppleWebKit/537.36 (KHTML, like Gecko) Silk/104.2.16 like Chrome/104.0.5112.114 Safari/537.36" "www.ysfine.com"
173.73.80.118 - - [28/Sep/2022:21:54:26 -0700] "GET /princeton/hamilton11b.jpg HTTP/1.1" 200 55404 "https://www.ysfine.com/princeton/campus.html" "Mozilla/5.0 (Linux; Android 5.1.1; KFSUWI) AppleWebKit/537.36 (KHTML, like Gecko) Silk/104.2.16 like Chrome/104.0.5112.114 Safari/537.36" "www.ysfine.com"
173.73.80.118 - - [28/Sep/2022:21:54:26 -0700] "GET /princeton/wilson01b.jpg HTTP/1.1" 200 39141 "https://www.ysfine.com/princeton/campus.html" "Mozilla/5.0 (Linux; Android 5.1.1; KFSUWI) AppleWebKit/537.36 (KHTML, like Gecko) Silk/104.2.16 like Chrome/104.0.5112.114 Safari/537.36" "www.ysfine.com"
173.73.80.118 - - [28/Sep/2022:21:54:26 -0700] "GET /princeton/blair11b.jpg HTTP/1.1" 200 46260 "https://www.ysfine.com/princeton/campus.html" "Mozilla/5.0 (Linux; Android 5.1.1; KFSUWI) AppleWebKit/537.36 (KHTML, like Gecko) Silk/104.2.16 like Chrome/104.0.5112.114 Safari/537.36" "www.ysfine.com"
173.73.80.118 - - [28/Sep/2022:21:54:26 -0700] "GET /princeton/econ11b.jpg HTTP/1.1" 200 37872 "https://www.ysfine.com/princeton/campus.html" "Mozilla/5.0 (Linux; Android 5.1.1; KFSUWI) AppleWebKit/537.36 (KHTML, like Gecko) Silk/104.2.16 like Chrome/104.0.5112.114 Safari/537.36" "www.ysfine.com"
173.73.80.118 - - [28/Sep/2022:21:54:26 -0700] "GET /princeton/annex11b.jpg HTTP/1.1" 200 39639 "https://www.ysfine.com/princeton/campus.html" "Mozilla/5.0 (Linux; Android 5.1.1; KFSUWI) AppleWebKit/537.36 (KHTML, like Gecko) Silk/104.2.16 like Chrome/104.0.5112.114 Safari/537.36" "www.ysfine.com"
173.73.80.118 - - [28/Sep/2022:21:54:26 -0700] "GET /princeton/palmersq11b.jpg HTTP/1.1" 200 36231 "https://www.ysfine.com/princeton/campus.html" "Mozilla/5.0 (Linux; Android 5.1.1; KFSUWI) AppleWebKit/537.36 (KHTML, like Gecko) Silk/104.2.16 like Chrome/104.0.5112.114 Safari/537.36" "www.ysfine.com"
173.73.80.118 - - [28/Sep/2022:21:54:26 -0700] "GET /world/russ/kazan035b.jpg HTTP/1.1" 200 41723 "https://www.ysfine.com/princeton/campus.html" "Mozilla/5.0 (Linux; Android 5.1.1; KFSUWI) AppleWebKit/537.36 (KHTML, like Gecko) Silk/104.2.16 like Chrome/104.0.5112.114 Safari/537.36" "www.ysfine.com"
173.73.80.118 - - [28/Sep/2022:21:54:26 -0700] "GET /princeton/nassinf35b.jpg HTTP/1.1" 200 45853 "https://www.ysfine.com/princeton/campus.html" "Mozilla/5.0 (Linux; Android 5.1.1; KFSUWI) AppleWebKit/537.36 (KHTML, like Gecko) Silk/104.2.16 like Chrome/104.0.5112.114 Safari/537.36" "www.ysfine.com"
173.73.80.118 - - [28/Sep/2022:21:54:26 -0700] "GET /princeton/ustore33b.jpg HTTP/1.1" 200 54240 "https://www.ysfine.com/princeton/campus.html" "Mozilla/5.0 (Linux; Android 5.1.1; KFSUWI) AppleWebKit/537.36 (KHTML, like Gecko) Silk/104.2.16 like Chrome/104.0.5112.114 Safari/537.36" "www.ysfine.com"
173.73.80.118 - - [28/Sep/2022:21:54:26 -0700] "GET /princeton/hyatt66b.jpg HTTP/1.1" 200 45208 "https://www.ysfine.com/princeton/campus.html" "Mozilla/5.0 (Linux; Android 5.1.1; KFSUWI) AppleWebKit/537.36 (KHTML, like Gecko) Silk/104.2.16 like Chrome/104.0.5112.114 Safari/537.36" "www.ysfine.com"
173.73.80.118 - - [28/Sep/2022:21:54:26 -0700] "GET /princeton/sabat11b.jpg HTTP/1.1" 200 56760 "https://www.ysfine.com/princeton/campus.html" "Mozilla/5.0 (Linux; Android 5.1.1; KFSUWI) AppleWebKit/537.36 (KHTML, like Gecko) Silk/104.2.16 like Chrome/104.0.5112.114 Safari/537.36" "www.ysfine.com"
173.73.80.118 - - [28/Sep/2022:21:54:26 -0700] "GET /einstein/einhouse11b.jpg HTTP/1.1" 200 42717 "https://www.ysfine.com/princeton/campus.html" "Mozilla/5.0 (Linux; Android 5.1.1; KFSUWI) AppleWebKit/537.36 (KHTML, like Gecko) Silk/104.2.16 like Chrome/104.0.5112.114 Safari/537.36" "www.ysfine.com"
173.73.80.118 - - [28/Sep/2022:21:54:26 -0700] "GET /princeton/pseminary11b.jpg HTTP/1.1" 200 53421 "https://www.ysfine.com/princeton/campus.html" "Mozilla/5.0 (Linux; Android 5.1.1; KFSUWI) AppleWebKit/537.36 (KHTML, like Gecko) Silk/104.2.16 like Chrome/104.0.5112.114 Safari/537.36" "www.ysfine.com"
173.73.80.118 - - [28/Sep/2022:21:54:26 -0700] "GET /princeton/wilson02b.jpg HTTP/1.1" 200 38092 "https://www.ysfine.com/princeton/campus.html" "Mozilla/5.0 (Linux; Android 5.1.1; KFSUWI) AppleWebKit/537.36 (KHTML, like Gecko) Silk/104.2.16 like Chrome/104.0.5112.114 Safari/537.36" "www.ysfine.com"
173.73.80.118 - - [28/Sep/2022:21:54:26 -0700] "GET /princeton/jj03b.jpg HTTP/1.1" 200 46731 "https://www.ysfine.com/princeton/campus.html" "Mozilla/5.0 (Linux; Android 5.1.1; KFSUWI) AppleWebKit/537.36 (KHTML, like Gecko) Silk/104.2.16 like Chrome/104.0.5112.114 Safari/537.36" "www.ysfine.com"
173.73.80.118 - - [28/Sep/2022:21:54:26 -0700] "GET /princeton/nordisk11b.jpg HTTP/1.1" 200 30945 "https://www.ysfine.com/princeton/campus.html" "Mozilla/5.0 (Linux; Android 5.1.1; KFSUWI) AppleWebKit/537.36 (KHTML, like Gecko) Silk/104.2.16 like Chrome/104.0.5112.114 Safari/537.36" "www.ysfine.com"
173.73.80.118 - - [28/Sep/2022:21:54:26 -0700] "GET /princeton/mediter22b.jpg HTTP/1.1" 200 34241 "https://www.ysfine.com/princeton/campus.html" "Mozilla/5.0 (Linux; Android 5.1.1; KFSUWI) AppleWebKit/537.36 (KHTML, like Gecko) Silk/104.2.16 like Chrome/104.0.5112.114 Safari/537.36" "www.ysfine.com"
173.73.80.118 - - [28/Sep/2022:21:54:26 -0700] "GET /maga/invent/sarnoffco11b.jpg HTTP/1.1" 200 31031 "https://www.ysfine.com/princeton/campus.html" "Mozilla/5.0 (Linux; Android 5.1.1; KFSUWI) AppleWebKit/537.36 (KHTML, like Gecko) Silk/104.2.16 like Chrome/104.0.5112.114 Safari/537.36" "www.ysfine.com"
173.73.80.118 - - [28/Sep/2022:21:54:26 -0700] "GET /princeton/brownh11b.jpg HTTP/1.1" 200 52347 "https://www.ysfine.com/princeton/campus.html" "Mozilla/5.0 (Linux; Android 5.1.1; KFSUWI) AppleWebKit/537.36 (KHTML, like Gecko) Silk/104.2.16 like Chrome/104.0.5112.114 Safari/537.36" "www.ysfine.com"
173.73.80.118 - - [28/Sep/2022:21:54:26 -0700] "GET /princeton/nassinf01b.jpg HTTP/1.1" 200 45562 "https://www.ysfine.com/princeton/campus.html" "Mozilla/5.0 (Linux; Android 5.1.1; KFSUWI) AppleWebKit/537.36 (KHTML, like Gecko) Silk/104.2.16 like Chrome/104.0.5112.114 Safari/537.36" "www.ysfine.com"
173.73.80.118 - - [28/Sep/2022:21:54:26 -0700] "GET /princeton/nassinf03b.jpg HTTP/1.1" 200 33593 "https://www.ysfine.com/princeton/campus.html" "Mozilla/5.0 (Linux; Android 5.1.1; KFSUWI) AppleWebKit/537.36 (KHTML, like Gecko) Silk/104.2.16 like Chrome/104.0.5112.114 Safari/537.36" "www.ysfine.com"
173.73.80.118 - - [28/Sep/2022:21:54:26 -0700] "GET /princeton/lahiere11b.jpg HTTP/1.1" 200 53024 "https://www.ysfine.com/princeton/campus.html" "Mozilla/5.0 (Linux; Android 5.1.1; KFSUWI) AppleWebKit/537.36 (KHTML, like Gecko) Silk/104.2.16 like Chrome/104.0.5112.114 Safari/537.36" "www.ysfine.com"
173.73.80.118 - - [28/Sep/2022:21:54:26 -0700] "GET /princeton/palmerlab11b.jpg HTTP/1.1" 200 40956 "https://www.ysfine.com/princeton/campus.html" "Mozilla/5.0 (Linux; Android 5.1.1; KFSUWI) AppleWebKit/537.36 (KHTML, like Gecko) Silk/104.2.16 like Chrome/104.0.5112.114 Safari/537.36" "www.ysfine.com"
173.73.80.118 - - [28/Sep/2022:21:54:26 -0700] "GET /princeton/nassin05b.jpg HTTP/1.1" 200 45166 "https://www.ysfine.com/princeton/campus.html" "Mozilla/5.0 (Linux; Android 5.1.1; KFSUWI) AppleWebKit/537.36 (KHTML, like Gecko) Silk/104.2.16 like Chrome/104.0.5112.114 Safari/537.36" "www.ysfine.com"
173.73.80.118 - - [28/Sep/2022:21:54:26 -0700] "GET /princeton/hyatt33b.jpg HTTP/1.1" 200 34135 "https://www.ysfine.com/princeton/campus.html" "Mozilla/5.0 (Linux; Android 5.1.1; KFSUWI) AppleWebKit/537.36 (KHTML, like Gecko) Silk/104.2.16 like Chrome/104.0.5112.114 Safari/537.36" "www.ysfine.com"
173.73.80.118 - - [28/Sep/2022:21:54:26 -0700] "GET /princeton/orren11b.jpg HTTP/1.1" 200 32972 "https://www.ysfine.com/princeton/campus.html" "Mozilla/5.0 (Linux; Android 5.1.1; KFSUWI) AppleWebKit/537.36 (KHTML, like Gecko) Silk/104.2.16 like Chrome/104.0.5112.114 Safari/537.36" "www.ysfine.com"
173.73.80.118 - - [28/Sep/2022:21:54:26 -0700] "GET /einstein/eincurie11b.jpg HTTP/1.1" 200 42944 "https://www.ysfine.com/princeton/campus.html" "Mozilla/5.0 (Linux; Android 5.1.1; KFSUWI) AppleWebKit/537.36 (KHTML, like Gecko) Silk/104.2.16 like Chrome/104.0.5112.114 Safari/537.36" "www.ysfine.com"
173.73.80.118 - - [28/Sep/2022:21:54:26 -0700] "GET /einstein/eins47b.jpg HTTP/1.1" 200 48772 "https://www.ysfine.com/princeton/campus.html" "Mozilla/5.0 (Linux; Android 5.1.1; KFSUWI) AppleWebKit/537.36 (KHTML, like Gecko) Silk/104.2.16 like Chrome/104.0.5112.114 Safari/537.36" "www.ysfine.com"
114.119.128.142 - - [28/Sep/2022:21:55:41 -0700] "GET /eink/buybook.html HTTP/1.1" 200 1781 "https://ysfine.com/world/ulm.html" "Mozilla/5.0 (Linux; Android 7.0;) AppleWebKit/537.36 (KHTML, like Gecko) Mobile Safari/537.36 (compatible; PetalBot;+https://webmaster.petalsearch.com/site/petalbot)" "ysfine.com"
157.55.39.127 - - [28/Sep/2022:21:56:00 -0700] "GET /wigner/kiwi270.jpg HTTP/1.1" 200 33880 "-" "Mozilla/5.0 (compatible; bingbot/2.0; +http://www.bing.com/bingbot.htm)" "ysfine.com"
207.46.13.102 - - [28/Sep/2022:21:56:28 -0700] "GET /style/kievopera55.jpg HTTP/1.1" 200 93047 "-" "Mozilla/5.0 AppleWebKit/537.36 (KHTML, like Gecko; compatible; bingbot/2.0; +http://www.bing.com/bingbot.htm) Chrome/103.0.5060.134 Safari/537.36" "ysfine.com"
116.179.32.104 - - [28/Sep/2022:21:56:35 -0700] "GET /wigner/neumann.html HTTP/1.1" 200 1332 "-" "Mozilla/5.0 (compatible; Baiduspider/2.0; +http://www.baidu.com/search/spider.html)" "ysfine.com"
116.179.32.29 - - [28/Sep/2022:21:56:35 -0700] "GET /feynman/yuval.html HTTP/1.1" 200 9248 "-" "Mozilla/5.0 (compatible; Baiduspider/2.0; +http://www.baidu.com/search/spider.html)" "ysfine.com"
116.179.37.189 - - [28/Sep/2022:21:56:38 -0700] "GET /wigner/neeman2.jpg HTTP/1.1" 200 36323 "https://ysfine.com/feynman/yuval.html" "Mozilla/5.0 (compatible; Baiduspider-render/2.0; +http://www.baidu.com/search/spider.html)" "ysfine.com"
116.179.37.232 - - [28/Sep/2022:21:56:39 -0700] "GET /wigner/neum/vnc01b.jpg HTTP/1.1" 200 47516 "https://ysfine.com/wigner/neumann.html" "Mozilla/5.0 (compatible; Baiduspider-render/2.0; +http://www.baidu.com/search/spider.html)" "ysfine.com"
116.179.37.7 - - [28/Sep/2022:21:56:39 -0700] "GET /wigner/neum/pvn05b.jpg HTTP/1.1" 200 45464 "https://ysfine.com/wigner/neumann.html" "Mozilla/5.0 (compatible; Baiduspider-render/2.0; +http://www.baidu.com/search/spider.html)" "ysfine.com"
207.38.146.127 - - [28/Sep/2022:21:57:00 -0700] "GET /wigner/wiglittle.pdf HTTP/1.1" 200 2659296 "https://www.google.com/" "Mozilla/5.0 (Windows NT 10.0; Win64; x64) AppleWebKit/537.36 (KHTML, like Gecko) Chrome/105.0.0.0 Safari/537.36" "ysfine.com"
207.38.146.127 - - [28/Sep/2022:21:57:01 -0700] "GET /favicon.ico HTTP/1.1" 404 88 "https://ysfine.com/wigner/wiglittle.pdf" "Mozilla/5.0 (Windows NT 10.0; Win64; x64) AppleWebKit/537.36 (KHTML, like Gecko) Chrome/105.0.0.0 Safari/537.36" "ysfine.com"
114.119.128.14 - - [28/Sep/2022:21:57:29 -0700] "GET /einstein/einstring.html HTTP/1.1" 200 653 "https://ysfine.com/princeton/pstorie.html" "Mozilla/5.0 (Linux; Android 7.0;) AppleWebKit/537.36 (KHTML, like Gecko) Mobile Safari/537.36 (compatible; PetalBot;+https://webmaster.petalsearch.com/site/petalbot)" "ysfine.com"
157.55.39.128 - - [28/Sep/2022:21:57:44 -0700] "GET /dongio/amkor/tallm03.jpg HTTP/1.1" 404 88 "-" "Mozilla/5.0 (compatible; bingbot/2.0; +http://www.bing.com/bingbot.htm)" "ysfine.com"
157.55.39.58 - - [28/Sep/2022:21:58:00 -0700] "GET /world/ital/romef010.jpg HTTP/1.1" 200 92951 "-" "Mozilla/5.0 (compatible; bingbot/2.0; +http://www.bing.com/bingbot.htm)" "ysfine.com"
157.55.39.127 - - [28/Sep/2022:21:58:04 -0700] "GET /wigner/neum/pvn02.jpg HTTP/1.1" 200 76348 "-" "Mozilla/5.0 (compatible; bingbot/2.0; +http://www.bing.com/bingbot.htm)" "ysfine.com"
114.119.128.142 - - [28/Sep/2022:21:59:06 -0700] "GET /yspapers/entro.pdf HTTP/1.1" 200 1311318 "http://ysfine.com/home/dwf22.html" "Mozilla/5.0 (Linux; Android 7.0;) AppleWebKit/537.36 (KHTML, like Gecko) Mobile Safari/537.36 (compatible; PetalBot;+https://webmaster.petalsearch.com/site/petalbot)" "ysfine.com"
157.55.39.55 - - [28/Sep/2022:21:59:13 -0700] "GET /world/poland/jablo14.jpg HTTP/1.1" 200 87812 "-" "Mozilla/5.0 (compatible; bingbot/2.0; +http://www.bing.com/bingbot.htm)" "ysfine.com"
157.55.39.128 - - [28/Sep/2022:21:59:54 -0700] "GET /sbk/2004nyc11.jpg HTTP/1.1" 200 135920 "-" "Mozilla/5.0 (compatible; bingbot/2.0; +http://www.bing.com/bingbot.htm)" "www.ysfine.com"
157.55.39.55 - - [28/Sep/2022:22:00:33 -0700] "GET /world/hungary/eoto01.jpg HTTP/1.1" 200 110993 "-" "Mozilla/5.0 (compatible; bingbot/2.0; +http://www.bing.com/bingbot.htm)" "www.ysfine.com"
114.119.128.154 - - [28/Sep/2022:22:01:58 -0700] "GET /maga/hosc.html HTTP/1.1" 200 1463 "https://ysfine.com/maga/index.html" "Mozilla/5.0 (Linux; Android 7.0;) AppleWebKit/537.36 (KHTML, like Gecko) Mobile Safari/537.36 (compatible; PetalBot;+https://webmaster.petalsearch.com/site/petalbot)" "ysfine.com"
211.249.46.209 - - [28/Sep/2022:22:02:38 -0700] "GET /wigner/index.html HTTP/1.1" 200 124 "-" "Mozilla/5.0 (compatible; Yeti/1.1; +https://naver.me/spd)" "ysfine.com"
77.75.77.101 - - [28/Sep/2022:22:02:45 -0700] "GET /robots.txt HTTP/1.1" 404 88 "-" "Mozilla/5.0 (compatible; SeznamBot/3.2; +http://napoveda.seznam.cz/en/seznambot-intro/)" "ysfine.com"
77.75.77.101 - - [28/Sep/2022:22:02:46 -0700] "GET /feynman/ppic/ellipse53f.jpg HTTP/1.1" 304 - "-" "Mozilla/5.0 (compatible; SeznamBot/3.2; +http://napoveda.seznam.cz/en/seznambot-intro/)" "ysfine.com"
77.75.77.101 - - [28/Sep/2022:22:02:47 -0700] "GET /world/russ/bolshoi44.jpg HTTP/1.1" 200 89808 "-" "Mozilla/5.0 (compatible; SeznamBot/3.2; +http://napoveda.seznam.cz/en/seznambot-intro/)" "ysfine.com"
77.75.77.101 - - [28/Sep/2022:22:02:50 -0700] "GET /world/poland/gdn12.jpg HTTP/1.1" 304 - "-" "Mozilla/5.0 (compatible; SeznamBot/3.2; +http://napoveda.seznam.cz/en/seznambot-intro/)" "ysfine.com"
77.75.77.101 - - [28/Sep/2022:22:02:51 -0700] "GET /home/resonance11.jpg HTTP/1.1" 200 55090 "-" "Mozilla/5.0 (compatible; SeznamBot/3.2; +http://napoveda.seznam.cz/en/seznambot-intro/)" "ysfine.com"
77.88.5.168 - - [28/Sep/2022:22:03:20 -0700] "GET /dirac/chaucer.html HTTP/1.1" 200 2700 "-" "Mozilla/5.0 (compatible; YandexBot/3.0; +http://yandex.com/bots)" "www.ysfine.com"
114.119.128.158 - - [28/Sep/2022:22:03:30 -0700] "GET /maga/lorenuni.html HTTP/1.1" 200 2365 "https://ysfine.com/maga/index.html" "Mozilla/5.0 (Linux; Android 7.0;) AppleWebKit/537.36 (KHTML, like Gecko) Mobile Safari/537.36 (compatible; PetalBot;+https://webmaster.petalsearch.com/site/petalbot)" "ysfine.com"
114.119.128.154 - - [28/Sep/2022:22:05:01 -0700] "GET /class54/class5470/total_data/sub_341.htm HTTP/1.1" 200 3327 "https://ysfine.com/class54/class5470/total_data/sub_339.htm" "Mozilla/5.0 (Linux; Android 7.0;) AppleWebKit/537.36 (KHTML, like Gecko) Mobile Safari/537.36 (compatible; PetalBot;+https://webmaster.petalsearch.com/site/petalbot)" "ysfine.com"
157.55.39.58 - - [28/Sep/2022:22:05:10 -0700] "GET /awards/hemis21a.jpg HTTP/1.1" 200 116270 "-" "Mozilla/5.0 (compatible; bingbot/2.0; +http://www.bing.com/bingbot.htm)" "www.ysfine.com"
157.55.39.127 - - [28/Sep/2022:22:06:31 -0700] "GET /world/israel/armench11c.jpg HTTP/1.1" 200 26200 "-" "Mozilla/5.0 (compatible; bingbot/2.0; +http://www.bing.com/bingbot.htm)" "ysfine.com"
157.55.39.55 - - [28/Sep/2022:22:07:16 -0700] "GET /einstein/michelson11b.jpg HTTP/1.1" 200 35505 "-" "Mozilla/5.0 AppleWebKit/537.36 (KHTML, like Gecko; compatible; bingbot/2.0; +http://www.bing.com/bingbot.htm) Chrome/103.0.5060.134 Safari/537.36" "www.ysfine.com"
207.46.13.102 - - [28/Sep/2022:22:07:21 -0700] "GET /world/hungary/buda122b.jpg HTTP/1.1" 200 27902 "-" "Mozilla/5.0 AppleWebKit/537.36 (KHTML, like Gecko; compatible; bingbot/2.0; +http://www.bing.com/bingbot.htm) Chrome/103.0.5060.134 Safari/537.36" "ysfine.com"
114.119.128.162 - - [28/Sep/2022:22:07:55 -0700] "GET /home/pgh/machinery22d.jpg HTTP/1.1" 200 41869 "https://www.ysfine.com/home/bio44.html" "Mozilla/5.0 (Linux; Android 7.0;) AppleWebKit/537.36 (KHTML, like Gecko) Mobile Safari/537.36 (compatible; PetalBot;+https://webmaster.petalsearch.com/site/petalbot)" "www.ysfine.com"
157.55.39.127 - - [28/Sep/2022:22:08:02 -0700] "GET /kobak/mskim01.jpg HTTP/1.1" 200 76944 "-" "Mozilla/5.0 (compatible; bingbot/2.0; +http://www.bing.com/bingbot.htm)" "www.ysfine.com"
40.77.167.61 - - [28/Sep/2022:22:08:05 -0700] "GET /maga/phys/naimar/pewk09.jpg HTTP/1.1" 200 54557 "-" "Mozilla/5.0 (compatible; bingbot/2.0; +http://www.bing.com/bingbot.htm)" "www.ysfine.com"
173.73.80.118 - - [28/Sep/2022:22:08:56 -0700] "GET /princeton/nassinf32.jpg HTTP/1.1" 200 82646 "https://www.ysfine.com/princeton/campus.html" "Mozilla/5.0 (Linux; Android 5.1.1; KFSUWI) AppleWebKit/537.36 (KHTML, like Gecko) Silk/104.2.16 like Chrome/104.0.5112.114 Safari/537.36" "www.ysfine.com"
114.119.128.162 - - [28/Sep/2022:22:09:26 -0700] "GET /wigner/evangel.html HTTP/1.1" 200 4831 "https://ysfine.com/world/budapest.html" "Mozilla/5.0 (Linux; Android 7.0;) AppleWebKit/537.36 (KHTML, like Gecko) Mobile Safari/537.36 (compatible; PetalBot;+https://webmaster.petalsearch.com/site/petalbot)" "ysfine.com"
76.115.37.101 - - [28/Sep/2022:22:10:27 -0700] "GET /wigner/neum/pvn05.jpg HTTP/1.1" 200 219501 "https://www.google.com/" "Mozilla/5.0 (iPhone; CPU iPhone OS 16_0_2 like Mac OS X) AppleWebKit/605.1.15 (KHTML, like Gecko) Version/16.0 Mobile/15E148 Safari/604.1" "ysfine.com"
114.119.128.14 - - [28/Sep/2022:22:10:59 -0700] "GET /dirac/dart/dirac27a HTTP/1.1" 200 3396153 "https://www.ysfine.com/dirac/integ.html" "Mozilla/5.0 (Linux; Android 7.0;) AppleWebKit/537.36 (KHTML, like Gecko) Mobile Safari/537.36 (compatible; PetalBot;+https://webmaster.petalsearch.com/site/petalbot)" "www.ysfine.com"
157.55.39.55 - - [28/Sep/2022:22:11:34 -0700] "GET /world/china/beijing015.jpg HTTP/1.1" 200 81627 "-" "Mozilla/5.0 (compatible; bingbot/2.0; +http://www.bing.com/bingbot.htm)" "www.ysfine.com"
123.125.109.84 - - [28/Sep/2022:22:11:40 -0700] "GET / HTTP/1.1" 200 5283 "-" "Sogou web spider/4.0(+http://www.sogou.com/docs/help/webmasters.htm#07)" "www.ysfine.com"
216.244.66.229 - - [28/Sep/2022:22:12:22 -0700] "GET /robots.txt HTTP/1.1" 404 73 "-" "Mozilla/5.0 (compatible; DotBot/1.2; +https://opensiteexplorer.org/dotbot; help@moz.com)" "www.ysfine.com"
114.119.128.14 - - [28/Sep/2022:22:12:34 -0700] "GET / HTTP/1.1" 200 5283 "https://listserv.umd.edu/cgi-bin/wa?A2=ind1304&L=PHYS-CONFERENCE-ANNOUNCE&D=0&P=71" "Mozilla/5.0 (Linux; Android 7.0;) AppleWebKit/537.36 (KHTML, like Gecko) Mobile Safari/537.36 (compatible; PetalBot;+https://webmaster.petalsearch.com/site/petalbot)" "www.ysfine.com"
207.46.13.102 - - [28/Sep/2022:22:12:51 -0700] "GET /wigner/wigein.jpg HTTP/1.1" 200 152965 "-" "Mozilla/5.0 (compatible; bingbot/2.0; +http://www.bing.com/bingbot.htm)" "ysfine.com"
77.88.5.238 - - [28/Sep/2022:22:13:10 -0700] "GET /robots.txt HTTP/1.1" 404 73 "-" "Mozilla/5.0 (compatible; YandexBot/3.0; +http://yandex.com/bots)" "ysfine.com"
207.46.13.102 - - [28/Sep/2022:22:13:10 -0700] "GET /princeton/class2007c.jpg HTTP/1.1" 200 37045 "-" "Mozilla/5.0 (compatible; bingbot/2.0; +http://www.bing.com/bingbot.htm)" "www.ysfine.com"
77.88.5.126 - - [28/Sep/2022:22:13:14 -0700] "GET /world/russ/mosmusic54.jpg HTTP/1.1" 200 71253 "-" "Mozilla/5.0 (compatible; YandexImages/3.0; +http://yandex.com/bots)" "ysfine.com"
157.55.39.127 - - [28/Sep/2022:22:13:23 -0700] "GET /usca/pitt/christmas.jpg HTTP/1.1" 200 94041 "-" "Mozilla/5.0 (compatible; bingbot/2.0; +http://www.bing.com/bingbot.htm)" "www.ysfine.com"
107.77.237.165 - - [28/Sep/2022:22:13:38 -0700] "GET /newyork/wtc11.jpg HTTP/1.1" 200 104125 "https://www.google.com/" "Mozilla/5.0 (iPhone; CPU iPhone OS 15_6_1 like Mac OS X) AppleWebKit/605.1.15 (KHTML, like Gecko) Version/15.6.1 Mobile/15E148 Safari/604.1" "ysfine.com"
47.9.115.212 - - [28/Sep/2022:22:14:10 -0700] "GET /maga/copislam.html HTTP/1.1" 200 5140 "https://www.google.com/" "Mozilla/5.0 (Linux; Android 8.1.0; SM-J710F) AppleWebKit/537.36 (KHTML, like Gecko) Chrome/95.0.4638.74 Mobile Safari/537.36" "ysfine.com"
47.9.115.212 - - [28/Sep/2022:22:14:11 -0700] "GET /favicon.ico HTTP/1.1" 404 88 "https://ysfine.com/maga/copislam.html" "Mozilla/5.0 (Linux; Android 8.1.0; SM-J710F) AppleWebKit/537.36 (KHTML, like Gecko) Chrome/95.0.4638.74 Mobile Safari/537.36" "ysfine.com"
47.9.115.212 - - [28/Sep/2022:22:14:11 -0700] "GET /world/ital/padova31b.jpg HTTP/1.1" 200 41702 "https://ysfine.com/maga/copislam.html" "Mozilla/5.0 (Linux; Android 8.1.0; SM-J710F) AppleWebKit/537.36 (KHTML, like Gecko) Chrome/95.0.4638.74 Mobile Safari/537.36" "ysfine.com"
47.9.115.212 - - [28/Sep/2022:22:14:11 -0700] "GET /world/ital/padova01b.jpg HTTP/1.1" 200 43463 "https://ysfine.com/maga/copislam.html" "Mozilla/5.0 (Linux; Android 8.1.0; SM-J710F) AppleWebKit/537.36 (KHTML, like Gecko) Chrome/95.0.4638.74 Mobile Safari/537.36" "ysfine.com"
47.9.115.212 - - [28/Sep/2022:22:14:11 -0700] "GET /maga/phys/coperni103b.jpg HTTP/1.1" 200 609419 "https://ysfine.com/maga/copislam.html" "Mozilla/5.0 (Linux; Android 8.1.0; SM-J710F) AppleWebKit/537.36 (KHTML, like Gecko) Chrome/95.0.4638.74 Mobile Safari/537.36" "ysfine.com"
114.119.128.142 - - [28/Sep/2022:22:14:25 -0700] "GET /dirac/dart/kno79.pdf HTTP/1.1" 200 176844 "https://ysfine.com/dirac/integ.html" "Mozilla/5.0 (Linux; Android 7.0;) AppleWebKit/537.36 (KHTML, like Gecko) Mobile Safari/537.36 (compatible; PetalBot;+https://webmaster.petalsearch.com/site/petalbot)" "ysfine.com"
40.77.167.61 - - [28/Sep/2022:22:14:35 -0700] "GET /sbk/2006stpaul11.jpg HTTP/1.1" 200 305295 "-" "Mozilla/5.0 (compatible; bingbot/2.0; +http://www.bing.com/bingbot.htm)" "ysfine.com"
216.244.66.229 - - [28/Sep/2022:22:14:50 -0700] "GET /world/trier.html HTTP/1.1" 200 18788 "-" "Mozilla/5.0 (compatible; DotBot/1.2; +https://opensiteexplorer.org/dotbot; help@moz.com)" "www.ysfine.com"
216.244.66.229 - - [28/Sep/2022:22:14:59 -0700] "GET /kowar/war50.html HTTP/1.1" 200 30738 "-" "Mozilla/5.0 (compatible; DotBot/1.2; +https://opensiteexplorer.org/dotbot; help@moz.com)" "www.ysfine.com"
216.244.66.229 - - [28/Sep/2022:22:15:08 -0700] "GET /dongio/soldiers.html HTTP/1.1" 404 73 "-" "Mozilla/5.0 (compatible; DotBot/1.2; +https://opensiteexplorer.org/dotbot; help@moz.com)" "www.ysfine.com"
216.244.66.229 - - [28/Sep/2022:22:15:29 -0700] "GET /home/award.html HTTP/1.1" 404 73 "-" "Mozilla/5.0 (compatible; DotBot/1.2; +https://opensiteexplorer.org/dotbot; help@moz.com)" "www.ysfine.com"
66.249.70.10 - - [28/Sep/2022:22:15:44 -0700] "GET /sbk/1970nyc33.jpg HTTP/1.1" 200 148386 "-" "Googlebot-Image/1.0" "www.ysfine.com"
157.55.39.128 - - [28/Sep/2022:22:15:47 -0700] "GET /wdc/washmo17.jpg HTTP/1.1" 200 89623 "-" "Mozilla/5.0 (compatible; bingbot/2.0; +http://www.bing.com/bingbot.htm)" "www.ysfine.com"
114.119.128.142 - - [28/Sep/2022:22:15:55 -0700] "GET /fenyman/index.html HTTP/1.1" 404 88 "https://ysfine.com/eink/mose.html" "Mozilla/5.0 (Linux; Android 7.0;) AppleWebKit/537.36 (KHTML, like Gecko) Mobile Safari/537.36 (compatible; PetalBot;+https://webmaster.petalsearch.com/site/petalbot)" "ysfine.com"
216.244.66.229 - - [28/Sep/2022:22:16:06 -0700] "GET /style/stalin11.jpg HTTP/1.1" 200 162659 "-" "Mozilla/5.0 (compatible; DotBot/1.2; +https://opensiteexplorer.org/dotbot; help@moz.com)" "www.ysfine.com"
157.55.39.55 - - [28/Sep/2022:22:16:44 -0700] "GET /fbook/38sun01a.jpg HTTP/1.1" 200 97495 "-" "Mozilla/5.0 (compatible; bingbot/2.0; +http://www.bing.com/bingbot.htm)" "ysfine.com"
157.55.39.128 - - [28/Sep/2022:22:17:25 -0700] "GET /home/fotos/photo04c.jpg HTTP/1.1" 200 39964 "-" "Mozilla/5.0 (compatible; bingbot/2.0; +http://www.bing.com/bingbot.htm)" "ysfine.com"
66.249.70.10 - - [28/Sep/2022:22:17:46 -0700] "GET /sbk/1971nia11c.jpg HTTP/1.1" 200 39954 "-" "Googlebot-Image/1.0" "www.ysfine.com"
49.36.209.237 - - [28/Sep/2022:22:17:46 -0700] "GET /home/ellipse53.jpg HTTP/1.1" 200 124704 "https://www.google.com/" "Mozilla/5.0 (Windows NT 10.0; Win64; x64) AppleWebKit/537.36 (KHTML, like Gecko) Chrome/105.0.0.0 Safari/537.36" "ysfine.com"
157.55.39.55 - - [28/Sep/2022:22:18:04 -0700] "GET /usca/pitt/highland01.jpg HTTP/1.1" 200 56080 "-" "Mozilla/5.0 (compatible; bingbot/2.0; +http://www.bing.com/bingbot.htm)" "ysfine.com"
66.249.70.8 - - [28/Sep/2022:22:18:18 -0700] "GET /sbk/1966sakura11.jpg HTTP/1.1" 200 160258 "-" "Googlebot-Image/1.0" "www.ysfine.com"
157.55.39.55 - - [28/Sep/2022:22:18:55 -0700] "GET /wdc/gtown26b.jpg HTTP/1.1" 200 28183 "-" "Mozilla/5.0 (compatible; bingbot/2.0; +http://www.bing.com/bingbot.htm)" "www.ysfine.com"
157.55.39.55 - - [28/Sep/2022:22:19:35 -0700] "GET /yspapers/zakopane96.pdf HTTP/1.1" 304 - "-" "Mozilla/5.0 (compatible; bingbot/2.0; +http://www.bing.com/bingbot.htm)" "www.ysfine.com"
93.158.161.41 - - [28/Sep/2022:22:19:51 -0700] "GET /world/russ/krem10b.jpg HTTP/1.1" 200 24805 "-" "Mozilla/5.0 (compatible; YandexImages/3.0; +http://yandex.com/bots)" "ysfine.com"
40.77.167.61 - - [28/Sep/2022:22:20:36 -0700] "GET /world/france/flore06.jpg HTTP/1.1" 200 120704 "-" "Mozilla/5.0 (compatible; bingbot/2.0; +http://www.bing.com/bingbot.htm)" "www.ysfine.com"
66.249.70.12 - - [28/Sep/2022:22:21:12 -0700] "GET /sbk/1981montr11c.jpg HTTP/1.1" 200 49585 "-" "Googlebot-Image/1.0" "www.ysfine.com"
46.187.59.227 - - [28/Sep/2022:22:21:13 -0700] "GET /dirac/wigsis.html HTTP/1.1" 200 28304 "-" "Mozilla/5.0 (Windows NT 6.3; Win64; x64) AppleWebKit/537.36 (KHTML, like Gecko) Chrome/102.0.0.0 Safari/537.36" "ysfine.com"
66.249.70.3 - - [28/Sep/2022:22:21:30 -0700] "GET /robots.txt HTTP/1.1" 404 88 "-" "Mozilla/5.0 (compatible; Googlebot/2.1; +http://www.google.com/bot.html)" "ysfine.com"
110.93.150.123 - - [28/Sep/2022:22:22:37 -0700] "GET /home/fotos/house99c.jpg HTTP/1.1" 200 26434 "-" "Mozilla/5.0 (compatible; Yeti/1.1; +https://naver.me/spd)" "ysfine.com"
114.119.128.142 - - [28/Sep/2022:22:22:38 -0700] "GET /eink/index.html HTTP/1.1" 200 17659 "https://ysfine.com/home/100yrs.html" "Mozilla/5.0 (Linux; Android 7.0;) AppleWebKit/537.36 (KHTML, like Gecko) Mobile Safari/537.36 (compatible; PetalBot;+https://webmaster.petalsearch.com/site/petalbot)" "ysfine.com"
173.73.80.118 - - [28/Sep/2022:22:22:46 -0700] "GET /home/fotos/house99.jpg HTTP/1.1" 200 161302 "-" "Mozilla/5.0 (Linux; Android 5.1.1; KFSUWI) AppleWebKit/537.36 (KHTML, like Gecko) Silk/104.2.16 like Chrome/104.0.5112.114 Safari/537.36" "www.ysfine.com"
40.77.167.61 - - [28/Sep/2022:22:23:47 -0700] "GET /world/germany/leipzig03.jpg HTTP/1.1" 200 105008 "-" "Mozilla/5.0 (compatible; bingbot/2.0; +http://www.bing.com/bingbot.htm)" "www.ysfine.com"
173.73.80.118 - - [28/Sep/2022:22:23:50 -0700] "GET /houses/neighbor.jpg HTTP/1.1" 200 88994 "-" "Mozilla/5.0 (Linux; Android 5.1.1; KFSUWI) AppleWebKit/537.36 (KHTML, like Gecko) Silk/104.2.16 like Chrome/104.0.5112.114 Safari/537.36" "www.ysfine.com"
157.55.39.55 - - [28/Sep/2022:22:24:15 -0700] "GET /world/germany/oktf02.jpg HTTP/1.1" 200 119086 "-" "Mozilla/5.0 (compatible; bingbot/2.0; +http://www.bing.com/bingbot.htm)" "www.ysfine.com"
66.249.70.10 - - [28/Sep/2022:22:24:19 -0700] "GET /sbk/1968rocky22.jpg HTTP/1.1" 200 142874 "-" "Googlebot-Image/1.0" "www.ysfine.com"
5.102.173.71 - - [28/Sep/2022:22:25:14 -0700] "GET /robots.txt HTTP/1.1" 404 88 "-" "Mozilla/5.0 (compatible; MojeekBot/0.11; +https://www.mojeek.com/bot.html)" "ysfine.com"
5.102.173.71 - - [28/Sep/2022:22:25:14 -0700] "GET /princeton/sbt.html HTTP/1.1" 200 529 "-" "Mozilla/5.0 (compatible; MojeekBot/0.11; +https://www.mojeek.com/bot.html)" "ysfine.com"
144.91.91.164 - - [28/Sep/2022:22:25:44 -0700] "GET /robots.txt HTTP/1.1" 404 73 "-" "Mozilla/5.0 (compatible; MJ12bot/v1.4.8; http://mj12bot.com/)" "ysfine.com"
144.91.91.164 - - [28/Sep/2022:22:25:46 -0700] "GET /kobak/rhee12.jpg HTTP/1.1" 200 235392 "-" "Mozilla/5.0 (compatible; MJ12bot/v1.4.8; http://mj12bot.com/)" "ysfine.com"
144.91.91.164 - - [28/Sep/2022:22:25:49 -0700] "GET /kowar/photos/eisenhower22.jpg HTTP/1.1" 200 115030 "-" "Mozilla/5.0 (compatible; MJ12bot/v1.4.8; http://mj12bot.com/)" "ysfine.com"
144.91.91.164 - - [28/Sep/2022:22:25:53 -0700] "GET /kowar/photos/harvard94.jpg HTTP/1.1" 200 72667 "-" "Mozilla/5.0 (compatible; MJ12bot/v1.4.8; http://mj12bot.com/)" "ysfine.com"
144.91.91.164 - - [28/Sep/2022:22:25:56 -0700] "GET /kowar/photos/oktf09.jpg HTTP/1.1" 200 88590 "-" "Mozilla/5.0 (compatible; MJ12bot/v1.4.8; http://mj12bot.com/)" "ysfine.com"
144.91.91.164 - - [28/Sep/2022:22:25:58 -0700] "GET /kowar/tanks/b36bomber11.jpg HTTP/1.1" 200 81854 "-" "Mozilla/5.0 (compatible; MJ12bot/v1.4.8; http://mj12bot.com/)" "ysfine.com"
144.91.91.164 - - [28/Sep/2022:22:26:02 -0700] "GET /kowar/tanks/garand01.jpg HTTP/1.1" 200 91975 "-" "Mozilla/5.0 (compatible; MJ12bot/v1.4.8; http://mj12bot.com/)" "ysfine.com"
144.91.91.164 - - [28/Sep/2022:22:26:06 -0700] "GET /wigner/hazi11.jpg HTTP/1.1" 200 71634 "-" "Mozilla/5.0 (compatible; MJ12bot/v1.4.8; http://mj12bot.com/)" "ysfine.com"
144.91.91.164 - - [28/Sep/2022:22:26:12 -0700] "GET /world/hungary/buda014.jpg HTTP/1.1" 200 91720 "-" "Mozilla/5.0 (compatible; MJ12bot/v1.4.8; http://mj12bot.com/)" "ysfine.com"
144.91.91.164 - - [28/Sep/2022:22:26:16 -0700] "GET /world/hungary/buda021.jpg HTTP/1.1" 200 102376 "-" "Mozilla/5.0 (compatible; MJ12bot/v1.4.8; http://mj12bot.com/)" "ysfine.com"
144.91.91.164 - - [28/Sep/2022:22:26:20 -0700] "GET /world/russ/kiev035.jpg HTTP/1.1" 200 149229 "-" "Mozilla/5.0 (compatible; MJ12bot/v1.4.8; http://mj12bot.com/)" "ysfine.com"
144.91.91.164 - - [28/Sep/2022:22:26:24 -0700] "GET /world/russ/kiev039.jpg HTTP/1.1" 200 105616 "-" "Mozilla/5.0 (compatible; MJ12bot/v1.4.8; http://mj12bot.com/)" "ysfine.com"
144.91.91.164 - - [28/Sep/2022:22:26:26 -0700] "GET /world/russ/kiev043.jpg HTTP/1.1" 200 132240 "-" "Mozilla/5.0 (compatible; MJ12bot/v1.4.8; http://mj12bot.com/)" "ysfine.com"
144.91.91.164 - - [28/Sep/2022:22:26:29 -0700] "GET /world/russ/kiev044.jpg HTTP/1.1" 200 98327 "-" "Mozilla/5.0 (compatible; MJ12bot/v1.4.8; http://mj12bot.com/)" "ysfine.com"
144.91.91.164 - - [28/Sep/2022:22:26:32 -0700] "GET /world/russ/kiev045.jpg HTTP/1.1" 200 86599 "-" "Mozilla/5.0 (compatible; MJ12bot/v1.4.8; http://mj12bot.com/)" "ysfine.com"
144.91.91.164 - - [28/Sep/2022:22:26:35 -0700] "GET /world/russ/kiev046.jpg HTTP/1.1" 200 115600 "-" "Mozilla/5.0 (compatible; MJ12bot/v1.4.8; http://mj12bot.com/)" "ysfine.com"
144.91.91.164 - - [28/Sep/2022:22:26:39 -0700] "GET /world/russ/kiev047.jpg HTTP/1.1" 200 108827 "-" "Mozilla/5.0 (compatible; MJ12bot/v1.4.8; http://mj12bot.com/)" "ysfine.com"
144.91.91.164 - - [28/Sep/2022:22:26:41 -0700] "GET /world/russ/kiev048.jpg HTTP/1.1" 200 153765 "-" "Mozilla/5.0 (compatible; MJ12bot/v1.4.8; http://mj12bot.com/)" "ysfine.com"
40.77.167.61 - - [28/Sep/2022:22:27:08 -0700] "GET /world/russ/mosmusic32.jpg HTTP/1.1" 200 101584 "-" "Mozilla/5.0 (compatible; bingbot/2.0; +http://www.bing.com/bingbot.htm)" "www.ysfine.com"
141.52.248.1 - - [28/Sep/2022:22:27:53 -0700] "GET /wigner/wiglittle.pdf HTTP/1.1" 200 2659296 "https://www.google.com/" "Mozilla/5.0 (Windows NT 10.0; Win64; x64) AppleWebKit/537.36 (KHTML, like Gecko) Chrome/105.0.0.0 Safari/537.36" "ysfine.com"
141.52.248.1 - - [28/Sep/2022:22:27:53 -0700] "GET /favicon.ico HTTP/1.1" 404 88 "https://ysfine.com/wigner/wiglittle.pdf" "Mozilla/5.0 (Windows NT 10.0; Win64; x64) AppleWebKit/537.36 (KHTML, like Gecko) Chrome/105.0.0.0 Safari/537.36" "ysfine.com"
157.55.39.128 - - [28/Sep/2022:22:28:07 -0700] "GET /dirac/posters/poster95.pdf HTTP/1.1" 200 553195 "-" "Mozilla/5.0 (compatible; bingbot/2.0; +http://www.bing.com/bingbot.htm)" "ysfine.com"
118.221.173.144 - - [28/Sep/2022:22:28:37 -0700] "GET /jobs/koreaj22.jpg HTTP/1.1" 200 195155 "https://www.google.com/" "Mozilla/5.0 (Windows NT 10.0; Win64; x64) AppleWebKit/537.36 (KHTML, like Gecko) Chrome/105.0.0.0 Safari/537.36" "ysfine.com"
157.55.39.128 - - [28/Sep/2022:22:28:37 -0700] "GET /world/france/magots03.jpg HTTP/1.1" 200 100892 "-" "Mozilla/5.0 (compatible; bingbot/2.0; +http://www.bing.com/bingbot.htm)" "www.ysfine.com"
173.73.80.118 - - [28/Sep/2022:22:28:41 -0700] "GET /favicon.ico HTTP/1.1" 404 88 "https://ysfine.com/ys11/" "Mozilla/5.0 (Windows NT 10.0; Win64; x64) AppleWebKit/537.36 (KHTML, like Gecko) Chrome/105.0.5195.127 Safari/537.36" "ysfine.com"
118.221.173.144 - - [28/Sep/2022:22:28:42 -0700] "GET /jobs/koreaj.html HTTP/1.1" 200 10214 "https://www.google.com/" "Mozilla/5.0 (Windows NT 10.0; Win64; x64) AppleWebKit/537.36 (KHTML, like Gecko) Chrome/105.0.0.0 Safari/537.36" "ysfine.com"
118.221.173.144 - - [28/Sep/2022:22:28:42 -0700] "GET /jobs/koreaj11b.jpg HTTP/1.1" 200 67543 "https://ysfine.com/jobs/koreaj.html" "Mozilla/5.0 (Windows NT 10.0; Win64; x64) AppleWebKit/537.36 (KHTML, like Gecko) Chrome/105.0.0.0 Safari/537.36" "ysfine.com"
118.221.173.144 - - [28/Sep/2022:22:28:42 -0700] "GET /favicon.ico HTTP/1.1" 404 88 "https://ysfine.com/jobs/koreaj.html" "Mozilla/5.0 (Windows NT 10.0; Win64; x64) AppleWebKit/537.36 (KHTML, like Gecko) Chrome/105.0.0.0 Safari/537.36" "ysfine.com"
131.215.220.165 - - [28/Sep/2022:22:28:59 -0700] "GET /maga/phys/naimar/pewk06.jpg HTTP/1.1" 200 78645 "https://www.google.com/" "Mozilla/5.0 (Windows NT 10.0; Win64; x64) AppleWebKit/537.36 (KHTML, like Gecko) Chrome/105.0.0.0 Safari/537.36" "ysfine.com"
131.215.220.165 - - [28/Sep/2022:22:28:59 -0700] "GET /maga/phys/naimar/pewk02.jpg HTTP/1.1" 200 41315 "https://www.google.com/" "Mozilla/5.0 (Windows NT 10.0; Win64; x64) AppleWebKit/537.36 (KHTML, like Gecko) Chrome/105.0.0.0 Safari/537.36" "ysfine.com"
118.221.173.144 - - [28/Sep/2022:22:29:00 -0700] "GET /jobs/koreaj22.jpg HTTP/1.1" 200 195155 "-" "Mozilla/4.0 (compatible; MSIE 7.0; Windows NT 10.0; Win64; x64; APCPMS=39518; Trident/7.0; .NET4.0C; .NET4.0E; .NET CLR 2.0.50727; .NET CLR 3.0.30729; .NET CLR 3.5.30729; Zoom 3.6.0; ms-office; MSOffice 16)" "ysfine.com"
207.46.13.102 - - [28/Sep/2022:22:29:11 -0700] "GET /feynman/ppic/entro33a.jpg HTTP/1.1" 200 36917 "-" "Mozilla/5.0 (compatible; bingbot/2.0; +http://www.bing.com/bingbot.htm)" "ysfine.com"
66.249.70.3 - - [28/Sep/2022:22:29:43 -0700] "GET /yspapers/isomor88f.jpg HTTP/1.1" 200 87213 "-" "Googlebot-Image/1.0" "ysfine.com"
66.249.70.3 - - [28/Sep/2022:22:29:43 -0700] "GET /awards/eward33f.jpg HTTP/1.1" 200 86617 "-" "Googlebot-Image/1.0" "ysfine.com"
66.249.70.30 - - [28/Sep/2022:22:29:43 -0700] "GET /yspapers/parton66f.jpg HTTP/1.1" 200 85165 "-" "Googlebot-Image/1.0" "ysfine.com"
66.249.70.3 - - [28/Sep/2022:22:29:43 -0700] "GET /yspapers/fortune21f.jpg HTTP/1.1" 200 131858 "-" "Googlebot-Image/1.0" "ysfine.com"
66.249.70.3 - - [28/Sep/2022:22:29:43 -0700] "GET /yspapers/restof11f.jpg HTTP/1.1" 200 65553 "-" "Googlebot-Image/1.0" "ysfine.com"
82.146.197.35 - - [28/Sep/2022:22:30:10 -0700] "GET /yspapers/iopbook15.pdf HTTP/1.1" 200 2962673 "https://www.google.com/" "Mozilla/5.0 (Linux; Android 12; M2101K9G) AppleWebKit/537.36 (KHTML, like Gecko) Chrome/105.0.0.0 Mobile Safari/537.36" "ysfine.com"
82.146.197.35 - - [28/Sep/2022:22:30:10 -0700] "GET /yspapers/iopbook15.pdf HTTP/1.1" 206 1597340 "https://www.google.com/" "Mozilla/5.0 (Linux; Android 12; M2101K9G) AppleWebKit/537.36 (KHTML, like Gecko) Chrome/105.0.0.0 Mobile Safari/537.36" "ysfine.com"
157.55.39.128 - - [28/Sep/2022:22:30:28 -0700] "GET /world/france/montmar10.jpg HTTP/1.1" 200 111686 "-" "Mozilla/5.0 (compatible; bingbot/2.0; +http://www.bing.com/bingbot.htm)" "ysfine.com"
173.73.80.118 - - [28/Sep/2022:22:31:45 -0700] "GET /favicon.ico HTTP/1.1" 404 88 "https://ysfine.com/style/proschanie.html" "Mozilla/5.0 (Windows NT 10.0; Win64; x64) AppleWebKit/537.36 (KHTML, like Gecko) Chrome/105.0.0.0 Safari/537.36 Edg/105.0.1343.53" "ysfine.com"
157.55.39.128 - - [28/Sep/2022:22:31:46 -0700] "GET /world/russ/roskei99.jpg HTTP/1.1" 200 117687 "-" "Mozilla/5.0 (compatible; bingbot/2.0; +http://www.bing.com/bingbot.htm)" "ysfine.com"
173.73.80.118 - - [28/Sep/2022:22:32:54 -0700] "GET /favicon.ico HTTP/1.1" 404 88 "https://ysfine.com/home/yshome.html" "Mozilla/5.0 (Windows NT 10.0; Win64; x64) AppleWebKit/537.36 (KHTML, like Gecko) Chrome/105.0.0.0 Safari/537.36" "ysfine.com"
114.119.128.158 - - [28/Sep/2022:22:33:39 -0700] "GET /archives/proceedings/boston/atature.pdf HTTP/1.1" 200 750436 "https://ysfine.com/archives/proceedings/boston/atature.html" "Mozilla/5.0 (Linux; Android 7.0;) AppleWebKit/537.36 (KHTML, like Gecko) Mobile Safari/537.36 (compatible; PetalBot;+https://webmaster.petalsearch.com/site/petalbot)" "ysfine.com"
173.73.80.118 - - [28/Sep/2022:22:34:30 -0700] "GET /favicon.ico HTTP/1.1" 404 88 "https://www.ysfine.com/ys11/index.html" "Mozilla/5.0 (Windows NT 10.0; Win64; x64) AppleWebKit/537.36 (KHTML, like Gecko) Chrome/105.0.0.0 Safari/537.36 Edg/105.0.1343.53" "www.ysfine.com"
114.119.128.162 - - [28/Sep/2022:22:35:09 -0700] "GET /class54/class5470/total_data/sub_811.htm HTTP/1.1" 200 3558 "https://ysfine.com/class54/class5470/total_data/sub_821.htm" "Mozilla/5.0 (Linux; Android 7.0;) AppleWebKit/537.36 (KHTML, like Gecko) Mobile Safari/537.36 (compatible; PetalBot;+https://webmaster.petalsearch.com/site/petalbot)" "ysfine.com"
157.55.39.58 - - [28/Sep/2022:22:35:12 -0700] "GET /world/israel/jeru42.jpg HTTP/1.1" 200 235135 "-" "Mozilla/5.0 (compatible; bingbot/2.0; +http://www.bing.com/bingbot.htm)" "ysfine.com"
17.121.112.228 - - [28/Sep/2022:22:35:16 -0700] "GET /robots.txt HTTP/1.1" 404 88 "-" "Mozilla/5.0 (Macintosh; Intel Mac OS X 10_15_5) AppleWebKit/605.1.15 (KHTML, like Gecko) Version/13.1.1 Safari/605.1.15 (Applebot/0.1; +http://www.apple.com/go/applebot)" "www.ysfine.com"
17.121.112.228 - - [28/Sep/2022:22:35:16 -0700] "GET /princeton/index.html HTTP/1.1" 200 140 "-" "Mozilla/5.0 (Macintosh; Intel Mac OS X 10_15_5) AppleWebKit/605.1.15 (KHTML, like Gecko) Version/13.1.1 Safari/605.1.15 (Applebot/0.1; +http://www.apple.com/go/applebot)" "www.ysfine.com"
157.55.39.58 - - [28/Sep/2022:22:35:44 -0700] "GET /einstein/emc22d.jpg HTTP/1.1" 200 65006 "-" "Mozilla/5.0 (compatible; bingbot/2.0; +http://www.bing.com/bingbot.htm)" "ysfine.com"
207.46.13.102 - - [28/Sep/2022:22:37:32 -0700] "GET /world/germany/goetting03.jpg HTTP/1.1" 200 100632 "-" "Mozilla/5.0 (compatible; bingbot/2.0; +http://www.bing.com/bingbot.htm)" "ysfine.com"
157.55.39.128 - - [28/Sep/2022:22:38:57 -0700] "GET /princeton/ustore55.jpg HTTP/1.1" 200 116756 "-" "Mozilla/5.0 (compatible; bingbot/2.0; +http://www.bing.com/bingbot.htm)" "ysfine.com"
157.55.39.58 - - [28/Sep/2022:22:39:33 -0700] "GET /sbk/2008athens22.jpg HTTP/1.1" 200 202963 "-" "Mozilla/5.0 (compatible; bingbot/2.0; +http://www.bing.com/bingbot.htm)" "ysfine.com"
157.55.39.127 - - [28/Sep/2022:22:39:45 -0700] "GET /maga/phys/schrod22.jpg HTTP/1.1" 200 41352 "-" "Mozilla/5.0 AppleWebKit/537.36 (KHTML, like Gecko; compatible; bingbot/2.0; +http://www.bing.com/bingbot.htm) Chrome/103.0.5060.134 Safari/537.36" "ysfine.com"
40.77.167.61 - - [28/Sep/2022:22:40:20 -0700] "GET /kobak/alexvic11b.jpg HTTP/1.1" 200 47312 "-" "Mozilla/5.0 AppleWebKit/537.36 (KHTML, like Gecko; compatible; bingbot/2.0; +http://www.bing.com/bingbot.htm) Chrome/103.0.5060.134 Safari/537.36" "www.ysfine.com"
40.77.167.61 - - [28/Sep/2022:22:40:39 -0700] "GET /class54/tallm08b.jpg HTTP/1.1" 200 43331 "-" "Mozilla/5.0 (compatible; bingbot/2.0; +http://www.bing.com/bingbot.htm)" "ysfine.com"
40.77.167.61 - - [28/Sep/2022:22:40:49 -0700] "GET /world/russ/spbm07.jpg HTTP/1.1" 200 111957 "-" "Mozilla/5.0 (compatible; bingbot/2.0; +http://www.bing.com/bingbot.htm)" "www.ysfine.com"
173.73.80.118 - - [28/Sep/2022:22:40:56 -0700] "GET /home/bio.html HTTP/1.1" 200 15243 "https://www.ysfine.com/ys11/index.html" "Mozilla/5.0 (Windows NT 10.0; Win64; x64; rv:105.0) Gecko/20100101 Firefox/105.0" "www.ysfine.com"
173.73.80.118 - - [28/Sep/2022:22:40:56 -0700] "GET /home/fotos/photo00c.jpg HTTP/1.1" 200 34216 "https://www.ysfine.com/home/bio.html" "Mozilla/5.0 (Windows NT 10.0; Win64; x64; rv:105.0) Gecko/20100101 Firefox/105.0" "www.ysfine.com"
173.73.80.118 - - [28/Sep/2022:22:40:56 -0700] "GET /home/fotos/photo03c.jpg HTTP/1.1" 200 23013 "https://www.ysfine.com/home/bio.html" "Mozilla/5.0 (Windows NT 10.0; Win64; x64; rv:105.0) Gecko/20100101 Firefox/105.0" "www.ysfine.com"
173.73.80.118 - - [28/Sep/2022:22:40:56 -0700] "GET /home/bew22f.jpg HTTP/1.1" 200 124596 "https://www.ysfine.com/home/bio.html" "Mozilla/5.0 (Windows NT 10.0; Win64; x64; rv:105.0) Gecko/20100101 Firefox/105.0" "www.ysfine.com"
173.73.80.118 - - [28/Sep/2022:22:40:56 -0700] "GET /home/fotos/photo04c.jpg HTTP/1.1" 200 39964 "https://www.ysfine.com/home/bio.html" "Mozilla/5.0 (Windows NT 10.0; Win64; x64; rv:105.0) Gecko/20100101 Firefox/105.0" "www.ysfine.com"
173.73.80.118 - - [28/Sep/2022:22:40:56 -0700] "GET /home/resonance33c.jpg HTTP/1.1" 200 36247 "https://www.ysfine.com/home/bio.html" "Mozilla/5.0 (Windows NT 10.0; Win64; x64; rv:105.0) Gecko/20100101 Firefox/105.0" "www.ysfine.com"
173.73.80.118 - - [28/Sep/2022:22:40:56 -0700] "GET /home/yskim10c.jpg HTTP/1.1" 200 88826 "https://www.ysfine.com/home/bio.html" "Mozilla/5.0 (Windows NT 10.0; Win64; x64; rv:105.0) Gecko/20100101 Firefox/105.0" "www.ysfine.com"
173.73.80.118 - - [28/Sep/2022:22:40:56 -0700] "GET /yspapers/iop20c.jpg HTTP/1.1" 200 29134 "https://www.ysfine.com/home/bio.html" "Mozilla/5.0 (Windows NT 10.0; Win64; x64; rv:105.0) Gecko/20100101 Firefox/105.0" "www.ysfine.com"
173.73.80.118 - - [28/Sep/2022:22:40:56 -0700] "GET /home/ysrhee33c.jpg HTTP/1.1" 200 26817 "https://www.ysfine.com/home/bio.html" "Mozilla/5.0 (Windows NT 10.0; Win64; x64; rv:105.0) Gecko/20100101 Firefox/105.0" "www.ysfine.com"
173.73.80.118 - - [28/Sep/2022:22:40:56 -0700] "GET /home/fotos/photo06c.jpg HTTP/1.1" 200 40796 "https://www.ysfine.com/home/bio.html" "Mozilla/5.0 (Windows NT 10.0; Win64; x64; rv:105.0) Gecko/20100101 Firefox/105.0" "www.ysfine.com"
173.73.80.118 - - [28/Sep/2022:22:40:56 -0700] "GET /wdc/eindc03c.jpg HTTP/1.1" 200 48446 "https://www.ysfine.com/home/bio.html" "Mozilla/5.0 (Windows NT 10.0; Win64; x64; rv:105.0) Gecko/20100101 Firefox/105.0" "www.ysfine.com"
173.73.80.118 - - [28/Sep/2022:22:40:56 -0700] "GET /home/canal22c.jpg HTTP/1.1" 200 29939 "https://www.ysfine.com/home/bio.html" "Mozilla/5.0 (Windows NT 10.0; Win64; x64; rv:105.0) Gecko/20100101 Firefox/105.0" "www.ysfine.com"
173.73.80.118 - - [28/Sep/2022:22:40:56 -0700] "GET /home/fotos/photo02c.jpg HTTP/1.1" 200 37432 "https://www.ysfine.com/home/bio.html" "Mozilla/5.0 (Windows NT 10.0; Win64; x64; rv:105.0) Gecko/20100101 Firefox/105.0" "www.ysfine.com"
173.73.80.118 - - [28/Sep/2022:22:40:56 -0700] "GET /home/fotos/photo12c.jpg HTTP/1.1" 200 31719 "https://www.ysfine.com/home/bio.html" "Mozilla/5.0 (Windows NT 10.0; Win64; x64; rv:105.0) Gecko/20100101 Firefox/105.0" "www.ysfine.com"
173.73.80.118 - - [28/Sep/2022:22:40:56 -0700] "GET /home/fotos/photo09c.jpg HTTP/1.1" 200 25413 "https://www.ysfine.com/home/bio.html" "Mozilla/5.0 (Windows NT 10.0; Win64; x64; rv:105.0) Gecko/20100101 Firefox/105.0" "www.ysfine.com"
173.73.80.118 - - [28/Sep/2022:22:40:56 -0700] "GET /home/sq600c.jpg HTTP/1.1" 200 18492 "https://www.ysfine.com/home/bio.html" "Mozilla/5.0 (Windows NT 10.0; Win64; x64; rv:105.0) Gecko/20100101 Firefox/105.0" "www.ysfine.com"
173.73.80.118 - - [28/Sep/2022:22:40:56 -0700] "GET /home/fotos/kids20f.jpg HTTP/1.1" 200 103189 "https://www.ysfine.com/home/bio.html" "Mozilla/5.0 (Windows NT 10.0; Win64; x64; rv:105.0) Gecko/20100101 Firefox/105.0" "www.ysfine.com"
173.73.80.118 - - [28/Sep/2022:22:40:56 -0700] "GET /home/fotos/103c.jpg HTTP/1.1" 200 32825 "https://www.ysfine.com/home/bio.html" "Mozilla/5.0 (Windows NT 10.0; Win64; x64; rv:105.0) Gecko/20100101 Firefox/105.0" "www.ysfine.com"
173.73.80.118 - - [28/Sep/2022:22:40:56 -0700] "GET /style/bstring33c.jpg HTTP/1.1" 200 28940 "https://www.ysfine.com/home/bio.html" "Mozilla/5.0 (Windows NT 10.0; Win64; x64; rv:105.0) Gecko/20100101 Firefox/105.0" "www.ysfine.com"
173.73.80.118 - - [28/Sep/2022:22:40:56 -0700] "GET /home/fotos/dirfeyn62c.jpg HTTP/1.1" 200 52150 "https://www.ysfine.com/home/bio.html" "Mozilla/5.0 (Windows NT 10.0; Win64; x64; rv:105.0) Gecko/20100101 Firefox/105.0" "www.ysfine.com"
173.73.80.118 - - [28/Sep/2022:22:40:56 -0700] "GET /home/fotos/104c.jpg HTTP/1.1" 200 35089 "https://www.ysfine.com/home/bio.html" "Mozilla/5.0 (Windows NT 10.0; Win64; x64; rv:105.0) Gecko/20100101 Firefox/105.0" "www.ysfine.com"
173.73.80.118 - - [28/Sep/2022:22:40:56 -0700] "GET /home/comet40c.jpg HTTP/1.1" 200 41188 "https://www.ysfine.com/home/bio.html" "Mozilla/5.0 (Windows NT 10.0; Win64; x64; rv:105.0) Gecko/20100101 Firefox/105.0" "www.ysfine.com"
173.73.80.118 - - [28/Sep/2022:22:40:56 -0700] "GET /home/fotos/house99c.jpg HTTP/1.1" 200 26434 "https://www.ysfine.com/home/bio.html" "Mozilla/5.0 (Windows NT 10.0; Win64; x64; rv:105.0) Gecko/20100101 Firefox/105.0" "www.ysfine.com"
173.73.80.118 - - [28/Sep/2022:22:40:56 -0700] "GET /wdc/jeffm02c.jpg HTTP/1.1" 200 27659 "https://www.ysfine.com/home/bio.html" "Mozilla/5.0 (Windows NT 10.0; Win64; x64; rv:105.0) Gecko/20100101 Firefox/105.0" "www.ysfine.com"
173.73.80.118 - - [28/Sep/2022:22:40:56 -0700] "GET /home/eward55f.jpg HTTP/1.1" 200 122802 "https://www.ysfine.com/home/bio.html" "Mozilla/5.0 (Windows NT 10.0; Win64; x64; rv:105.0) Gecko/20100101 Firefox/105.0" "www.ysfine.com"
173.73.80.118 - - [28/Sep/2022:22:40:56 -0700] "GET /dirac/dirbust22c.jpg HTTP/1.1" 200 36029 "https://www.ysfine.com/home/bio.html" "Mozilla/5.0 (Windows NT 10.0; Win64; x64; rv:105.0) Gecko/20100101 Firefox/105.0" "www.ysfine.com"
173.73.80.118 - - [28/Sep/2022:22:40:56 -0700] "GET /home/fotos/wsj450.jpg HTTP/1.1" 200 68132 "https://www.ysfine.com/home/bio.html" "Mozilla/5.0 (Windows NT 10.0; Win64; x64; rv:105.0) Gecko/20100101 Firefox/105.0" "www.ysfine.com"
173.73.80.118 - - [28/Sep/2022:22:40:56 -0700] "GET /home/eink77c.jpg HTTP/1.1" 200 47471 "https://www.ysfine.com/home/bio.html" "Mozilla/5.0 (Windows NT 10.0; Win64; x64; rv:105.0) Gecko/20100101 Firefox/105.0" "www.ysfine.com"
173.73.80.118 - - [28/Sep/2022:22:40:56 -0700] "GET /home/fotos/korjap03c.jpg HTTP/1.1" 200 24308 "https://www.ysfine.com/home/bio.html" "Mozilla/5.0 (Windows NT 10.0; Win64; x64; rv:105.0) Gecko/20100101 Firefox/105.0" "www.ysfine.com"
173.73.80.118 - - [28/Sep/2022:22:40:56 -0700] "GET /home/fotos/campus06c.jpg HTTP/1.1" 200 49136 "https://www.ysfine.com/home/bio.html" "Mozilla/5.0 (Windows NT 10.0; Win64; x64; rv:105.0) Gecko/20100101 Firefox/105.0" "www.ysfine.com"
173.73.80.118 - - [28/Sep/2022:22:40:56 -0700] "GET /wigner/tollwig11c.jpg HTTP/1.1" 200 30497 "https://www.ysfine.com/home/bio.html" "Mozilla/5.0 (Windows NT 10.0; Win64; x64; rv:105.0) Gecko/20100101 Firefox/105.0" "www.ysfine.com"
173.73.80.118 - - [28/Sep/2022:22:40:56 -0700] "GET /home/fotos/photo05c.jpg HTTP/1.1" 200 39109 "https://www.ysfine.com/home/bio.html" "Mozilla/5.0 (Windows NT 10.0; Win64; x64; rv:105.0) Gecko/20100101 Firefox/105.0" "www.ysfine.com"
173.73.80.118 - - [28/Sep/2022:22:40:56 -0700] "GET /home/fotos/photo08c.jpg HTTP/1.1" 200 28474 "https://www.ysfine.com/home/bio.html" "Mozilla/5.0 (Windows NT 10.0; Win64; x64; rv:105.0) Gecko/20100101 Firefox/105.0" "www.ysfine.com"
173.73.80.118 - - [28/Sep/2022:22:40:56 -0700] "GET /home/family66f.jpg HTTP/1.1" 200 102254 "https://www.ysfine.com/home/bio.html" "Mozilla/5.0 (Windows NT 10.0; Win64; x64; rv:105.0) Gecko/20100101 Firefox/105.0" "www.ysfine.com"
