211.249.46.201 - - [29/Sep/2022:10:42:37 -0700] "GET /home/resonance33c.jpg HTTP/1.1" 200 36247 "-" "Mozilla/5.0 (compatible; Yeti/1.1; +https://naver.me/spd)" "ysfine.com"
46.246.122.168 - - [29/Sep/2022:10:42:59 -0700] "GET /class54/emailed01.html HTTP/1.1" 200 27721 "https://ysfine.com/" "Mozilla/5.0 (Windows NT 10.0; Win64; x64; Xbox; Xbox One) AppleWebKit/537.36 (KHTML, like Gecko) Chrome/103.0.0.0 Safari/537.36 Edge/44.18363.8131" "ysfine.com"
46.246.122.168 - - [29/Sep/2022:10:43:00 -0700] "GET /remote/wigner111/frame03.html HTTP/1.1" 200 1087 "https://ysfine.com/class54/emailed01.html" "Mozilla/5.0 (Windows NT 10.0; Win64; x64; Xbox; Xbox One) AppleWebKit/537.36 (KHTML, like Gecko) Chrome/103.0.0.0 Safari/537.36 Edge/44.18363.8131" "ysfine.com"
40.77.167.27 - - [29/Sep/2022:10:43:25 -0700] "GET /world/france/louvre64.jpg HTTP/1.1" 200 112801 "-" "Mozilla/5.0 (compatible; bingbot/2.0; +http://www.bing.com/bingbot.htm)" "ysfine.com"
157.55.39.58 - - [29/Sep/2022:10:43:36 -0700] "GET /world/ital/bologsw21.jpg HTTP/1.1" 200 134558 "-" "Mozilla/5.0 (compatible; bingbot/2.0; +http://www.bing.com/bingbot.htm)" "ysfine.com"
17.121.113.180 - - [29/Sep/2022:10:43:54 -0700] "GET /maga/pupin.html HTTP/1.1" 200 5043 "-" "Mozilla/5.0 (Macintosh; Intel Mac OS X 10_15_5) AppleWebKit/605.1.15 (KHTML, like Gecko) Version/13.1.1 Safari/605.1.15 (Applebot/0.1; +http://www.apple.com/go/applebot)" "ysfine.com"
157.55.39.55 - - [29/Sep/2022:10:44:17 -0700] "GET /einstein/places/einha17.jpg HTTP/1.1" 200 76725 "-" "Mozilla/5.0 (compatible; bingbot/2.0; +http://www.bing.com/bingbot.htm)" "ysfine.com"
40.77.167.27 - - [29/Sep/2022:10:45:27 -0700] "GET /usca/pitt/mtwash02.jpg HTTP/1.1" 200 151113 "-" "Mozilla/5.0 (compatible; bingbot/2.0; +http://www.bing.com/bingbot.htm)" "www.ysfine.com"
177.9.129.134 - - [29/Sep/2022:10:46:29 -0700] "GET /einstein/einbohr33c.jpg HTTP/1.1" 200 36410 "https://www.google.com.br/" "Mozilla/5.0 (Windows NT 10.0; Win64; x64) AppleWebKit/537.36 (KHTML, like Gecko) Chrome/105.0.0.0 Safari/537.36 Edg/105.0.1343.53" "ysfine.com"
207.46.13.102 - - [29/Sep/2022:10:46:51 -0700] "GET /wdc/umd03b.jpg HTTP/1.1" 200 34740 "-" "Mozilla/5.0 (compatible; bingbot/2.0; +http://www.bing.com/bingbot.htm)" "ysfine.com"
66.249.70.3 - - [29/Sep/2022:10:47:18 -0700] "GET /world/poland/degalle22b.jpg HTTP/1.1" 200 39323 "-" "Googlebot-Image/1.0" "ysfine.com"
50.244.40.65 - - [29/Sep/2022:10:49:46 -0700] "GET /style/smithonian.jpg HTTP/1.1" 200 88645 "https://images.search.yahoo.com/yhs/search;_ylt=AwrEeB2a2jVjlG4AJiYPxQt.;_ylu=Y29sbwNiZjEEcG9zAzEEdnRpZANKVFk0XzEEc2VjA3Nj?p=united+states+of+america+president+map+of+white+house&type=sourceAUD8&hsimp=yhs-active8&hspart=syndic8&ei=UTF-8&fr=yhs-syndic8-active8" "Mozilla/5.0 (Windows NT 10.0; Win64; x64) AppleWebKit/537.36 (KHTML, like Gecko) Chrome/105.0.0.0 Safari/537.36" "www.ysfine.com"
66.249.70.4 - - [29/Sep/2022:10:50:22 -0700] "GET /world/ital/venice07dd.jpg HTTP/1.1" 304 - "-" "Googlebot-Image/1.0" "ysfine.com"
157.55.39.55 - - [29/Sep/2022:10:50:45 -0700] "GET /sbk/2010bonn11.jpg HTTP/1.1" 200 82941 "-" "Mozilla/5.0 (compatible; bingbot/2.0; +http://www.bing.com/bingbot.htm)" "ysfine.com"
154.22.133.73 - - [29/Sep/2022:10:50:59 -0700] "GET /einstein/places/ulm26.jpg HTTP/1.1" 200 104983 "-" "Mozilla/5.0 (Windows NT 6.3; WOW64) AppleWebKit/537.36 (KHTML, like Gecko) Chrome/38.0.2125.111 Safari/537.36" "www.ysfine.com"
154.22.132.116 - - [29/Sep/2022:10:50:59 -0700] "GET /world/places/ulm26.jpg HTTP/1.1" 200 104983 "-" "Mozilla/5.0 (Windows NT 6.3; WOW64) AppleWebKit/537.36 (KHTML, like Gecko) Chrome/38.0.2125.111 Safari/537.36" "www.ysfine.com"
20.191.45.212 - - [29/Sep/2022:10:51:14 -0700] "GET / HTTP/1.1" 200 5283 "https://www.ysfine.com/" "Mozilla/5.0 (compatible; DuckDuckGo-Favicons-Bot/1.0; +http://duckduckgo.com)" "www.ysfine.com"
20.191.45.212 - - [29/Sep/2022:10:51:15 -0700] "GET /favicon.ico HTTP/1.1" 404 88 "https://www.ysfine.com/favicon.ico" "Mozilla/5.0 (compatible; DuckDuckGo-Favicons-Bot/1.0; +http://duckduckgo.com)" "www.ysfine.com"
20.191.45.212 - - [29/Sep/2022:10:51:15 -0700] "GET /favicon.ico HTTP/1.1" 404 88 "https://www.ysfine.com/favicon.ico" "Mozilla/5.0 (compatible; DuckDuckGo-Favicons-Bot/1.0; +http://duckduckgo.com)" "www.ysfine.com"
137.226.113.44 - - [29/Sep/2022:10:51:30 -0700] "GET / HTTP/1.1" 200 5283 "-" "Mozilla/5.0 zgrab/0.x (compatible; Researchscan/http; +http://researchscan.comsys.rwth-aachen.de)" "www.ysfine.com"
157.55.39.58 - - [29/Sep/2022:10:51:46 -0700] "GET /sbk/2002nyc22.jpg HTTP/1.1" 200 171993 "-" "Mozilla/5.0 (compatible; bingbot/2.0; +http://www.bing.com/bingbot.htm)" "ysfine.com"
157.55.39.58 - - [29/Sep/2022:10:54:07 -0700] "GET /sbk/2001sorak11.jpg HTTP/1.1" 200 45073 "-" "Mozilla/5.0 (compatible; bingbot/2.0; +http://www.bing.com/bingbot.htm)" "ysfine.com"
66.249.70.3 - - [29/Sep/2022:10:54:50 -0700] "GET /world/ital/verona02.jpg HTTP/1.1" 304 - "-" "Googlebot-Image/1.0" "ysfine.com"
66.249.70.30 - - [29/Sep/2022:10:54:52 -0700] "GET /world/ital/milan011b.jpg HTTP/1.1" 200 41266 "-" "Googlebot-Image/1.0" "ysfine.com"
77.88.5.46 - - [29/Sep/2022:10:54:54 -0700] "GET /robots.txt HTTP/1.1" 404 73 "-" "Mozilla/5.0 (compatible; YandexBot/3.0; +http://yandex.com/bots)" "www.ysfine.com"
93.158.161.40 - - [29/Sep/2022:10:54:57 -0700] "GET /articles/symmetry12.pdf HTTP/1.1" 401 90 "-" "Mozilla/5.0 (compatible; YandexBot/3.0; +http://yandex.com/bots)" "www.ysfine.com"
207.46.13.102 - - [29/Sep/2022:10:55:32 -0700] "GET /world/brit/loncafe20.jpg HTTP/1.1" 200 93527 "-" "Mozilla/5.0 (compatible; bingbot/2.0; +http://www.bing.com/bingbot.htm)" "ysfine.com"
66.249.70.30 - - [29/Sep/2022:10:55:53 -0700] "GET /people/sibel.jpg HTTP/1.1" 304 - "-" "Googlebot-Image/1.0" "ysfine.com"
157.55.39.127 - - [29/Sep/2022:10:57:38 -0700] "GET /world/germany/vienopera22.jpg HTTP/1.1" 200 125468 "-" "Mozilla/5.0 (compatible; bingbot/2.0; +http://www.bing.com/bingbot.htm)" "ysfine.com"
220.181.108.83 - - [29/Sep/2022:10:58:22 -0700] "GET /home/feysavior.html HTTP/1.1" 200 2737 "-" "Mozilla/5.0 (compatible; Baiduspider/2.0; +http://www.baidu.com/search/spider.html)" "www.ysfine.com"
116.179.37.157 - - [29/Sep/2022:10:58:28 -0700] "GET /eink/eink54a.jpg HTTP/1.1" 200 79717 "https://www.ysfine.com/home/feysavior.html" "Mozilla/5.0 (compatible; Baiduspider-render/2.0; +http://www.baidu.com/search/spider.html)" "www.ysfine.com"
116.179.37.89 - - [29/Sep/2022:10:58:28 -0700] "GET /feynman/feynman300.jpg HTTP/1.1" 200 18273 "https://www.ysfine.com/home/feysavior.html" "Mozilla/5.0 (compatible; Baiduspider-render/2.0; +http://www.baidu.com/search/spider.html)" "www.ysfine.com"
116.179.37.104 - - [29/Sep/2022:10:58:28 -0700] "GET /home/comet01c.jpg HTTP/1.1" 200 54311 "https://www.ysfine.com/home/feysavior.html" "Mozilla/5.0 (compatible; Baiduspider-render/2.0; +http://www.baidu.com/search/spider.html)" "www.ysfine.com"
207.46.13.102 - - [29/Sep/2022:10:58:33 -0700] "GET /maga/phys/naimar/pewk03b.jpg HTTP/1.1" 200 29359 "-" "Mozilla/5.0 (compatible; bingbot/2.0; +http://www.bing.com/bingbot.htm)" "ysfine.com"
40.77.167.27 - - [29/Sep/2022:10:58:57 -0700] "GET /world/israel/jeru08.jpg HTTP/1.1" 200 179588 "-" "Mozilla/5.0 (compatible; bingbot/2.0; +http://www.bing.com/bingbot.htm)" "ysfine.com"
157.55.39.58 - - [29/Sep/2022:10:59:27 -0700] "GET /archives/proceedings/wpro01/?M=A HTTP/1.1" 200 1636 "-" "Mozilla/5.0 (compatible; bingbot/2.0; +http://www.bing.com/bingbot.htm)" "ysfine.com"
66.249.70.30 - - [29/Sep/2022:10:59:43 -0700] "GET /world/russ/togo11b.jpg HTTP/1.1" 200 47383 "-" "Googlebot-Image/1.0" "ysfine.com"
83.78.15.3 - - [29/Sep/2022:11:00:05 -0700] "GET /remote/wigner111/kim-32.jpg HTTP/1.1" 200 55109 "https://www.google.com/" "Mozilla/5.0 (Macintosh; Intel Mac OS X 10_15_7) AppleWebKit/537.36 (KHTML, like Gecko) Chrome/105.0.0.0 Safari/537.36" "ysfine.com"
66.249.89.34 - - [29/Sep/2022:11:00:13 -0700] "GET /wisdom/kori22.jpg HTTP/1.1" 200 220365 "-" "Mozilla/5.0 (Macintosh; Intel Mac OS X 10_8_4) AppleWebKit/537.36 (KHTML, like Gecko) Chrome/28.0.1500.71 Safari/537.36" "ysfine.com"
66.249.89.63 - - [29/Sep/2022:11:00:13 -0700] "GET /wisdom/kori22.jpg HTTP/1.1" 200 220365 "-" "Mozilla/5.0 (Macintosh; Intel Mac OS X 10_8_4) AppleWebKit/537.36 (KHTML, like Gecko) Chrome/28.0.1500.71 Safari/537.36" "ysfine.com"
66.249.70.3 - - [29/Sep/2022:11:03:00 -0700] "GET /world/brit/picca25b.jpg HTTP/1.1" 200 53447 "-" "Googlebot-Image/1.0" "ysfine.com"
157.55.39.127 - - [29/Sep/2022:11:03:59 -0700] "GET /world/ital/sapienza01.jpg HTTP/1.1" 200 140820 "-" "Mozilla/5.0 (compatible; bingbot/2.0; +http://www.bing.com/bingbot.htm)" "ysfine.com"
40.77.167.27 - - [29/Sep/2022:11:04:08 -0700] "GET /world/germany/oktf06.jpg HTTP/1.1" 200 116199 "-" "Mozilla/5.0 AppleWebKit/537.36 (KHTML, like Gecko; compatible; bingbot/2.0; +http://www.bing.com/bingbot.htm) Chrome/103.0.5060.134 Safari/537.36" "www.ysfine.com"
66.249.70.30 - - [29/Sep/2022:11:04:47 -0700] "GET /maga/phil/mao100.jpg HTTP/1.1" 200 173504 "-" "Googlebot-Image/1.0" "ysfine.com"
173.245.202.232 - - [29/Sep/2022:11:04:50 -0700] "GET /confer/other.html HTTP/1.1" 404 88 "http://ysfine.com" "Mozilla/5.0 (Windows NT 10.0; Win64; x64) AppleWebKit/537.36 (KHTML, like Gecko) Chrome/62.0.3202.94 Safari/537.36" "ysfine.com"
173.245.202.232 - - [29/Sep/2022:11:04:51 -0700] "GET /confer/other.html HTTP/1.1" 404 88 "http://ysfine.com" "Mozilla/5.0 (Windows NT 10.0; Win64; x64) AppleWebKit/537.36 (KHTML, like Gecko) Chrome/62.0.3202.94 Safari/537.36" "ysfine.com"
173.245.202.232 - - [29/Sep/2022:11:04:52 -0700] "GET /confer/other.html HTTP/1.1" 404 88 "http://ysfine.com" "Mozilla/5.0 (Windows NT 10.0; Win64; x64) AppleWebKit/537.36 (KHTML, like Gecko) Chrome/62.0.3202.94 Safari/537.36" "ysfine.com"
157.55.39.128 - - [29/Sep/2022:11:07:39 -0700] "GET /kowar/tanks/tank11c.jpg HTTP/1.1" 200 43471 "-" "Mozilla/5.0 (compatible; bingbot/2.0; +http://www.bing.com/bingbot.htm)" "www.ysfine.com"
207.46.13.102 - - [29/Sep/2022:11:08:33 -0700] "GET /houses/etaylor.jpg HTTP/1.1" 200 81116 "-" "Mozilla/5.0 (compatible; bingbot/2.0; +http://www.bing.com/bingbot.htm)" "ysfine.com"
157.55.39.55 - - [29/Sep/2022:11:09:16 -0700] "GET /world/france/triomf08b.jpg HTTP/1.1" 200 48006 "-" "Mozilla/5.0 (compatible; bingbot/2.0; +http://www.bing.com/bingbot.htm)" "www.ysfine.com"
103.131.71.128 - - [29/Sep/2022:11:09:50 -0700] "GET /kobak/warstorie.html HTTP/1.1" 304 - "-" "Mozilla/5.0 (compatible; coccocbot-web/1.0; +http://help.coccoc.com/searchengine)" "ysfine.com"
188.165.254.225 - - [29/Sep/2022:11:09:57 -0700] "GET /world/arusas.html HTTP/1.1" 200 7838 "-" "Mozilla/5.0 (Macintosh; Intel Mac OS X 10_8_1) AppleWebKit/537.36 (KHTML, like Gecko) Chrome/55.0.2915.70 Safari/537.36" "ysfine.com"
157.55.39.55 - - [29/Sep/2022:11:10:07 -0700] "GET /wigner/cylinder11b.jpg HTTP/1.1" 200 38614 "-" "Mozilla/5.0 (compatible; bingbot/2.0; +http://www.bing.com/bingbot.htm)" "ysfine.com"
103.131.71.96 - - [29/Sep/2022:11:10:11 -0700] "GET / HTTP/1.1" 200 5283 "-" "Mozilla/5.0 (compatible; coccocbot-web/1.0; +http://help.coccoc.com/searchengine)" "ysfine.com"
66.249.70.3 - - [29/Sep/2022:11:10:18 -0700] "GET /wigner/wigjad11.jpg HTTP/1.1" 304 - "-" "Googlebot-Image/1.0" "ysfine.com"
85.208.98.23 - - [29/Sep/2022:11:10:21 -0700] "GET /robots.txt HTTP/1.1" 404 88 "http://www.ysfine.com/robots.txt" "Mozilla/5.0 (compatible; SemrushBot-BA; +http://www.semrush.com/bot.html)" "www.ysfine.com"
85.208.98.23 - - [29/Sep/2022:11:10:21 -0700] "GET /robots.txt HTTP/1.1" 404 88 "http://ysfine.com/robots.txt" "Mozilla/5.0 (compatible; SemrushBot-BA; +http://www.semrush.com/bot.html)" "ysfine.com"
152.30.201.54 - - [29/Sep/2022:11:10:34 -0700] "GET /maga/phil/kanthegel66.jpg HTTP/1.1" 200 76782 "https://www.google.com/" "Mozilla/5.0 (Windows NT 10.0; Win64; x64) AppleWebKit/537.36 (KHTML, like Gecko) Chrome/106.0.0.0 Safari/537.36" "ysfine.com"
85.208.98.29 - - [29/Sep/2022:11:10:38 -0700] "GET /style/restau.html HTTP/1.1" 200 2149 "-" "Mozilla/5.0 (compatible; SemrushBot-BA; +http://www.semrush.com/bot.html)" "ysfine.com"
85.208.98.16 - - [29/Sep/2022:11:10:47 -0700] "GET /style/restau.html HTTP/1.1" 200 2149 "-" "Mozilla/5.0 (compatible; SemrushBot-BA; +http://www.semrush.com/bot.html)" "www.ysfine.com"
83.131.137.191 - - [29/Sep/2022:11:11:00 -0700] "GET /philo/keigel11.jpg HTTP/1.1" 200 113857 "https://www.google.com/" "Mozilla/5.0 (Linux; Android 11; SM-G998B Build/RP1A.200720.012; wv) AppleWebKit/537.36 (KHTML, like Gecko) Version/4.0 Chrome/105.0.5195.136 Mobile Safari/537.36 GoogleApp/13.37.10.26.arm64" "ysfine.com"
151.228.223.113 - - [29/Sep/2022:11:11:04 -0700] "GET /dirac/dfkim11.jpg HTTP/1.1" 200 102093 "https://www.google.com/" "Mozilla/5.0 (Windows NT 6.1; Win64; x64; rv:105.0) Gecko/20100101 Firefox/105.0" "ysfine.com"
5.124.78.224 - - [29/Sep/2022:11:11:17 -0700] "GET /wigner/wigheis33.jpg HTTP/1.1" 200 120687 "https://www.google.com/" "Mozilla/5.0 (Linux; Android 12; M2012K11AG) AppleWebKit/537.36 (KHTML, like Gecko) Chrome/96.0.4664.104 Mobile Safari/537.36" "ysfine.com"
66.249.70.4 - - [29/Sep/2022:11:11:50 -0700] "GET /wdc/usna14.jpg HTTP/1.1" 200 98975 "-" "Googlebot-Image/1.0" "ysfine.com"
17.121.115.46 - - [29/Sep/2022:11:14:03 -0700] "GET /einstein/einplanck.html HTTP/1.1" 200 3255 "-" "Mozilla/5.0 (Macintosh; Intel Mac OS X 10_15_5) AppleWebKit/605.1.15 (KHTML, like Gecko) Version/13.1.1 Safari/605.1.15 (Applebot/0.1; +http://www.apple.com/go/applebot)" "ysfine.com"
216.244.66.229 - - [29/Sep/2022:11:17:43 -0700] "GET /robots.txt HTTP/1.1" 404 73 "-" "Mozilla/5.0 (compatible; DotBot/1.2; +https://opensiteexplorer.org/dotbot; help@moz.com)" "www.ysfine.com"
77.75.79.72 - - [29/Sep/2022:11:18:19 -0700] "GET /robots.txt HTTP/1.1" 404 88 "-" "Mozilla/5.0 (compatible; SeznamBot/3.2; +http://napoveda.seznam.cz/en/seznambot-intro/)" "ysfine.com"
77.75.79.72 - - [29/Sep/2022:11:18:20 -0700] "GET /einstein/standrun33a.jpg HTTP/1.1" 200 37021 "-" "Mozilla/5.0 (compatible; SeznamBot/3.2; +http://napoveda.seznam.cz/en/seznambot-intro/)" "ysfine.com"
77.75.79.72 - - [29/Sep/2022:11:18:23 -0700] "GET /yspapers/ellipse53.jpg HTTP/1.1" 200 124704 "-" "Mozilla/5.0 (compatible; SeznamBot/3.2; +http://napoveda.seznam.cz/en/seznambot-intro/)" "ysfine.com"
77.75.79.72 - - [29/Sep/2022:11:18:26 -0700] "GET /dirac/goldhaber.jpg HTTP/1.1" 200 83520 "-" "Mozilla/5.0 (compatible; SeznamBot/3.2; +http://napoveda.seznam.cz/en/seznambot-intro/)" "ysfine.com"
207.46.13.102 - - [29/Sep/2022:11:19:34 -0700] "GET /sbk/2006merm11.jpg HTTP/1.1" 200 288277 "-" "Mozilla/5.0 (compatible; bingbot/2.0; +http://www.bing.com/bingbot.htm)" "www.ysfine.com"
181.51.34.187 - - [29/Sep/2022:11:20:41 -0700] "GET /dirac/dirfoc62.jpg HTTP/1.1" 200 192075 "https://www.google.com/" "Mozilla/5.0 (Linux; Android 8.0.0; SM-G570M) AppleWebKit/537.36 (KHTML, like Gecko) Chrome/103.0.0.0 Mobile Safari/537.36" "ysfine.com"
207.46.13.102 - - [29/Sep/2022:11:20:55 -0700] "GET /style/bstring33c.jpg HTTP/1.1" 200 28940 "-" "Mozilla/5.0 (compatible; bingbot/2.0; +http://www.bing.com/bingbot.htm)" "www.ysfine.com"
5.124.78.224 - - [29/Sep/2022:11:22:06 -0700] "GET /wigner/neum/vnc03.jpg HTTP/1.1" 200 80421 "https://www.google.com/" "Mozilla/5.0 (Linux; Android 12; M2012K11AG) AppleWebKit/537.36 (KHTML, like Gecko) Chrome/96.0.4664.104 Mobile Safari/537.36" "ysfine.com"
5.124.78.224 - - [29/Sep/2022:11:22:30 -0700] "GET /wigner/neum/vnc07.jpg HTTP/1.1" 200 95908 "https://www.google.com/" "Mozilla/5.0 (Linux; Android 12; M2012K11AG) AppleWebKit/537.36 (KHTML, like Gecko) Chrome/96.0.4664.104 Mobile Safari/537.36" "ysfine.com"
211.249.46.34 - - [29/Sep/2022:11:22:38 -0700] "GET /yspapers/iop20c.jpg HTTP/1.1" 200 29134 "-" "Mozilla/5.0 (compatible; Yeti/1.1; +https://naver.me/spd)" "ysfine.com"
5.124.78.224 - - [29/Sep/2022:11:22:44 -0700] "GET /wigner/neum/vnc06.jpg HTTP/1.1" 200 112606 "https://www.google.com/" "Mozilla/5.0 (Linux; Android 12; M2012K11AG) AppleWebKit/537.36 (KHTML, like Gecko) Chrome/96.0.4664.104 Mobile Safari/537.36" "ysfine.com"
5.102.173.71 - - [29/Sep/2022:11:26:16 -0700] "GET /robots.txt HTTP/1.1" 404 88 "-" "Mozilla/5.0 (compatible; MojeekBot/0.11; +https://www.mojeek.com/bot.html)" "ysfine.com"
5.102.173.71 - - [29/Sep/2022:11:26:16 -0700] "GET /home/dwf22.html HTTP/1.1" 200 1498 "-" "Mozilla/5.0 (compatible; MojeekBot/0.11; +https://www.mojeek.com/bot.html)" "ysfine.com"
46.187.59.227 - - [29/Sep/2022:11:26:17 -0700] "GET /dirac/wigsis.html HTTP/1.1" 200 28304 "https://ysfine.com/dirac/wigsis.html" "Mozilla/5.0 (Windows NT 6.1; WOW64) AppleWebKit/537.36 (KHTML, like Gecko) Chrome/90.0.4430.72 Safari/537.36" "ysfine.com"
114.119.128.142 - - [29/Sep/2022:11:26:45 -0700] "GET /class54/class5470/total_data/photo_img/1-39.jpg HTTP/1.1" 200 135876 "https://ysfine.com/class54/class5470/total_data/sub_139.htm" "Mozilla/5.0 (Linux; Android 7.0;) AppleWebKit/537.36 (KHTML, like Gecko) Mobile Safari/537.36 (compatible; PetalBot;+https://webmaster.petalsearch.com/site/petalbot)" "ysfine.com"
207.46.13.102 - - [29/Sep/2022:11:26:45 -0700] "GET /maga/phys/schrod34.jpg HTTP/1.1" 200 49191 "-" "Mozilla/5.0 (compatible; bingbot/2.0; +http://www.bing.com/bingbot.htm)" "ysfine.com"
46.248.132.150 - - [29/Sep/2022:11:26:49 -0700] "GET /world/baltic/kalin01.jpg HTTP/1.1" 200 102358 "https://www.bing.com/" "Mozilla/5.0 (Windows NT 10.0; Win64; x64) AppleWebKit/537.36 (KHTML, like Gecko) Chrome/105.0.0.0 Safari/537.36 Edg/105.0.1343.53" "www.ysfine.com"
220.181.108.177 - - [29/Sep/2022:11:28:22 -0700] "GET / HTTP/1.1" 304 - "-" "Mozilla/5.0 (compatible; Baiduspider/2.0; +http://www.baidu.com/search/spider.html)" "www.ysfine.com"
66.249.70.30 - - [29/Sep/2022:11:28:48 -0700] "GET /maga/phys/naimar/pewk09b.jpg HTTP/1.1" 304 - "-" "Googlebot-Image/1.0" "ysfine.com"
173.252.83.17 - - [29/Sep/2022:11:30:19 -0700] "GET /kobak/sorae/sorae01b.jpg HTTP/1.1" 200 27588 "-" "facebookexternalhit/1.1 (+http://www.facebook.com/externalhit_uatext.php)" "ysfine.com"
114.119.128.14 - - [29/Sep/2022:11:30:28 -0700] "GET /wisdom/wk10.html HTTP/1.1" 200 24659 "-" "Mozilla/5.0 (Linux; Android 7.0;) AppleWebKit/537.36 (KHTML, like Gecko) Mobile Safari/537.36 (compatible; PetalBot;+https://webmaster.petalsearch.com/site/petalbot)" "ysfine.com"
109.206.241.197 - - [29/Sep/2022:11:30:31 -0700] "HEAD / HTTP/1.1" 200 - "-" "python-requests/2.25.1" "ysfine.com"
109.206.241.197 - - [29/Sep/2022:11:30:32 -0700] "GET / HTTP/1.1" 200 5283 "-" "Mozilla/5.0 (Macintosh; Intel Mac OS X 10_10_1) AppleWebKit/537.36 (KHTML, like Gecko) Chrome/39.0.2171.95 Safari/537.36" "ysfine.com"
103.108.21.119 - - [29/Sep/2022:11:30:35 -0700] "GET /world/russ/roskei10.jpg HTTP/1.1" 200 75892 "https://www.google.com/" "Mozilla/5.0 (Linux; U; Android 8.1.0; CPH1909 Build/O11019; wv) AppleWebKit/537.36 (KHTML, like Gecko) Version/4.0 Chrome/105.0.5195.136 Mobile Safari/537.36 OPR/64.0.2254.62635" "ysfine.com"
109.206.241.197 - - [29/Sep/2022:11:30:36 -0700] "GET /jobs/index.html HTTP/1.1" 200 123 "-" "Mozilla/5.0 (Macintosh; Intel Mac OS X 10_10_1) AppleWebKit/537.36 (KHTML, like Gecko) Chrome/39.0.2171.95 Safari/537.36" "ysfine.com"
109.206.241.197 - - [29/Sep/2022:11:30:38 -0700] "GET /eink/index.html HTTP/1.1" 200 17659 "-" "Mozilla/5.0 (Macintosh; Intel Mac OS X 10_10_1) AppleWebKit/537.36 (KHTML, like Gecko) Chrome/39.0.2171.95 Safari/537.36" "ysfine.com"
157.55.39.128 - - [29/Sep/2022:11:30:41 -0700] "GET /dongio/spany01c.jpg HTTP/1.1" 404 88 "-" "Mozilla/5.0 (compatible; bingbot/2.0; +http://www.bing.com/bingbot.htm)" "ysfine.com"
20.169.49.224 - - [29/Sep/2022:11:30:42 -0700] "GET / HTTP/1.1" 200 15910 "-" "Mozilla/5.0 (Windows NT 10.0; Win64; x64) AppleWebKit/537.36 (KHTML, like Gecko) Chrome/88.0.4240.193 Safari/537.36" "ysfine.com"
141.0.9.172 - - [29/Sep/2022:11:30:42 -0700] "GET /kobak/kohist.html HTTP/1.1" 200 6039 "https://www.google.com/" "Mozilla/5.0 (Linux; U; Android 8.1.0; CPH1909 Build/O11019; wv) AppleWebKit/537.36 (KHTML, like Gecko) Version/4.0 Chrome/105.0.5195.136 Mobile Safari/537.36 OPR/64.0.2254.62635" "ysfine.com"
20.169.49.224 - - [29/Sep/2022:11:30:42 -0700] "GET /xmlrpc.php?rsd HTTP/1.1" 404 73 "-" "Mozilla/5.0 (Windows NT 10.0; Win64; x64) AppleWebKit/537.36 (KHTML, like Gecko) Chrome/88.0.4240.193 Safari/537.36" "ysfine.com"
141.0.9.172 - - [29/Sep/2022:11:30:43 -0700] "GET /kobak/yalta22b.jpg HTTP/1.1" 200 51369 "https://ysfine.com/kobak/kohist.html" "Mozilla/5.0 (Linux; U; Android 8.1.0; CPH1909 Build/O11019; wv) AppleWebKit/537.36 (KHTML, like Gecko) Version/4.0 Chrome/105.0.5195.136 Mobile Safari/537.36 OPR/64.0.2254.62635" "ysfine.com"
141.0.9.172 - - [29/Sep/2022:11:30:43 -0700] "GET /kobak/rhee10b.jpg HTTP/1.1" 200 29337 "https://ysfine.com/kobak/kohist.html" "Mozilla/5.0 (Linux; U; Android 8.1.0; CPH1909 Build/O11019; wv) AppleWebKit/537.36 (KHTML, like Gecko) Version/4.0 Chrome/105.0.5195.136 Mobile Safari/537.36 OPR/64.0.2254.62635" "ysfine.com"
20.169.49.224 - - [29/Sep/2022:11:30:43 -0700] "GET /blog/wp-includes/wlwmanifest.xml HTTP/1.1" 404 73 "-" "Mozilla/5.0 (Windows NT 10.0; Win64; x64) AppleWebKit/537.36 (KHTML, like Gecko) Chrome/88.0.4240.193 Safari/537.36" "ysfine.com"
141.0.9.172 - - [29/Sep/2022:11:30:43 -0700] "GET /world/russ/roskei90b.jpg HTTP/1.1" 200 50111 "https://ysfine.com/kobak/kohist.html" "Mozilla/5.0 (Linux; U; Android 8.1.0; CPH1909 Build/O11019; wv) AppleWebKit/537.36 (KHTML, like Gecko) Version/4.0 Chrome/105.0.5195.136 Mobile Safari/537.36 OPR/64.0.2254.62635" "ysfine.com"
20.169.49.224 - - [29/Sep/2022:11:30:43 -0700] "GET /web/wp-includes/wlwmanifest.xml HTTP/1.1" 404 73 "-" "Mozilla/5.0 (Windows NT 10.0; Win64; x64) AppleWebKit/537.36 (KHTML, like Gecko) Chrome/88.0.4240.193 Safari/537.36" "ysfine.com"
20.169.49.224 - - [29/Sep/2022:11:30:44 -0700] "GET /wordpress/wp-includes/wlwmanifest.xml HTTP/1.1" 404 73 "-" "Mozilla/5.0 (Windows NT 10.0; Win64; x64) AppleWebKit/537.36 (KHTML, like Gecko) Chrome/88.0.4240.193 Safari/537.36" "ysfine.com"
141.0.9.172 - - [29/Sep/2022:11:30:44 -0700] "GET /world/russ/roskei10b.jpg HTTP/1.1" 200 36598 "https://ysfine.com/kobak/kohist.html" "Mozilla/5.0 (Linux; U; Android 8.1.0; CPH1909 Build/O11019; wv) AppleWebKit/537.36 (KHTML, like Gecko) Version/4.0 Chrome/105.0.5195.136 Mobile Safari/537.36 OPR/64.0.2254.62635" "ysfine.com"
20.169.49.224 - - [29/Sep/2022:11:30:44 -0700] "GET /wp/wp-includes/wlwmanifest.xml HTTP/1.1" 404 73 "-" "Mozilla/5.0 (Windows NT 10.0; Win64; x64) AppleWebKit/537.36 (KHTML, like Gecko) Chrome/88.0.4240.193 Safari/537.36" "ysfine.com"
20.169.49.224 - - [29/Sep/2022:11:30:45 -0700] "GET /shop/wp-includes/wlwmanifest.xml HTTP/1.1" 404 73 "-" "Mozilla/5.0 (Windows NT 10.0; Win64; x64) AppleWebKit/537.36 (KHTML, like Gecko) Chrome/88.0.4240.193 Safari/537.36" "ysfine.com"
20.169.49.224 - - [29/Sep/2022:11:30:46 -0700] "GET /wp1/wp-includes/wlwmanifest.xml HTTP/1.1" 404 73 "-" "Mozilla/5.0 (Windows NT 10.0; Win64; x64) AppleWebKit/537.36 (KHTML, like Gecko) Chrome/88.0.4240.193 Safari/537.36" "ysfine.com"
207.46.13.102 - - [29/Sep/2022:11:30:46 -0700] "GET /world/ital/flor064.jpg HTTP/1.1" 200 92740 "-" "Mozilla/5.0 (compatible; bingbot/2.0; +http://www.bing.com/bingbot.htm)" "ysfine.com"
20.169.49.224 - - [29/Sep/2022:11:30:46 -0700] "GET /wp2/wp-includes/wlwmanifest.xml HTTP/1.1" 404 73 "-" "Mozilla/5.0 (Windows NT 10.0; Win64; x64) AppleWebKit/537.36 (KHTML, like Gecko) Chrome/88.0.4240.193 Safari/537.36" "ysfine.com"
20.169.49.224 - - [29/Sep/2022:11:30:47 -0700] "GET /site/wp-includes/wlwmanifest.xml HTTP/1.1" 404 73 "-" "Mozilla/5.0 (Windows NT 10.0; Win64; x64) AppleWebKit/537.36 (KHTML, like Gecko) Chrome/88.0.4240.193 Safari/537.36" "ysfine.com"
141.0.9.172 - - [29/Sep/2022:11:30:50 -0700] "GET /favicon.ico HTTP/1.1" 404 88 "https://ysfine.com/kobak/kohist.html" "Mozilla/5.0 (Linux; U; Android 8.1.0; CPH1909 Build/O11019; wv) AppleWebKit/537.36 (KHTML, like Gecko) Version/4.0 Chrome/105.0.5195.136 Mobile Safari/537.36 OPR/64.0.2254.62635" "ysfine.com"
109.206.241.197 - - [29/Sep/2022:11:30:56 -0700] "GET /home/index.html HTTP/1.1" 200 142 "-" "Mozilla/5.0 (Macintosh; Intel Mac OS X 10_10_1) AppleWebKit/537.36 (KHTML, like Gecko) Chrome/39.0.2171.95 Safari/537.36" "ysfine.com"
109.206.241.197 - - [29/Sep/2022:11:30:57 -0700] "GET /home/bio.html HTTP/1.1" 200 15242 "-" "Mozilla/5.0 (Macintosh; Intel Mac OS X 10_10_1) AppleWebKit/537.36 (KHTML, like Gecko) Chrome/39.0.2171.95 Safari/537.36" "ysfine.com"
109.206.241.197 - - [29/Sep/2022:11:31:03 -0700] "GET /world/ysworld.html HTTP/1.1" 200 3195 "-" "Mozilla/5.0 (Macintosh; Intel Mac OS X 10_10_1) AppleWebKit/537.36 (KHTML, like Gecko) Chrome/39.0.2171.95 Safari/537.36" "ysfine.com"
109.206.241.197 - - [29/Sep/2022:11:31:06 -0700] "GET /home/bio77.html HTTP/1.1" 200 10474 "-" "Mozilla/5.0 (Macintosh; Intel Mac OS X 10_10_1) AppleWebKit/537.36 (KHTML, like Gecko) Chrome/39.0.2171.95 Safari/537.36" "ysfine.com"
109.206.241.197 - - [29/Sep/2022:11:31:29 -0700] "GET /dirac/index.html HTTP/1.1" 200 124 "-" "Mozilla/5.0 (Macintosh; Intel Mac OS X 10_10_1) AppleWebKit/537.36 (KHTML, like Gecko) Chrome/39.0.2171.95 Safari/537.36" "ysfine.com"
157.55.39.55 - - [29/Sep/2022:11:31:30 -0700] "GET /world/france/eiffel03.jpg HTTP/1.1" 200 88155 "-" "Mozilla/5.0 (compatible; bingbot/2.0; +http://www.bing.com/bingbot.htm)" "www.ysfine.com"
109.206.241.197 - - [29/Sep/2022:11:31:32 -0700] "GET /feynman/index.html HTTP/1.1" 200 124 "-" "Mozilla/5.0 (Macintosh; Intel Mac OS X 10_10_1) AppleWebKit/537.36 (KHTML, like Gecko) Chrome/39.0.2171.95 Safari/537.36" "ysfine.com"
109.206.241.197 - - [29/Sep/2022:11:31:34 -0700] "GET /people/peo.html HTTP/1.1" 200 13502 "-" "Mozilla/5.0 (Macintosh; Intel Mac OS X 10_10_1) AppleWebKit/537.36 (KHTML, like Gecko) Chrome/39.0.2171.95 Safari/537.36" "ysfine.com"
109.206.241.197 - - [29/Sep/2022:11:31:41 -0700] "GET /home/bio22.html HTTP/1.1" 200 12856 "-" "Mozilla/5.0 (Macintosh; Intel Mac OS X 10_10_1) AppleWebKit/537.36 (KHTML, like Gecko) Chrome/39.0.2171.95 Safari/537.36" "ysfine.com"
157.55.39.127 - - [29/Sep/2022:11:31:49 -0700] "GET /maga/phil/tao07.jpg HTTP/1.1" 200 63473 "-" "Mozilla/5.0 (compatible; bingbot/2.0; +http://www.bing.com/bingbot.htm)" "ysfine.com"
109.206.241.197 - - [29/Sep/2022:11:31:54 -0700] "GET /princeton/index.html HTTP/1.1" 200 140 "-" "Mozilla/5.0 (Macintosh; Intel Mac OS X 10_10_1) AppleWebKit/537.36 (KHTML, like Gecko) Chrome/39.0.2171.95 Safari/537.36" "ysfine.com"
72.48.115.202 - - [29/Sep/2022:11:31:55 -0700] "GET /world/russ/mosko01.jpg HTTP/1.1" 200 74314 "https://www.google.com/" "Mozilla/5.0 (Windows NT 10.0; Win64; x64) AppleWebKit/537.36 (KHTML, like Gecko) Chrome/105.0.0.0 Safari/537.36" "ysfine.com"
109.206.241.197 - - [29/Sep/2022:11:31:58 -0700] "GET /home/dwf.html HTTP/1.1" 200 4126 "-" "Mozilla/5.0 (Macintosh; Intel Mac OS X 10_10_1) AppleWebKit/537.36 (KHTML, like Gecko) Chrome/39.0.2171.95 Safari/537.36" "ysfine.com"
157.55.39.58 - - [29/Sep/2022:11:32:00 -0700] "GET /world/ital/stcroce14.jpg HTTP/1.1" 200 67622 "-" "Mozilla/5.0 (compatible; bingbot/2.0; +http://www.bing.com/bingbot.htm)" "ysfine.com"
109.206.241.197 - - [29/Sep/2022:11:32:02 -0700] "GET /home/dashen.html HTTP/1.1" 200 4015 "-" "Mozilla/5.0 (Macintosh; Intel Mac OS X 10_10_1) AppleWebKit/537.36 (KHTML, like Gecko) Chrome/39.0.2171.95 Safari/537.36" "ysfine.com"
109.206.241.197 - - [29/Sep/2022:11:32:05 -0700] "GET /maga/herod.html HTTP/1.1" 200 4341 "-" "Mozilla/5.0 (Macintosh; Intel Mac OS X 10_10_1) AppleWebKit/537.36 (KHTML, like Gecko) Chrome/39.0.2171.95 Safari/537.36" "ysfine.com"
109.206.241.197 - - [29/Sep/2022:11:32:12 -0700] "GET /home/easy.html HTTP/1.1" 200 7877 "-" "Mozilla/5.0 (Macintosh; Intel Mac OS X 10_10_1) AppleWebKit/537.36 (KHTML, like Gecko) Chrome/39.0.2171.95 Safari/537.36" "ysfine.com"
109.206.241.197 - - [29/Sep/2022:11:32:17 -0700] "GET /wigner/wigner39.html HTTP/1.1" 200 330 "-" "Mozilla/5.0 (Macintosh; Intel Mac OS X 10_10_1) AppleWebKit/537.36 (KHTML, like Gecko) Chrome/39.0.2171.95 Safari/537.36" "ysfine.com"
109.206.241.197 - - [29/Sep/2022:11:32:18 -0700] "GET /wdc/index.html HTTP/1.1" 200 141 "-" "Mozilla/5.0 (Macintosh; Intel Mac OS X 10_10_1) AppleWebKit/537.36 (KHTML, like Gecko) Chrome/39.0.2171.95 Safari/537.36" "ysfine.com"
109.206.241.197 - - [29/Sep/2022:11:32:23 -0700] "GET /sbk/index.html HTTP/1.1" 200 198 "-" "Mozilla/5.0 (Macintosh; Intel Mac OS X 10_10_1) AppleWebKit/537.36 (KHTML, like Gecko) Chrome/39.0.2171.95 Safari/537.36" "ysfine.com"
109.206.241.197 - - [29/Sep/2022:11:32:32 -0700] "GET /style/stbot.html HTTP/1.1" 200 122 "-" "Mozilla/5.0 (Macintosh; Intel Mac OS X 10_10_1) AppleWebKit/537.36 (KHTML, like Gecko) Chrome/39.0.2171.95 Safari/537.36" "ysfine.com"
66.249.70.30 - - [29/Sep/2022:11:34:03 -0700] "GET /maga/phys/naimar/pewk03b.jpg HTTP/1.1" 304 - "-" "Googlebot-Image/1.0" "ysfine.com"
66.249.70.30 - - [29/Sep/2022:11:34:11 -0700] "GET /world/germany/leipzig04b.jpg HTTP/1.1" 304 - "-" "Googlebot-Image/1.0" "ysfine.com"
81.225.112.135 - - [29/Sep/2022:11:34:17 -0700] "GET /home/goodbad55c.jpg HTTP/1.1" 200 24415 "-" "Mozilla/5.0 (Linux; Android 10; ELS-NX9; HMSCore 6.7.0.322) AppleWebKit/537.36 (KHTML, like Gecko) Chrome/92.0.4515.105 HuaweiBrowser/12.1.1.324 Mobile Safari/537.36" "ysfine.com"
81.225.112.135 - - [29/Sep/2022:11:34:17 -0700] "GET /home/top21c.jpg HTTP/1.1" 200 53120 "-" "Mozilla/5.0 (Linux; Android 10; ELS-NX9; HMSCore 6.7.0.322) AppleWebKit/537.36 (KHTML, like Gecko) Chrome/92.0.4515.105 HuaweiBrowser/12.1.1.324 Mobile Safari/537.36" "ysfine.com"
81.225.112.135 - - [29/Sep/2022:11:34:17 -0700] "GET /home/eink77c.jpg HTTP/1.1" 200 47471 "-" "Mozilla/5.0 (Linux; Android 10; ELS-NX9; HMSCore 6.7.0.322) AppleWebKit/537.36 (KHTML, like Gecko) Chrome/92.0.4515.105 HuaweiBrowser/12.1.1.324 Mobile Safari/537.36" "ysfine.com"
81.225.112.135 - - [29/Sep/2022:11:34:17 -0700] "GET /eink/ewk86a.jpg HTTP/1.1" 200 70895 "-" "Mozilla/5.0 (Linux; Android 10; ELS-NX9; HMSCore 6.7.0.322) AppleWebKit/537.36 (KHTML, like Gecko) Chrome/92.0.4515.105 HuaweiBrowser/12.1.1.324 Mobile Safari/537.36" "ysfine.com"
81.225.112.135 - - [29/Sep/2022:11:34:17 -0700] "GET /wdc/washmo23c.jpg HTTP/1.1" 200 21217 "-" "Mozilla/5.0 (Linux; Android 10; ELS-NX9; HMSCore 6.7.0.322) AppleWebKit/537.36 (KHTML, like Gecko) Chrome/92.0.4515.105 HuaweiBrowser/12.1.1.324 Mobile Safari/537.36" "ysfine.com"
81.225.112.135 - - [29/Sep/2022:11:34:18 -0700] "GET /wdc/eindc03c.jpg HTTP/1.1" 200 48446 "-" "Mozilla/5.0 (Linux; Android 10; ELS-NX9; HMSCore 6.7.0.322) AppleWebKit/537.36 (KHTML, like Gecko) Chrome/92.0.4515.105 HuaweiBrowser/12.1.1.324 Mobile Safari/537.36" "ysfine.com"
81.225.112.135 - - [29/Sep/2022:11:34:18 -0700] "GET /sbk/1987pr22c.jpg HTTP/1.1" 200 40964 "-" "Mozilla/5.0 (Linux; Android 10; ELS-NX9; HMSCore 6.7.0.322) AppleWebKit/537.36 (KHTML, like Gecko) Chrome/92.0.4515.105 HuaweiBrowser/12.1.1.324 Mobile Safari/537.36" "ysfine.com"
81.225.112.135 - - [29/Sep/2022:11:34:18 -0700] "GET /kobak/taylor33c.jpg HTTP/1.1" 200 39951 "-" "Mozilla/5.0 (Linux; Android 10; ELS-NX9; HMSCore 6.7.0.322) AppleWebKit/537.36 (KHTML, like Gecko) Chrome/92.0.4515.105 HuaweiBrowser/12.1.1.324 Mobile Safari/537.36" "ysfine.com"
81.225.112.135 - - [29/Sep/2022:11:34:18 -0700] "GET /eink/eink54a.jpg HTTP/1.1" 200 79717 "-" "Mozilla/5.0 (Linux; Android 10; ELS-NX9; HMSCore 6.7.0.322) AppleWebKit/537.36 (KHTML, like Gecko) Chrome/92.0.4515.105 HuaweiBrowser/12.1.1.324 Mobile Safari/537.36" "ysfine.com"
176.33.98.223 - - [29/Sep/2022:11:35:41 -0700] "GET /wigner/weissk.html HTTP/1.1" 200 3299 "-" "Mozilla/5.0 (Windows NT 10.0; Win64; x64) AppleWebKit/537.36 (KHTML, like Gecko) Chrome/105.0.0.0 Safari/537.36" "www.ysfine.com"
157.55.39.58 - - [29/Sep/2022:11:36:01 -0700] "GET /people/hartle.jpg HTTP/1.1" 200 67528 "-" "Mozilla/5.0 (compatible; bingbot/2.0; +http://www.bing.com/bingbot.htm)" "ysfine.com"
151.228.223.113 - - [29/Sep/2022:11:36:23 -0700] "GET /feynman/feychin.jpg HTTP/1.1" 200 33472 "https://www.google.com/" "Mozilla/5.0 (Windows NT 6.1; Win64; x64; rv:105.0) Gecko/20100101 Firefox/105.0" "ysfine.com"
122.161.52.135 - - [29/Sep/2022:11:36:56 -0700] "GET /einstein/places/einha17.jpg HTTP/1.1" 200 76725 "https://www.google.com/" "Mozilla/5.0 (Windows NT 6.1; Win64; x64) AppleWebKit/537.36 (KHTML, like Gecko) Chrome/105.0.0.0 Safari/537.36" "ysfine.com"
173.72.39.248 - - [29/Sep/2022:11:36:59 -0700] "GET /wigner/grave.jpg HTTP/1.1" 200 95974 "https://www.google.com/" "Mozilla/5.0 (iPhone; CPU iPhone OS 15_6_1 like Mac OS X) AppleWebKit/605.1.15 (KHTML, like Gecko) GSA/231.0.475926209 Mobile/19G82 Safari/604.1" "ysfine.com"
151.228.223.113 - - [29/Sep/2022:11:37:05 -0700] "GET /feynman/feygell22.jpg HTTP/1.1" 200 61564 "https://www.google.com/" "Mozilla/5.0 (Windows NT 6.1; Win64; x64; rv:105.0) Gecko/20100101 Firefox/105.0" "ysfine.com"
173.72.39.248 - - [29/Sep/2022:11:37:07 -0700] "GET /wigner/wigphoto.html HTTP/1.1" 200 3234 "https://www.google.com/" "Mozilla/5.0 (iPhone; CPU iPhone OS 15_6 like Mac OS X) AppleWebKit/605.1.15 (KHTML, like Gecko) GSA/231.0.475926209 Mobile/15E148 Safari/604.1" "ysfine.com"
40.77.167.27 - - [29/Sep/2022:11:37:41 -0700] "GET /feynman/fc3.jpg HTTP/1.1" 200 89365 "-" "Mozilla/5.0 AppleWebKit/537.36 (KHTML, like Gecko; compatible; bingbot/2.0; +http://www.bing.com/bingbot.htm) Chrome/103.0.5060.134 Safari/537.36" "www.ysfine.com"
66.249.70.4 - - [29/Sep/2022:11:38:06 -0700] "GET /princeton/pumu16.jpg HTTP/1.1" 304 - "-" "Googlebot-Image/1.0" "ysfine.com"
157.55.39.127 - - [29/Sep/2022:11:39:21 -0700] "GET /world/russ/kazan009.jpg HTTP/1.1" 200 94689 "-" "Mozilla/5.0 (compatible; bingbot/2.0; +http://www.bing.com/bingbot.htm)" "www.ysfine.com"
93.158.161.40 - - [29/Sep/2022:11:39:40 -0700] "GET /robots.txt HTTP/1.1" 404 73 "-" "Mozilla/5.0 (compatible; YandexBot/3.0; +http://yandex.com/bots)" "www.ysfine.com"
157.55.39.58 - - [29/Sep/2022:11:40:11 -0700] "GET /sbk/2010paris55.jpg HTTP/1.1" 200 132096 "-" "Mozilla/5.0 (compatible; bingbot/2.0; +http://www.bing.com/bingbot.htm)" "ysfine.com"
77.75.79.31 - - [29/Sep/2022:11:40:15 -0700] "GET /wigner/wigtop.html HTTP/1.1" 304 - "-" "Mozilla/5.0 (compatible; SeznamBot/4.0-RC1; +http://napoveda.seznam.cz/seznambot-intro/)" "ysfine.com"
37.225.17.86 - - [29/Sep/2022:11:40:51 -0700] "GET /feynman/feydirac270.jpg HTTP/1.1" 200 59000 "https://ysfine.com/world/polandp.html" "Mozilla/5.0 (iPhone; CPU iPhone OS 16_0 like Mac OS X) AppleWebKit/605.1.15 (KHTML, like Gecko) Version/16.0 Mobile/15E148 Safari/604.1" "ysfine.com"
37.225.17.86 - - [29/Sep/2022:11:40:51 -0700] "GET /world/poland/jablo01b.jpg HTTP/1.1" 200 39801 "https://ysfine.com/world/polandp.html" "Mozilla/5.0 (iPhone; CPU iPhone OS 16_0 like Mac OS X) AppleWebKit/605.1.15 (KHTML, like Gecko) Version/16.0 Mobile/15E148 Safari/604.1" "ysfine.com"
37.225.17.86 - - [29/Sep/2022:11:40:51 -0700] "GET /world/poland/jablo19b.jpg HTTP/1.1" 200 49913 "https://ysfine.com/world/polandp.html" "Mozilla/5.0 (iPhone; CPU iPhone OS 16_0 like Mac OS X) AppleWebKit/605.1.15 (KHTML, like Gecko) Version/16.0 Mobile/15E148 Safari/604.1" "ysfine.com"
37.225.17.86 - - [29/Sep/2022:11:40:51 -0700] "GET /world/poland/jablo20b.jpg HTTP/1.1" 200 41339 "https://ysfine.com/world/polandp.html" "Mozilla/5.0 (iPhone; CPU iPhone OS 16_0 like Mac OS X) AppleWebKit/605.1.15 (KHTML, like Gecko) Version/16.0 Mobile/15E148 Safari/604.1" "ysfine.com"
37.225.17.86 - - [29/Sep/2022:11:40:51 -0700] "GET /world/poland/jablo08b.jpg HTTP/1.1" 200 42070 "https://ysfine.com/world/polandp.html" "Mozilla/5.0 (iPhone; CPU iPhone OS 16_0 like Mac OS X) AppleWebKit/605.1.15 (KHTML, like Gecko) Version/16.0 Mobile/15E148 Safari/604.1" "ysfine.com"
37.225.17.86 - - [29/Sep/2022:11:40:52 -0700] "GET /world/poland/jablo62b.jpg HTTP/1.1" 200 33975 "https://ysfine.com/world/polandp.html" "Mozilla/5.0 (iPhone; CPU iPhone OS 16_0 like Mac OS X) AppleWebKit/605.1.15 (KHTML, like Gecko) Version/16.0 Mobile/15E148 Safari/604.1" "ysfine.com"
37.225.17.86 - - [29/Sep/2022:11:40:52 -0700] "GET /dirac/dirackim6201.jpg HTTP/1.1" 200 51283 "https://ysfine.com/world/polandp.html" "Mozilla/5.0 (iPhone; CPU iPhone OS 16_0 like Mac OS X) AppleWebKit/605.1.15 (KHTML, like Gecko) Version/16.0 Mobile/15E148 Safari/604.1" "ysfine.com"
37.225.17.86 - - [29/Sep/2022:11:40:52 -0700] "GET /dirac/dirackn33b.jpg HTTP/1.1" 200 48200 "https://ysfine.com/world/polandp.html" "Mozilla/5.0 (iPhone; CPU iPhone OS 16_0 like Mac OS X) AppleWebKit/605.1.15 (KHTML, like Gecko) Version/16.0 Mobile/15E148 Safari/604.1" "ysfine.com"
37.225.17.86 - - [29/Sep/2022:11:40:52 -0700] "GET /eink/eink61c.jpg HTTP/1.1" 200 34119 "https://ysfine.com/world/polandp.html" "Mozilla/5.0 (iPhone; CPU iPhone OS 16_0 like Mac OS X) AppleWebKit/605.1.15 (KHTML, like Gecko) Version/16.0 Mobile/15E148 Safari/604.1" "ysfine.com"
37.225.17.86 - - [29/Sep/2022:11:40:52 -0700] "GET /kobak/nicodem11b.jpg HTTP/1.1" 200 79065 "https://ysfine.com/world/polandp.html" "Mozilla/5.0 (iPhone; CPU iPhone OS 16_0 like Mac OS X) AppleWebKit/605.1.15 (KHTML, like Gecko) Version/16.0 Mobile/15E148 Safari/604.1" "ysfine.com"
37.225.17.86 - - [29/Sep/2022:11:40:52 -0700] "GET /dirac/dirackim6202.jpg HTTP/1.1" 200 51465 "https://ysfine.com/world/polandp.html" "Mozilla/5.0 (iPhone; CPU iPhone OS 16_0 like Mac OS X) AppleWebKit/605.1.15 (KHTML, like Gecko) Version/16.0 Mobile/15E148 Safari/604.1" "ysfine.com"
37.225.17.86 - - [29/Sep/2022:11:40:52 -0700] "GET /dirac/hyperell2.jpg HTTP/1.1" 200 29858 "https://ysfine.com/world/polandp.html" "Mozilla/5.0 (iPhone; CPU iPhone OS 16_0 like Mac OS X) AppleWebKit/605.1.15 (KHTML, like Gecko) Version/16.0 Mobile/15E148 Safari/604.1" "ysfine.com"
37.225.17.86 - - [29/Sep/2022:11:40:53 -0700] "GET /favicon.ico HTTP/1.1" 404 88 "https://ysfine.com/world/polandp.html" "Mozilla/5.0 (iPhone; CPU iPhone OS 16_0 like Mac OS X) AppleWebKit/605.1.15 (KHTML, like Gecko) Version/16.0 Mobile/15E148 Safari/604.1" "ysfine.com"
157.55.39.58 - - [29/Sep/2022:11:41:22 -0700] "GET /einstein/places/ulm02.jpg HTTP/1.1" 200 135530 "-" "Mozilla/5.0 AppleWebKit/537.36 (KHTML, like Gecko; compatible; bingbot/2.0; +http://www.bing.com/bingbot.htm) Chrome/103.0.5060.134 Safari/537.36" "ysfine.com"
77.75.79.31 - - [29/Sep/2022:11:42:00 -0700] "GET /yspapers/madrid19.pdf HTTP/1.1" 200 3467657 "-" "Mozilla/5.0 (compatible; SeznamBot/4.0-RC1; +http://napoveda.seznam.cz/seznambot-intro/)" "ysfine.com"
40.77.167.27 - - [29/Sep/2022:11:43:31 -0700] "GET /dirac/hyperell03b.jpg HTTP/1.1" 200 21701 "-" "Mozilla/5.0 (compatible; bingbot/2.0; +http://www.bing.com/bingbot.htm)" "ysfine.com"
77.88.5.46 - - [29/Sep/2022:11:43:40 -0700] "GET /ffriends/russstanf01b.jpg HTTP/1.1" 200 56948 "-" "Mozilla/5.0 (compatible; YandexImages/3.0; +http://yandex.com/bots)" "www.ysfine.com"
157.55.39.55 - - [29/Sep/2022:11:43:51 -0700] "GET /people/princeton68b.jpg HTTP/1.1" 200 40218 "-" "Mozilla/5.0 AppleWebKit/537.36 (KHTML, like Gecko; compatible; bingbot/2.0; +http://www.bing.com/bingbot.htm) Chrome/103.0.5060.134 Safari/537.36" "ysfine.com"
43.130.59.85 - - [29/Sep/2022:11:43:52 -0700] "GET /feynman/feynman.jpg HTTP/1.1" 200 40536 "-" "Mozilla/5.0 (X11; Ubuntu; Linux x86_64; rv:72.0) Gecko/20100101 Firefox/72.0" "ysfine.com"
54.236.1.13 - - [29/Sep/2022:11:44:07 -0700] "GET /robots.txt HTTP/1.1" 404 88 "-" "Mozilla/5.0 (compatible; Pinterestbot/1.0; +http://www.pinterest.com/bot.html)" "ysfine.com"
54.236.1.13 - - [29/Sep/2022:11:44:07 -0700] "GET /feynman/feydirac.jpg HTTP/1.1" 200 98378 "-" "Mozilla/5.0 (compatible; Pinterestbot/1.0; +http://www.pinterest.com/bot.html)" "ysfine.com"
60.168.93.160 - - [29/Sep/2022:11:44:23 -0700] "GET / HTTP/1.1" 200 5283 "-" "Mozilla/4.0 (compatible; MSIE 7.0; Windows NT 6.1; WOW64; Trident/7.0; SLCC2; .NET CLR 2.0.50727; .NET CLR 3.5.30729; .NET CLR 3.0.30729; .NET4.0E; .NET4.0C; BRI/2)" "ysfine.com"
60.168.93.160 - - [29/Sep/2022:11:44:24 -0700] "GET / HTTP/1.1" 200 5283 "-" "Mozilla/4.0 (compatible; MSIE 7.0; Windows NT 6.1; WOW64; Trident/7.0; SLCC2; .NET CLR 2.0.50727; .NET CLR 3.5.30729; .NET CLR 3.0.30729; .NET4.0E; .NET4.0C; BRI/2)" "ysfine.com"
60.168.93.160 - - [29/Sep/2022:11:44:25 -0700] "GET /eink/index.html HTTP/1.1" 200 17659 "-" "Mozilla/5.0 (Windows NT 6.1; WOW64) AppleWebKit/537.36 (KHTML, like Gecko) Chrome/66.0.3359.181 Safari/537.36" "ysfine.com"
60.168.93.160 - - [29/Sep/2022:11:44:25 -0700] "GET /jobs/index.html HTTP/1.1" 200 123 "-" "Mozilla/5.0 (Windows NT 6.1; WOW64) AppleWebKit/537.36 (KHTML, like Gecko) Chrome/66.0.3359.181 Safari/537.36" "ysfine.com"
60.168.93.160 - - [29/Sep/2022:11:44:25 -0700] "GET /eink/mose.html HTTP/1.1" 200 14315 "-" "Mozilla/5.0 (Windows NT 6.1; WOW64) AppleWebKit/537.36 (KHTML, like Gecko) Chrome/66.0.3359.181 Safari/537.36" "ysfine.com"
60.168.93.160 - - [29/Sep/2022:11:44:26 -0700] "GET /home/bio.html HTTP/1.1" 200 15242 "-" "Mozilla/5.0 (Windows NT 6.1; WOW64) AppleWebKit/537.36 (KHTML, like Gecko) Chrome/66.0.3359.181 Safari/537.36" "ysfine.com"
60.168.93.160 - - [29/Sep/2022:11:44:26 -0700] "GET /home/index.html HTTP/1.1" 200 142 "-" "Mozilla/5.0 (Windows NT 6.1; WOW64) AppleWebKit/537.36 (KHTML, like Gecko) Chrome/66.0.3359.181 Safari/537.36" "ysfine.com"
60.168.93.160 - - [29/Sep/2022:11:44:26 -0700] "GET /world/ysworld.html HTTP/1.1" 200 3195 "-" "Mozilla/5.0 (Windows NT 6.1; WOW64) AppleWebKit/537.36 (KHTML, like Gecko) Chrome/66.0.3359.181 Safari/537.36" "ysfine.com"
60.168.93.160 - - [29/Sep/2022:11:44:26 -0700] "GET /eink/index.html HTTP/1.1" 200 17659 "-" "Mozilla/5.0 (Windows NT 6.1; WOW64) AppleWebKit/537.36 (KHTML, like Gecko) Chrome/66.0.3359.181 Safari/537.36" "ysfine.com"
60.168.93.160 - - [29/Sep/2022:11:44:26 -0700] "GET /yspapers/index.html HTTP/1.1" 200 21306 "-" "Mozilla/5.0 (Windows NT 6.1; WOW64) AppleWebKit/537.36 (KHTML, like Gecko) Chrome/66.0.3359.181 Safari/537.36" "ysfine.com"
60.168.93.160 - - [29/Sep/2022:11:44:27 -0700] "GET /people/peo.html HTTP/1.1" 200 13502 "-" "Mozilla/5.0 (Windows NT 6.1; WOW64) AppleWebKit/537.36 (KHTML, like Gecko) Chrome/66.0.3359.181 Safari/537.36" "ysfine.com"
60.168.93.160 - - [29/Sep/2022:11:44:27 -0700] "GET /feynman/index.html HTTP/1.1" 200 124 "-" "Mozilla/5.0 (Windows NT 6.1; WOW64) AppleWebKit/537.36 (KHTML, like Gecko) Chrome/66.0.3359.181 Safari/537.36" "ysfine.com"
157.55.39.58 - - [29/Sep/2022:11:45:21 -0700] "GET /people/wboys.jpg HTTP/1.1" 200 223265 "-" "Mozilla/5.0 (compatible; bingbot/2.0; +http://www.bing.com/bingbot.htm)" "ysfine.com"
176.234.9.118 - - [29/Sep/2022:11:47:00 -0700] "GET /maga/phil/keigel500.jpg HTTP/1.1" 200 44688 "https://www.google.com/" "Mozilla/5.0 (Macintosh; Intel Mac OS X 10_15_7) AppleWebKit/537.36 (KHTML, like Gecko) Chrome/105.0.0.0 Safari/537.36" "ysfine.com"
192.52.109.130 - - [29/Sep/2022:11:49:21 -0700] "GET /maga/phys/schrod00.jpg HTTP/1.1" 200 108266 "https://www.google.com/" "Mozilla/5.0 (X11; CrOS x86_64 14695.128.0) AppleWebKit/537.36 (KHTML, like Gecko) Chrome/102.0.0.0 Safari/537.36" "ysfine.com"
157.55.39.58 - - [29/Sep/2022:11:51:02 -0700] "GET /feynman/page55.jpg HTTP/1.1" 200 98479 "-" "Mozilla/5.0 AppleWebKit/537.36 (KHTML, like Gecko; compatible; bingbot/2.0; +http://www.bing.com/bingbot.htm) Chrome/103.0.5060.134 Safari/537.36" "ysfine.com"
40.77.167.27 - - [29/Sep/2022:11:51:23 -0700] "GET /newyork/colum01.jpg HTTP/1.1" 200 99832 "-" "Mozilla/5.0 (compatible; bingbot/2.0; +http://www.bing.com/bingbot.htm)" "www.ysfine.com"
160.72.231.13 - - [29/Sep/2022:11:52:46 -0700] "GET /princeton/withers01.jpg HTTP/1.1" 200 113946 "https://www.google.com/" "Mozilla/5.0 (Macintosh; Intel Mac OS X 10_15_7) AppleWebKit/537.36 (KHTML, like Gecko) Chrome/105.0.0.0 Safari/537.36" "ysfine.com"
40.77.167.27 - - [29/Sep/2022:11:52:53 -0700] "GET /world/brit/britmu19.jpg HTTP/1.1" 200 95820 "-" "Mozilla/5.0 (compatible; bingbot/2.0; +http://www.bing.com/bingbot.htm)" "ysfine.com"
104.144.248.25 - - [29/Sep/2022:11:54:33 -0700] "HEAD /feynman/feyheg11.jpg HTTP/1.1" 200 - "-" "Go-http-client/1.1" "www.ysfine.com"
104.144.248.25 - - [29/Sep/2022:11:54:33 -0700] "GET /feynman/feyheg11.jpg HTTP/1.1" 200 185393 "-" "Go-http-client/1.1" "www.ysfine.com"
157.55.39.128 - - [29/Sep/2022:11:54:47 -0700] "GET /heisen/math/sp2tab11.jpg HTTP/1.1" 200 73958 "-" "Mozilla/5.0 (compatible; bingbot/2.0; +http://www.bing.com/bingbot.htm)" "ysfine.com"
207.46.13.102 - - [29/Sep/2022:11:56:39 -0700] "GET /wdc/whouse08.jpg HTTP/1.1" 200 56905 "-" "Mozilla/5.0 (compatible; bingbot/2.0; +http://www.bing.com/bingbot.htm)" "ysfine.com"
114.119.128.154 - - [29/Sep/2022:11:56:45 -0700] "GET /home/pgh/cyclo450.jpg HTTP/1.1" 200 56827 "https://www.ysfine.com/home/bio44.html" "Mozilla/5.0 (Linux; Android 7.0;) AppleWebKit/537.36 (KHTML, like Gecko) Mobile Safari/537.36 (compatible; PetalBot;+https://webmaster.petalsearch.com/site/petalbot)" "www.ysfine.com"
116.179.32.21 - - [29/Sep/2022:11:58:23 -0700] "GET / HTTP/1.1" 304 - "-" "Mozilla/5.0 (Linux;u;Android 4.2.2;zh-cn;) AppleWebKit/534.46 (KHTML,like Gecko) Version/5.1 Mobile Safari/10600.6.3 (compatible; Baiduspider/2.0; +http://www.baidu.com/search/spider.html)" "www.ysfine.com"
157.55.39.58 - - [29/Sep/2022:11:58:53 -0700] "GET /people/ys63.jpg HTTP/1.1" 200 96239 "-" "Mozilla/5.0 (compatible; bingbot/2.0; +http://www.bing.com/bingbot.htm)" "ysfine.com"
164.132.203.147 - - [29/Sep/2022:11:59:20 -0700] "GET /einstein/einplanck.html HTTP/1.1" 200 3255 "-" "Mozilla/5.0 (X11; Ubuntu; Linux i686; rv:48.0) Gecko/20100101 Firefox/48.0" "www.ysfine.com"
207.46.13.102 - - [29/Sep/2022:12:00:20 -0700] "GET /world/balkan/istan007.jpg HTTP/1.1" 200 117546 "-" "Mozilla/5.0 (compatible; bingbot/2.0; +http://www.bing.com/bingbot.htm)" "ysfine.com"
157.55.39.58 - - [29/Sep/2022:12:00:43 -0700] "GET /einstein/places/bern03.jpg HTTP/1.1" 200 52268 "-" "Mozilla/5.0 (compatible; bingbot/2.0; +http://www.bing.com/bingbot.htm)" "ysfine.com"
114.119.128.142 - - [29/Sep/2022:12:01:12 -0700] "GET /class54/class5470/total_data/photo_img/8-70.jpg HTTP/1.1" 200 187111 "https://ysfine.com/class54/class5470/total_data/sub_870.htm" "Mozilla/5.0 (Linux; Android 7.0;) AppleWebKit/537.36 (KHTML, like Gecko) Mobile Safari/537.36 (compatible; PetalBot;+https://webmaster.petalsearch.com/site/petalbot)" "ysfine.com"
106.196.10.125 - - [29/Sep/2022:12:01:24 -0700] "GET /dirac/dirfeyn.html HTTP/1.1" 200 6341 "https://www.google.com/" "Mozilla/5.0 (Linux; Android 9; ASUS_X01AD) AppleWebKit/537.36 (KHTML, like Gecko) Chrome/105.0.0.0 Mobile Safari/537.36" "ysfine.com"
106.196.10.125 - - [29/Sep/2022:12:01:25 -0700] "GET /dirac/dfkim11c.jpg HTTP/1.1" 200 34801 "https://ysfine.com/dirac/dirfeyn.html" "Mozilla/5.0 (Linux; Android 9; ASUS_X01AD) AppleWebKit/537.36 (KHTML, like Gecko) Chrome/105.0.0.0 Mobile Safari/537.36" "ysfine.com"
106.196.10.125 - - [29/Sep/2022:12:01:25 -0700] "GET /dirac/dirackn33c.jpg HTTP/1.1" 200 50420 "https://ysfine.com/dirac/dirfeyn.html" "Mozilla/5.0 (Linux; Android 9; ASUS_X01AD) AppleWebKit/537.36 (KHTML, like Gecko) Chrome/105.0.0.0 Mobile Safari/537.36" "ysfine.com"
106.196.10.125 - - [29/Sep/2022:12:01:25 -0700] "GET /dirac/feydirac300.jpg HTTP/1.1" 200 38223 "https://ysfine.com/dirac/dirfeyn.html" "Mozilla/5.0 (Linux; Android 9; ASUS_X01AD) AppleWebKit/537.36 (KHTML, like Gecko) Chrome/105.0.0.0 Mobile Safari/537.36" "ysfine.com"
106.196.10.125 - - [29/Sep/2022:12:01:25 -0700] "GET /dirac/sq73c.jpg HTTP/1.1" 200 35501 "https://ysfine.com/dirac/dirfeyn.html" "Mozilla/5.0 (Linux; Android 9; ASUS_X01AD) AppleWebKit/537.36 (KHTML, like Gecko) Chrome/105.0.0.0 Mobile Safari/537.36" "ysfine.com"
106.196.10.125 - - [29/Sep/2022:12:01:25 -0700] "GET /dirac/2osc22c.jpg HTTP/1.1" 200 28929 "https://ysfine.com/dirac/dirfeyn.html" "Mozilla/5.0 (Linux; Android 9; ASUS_X01AD) AppleWebKit/537.36 (KHTML, like Gecko) Chrome/105.0.0.0 Mobile Safari/537.36" "ysfine.com"
106.196.10.125 - - [29/Sep/2022:12:01:25 -0700] "GET /wigner/wigkim11c.jpg HTTP/1.1" 200 30443 "https://ysfine.com/dirac/dirfeyn.html" "Mozilla/5.0 (Linux; Android 9; ASUS_X01AD) AppleWebKit/537.36 (KHTML, like Gecko) Chrome/105.0.0.0 Mobile Safari/537.36" "ysfine.com"
106.196.10.125 - - [29/Sep/2022:12:01:25 -0700] "GET /dirac/nicodem11c.jpg HTTP/1.1" 200 72684 "https://ysfine.com/dirac/dirfeyn.html" "Mozilla/5.0 (Linux; Android 9; ASUS_X01AD) AppleWebKit/537.36 (KHTML, like Gecko) Chrome/105.0.0.0 Mobile Safari/537.36" "ysfine.com"
106.196.10.125 - - [29/Sep/2022:12:01:25 -0700] "GET /feynman/jacdrum11c.jpg HTTP/1.1" 200 39178 "https://ysfine.com/dirac/dirfeyn.html" "Mozilla/5.0 (Linux; Android 9; ASUS_X01AD) AppleWebKit/537.36 (KHTML, like Gecko) Chrome/105.0.0.0 Mobile Safari/537.36" "ysfine.com"
106.196.10.125 - - [29/Sep/2022:12:01:27 -0700] "GET /people/sbt11c.jpg HTTP/1.1" 200 31479 "https://ysfine.com/dirac/dirfeyn.html" "Mozilla/5.0 (Linux; Android 9; ASUS_X01AD) AppleWebKit/537.36 (KHTML, like Gecko) Chrome/105.0.0.0 Mobile Safari/537.36" "ysfine.com"
106.196.10.125 - - [29/Sep/2022:12:01:28 -0700] "GET /wigner/isomor66c.jpg HTTP/1.1" 200 47632 "https://ysfine.com/dirac/dirfeyn.html" "Mozilla/5.0 (Linux; Android 9; ASUS_X01AD) AppleWebKit/537.36 (KHTML, like Gecko) Chrome/105.0.0.0 Mobile Safari/537.36" "ysfine.com"
106.196.10.125 - - [29/Sep/2022:12:01:30 -0700] "GET /favicon.ico HTTP/1.1" 404 88 "https://ysfine.com/dirac/dirfeyn.html" "Mozilla/5.0 (Linux; Android 9; ASUS_X01AD) AppleWebKit/537.36 (KHTML, like Gecko) Chrome/105.0.0.0 Mobile Safari/537.36" "ysfine.com"
157.55.39.55 - - [29/Sep/2022:12:01:32 -0700] "GET /einstein/einwalk650.jpg HTTP/1.1" 200 58253 "-" "Mozilla/5.0 AppleWebKit/537.36 (KHTML, like Gecko; compatible; bingbot/2.0; +http://www.bing.com/bingbot.htm) Chrome/103.0.5060.134 Safari/537.36" "ysfine.com"
211.249.46.58 - - [29/Sep/2022:12:02:37 -0700] "GET /home/bew22f.jpg HTTP/1.1" 200 124596 "-" "Mozilla/5.0 (compatible; Yeti/1.1; +https://naver.me/spd)" "ysfine.com"
