173.73.80.118 - - [29/Sep/2022:14:23:08 -0700] "GET /home/top21d.jpg HTTP/1.1" 200 74409 "https://www.ysfine.com/awards/iao.html" "Mozilla/5.0 (Linux; Android 5.1.1; KFSUWI) AppleWebKit/537.36 (KHTML, like Gecko) Silk/104.2.16 like Chrome/104.0.5112.114 Safari/537.36" "www.ysfine.com"
173.73.80.118 - - [29/Sep/2022:14:23:08 -0700] "GET /home/truck/truck450.jpg HTTP/1.1" 200 42871 "https://www.ysfine.com/awards/iao.html" "Mozilla/5.0 (Linux; Android 5.1.1; KFSUWI) AppleWebKit/537.36 (KHTML, like Gecko) Silk/104.2.16 like Chrome/104.0.5112.114 Safari/537.36" "www.ysfine.com"
173.73.80.118 - - [29/Sep/2022:14:23:08 -0700] "GET /home/timessq33d.jpg HTTP/1.1" 200 69824 "https://www.ysfine.com/awards/iao.html" "Mozilla/5.0 (Linux; Android 5.1.1; KFSUWI) AppleWebKit/537.36 (KHTML, like Gecko) Silk/104.2.16 like Chrome/104.0.5112.114 Safari/537.36" "www.ysfine.com"
173.73.80.118 - - [29/Sep/2022:14:23:08 -0700] "GET /home/eink54f.jpg HTTP/1.1" 200 96332 "https://www.ysfine.com/awards/iao.html" "Mozilla/5.0 (Linux; Android 5.1.1; KFSUWI) AppleWebKit/537.36 (KHTML, like Gecko) Silk/104.2.16 like Chrome/104.0.5112.114 Safari/537.36" "www.ysfine.com"
173.73.80.118 - - [29/Sep/2022:14:23:18 -0700] "GET /awards/marq.html HTTP/1.1" 200 3275 "https://www.ysfine.com/ys11/index.html" "Mozilla/5.0 (Linux; Android 5.1.1; KFSUWI) AppleWebKit/537.36 (KHTML, like Gecko) Silk/104.2.16 like Chrome/104.0.5112.114 Safari/537.36" "www.ysfine.com"
173.73.80.118 - - [29/Sep/2022:14:23:18 -0700] "GET /home/handsome22f.jpg HTTP/1.1" 200 122334 "https://www.ysfine.com/awards/marq.html" "Mozilla/5.0 (Linux; Android 5.1.1; KFSUWI) AppleWebKit/537.36 (KHTML, like Gecko) Silk/104.2.16 like Chrome/104.0.5112.114 Safari/537.36" "www.ysfine.com"
173.73.80.118 - - [29/Sep/2022:14:23:18 -0700] "GET /home/fotos/bridge11d.jpg HTTP/1.1" 200 55851 "https://www.ysfine.com/awards/marq.html" "Mozilla/5.0 (Linux; Android 5.1.1; KFSUWI) AppleWebKit/537.36 (KHTML, like Gecko) Silk/104.2.16 like Chrome/104.0.5112.114 Safari/537.36" "www.ysfine.com"
40.77.167.27 - - [29/Sep/2022:14:23:37 -0700] "GET /maga/phil/herod33c.jpg HTTP/1.1" 200 45604 "-" "Mozilla/5.0 (compatible; bingbot/2.0; +http://www.bing.com/bingbot.htm)" "ysfine.com"
40.77.167.27 - - [29/Sep/2022:14:23:57 -0700] "GET /people/sbt85.jpg HTTP/1.1" 200 144903 "-" "Mozilla/5.0 (compatible; bingbot/2.0; +http://www.bing.com/bingbot.htm)" "ysfine.com"
157.55.39.128 - - [29/Sep/2022:14:24:18 -0700] "GET /feynman/feybongo55b.jpg HTTP/1.1" 200 41455 "-" "Mozilla/5.0 (compatible; bingbot/2.0; +http://www.bing.com/bingbot.htm)" "ysfine.com"
157.55.39.128 - - [29/Sep/2022:14:25:39 -0700] "GET /maga/phys/landau44.jpg HTTP/1.1" 200 38430 "-" "Mozilla/5.0 (compatible; bingbot/2.0; +http://www.bing.com/bingbot.htm)" "ysfine.com"
157.55.39.127 - - [29/Sep/2022:14:25:58 -0700] "GET /dirac/o32inho22c.jpg HTTP/1.1" 200 33038 "-" "Mozilla/5.0 (compatible; bingbot/2.0; +http://www.bing.com/bingbot.htm)" "www.ysfine.com"
207.46.13.102 - - [29/Sep/2022:14:26:54 -0700] "GET /wdc/kennedyc12.jpg HTTP/1.1" 200 60154 "-" "Mozilla/5.0 (compatible; bingbot/2.0; +http://www.bing.com/bingbot.htm)" "www.ysfine.com"
157.55.39.55 - - [29/Sep/2022:14:27:17 -0700] "GET /wigner/neum/pvn03.jpg HTTP/1.1" 200 83757 "-" "Mozilla/5.0 (compatible; bingbot/2.0; +http://www.bing.com/bingbot.htm)" "ysfine.com"
157.55.39.55 - - [29/Sep/2022:14:27:37 -0700] "GET /world/germany/tubw10b.jpg HTTP/1.1" 200 34869 "-" "Mozilla/5.0 (compatible; bingbot/2.0; +http://www.bing.com/bingbot.htm)" "ysfine.com"
77.88.5.46 - - [29/Sep/2022:14:28:17 -0700] "GET /robots.txt HTTP/1.1" 404 73 "-" "Mozilla/5.0 (compatible; YandexBot/3.0; +http://yandex.com/bots)" "www.ysfine.com"
77.88.5.233 - - [29/Sep/2022:14:28:21 -0700] "GET /wisdom/wk02.html HTTP/1.1" 200 73205 "-" "Mozilla/5.0 (compatible; YandexBot/3.0; +http://yandex.com/bots)" "www.ysfine.com"
177.236.128.119 - - [29/Sep/2022:14:28:22 -0700] "GET /maga/phys/schrod11.jpg HTTP/1.1" 200 107958 "https://mx.images.search.yahoo.com/search/images;_ylt=AwrEssbkDTZjV_ET2onF8Qt.;_ylu=c2VjA3NlYXJjaARzbGsDYnV0dG9u;_ylc=X1MDMjExNDcxMjAwNQRfcgMyBGZyA21jYWZlZQRmcjIDcDpzLHY6aSxtOnNiLXRvcARncHJpZANlMElaM0E2VVFWMl95dzZ2WEt0aGlBBG5fcnNsdAMwBG5fc3VnZwMxBG9yaWdpbgNteC5pbWFnZXMuc2VhcmNoLnlhaG9vLmNvbQRwb3MDMARwcXN0cgMEcHFzdHJsAzAEcXN0cmwDMTAEcXVlcnkDc2Nyb2RpbmdlcgR0X3N0bXADMTY2NDQ4NzAwOQ--?p=scrodinger&fr=mcafee&fr2=p%3As%2Cv%3Ai%2Cm%3Asb-top&ei=UTF-8&x=wrt&type=E210MX91215G0" "Mozilla/5.0 (Windows NT 10.0; Win64; x64) AppleWebKit/537.36 (KHTML, like Gecko) Chrome/105.0.0.0 Safari/537.36" "www.ysfine.com"
173.73.80.118 - - [29/Sep/2022:14:29:28 -0700] "GET /ffriends/fdw.html HTTP/1.1" 304 - "https://www.ysfine.com/ffriends/fdbot.html" "Mozilla/5.0 (Linux; Android 5.1.1; KFSUWI) AppleWebKit/537.36 (KHTML, like Gecko) Silk/104.2.16 like Chrome/104.0.5112.114 Safari/537.36" "www.ysfine.com"
173.73.80.118 - - [29/Sep/2022:14:29:28 -0700] "GET /world/russ/minskf12f.jpg HTTP/1.1" 200 164751 "https://www.ysfine.com/ffriends/fdw.html" "Mozilla/5.0 (Linux; Android 5.1.1; KFSUWI) AppleWebKit/537.36 (KHTML, like Gecko) Silk/104.2.16 like Chrome/104.0.5112.114 Safari/537.36" "www.ysfine.com"
157.55.39.128 - - [29/Sep/2022:14:29:29 -0700] "GET /home/yscoup11b.jpg HTTP/1.1" 200 34138 "-" "Mozilla/5.0 (compatible; bingbot/2.0; +http://www.bing.com/bingbot.htm)" "ysfine.com"
207.46.13.102 - - [29/Sep/2022:14:30:13 -0700] "GET /maga/phys/volkova.html HTTP/1.1" 200 357 "-" "Mozilla/5.0 (compatible; bingbot/2.0; +http://www.bing.com/bingbot.htm)" "www.ysfine.com"
157.55.39.128 - - [29/Sep/2022:14:31:38 -0700] "GET /kowar/tanks/southhorse2.jpg HTTP/1.1" 200 51359 "-" "Mozilla/5.0 (compatible; bingbot/2.0; +http://www.bing.com/bingbot.htm)" "ysfine.com"
66.249.70.30 - - [29/Sep/2022:14:31:52 -0700] "GET /feynman/fc3.jpg HTTP/1.1" 304 - "-" "Googlebot-Image/1.0" "ysfine.com"
172.225.229.32 - - [29/Sep/2022:14:33:10 -0700] "GET /feynman/feydirac0.jpg HTTP/1.1" 200 265822 "-" "Mozilla/5.0 (iPhone; CPU iPhone OS 16_0_2 like Mac OS X) AppleWebKit/605.1.15 (KHTML, like Gecko) Version/16.0 Mobile/15E148 Safari/604.1" "ysfine.com"
172.225.229.32 - - [29/Sep/2022:14:33:11 -0700] "GET /favicon.ico HTTP/1.1" 404 88 "https://ysfine.com/feynman/feydirac0.jpg" "Mozilla/5.0 (iPhone; CPU iPhone OS 16_0_2 like Mac OS X) AppleWebKit/605.1.15 (KHTML, like Gecko) Version/16.0 Mobile/15E148 Safari/604.1" "ysfine.com"
66.249.70.30 - - [29/Sep/2022:14:33:55 -0700] "GET /world/china/hongkong13.jpg HTTP/1.1" 200 112627 "-" "Googlebot-Image/1.0" "ysfine.com"
114.119.128.158 - - [29/Sep/2022:14:34:50 -0700] "GET /home/bio33.html HTTP/1.1" 200 10365 "https://ysfine.com/awards/index.html" "Mozilla/5.0 (Linux; Android 7.0;) AppleWebKit/537.36 (KHTML, like Gecko) Mobile Safari/537.36 (compatible; PetalBot;+https://webmaster.petalsearch.com/site/petalbot)" "ysfine.com"
66.249.89.34 - - [29/Sep/2022:14:35:13 -0700] "GET /wisdom/kori22.jpg HTTP/1.1" 200 220365 "-" "Mozilla/5.0 (Macintosh; Intel Mac OS X 10_8_4) AppleWebKit/537.36 (KHTML, like Gecko) Chrome/28.0.1500.71 Safari/537.36" "ysfine.com"
66.249.89.63 - - [29/Sep/2022:14:35:13 -0700] "GET /wisdom/kori22.jpg HTTP/1.1" 200 220365 "-" "Mozilla/5.0 (Macintosh; Intel Mac OS X 10_8_4) AppleWebKit/537.36 (KHTML, like Gecko) Chrome/28.0.1500.71 Safari/537.36" "ysfine.com"
167.71.216.37 - - [29/Sep/2022:14:36:21 -0700] "GET /wp-login.php HTTP/1.1" 404 88 "http://ysfine.com/wp-login.php" "Mozilla/5.0 (Windows NT 10.0; Win64; x64; rv:96.0) Gecko/20100101 Firefox/96" "ysfine.com"
202.80.218.59 - - [29/Sep/2022:14:36:43 -0700] "GET /dirac/2osc22a.jpg HTTP/1.1" 200 69742 "https://www.google.com/" "Mozilla/5.0 (Windows NT 10.0; Win64; x64; rv:104.0) Gecko/20100101 Firefox/104.0" "ysfine.com"
40.77.167.27 - - [29/Sep/2022:14:36:49 -0700] "GET /world/baltic/kalin02.jpg HTTP/1.1" 200 89989 "-" "Mozilla/5.0 AppleWebKit/537.36 (KHTML, like Gecko; compatible; bingbot/2.0; +http://www.bing.com/bingbot.htm) Chrome/103.0.5060.134 Safari/537.36" "ysfine.com"
171.8.173.103 - - [29/Sep/2022:14:37:26 -0700] "GET /robots.txt HTTP/1.1" 404 88 "-" "Mozilla/5.0 (Windows NT 10.0; Win64; x64) AppleWebKit/537.36 (KHTML, like Gecko) Chrome/92.0.4515.159 Safari/537.36" "ysfine.com"
207.46.13.102 - - [29/Sep/2022:14:37:44 -0700] "GET /maga/phys/yukasumi11.jpg HTTP/1.1" 200 66330 "-" "Mozilla/5.0 (compatible; bingbot/2.0; +http://www.bing.com/bingbot.htm)" "ysfine.com"
207.46.13.102 - - [29/Sep/2022:14:39:24 -0700] "GET /world/russ/minskf45b.jpg HTTP/1.1" 200 41920 "-" "Mozilla/5.0 (compatible; bingbot/2.0; +http://www.bing.com/bingbot.htm)" "ysfine.com"
207.46.13.102 - - [29/Sep/2022:14:39:34 -0700] "GET /style/nga66b.jpg HTTP/1.1" 200 32345 "-" "Mozilla/5.0 (compatible; bingbot/2.0; +http://www.bing.com/bingbot.htm)" "www.ysfine.com"
157.55.39.128 - - [29/Sep/2022:14:39:49 -0700] "GET /kobak/sorae/church05.jpg HTTP/1.1" 200 210503 "-" "Mozilla/5.0 (compatible; bingbot/2.0; +http://www.bing.com/bingbot.htm)" "www.ysfine.com"
157.55.39.58 - - [29/Sep/2022:14:40:30 -0700] "GET /einstein/evol22.jpg HTTP/1.1" 200 59140 "-" "Mozilla/5.0 AppleWebKit/537.36 (KHTML, like Gecko; compatible; bingbot/2.0; +http://www.bing.com/bingbot.htm) Chrome/103.0.5060.134 Safari/537.36" "www.ysfine.com"
157.55.39.58 - - [29/Sep/2022:14:40:30 -0700] "GET /philo/einbohr66a.jpg HTTP/1.1" 200 93794 "-" "Mozilla/5.0 (compatible; bingbot/2.0; +http://www.bing.com/bingbot.htm)" "www.ysfine.com"
40.77.167.27 - - [29/Sep/2022:14:40:39 -0700] "GET /world/russ/kazan031b.jpg HTTP/1.1" 200 46458 "-" "Mozilla/5.0 (compatible; bingbot/2.0; +http://www.bing.com/bingbot.htm)" "ysfine.com"
157.55.39.127 - - [29/Sep/2022:14:40:50 -0700] "GET /wdc/pershing11.jpg HTTP/1.1" 200 112062 "-" "Mozilla/5.0 (compatible; bingbot/2.0; +http://www.bing.com/bingbot.htm)" "www.ysfine.com"
211.249.46.167 - - [29/Sep/2022:14:42:36 -0700] "GET /home/fotos/campus06c.jpg HTTP/1.1" 200 49136 "-" "Mozilla/5.0 (compatible; Yeti/1.1; +https://naver.me/spd)" "ysfine.com"
40.77.167.27 - - [29/Sep/2022:14:44:29 -0700] "GET /dirac/wigsis11.jpg HTTP/1.1" 200 71741 "-" "Mozilla/5.0 (compatible; bingbot/2.0; +http://www.bing.com/bingbot.htm)" "www.ysfine.com"
77.88.5.245 - - [29/Sep/2022:14:44:39 -0700] "GET /style/akiko2.jpg HTTP/1.1" 200 50482 "-" "Mozilla/5.0 (compatible; YandexImages/3.0; +http://yandex.com/bots)" "www.ysfine.com"
66.249.70.12 - - [29/Sep/2022:14:45:27 -0700] "GET /sbk/1975ken11.jpg HTTP/1.1" 200 158049 "-" "Googlebot-Image/1.0" "www.ysfine.com"
40.77.167.27 - - [29/Sep/2022:14:45:49 -0700] "GET /maga/histo/desiree25.jpg HTTP/1.1" 200 87347 "-" "Mozilla/5.0 (compatible; bingbot/2.0; +http://www.bing.com/bingbot.htm)" "ysfine.com"
40.77.167.95 - - [29/Sep/2022:14:46:00 -0700] "GET /robots.txt HTTP/1.1" 404 88 "-" "Mozilla/5.0 AppleWebKit/537.36 (KHTML, like Gecko; compatible; bingbot/2.0; +http://www.bing.com/bingbot.htm) Chrome/103.0.5060.134 Safari/537.36" "www.ysfine.com"
157.55.39.55 - - [29/Sep/2022:14:47:17 -0700] "GET /world/scandi/copen003.jpg HTTP/1.1" 200 148283 "-" "Mozilla/5.0 (compatible; bingbot/2.0; +http://www.bing.com/bingbot.htm)" "ysfine.com"
114.119.128.14 - - [29/Sep/2022:14:47:19 -0700] "GET /class54/class5470/total_data/sub_502.htm HTTP/1.1" 200 3207 "https://ysfine.com/class54/class5470/total_data/sub_514.htm" "Mozilla/5.0 (Linux; Android 7.0;) AppleWebKit/537.36 (KHTML, like Gecko) Mobile Safari/537.36 (compatible; PetalBot;+https://webmaster.petalsearch.com/site/petalbot)" "ysfine.com"
40.77.167.27 - - [29/Sep/2022:14:47:20 -0700] "GET /einstein/evol22b.jpg HTTP/1.1" 200 29614 "-" "Mozilla/5.0 (compatible; bingbot/2.0; +http://www.bing.com/bingbot.htm)" "www.ysfine.com"
66.249.70.3 - - [29/Sep/2022:14:47:28 -0700] "GET /yspapers/o32inho22c.jpg HTTP/1.1" 200 33092 "-" "Googlebot-Image/1.0" "ysfine.com"
157.55.39.58 - - [29/Sep/2022:14:47:30 -0700] "GET /wdc/usna14b.jpg HTTP/1.1" 200 37900 "-" "Mozilla/5.0 (compatible; bingbot/2.0; +http://www.bing.com/bingbot.htm)" "www.ysfine.com"
3.226.119.137 - - [29/Sep/2022:14:47:32 -0700] "GET /newyork/wallst11.jpg HTTP/1.1" 200 88207 "-" "Mozilla/5.0 (Macintosh; Intel Mac OS X 10_13_3) AppleWebKit/604.5.6 (KHTML, like Gecko) Version/11.0.3 Safari/604.5.6" "www.ysfine.com"
207.46.13.102 - - [29/Sep/2022:14:47:35 -0700] "GET /world/latina/rio083.jpg HTTP/1.1" 200 117572 "-" "Mozilla/5.0 (compatible; bingbot/2.0; +http://www.bing.com/bingbot.htm)" "www.ysfine.com"
157.55.39.58 - - [29/Sep/2022:14:47:40 -0700] "GET /kobak/rheetr2.jpg HTTP/1.1" 200 43503 "-" "Mozilla/5.0 AppleWebKit/537.36 (KHTML, like Gecko; compatible; bingbot/2.0; +http://www.bing.com/bingbot.htm) Chrome/103.0.5060.134 Safari/537.36" "ysfine.com"
207.46.13.102 - - [29/Sep/2022:14:48:05 -0700] "GET /newyork/colum17.jpg HTTP/1.1" 200 99132 "-" "Mozilla/5.0 (compatible; bingbot/2.0; +http://www.bing.com/bingbot.htm)" "ysfine.com"
66.249.70.3 - - [29/Sep/2022:14:48:21 -0700] "GET /maga/phil/herod11b.jpg HTTP/1.1" 200 152001 "-" "Googlebot-Image/1.0" "ysfine.com"
157.55.39.58 - - [29/Sep/2022:14:48:30 -0700] "GET /newyork/trump63b.jpg HTTP/1.1" 200 37273 "-" "Mozilla/5.0 (compatible; bingbot/2.0; +http://www.bing.com/bingbot.htm)" "ysfine.com"
157.55.39.127 - - [29/Sep/2022:14:48:31 -0700] "GET /usca/pitt/cmall57b.jpg HTTP/1.1" 200 34082 "-" "Mozilla/5.0 (compatible; bingbot/2.0; +http://www.bing.com/bingbot.htm)" "www.ysfine.com"
157.55.39.128 - - [29/Sep/2022:14:49:30 -0700] "GET /maga/phys/coperni103.jpg HTTP/1.1" 200 672308 "-" "Mozilla/5.0 (compatible; bingbot/2.0; +http://www.bing.com/bingbot.htm)" "ysfine.com"
157.55.39.127 - - [29/Sep/2022:14:49:59 -0700] "GET /houses/house77.jpg HTTP/1.1" 200 143627 "-" "Mozilla/5.0 (compatible; bingbot/2.0; +http://www.bing.com/bingbot.htm)" "www.ysfine.com"
40.77.167.27 - - [29/Sep/2022:14:50:40 -0700] "GET /ffriends/chinstu07.jpg HTTP/1.1" 200 139385 "-" "Mozilla/5.0 AppleWebKit/537.36 (KHTML, like Gecko; compatible; bingbot/2.0; +http://www.bing.com/bingbot.htm) Chrome/103.0.5060.134 Safari/537.36" "ysfine.com"
54.236.1.13 - - [29/Sep/2022:14:51:13 -0700] "GET /robots.txt HTTP/1.1" 404 88 "-" "Mozilla/5.0 (compatible; Pinterestbot/1.0; +http://www.pinterest.com/bot.html)" "ysfine.com"
54.236.1.13 - - [29/Sep/2022:14:51:13 -0700] "GET /feynman/feygell.html HTTP/1.1" 200 4714 "-" "Mozilla/5.0 (compatible; Pinterestbot/1.0; +http://www.pinterest.com/bot.html)" "ysfine.com"
128.195.97.52 - - [29/Sep/2022:14:53:17 -0700] "GET /wigner/wiglittle.pdf HTTP/1.1" 200 2659296 "https://www.google.com/" "Mozilla/5.0 (Macintosh; Intel Mac OS X 10_15_7) AppleWebKit/537.36 (KHTML, like Gecko) Chrome/105.0.0.0 Safari/537.36" "ysfine.com"
128.195.97.52 - - [29/Sep/2022:14:53:17 -0700] "GET /favicon.ico HTTP/1.1" 404 88 "https://ysfine.com/wigner/wiglittle.pdf" "Mozilla/5.0 (Macintosh; Intel Mac OS X 10_15_7) AppleWebKit/537.36 (KHTML, like Gecko) Chrome/105.0.0.0 Safari/537.36" "ysfine.com"
81.97.17.34 - - [29/Sep/2022:14:53:34 -0700] "GET /princeton/alexan22.jpg HTTP/1.1" 200 175436 "https://www.google.com/" "Mozilla/5.0 (iPad; CPU OS 14_6 like Mac OS X) AppleWebKit/605.1.15 (KHTML, like Gecko) GSA/214.5.452145058 Mobile/18F72 Safari/604.1" "ysfine.com"
173.73.80.118 - - [29/Sep/2022:14:55:32 -0700] "GET /favicon.ico HTTP/1.1" 404 88 "https://www.ysfine.com/ys11/index.html" "Mozilla/5.0 (Linux; Android 5.1.1; KFSUWI) AppleWebKit/537.36 (KHTML, like Gecko) Silk/104.2.16 like Chrome/104.0.5112.114 Safari/537.36" "www.ysfine.com"
157.55.39.127 - - [29/Sep/2022:14:56:12 -0700] "GET /world/russ/krem17.jpg HTTP/1.1" 200 104731 "-" "Mozilla/5.0 (compatible; bingbot/2.0; +http://www.bing.com/bingbot.htm)" "ysfine.com"
207.46.13.102 - - [29/Sep/2022:14:59:46 -0700] "GET /einstein/newtwig11.jpg HTTP/1.1" 200 99366 "-" "Mozilla/5.0 AppleWebKit/537.36 (KHTML, like Gecko; compatible; bingbot/2.0; +http://www.bing.com/bingbot.htm) Chrome/103.0.5060.134 Safari/537.36" "ysfine.com"
114.119.128.158 - - [29/Sep/2022:15:03:49 -0700] "GET /class54/class5470/total_data/photo_img/8-171.jpg HTTP/1.1" 200 196466 "https://ysfine.com/class54/class5470/total_data/sub_8171.htm" "Mozilla/5.0 (Linux; Android 7.0;) AppleWebKit/537.36 (KHTML, like Gecko) Mobile Safari/537.36 (compatible; PetalBot;+https://webmaster.petalsearch.com/site/petalbot)" "ysfine.com"
157.55.39.55 - - [29/Sep/2022:15:04:19 -0700] "GET /world/russ/basil10.jpg HTTP/1.1" 200 86935 "-" "Mozilla/5.0 (compatible; bingbot/2.0; +http://www.bing.com/bingbot.htm)" "ysfine.com"
157.55.39.127 - - [29/Sep/2022:15:05:41 -0700] "GET /feynman/feynma2.jpg HTTP/1.1" 200 41543 "-" "Mozilla/5.0 (compatible; bingbot/2.0; +http://www.bing.com/bingbot.htm)" "www.ysfine.com"
157.55.39.127 - - [29/Sep/2022:15:07:01 -0700] "GET /world/russ/mosko04.jpg HTTP/1.1" 200 75311 "-" "Mozilla/5.0 (compatible; bingbot/2.0; +http://www.bing.com/bingbot.htm)" "ysfine.com"
157.55.39.128 - - [29/Sep/2022:15:07:12 -0700] "GET /index.html HTTP/1.1" 304 - "-" "Mozilla/5.0 (compatible; bingbot/2.0; +http://www.bing.com/bingbot.htm)" "www.ysfine.com"
49.176.131.240 - - [29/Sep/2022:15:08:25 -0700] "GET /kowar/tanks/sherman44.jpg HTTP/1.1" 200 75411 "https://www.google.com/" "Mozilla/5.0 (Windows NT 10.0; Win64; x64) AppleWebKit/537.36 (KHTML, like Gecko) Chrome/106.0.0.0 Safari/537.36" "ysfine.com"
157.55.39.127 - - [29/Sep/2022:15:09:41 -0700] "GET /sbk/2006vien11.jpg HTTP/1.1" 200 207352 "-" "Mozilla/5.0 (compatible; bingbot/2.0; +http://www.bing.com/bingbot.htm)" "www.ysfine.com"
157.55.39.55 - - [29/Sep/2022:15:12:21 -0700] "GET /world/russ/kazan081.jpg HTTP/1.1" 200 75486 "-" "Mozilla/5.0 AppleWebKit/537.36 (KHTML, like Gecko; compatible; bingbot/2.0; +http://www.bing.com/bingbot.htm) Chrome/103.0.5060.134 Safari/537.36" "www.ysfine.com"
157.55.39.55 - - [29/Sep/2022:15:12:22 -0700] "GET /world/baltic/kantname11b.jpg HTTP/1.1" 200 23369 "-" "Mozilla/5.0 (compatible; bingbot/2.0; +http://www.bing.com/bingbot.htm)" "www.ysfine.com"
207.46.13.102 - - [29/Sep/2022:15:13:27 -0700] "GET /ffriends/belgistu02.jpg HTTP/1.1" 200 131823 "-" "Mozilla/5.0 (compatible; bingbot/2.0; +http://www.bing.com/bingbot.htm)" "ysfine.com"
157.55.39.58 - - [29/Sep/2022:15:15:23 -0700] "GET /kobak/father.jpg HTTP/1.1" 200 75154 "-" "Mozilla/5.0 (compatible; bingbot/2.0; +http://www.bing.com/bingbot.htm)" "ysfine.com"
157.55.39.58 - - [29/Sep/2022:15:16:42 -0700] "GET /people/yuen01b.jpg HTTP/1.1" 200 24922 "-" "Mozilla/5.0 (compatible; bingbot/2.0; +http://www.bing.com/bingbot.htm)" "ysfine.com"
114.119.128.162 - - [29/Sep/2022:15:16:55 -0700] "GET /class54/class5470/total_data/photo_img/2-31.jpg HTTP/1.1" 200 178830 "https://ysfine.com/class54/class5470/total_data/sub_231.htm" "Mozilla/5.0 (Linux; Android 7.0;) AppleWebKit/537.36 (KHTML, like Gecko) Mobile Safari/537.36 (compatible; PetalBot;+https://webmaster.petalsearch.com/site/petalbot)" "ysfine.com"
207.46.13.102 - - [29/Sep/2022:15:16:57 -0700] "GET /style/musee/beijing058.jpg HTTP/1.1" 200 66106 "-" "Mozilla/5.0 (compatible; bingbot/2.0; +http://www.bing.com/bingbot.htm)" "ysfine.com"
103.88.51.246 - - [29/Sep/2022:15:17:29 -0700] "GET /dirac/dirheisen31b.jpg HTTP/1.1" 200 39248 "https://www.google.com/" "Mozilla/5.0 (X11; Linux x86_64) AppleWebKit/537.36 (KHTML, like Gecko) Chrome/104.0.0.0 Safari/537.36" "ysfine.com"
103.88.51.246 - - [29/Sep/2022:15:17:33 -0700] "GET /dirac/dirfoc62.jpg HTTP/1.1" 200 192075 "https://www.google.com/" "Mozilla/5.0 (X11; Linux x86_64) AppleWebKit/537.36 (KHTML, like Gecko) Chrome/104.0.0.0 Safari/537.36" "ysfine.com"
103.88.51.246 - - [29/Sep/2022:15:17:40 -0700] "GET /dirac/dirheisen30.jpg HTTP/1.1" 200 141929 "https://www.google.com/" "Mozilla/5.0 (X11; Linux x86_64) AppleWebKit/537.36 (KHTML, like Gecko) Chrome/104.0.0.0 Safari/537.36" "ysfine.com"
103.88.51.246 - - [29/Sep/2022:15:18:05 -0700] "GET /einstein/einbohr33.jpg HTTP/1.1" 200 87797 "https://www.google.com/" "Mozilla/5.0 (X11; Linux x86_64) AppleWebKit/537.36 (KHTML, like Gecko) Chrome/104.0.0.0 Safari/537.36" "ysfine.com"
40.77.167.27 - - [29/Sep/2022:15:18:22 -0700] "GET /wdc/wasopera11.jpg HTTP/1.1" 200 70236 "-" "Mozilla/5.0 (compatible; bingbot/2.0; +http://www.bing.com/bingbot.htm)" "ysfine.com"
95.12.122.125 - - [29/Sep/2022:15:19:14 -0700] "GET /einstein/places/einha05.jpg HTTP/1.1" 200 138021 "https://www.google.com/" "Mozilla/5.0 (Windows NT 10.0; Win64; x64) AppleWebKit/537.36 (KHTML, like Gecko) Chrome/105.0.0.0 Safari/537.36" "ysfine.com"
207.46.13.102 - - [29/Sep/2022:15:19:37 -0700] "GET /maga/phys/sommerfeld11.jpg HTTP/1.1" 200 57843 "-" "Mozilla/5.0 (compatible; bingbot/2.0; +http://www.bing.com/bingbot.htm)" "ysfine.com"
114.119.128.158 - - [29/Sep/2022:15:20:11 -0700] "GET /articles/phpr.pdf HTTP/1.1" 401 90 "http://ysfine.com/maga/bohratom.html" "Mozilla/5.0 (Linux; Android 7.0;) AppleWebKit/537.36 (KHTML, like Gecko) Mobile Safari/537.36 (compatible; PetalBot;+https://webmaster.petalsearch.com/site/petalbot)" "ysfine.com"
157.55.39.127 - - [29/Sep/2022:15:20:43 -0700] "GET /world/poland/polnobel01b.jpg HTTP/1.1" 200 42634 "-" "Mozilla/5.0 AppleWebKit/537.36 (KHTML, like Gecko; compatible; bingbot/2.0; +http://www.bing.com/bingbot.htm) Chrome/103.0.5060.134 Safari/537.36" "www.ysfine.com"
116.179.33.13 - - [29/Sep/2022:15:20:51 -0700] "GET /robots.txt HTTP/1.1" 404 88 "-" "Mozilla/5.0 (Windows NT 10.0; WOW64) AppleWebKit/537.36 (KHTML, like Gecko) Chrome/48.0.2564.116 Safari/537.36" "ysfine.com"
220.181.51.113 - - [29/Sep/2022:15:20:51 -0700] "GET /robots.txt HTTP/1.1" 404 88 "-" "Mozilla/5.0 (Windows NT 10.0; WOW64) AppleWebKit/537.36 (KHTML, like Gecko) Chrome/48.0.2564.116 Safari/537.36" "ysfine.com"
116.179.32.12 - - [29/Sep/2022:15:20:52 -0700] "GET /maga/copislam.html HTTP/1.1" 304 - "-" "Mozilla/5.0 (compatible; Baiduspider/2.0; +http://www.baidu.com/search/spider.html)" "ysfine.com"
220.181.108.105 - - [29/Sep/2022:15:20:52 -0700] "GET /sbk/index.html HTTP/1.1" 304 - "-" "Mozilla/5.0 (compatible; Baiduspider/2.0; +http://www.baidu.com/search/spider.html)" "ysfine.com"
116.179.32.30 - - [29/Sep/2022:15:20:52 -0700] "GET /princeton/index.html HTTP/1.1" 200 140 "-" "Mozilla/5.0 (compatible; Baiduspider/2.0; +http://www.baidu.com/search/spider.html)" "ysfine.com"
116.179.32.216 - - [29/Sep/2022:15:20:53 -0700] "GET /princeton/ HTTP/1.1" 200 184 "-" "Mozilla/5.0 (compatible; Baiduspider/2.0; +http://www.baidu.com/search/spider.html)" "ysfine.com"
116.179.33.81 - - [29/Sep/2022:15:20:53 -0700] "GET /robots.txt HTTP/1.1" 404 88 "-" "Mozilla/5.0 (Windows NT 10.0; WOW64) AppleWebKit/537.36 (KHTML, like Gecko) Chrome/48.0.2564.116 Safari/537.36" "ysfine.com"
220.181.51.116 - - [29/Sep/2022:15:20:54 -0700] "GET /robots.txt HTTP/1.1" 404 88 "-" "Mozilla/5.0 (Windows NT 10.0; WOW64) AppleWebKit/537.36 (KHTML, like Gecko) Chrome/48.0.2564.116 Safari/537.36" "ysfine.com"
116.179.37.223 - - [29/Sep/2022:15:20:58 -0700] "GET /princeton/prbot.html HTTP/1.1" 200 140 "https://ysfine.com/princeton/index.html" "Mozilla/5.0 (compatible; Baiduspider-render/2.0; +http://www.baidu.com/search/spider.html)" "ysfine.com"
116.179.37.79 - - [29/Sep/2022:15:20:58 -0700] "GET /princeton/prtop.html HTTP/1.1" 200 389 "https://ysfine.com/princeton/index.html" "Mozilla/5.0 (compatible; Baiduspider-render/2.0; +http://www.baidu.com/search/spider.html)" "ysfine.com"
116.179.37.157 - - [29/Sep/2022:15:20:58 -0700] "GET /princeton/pleft.html HTTP/1.1" 200 670 "https://ysfine.com/princeton/prbot.html" "Mozilla/5.0 (compatible; Baiduspider-render/2.0; +http://www.baidu.com/search/spider.html)" "ysfine.com"
116.179.37.236 - - [29/Sep/2022:15:20:59 -0700] "GET /princeton/prigh.html HTTP/1.1" 200 5268 "https://ysfine.com/princeton/prbot.html" "Mozilla/5.0 (compatible; Baiduspider-render/2.0; +http://www.baidu.com/search/spider.html)" "ysfine.com"
116.179.37.207 - - [29/Sep/2022:15:20:59 -0700] "GET /princeton/gcollege61c.jpg HTTP/1.1" 200 25688 "https://ysfine.com/princeton/prigh.html" "Mozilla/5.0 (compatible; Baiduspider-render/2.0; +http://www.baidu.com/search/spider.html)" "ysfine.com"
116.179.37.161 - - [29/Sep/2022:15:20:59 -0700] "GET /princeton/family87c.jpg HTTP/1.1" 200 41065 "https://ysfine.com/princeton/prigh.html" "Mozilla/5.0 (compatible; Baiduspider-render/2.0; +http://www.baidu.com/search/spider.html)" "ysfine.com"
116.179.37.108 - - [29/Sep/2022:15:20:59 -0700] "GET /eink/ewk86a.jpg HTTP/1.1" 200 70895 "https://ysfine.com/princeton/prigh.html" "Mozilla/5.0 (compatible; Baiduspider-render/2.0; +http://www.baidu.com/search/spider.html)" "ysfine.com"
116.179.37.196 - - [29/Sep/2022:15:20:59 -0700] "GET /princeton/feyprince11c.jpg HTTP/1.1" 200 50500 "https://ysfine.com/princeton/prigh.html" "Mozilla/5.0 (compatible; Baiduspider-render/2.0; +http://www.baidu.com/search/spider.html)" "ysfine.com"
116.179.37.58 - - [29/Sep/2022:15:20:59 -0700] "GET /princeton/rheepr01c.jpg HTTP/1.1" 200 33538 "https://ysfine.com/princeton/prigh.html" "Mozilla/5.0 (compatible; Baiduspider-render/2.0; +http://www.baidu.com/search/spider.html)" "ysfine.com"
116.179.37.232 - - [29/Sep/2022:15:20:59 -0700] "GET /einstein/einbohr33c.jpg HTTP/1.1" 200 36410 "https://ysfine.com/princeton/prigh.html" "Mozilla/5.0 (compatible; Baiduspider-render/2.0; +http://www.baidu.com/search/spider.html)" "ysfine.com"
116.179.37.243 - - [29/Sep/2022:15:20:59 -0700] "GET /awards/hemis21a.jpg HTTP/1.1" 200 116270 "https://ysfine.com/princeton/prigh.html" "Mozilla/5.0 (compatible; Baiduspider-render/2.0; +http://www.baidu.com/search/spider.html)" "ysfine.com"
116.179.37.167 - - [29/Sep/2022:15:20:59 -0700] "GET /eink/further22a.jpg HTTP/1.1" 200 96140 "https://ysfine.com/princeton/prigh.html" "Mozilla/5.0 (compatible; Baiduspider-render/2.0; +http://www.baidu.com/search/spider.html)" "ysfine.com"
116.179.37.118 - - [29/Sep/2022:15:20:59 -0700] "GET /princeton/einpm300.jpg HTTP/1.1" 200 45605 "https://ysfine.com/princeton/prigh.html" "Mozilla/5.0 (compatible; Baiduspider-render/2.0; +http://www.baidu.com/search/spider.html)" "ysfine.com"
116.179.37.224 - - [29/Sep/2022:15:20:59 -0700] "GET /princeton/pawkim19c.jpg HTTP/1.1" 200 58199 "https://ysfine.com/princeton/prigh.html" "Mozilla/5.0 (compatible; Baiduspider-render/2.0; +http://www.baidu.com/search/spider.html)" "ysfine.com"
116.179.37.79 - - [29/Sep/2022:15:20:59 -0700] "GET /princeton/yspr61c.jpg HTTP/1.1" 200 27257 "https://ysfine.com/princeton/prigh.html" "Mozilla/5.0 (compatible; Baiduspider-render/2.0; +http://www.baidu.com/search/spider.html)" "ysfine.com"
207.46.13.102 - - [29/Sep/2022:15:21:18 -0700] "GET /world/germany/franko22b.jpg HTTP/1.1" 200 43358 "-" "Mozilla/5.0 AppleWebKit/537.36 (KHTML, like Gecko; compatible; bingbot/2.0; +http://www.bing.com/bingbot.htm) Chrome/103.0.5060.134 Safari/537.36" "www.ysfine.com"
98.227.217.212 - - [29/Sep/2022:15:21:28 -0700] "GET /heisen/heisen22.jpg HTTP/1.1" 200 82807 "https://www.google.com/" "Mozilla/5.0 (Windows NT 10.0; Win64; x64) AppleWebKit/537.36 (KHTML, like Gecko) Chrome/105.0.0.0 Safari/537.36" "ysfine.com"
157.55.39.58 - - [29/Sep/2022:15:21:34 -0700] "GET /world/ital/rome048.jpg HTTP/1.1" 200 93692 "-" "Mozilla/5.0 AppleWebKit/537.36 (KHTML, like Gecko; compatible; bingbot/2.0; +http://www.bing.com/bingbot.htm) Chrome/103.0.5060.134 Safari/537.36" "ysfine.com"
111.98.62.70 - - [29/Sep/2022:15:21:59 -0700] "GET /dirac/dirac11.jpg HTTP/1.1" 200 94245 "https://www.google.com/" "Mozilla/5.0 (Windows NT 10.0; Win64; x64; rv:105.0) Gecko/20100101 Firefox/105.0" "ysfine.com"
66.249.70.30 - - [29/Sep/2022:15:22:17 -0700] "GET /kowar/kowar001b.jpg HTTP/1.1" 200 80152 "-" "Googlebot-Image/1.0" "ysfine.com"
157.55.39.128 - - [29/Sep/2022:15:22:33 -0700] "GET /yspapers/parton66.jpg HTTP/1.1" 200 116712 "-" "Mozilla/5.0 (compatible; bingbot/2.0; +http://www.bing.com/bingbot.htm)" "ysfine.com"
114.111.32.62 - - [29/Sep/2022:15:22:37 -0700] "GET /home/fotos/photo12c.jpg HTTP/1.1" 200 31719 "-" "Mozilla/5.0 (compatible; Yeti/1.1; +https://naver.me/spd)" "ysfine.com"
67.171.163.64 - - [29/Sep/2022:15:22:55 -0700] "GET /world/scandi/sto001.jpg HTTP/1.1" 200 111684 "https://www.google.com/" "Mozilla/5.0 (iPhone; CPU iPhone OS 15_6 like Mac OS X) AppleWebKit/605.1.15 (KHTML, like Gecko) CriOS/105.0.5195.147 Mobile/15E148 Safari/604.1" "ysfine.com"
187.69.231.1 - - [29/Sep/2022:15:23:07 -0700] "GET /wigner/neum/vnc01.jpg HTTP/1.1" 200 133641 "https://sites.google.com/" "Mozilla/5.0 (Windows NT 10.0; Win64; x64) AppleWebKit/537.36 (KHTML, like Gecko) Chrome/105.0.0.0 Safari/537.36" "ysfine.com"
98.110.86.231 - - [29/Sep/2022:15:25:07 -0700] "GET /princeton/gcollege.html HTTP/1.1" 200 504 "https://www.google.com/" "Mozilla/5.0 (Windows NT 10.0; Win64; x64) AppleWebKit/537.36 (KHTML, like Gecko) Chrome/105.0.0.0 Safari/537.36/u4L5000i-47" "ysfine.com"
98.110.86.231 - - [29/Sep/2022:15:25:07 -0700] "GET /princeton/gcollege61.jpg HTTP/1.1" 200 84242 "https://ysfine.com/princeton/gcollege.html" "Mozilla/5.0 (Windows NT 10.0; Win64; x64) AppleWebKit/537.36 (KHTML, like Gecko) Chrome/105.0.0.0 Safari/537.36/u4L5000i-47" "ysfine.com"
98.110.86.231 - - [29/Sep/2022:15:25:07 -0700] "GET /princeton/gcollege02.jpg HTTP/1.1" 200 69104 "https://ysfine.com/princeton/gcollege.html" "Mozilla/5.0 (Windows NT 10.0; Win64; x64) AppleWebKit/537.36 (KHTML, like Gecko) Chrome/105.0.0.0 Safari/537.36/u4L5000i-47" "ysfine.com"
98.110.86.231 - - [29/Sep/2022:15:25:07 -0700] "GET /princeton/gcollege08.jpg HTTP/1.1" 200 81357 "https://ysfine.com/princeton/gcollege.html" "Mozilla/5.0 (Windows NT 10.0; Win64; x64) AppleWebKit/537.36 (KHTML, like Gecko) Chrome/105.0.0.0 Safari/537.36/u4L5000i-47" "ysfine.com"
98.110.86.231 - - [29/Sep/2022:15:25:07 -0700] "GET /eink/eink61c.jpg HTTP/1.1" 200 34119 "https://ysfine.com/princeton/gcollege.html" "Mozilla/5.0 (Windows NT 10.0; Win64; x64) AppleWebKit/537.36 (KHTML, like Gecko) Chrome/105.0.0.0 Safari/537.36/u4L5000i-47" "ysfine.com"
98.110.86.231 - - [29/Sep/2022:15:25:07 -0700] "GET /favicon.ico HTTP/1.1" 404 88 "https://ysfine.com/princeton/gcollege.html" "Mozilla/5.0 (Windows NT 10.0; Win64; x64) AppleWebKit/537.36 (KHTML, like Gecko) Chrome/105.0.0.0 Safari/537.36/u4L5000i-47" "ysfine.com"
104.48.184.6 - - [29/Sep/2022:15:25:20 -0700] "GET /kobak/rheetr11.jpg HTTP/1.1" 200 184635 "https://www.google.com/" "Mozilla/5.0 (X11; CrOS x86_64 14989.107.0) AppleWebKit/537.36 (KHTML, like Gecko) Chrome/105.0.0.0 Safari/537.36" "ysfine.com"
98.110.86.231 - - [29/Sep/2022:15:25:20 -0700] "GET /princeton/campus.html HTTP/1.1" 200 15142 "https://ysfine.com/princeton/gcollege.html" "Mozilla/5.0 (Windows NT 10.0; Win64; x64) AppleWebKit/537.36 (KHTML, like Gecko) Chrome/105.0.0.0 Safari/537.36/u4L5000i-47" "ysfine.com"
98.110.86.231 - - [29/Sep/2022:15:25:20 -0700] "GET /princeton/nasshall01b.jpg HTTP/1.1" 200 60879 "https://ysfine.com/princeton/campus.html" "Mozilla/5.0 (Windows NT 10.0; Win64; x64) AppleWebKit/537.36 (KHTML, like Gecko) Chrome/105.0.0.0 Safari/537.36/u4L5000i-47" "ysfine.com"
98.110.86.231 - - [29/Sep/2022:15:25:20 -0700] "GET /princeton/withers01b.jpg HTTP/1.1" 200 53277 "https://ysfine.com/princeton/campus.html" "Mozilla/5.0 (Windows NT 10.0; Win64; x64) AppleWebKit/537.36 (KHTML, like Gecko) Chrome/105.0.0.0 Safari/537.36/u4L5000i-47" "ysfine.com"
98.110.86.231 - - [29/Sep/2022:15:25:20 -0700] "GET /princeton/alexan22b.jpg HTTP/1.1" 200 55817 "https://ysfine.com/princeton/campus.html" "Mozilla/5.0 (Windows NT 10.0; Win64; x64) AppleWebKit/537.36 (KHTML, like Gecko) Chrome/105.0.0.0 Safari/537.36/u4L5000i-47" "ysfine.com"
98.110.86.231 - - [29/Sep/2022:15:25:20 -0700] "GET /princeton/pcomm01b.jpg HTTP/1.1" 200 46796 "https://ysfine.com/princeton/campus.html" "Mozilla/5.0 (Windows NT 10.0; Win64; x64) AppleWebKit/537.36 (KHTML, like Gecko) Chrome/105.0.0.0 Safari/537.36/u4L5000i-47" "ysfine.com"
98.110.86.231 - - [29/Sep/2022:15:25:20 -0700] "GET /princeton/firestone11b.jpg HTTP/1.1" 200 54060 "https://ysfine.com/princeton/campus.html" "Mozilla/5.0 (Windows NT 10.0; Win64; x64) AppleWebKit/537.36 (KHTML, like Gecko) Chrome/105.0.0.0 Safari/537.36/u4L5000i-47" "ysfine.com"
98.110.86.231 - - [29/Sep/2022:15:25:20 -0700] "GET /style/picasspr22b.jpg HTTP/1.1" 200 67766 "https://ysfine.com/princeton/campus.html" "Mozilla/5.0 (Windows NT 10.0; Win64; x64) AppleWebKit/537.36 (KHTML, like Gecko) Chrome/105.0.0.0 Safari/537.36/u4L5000i-47" "ysfine.com"
98.110.86.231 - - [29/Sep/2022:15:25:20 -0700] "GET /princeton/prospectg33b.jpg HTTP/1.1" 200 39510 "https://ysfine.com/princeton/campus.html" "Mozilla/5.0 (Windows NT 10.0; Win64; x64) AppleWebKit/537.36 (KHTML, like Gecko) Chrome/105.0.0.0 Safari/537.36/u4L5000i-47" "ysfine.com"
98.110.86.231 - - [29/Sep/2022:15:25:20 -0700] "GET /princeton/pumu11b.jpg HTTP/1.1" 200 46659 "https://ysfine.com/princeton/campus.html" "Mozilla/5.0 (Windows NT 10.0; Win64; x64) AppleWebKit/537.36 (KHTML, like Gecko) Chrome/105.0.0.0 Safari/537.36/u4L5000i-47" "ysfine.com"
98.110.86.231 - - [29/Sep/2022:15:25:20 -0700] "GET /princeton/cleve11b.jpg HTTP/1.1" 200 42431 "https://ysfine.com/princeton/campus.html" "Mozilla/5.0 (Windows NT 10.0; Win64; x64) AppleWebKit/537.36 (KHTML, like Gecko) Chrome/105.0.0.0 Safari/537.36/u4L5000i-47" "ysfine.com"
98.110.86.231 - - [29/Sep/2022:15:25:20 -0700] "GET /princeton/pstadium22b.jpg HTTP/1.1" 200 40166 "https://ysfine.com/princeton/campus.html" "Mozilla/5.0 (Windows NT 10.0; Win64; x64) AppleWebKit/537.36 (KHTML, like Gecko) Chrome/105.0.0.0 Safari/537.36/u4L5000i-47" "ysfine.com"
98.110.86.231 - - [29/Sep/2022:15:25:20 -0700] "GET /princeton/gcollege05b.jpg HTTP/1.1" 200 49944 "https://ysfine.com/princeton/campus.html" "Mozilla/5.0 (Windows NT 10.0; Win64; x64) AppleWebKit/537.36 (KHTML, like Gecko) Chrome/105.0.0.0 Safari/537.36/u4L5000i-47" "ysfine.com"
98.110.86.231 - - [29/Sep/2022:15:25:20 -0700] "GET /princeton/gcollege21b.jpg HTTP/1.1" 200 50053 "https://ysfine.com/princeton/campus.html" "Mozilla/5.0 (Windows NT 10.0; Win64; x64) AppleWebKit/537.36 (KHTML, like Gecko) Chrome/105.0.0.0 Safari/537.36/u4L5000i-47" "ysfine.com"
98.110.86.231 - - [29/Sep/2022:15:25:20 -0700] "GET /princeton/sabat11b.jpg HTTP/1.1" 200 56760 "https://ysfine.com/princeton/campus.html" "Mozilla/5.0 (Windows NT 10.0; Win64; x64) AppleWebKit/537.36 (KHTML, like Gecko) Chrome/105.0.0.0 Safari/537.36/u4L5000i-47" "ysfine.com"
98.110.86.231 - - [29/Sep/2022:15:25:20 -0700] "GET /princeton/rheepr01b.jpg HTTP/1.1" 200 35236 "https://ysfine.com/princeton/campus.html" "Mozilla/5.0 (Windows NT 10.0; Win64; x64) AppleWebKit/537.36 (KHTML, like Gecko) Chrome/105.0.0.0 Safari/537.36/u4L5000i-47" "ysfine.com"
98.110.86.231 - - [29/Sep/2022:15:25:20 -0700] "GET /princeton/wilson01b.jpg HTTP/1.1" 200 39141 "https://ysfine.com/princeton/campus.html" "Mozilla/5.0 (Windows NT 10.0; Win64; x64) AppleWebKit/537.36 (KHTML, like Gecko) Chrome/105.0.0.0 Safari/537.36/u4L5000i-47" "ysfine.com"
98.110.86.231 - - [29/Sep/2022:15:25:20 -0700] "GET /princeton/blair11b.jpg HTTP/1.1" 200 46260 "https://ysfine.com/princeton/campus.html" "Mozilla/5.0 (Windows NT 10.0; Win64; x64) AppleWebKit/537.36 (KHTML, like Gecko) Chrome/105.0.0.0 Safari/537.36/u4L5000i-47" "ysfine.com"
98.110.86.231 - - [29/Sep/2022:15:25:20 -0700] "GET /princeton/wilson02b.jpg HTTP/1.1" 200 38092 "https://ysfine.com/princeton/campus.html" "Mozilla/5.0 (Windows NT 10.0; Win64; x64) AppleWebKit/537.36 (KHTML, like Gecko) Chrome/105.0.0.0 Safari/537.36/u4L5000i-47" "ysfine.com"
98.110.86.231 - - [29/Sep/2022:15:25:20 -0700] "GET /princeton/econ11b.jpg HTTP/1.1" 200 37872 "https://ysfine.com/princeton/campus.html" "Mozilla/5.0 (Windows NT 10.0; Win64; x64) AppleWebKit/537.36 (KHTML, like Gecko) Chrome/105.0.0.0 Safari/537.36/u4L5000i-47" "ysfine.com"
98.110.86.231 - - [29/Sep/2022:15:25:20 -0700] "GET /princeton/eng01b.jpg HTTP/1.1" 200 35847 "https://ysfine.com/princeton/campus.html" "Mozilla/5.0 (Windows NT 10.0; Win64; x64) AppleWebKit/537.36 (KHTML, like Gecko) Chrome/105.0.0.0 Safari/537.36/u4L5000i-47" "ysfine.com"
98.110.86.231 - - [29/Sep/2022:15:25:20 -0700] "GET /princeton/brownh11b.jpg HTTP/1.1" 200 52347 "https://ysfine.com/princeton/campus.html" "Mozilla/5.0 (Windows NT 10.0; Win64; x64) AppleWebKit/537.36 (KHTML, like Gecko) Chrome/105.0.0.0 Safari/537.36/u4L5000i-47" "ysfine.com"
98.110.86.231 - - [29/Sep/2022:15:25:20 -0700] "GET /princeton/palmerlab11b.jpg HTTP/1.1" 200 40956 "https://ysfine.com/princeton/campus.html" "Mozilla/5.0 (Windows NT 10.0; Win64; x64) AppleWebKit/537.36 (KHTML, like Gecko) Chrome/105.0.0.0 Safari/537.36/u4L5000i-47" "ysfine.com"
98.110.86.231 - - [29/Sep/2022:15:25:20 -0700] "GET /princeton/forrestalmap2.jpg HTTP/1.1" 200 54761 "https://ysfine.com/princeton/campus.html" "Mozilla/5.0 (Windows NT 10.0; Win64; x64) AppleWebKit/537.36 (KHTML, like Gecko) Chrome/105.0.0.0 Safari/537.36/u4L5000i-47" "ysfine.com"
98.110.86.231 - - [29/Sep/2022:15:25:20 -0700] "GET /princeton/pseminary11b.jpg HTTP/1.1" 200 53421 "https://ysfine.com/princeton/campus.html" "Mozilla/5.0 (Windows NT 10.0; Win64; x64) AppleWebKit/537.36 (KHTML, like Gecko) Chrome/105.0.0.0 Safari/537.36/u4L5000i-47" "ysfine.com"
98.110.86.231 - - [29/Sep/2022:15:25:20 -0700] "GET /einstein/eincurie11b.jpg HTTP/1.1" 200 42944 "https://ysfine.com/princeton/campus.html" "Mozilla/5.0 (Windows NT 10.0; Win64; x64) AppleWebKit/537.36 (KHTML, like Gecko) Chrome/105.0.0.0 Safari/537.36/u4L5000i-47" "ysfine.com"
98.110.86.231 - - [29/Sep/2022:15:25:20 -0700] "GET /einstein/einhouse11b.jpg HTTP/1.1" 200 42717 "https://ysfine.com/princeton/campus.html" "Mozilla/5.0 (Windows NT 10.0; Win64; x64) AppleWebKit/537.36 (KHTML, like Gecko) Chrome/105.0.0.0 Safari/537.36/u4L5000i-47" "ysfine.com"
98.110.86.231 - - [29/Sep/2022:15:25:20 -0700] "GET /princeton/pgarden11b.jpg HTTP/1.1" 200 46683 "https://ysfine.com/princeton/campus.html" "Mozilla/5.0 (Windows NT 10.0; Win64; x64) AppleWebKit/537.36 (KHTML, like Gecko) Chrome/105.0.0.0 Safari/537.36/u4L5000i-47" "ysfine.com"
98.110.86.231 - - [29/Sep/2022:15:25:20 -0700] "GET /princeton/mediter22b.jpg HTTP/1.1" 200 34241 "https://ysfine.com/princeton/campus.html" "Mozilla/5.0 (Windows NT 10.0; Win64; x64) AppleWebKit/537.36 (KHTML, like Gecko) Chrome/105.0.0.0 Safari/537.36/u4L5000i-47" "ysfine.com"
98.110.86.231 - - [29/Sep/2022:15:25:20 -0700] "GET /world/russ/kazan035b.jpg HTTP/1.1" 200 41723 "https://ysfine.com/princeton/campus.html" "Mozilla/5.0 (Windows NT 10.0; Win64; x64) AppleWebKit/537.36 (KHTML, like Gecko) Chrome/105.0.0.0 Safari/537.36/u4L5000i-47" "ysfine.com"
98.110.86.231 - - [29/Sep/2022:15:25:20 -0700] "GET /princeton/palmersq11b.jpg HTTP/1.1" 200 36231 "https://ysfine.com/princeton/campus.html" "Mozilla/5.0 (Windows NT 10.0; Win64; x64) AppleWebKit/537.36 (KHTML, like Gecko) Chrome/105.0.0.0 Safari/537.36/u4L5000i-47" "ysfine.com"
98.110.86.231 - - [29/Sep/2022:15:25:20 -0700] "GET /princeton/ustore33b.jpg HTTP/1.1" 200 54240 "https://ysfine.com/princeton/campus.html" "Mozilla/5.0 (Windows NT 10.0; Win64; x64) AppleWebKit/537.36 (KHTML, like Gecko) Chrome/105.0.0.0 Safari/537.36/u4L5000i-47" "ysfine.com"
98.110.86.231 - - [29/Sep/2022:15:25:21 -0700] "GET /princeton/hamilton11b.jpg HTTP/1.1" 200 55404 "https://ysfine.com/princeton/campus.html" "Mozilla/5.0 (Windows NT 10.0; Win64; x64) AppleWebKit/537.36 (KHTML, like Gecko) Chrome/105.0.0.0 Safari/537.36/u4L5000i-47" "ysfine.com"
98.110.86.231 - - [29/Sep/2022:15:25:21 -0700] "GET /princeton/nassin05b.jpg HTTP/1.1" 200 45166 "https://ysfine.com/princeton/campus.html" "Mozilla/5.0 (Windows NT 10.0; Win64; x64) AppleWebKit/537.36 (KHTML, like Gecko) Chrome/105.0.0.0 Safari/537.36/u4L5000i-47" "ysfine.com"
98.110.86.231 - - [29/Sep/2022:15:25:21 -0700] "GET /princeton/nassin08b.jpg HTTP/1.1" 200 55747 "https://ysfine.com/princeton/campus.html" "Mozilla/5.0 (Windows NT 10.0; Win64; x64) AppleWebKit/537.36 (KHTML, like Gecko) Chrome/105.0.0.0 Safari/537.36/u4L5000i-47" "ysfine.com"
98.110.86.231 - - [29/Sep/2022:15:25:21 -0700] "GET /princeton/nassinf01b.jpg HTTP/1.1" 200 45562 "https://ysfine.com/princeton/campus.html" "Mozilla/5.0 (Windows NT 10.0; Win64; x64) AppleWebKit/537.36 (KHTML, like Gecko) Chrome/105.0.0.0 Safari/537.36/u4L5000i-47" "ysfine.com"
98.110.86.231 - - [29/Sep/2022:15:25:21 -0700] "GET /princeton/nassinf03b.jpg HTTP/1.1" 200 33593 "https://ysfine.com/princeton/campus.html" "Mozilla/5.0 (Windows NT 10.0; Win64; x64) AppleWebKit/537.36 (KHTML, like Gecko) Chrome/105.0.0.0 Safari/537.36/u4L5000i-47" "ysfine.com"
98.110.86.231 - - [29/Sep/2022:15:25:21 -0700] "GET /princeton/brooke66b.jpg HTTP/1.1" 200 44674 "https://ysfine.com/princeton/campus.html" "Mozilla/5.0 (Windows NT 10.0; Win64; x64) AppleWebKit/537.36 (KHTML, like Gecko) Chrome/105.0.0.0 Safari/537.36/u4L5000i-47" "ysfine.com"
98.110.86.231 - - [29/Sep/2022:15:25:21 -0700] "GET /princeton/nassinf35b.jpg HTTP/1.1" 200 45853 "https://ysfine.com/princeton/campus.html" "Mozilla/5.0 (Windows NT 10.0; Win64; x64) AppleWebKit/537.36 (KHTML, like Gecko) Chrome/105.0.0.0 Safari/537.36/u4L5000i-47" "ysfine.com"
98.110.86.231 - - [29/Sep/2022:15:25:21 -0700] "GET /princeton/nassinf32b.jpg HTTP/1.1" 200 40214 "https://ysfine.com/princeton/campus.html" "Mozilla/5.0 (Windows NT 10.0; Win64; x64) AppleWebKit/537.36 (KHTML, like Gecko) Chrome/105.0.0.0 Safari/537.36/u4L5000i-47" "ysfine.com"
98.110.86.231 - - [29/Sep/2022:15:25:21 -0700] "GET /princeton/annex11b.jpg HTTP/1.1" 200 39639 "https://ysfine.com/princeton/campus.html" "Mozilla/5.0 (Windows NT 10.0; Win64; x64) AppleWebKit/537.36 (KHTML, like Gecko) Chrome/105.0.0.0 Safari/537.36/u4L5000i-47" "ysfine.com"
98.110.86.231 - - [29/Sep/2022:15:25:21 -0700] "GET /princeton/lahiere11b.jpg HTTP/1.1" 200 53024 "https://ysfine.com/princeton/campus.html" "Mozilla/5.0 (Windows NT 10.0; Win64; x64) AppleWebKit/537.36 (KHTML, like Gecko) Chrome/105.0.0.0 Safari/537.36/u4L5000i-47" "ysfine.com"
98.110.86.231 - - [29/Sep/2022:15:25:21 -0700] "GET /princeton/hyatt33b.jpg HTTP/1.1" 200 34135 "https://ysfine.com/princeton/campus.html" "Mozilla/5.0 (Windows NT 10.0; Win64; x64) AppleWebKit/537.36 (KHTML, like Gecko) Chrome/105.0.0.0 Safari/537.36/u4L5000i-47" "ysfine.com"
98.110.86.231 - - [29/Sep/2022:15:25:21 -0700] "GET /princeton/hyatt66b.jpg HTTP/1.1" 200 45208 "https://ysfine.com/princeton/campus.html" "Mozilla/5.0 (Windows NT 10.0; Win64; x64) AppleWebKit/537.36 (KHTML, like Gecko) Chrome/105.0.0.0 Safari/537.36/u4L5000i-47" "ysfine.com"
98.110.86.231 - - [29/Sep/2022:15:25:21 -0700] "GET /einstein/eins47b.jpg HTTP/1.1" 200 48772 "https://ysfine.com/princeton/campus.html" "Mozilla/5.0 (Windows NT 10.0; Win64; x64) AppleWebKit/537.36 (KHTML, like Gecko) Chrome/105.0.0.0 Safari/537.36/u4L5000i-47" "ysfine.com"
98.110.86.231 - - [29/Sep/2022:15:25:21 -0700] "GET /princeton/orren11b.jpg HTTP/1.1" 200 32972 "https://ysfine.com/princeton/campus.html" "Mozilla/5.0 (Windows NT 10.0; Win64; x64) AppleWebKit/537.36 (KHTML, like Gecko) Chrome/105.0.0.0 Safari/537.36/u4L5000i-47" "ysfine.com"
98.110.86.231 - - [29/Sep/2022:15:25:21 -0700] "GET /maga/invent/sarnoffco11b.jpg HTTP/1.1" 200 31031 "https://ysfine.com/princeton/campus.html" "Mozilla/5.0 (Windows NT 10.0; Win64; x64) AppleWebKit/537.36 (KHTML, like Gecko) Chrome/105.0.0.0 Safari/537.36/u4L5000i-47" "ysfine.com"
98.110.86.231 - - [29/Sep/2022:15:25:21 -0700] "GET /princeton/nordisk11b.jpg HTTP/1.1" 200 30945 "https://ysfine.com/princeton/campus.html" "Mozilla/5.0 (Windows NT 10.0; Win64; x64) AppleWebKit/537.36 (KHTML, like Gecko) Chrome/105.0.0.0 Safari/537.36/u4L5000i-47" "ysfine.com"
98.110.86.231 - - [29/Sep/2022:15:25:21 -0700] "GET /eink/pwk19c.jpg HTTP/1.1" 200 57759 "https://ysfine.com/princeton/campus.html" "Mozilla/5.0 (Windows NT 10.0; Win64; x64) AppleWebKit/537.36 (KHTML, like Gecko) Chrome/105.0.0.0 Safari/537.36/u4L5000i-47" "ysfine.com"
98.110.86.231 - - [29/Sep/2022:15:25:21 -0700] "GET /princeton/jj03b.jpg HTTP/1.1" 200 46731 "https://ysfine.com/princeton/campus.html" "Mozilla/5.0 (Windows NT 10.0; Win64; x64) AppleWebKit/537.36 (KHTML, like Gecko) Chrome/105.0.0.0 Safari/537.36/u4L5000i-47" "ysfine.com"
98.110.86.231 - - [29/Sep/2022:15:25:21 -0700] "GET /kobak/taylor33c.jpg HTTP/1.1" 200 39951 "https://ysfine.com/princeton/campus.html" "Mozilla/5.0 (Windows NT 10.0; Win64; x64) AppleWebKit/537.36 (KHTML, like Gecko) Chrome/105.0.0.0 Safari/537.36/u4L5000i-47" "ysfine.com"
69.118.30.9 - - [29/Sep/2022:15:25:35 -0700] "GET /princeton/alexan22.jpg HTTP/1.1" 200 175436 "https://www.google.com/" "Mozilla/5.0 (Macintosh; Intel Mac OS X 10_14_5) AppleWebKit/605.1.15 (KHTML, like Gecko) Version/12.1.1 Safari/605.1.15" "ysfine.com"
157.55.39.127 - - [29/Sep/2022:15:26:13 -0700] "GET /world/russ/volga26.jpg HTTP/1.1" 200 82727 "-" "Mozilla/5.0 (compatible; bingbot/2.0; +http://www.bing.com/bingbot.htm)" "ysfine.com"
157.55.39.55 - - [29/Sep/2022:15:26:42 -0700] "GET /einstein/evol66b.jpg HTTP/1.1" 200 38577 "-" "Mozilla/5.0 (compatible; bingbot/2.0; +http://www.bing.com/bingbot.htm)" "ysfine.com"
157.55.39.55 - - [29/Sep/2022:15:27:53 -0700] "GET /world/russ/petergr01.jpg HTTP/1.1" 200 94667 "-" "Mozilla/5.0 AppleWebKit/537.36 (KHTML, like Gecko; compatible; bingbot/2.0; +http://www.bing.com/bingbot.htm) Chrome/103.0.5060.134 Safari/537.36" "ysfine.com"
40.77.167.27 - - [29/Sep/2022:15:27:55 -0700] "GET /dirac/jablo62.jpg HTTP/1.1" 200 206686 "-" "Mozilla/5.0 (compatible; bingbot/2.0; +http://www.bing.com/bingbot.htm)" "ysfine.com"
173.215.39.253 - - [29/Sep/2022:15:29:53 -0700] "GET /heisen/heisen22.jpg HTTP/1.1" 200 82807 "https://www.google.com/" "Mozilla/5.0 (Windows NT 10.0; Win64; x64) AppleWebKit/537.36 (KHTML, like Gecko) Chrome/105.0.0.0 Safari/537.36" "ysfine.com"
183.177.127.146 - - [29/Sep/2022:15:30:30 -0700] "GET /heisen/heisen22.jpg HTTP/1.1" 200 82807 "https://www.google.com/" "Mozilla/5.0 (Windows NT 6.1; Win64; x64) AppleWebKit/537.36 (KHTML, like Gecko) Chrome/104.0.0.0 Safari/537.36" "ysfine.com"
114.119.128.158 - - [29/Sep/2022:15:30:36 -0700] "GET /class54/class5470/total_data/photo_img/7-69.jpg HTTP/1.1" 200 243694 "https://ysfine.com/class54/class5470/total_data/sub_769.htm" "Mozilla/5.0 (Linux; Android 7.0;) AppleWebKit/537.36 (KHTML, like Gecko) Mobile Safari/537.36 (compatible; PetalBot;+https://webmaster.petalsearch.com/site/petalbot)" "ysfine.com"
114.119.128.162 - - [29/Sep/2022:15:35:29 -0700] "GET /class54/class5470/total_data/photo_img/8-42.jpg HTTP/1.1" 200 211532 "https://ysfine.com/class54/class5470/total_data/sub_842.htm" "Mozilla/5.0 (Linux; Android 7.0;) AppleWebKit/537.36 (KHTML, like Gecko) Mobile Safari/537.36 (compatible; PetalBot;+https://webmaster.petalsearch.com/site/petalbot)" "ysfine.com"
216.244.66.229 - - [29/Sep/2022:15:35:29 -0700] "GET /robots.txt HTTP/1.1" 404 73 "-" "Mozilla/5.0 (compatible; DotBot/1.2; +https://opensiteexplorer.org/dotbot; help@moz.com)" "www.ysfine.com"
157.55.39.127 - - [29/Sep/2022:15:36:35 -0700] "GET /wigner/isomor66.jpg HTTP/1.1" 200 103658 "-" "Mozilla/5.0 AppleWebKit/537.36 (KHTML, like Gecko; compatible; bingbot/2.0; +http://www.bing.com/bingbot.htm) Chrome/103.0.5060.134 Safari/537.36" "ysfine.com"
17.121.114.230 - - [29/Sep/2022:15:37:38 -0700] "GET /einstein/evol.html HTTP/1.1" 200 3830 "-" "Mozilla/5.0 (Macintosh; Intel Mac OS X 10_15_5) AppleWebKit/605.1.15 (KHTML, like Gecko) Version/13.1.1 Safari/605.1.15 (Applebot/0.1; +http://www.apple.com/go/applebot)" "ysfine.com"
207.46.13.102 - - [29/Sep/2022:15:38:49 -0700] "GET /world/russ/kazan087b.jpg HTTP/1.1" 200 20172 "-" "Mozilla/5.0 (compatible; bingbot/2.0; +http://www.bing.com/bingbot.htm)" "ysfine.com"
114.119.128.14 - - [29/Sep/2022:15:39:54 -0700] "GET /princeton/yspr58d.jpg HTTP/1.1" 200 62585 "https://www.ysfine.com/home/bio44.html" "Mozilla/5.0 (Linux; Android 7.0;) AppleWebKit/537.36 (KHTML, like Gecko) Mobile Safari/537.36 (compatible; PetalBot;+https://webmaster.petalsearch.com/site/petalbot)" "www.ysfine.com"
157.55.39.127 - - [29/Sep/2022:15:40:44 -0700] "GET /sbk/2013lon05.jpg HTTP/1.1" 200 113566 "-" "Mozilla/5.0 (compatible; bingbot/2.0; +http://www.bing.com/bingbot.htm)" "ysfine.com"
173.73.80.118 - - [29/Sep/2022:15:41:49 -0700] "GET /people/index.html HTTP/1.1" 200 125 "https://www.ysfine.com/ys11/index.html" "Mozilla/5.0 (Linux; Android 5.1.1; KFSUWI) AppleWebKit/537.36 (KHTML, like Gecko) Silk/104.2.16 like Chrome/104.0.5112.114 Safari/537.36" "www.ysfine.com"
173.73.80.118 - - [29/Sep/2022:15:41:49 -0700] "GET /people/peotop.html HTTP/1.1" 200 335 "https://www.ysfine.com/people/index.html" "Mozilla/5.0 (Linux; Android 5.1.1; KFSUWI) AppleWebKit/537.36 (KHTML, like Gecko) Silk/104.2.16 like Chrome/104.0.5112.114 Safari/537.36" "www.ysfine.com"
173.73.80.118 - - [29/Sep/2022:15:41:49 -0700] "GET /people/peobot.html HTTP/1.1" 200 129 "https://www.ysfine.com/people/index.html" "Mozilla/5.0 (Linux; Android 5.1.1; KFSUWI) AppleWebKit/537.36 (KHTML, like Gecko) Silk/104.2.16 like Chrome/104.0.5112.114 Safari/537.36" "www.ysfine.com"
173.73.80.118 - - [29/Sep/2022:15:41:49 -0700] "GET /people/peoleft.html HTTP/1.1" 200 293 "https://www.ysfine.com/people/peobot.html" "Mozilla/5.0 (Linux; Android 5.1.1; KFSUWI) AppleWebKit/537.36 (KHTML, like Gecko) Silk/104.2.16 like Chrome/104.0.5112.114 Safari/537.36" "www.ysfine.com"
173.73.80.118 - - [29/Sep/2022:15:41:49 -0700] "GET /people/peo.html HTTP/1.1" 200 13502 "https://www.ysfine.com/people/peobot.html" "Mozilla/5.0 (Linux; Android 5.1.1; KFSUWI) AppleWebKit/537.36 (KHTML, like Gecko) Silk/104.2.16 like Chrome/104.0.5112.114 Safari/537.36" "www.ysfine.com"
173.73.80.118 - - [29/Sep/2022:15:41:49 -0700] "GET /people/sbt11b.jpg HTTP/1.1" 200 29397 "https://www.ysfine.com/people/peo.html" "Mozilla/5.0 (Linux; Android 5.1.1; KFSUWI) AppleWebKit/537.36 (KHTML, like Gecko) Silk/104.2.16 like Chrome/104.0.5112.114 Safari/537.36" "www.ysfine.com"
173.73.80.118 - - [29/Sep/2022:15:41:49 -0700] "GET /people/carnation61b.jpg HTTP/1.1" 200 48369 "https://www.ysfine.com/people/peo.html" "Mozilla/5.0 (Linux; Android 5.1.1; KFSUWI) AppleWebKit/537.36 (KHTML, like Gecko) Silk/104.2.16 like Chrome/104.0.5112.114 Safari/537.36" "www.ysfine.com"
