173.73.80.118 - - [29/Sep/2022:15:41:49 -0700] "GET /princeton/nphd2.jpg HTTP/1.1" 200 42916 "https://www.ysfine.com/people/peo.html" "Mozilla/5.0 (Linux; Android 5.1.1; KFSUWI) AppleWebKit/537.36 (KHTML, like Gecko) Silk/104.2.16 like Chrome/104.0.5112.114 Safari/537.36" "www.ysfine.com"
173.73.80.118 - - [29/Sep/2022:15:41:49 -0700] "GET /feynman/feyjad33b.jpg HTTP/1.1" 200 32306 "https://www.ysfine.com/people/peo.html" "Mozilla/5.0 (Linux; Android 5.1.1; KFSUWI) AppleWebKit/537.36 (KHTML, like Gecko) Silk/104.2.16 like Chrome/104.0.5112.114 Safari/537.36" "www.ysfine.com"
173.73.80.118 - - [29/Sep/2022:15:41:49 -0700] "GET /wigner/neum/pvn05b.jpg HTTP/1.1" 200 45464 "https://www.ysfine.com/people/peo.html" "Mozilla/5.0 (Linux; Android 5.1.1; KFSUWI) AppleWebKit/537.36 (KHTML, like Gecko) Silk/104.2.16 like Chrome/104.0.5112.114 Safari/537.36" "www.ysfine.com"
173.73.80.118 - - [29/Sep/2022:15:41:49 -0700] "GET /kobak/rhee10b.jpg HTTP/1.1" 200 29337 "https://www.ysfine.com/people/peo.html" "Mozilla/5.0 (Linux; Android 5.1.1; KFSUWI) AppleWebKit/537.36 (KHTML, like Gecko) Silk/104.2.16 like Chrome/104.0.5112.114 Safari/537.36" "www.ysfine.com"
173.73.80.118 - - [29/Sep/2022:15:41:49 -0700] "GET /wigner/fitch2.jpg HTTP/1.1" 200 36807 "https://www.ysfine.com/people/peo.html" "Mozilla/5.0 (Linux; Android 5.1.1; KFSUWI) AppleWebKit/537.36 (KHTML, like Gecko) Silk/104.2.16 like Chrome/104.0.5112.114 Safari/537.36" "www.ysfine.com"
173.73.80.118 - - [29/Sep/2022:15:41:49 -0700] "GET /people/wheemaine2.jpg HTTP/1.1" 200 34617 "https://www.ysfine.com/people/peo.html" "Mozilla/5.0 (Linux; Android 5.1.1; KFSUWI) AppleWebKit/537.36 (KHTML, like Gecko) Silk/104.2.16 like Chrome/104.0.5112.114 Safari/537.36" "www.ysfine.com"
173.73.80.118 - - [29/Sep/2022:15:41:49 -0700] "GET /wigner/wighome2.jpg HTTP/1.1" 200 48701 "https://www.ysfine.com/people/peo.html" "Mozilla/5.0 (Linux; Android 5.1.1; KFSUWI) AppleWebKit/537.36 (KHTML, like Gecko) Silk/104.2.16 like Chrome/104.0.5112.114 Safari/537.36" "www.ysfine.com"
173.73.80.118 - - [29/Sep/2022:15:41:49 -0700] "GET /people/sbtwein2.jpg HTTP/1.1" 200 30398 "https://www.ysfine.com/people/peo.html" "Mozilla/5.0 (Linux; Android 5.1.1; KFSUWI) AppleWebKit/537.36 (KHTML, like Gecko) Silk/104.2.16 like Chrome/104.0.5112.114 Safari/537.36" "www.ysfine.com"
173.73.80.118 - - [29/Sep/2022:15:41:49 -0700] "GET /people/facu63c.jpg HTTP/1.1" 200 39839 "https://www.ysfine.com/people/peo.html" "Mozilla/5.0 (Linux; Android 5.1.1; KFSUWI) AppleWebKit/537.36 (KHTML, like Gecko) Silk/104.2.16 like Chrome/104.0.5112.114 Safari/537.36" "www.ysfine.com"
173.73.80.118 - - [29/Sep/2022:15:41:49 -0700] "GET /people/towhee2.jpg HTTP/1.1" 200 32584 "https://www.ysfine.com/people/peo.html" "Mozilla/5.0 (Linux; Android 5.1.1; KFSUWI) AppleWebKit/537.36 (KHTML, like Gecko) Silk/104.2.16 like Chrome/104.0.5112.114 Safari/537.36" "www.ysfine.com"
173.73.80.118 - - [29/Sep/2022:15:41:49 -0700] "GET /people/tollwig300.jpg HTTP/1.1" 200 27969 "https://www.ysfine.com/people/peo.html" "Mozilla/5.0 (Linux; Android 5.1.1; KFSUWI) AppleWebKit/537.36 (KHTML, like Gecko) Silk/104.2.16 like Chrome/104.0.5112.114 Safari/537.36" "www.ysfine.com"
173.73.80.118 - - [29/Sep/2022:15:41:49 -0700] "GET /people/wboys2.jpg HTTP/1.1" 200 40344 "https://www.ysfine.com/people/peo.html" "Mozilla/5.0 (Linux; Android 5.1.1; KFSUWI) AppleWebKit/537.36 (KHTML, like Gecko) Silk/104.2.16 like Chrome/104.0.5112.114 Safari/537.36" "www.ysfine.com"
173.73.80.118 - - [29/Sep/2022:15:41:49 -0700] "GET /people/princeton68b.jpg HTTP/1.1" 200 40218 "https://www.ysfine.com/people/peo.html" "Mozilla/5.0 (Linux; Android 5.1.1; KFSUWI) AppleWebKit/537.36 (KHTML, like Gecko) Silk/104.2.16 like Chrome/104.0.5112.114 Safari/537.36" "www.ysfine.com"
173.73.80.118 - - [29/Sep/2022:15:41:49 -0700] "GET /people/redgreen300.jpg HTTP/1.1" 200 40144 "https://www.ysfine.com/people/peo.html" "Mozilla/5.0 (Linux; Android 5.1.1; KFSUWI) AppleWebKit/537.36 (KHTML, like Gecko) Silk/104.2.16 like Chrome/104.0.5112.114 Safari/537.36" "www.ysfine.com"
173.73.80.118 - - [29/Sep/2022:15:41:49 -0700] "GET /people/bhagat2.jpg HTTP/1.1" 200 33854 "https://www.ysfine.com/people/peo.html" "Mozilla/5.0 (Linux; Android 5.1.1; KFSUWI) AppleWebKit/537.36 (KHTML, like Gecko) Silk/104.2.16 like Chrome/104.0.5112.114 Safari/537.36" "www.ysfine.com"
173.73.80.118 - - [29/Sep/2022:15:41:49 -0700] "GET /people/eastman01b.jpg HTTP/1.1" 200 42893 "https://www.ysfine.com/people/peo.html" "Mozilla/5.0 (Linux; Android 5.1.1; KFSUWI) AppleWebKit/537.36 (KHTML, like Gecko) Silk/104.2.16 like Chrome/104.0.5112.114 Safari/537.36" "www.ysfine.com"
173.73.80.118 - - [29/Sep/2022:15:41:49 -0700] "GET /people/baran300.jpg HTTP/1.1" 200 22100 "https://www.ysfine.com/people/peo.html" "Mozilla/5.0 (Linux; Android 5.1.1; KFSUWI) AppleWebKit/537.36 (KHTML, like Gecko) Silk/104.2.16 like Chrome/104.0.5112.114 Safari/537.36" "www.ysfine.com"
173.73.80.118 - - [29/Sep/2022:15:41:49 -0700] "GET /people/jweber300.jpg HTTP/1.1" 200 23956 "https://www.ysfine.com/people/peo.html" "Mozilla/5.0 (Linux; Android 5.1.1; KFSUWI) AppleWebKit/537.36 (KHTML, like Gecko) Silk/104.2.16 like Chrome/104.0.5112.114 Safari/537.36" "www.ysfine.com"
173.73.80.118 - - [29/Sep/2022:15:41:49 -0700] "GET /people/klauder06c.jpg HTTP/1.1" 200 42613 "https://www.ysfine.com/people/peo.html" "Mozilla/5.0 (Linux; Android 5.1.1; KFSUWI) AppleWebKit/537.36 (KHTML, like Gecko) Silk/104.2.16 like Chrome/104.0.5112.114 Safari/537.36" "www.ysfine.com"
173.73.80.118 - - [29/Sep/2022:15:41:49 -0700] "GET /people/logunov11b.jpg HTTP/1.1" 200 26659 "https://www.ysfine.com/people/peo.html" "Mozilla/5.0 (Linux; Android 5.1.1; KFSUWI) AppleWebKit/537.36 (KHTML, like Gecko) Silk/104.2.16 like Chrome/104.0.5112.114 Safari/537.36" "www.ysfine.com"
173.73.80.118 - - [29/Sep/2022:15:41:49 -0700] "GET /ffriends/amkor/elena01c.jpg HTTP/1.1" 200 37341 "https://www.ysfine.com/people/peo.html" "Mozilla/5.0 (Linux; Android 5.1.1; KFSUWI) AppleWebKit/537.36 (KHTML, like Gecko) Silk/104.2.16 like Chrome/104.0.5112.114 Safari/537.36" "www.ysfine.com"
173.73.80.118 - - [29/Sep/2022:15:41:49 -0700] "GET /people/catto02b.jpg HTTP/1.1" 200 52505 "https://www.ysfine.com/people/peo.html" "Mozilla/5.0 (Linux; Android 5.1.1; KFSUWI) AppleWebKit/537.36 (KHTML, like Gecko) Silk/104.2.16 like Chrome/104.0.5112.114 Safari/537.36" "www.ysfine.com"
173.73.80.118 - - [29/Sep/2022:15:41:49 -0700] "GET /people/giacobino03b.jpg HTTP/1.1" 200 35593 "https://www.ysfine.com/people/peo.html" "Mozilla/5.0 (Linux; Android 5.1.1; KFSUWI) AppleWebKit/537.36 (KHTML, like Gecko) Silk/104.2.16 like Chrome/104.0.5112.114 Safari/537.36" "www.ysfine.com"
173.73.80.118 - - [29/Sep/2022:15:41:49 -0700] "GET /people/janszky04b.jpg HTTP/1.1" 200 38233 "https://www.ysfine.com/people/peo.html" "Mozilla/5.0 (Linux; Android 5.1.1; KFSUWI) AppleWebKit/537.36 (KHTML, like Gecko) Silk/104.2.16 like Chrome/104.0.5112.114 Safari/537.36" "www.ysfine.com"
173.73.80.118 - - [29/Sep/2022:15:41:49 -0700] "GET /people/solimeno11b.jpg HTTP/1.1" 200 39705 "https://www.ysfine.com/people/peo.html" "Mozilla/5.0 (Linux; Android 5.1.1; KFSUWI) AppleWebKit/537.36 (KHTML, like Gecko) Silk/104.2.16 like Chrome/104.0.5112.114 Safari/537.36" "www.ysfine.com"
173.73.80.118 - - [29/Sep/2022:15:41:49 -0700] "GET /eink/eink61c.jpg HTTP/1.1" 200 34119 "https://www.ysfine.com/people/peo.html" "Mozilla/5.0 (Linux; Android 5.1.1; KFSUWI) AppleWebKit/537.36 (KHTML, like Gecko) Silk/104.2.16 like Chrome/104.0.5112.114 Safari/537.36" "www.ysfine.com"
173.73.80.118 - - [29/Sep/2022:15:41:49 -0700] "GET /people/lipkin02b.jpg HTTP/1.1" 200 44829 "https://www.ysfine.com/people/peo.html" "Mozilla/5.0 (Linux; Android 5.1.1; KFSUWI) AppleWebKit/537.36 (KHTML, like Gecko) Silk/104.2.16 like Chrome/104.0.5112.114 Safari/537.36" "www.ysfine.com"
173.73.80.118 - - [29/Sep/2022:15:41:49 -0700] "GET /people/sibelbas11c.jpg HTTP/1.1" 200 31836 "https://www.ysfine.com/people/peo.html" "Mozilla/5.0 (Linux; Android 5.1.1; KFSUWI) AppleWebKit/537.36 (KHTML, like Gecko) Silk/104.2.16 like Chrome/104.0.5112.114 Safari/537.36" "www.ysfine.com"
173.73.80.118 - - [29/Sep/2022:15:41:49 -0700] "GET /world/russ/afanasiev01b.jpg HTTP/1.1" 200 40004 "https://www.ysfine.com/people/peo.html" "Mozilla/5.0 (Linux; Android 5.1.1; KFSUWI) AppleWebKit/537.36 (KHTML, like Gecko) Silk/104.2.16 like Chrome/104.0.5112.114 Safari/537.36" "www.ysfine.com"
173.73.80.118 - - [29/Sep/2022:15:41:49 -0700] "GET /world/russ/filippov01b.jpg HTTP/1.1" 200 45154 "https://www.ysfine.com/people/peo.html" "Mozilla/5.0 (Linux; Android 5.1.1; KFSUWI) AppleWebKit/537.36 (KHTML, like Gecko) Silk/104.2.16 like Chrome/104.0.5112.114 Safari/537.36" "www.ysfine.com"
173.73.80.118 - - [29/Sep/2022:15:41:49 -0700] "GET /wdc/kopol01b.jpg HTTP/1.1" 200 34148 "https://www.ysfine.com/people/peo.html" "Mozilla/5.0 (Linux; Android 5.1.1; KFSUWI) AppleWebKit/537.36 (KHTML, like Gecko) Silk/104.2.16 like Chrome/104.0.5112.114 Safari/537.36" "www.ysfine.com"
173.73.80.118 - - [29/Sep/2022:15:41:49 -0700] "GET /people/glauber01c.jpg HTTP/1.1" 200 31202 "https://www.ysfine.com/people/peo.html" "Mozilla/5.0 (Linux; Android 5.1.1; KFSUWI) AppleWebKit/537.36 (KHTML, like Gecko) Silk/104.2.16 like Chrome/104.0.5112.114 Safari/537.36" "www.ysfine.com"
173.73.80.118 - - [29/Sep/2022:15:41:49 -0700] "GET /people/zeilinger01b.jpg HTTP/1.1" 200 30410 "https://www.ysfine.com/people/peo.html" "Mozilla/5.0 (Linux; Android 5.1.1; KFSUWI) AppleWebKit/537.36 (KHTML, like Gecko) Silk/104.2.16 like Chrome/104.0.5112.114 Safari/537.36" "www.ysfine.com"
173.73.80.118 - - [29/Sep/2022:15:41:49 -0700] "GET /wigner/inokim2.jpg HTTP/1.1" 200 29903 "https://www.ysfine.com/people/peo.html" "Mozilla/5.0 (Linux; Android 5.1.1; KFSUWI) AppleWebKit/537.36 (KHTML, like Gecko) Silk/104.2.16 like Chrome/104.0.5112.114 Safari/537.36" "www.ysfine.com"
173.73.80.118 - - [29/Sep/2022:15:41:49 -0700] "GET /people/sakharov01c.jpg HTTP/1.1" 200 42636 "https://www.ysfine.com/people/peo.html" "Mozilla/5.0 (Linux; Android 5.1.1; KFSUWI) AppleWebKit/537.36 (KHTML, like Gecko) Silk/104.2.16 like Chrome/104.0.5112.114 Safari/537.36" "www.ysfine.com"
157.55.39.55 - - [29/Sep/2022:15:42:23 -0700] "GET /style/nypops11.jpg HTTP/1.1" 200 310554 "-" "Mozilla/5.0 AppleWebKit/537.36 (KHTML, like Gecko; compatible; bingbot/2.0; +http://www.bing.com/bingbot.htm) Chrome/103.0.5060.134 Safari/537.36" "www.ysfine.com"
207.46.13.102 - - [29/Sep/2022:15:43:10 -0700] "GET /dirac/dirackn33c.jpg HTTP/1.1" 200 50420 "-" "Mozilla/5.0 (compatible; bingbot/2.0; +http://www.bing.com/bingbot.htm)" "ysfine.com"
207.46.13.102 - - [29/Sep/2022:15:43:12 -0700] "GET /kowar/tanks/tank03.jpg HTTP/1.1" 200 106726 "-" "Mozilla/5.0 (compatible; bingbot/2.0; +http://www.bing.com/bingbot.htm)" "ysfine.com"
41.225.149.156 - - [29/Sep/2022:15:43:33 -0700] "GET /einstein/einplanck3.jpg HTTP/1.1" 200 37784 "https://www.google.com/" "Mozilla/5.0 (Macintosh; Intel Mac OS X 10_9_5) AppleWebKit/537.36 (KHTML, like Gecko) Chrome/67.0.3396.87 Safari/537.36" "ysfine.com"
157.55.39.58 - - [29/Sep/2022:15:45:25 -0700] "GET /princeton/governer11b.jpg HTTP/1.1" 200 44721 "-" "Mozilla/5.0 (compatible; bingbot/2.0; +http://www.bing.com/bingbot.htm)" "ysfine.com"
157.55.39.127 - - [29/Sep/2022:15:46:05 -0700] "GET /people/zeilinger2.jpg HTTP/1.1" 200 30410 "-" "Mozilla/5.0 (compatible; bingbot/2.0; +http://www.bing.com/bingbot.htm)" "ysfine.com"
34.172.55.47 - - [29/Sep/2022:15:46:20 -0700] "GET / HTTP/1.1" 200 5283 "-" "Mozilla/5.0 (Windows NT 10.0; Win64; x64) AppleWebKit/537.36 (KHTML, like Gecko) Chrome/108.0.0.0 Safari/537.36" "ysfine.com"
157.55.39.58 - - [29/Sep/2022:15:46:26 -0700] "GET /world/hungary/buda133b.jpg HTTP/1.1" 200 41694 "-" "Mozilla/5.0 (compatible; bingbot/2.0; +http://www.bing.com/bingbot.htm)" "ysfine.com"
17.121.114.132 - - [29/Sep/2022:15:46:35 -0700] "GET /einstein/ulm.html HTTP/1.1" 200 6713 "-" "Mozilla/5.0 (Macintosh; Intel Mac OS X 10_15_5) AppleWebKit/605.1.15 (KHTML, like Gecko) Version/13.1.1 Safari/605.1.15 (Applebot/0.1; +http://www.apple.com/go/applebot)" "ysfine.com"
20.172.152.27 - - [29/Sep/2022:15:46:38 -0700] "GET / HTTP/1.1" 200 5283 "-" "Mozilla/5.0 (Windows NT 10.0; Win64; x64; rv:79.0) Gecko/20100101 Firefox/79.0" "www.ysfine.com"
73.65.89.202 - - [29/Sep/2022:15:47:22 -0700] "GET /kobak/sl628.jpg HTTP/1.1" 200 225100 "https://images.search.yahoo.com/yhs/search;_ylt=AwrNaP0RIDZjoFQImTo2nIlQ;_ylu=c2VjA3NlYXJjaARzbGsDYnV0dG9u;_ylc=X1MDMTM1MTE5NTcwMgRfcgMyBGZyA3locy1wdHktYnJvd3Nlcl93YXZlYnJvd3NlcgRmcjIDcDpzLHY6aSxtOnNiLXRvcARncHJpZANGRl9jaW5VUVFzZXh5amg2RVJzaEZBBG5fcnNsdAMwBG5fc3VnZwMwBG9yaWdpbgNpbWFnZXMuc2VhcmNoLnlhaG9vLmNvbQRwb3MDMARwcXN0cgMEcHFzdHJsAzAEcXN0cmwDMjEEcXVlcnkDbm9ydGglMjBrb3JlYSUyMGNpdHklMjAxOTUwBHRfc3RtcAMxNjY0NDkxNTc0?p=north+korea+city+1950&fr=yhs-pty-browser_wavebrowser&fr2=p%3As%2Cv%3Ai%2Cm%3Asb-top&ei=UTF-8&x=wrt&type=A1-brwsr-%7E2021-40%7E&hsimp=yhs-browser_wavebrowser&hspart=pty&param1=20210927&param2=3bf715bc-3f22-494c-badd-c4ef4f3f9bde&param3=wav%7EUS%7Eappfocus1%7E&param4=d-cp12919082543-lp0-hh6-obem-wav-vuentp%3Aon-igpkAupCXParfvLCsNjmQ-ab36-w64-brwsr-obx%7EUnknownDefault%7EThe+USSR%7EB2D7D7656EB4E5153688637C8FBF7B49%7EUnknown" "Mozilla/5.0 (Windows NT 10.0; Win64; x64) AppleWebKit/537.36 (KHTML, like Gecko) Chrome/103.0.5060.53 Safari/537.36" "ysfine.com"
77.75.79.31 - - [29/Sep/2022:15:47:23 -0700] "GET /feynman/chewfrau.html HTTP/1.1" 304 - "-" "Mozilla/5.0 (compatible; SeznamBot/4.0-RC1; +http://napoveda.seznam.cz/seznambot-intro/)" "ysfine.com"
109.171.213.162 - - [29/Sep/2022:15:48:44 -0700] "GET /jobs/koreaj.html HTTP/1.1" 200 10214 "https://www.google.com/" "Mozilla/5.0 (Windows NT 10.0; Win64; x64) AppleWebKit/537.36 (KHTML, like Gecko) Chrome/105.0.0.0 Safari/537.36" "ysfine.com"
109.171.213.162 - - [29/Sep/2022:15:48:45 -0700] "GET /jobs/koreaj11b.jpg HTTP/1.1" 200 67543 "https://ysfine.com/jobs/koreaj.html" "Mozilla/5.0 (Windows NT 10.0; Win64; x64) AppleWebKit/537.36 (KHTML, like Gecko) Chrome/105.0.0.0 Safari/537.36" "ysfine.com"
109.171.213.162 - - [29/Sep/2022:15:48:49 -0700] "GET /favicon.ico HTTP/1.1" 404 88 "https://ysfine.com/jobs/koreaj.html" "Mozilla/5.0 (Windows NT 10.0; Win64; x64) AppleWebKit/537.36 (KHTML, like Gecko) Chrome/105.0.0.0 Safari/537.36" "ysfine.com"
157.55.39.55 - - [29/Sep/2022:15:49:54 -0700] "GET /feynman/ppic/ellipse53.jpg HTTP/1.1" 200 158468 "-" "Mozilla/5.0 (compatible; bingbot/2.0; +http://www.bing.com/bingbot.htm)" "ysfine.com"
188.165.232.135 - - [29/Sep/2022:15:49:58 -0700] "GET /robots.txt HTTP/1.1" 404 73 "-" "Mozilla/5.0 (compatible; MJ12bot/v1.4.8; http://mj12bot.com/)" "ysfine.com"
157.55.39.58 - - [29/Sep/2022:15:49:59 -0700] "GET /wdc/koreaw11.jpg HTTP/1.1" 200 81220 "-" "Mozilla/5.0 AppleWebKit/537.36 (KHTML, like Gecko; compatible; bingbot/2.0; +http://www.bing.com/bingbot.htm) Chrome/103.0.5060.134 Safari/537.36" "ysfine.com"
188.165.232.135 - - [29/Sep/2022:15:50:03 -0700] "GET /class54/acs/acs75.jpg HTTP/1.1" 200 350922 "-" "Mozilla/5.0 (compatible; MJ12bot/v1.4.8; http://mj12bot.com/)" "ysfine.com"
188.165.232.135 - - [29/Sep/2022:15:50:23 -0700] "GET /class54/acs/acs96.jpg HTTP/1.1" 200 174599 "-" "Mozilla/5.0 (compatible; MJ12bot/v1.4.8; http://mj12bot.com/)" "ysfine.com"
188.165.232.135 - - [29/Sep/2022:15:50:42 -0700] "GET /class54/stcars/se09.jpg HTTP/1.1" 200 93276 "-" "Mozilla/5.0 (compatible; MJ12bot/v1.4.8; http://mj12bot.com/)" "ysfine.com"
188.165.232.135 - - [29/Sep/2022:15:50:56 -0700] "GET /home/tables/tab11.jpg HTTP/1.1" 200 103557 "-" "Mozilla/5.0 (compatible; MJ12bot/v1.4.8; http://mj12bot.com/)" "ysfine.com"
188.165.232.135 - - [29/Sep/2022:15:51:05 -0700] "GET /kowar/kowar001.jpg HTTP/1.1" 200 240938 "-" "Mozilla/5.0 (compatible; MJ12bot/v1.4.8; http://mj12bot.com/)" "ysfine.com"
188.165.232.135 - - [29/Sep/2022:15:51:22 -0700] "GET /world/kor/sel803.jpg HTTP/1.1" 200 195155 "-" "Mozilla/5.0 (compatible; MJ12bot/v1.4.8; http://mj12bot.com/)" "ysfine.com"
188.165.232.135 - - [29/Sep/2022:15:51:38 -0700] "GET /robots.txt HTTP/1.1" 404 73 "-" "Mozilla/5.0 (compatible; MJ12bot/v1.4.8; http://mj12bot.com/)" "ysfine.com"
157.55.39.58 - - [29/Sep/2022:15:51:47 -0700] "GET /kobak/ HTTP/1.1" 304 - "-" "Mozilla/5.0 (compatible; bingbot/2.0; +http://www.bing.com/bingbot.htm)" "ysfine.com"
188.165.232.135 - - [29/Sep/2022:15:51:50 -0700] "GET /style/songs.htmlCachedSimilarIf HTTP/1.1" 404 88 "-" "Mozilla/5.0 (compatible; MJ12bot/v1.4.8; http://mj12bot.com/)" "ysfine.com"
188.165.232.135 - - [29/Sep/2022:15:51:57 -0700] "GET /einstein/ewk.html HTTP/1.1" 200 4230 "-" "Mozilla/5.0 (compatible; MJ12bot/v1.4.8; http://mj12bot.com/)" "ysfine.com"
188.165.232.135 - - [29/Sep/2022:15:52:00 -0700] "GET /einstein/ulm.html HTTP/1.1" 200 6713 "-" "Mozilla/5.0 (compatible; MJ12bot/v1.4.8; http://mj12bot.com/)" "ysfine.com"
188.165.232.135 - - [29/Sep/2022:15:52:03 -0700] "GET /world/brit/cam27.pdf HTTP/1.1" 200 149978 "-" "Mozilla/5.0 (compatible; MJ12bot/v1.4.8; http://mj12bot.com/)" "ysfine.com"
188.165.232.135 - - [29/Sep/2022:15:52:08 -0700] "GET /robots.txt HTTP/1.1" 404 73 "-" "Mozilla/5.0 (compatible; MJ12bot/v1.4.8; http://mj12bot.com/)" "www.ysfine.com"
188.165.232.135 - - [29/Sep/2022:15:52:10 -0700] "GET /class54/acs/acs17.jpg HTTP/1.1" 200 213767 "-" "Mozilla/5.0 (compatible; MJ12bot/v1.4.8; http://mj12bot.com/)" "www.ysfine.com"
188.165.232.135 - - [29/Sep/2022:15:52:15 -0700] "GET /class54/acs/acs68.jpg HTTP/1.1" 200 155491 "-" "Mozilla/5.0 (compatible; MJ12bot/v1.4.8; http://mj12bot.com/)" "www.ysfine.com"
188.165.232.135 - - [29/Sep/2022:15:52:21 -0700] "GET /class54/acs/acs75.jpg HTTP/1.1" 200 350922 "-" "Mozilla/5.0 (compatible; MJ12bot/v1.4.8; http://mj12bot.com/)" "www.ysfine.com"
188.165.232.135 - - [29/Sep/2022:15:52:24 -0700] "GET /class54/acs/acs96.jpg HTTP/1.1" 200 174599 "-" "Mozilla/5.0 (compatible; MJ12bot/v1.4.8; http://mj12bot.com/)" "www.ysfine.com"
188.165.232.135 - - [29/Sep/2022:15:52:27 -0700] "GET /class54/stcars/se09.jpg HTTP/1.1" 200 93276 "-" "Mozilla/5.0 (compatible; MJ12bot/v1.4.8; http://mj12bot.com/)" "www.ysfine.com"
188.165.232.135 - - [29/Sep/2022:15:52:31 -0700] "GET /home/tables/tab11.jpg HTTP/1.1" 200 103557 "-" "Mozilla/5.0 (compatible; MJ12bot/v1.4.8; http://mj12bot.com/)" "www.ysfine.com"
188.165.232.135 - - [29/Sep/2022:15:52:35 -0700] "GET /home/tables/tab33.jpg HTTP/1.1" 200 139951 "-" "Mozilla/5.0 (compatible; MJ12bot/v1.4.8; http://mj12bot.com/)" "www.ysfine.com"
188.165.232.135 - - [29/Sep/2022:15:52:39 -0700] "GET /world/kor/sel803.jpg HTTP/1.1" 200 195155 "-" "Mozilla/5.0 (compatible; MJ12bot/v1.4.8; http://mj12bot.com/)" "www.ysfine.com"
207.46.13.102 - - [29/Sep/2022:15:52:42 -0700] "GET /kowar/photos/oktf09b.jpg HTTP/1.1" 200 39021 "-" "Mozilla/5.0 (compatible; bingbot/2.0; +http://www.bing.com/bingbot.htm)" "ysfine.com"
188.165.232.135 - - [29/Sep/2022:15:52:42 -0700] "GET /einstein/ulm.html HTTP/1.1" 200 6713 "-" "Mozilla/5.0 (compatible; MJ12bot/v1.4.8; http://mj12bot.com/)" "www.ysfine.com"
188.165.232.135 - - [29/Sep/2022:15:52:45 -0700] "GET /world/brit/cam27.pdf HTTP/1.1" 200 149978 "-" "Mozilla/5.0 (compatible; MJ12bot/v1.4.8; http://mj12bot.com/)" "www.ysfine.com"
129.2.180.121 - - [29/Sep/2022:15:52:49 -0700] "GET /wdc/umd.html HTTP/1.1" 200 3139 "https://www.google.com/" "Mozilla/5.0 (Windows NT 10.0; Win64; x64) AppleWebKit/537.36 (KHTML, like Gecko) Chrome/105.0.0.0 Safari/537.36" "ysfine.com"
129.2.180.121 - - [29/Sep/2022:15:52:49 -0700] "GET /wdc/umdbarn01b.jpg HTTP/1.1" 200 42668 "https://ysfine.com/wdc/umd.html" "Mozilla/5.0 (Windows NT 10.0; Win64; x64) AppleWebKit/537.36 (KHTML, like Gecko) Chrome/105.0.0.0 Safari/537.36" "ysfine.com"
129.2.180.121 - - [29/Sep/2022:15:52:49 -0700] "GET /wdc/umd02b.jpg HTTP/1.1" 200 40335 "https://ysfine.com/wdc/umd.html" "Mozilla/5.0 (Windows NT 10.0; Win64; x64) AppleWebKit/537.36 (KHTML, like Gecko) Chrome/105.0.0.0 Safari/537.36" "ysfine.com"
129.2.180.121 - - [29/Sep/2022:15:52:49 -0700] "GET /wdc/umd06b.jpg HTTP/1.1" 200 34590 "https://ysfine.com/wdc/umd.html" "Mozilla/5.0 (Windows NT 10.0; Win64; x64) AppleWebKit/537.36 (KHTML, like Gecko) Chrome/105.0.0.0 Safari/537.36" "ysfine.com"
129.2.180.121 - - [29/Sep/2022:15:52:49 -0700] "GET /feynman/jacdrum2.jpg HTTP/1.1" 200 49846 "https://ysfine.com/wdc/umd.html" "Mozilla/5.0 (Windows NT 10.0; Win64; x64) AppleWebKit/537.36 (KHTML, like Gecko) Chrome/105.0.0.0 Safari/537.36" "ysfine.com"
129.2.180.121 - - [29/Sep/2022:15:52:49 -0700] "GET /wdc/facu63b.jpg HTTP/1.1" 200 47674 "https://ysfine.com/wdc/umd.html" "Mozilla/5.0 (Windows NT 10.0; Win64; x64) AppleWebKit/537.36 (KHTML, like Gecko) Chrome/105.0.0.0 Safari/537.36" "ysfine.com"
129.2.180.121 - - [29/Sep/2022:15:52:49 -0700] "GET /people/tollwig2.jpg HTTP/1.1" 200 35067 "https://ysfine.com/wdc/umd.html" "Mozilla/5.0 (Windows NT 10.0; Win64; x64) AppleWebKit/537.36 (KHTML, like Gecko) Chrome/105.0.0.0 Safari/537.36" "ysfine.com"
129.2.180.121 - - [29/Sep/2022:15:52:49 -0700] "GET /people/towhee2.jpg HTTP/1.1" 200 32584 "https://ysfine.com/wdc/umd.html" "Mozilla/5.0 (Windows NT 10.0; Win64; x64) AppleWebKit/537.36 (KHTML, like Gecko) Chrome/105.0.0.0 Safari/537.36" "ysfine.com"
129.2.180.121 - - [29/Sep/2022:15:52:49 -0700] "GET /wdc/umd03b.jpg HTTP/1.1" 200 34740 "https://ysfine.com/wdc/umd.html" "Mozilla/5.0 (Windows NT 10.0; Win64; x64) AppleWebKit/537.36 (KHTML, like Gecko) Chrome/105.0.0.0 Safari/537.36" "ysfine.com"
129.2.180.121 - - [29/Sep/2022:15:52:49 -0700] "GET /favicon.ico HTTP/1.1" 404 88 "https://ysfine.com/wdc/umd.html" "Mozilla/5.0 (Windows NT 10.0; Win64; x64) AppleWebKit/537.36 (KHTML, like Gecko) Chrome/105.0.0.0 Safari/537.36" "ysfine.com"
188.165.232.135 - - [29/Sep/2022:15:52:50 -0700] "GET /class54/acs/acs17.jpg HTTP/1.1" 200 213767 "-" "Mozilla/5.0 (compatible; MJ12bot/v1.4.8; http://mj12bot.com/)" "www.ysfine.com"
188.165.232.135 - - [29/Sep/2022:15:52:56 -0700] "GET /class54/acs/acs68.jpg HTTP/1.1" 200 155491 "-" "Mozilla/5.0 (compatible; MJ12bot/v1.4.8; http://mj12bot.com/)" "www.ysfine.com"
188.165.232.135 - - [29/Sep/2022:15:53:03 -0700] "GET /class54/acs/acs75.jpg HTTP/1.1" 200 350922 "-" "Mozilla/5.0 (compatible; MJ12bot/v1.4.8; http://mj12bot.com/)" "www.ysfine.com"
188.165.232.135 - - [29/Sep/2022:15:53:08 -0700] "GET /class54/acs/acs96.jpg HTTP/1.1" 200 174599 "-" "Mozilla/5.0 (compatible; MJ12bot/v1.4.8; http://mj12bot.com/)" "www.ysfine.com"
66.249.70.3 - - [29/Sep/2022:15:53:13 -0700] "GET /world/france/pariso04.jpg HTTP/1.1" 200 109626 "-" "Googlebot-Image/1.0" "ysfine.com"
188.165.232.135 - - [29/Sep/2022:15:53:16 -0700] "GET /class54/class5480/Videos/1.%C3%AC%C2%9A%C2%B0%C3%AB%C2%A6%C2%AC%C3%AC%C2%9D%C2%98%20%C3%AC%C2%9E%C2%AC%C3%AD%C2%95%C2%99%C3%AC%C2%8B%C2%9C%C3%AC%C2%A0%C2%88(1948-1954).wmv HTTP/1.1" 200 84851613 "-" "Mozilla/5.0 (compatible; MJ12bot/v1.4.8; http://mj12bot.com/)" "www.ysfine.com"
188.165.232.135 - - [29/Sep/2022:15:53:19 -0700] "GET /class54/class5480/Videos/2.%C3%AC%C2%A1%C2%B8%C3%AC%C2%97%C2%8560%C3%AC%C2%A3%C2%BC%C3%AB%C2%85%C2%84%C3%AB%C2%AC%C2%B8%C3%AC%C2%A7%C2%91%201%C3%AB%C2%B6%C2%80.wmv HTTP/1.1" 200 27160054 "-" "Mozilla/5.0 (compatible; MJ12bot/v1.4.8; http://mj12bot.com/)" "www.ysfine.com"
188.165.232.135 - - [29/Sep/2022:15:53:22 -0700] "GET /class54/class5480/Videos/3.%C3%AC%C2%A1%C2%B8%C3%AC%C2%97%C2%8560%C3%AC%C2%A3%C2%BC%C3%AB%C2%85%C2%84%C3%AB%C2%AC%C2%B8%C3%AC%C2%A7%C2%91%202%C3%AB%C2%B6%C2%80.wmv HTTP/1.1" 200 37680666 "-" "Mozilla/5.0 (compatible; MJ12bot/v1.4.8; http://mj12bot.com/)" "www.ysfine.com"
188.165.232.135 - - [29/Sep/2022:15:53:26 -0700] "GET /class54/stcars/se09.jpg HTTP/1.1" 200 93276 "-" "Mozilla/5.0 (compatible; MJ12bot/v1.4.8; http://mj12bot.com/)" "www.ysfine.com"
188.165.232.135 - - [29/Sep/2022:15:53:31 -0700] "GET /confer/http%C3%84://medres.online/materialsscience/2020 HTTP/1.1" 404 88 "-" "Mozilla/5.0 (compatible; MJ12bot/v1.4.8; http://mj12bot.com/)" "www.ysfine.com"
188.165.232.135 - - [29/Sep/2022:15:53:35 -0700] "GET /home/tables/tab11.jpg HTTP/1.1" 200 103557 "-" "Mozilla/5.0 (compatible; MJ12bot/v1.4.8; http://mj12bot.com/)" "www.ysfine.com"
40.77.167.27 - - [29/Sep/2022:15:53:36 -0700] "GET /people/bial06.jpg HTTP/1.1" 200 94125 "-" "Mozilla/5.0 AppleWebKit/537.36 (KHTML, like Gecko; compatible; bingbot/2.0; +http://www.bing.com/bingbot.htm) Chrome/103.0.5060.134 Safari/537.36" "ysfine.com"
157.55.39.128 - - [29/Sep/2022:15:53:36 -0700] "GET /world/russ/spbf30.jpg HTTP/1.1" 200 92720 "-" "Mozilla/5.0 (compatible; bingbot/2.0; +http://www.bing.com/bingbot.htm)" "www.ysfine.com"
188.165.232.135 - - [29/Sep/2022:15:53:40 -0700] "GET /home/tables/tab33.jpg HTTP/1.1" 200 139951 "-" "Mozilla/5.0 (compatible; MJ12bot/v1.4.8; http://mj12bot.com/)" "www.ysfine.com"
188.165.232.135 - - [29/Sep/2022:15:53:46 -0700] "GET /kowar/kowar001.jpg HTTP/1.1" 200 240938 "-" "Mozilla/5.0 (compatible; MJ12bot/v1.4.8; http://mj12bot.com/)" "www.ysfine.com"
188.165.232.135 - - [29/Sep/2022:15:53:51 -0700] "GET /world/brit/cam27.pdf HTTP/1.1" 200 149978 "-" "Mozilla/5.0 (compatible; MJ12bot/v1.4.8; http://mj12bot.com/)" "www.ysfine.com"
114.119.128.162 - - [29/Sep/2022:15:54:34 -0700] "GET /archives/proceedings/boston/caron.html HTTP/1.1" 200 804 "https://ysfine.com/archives/proceedings/boston/papers.html" "Mozilla/5.0 (Linux; Android 7.0;) AppleWebKit/537.36 (KHTML, like Gecko) Mobile Safari/537.36 (compatible; PetalBot;+https://webmaster.petalsearch.com/site/petalbot)" "ysfine.com"
40.77.167.27 - - [29/Sep/2022:15:54:46 -0700] "GET /wdc/gtown32c.jpg HTTP/1.1" 200 40837 "-" "Mozilla/5.0 (compatible; bingbot/2.0; +http://www.bing.com/bingbot.htm)" "ysfine.com"
77.88.5.253 - - [29/Sep/2022:15:54:53 -0700] "GET /robots.txt HTTP/1.1" 404 73 "-" "Mozilla/5.0 (compatible; YandexBot/3.0; +http://yandex.com/bots)" "www.ysfine.com"
77.88.5.245 - - [29/Sep/2022:15:54:57 -0700] "GET /world/russ/?C=N;O=D HTTP/1.1" 200 16586 "-" "Mozilla/5.0 (compatible; YandexBot/3.0; +http://yandex.com/bots)" "www.ysfine.com"
93.158.161.51 - - [29/Sep/2022:15:55:35 -0700] "GET /world/russ/khahi55.pptx HTTP/1.1" 200 215468 "-" "Mozilla/5.0 (compatible; YandexBot/3.0; +http://yandex.com/bots)" "www.ysfine.com"
77.88.5.216 - - [29/Sep/2022:15:55:39 -0700] "GET /world/russ/spbf71.pdf HTTP/1.1" 200 202746 "-" "Mozilla/5.0 (compatible; YandexBot/3.0; +http://yandex.com/bots)" "www.ysfine.com"
207.46.13.102 - - [29/Sep/2022:15:55:41 -0700] "GET /world/poland/jablo01b.jpg HTTP/1.1" 200 39801 "-" "Mozilla/5.0 AppleWebKit/537.36 (KHTML, like Gecko; compatible; bingbot/2.0; +http://www.bing.com/bingbot.htm) Chrome/103.0.5060.134 Safari/537.36" "ysfine.com"
77.88.5.253 - - [29/Sep/2022:15:55:41 -0700] "GET /world/russ/dnipro.html HTTP/1.1" 200 440 "-" "Mozilla/5.0 (compatible; YandexBot/3.0; +http://yandex.com/bots)" "www.ysfine.com"
173.73.80.118 - - [29/Sep/2022:15:55:43 -0700] "GET /favicon.ico HTTP/1.1" 404 88 "https://www.ysfine.com/home/bio22.html" "Mozilla/5.0 (Linux; Android 5.1.1; KFSUWI) AppleWebKit/537.36 (KHTML, like Gecko) Silk/104.2.16 like Chrome/104.0.5112.114 Safari/537.36" "www.ysfine.com"
93.158.161.51 - - [29/Sep/2022:15:55:44 -0700] "GET /world/russ/spbn26.pptx HTTP/1.1" 200 175463 "-" "Mozilla/5.0 (compatible; YandexBot/3.0; +http://yandex.com/bots)" "www.ysfine.com"
157.55.39.128 - - [29/Sep/2022:15:55:47 -0700] "GET /world/ital/milanf08.jpg HTTP/1.1" 200 153986 "-" "Mozilla/5.0 AppleWebKit/537.36 (KHTML, like Gecko; compatible; bingbot/2.0; +http://www.bing.com/bingbot.htm) Chrome/103.0.5060.134 Safari/537.36" "ysfine.com"
77.88.5.126 - - [29/Sep/2022:15:55:47 -0700] "GET /world/russ/volga30.pdf HTTP/1.1" 200 360718 "-" "Mozilla/5.0 (compatible; YandexBot/3.0; +http://yandex.com/bots)" "www.ysfine.com"
77.88.5.253 - - [29/Sep/2022:15:55:50 -0700] "GET /world/russ/promotion.bak HTTP/1.1" 200 731 "-" "Mozilla/5.0 (compatible; YandexBot/3.0; +http://yandex.com/bots)" "www.ysfine.com"
77.88.5.233 - - [29/Sep/2022:15:55:54 -0700] "GET /world/russ/mosf65.pptx HTTP/1.1" 200 279701 "-" "Mozilla/5.0 (compatible; YandexBot/3.0; +http://yandex.com/bots)" "www.ysfine.com"
77.88.5.245 - - [29/Sep/2022:15:55:57 -0700] "GET /world/russ/kazanmap11.pdf HTTP/1.1" 200 204839 "-" "Mozilla/5.0 (compatible; YandexBot/3.0; +http://yandex.com/bots)" "www.ysfine.com"
93.158.161.51 - - [29/Sep/2022:15:56:00 -0700] "GET /world/russ/petrovbio.html HTTP/1.1" 200 6395 "-" "Mozilla/5.0 (compatible; YandexBot/3.0; +http://yandex.com/bots)" "www.ysfine.com"
77.88.5.245 - - [29/Sep/2022:15:56:02 -0700] "GET /world/russ/khahi56.pptx HTTP/1.1" 200 215468 "-" "Mozilla/5.0 (compatible; YandexBot/3.0; +http://yandex.com/bots)" "www.ysfine.com"
77.88.5.45 - - [29/Sep/2022:15:56:05 -0700] "GET /world/russ/petrov01.html HTTP/1.1" 200 6190 "-" "Mozilla/5.0 (compatible; YandexBot/3.0; +http://yandex.com/bots)" "www.ysfine.com"
173.73.80.118 - - [29/Sep/2022:15:56:11 -0700] "GET /home/bio33 HTTP/1.1" 200 10365 "-" "Mozilla/5.0 (Linux; Android 5.1.1; KFSUWI) AppleWebKit/537.36 (KHTML, like Gecko) Silk/104.2.16 like Chrome/104.0.5112.114 Safari/537.36" "www.ysfine.com"
40.77.167.27 - - [29/Sep/2022:15:56:26 -0700] "GET /world/ital/coloss04b.jpg HTTP/1.1" 200 42090 "-" "Mozilla/5.0 (compatible; bingbot/2.0; +http://www.bing.com/bingbot.htm)" "ysfine.com"
77.88.5.45 - - [29/Sep/2022:15:56:29 -0700] "GET /world/russ/minskf12.pptx HTTP/1.1" 200 341571 "-" "Mozilla/5.0 (compatible; YandexBot/3.0; +http://yandex.com/bots)" "www.ysfine.com"
40.77.167.27 - - [29/Sep/2022:15:57:06 -0700] "GET /feynman/fb8.jpg HTTP/1.1" 200 57136 "-" "Mozilla/5.0 (compatible; bingbot/2.0; +http://www.bing.com/bingbot.htm)" "ysfine.com"
114.119.128.162 - - [29/Sep/2022:15:57:11 -0700] "GET /class54/class5470/total_data/photo_img/2-44.jpg HTTP/1.1" 200 186586 "https://ysfine.com/class54/class5470/total_data/sub_244.htm" "Mozilla/5.0 (Linux; Android 7.0;) AppleWebKit/537.36 (KHTML, like Gecko) Mobile Safari/537.36 (compatible; PetalBot;+https://webmaster.petalsearch.com/site/petalbot)" "ysfine.com"
157.55.39.58 - - [29/Sep/2022:15:57:16 -0700] "GET /people/nambu.jpg HTTP/1.1" 200 78563 "-" "Mozilla/5.0 (compatible; bingbot/2.0; +http://www.bing.com/bingbot.htm)" "ysfine.com"
77.88.5.245 - - [29/Sep/2022:15:58:08 -0700] "GET /world/ HTTP/1.1" 200 123 "-" "Mozilla/5.0 (compatible; YandexBot/3.0; +http://yandex.com/bots)" "www.ysfine.com"
77.88.5.245 - - [29/Sep/2022:15:58:14 -0700] "GET /world/russ/File%20Russie%20-%20Moscou%20-%20Novodevichy%204.jpg%20-%20Wikimedia%20Commons.htm HTTP/1.1" 200 15548 "-" "Mozilla/5.0 (compatible; YandexBot/3.0; +http://yandex.com/bots)" "www.ysfine.com"
77.88.5.233 - - [29/Sep/2022:15:58:19 -0700] "GET /world/russ/?C=M;O=A HTTP/1.1" 200 17106 "-" "Mozilla/5.0 (compatible; YandexBot/3.0; +http://yandex.com/bots)" "www.ysfine.com"
185.15.56.29 - - [29/Sep/2022:15:58:25 -0700] "HEAD /dirac/wigsis.html HTTP/1.1" 200 - "http://ysfine.com/dirac/wigsis.html" "IABot/2.0 (+https://meta.wikimedia.org/wiki/InternetArchiveBot/FAQ_for_sysadmins) (Checking if link from Wikipedia is broken and needs removal)" "ysfine.com"
93.158.161.40 - - [29/Sep/2022:15:58:50 -0700] "GET /world/russ/tolstoyf.html HTTP/1.1" 200 1421 "-" "Mozilla/5.0 (compatible; YandexBot/3.0; +http://yandex.com/bots)" "www.ysfine.com"
93.158.161.51 - - [29/Sep/2022:15:58:52 -0700] "GET /eink/feyfirm66.jpg HTTP/1.1" 200 211924 "-" "Mozilla/5.0 (compatible; YandexImages/3.0; +http://yandex.com/bots)" "www.ysfine.com"
173.73.80.118 - - [29/Sep/2022:15:59:00 -0700] "GET /home/fotos/beetho33.jpg HTTP/1.1" 200 185858 "https://www.ysfine.com/home/bio33" "Mozilla/5.0 (Linux; Android 5.1.1; KFSUWI) AppleWebKit/537.36 (KHTML, like Gecko) Silk/104.2.16 like Chrome/104.0.5112.114 Safari/537.36" "www.ysfine.com"
77.88.5.237 - - [29/Sep/2022:15:59:34 -0700] "GET / HTTP/1.1" 200 5283 "-" "Mozilla/5.0 (compatible; YandexBot/3.0; +http://yandex.com/bots)" "ysfine.com"
93.158.161.40 - - [29/Sep/2022:15:59:34 -0700] "GET / HTTP/1.1" 200 5283 "-" "Mozilla/5.0 (compatible; YandexBot/3.0; +http://yandex.com/bots)" "www.ysfine.com"
187.183.45.236 - - [29/Sep/2022:15:59:43 -0700] "GET /wigner/neum/vnc18.jpg HTTP/1.1" 200 89614 "https://www.google.com/" "Mozilla/5.0 (Windows NT 10.0; Win64; x64; rv:105.0) Gecko/20100101 Firefox/105.0" "ysfine.com"
77.88.5.126 - - [29/Sep/2022:15:59:47 -0700] "GET /world/russ/proudm.bak HTTP/1.1" 200 1182 "-" "Mozilla/5.0 (compatible; YandexBot/3.0; +http://yandex.com/bots)" "www.ysfine.com"
173.73.80.118 - - [29/Sep/2022:16:00:01 -0700] "GET /heisen/einheisen22.html HTTP/1.1" 200 4707 "https://www.ysfine.com/home/bio33" "Mozilla/5.0 (Linux; Android 5.1.1; KFSUWI) AppleWebKit/537.36 (KHTML, like Gecko) Silk/104.2.16 like Chrome/104.0.5112.114 Safari/537.36" "www.ysfine.com"
173.73.80.118 - - [29/Sep/2022:16:00:01 -0700] "GET /einstein/einhouse11c.jpg HTTP/1.1" 200 32610 "https://www.ysfine.com/heisen/einheisen22.html" "Mozilla/5.0 (Linux; Android 5.1.1; KFSUWI) AppleWebKit/537.36 (KHTML, like Gecko) Silk/104.2.16 like Chrome/104.0.5112.114 Safari/537.36" "www.ysfine.com"
173.73.80.118 - - [29/Sep/2022:16:00:01 -0700] "GET /wigner/wigheis11c.jpg HTTP/1.1" 200 41279 "https://www.ysfine.com/heisen/einheisen22.html" "Mozilla/5.0 (Linux; Android 5.1.1; KFSUWI) AppleWebKit/537.36 (KHTML, like Gecko) Silk/104.2.16 like Chrome/104.0.5112.114 Safari/537.36" "www.ysfine.com"
173.73.80.118 - - [29/Sep/2022:16:00:01 -0700] "GET /dirac/dirheisen31c.jpg HTTP/1.1" 200 43569 "https://www.ysfine.com/heisen/einheisen22.html" "Mozilla/5.0 (Linux; Android 5.1.1; KFSUWI) AppleWebKit/537.36 (KHTML, like Gecko) Silk/104.2.16 like Chrome/104.0.5112.114 Safari/537.36" "www.ysfine.com"
173.73.80.118 - - [29/Sep/2022:16:00:01 -0700] "GET /dirac/2osc22c.jpg HTTP/1.1" 200 28929 "https://www.ysfine.com/heisen/einheisen22.html" "Mozilla/5.0 (Linux; Android 5.1.1; KFSUWI) AppleWebKit/537.36 (KHTML, like Gecko) Silk/104.2.16 like Chrome/104.0.5112.114 Safari/537.36" "www.ysfine.com"
173.73.80.118 - - [29/Sep/2022:16:00:01 -0700] "GET /heisen/math/sp2c.jpg HTTP/1.1" 200 30418 "https://www.ysfine.com/heisen/einheisen22.html" "Mozilla/5.0 (Linux; Android 5.1.1; KFSUWI) AppleWebKit/537.36 (KHTML, like Gecko) Silk/104.2.16 like Chrome/104.0.5112.114 Safari/537.36" "www.ysfine.com"
17.121.113.4 - - [29/Sep/2022:16:00:16 -0700] "GET /dirac/diracsq.html HTTP/1.1" 200 4447 "-" "Mozilla/5.0 (Macintosh; Intel Mac OS X 10_15_5) AppleWebKit/605.1.15 (KHTML, like Gecko) Version/13.1.1 Safari/605.1.15 (Applebot/0.1; +http://www.apple.com/go/applebot)" "ysfine.com"
157.55.39.128 - - [29/Sep/2022:16:00:19 -0700] "GET /wdc/gtown22.jpg HTTP/1.1" 200 153624 "-" "Mozilla/5.0 AppleWebKit/537.36 (KHTML, like Gecko; compatible; bingbot/2.0; +http://www.bing.com/bingbot.htm) Chrome/103.0.5060.134 Safari/537.36" "www.ysfine.com"
157.55.39.128 - - [29/Sep/2022:16:00:19 -0700] "GET /friends/servicef.html HTTP/1.1" 404 88 "-" "Mozilla/5.0 AppleWebKit/537.36 (KHTML, like Gecko; compatible; bingbot/2.0; +http://www.bing.com/bingbot.htm) Chrome/103.0.5060.134 Safari/537.36" "www.ysfine.com"
157.55.39.55 - - [29/Sep/2022:16:00:25 -0700] "GET /kobak/chungilk02b.jpg HTTP/1.1" 200 61073 "-" "Mozilla/5.0 (compatible; bingbot/2.0; +http://www.bing.com/bingbot.htm)" "www.ysfine.com"
187.183.45.236 - - [29/Sep/2022:16:00:33 -0700] "GET /wigner/neum/vnc07.jpg HTTP/1.1" 200 95908 "https://www.google.com/" "Mozilla/5.0 (Windows NT 10.0; Win64; x64; rv:105.0) Gecko/20100101 Firefox/105.0" "ysfine.com"
187.183.45.236 - - [29/Sep/2022:16:00:34 -0700] "GET /wigner/neum/vnc03.jpg HTTP/1.1" 200 80421 "https://www.google.com/" "Mozilla/5.0 (Windows NT 10.0; Win64; x64; rv:105.0) Gecko/20100101 Firefox/105.0" "ysfine.com"
77.88.5.253 - - [29/Sep/2022:16:00:42 -0700] "GET /world/russ/?C=S;O=A HTTP/1.1" 200 17957 "-" "Mozilla/5.0 (compatible; YandexBot/3.0; +http://yandex.com/bots)" "www.ysfine.com"
157.55.39.128 - - [29/Sep/2022:16:00:46 -0700] "GET /yspapers/parton66.jpg HTTP/1.1" 200 116712 "-" "Mozilla/5.0 (compatible; bingbot/2.0; +http://www.bing.com/bingbot.htm)" "www.ysfine.com"
77.88.5.45 - - [29/Sep/2022:16:00:56 -0700] "GET /world/russ/classific.doc HTTP/1.1" 200 81408 "-" "Mozilla/5.0 (compatible; YandexBot/3.0; +http://yandex.com/bots)" "www.ysfine.com"
157.55.39.128 - - [29/Sep/2022:16:00:57 -0700] "GET /princeton/ias11.jpg HTTP/1.1" 200 76978 "-" "Mozilla/5.0 AppleWebKit/537.36 (KHTML, like Gecko; compatible; bingbot/2.0; +http://www.bing.com/bingbot.htm) Chrome/103.0.5060.134 Safari/537.36" "www.ysfine.com"
173.73.80.118 - - [29/Sep/2022:16:00:59 -0700] "GET /home/bio22.html HTTP/1.1" 304 - "https://www.ysfine.com/ys11/index.html" "Mozilla/5.0 (Linux; Android 5.1.1; KFSUWI) AppleWebKit/537.36 (KHTML, like Gecko) Silk/104.2.16 like Chrome/104.0.5112.114 Safari/537.36" "www.ysfine.com"
187.183.45.236 - - [29/Sep/2022:16:02:18 -0700] "GET /wigner/neum/pvn03.jpg HTTP/1.1" 200 83757 "https://www.google.com/" "Mozilla/5.0 (Windows NT 10.0; Win64; x64; rv:105.0) Gecko/20100101 Firefox/105.0" "ysfine.com"
187.183.45.236 - - [29/Sep/2022:16:02:23 -0700] "GET /wigner/neum/pvn07.jpg HTTP/1.1" 200 101823 "https://www.google.com/" "Mozilla/5.0 (Windows NT 10.0; Win64; x64; rv:105.0) Gecko/20100101 Firefox/105.0" "ysfine.com"
110.93.150.154 - - [29/Sep/2022:16:02:37 -0700] "GET /home/fotos/104c.jpg HTTP/1.1" 200 35089 "-" "Mozilla/5.0 (compatible; Yeti/1.1; +https://naver.me/spd)" "ysfine.com"
157.55.39.58 - - [29/Sep/2022:16:04:07 -0700] "GET /princeton/dulles.jpg HTTP/1.1" 200 84176 "-" "Mozilla/5.0 (compatible; bingbot/2.0; +http://www.bing.com/bingbot.htm)" "www.ysfine.com"
157.55.39.55 - - [29/Sep/2022:16:04:46 -0700] "GET /feynman/feychin.jpg HTTP/1.1" 200 33472 "-" "Mozilla/5.0 AppleWebKit/537.36 (KHTML, like Gecko; compatible; bingbot/2.0; +http://www.bing.com/bingbot.htm) Chrome/103.0.5060.134 Safari/537.36" "www.ysfine.com"
175.156.235.199 - - [29/Sep/2022:16:06:00 -0700] "GET /feynman/feyyang11b.jpg HTTP/1.1" 200 35104 "https://www.google.com/" "Mozilla/5.0 (iPhone; CPU iPhone OS 15_6 like Mac OS X) AppleWebKit/605.1.15 (KHTML, like Gecko) CriOS/105.0.5195.147 Mobile/15E148 Safari/604.1" "ysfine.com"
220.181.108.80 - - [29/Sep/2022:16:06:00 -0700] "GET /sbk/index.html HTTP/1.1" 200 198 "-" "Mozilla/5.0 (compatible; Baiduspider/2.0; +http://www.baidu.com/search/spider.html)" "ysfine.com"
220.181.108.176 - - [29/Sep/2022:16:06:01 -0700] "GET /sbk/ HTTP/1.1" 200 293 "-" "Mozilla/5.0 (compatible; Baiduspider/2.0; +http://www.baidu.com/search/spider.html)" "ysfine.com"
175.156.235.199 - - [29/Sep/2022:16:06:02 -0700] "GET /world/china11.html HTTP/1.1" 200 24682 "https://www.google.com/" "Mozilla/5.0 (iPhone; CPU iPhone OS 15_6 like Mac OS X) AppleWebKit/605.1.15 (KHTML, like Gecko) CriOS/105.0.5195.147 Mobile/15E148 Safari/604.1" "ysfine.com"
175.156.235.199 - - [29/Sep/2022:16:06:03 -0700] "GET /feynman/feyyang11b.jpg HTTP/1.1" 200 35104 "https://ysfine.com/" "Mozilla/5.0 (iPhone; CPU iPhone OS 15_6 like Mac OS X) AppleWebKit/605.1.15 (KHTML, like Gecko) CriOS/105.0.5195.147 Mobile/15E148 Safari/604.1" "ysfine.com"
175.156.235.199 - - [29/Sep/2022:16:06:03 -0700] "GET /maga/phys/yukaein2.jpg HTTP/1.1" 200 42863 "https://ysfine.com/" "Mozilla/5.0 (iPhone; CPU iPhone OS 15_6 like Mac OS X) AppleWebKit/605.1.15 (KHTML, like Gecko) CriOS/105.0.5195.147 Mobile/15E148 Safari/604.1" "ysfine.com"
175.156.235.199 - - [29/Sep/2022:16:06:03 -0700] "GET /favicon.ico HTTP/1.1" 404 88 "-" "Mozilla/5.0 (iPhone; CPU iPhone OS 15_6 like Mac OS X) AppleWebKit/605.1.15 (KHTML, like Gecko) CriOS/105.0.5195.147 Mobile/15E148 Safari/604.1" "ysfine.com"
175.156.235.199 - - [29/Sep/2022:16:06:04 -0700] "GET /world/china/xian01b.jpg HTTP/1.1" 200 30886 "https://ysfine.com/" "Mozilla/5.0 (iPhone; CPU iPhone OS 15_6 like Mac OS X) AppleWebKit/605.1.15 (KHTML, like Gecko) CriOS/105.0.5195.147 Mobile/15E148 Safari/604.1" "ysfine.com"
175.156.235.199 - - [29/Sep/2022:16:06:04 -0700] "GET /world/china/beijing058b.jpg HTTP/1.1" 200 29133 "https://ysfine.com/" "Mozilla/5.0 (iPhone; CPU iPhone OS 15_6 like Mac OS X) AppleWebKit/605.1.15 (KHTML, like Gecko) CriOS/105.0.5195.147 Mobile/15E148 Safari/604.1" "ysfine.com"
175.156.235.199 - - [29/Sep/2022:16:06:05 -0700] "GET /world/china/china002b.jpg HTTP/1.1" 200 43618 "https://ysfine.com/" "Mozilla/5.0 (iPhone; CPU iPhone OS 15_6 like Mac OS X) AppleWebKit/605.1.15 (KHTML, like Gecko) CriOS/105.0.5195.147 Mobile/15E148 Safari/604.1" "ysfine.com"
175.156.235.199 - - [29/Sep/2022:16:06:05 -0700] "GET /world/china/china038b.jpg HTTP/1.1" 200 25149 "https://ysfine.com/" "Mozilla/5.0 (iPhone; CPU iPhone OS 15_6 like Mac OS X) AppleWebKit/605.1.15 (KHTML, like Gecko) CriOS/105.0.5195.147 Mobile/15E148 Safari/604.1" "ysfine.com"
175.156.235.199 - - [29/Sep/2022:16:06:05 -0700] "GET /kobak/sonja2.jpg HTTP/1.1" 200 31693 "https://ysfine.com/" "Mozilla/5.0 (iPhone; CPU iPhone OS 15_6 like Mac OS X) AppleWebKit/605.1.15 (KHTML, like Gecko) CriOS/105.0.5195.147 Mobile/15E148 Safari/604.1" "ysfine.com"
175.156.235.199 - - [29/Sep/2022:16:06:05 -0700] "GET /world/china/xian02b.jpg HTTP/1.1" 200 29745 "https://ysfine.com/" "Mozilla/5.0 (iPhone; CPU iPhone OS 15_6 like Mac OS X) AppleWebKit/605.1.15 (KHTML, like Gecko) CriOS/105.0.5195.147 Mobile/15E148 Safari/604.1" "ysfine.com"
175.156.235.199 - - [29/Sep/2022:16:06:05 -0700] "GET /world/china/china008b.jpg HTTP/1.1" 200 35456 "https://ysfine.com/" "Mozilla/5.0 (iPhone; CPU iPhone OS 15_6 like Mac OS X) AppleWebKit/605.1.15 (KHTML, like Gecko) CriOS/105.0.5195.147 Mobile/15E148 Safari/604.1" "ysfine.com"
175.156.235.199 - - [29/Sep/2022:16:06:05 -0700] "GET /world/china/china028b.jpg HTTP/1.1" 200 32708 "https://ysfine.com/" "Mozilla/5.0 (iPhone; CPU iPhone OS 15_6 like Mac OS X) AppleWebKit/605.1.15 (KHTML, like Gecko) CriOS/105.0.5195.147 Mobile/15E148 Safari/604.1" "ysfine.com"
175.156.235.199 - - [29/Sep/2022:16:06:05 -0700] "GET /world/china/andun01b.jpg HTTP/1.1" 200 35315 "https://ysfine.com/" "Mozilla/5.0 (iPhone; CPU iPhone OS 15_6 like Mac OS X) AppleWebKit/605.1.15 (KHTML, like Gecko) CriOS/105.0.5195.147 Mobile/15E148 Safari/604.1" "ysfine.com"
175.156.235.199 - - [29/Sep/2022:16:06:05 -0700] "GET /eink/pwk19c.jpg HTTP/1.1" 200 57759 "https://ysfine.com/" "Mozilla/5.0 (iPhone; CPU iPhone OS 15_6 like Mac OS X) AppleWebKit/605.1.15 (KHTML, like Gecko) CriOS/105.0.5195.147 Mobile/15E148 Safari/604.1" "ysfine.com"
175.156.235.199 - - [29/Sep/2022:16:06:05 -0700] "GET /kobak/taylor33c.jpg HTTP/1.1" 200 39951 "https://ysfine.com/" "Mozilla/5.0 (iPhone; CPU iPhone OS 15_6 like Mac OS X) AppleWebKit/605.1.15 (KHTML, like Gecko) CriOS/105.0.5195.147 Mobile/15E148 Safari/604.1" "ysfine.com"
175.156.235.199 - - [29/Sep/2022:16:06:05 -0700] "GET /world/china/hongkong02b.jpg HTTP/1.1" 200 41631 "https://ysfine.com/" "Mozilla/5.0 (iPhone; CPU iPhone OS 15_6 like Mac OS X) AppleWebKit/605.1.15 (KHTML, like Gecko) CriOS/105.0.5195.147 Mobile/15E148 Safari/604.1" "ysfine.com"
175.156.235.199 - - [29/Sep/2022:16:06:05 -0700] "GET /world/china/china015b.jpg HTTP/1.1" 200 61732 "https://ysfine.com/" "Mozilla/5.0 (iPhone; CPU iPhone OS 15_6 like Mac OS X) AppleWebKit/605.1.15 (KHTML, like Gecko) CriOS/105.0.5195.147 Mobile/15E148 Safari/604.1" "ysfine.com"
175.156.235.199 - - [29/Sep/2022:16:06:05 -0700] "GET /world/china/china034b.jpg HTTP/1.1" 200 30968 "https://ysfine.com/" "Mozilla/5.0 (iPhone; CPU iPhone OS 15_6 like Mac OS X) AppleWebKit/605.1.15 (KHTML, like Gecko) CriOS/105.0.5195.147 Mobile/15E148 Safari/604.1" "ysfine.com"
175.156.235.199 - - [29/Sep/2022:16:06:05 -0700] "GET /world/china/shenyang02b.jpg HTTP/1.1" 200 31779 "https://ysfine.com/" "Mozilla/5.0 (iPhone; CPU iPhone OS 15_6 like Mac OS X) AppleWebKit/605.1.15 (KHTML, like Gecko) CriOS/105.0.5195.147 Mobile/15E148 Safari/604.1" "ysfine.com"
175.156.235.199 - - [29/Sep/2022:16:06:05 -0700] "GET /kobak/underw03b.jpg HTTP/1.1" 200 37749 "https://ysfine.com/" "Mozilla/5.0 (iPhone; CPU iPhone OS 15_6 like Mac OS X) AppleWebKit/605.1.15 (KHTML, like Gecko) CriOS/105.0.5195.147 Mobile/15E148 Safari/604.1" "ysfine.com"
175.156.235.199 - - [29/Sep/2022:16:06:05 -0700] "GET /world/china/china032b.jpg HTTP/1.1" 200 52888 "https://ysfine.com/" "Mozilla/5.0 (iPhone; CPU iPhone OS 15_6 like Mac OS X) AppleWebKit/605.1.15 (KHTML, like Gecko) CriOS/105.0.5195.147 Mobile/15E148 Safari/604.1" "ysfine.com"
175.156.235.199 - - [29/Sep/2022:16:06:05 -0700] "GET /world/china/hongkong06b.jpg HTTP/1.1" 200 43298 "https://ysfine.com/" "Mozilla/5.0 (iPhone; CPU iPhone OS 15_6 like Mac OS X) AppleWebKit/605.1.15 (KHTML, like Gecko) CriOS/105.0.5195.147 Mobile/15E148 Safari/604.1" "ysfine.com"
175.156.235.199 - - [29/Sep/2022:16:06:05 -0700] "GET /world/china/china027b.jpg HTTP/1.1" 200 41659 "https://ysfine.com/" "Mozilla/5.0 (iPhone; CPU iPhone OS 15_6 like Mac OS X) AppleWebKit/605.1.15 (KHTML, like Gecko) CriOS/105.0.5195.147 Mobile/15E148 Safari/604.1" "ysfine.com"
175.156.235.199 - - [29/Sep/2022:16:06:05 -0700] "GET /world/china/china030b.jpg HTTP/1.1" 200 37396 "https://ysfine.com/" "Mozilla/5.0 (iPhone; CPU iPhone OS 15_6 like Mac OS X) AppleWebKit/605.1.15 (KHTML, like Gecko) CriOS/105.0.5195.147 Mobile/15E148 Safari/604.1" "ysfine.com"
175.156.235.199 - - [29/Sep/2022:16:06:05 -0700] "GET /world/china/china103b.jpg HTTP/1.1" 200 39321 "https://ysfine.com/" "Mozilla/5.0 (iPhone; CPU iPhone OS 15_6 like Mac OS X) AppleWebKit/605.1.15 (KHTML, like Gecko) CriOS/105.0.5195.147 Mobile/15E148 Safari/604.1" "ysfine.com"
175.156.235.199 - - [29/Sep/2022:16:06:05 -0700] "GET /world/china/china018b.jpg HTTP/1.1" 200 38858 "https://ysfine.com/" "Mozilla/5.0 (iPhone; CPU iPhone OS 15_6 like Mac OS X) AppleWebKit/605.1.15 (KHTML, like Gecko) CriOS/105.0.5195.147 Mobile/15E148 Safari/604.1" "ysfine.com"
175.156.235.199 - - [29/Sep/2022:16:06:05 -0700] "GET /world/china/china024b.jpg HTTP/1.1" 200 36370 "https://ysfine.com/" "Mozilla/5.0 (iPhone; CPU iPhone OS 15_6 like Mac OS X) AppleWebKit/605.1.15 (KHTML, like Gecko) CriOS/105.0.5195.147 Mobile/15E148 Safari/604.1" "ysfine.com"
175.156.235.199 - - [29/Sep/2022:16:06:05 -0700] "GET /world/china/beijing109b.jpg HTTP/1.1" 200 39391 "https://ysfine.com/" "Mozilla/5.0 (iPhone; CPU iPhone OS 15_6 like Mac OS X) AppleWebKit/605.1.15 (KHTML, like Gecko) CriOS/105.0.5195.147 Mobile/15E148 Safari/604.1" "ysfine.com"
175.156.235.199 - - [29/Sep/2022:16:06:05 -0700] "GET /world/china/china014b.jpg HTTP/1.1" 200 54603 "https://ysfine.com/" "Mozilla/5.0 (iPhone; CPU iPhone OS 15_6 like Mac OS X) AppleWebKit/605.1.15 (KHTML, like Gecko) CriOS/105.0.5195.147 Mobile/15E148 Safari/604.1" "ysfine.com"
175.156.235.199 - - [29/Sep/2022:16:06:05 -0700] "GET /world/china/china039b.jpg HTTP/1.1" 200 66740 "https://ysfine.com/" "Mozilla/5.0 (iPhone; CPU iPhone OS 15_6 like Mac OS X) AppleWebKit/605.1.15 (KHTML, like Gecko) CriOS/105.0.5195.147 Mobile/15E148 Safari/604.1" "ysfine.com"
175.156.235.199 - - [29/Sep/2022:16:06:05 -0700] "GET /world/china/xian14b.jpg HTTP/1.1" 200 42388 "https://ysfine.com/" "Mozilla/5.0 (iPhone; CPU iPhone OS 15_6 like Mac OS X) AppleWebKit/605.1.15 (KHTML, like Gecko) CriOS/105.0.5195.147 Mobile/15E148 Safari/604.1" "ysfine.com"
175.156.235.199 - - [29/Sep/2022:16:06:05 -0700] "GET /world/china/china031b.jpg HTTP/1.1" 200 54062 "https://ysfine.com/" "Mozilla/5.0 (iPhone; CPU iPhone OS 15_6 like Mac OS X) AppleWebKit/605.1.15 (KHTML, like Gecko) CriOS/105.0.5195.147 Mobile/15E148 Safari/604.1" "ysfine.com"
175.156.235.199 - - [29/Sep/2022:16:06:05 -0700] "GET /world/china/china006b.gif HTTP/1.1" 200 16880 "https://ysfine.com/" "Mozilla/5.0 (iPhone; CPU iPhone OS 15_6 like Mac OS X) AppleWebKit/605.1.15 (KHTML, like Gecko) CriOS/105.0.5195.147 Mobile/15E148 Safari/604.1" "ysfine.com"
175.156.235.199 - - [29/Sep/2022:16:06:05 -0700] "GET /world/china/nanjing33b.jpg HTTP/1.1" 200 49824 "https://ysfine.com/" "Mozilla/5.0 (iPhone; CPU iPhone OS 15_6 like Mac OS X) AppleWebKit/605.1.15 (KHTML, like Gecko) CriOS/105.0.5195.147 Mobile/15E148 Safari/604.1" "ysfine.com"
175.156.235.199 - - [29/Sep/2022:16:06:05 -0700] "GET /world/china/xian09b.jpg HTTP/1.1" 200 40511 "https://ysfine.com/" "Mozilla/5.0 (iPhone; CPU iPhone OS 15_6 like Mac OS X) AppleWebKit/605.1.15 (KHTML, like Gecko) CriOS/105.0.5195.147 Mobile/15E148 Safari/604.1" "ysfine.com"
175.156.235.199 - - [29/Sep/2022:16:06:05 -0700] "GET /world/china/beijing056b.jpg HTTP/1.1" 200 40631 "https://ysfine.com/" "Mozilla/5.0 (iPhone; CPU iPhone OS 15_6 like Mac OS X) AppleWebKit/605.1.15 (KHTML, like Gecko) CriOS/105.0.5195.147 Mobile/15E148 Safari/604.1" "ysfine.com"
175.156.235.199 - - [29/Sep/2022:16:06:05 -0700] "GET /world/china/shanghai002b.jpg HTTP/1.1" 200 34489 "https://ysfine.com/" "Mozilla/5.0 (iPhone; CPU iPhone OS 15_6 like Mac OS X) AppleWebKit/605.1.15 (KHTML, like Gecko) CriOS/105.0.5195.147 Mobile/15E148 Safari/604.1" "ysfine.com"
175.156.235.199 - - [29/Sep/2022:16:06:05 -0700] "GET /world/china/beijing061b.jpg HTTP/1.1" 200 26988 "https://ysfine.com/" "Mozilla/5.0 (iPhone; CPU iPhone OS 15_6 like Mac OS X) AppleWebKit/605.1.15 (KHTML, like Gecko) CriOS/105.0.5195.147 Mobile/15E148 Safari/604.1" "ysfine.com"
175.156.235.199 - - [29/Sep/2022:16:06:05 -0700] "GET /world/russ/msu01b.jpg HTTP/1.1" 200 30172 "https://ysfine.com/" "Mozilla/5.0 (iPhone; CPU iPhone OS 15_6 like Mac OS X) AppleWebKit/605.1.15 (KHTML, like Gecko) CriOS/105.0.5195.147 Mobile/15E148 Safari/604.1" "ysfine.com"
175.156.235.199 - - [29/Sep/2022:16:06:05 -0700] "GET /world/china/beijing055b.jpg HTTP/1.1" 200 33655 "https://ysfine.com/" "Mozilla/5.0 (iPhone; CPU iPhone OS 15_6 like Mac OS X) AppleWebKit/605.1.15 (KHTML, like Gecko) CriOS/105.0.5195.147 Mobile/15E148 Safari/604.1" "ysfine.com"
175.156.235.199 - - [29/Sep/2022:16:06:05 -0700] "GET /world/china/china021b.jpg HTTP/1.1" 200 37835 "https://ysfine.com/" "Mozilla/5.0 (iPhone; CPU iPhone OS 15_6 like Mac OS X) AppleWebKit/605.1.15 (KHTML, like Gecko) CriOS/105.0.5195.147 Mobile/15E148 Safari/604.1" "ysfine.com"
