40.77.167.61 - - [29/Sep/2022:04:33:22 -0700] "GET /world/china/chongking19.jpg HTTP/1.1" 200 107345 "-" "Mozilla/5.0 (compatible; bingbot/2.0; +http://www.bing.com/bingbot.htm)" "www.ysfine.com"
207.46.13.102 - - [29/Sep/2022:04:34:17 -0700] "GET /world/hungary/buda125b.jpg HTTP/1.1" 200 53000 "-" "Mozilla/5.0 (compatible; bingbot/2.0; +http://www.bing.com/bingbot.htm)" "ysfine.com"
44.192.26.60 - - [29/Sep/2022:04:34:33 -0700] "GET /style/shops.html HTTP/1.1" 304 - "-" "CCBot/2.0 (https://commoncrawl.org/faq/)" "ysfine.com"
44.192.26.60 - - [29/Sep/2022:04:34:44 -0700] "GET /home/marquis/fortune22.jpg%22 HTTP/1.1" 404 88 "-" "CCBot/2.0 (https://commoncrawl.org/faq/)" "ysfine.com"
77.88.5.222 - - [29/Sep/2022:04:35:39 -0700] "GET /wigner/wigrigh.html HTTP/1.1" 200 2476 "-" "Mozilla/5.0 (compatible; YandexBot/3.0; +http://yandex.com/bots)" "www.ysfine.com"
44.192.26.60 - - [29/Sep/2022:04:37:15 -0700] "GET /people/towhee HTTP/1.1" 200 64342 "-" "CCBot/2.0 (https://commoncrawl.org/faq/)" "ysfine.com"
157.55.39.128 - - [29/Sep/2022:04:37:53 -0700] "GET /kobak/swr51b.jpg HTTP/1.1" 200 31277 "-" "Mozilla/5.0 AppleWebKit/537.36 (KHTML, like Gecko; compatible; bingbot/2.0; +http://www.bing.com/bingbot.htm) Chrome/103.0.5060.134 Safari/537.36" "www.ysfine.com"
44.192.26.60 - - [29/Sep/2022:04:41:07 -0700] "GET /maga/sartre.html HTTP/1.1" 200 7719 "-" "CCBot/2.0 (https://commoncrawl.org/faq/)" "ysfine.com"
44.192.26.60 - - [29/Sep/2022:04:41:13 -0700] "GET /wdc/vernon.html HTTP/1.1" 200 1958 "-" "CCBot/2.0 (https://commoncrawl.org/faq/)" "ysfine.com"
73.30.168.36 - - [29/Sep/2022:04:42:06 -0700] "GET /kowar/tanks/tank03.jpg HTTP/1.1" 200 106726 "https://www.google.com/" "Mozilla/5.0 (X11; Linux x86_64) AppleWebKit/537.36 (KHTML, like Gecko) SamsungBrowser/18.0 Chrome/99.0.4844.88 Safari/537.36" "ysfine.com"
40.77.167.105 - - [29/Sep/2022:04:42:11 -0700] "GET /robots.txt HTTP/1.1" 404 88 "-" "Mozilla/5.0 AppleWebKit/537.36 (KHTML, like Gecko; compatible; bingbot/2.0; +http://www.bing.com/bingbot.htm) Chrome/103.0.5060.134 Safari/537.36" "ysfine.com"
157.55.39.58 - - [29/Sep/2022:04:42:28 -0700] "GET /world/hungary/hunstu27.jpg HTTP/1.1" 200 105364 "-" "Mozilla/5.0 AppleWebKit/537.36 (KHTML, like Gecko; compatible; bingbot/2.0; +http://www.bing.com/bingbot.htm) Chrome/103.0.5060.134 Safari/537.36" "www.ysfine.com"
110.93.150.103 - - [29/Sep/2022:04:42:38 -0700] "GET /wigner/tollwig11c.jpg HTTP/1.1" 200 30497 "-" "Mozilla/5.0 (compatible; Yeti/1.1; +https://naver.me/spd)" "ysfine.com"
157.55.39.128 - - [29/Sep/2022:04:42:43 -0700] "GET /world/ital/capri04.jpg HTTP/1.1" 200 219169 "-" "Mozilla/5.0 (compatible; bingbot/2.0; +http://www.bing.com/bingbot.htm)" "ysfine.com"
49.7.21.113 - - [29/Sep/2022:04:42:48 -0700] "GET / HTTP/1.1" 200 5283 "-" "Sogou web spider/4.0(+http://www.sogou.com/docs/help/webmasters.htm#07)" "ysfine.com"
17.121.113.130 - - [29/Sep/2022:04:43:30 -0700] "GET /jobs/yst22.docx HTTP/1.1" 200 28357 "-" "Mozilla/5.0 (Macintosh; Intel Mac OS X 10_15_5) AppleWebKit/605.1.15 (KHTML, like Gecko) Version/13.1.1 Safari/605.1.15 (Applebot/0.1; +http://www.apple.com/go/applebot)" "ysfine.com"
157.55.39.55 - - [29/Sep/2022:04:44:01 -0700] "GET /world/france/antibes02.jpg HTTP/1.1" 200 78160 "-" "Mozilla/5.0 (compatible; bingbot/2.0; +http://www.bing.com/bingbot.htm)" "ysfine.com"
157.55.39.55 - - [29/Sep/2022:04:44:12 -0700] "GET /maga/histo/desiree22.jpg HTTP/1.1" 200 113561 "-" "Mozilla/5.0 AppleWebKit/537.36 (KHTML, like Gecko; compatible; bingbot/2.0; +http://www.bing.com/bingbot.htm) Chrome/103.0.5060.134 Safari/537.36" "www.ysfine.com"
157.55.39.128 - - [29/Sep/2022:04:44:12 -0700] "GET /world/russ/kitaires01.jpg HTTP/1.1" 200 98831 "-" "Mozilla/5.0 (compatible; bingbot/2.0; +http://www.bing.com/bingbot.htm)" "ysfine.com"
157.55.39.127 - - [29/Sep/2022:04:45:21 -0700] "GET /newyork/nyharbor15.jpg HTTP/1.1" 200 95901 "-" "Mozilla/5.0 AppleWebKit/537.36 (KHTML, like Gecko; compatible; bingbot/2.0; +http://www.bing.com/bingbot.htm) Chrome/103.0.5060.134 Safari/537.36" "ysfine.com"
154.13.49.103 - - [29/Sep/2022:04:45:27 -0700] "GET /philo/keigel21.html HTTP/1.1" 200 13414 "-" "Mozilla/5.0 (X11; Ubuntu; Linux i686; rv:102.0) Gecko/20100101 Firefox/102.0" "ysfine.com"
154.13.49.103 - - [29/Sep/2022:04:45:29 -0700] "GET /philo/keigel21.html HTTP/1.1" 200 13414 "https://ysfine.com/philo/keigel21.html" "Mozilla/5.0 (X11; Ubuntu; Linux i686; rv:102.0) Gecko/20100101 Firefox/102.0" "ysfine.com"
154.13.49.103 - - [29/Sep/2022:04:45:30 -0700] "GET /home/dwf.html HTTP/1.1" 200 4126 "https://ysfine.com/philo/keigel21.html" "Mozilla/5.0 (X11; Ubuntu; Linux i686; rv:102.0) Gecko/20100101 Firefox/102.0" "ysfine.com"
154.13.49.103 - - [29/Sep/2022:04:45:31 -0700] "GET /einstein/ewk.html HTTP/1.1" 200 4230 "https://ysfine.com/philo/keigel21.html" "Mozilla/5.0 (X11; Ubuntu; Linux i686; rv:102.0) Gecko/20100101 Firefox/102.0" "ysfine.com"
154.13.49.103 - - [29/Sep/2022:04:45:33 -0700] "GET /feynman/partons.html HTTP/1.1" 200 5807 "https://ysfine.com/philo/keigel21.html" "Mozilla/5.0 (X11; Ubuntu; Linux i686; rv:102.0) Gecko/20100101 Firefox/102.0" "ysfine.com"
114.119.128.162 - - [29/Sep/2022:04:45:38 -0700] "GET /class54/class5470/total_data/photo_img/3-77.jpg HTTP/1.1" 200 209025 "https://ysfine.com/class54/class5470/total_data/sub_377.htm" "Mozilla/5.0 (Linux; Android 7.0;) AppleWebKit/537.36 (KHTML, like Gecko) Mobile Safari/537.36 (compatible; PetalBot;+https://webmaster.petalsearch.com/site/petalbot)" "ysfine.com"
113.199.248.125 - - [29/Sep/2022:04:46:11 -0700] "GET /style/musee/britmu18b.jpg HTTP/1.1" 200 56514 "https://www.google.com/" "Mozilla/5.0 (Linux; Android 12; CPH2285 Build/SP1A.210812.016; wv) AppleWebKit/537.36 (KHTML, like Gecko) Version/4.0 Chrome/105.0.5195.136 Mobile Safari/537.36 GoogleLens/13.37.10.26.arm64" "ysfine.com"
39.113.11.43 - - [29/Sep/2022:04:46:13 -0700] "GET /jobs/koreaj.html HTTP/1.1" 200 10214 "https://www.google.com/" "Mozilla/5.0 (Linux; Android 12; SM-F711N) AppleWebKit/537.36 (KHTML, like Gecko) Chrome/105.0.0.0 Mobile Safari/537.36" "ysfine.com"
39.113.11.43 - - [29/Sep/2022:04:46:14 -0700] "GET /jobs/koreaj11b.jpg HTTP/1.1" 200 67543 "https://ysfine.com/jobs/koreaj.html" "Mozilla/5.0 (Linux; Android 12; SM-F711N) AppleWebKit/537.36 (KHTML, like Gecko) Chrome/105.0.0.0 Mobile Safari/537.36" "ysfine.com"
39.113.11.43 - - [29/Sep/2022:04:46:16 -0700] "GET /favicon.ico HTTP/1.1" 404 88 "https://ysfine.com/jobs/koreaj.html" "Mozilla/5.0 (Linux; Android 12; SM-F711N) AppleWebKit/537.36 (KHTML, like Gecko) Chrome/105.0.0.0 Mobile Safari/537.36" "ysfine.com"
44.192.26.60 - - [29/Sep/2022:04:46:28 -0700] "GET /home/bio77.html HTTP/1.1" 200 10474 "-" "CCBot/2.0 (https://commoncrawl.org/faq/)" "ysfine.com"
157.55.39.127 - - [29/Sep/2022:04:46:40 -0700] "GET /world/brit/cam11.jpg HTTP/1.1" 200 83753 "-" "Mozilla/5.0 (compatible; bingbot/2.0; +http://www.bing.com/bingbot.htm)" "ysfine.com"
157.55.39.128 - - [29/Sep/2022:04:46:53 -0700] "GET /world/israel/jeru22.jpg HTTP/1.1" 200 210034 "-" "Mozilla/5.0 (compatible; bingbot/2.0; +http://www.bing.com/bingbot.htm)" "www.ysfine.com"
157.55.39.128 - - [29/Sep/2022:04:48:14 -0700] "GET /world/ital/stcroce31.jpg HTTP/1.1" 200 121728 "-" "Mozilla/5.0 (compatible; bingbot/2.0; +http://www.bing.com/bingbot.htm)" "ysfine.com"
157.55.39.128 - - [29/Sep/2022:04:48:43 -0700] "GET /sbk/2006kdw11.jpg HTTP/1.1" 200 70370 "-" "Mozilla/5.0 (compatible; bingbot/2.0; +http://www.bing.com/bingbot.htm)" "ysfine.com"
37.170.36.30 - - [29/Sep/2022:04:48:49 -0700] "GET /kobak/rheetr11.jpg HTTP/1.1" 200 184635 "https://www.google.fr/" "Mozilla/5.0 (iPhone; CPU iPhone OS 15_5 like Mac OS X) AppleWebKit/605.1.15 (KHTML, like Gecko) Version/15.5 Mobile/15E148 Safari/604.1" "ysfine.com"
37.170.36.30 - - [29/Sep/2022:04:48:57 -0700] "GET /kobak/rheetr.html HTTP/1.1" 200 838 "https://www.google.fr/" "Mozilla/5.0 (iPhone; CPU iPhone OS 15_5 like Mac OS X) AppleWebKit/605.1.15 (KHTML, like Gecko) Version/15.5 Mobile/15E148 Safari/604.1" "ysfine.com"
37.170.36.30 - - [29/Sep/2022:04:48:58 -0700] "GET /kobak/rheetr11.jpg HTTP/1.1" 200 184635 "https://ysfine.com/" "Mozilla/5.0 (iPhone; CPU iPhone OS 15_5 like Mac OS X) AppleWebKit/605.1.15 (KHTML, like Gecko) Version/15.5 Mobile/15E148 Safari/604.1" "ysfine.com"
37.170.36.30 - - [29/Sep/2022:04:49:00 -0700] "GET /favicon.ico HTTP/1.1" 404 88 "https://ysfine.com/" "Mozilla/5.0 (iPhone; CPU iPhone OS 15_5 like Mac OS X) AppleWebKit/605.1.15 (KHTML, like Gecko) Version/15.5 Mobile/15E148 Safari/604.1" "ysfine.com"
40.77.167.61 - - [29/Sep/2022:04:49:04 -0700] "GET /world/ital/venice04.jpg HTTP/1.1" 200 342502 "-" "Mozilla/5.0 (compatible; bingbot/2.0; +http://www.bing.com/bingbot.htm)" "ysfine.com"
123.125.109.45 - - [29/Sep/2022:04:49:11 -0700] "GET / HTTP/1.1" 200 5283 "-" "Sogou web spider/4.0(+http://www.sogou.com/docs/help/webmasters.htm#07)" "www.ysfine.com"
103.208.70.228 - - [29/Sep/2022:04:49:16 -0700] "GET / HTTP/1.1" 200 5283 "-" "Mozilla/5.0 (Macintosh; Intel Mac OS X 10_10_5) AppleWebKit/603.3.8 (KHTML, like Gecko)" "www.ysfine.com"
103.208.70.228 - - [29/Sep/2022:04:49:17 -0700] "GET /apple-touch-icon-precomposed.png HTTP/1.1" 404 88 "-" "Safari/10603.3.8 CFNetwork/720.5.7 Darwin/14.5.0 (x86_64)" "www.ysfine.com"
103.208.70.228 - - [29/Sep/2022:04:49:17 -0700] "GET /apple-touch-icon.png HTTP/1.1" 404 88 "-" "Safari/10603.3.8 CFNetwork/720.5.7 Darwin/14.5.0 (x86_64)" "www.ysfine.com"
103.208.70.228 - - [29/Sep/2022:04:49:17 -0700] "GET /favicon.ico HTTP/1.1" 404 88 "-" "Safari/10603.3.8 CFNetwork/720.5.7 Darwin/14.5.0 (x86_64)" "www.ysfine.com"
103.208.70.228 - - [29/Sep/2022:04:49:17 -0700] "GET /apple-touch-icon-precomposed.png HTTP/1.1" 404 88 "-" "Safari/10603.3.8 CFNetwork/720.5.7 Darwin/14.5.0 (x86_64)" "www.ysfine.com"
103.208.70.228 - - [29/Sep/2022:04:49:18 -0700] "GET /apple-touch-icon.png HTTP/1.1" 404 88 "-" "Safari/10603.3.8 CFNetwork/720.5.7 Darwin/14.5.0 (x86_64)" "www.ysfine.com"
103.208.70.228 - - [29/Sep/2022:04:49:18 -0700] "GET /favicon.ico HTTP/1.1" 404 88 "-" "Safari/10603.3.8 CFNetwork/720.5.7 Darwin/14.5.0 (x86_64)" "www.ysfine.com"
103.208.70.228 - - [29/Sep/2022:04:49:18 -0700] "GET / HTTP/1.1" 200 5283 "-" "Mozilla/5.0 (iPhone; CPU iPhone OS 10_0 like Mac OS X) AppleWebKit/602.1.38 (KHTML, like Gecko) Version/10.0 Mobile/14A300 Safari/602.1" "www.ysfine.com"
103.208.70.228 - - [29/Sep/2022:04:49:19 -0700] "GET /apple-touch-icon-precomposed.png HTTP/1.1" 404 88 "-" "Safari/10603.3.8 CFNetwork/720.5.7 Darwin/14.5.0 (x86_64)" "www.ysfine.com"
103.208.70.228 - - [29/Sep/2022:04:49:19 -0700] "GET /apple-touch-icon.png HTTP/1.1" 404 88 "-" "Safari/10603.3.8 CFNetwork/720.5.7 Darwin/14.5.0 (x86_64)" "www.ysfine.com"
103.208.70.228 - - [29/Sep/2022:04:49:19 -0700] "GET /favicon.ico HTTP/1.1" 404 88 "-" "Safari/10603.3.8 CFNetwork/720.5.7 Darwin/14.5.0 (x86_64)" "www.ysfine.com"
103.208.70.228 - - [29/Sep/2022:04:49:19 -0700] "GET /apple-touch-icon-precomposed.png HTTP/1.1" 404 88 "-" "Safari/10603.3.8 CFNetwork/720.5.7 Darwin/14.5.0 (x86_64)" "www.ysfine.com"
103.208.70.228 - - [29/Sep/2022:04:49:20 -0700] "GET /apple-touch-icon.png HTTP/1.1" 404 88 "-" "Safari/10603.3.8 CFNetwork/720.5.7 Darwin/14.5.0 (x86_64)" "www.ysfine.com"
103.208.70.228 - - [29/Sep/2022:04:49:20 -0700] "GET /favicon.ico HTTP/1.1" 404 88 "-" "Safari/10603.3.8 CFNetwork/720.5.7 Darwin/14.5.0 (x86_64)" "www.ysfine.com"
157.55.39.58 - - [29/Sep/2022:04:50:10 -0700] "GET /dongio/amkor/jina11.jpg HTTP/1.1" 404 88 "-" "Mozilla/5.0 (compatible; bingbot/2.0; +http://www.bing.com/bingbot.htm)" "ysfine.com"
157.55.39.58 - - [29/Sep/2022:04:50:11 -0700] "GET /heisen/schroheisen33c.jpg HTTP/1.1" 200 47347 "-" "Mozilla/5.0 (compatible; bingbot/2.0; +http://www.bing.com/bingbot.htm)" "ysfine.com"
44.192.26.60 - - [29/Sep/2022:04:50:30 -0700] "GET /world/greece.html HTTP/1.1" 304 - "-" "CCBot/2.0 (https://commoncrawl.org/faq/)" "ysfine.com"
44.192.26.60 - - [29/Sep/2022:04:51:06 -0700] "GET /jobs/index.html HTTP/1.1" 200 123 "-" "CCBot/2.0 (https://commoncrawl.org/faq/)" "ysfine.com"
40.77.167.61 - - [29/Sep/2022:04:51:56 -0700] "GET /dirac/2osc22.jpg HTTP/1.1" 200 86594 "-" "Mozilla/5.0 (compatible; bingbot/2.0; +http://www.bing.com/bingbot.htm)" "www.ysfine.com"
114.119.128.154 - - [29/Sep/2022:04:52:14 -0700] "GET /maga/phil/sisfa12/frame04.html HTTP/1.1" 200 320 "https://www.ysfine.com/maga/phil/sisfa12/frame03.html" "Mozilla/5.0 (Linux; Android 7.0;) AppleWebKit/537.36 (KHTML, like Gecko) Mobile Safari/537.36 (compatible; PetalBot;+https://webmaster.petalsearch.com/site/petalbot)" "www.ysfine.com"
44.192.26.60 - - [29/Sep/2022:04:52:51 -0700] "GET /world/ital/aquinas02.html HTTP/1.1" 404 88 "-" "CCBot/2.0 (https://commoncrawl.org/faq/)" "ysfine.com"
157.55.39.127 - - [29/Sep/2022:04:53:42 -0700] "GET /world/france/stras15.jpg HTTP/1.1" 200 96475 "-" "Mozilla/5.0 (compatible; bingbot/2.0; +http://www.bing.com/bingbot.htm)" "www.ysfine.com"
77.75.77.119 - - [29/Sep/2022:04:54:15 -0700] "GET /robots.txt HTTP/1.1" 404 88 "-" "Mozilla/5.0 (compatible; SeznamBot/3.2; +http://napoveda.seznam.cz/en/seznambot-intro/)" "ysfine.com"
77.75.77.119 - - [29/Sep/2022:04:54:16 -0700] "GET /world/russ/kazan062.jpg HTTP/1.1" 200 71141 "-" "Mozilla/5.0 (compatible; SeznamBot/3.2; +http://napoveda.seznam.cz/en/seznambot-intro/)" "ysfine.com"
77.75.77.119 - - [29/Sep/2022:04:54:19 -0700] "GET /world/baltic/riga16.jpg HTTP/1.1" 304 - "-" "Mozilla/5.0 (compatible; SeznamBot/3.2; +http://napoveda.seznam.cz/en/seznambot-intro/)" "ysfine.com"
77.75.77.119 - - [29/Sep/2022:04:54:19 -0700] "GET /world/russ/basil06.jpg HTTP/1.1" 200 112673 "-" "Mozilla/5.0 (compatible; SeznamBot/3.2; +http://napoveda.seznam.cz/en/seznambot-intro/)" "ysfine.com"
77.75.77.119 - - [29/Sep/2022:04:54:22 -0700] "GET /wdc/willard77.jpg HTTP/1.1" 304 - "-" "Mozilla/5.0 (compatible; SeznamBot/3.2; +http://napoveda.seznam.cz/en/seznambot-intro/)" "ysfine.com"
157.55.39.127 - - [29/Sep/2022:04:54:32 -0700] "GET /feynman/feynman.jpg HTTP/1.1" 200 40536 "-" "Mozilla/5.0 (compatible; bingbot/2.0; +http://www.bing.com/bingbot.htm)" "www.ysfine.com"
44.192.26.60 - - [29/Sep/2022:04:54:47 -0700] "GET /feynman/ HTTP/1.1" 200 124 "-" "CCBot/2.0 (https://commoncrawl.org/faq/)" "ysfine.com"
157.55.39.55 - - [29/Sep/2022:04:55:13 -0700] "GET /newyork/colum10b.jpg HTTP/1.1" 200 34392 "-" "Mozilla/5.0 (compatible; bingbot/2.0; +http://www.bing.com/bingbot.htm)" "www.ysfine.com"
44.192.26.60 - - [29/Sep/2022:04:55:32 -0700] "GET /confer/intop.html HTTP/1.1" 200 521 "-" "CCBot/2.0 (https://commoncrawl.org/faq/)" "ysfine.com"
174.71.82.201 - - [29/Sep/2022:04:56:38 -0700] "GET /princeton/alexan22.jpg HTTP/1.1" 200 175436 "https://www.google.com/" "Mozilla/5.0 (iPhone; CPU iPhone OS 16_0 like Mac OS X) AppleWebKit/605.1.15 (KHTML, like Gecko) CriOS/105.0.5195.147 Mobile/15E148 Safari/604.1" "ysfine.com"
157.55.39.127 - - [29/Sep/2022:04:56:51 -0700] "GET /philo/kantao11.jpg HTTP/1.1" 200 49132 "-" "Mozilla/5.0 (compatible; bingbot/2.0; +http://www.bing.com/bingbot.htm)" "ysfine.com"
44.192.26.60 - - [29/Sep/2022:04:56:52 -0700] "GET /people/goldha.html HTTP/1.1" 304 - "-" "CCBot/2.0 (https://commoncrawl.org/faq/)" "ysfine.com"
208.108.138.191 - - [29/Sep/2022:04:56:54 -0700] "GET /heisen/schroheisen33.jpg HTTP/1.1" 200 86213 "https://www.google.com/" "Mozilla/5.0 (X11; CrOS x86_64 14989.107.0) AppleWebKit/537.36 (KHTML, like Gecko) Chrome/105.0.0.0 Safari/537.36" "ysfine.com"
157.55.39.128 - - [29/Sep/2022:04:56:56 -0700] "GET /people/towhee.jpg HTTP/1.1" 200 64342 "-" "Mozilla/5.0 (compatible; bingbot/2.0; +http://www.bing.com/bingbot.htm)" "ysfine.com"
20.248.169.252 - - [29/Sep/2022:04:57:25 -0700] "GET /wp-includes/wlwmanifest.xml HTTP/1.1" 404 88 "-" "python-requests/2.27.1" "ysfine.com"
44.192.26.60 - - [29/Sep/2022:04:57:27 -0700] "GET /wisdom/wkleft.html HTTP/1.1" 200 596 "-" "CCBot/2.0 (https://commoncrawl.org/faq/)" "ysfine.com"
20.248.169.252 - - [29/Sep/2022:04:57:27 -0700] "GET /administrator/index.php HTTP/1.1" 404 88 "-" "python-requests/2.27.1" "ysfine.com"
20.248.169.252 - - [29/Sep/2022:04:57:28 -0700] "GET /view-source: HTTP/1.1" 404 88 "-" "python-requests/2.27.1" "ysfine.com"
20.248.169.252 - - [29/Sep/2022:04:57:29 -0700] "GET /misc/ajax.js HTTP/1.1" 404 88 "-" "python-requests/2.27.1" "ysfine.com"
157.55.39.128 - - [29/Sep/2022:04:57:35 -0700] "GET /world/poland/sienkiew01b.jpg HTTP/1.1" 200 59395 "-" "Mozilla/5.0 (compatible; bingbot/2.0; +http://www.bing.com/bingbot.htm)" "www.ysfine.com"
174.71.82.201 - - [29/Sep/2022:04:57:42 -0700] "GET /princeton/withers01.jpg HTTP/1.1" 200 113946 "https://www.google.com/" "Mozilla/5.0 (iPhone; CPU iPhone OS 16_0 like Mac OS X) AppleWebKit/605.1.15 (KHTML, like Gecko) CriOS/105.0.5195.147 Mobile/15E148 Safari/604.1" "ysfine.com"
44.192.26.60 - - [29/Sep/2022:04:58:01 -0700] "GET /style/songs.html HTTP/1.1" 200 31567 "-" "CCBot/2.0 (https://commoncrawl.org/faq/)" "ysfine.com"
17.121.113.90 - - [29/Sep/2022:04:58:13 -0700] "GET /style/sttop.html HTTP/1.1" 200 367 "https://ysfine.com/style/index.html" "Mozilla/5.0 (Macintosh; Intel Mac OS X 10_15_5) AppleWebKit/605.1.15 (KHTML, like Gecko) Version/13.1.1 Safari/605.1.15 (Applebot/0.1; +http://www.apple.com/go/applebot)" "ysfine.com"
17.121.115.11 - - [29/Sep/2022:04:58:14 -0700] "GET /style/stbot.html HTTP/1.1" 200 122 "https://ysfine.com/style/index.html" "Mozilla/5.0 (Macintosh; Intel Mac OS X 10_15_5) AppleWebKit/605.1.15 (KHTML, like Gecko) Version/13.1.1 Safari/605.1.15 (Applebot/0.1; +http://www.apple.com/go/applebot)" "ysfine.com"
17.121.113.90 - - [29/Sep/2022:04:58:14 -0700] "GET /style/stleft.html HTTP/1.1" 200 548 "https://ysfine.com/style/stbot.html" "Mozilla/5.0 (Macintosh; Intel Mac OS X 10_15_5) AppleWebKit/605.1.15 (KHTML, like Gecko) Version/13.1.1 Safari/605.1.15 (Applebot/0.1; +http://www.apple.com/go/applebot)" "ysfine.com"
17.121.115.11 - - [29/Sep/2022:04:58:15 -0700] "GET /style/strigh.html HTTP/1.1" 200 1459 "https://ysfine.com/style/stbot.html" "Mozilla/5.0 (Macintosh; Intel Mac OS X 10_15_5) AppleWebKit/605.1.15 (KHTML, like Gecko) Version/13.1.1 Safari/605.1.15 (Applebot/0.1; +http://www.apple.com/go/applebot)" "ysfine.com"
44.192.26.60 - - [29/Sep/2022:04:59:08 -0700] "GET /wisdom/korart.html HTTP/1.1" 200 3719 "-" "CCBot/2.0 (https://commoncrawl.org/faq/)" "ysfine.com"
44.192.26.60 - - [29/Sep/2022:04:59:39 -0700] "GET /wisdom/kwk.html HTTP/1.1" 200 5252 "-" "CCBot/2.0 (https://commoncrawl.org/faq/)" "ysfine.com"
44.192.26.60 - - [29/Sep/2022:05:00:13 -0700] "GET /home/bostein.html HTTP/1.1" 200 5521 "-" "CCBot/2.0 (https://commoncrawl.org/faq/)" "ysfine.com"
66.249.70.10 - - [29/Sep/2022:05:00:20 -0700] "GET /sbk/1973kc.jpg HTTP/1.1" 200 108331 "-" "Googlebot-Image/1.0" "www.ysfine.com"
44.192.26.60 - - [29/Sep/2022:05:00:51 -0700] "GET /style/rteleica.html HTTP/1.1" 404 88 "-" "CCBot/2.0 (https://commoncrawl.org/faq/)" "ysfine.com"
157.55.39.127 - - [29/Sep/2022:05:01:33 -0700] "GET /usca/pitt/emblem01.jpg HTTP/1.1" 200 134378 "-" "Mozilla/5.0 (compatible; bingbot/2.0; +http://www.bing.com/bingbot.htm)" "www.ysfine.com"
161.23.20.36 - - [29/Sep/2022:05:01:56 -0700] "GET /maga/phys/naimar/pewk09.jpg HTTP/1.1" 200 54557 "https://www.google.com/" "Mozilla/5.0 (Macintosh; Intel Mac OS X 10_15_7) AppleWebKit/537.36 (KHTML, like Gecko) Chrome/105.0.0.0 Safari/537.36" "ysfine.com"
157.55.39.127 - - [29/Sep/2022:05:02:03 -0700] "GET /dirac/pspace33b.jpg HTTP/1.1" 200 54758 "-" "Mozilla/5.0 (compatible; bingbot/2.0; +http://www.bing.com/bingbot.htm)" "www.ysfine.com"
44.192.26.60 - - [29/Sep/2022:05:02:40 -0700] "GET /kobak/moscowk.html HTTP/1.1" 200 3683 "-" "CCBot/2.0 (https://commoncrawl.org/faq/)" "ysfine.com"
157.55.39.55 - - [29/Sep/2022:05:03:43 -0700] "GET /world/germany/berlin173.jpg HTTP/1.1" 200 261181 "-" "Mozilla/5.0 (compatible; bingbot/2.0; +http://www.bing.com/bingbot.htm)" "www.ysfine.com"
44.228.64.221 - - [29/Sep/2022:05:04:21 -0700] "HEAD /style/artlove.html HTTP/1.1" 200 - "-" "python-requests/2.22.0" "ysfine.com"
44.228.64.221 - - [29/Sep/2022:05:04:22 -0700] "GET /style/artlove.html HTTP/1.1" 200 16005 "-" "python-requests/2.22.0" "ysfine.com"
44.192.26.60 - - [29/Sep/2022:05:04:28 -0700] "GET /wigner/neumann.html HTTP/1.1" 304 - "-" "CCBot/2.0 (https://commoncrawl.org/faq/)" "ysfine.com"
136.158.116.217 - - [29/Sep/2022:05:05:18 -0700] "GET /maga/histo/swedking01.jpg HTTP/1.1" 200 150012 "https://www.bing.com/" "Mozilla/5.0 (Windows NT 10.0; Win64; x64) AppleWebKit/537.36 (KHTML, like Gecko) Chrome/105.0.0.0 Safari/537.36 Edg/105.0.1343.53" "www.ysfine.com"
40.77.167.61 - - [29/Sep/2022:05:05:30 -0700] "GET /princeton/wilspoin.html HTTP/1.1" 200 658 "-" "Mozilla/5.0 (compatible; bingbot/2.0; +http://www.bing.com/bingbot.htm)" "ysfine.com"
44.192.26.60 - - [29/Sep/2022:05:05:37 -0700] "GET /kowar/index.html HTTP/1.1" 304 - "-" "CCBot/2.0 (https://commoncrawl.org/faq/)" "ysfine.com"
44.192.26.60 - - [29/Sep/2022:05:07:19 -0700] "GET /dirac/dirackn33.html HTTP/1.1" 200 438 "-" "CCBot/2.0 (https://commoncrawl.org/faq/)" "ysfine.com"
44.192.26.60 - - [29/Sep/2022:05:08:29 -0700] "GET /world/kiev.html HTTP/1.1" 304 - "-" "CCBot/2.0 (https://commoncrawl.org/faq/)" "ysfine.com"
114.119.128.154 - - [29/Sep/2022:05:08:47 -0700] "GET /class54/class5480/Pictures/4.%C3%AA%C2%B8%C2%B0%C3%AB%C2%85%C2%90%C3%AC%C2%B4%C2%AC%C3%AC%C2%98%C2%81/?C=M%3BO%3DA HTTP/1.1" 200 995 "https://www.ysfine.com/class54/class5480/Pictures/4.%C3%AA%C2%B8%C2%B0%C3%AB%C2%85%C2%90%C3%AC%C2%B4%C2%AC%C3%AC%C2%98%C2%81/?C=S%3BO%3DA" "Mozilla/5.0 (Linux; Android 7.0;) AppleWebKit/537.36 (KHTML, like Gecko) Mobile Safari/537.36 (compatible; PetalBot;+https://webmaster.petalsearch.com/site/petalbot)" "www.ysfine.com"
157.55.39.55 - - [29/Sep/2022:05:08:54 -0700] "GET /feynman/ppic/qboil66.jpg HTTP/1.1" 200 111355 "-" "Mozilla/5.0 (compatible; bingbot/2.0; +http://www.bing.com/bingbot.htm)" "ysfine.com"
179.125.243.211 - - [29/Sep/2022:05:08:59 -0700] "GET /wigner/neum/vnc01.jpg HTTP/1.1" 200 133641 "https://sites.google.com/" "Mozilla/5.0 (Linux; Android 11; SM-M625F) AppleWebKit/537.36 (KHTML, like Gecko) Chrome/106.0.0.0 Mobile Safari/537.36" "ysfine.com"
17.121.115.251 - - [29/Sep/2022:05:09:01 -0700] "GET /ffriends/beau.html HTTP/1.1" 200 14834 "-" "Mozilla/5.0 (Macintosh; Intel Mac OS X 10_15_5) AppleWebKit/605.1.15 (KHTML, like Gecko) Version/13.1.1 Safari/605.1.15 (Applebot/0.1; +http://www.apple.com/go/applebot)" "ysfine.com"
44.192.26.60 - - [29/Sep/2022:05:09:44 -0700] "GET /fbook/fortune22.html HTTP/1.1" 304 - "-" "CCBot/2.0 (https://commoncrawl.org/faq/)" "ysfine.com"
44.192.26.60 - - [29/Sep/2022:05:10:20 -0700] "GET /awards/video22.VOB HTTP/1.1" 304 - "-" "CCBot/2.0 (https://commoncrawl.org/faq/)" "ysfine.com"
207.46.13.102 - - [29/Sep/2022:05:10:21 -0700] "GET /style/swanlake2.jpg HTTP/1.1" 200 28176 "-" "Mozilla/5.0 AppleWebKit/537.36 (KHTML, like Gecko; compatible; bingbot/2.0; +http://www.bing.com/bingbot.htm) Chrome/103.0.5060.134 Safari/537.36" "ysfine.com"
187.25.34.62 - - [29/Sep/2022:05:10:37 -0700] "GET /wigner/neum/vnc01.jpg HTTP/1.1" 200 133641 "-" "Mozilla/5.0 (iPhone; CPU iPhone OS 15_6_1 like Mac OS X) AppleWebKit/605.1.15 (KHTML, like Gecko) Version/15.6.1 Mobile/15E148 Safari/604.1" "ysfine.com"
44.192.26.60 - - [29/Sep/2022:05:10:56 -0700] "GET /kobak/kumipo.html HTTP/1.1" 200 1149 "-" "CCBot/2.0 (https://commoncrawl.org/faq/)" "ysfine.com"
157.55.39.55 - - [29/Sep/2022:05:11:23 -0700] "GET /maga/phys/naimar/poincs33b.jpg HTTP/1.1" 200 65195 "-" "Mozilla/5.0 AppleWebKit/537.36 (KHTML, like Gecko; compatible; bingbot/2.0; +http://www.bing.com/bingbot.htm) Chrome/103.0.5060.134 Safari/537.36" "ysfine.com"
157.55.39.55 - - [29/Sep/2022:05:11:23 -0700] "GET /maga/phil/mao100b.jpg HTTP/1.1" 200 55761 "-" "Mozilla/5.0 (compatible; bingbot/2.0; +http://www.bing.com/bingbot.htm)" "ysfine.com"
157.55.39.55 - - [29/Sep/2022:05:11:24 -0700] "GET /world/china/nanjing04.jpg HTTP/1.1" 200 129583 "-" "Mozilla/5.0 (compatible; bingbot/2.0; +http://www.bing.com/bingbot.htm)" "www.ysfine.com"
44.192.26.60 - - [29/Sep/2022:05:11:29 -0700] "GET /home/optics.html HTTP/1.1" 200 4947 "-" "CCBot/2.0 (https://commoncrawl.org/faq/)" "ysfine.com"
114.119.128.158 - - [29/Sep/2022:05:11:53 -0700] "GET /class54/class5470/total_data/photo_img/6-14.jpg HTTP/1.1" 200 198167 "https://ysfine.com/class54/class5470/total_data/sub_614.htm" "Mozilla/5.0 (Linux; Android 7.0;) AppleWebKit/537.36 (KHTML, like Gecko) Mobile Safari/537.36 (compatible; PetalBot;+https://webmaster.petalsearch.com/site/petalbot)" "ysfine.com"
44.192.26.60 - - [29/Sep/2022:05:12:01 -0700] "GET /home/bio99.html HTTP/1.1" 200 4178 "-" "CCBot/2.0 (https://commoncrawl.org/faq/)" "ysfine.com"
76.249.150.245 - - [29/Sep/2022:05:12:08 -0700] "GET /kowar/mil/sherman43.jpg HTTP/1.1" 404 88 "-" "Mozilla/5.0 (Windows NT 10.0; Win64; x64) AppleWebKit/537.36 (KHTML, like Gecko) Chrome/105.0.0.0 Safari/537.36" "ysfine.com"
69.27.245.22 - - [29/Sep/2022:05:13:01 -0700] "GET /maga/phys/schrod11.jpg HTTP/1.1" 200 107958 "https://www.google.com/" "Mozilla/5.0 (Macintosh; Intel Mac OS X 10_15_7) AppleWebKit/537.36 (KHTML, like Gecko) Chrome/105.0.0.0 Safari/537.36" "ysfine.com"
44.192.26.60 - - [29/Sep/2022:05:13:04 -0700] "GET /heisen/fantova/fantova.html HTTP/1.1" 404 88 "-" "CCBot/2.0 (https://commoncrawl.org/faq/)" "ysfine.com"
157.55.39.58 - - [29/Sep/2022:05:13:21 -0700] "GET /world/hungary/hunstu06.jpg HTTP/1.1" 200 66831 "-" "Mozilla/5.0 (compatible; bingbot/2.0; +http://www.bing.com/bingbot.htm)" "www.ysfine.com"
157.55.39.127 - - [29/Sep/2022:05:13:43 -0700] "GET /people/bender.jpg HTTP/1.1" 200 71257 "-" "Mozilla/5.0 (compatible; bingbot/2.0; +http://www.bing.com/bingbot.htm)" "ysfine.com"
44.192.26.60 - - [29/Sep/2022:05:14:09 -0700] "GET /world/china/dalian.html HTTP/1.1" 200 5040 "-" "CCBot/2.0 (https://commoncrawl.org/faq/)" "ysfine.com"
44.192.26.60 - - [29/Sep/2022:05:14:39 -0700] "GET /einstein/ulm22.html HTTP/1.1" 200 6581 "-" "CCBot/2.0 (https://commoncrawl.org/faq/)" "ysfine.com"
14.198.140.109 - - [29/Sep/2022:05:15:11 -0700] "GET /world/france/champ1216.jpg HTTP/1.1" 200 196639 "https://www.google.com.hk/" "Mozilla/5.0 (iPhone; CPU iPhone OS 15_1_1 like Mac OS X) AppleWebKit/605.1.15 (KHTML, like Gecko) Version/15.1 Mobile/15E148 Safari/604.1" "ysfine.com"
44.192.26.60 - - [29/Sep/2022:05:15:12 -0700] "GET /princeton/brooke.html HTTP/1.1" 304 - "-" "CCBot/2.0 (https://commoncrawl.org/faq/)" "ysfine.com"
157.55.39.55 - - [29/Sep/2022:05:15:34 -0700] "GET /maga/phil/herod11c.jpg HTTP/1.1" 200 76011 "-" "Mozilla/5.0 (compatible; bingbot/2.0; +http://www.bing.com/bingbot.htm)" "ysfine.com"
44.192.26.60 - - [29/Sep/2022:05:15:44 -0700] "GET /philo/keigel.html HTTP/1.1" 200 7368 "-" "CCBot/2.0 (https://commoncrawl.org/faq/)" "ysfine.com"
157.55.39.127 - - [29/Sep/2022:05:16:34 -0700] "GET /world/brit/oxlon26.jpg HTTP/1.1" 200 126010 "-" "Mozilla/5.0 (compatible; bingbot/2.0; +http://www.bing.com/bingbot.htm)" "ysfine.com"
157.55.39.127 - - [29/Sep/2022:05:16:35 -0700] "GET /einstein/eins05c.jpg HTTP/1.1" 200 52461 "-" "Mozilla/5.0 (compatible; bingbot/2.0; +http://www.bing.com/bingbot.htm)" "ysfine.com"
40.77.167.61 - - [29/Sep/2022:05:16:39 -0700] "GET /maga/okun.html HTTP/1.1" 200 883 "-" "Mozilla/5.0 (compatible; bingbot/2.0; +http://www.bing.com/bingbot.htm)" "ysfine.com"
44.192.26.60 - - [29/Sep/2022:05:16:48 -0700] "GET /home/cv/kimcv.pdf HTTP/1.1" 200 26932 "-" "CCBot/2.0 (https://commoncrawl.org/faq/)" "ysfine.com"
44.192.26.60 - - [29/Sep/2022:05:17:52 -0700] "GET /world/polandk.html HTTP/1.1" 200 5993 "-" "CCBot/2.0 (https://commoncrawl.org/faq/)" "ysfine.com"
157.55.39.55 - - [29/Sep/2022:05:18:15 -0700] "GET /maga/bridges.html HTTP/1.1" 200 4741 "-" "Mozilla/5.0 (compatible; bingbot/2.0; +http://www.bing.com/bingbot.htm)" "www.ysfine.com"
44.192.26.60 - - [29/Sep/2022:05:18:24 -0700] "GET /dirac/dirk62.html HTTP/1.1" 304 - "-" "CCBot/2.0 (https://commoncrawl.org/faq/)" "ysfine.com"
62.4.41.232 - - [29/Sep/2022:05:18:53 -0700] "GET /world/brit/cam06.jpg HTTP/1.1" 200 142608 "https://www.google.com/" "Mozilla/5.0 (Macintosh; Intel Mac OS X 10_15_7) AppleWebKit/537.36 (KHTML, like Gecko) Chrome/105.0.0.0 Safari/537.36" "ysfine.com"
44.192.26.60 - - [29/Sep/2022:05:18:56 -0700] "GET /awards/iao.html HTTP/1.1" 200 2748 "-" "CCBot/2.0 (https://commoncrawl.org/faq/)" "ysfine.com"
44.192.26.60 - - [29/Sep/2022:05:19:27 -0700] "GET /wdc/annapolis.html HTTP/1.1" 200 3158 "-" "CCBot/2.0 (https://commoncrawl.org/faq/)" "ysfine.com"
157.55.39.55 - - [29/Sep/2022:05:19:56 -0700] "GET /usca/pitt/westifn02b.jpg HTTP/1.1" 200 58594 "-" "Mozilla/5.0 (compatible; bingbot/2.0; +http://www.bing.com/bingbot.htm)" "www.ysfine.com"
207.46.13.102 - - [29/Sep/2022:05:20:01 -0700] "GET /world/germany/trier23.jpg HTTP/1.1" 200 181766 "-" "Mozilla/5.0 AppleWebKit/537.36 (KHTML, like Gecko; compatible; bingbot/2.0; +http://www.bing.com/bingbot.htm) Chrome/103.0.5060.134 Safari/537.36" "www.ysfine.com"
5.188.210.93 - - [29/Sep/2022:05:20:22 -0700] "GET /world/travel.html HTTP/1.1" 200 5186 "https://www.ysfine.com/world/travel.html" "Mozilla/5.0 (Windows NT 6.3; Win64; x64) AppleWebKit/537.36 (KHTML, like Gecko) Chrome/90.0.4430.72 Safari/537.36 Edg/90.0.818.42" "www.ysfine.com"
5.188.210.93 - - [29/Sep/2022:05:20:23 -0700] "GET / HTTP/1.1" 200 15910 "https://www.ysfine.com/" "Mozilla/5.0 (Windows NT 6.3; Win64; x64) AppleWebKit/537.36 (KHTML, like Gecko) Chrome/90.0.4430.72 Safari/537.36 Edg/90.0.818.42" "www.ysfine.com"
207.46.13.102 - - [29/Sep/2022:05:20:30 -0700] "GET /world/china/beijing055.jpg HTTP/1.1" 200 77577 "-" "Mozilla/5.0 (compatible; bingbot/2.0; +http://www.bing.com/bingbot.htm)" "ysfine.com"
157.55.39.55 - - [29/Sep/2022:05:20:45 -0700] "GET /world/hungary/hundance01.jpg HTTP/1.1" 200 211513 "-" "Mozilla/5.0 (compatible; bingbot/2.0; +http://www.bing.com/bingbot.htm)" "www.ysfine.com"
157.55.39.127 - - [29/Sep/2022:05:20:55 -0700] "GET /world/ital/romef110.jpg HTTP/1.1" 200 138288 "-" "Mozilla/5.0 AppleWebKit/537.36 (KHTML, like Gecko; compatible; bingbot/2.0; +http://www.bing.com/bingbot.htm) Chrome/103.0.5060.134 Safari/537.36" "ysfine.com"
103.171.42.138 - - [29/Sep/2022:05:21:37 -0700] "GET /world/ital/panth01.jpg HTTP/1.1" 200 100632 "https://www.google.com/" "Mozilla/5.0 (iPhone; CPU iPhone OS 16_0_2 like Mac OS X) AppleWebKit/605.1.15 (KHTML, like Gecko) GSA/231.0.475926209 Mobile/20A380 Safari/604.1" "ysfine.com"
157.55.39.58 - - [29/Sep/2022:05:21:44 -0700] "GET /style/kievopera11.jpg HTTP/1.1" 200 46435 "-" "Mozilla/5.0 (compatible; bingbot/2.0; +http://www.bing.com/bingbot.htm)" "ysfine.com"
44.192.26.60 - - [29/Sep/2022:05:21:55 -0700] "GET /world/vienna.html HTTP/1.1" 304 - "-" "CCBot/2.0 (https://commoncrawl.org/faq/)" "ysfine.com"
110.93.150.188 - - [29/Sep/2022:05:22:37 -0700] "GET /home/fotos/kids20f.jpg HTTP/1.1" 200 103189 "-" "Mozilla/5.0 (compatible; Yeti/1.1; +https://naver.me/spd)" "ysfine.com"
157.55.39.128 - - [29/Sep/2022:05:24:16 -0700] "GET /world/israel/jeru64c.jpg HTTP/1.1" 200 44655 "-" "Mozilla/5.0 (compatible; bingbot/2.0; +http://www.bing.com/bingbot.htm)" "ysfine.com"
77.86.45.1 - - [29/Sep/2022:05:25:03 -0700] "GET /wigner/neum/vnc07.jpg HTTP/1.1" 200 95908 "https://www.google.com/" "Mozilla/5.0 (Windows NT 10.0; Win64; x64) AppleWebKit/537.36 (KHTML, like Gecko) Chrome/105.0.0.0 Safari/537.36 Edg/105.0.1343.53" "ysfine.com"
37.170.124.37 - - [29/Sep/2022:05:25:18 -0700] "GET /kobak/rheetr.html HTTP/1.1" 200 838 "https://www.google.fr/" "Mozilla/5.0 (iPhone; CPU iPhone OS 15_5 like Mac OS X) AppleWebKit/605.1.15 (KHTML, like Gecko) Version/15.5 Mobile/15E148 Safari/604.1" "ysfine.com"
173.249.52.189 - - [29/Sep/2022:05:25:24 -0700] "GET /dirac/hwk58.jpg HTTP/1.1" 200 72870 "-" "Mozilla/5.0 (Windows NT 6.2; WOW64; rv:17.0) Gecko/20100101 Firefox/17.0" "www.ysfine.com"
40.77.167.61 - - [29/Sep/2022:05:26:25 -0700] "GET /newyork/wtc.html HTTP/1.1" 200 538 "-" "Mozilla/5.0 (compatible; bingbot/2.0; +http://www.bing.com/bingbot.htm)" "ysfine.com"
207.46.13.102 - - [29/Sep/2022:05:28:01 -0700] "GET /style/musee/ath017.jpg HTTP/1.1" 200 164305 "-" "Mozilla/5.0 (compatible; bingbot/2.0; +http://www.bing.com/bingbot.htm)" "ysfine.com"
114.119.128.14 - - [29/Sep/2022:05:28:17 -0700] "GET /friends/amkor/hillary.html HTTP/1.1" 404 88 "https://ysfine.com/world/kazan.html" "Mozilla/5.0 (Linux; Android 7.0;) AppleWebKit/537.36 (KHTML, like Gecko) Mobile Safari/537.36 (compatible; PetalBot;+https://webmaster.petalsearch.com/site/petalbot)" "ysfine.com"
40.77.167.61 - - [29/Sep/2022:05:28:18 -0700] "GET /home/figs/sp2.jpg HTTP/1.1" 200 80150 "-" "Mozilla/5.0 (compatible; bingbot/2.0; +http://www.bing.com/bingbot.htm)" "www.ysfine.com"
41.221.194.199 - - [29/Sep/2022:05:29:58 -0700] "GET /wigner/neum/vnc01.jpg HTTP/1.1" 200 133641 "https://sites.google.com/" "Mozilla/5.0 (Linux; Android 10; LYA-L29) AppleWebKit/537.36 (KHTML, like Gecko) Chrome/102.0.0.0 Mobile Safari/537.36" "ysfine.com"
157.55.39.55 - - [29/Sep/2022:05:30:05 -0700] "GET /class54/class5470/total_data/sub_719.htm HTTP/1.1" 200 3294 "-" "Mozilla/5.0 (compatible; bingbot/2.0; +http://www.bing.com/bingbot.htm)" "ysfine.com"
40.77.167.27 - - [29/Sep/2022:05:30:56 -0700] "GET /kobak/kimilsong.html HTTP/1.1" 200 2263 "-" "Mozilla/5.0 (compatible; bingbot/2.0; +http://www.bing.com/bingbot.htm)" "ysfine.com"
193.186.4.137 - - [29/Sep/2022:05:31:12 -0700] "GET /einstein/heisenberg.html HTTP/1.1" 200 10552 "-" "Mozilla/5.0 (Linux; Android 10; K) AppleWebKit/537.36 (KHTML, like Gecko) Chrome/105.0.0.0 Mobile Safari/537.36" "ysfine.com"
157.55.39.128 - - [29/Sep/2022:05:32:47 -0700] "GET /sbk/2004nyc33.jpg HTTP/1.1" 200 316055 "-" "Mozilla/5.0 (compatible; bingbot/2.0; +http://www.bing.com/bingbot.htm)" "ysfine.com"
157.55.39.55 - - [29/Sep/2022:05:33:18 -0700] "GET /maga/phil/kant00b.jpg HTTP/1.1" 200 51853 "-" "Mozilla/5.0 (compatible; bingbot/2.0; +http://www.bing.com/bingbot.htm)" "www.ysfine.com"
172.225.216.246 - - [29/Sep/2022:05:34:00 -0700] "GET /dirac/dirheisen31b.jpg HTTP/1.1" 200 39248 "-" "Safari/17614.1.25.9.10 CFNetwork/1335.0.3 Darwin/21.6.0" "ysfine.com"
157.55.39.128 - - [29/Sep/2022:05:34:07 -0700] "GET /princeton/elephant11b.jpg HTTP/1.1" 200 65393 "-" "Mozilla/5.0 (compatible; bingbot/2.0; +http://www.bing.com/bingbot.htm)" "ysfine.com"
40.77.167.27 - - [29/Sep/2022:05:34:25 -0700] "GET /dongio/armenstu01.jpg HTTP/1.1" 404 88 "-" "Mozilla/5.0 (compatible; bingbot/2.0; +http://www.bing.com/bingbot.htm)" "ysfine.com"
157.55.39.127 - - [29/Sep/2022:05:34:30 -0700] "GET /wisdom/quovadis11b.jpg HTTP/1.1" 200 81567 "-" "Mozilla/5.0 (compatible; bingbot/2.0; +http://www.bing.com/bingbot.htm)" "ysfine.com"
157.55.39.55 - - [29/Sep/2022:05:35:17 -0700] "GET /maga/marxphil.html HTTP/1.1" 404 88 "-" "Mozilla/5.0 (compatible; bingbot/2.0; +http://www.bing.com/bingbot.htm)" "ysfine.com"
157.55.39.128 - - [29/Sep/2022:05:35:48 -0700] "GET /wigner/neum/fuld.jpg HTTP/1.1" 200 172715 "-" "Mozilla/5.0 (compatible; bingbot/2.0; +http://www.bing.com/bingbot.htm)" "www.ysfine.com"
81.158.122.200 - - [29/Sep/2022:05:35:58 -0700] "GET /world/brit/etonharrow.html HTTP/1.1" 200 4546 "https://www.google.co.uk/" "Mozilla/5.0 (iPhone; CPU iPhone OS 15_6_1 like Mac OS X) AppleWebKit/605.1.15 (KHTML, like Gecko) Version/15.6.1 Mobile/15E148 Safari/604.1" "ysfine.com"
81.158.122.200 - - [29/Sep/2022:05:35:58 -0700] "GET /world/brit/nehru11b.jpg HTTP/1.1" 200 43052 "https://ysfine.com/world/brit/etonharrow.html" "Mozilla/5.0 (iPhone; CPU iPhone OS 15_6_1 like Mac OS X) AppleWebKit/605.1.15 (KHTML, like Gecko) Version/15.6.1 Mobile/15E148 Safari/604.1" "ysfine.com"
81.158.122.200 - - [29/Sep/2022:05:35:58 -0700] "GET /world/brit/winston01b.jpg HTTP/1.1" 200 38436 "https://ysfine.com/world/brit/etonharrow.html" "Mozilla/5.0 (iPhone; CPU iPhone OS 15_6_1 like Mac OS X) AppleWebKit/605.1.15 (KHTML, like Gecko) Version/15.6.1 Mobile/15E148 Safari/604.1" "ysfine.com"
81.158.122.200 - - [29/Sep/2022:05:35:58 -0700] "GET /kobak/kwk11b.jpg HTTP/1.1" 200 46888 "https://ysfine.com/world/brit/etonharrow.html" "Mozilla/5.0 (iPhone; CPU iPhone OS 15_6_1 like Mac OS X) AppleWebKit/605.1.15 (KHTML, like Gecko) Version/15.6.1 Mobile/15E148 Safari/604.1" "ysfine.com"
81.158.122.200 - - [29/Sep/2022:05:35:58 -0700] "GET /world/brit/eton01b.jpg HTTP/1.1" 200 47771 "https://ysfine.com/world/brit/etonharrow.html" "Mozilla/5.0 (iPhone; CPU iPhone OS 15_6_1 like Mac OS X) AppleWebKit/605.1.15 (KHTML, like Gecko) Version/15.6.1 Mobile/15E148 Safari/604.1" "ysfine.com"
81.158.122.200 - - [29/Sep/2022:05:35:58 -0700] "GET /world/brit/eton02b.jpg HTTP/1.1" 200 39432 "https://ysfine.com/world/brit/etonharrow.html" "Mozilla/5.0 (iPhone; CPU iPhone OS 15_6_1 like Mac OS X) AppleWebKit/605.1.15 (KHTML, like Gecko) Version/15.6.1 Mobile/15E148 Safari/604.1" "ysfine.com"
81.158.122.200 - - [29/Sep/2022:05:35:58 -0700] "GET /world/brit/eton03b.jpg HTTP/1.1" 200 45141 "https://ysfine.com/world/brit/etonharrow.html" "Mozilla/5.0 (iPhone; CPU iPhone OS 15_6_1 like Mac OS X) AppleWebKit/605.1.15 (KHTML, like Gecko) Version/15.6.1 Mobile/15E148 Safari/604.1" "ysfine.com"
81.158.122.200 - - [29/Sep/2022:05:35:58 -0700] "GET /world/brit/harrow12b.jpg HTTP/1.1" 200 45104 "https://ysfine.com/world/brit/etonharrow.html" "Mozilla/5.0 (iPhone; CPU iPhone OS 15_6_1 like Mac OS X) AppleWebKit/605.1.15 (KHTML, like Gecko) Version/15.6.1 Mobile/15E148 Safari/604.1" "ysfine.com"
81.158.122.200 - - [29/Sep/2022:05:35:58 -0700] "GET /world/brit/harrow11b.jpg HTTP/1.1" 200 42533 "https://ysfine.com/world/brit/etonharrow.html" "Mozilla/5.0 (iPhone; CPU iPhone OS 15_6_1 like Mac OS X) AppleWebKit/605.1.15 (KHTML, like Gecko) Version/15.6.1 Mobile/15E148 Safari/604.1" "ysfine.com"
81.158.122.200 - - [29/Sep/2022:05:35:58 -0700] "GET /world/brit/windsor02b.jpg HTTP/1.1" 200 40724 "https://ysfine.com/world/brit/etonharrow.html" "Mozilla/5.0 (iPhone; CPU iPhone OS 15_6_1 like Mac OS X) AppleWebKit/605.1.15 (KHTML, like Gecko) Version/15.6.1 Mobile/15E148 Safari/604.1" "ysfine.com"
81.158.122.200 - - [29/Sep/2022:05:35:58 -0700] "GET /world/brit/harrow04b.jpg HTTP/1.1" 200 48004 "https://ysfine.com/world/brit/etonharrow.html" "Mozilla/5.0 (iPhone; CPU iPhone OS 15_6_1 like Mac OS X) AppleWebKit/605.1.15 (KHTML, like Gecko) Version/15.6.1 Mobile/15E148 Safari/604.1" "ysfine.com"
81.158.122.200 - - [29/Sep/2022:05:35:58 -0700] "GET /world/brit/harrow09b.jpg HTTP/1.1" 200 48797 "https://ysfine.com/world/brit/etonharrow.html" "Mozilla/5.0 (iPhone; CPU iPhone OS 15_6_1 like Mac OS X) AppleWebKit/605.1.15 (KHTML, like Gecko) Version/15.6.1 Mobile/15E148 Safari/604.1" "ysfine.com"
81.158.122.200 - - [29/Sep/2022:05:35:58 -0700] "GET /eink/pwk19c.jpg HTTP/1.1" 200 57759 "https://ysfine.com/world/brit/etonharrow.html" "Mozilla/5.0 (iPhone; CPU iPhone OS 15_6_1 like Mac OS X) AppleWebKit/605.1.15 (KHTML, like Gecko) Version/15.6.1 Mobile/15E148 Safari/604.1" "ysfine.com"
81.158.122.200 - - [29/Sep/2022:05:35:58 -0700] "GET /kobak/taylor33c.jpg HTTP/1.1" 200 39951 "https://ysfine.com/world/brit/etonharrow.html" "Mozilla/5.0 (iPhone; CPU iPhone OS 15_6_1 like Mac OS X) AppleWebKit/605.1.15 (KHTML, like Gecko) Version/15.6.1 Mobile/15E148 Safari/604.1" "ysfine.com"
81.158.122.200 - - [29/Sep/2022:05:35:58 -0700] "GET /world/brit/eton07b.jpg HTTP/1.1" 200 36566 "https://ysfine.com/world/brit/etonharrow.html" "Mozilla/5.0 (iPhone; CPU iPhone OS 15_6_1 like Mac OS X) AppleWebKit/605.1.15 (KHTML, like Gecko) Version/15.6.1 Mobile/15E148 Safari/604.1" "ysfine.com"
81.158.122.200 - - [29/Sep/2022:05:35:58 -0700] "GET /world/brit/harrow01b.jpg HTTP/1.1" 200 54632 "https://ysfine.com/world/brit/etonharrow.html" "Mozilla/5.0 (iPhone; CPU iPhone OS 15_6_1 like Mac OS X) AppleWebKit/605.1.15 (KHTML, like Gecko) Version/15.6.1 Mobile/15E148 Safari/604.1" "ysfine.com"
157.55.39.128 - - [29/Sep/2022:05:35:59 -0700] "GET /einstein/newton.html HTTP/1.1" 200 650 "-" "Mozilla/5.0 (compatible; bingbot/2.0; +http://www.bing.com/bingbot.htm)" "ysfine.com"
81.158.122.200 - - [29/Sep/2022:05:36:00 -0700] "GET /favicon.ico HTTP/1.1" 404 88 "https://ysfine.com/world/brit/etonharrow.html" "Mozilla/5.0 (iPhone; CPU iPhone OS 15_6_1 like Mac OS X) AppleWebKit/605.1.15 (KHTML, like Gecko) Version/15.6.1 Mobile/15E148 Safari/604.1" "ysfine.com"
44.228.64.221 - - [29/Sep/2022:05:36:05 -0700] "HEAD /einstein/further.html HTTP/1.1" 200 - "-" "python-requests/2.22.0" "ysfine.com"
44.228.64.221 - - [29/Sep/2022:05:36:06 -0700] "GET /einstein/further.html HTTP/1.1" 200 4338 "-" "python-requests/2.22.0" "ysfine.com"
66.249.70.8 - - [29/Sep/2022:05:36:25 -0700] "GET /sbk/1983pr88c.jpg HTTP/1.1" 200 39529 "-" "Googlebot-Image/1.0" "www.ysfine.com"
157.55.39.58 - - [29/Sep/2022:05:38:17 -0700] "GET /maga/feynman/fphoto.html HTTP/1.1" 404 88 "-" "Mozilla/5.0 (compatible; bingbot/2.0; +http://www.bing.com/bingbot.htm)" "ysfine.com"
93.158.161.71 - - [29/Sep/2022:05:39:10 -0700] "GET /robots.txt HTTP/1.1" 404 73 "-" "Mozilla/5.0 (compatible; YandexBot/3.0; +http://yandex.com/bots)" "www.ysfine.com"
93.158.161.39 - - [29/Sep/2022:05:39:14 -0700] "GET /archives/proceedings/boston/mankom.html HTTP/1.1" 200 540 "-" "Mozilla/5.0 (compatible; YandexBot/3.0; +http://yandex.com/bots)" "www.ysfine.com"
157.55.39.55 - - [29/Sep/2022:05:39:38 -0700] "GET /maga/phil/hugom11b.jpg HTTP/1.1" 200 47204 "-" "Mozilla/5.0 (compatible; bingbot/2.0; +http://www.bing.com/bingbot.htm)" "ysfine.com"
114.119.128.142 - - [29/Sep/2022:05:39:39 -0700] "GET /yspapers/prl89.pdf HTTP/1.1" 200 304155 "https://www.ysfine.com/awards/index.html" "Mozilla/5.0 (Linux; Android 7.0;) AppleWebKit/537.36 (KHTML, like Gecko) Mobile Safari/537.36 (compatible; PetalBot;+https://webmaster.petalsearch.com/site/petalbot)" "www.ysfine.com"
66.249.70.10 - - [29/Sep/2022:05:40:41 -0700] "GET /sbk/1967cc.jpg HTTP/1.1" 200 143497 "-" "Googlebot-Image/1.0" "www.ysfine.com"
207.46.13.102 - - [29/Sep/2022:05:41:23 -0700] "GET /world/hungary/eoto01b.jpg HTTP/1.1" 200 48989 "-" "Mozilla/5.0 AppleWebKit/537.36 (KHTML, like Gecko; compatible; bingbot/2.0; +http://www.bing.com/bingbot.htm) Chrome/103.0.5060.134 Safari/537.36" "ysfine.com"
207.46.13.102 - - [29/Sep/2022:05:41:24 -0700] "GET /maga/hermite.html HTTP/1.1" 200 4102 "-" "Mozilla/5.0 AppleWebKit/537.36 (KHTML, like Gecko; compatible; bingbot/2.0; +http://www.bing.com/bingbot.htm) Chrome/103.0.5060.134 Safari/537.36" "ysfine.com"
157.55.39.127 - - [29/Sep/2022:05:42:06 -0700] "GET /feynman/chewfrau.html HTTP/1.1" 200 3075 "-" "Mozilla/5.0 (compatible; bingbot/2.0; +http://www.bing.com/bingbot.htm)" "ysfine.com"
114.119.128.14 - - [29/Sep/2022:05:42:07 -0700] "GET /class54/class5470/total_data/photo_img/8-34.jpg HTTP/1.1" 200 235821 "https://ysfine.com/class54/class5470/total_data/sub_834.htm" "Mozilla/5.0 (Linux; Android 7.0;) AppleWebKit/537.36 (KHTML, like Gecko) Mobile Safari/537.36 (compatible; PetalBot;+https://webmaster.petalsearch.com/site/petalbot)" "ysfine.com"
69.194.143.140 - - [29/Sep/2022:05:42:20 -0700] "GET /ads.txt HTTP/1.1" 404 88 "-" "Mozilla/5.0 (Macintosh; Intel Mac OS X 10_15_1) AppleWebKit/537.36 (KHTML, like Gecko) Chrome/84.0.4103.61 Safari/537.37" "ysfine.com"
69.194.143.140 - - [29/Sep/2022:05:42:20 -0700] "GET /ads.txt HTTP/1.1" 404 88 "-" "Mozilla/5.0 (Macintosh; Intel Mac OS X 10_15_1) AppleWebKit/537.36 (KHTML, like Gecko) Chrome/84.0.4103.61 Safari/537.37" "ysfine.com"
40.77.167.27 - - [29/Sep/2022:05:42:26 -0700] "GET /maga/phys/boltz11b.jpg HTTP/1.1" 200 33536 "-" "Mozilla/5.0 (compatible; bingbot/2.0; +http://www.bing.com/bingbot.htm)" "ysfine.com"
157.55.39.128 - - [29/Sep/2022:05:42:32 -0700] "GET /world/france/nice123.jpg HTTP/1.1" 200 61254 "-" "Mozilla/5.0 (compatible; bingbot/2.0; +http://www.bing.com/bingbot.htm)" "ysfine.com"
81.158.122.200 - - [29/Sep/2022:05:42:40 -0700] "GET /world/brit/eton07.jpg HTTP/1.1" 200 83284 "https://ysfine.com/world/brit/etonharrow.html" "Mozilla/5.0 (iPhone; CPU iPhone OS 15_6_1 like Mac OS X) AppleWebKit/605.1.15 (KHTML, like Gecko) Version/15.6.1 Mobile/15E148 Safari/604.1" "ysfine.com"
76.10.8.24 - - [29/Sep/2022:05:43:37 -0700] "GET /feynman/feykant.html HTTP/1.1" 200 3350 "https://www.google.com/" "Mozilla/5.0 (Windows NT 10.0; Win64; x64) AppleWebKit/537.36 (KHTML, like Gecko) Chrome/105.0.0.0 Safari/537.36" "ysfine.com"
76.10.8.24 - - [29/Sep/2022:05:43:37 -0700] "GET /dirac/sq66.jpg HTTP/1.1" 200 33459 "https://ysfine.com/feynman/feykant.html" "Mozilla/5.0 (Windows NT 10.0; Win64; x64) AppleWebKit/537.36 (KHTML, like Gecko) Chrome/105.0.0.0 Safari/537.36" "ysfine.com"
76.10.8.24 - - [29/Sep/2022:05:43:37 -0700] "GET /feynman/fb18b.jpg HTTP/1.1" 200 42922 "https://ysfine.com/feynman/feykant.html" "Mozilla/5.0 (Windows NT 10.0; Win64; x64) AppleWebKit/537.36 (KHTML, like Gecko) Chrome/105.0.0.0 Safari/537.36" "ysfine.com"
76.10.8.24 - - [29/Sep/2022:05:43:38 -0700] "GET /favicon.ico HTTP/1.1" 404 88 "https://ysfine.com/feynman/feykant.html" "Mozilla/5.0 (Windows NT 10.0; Win64; x64) AppleWebKit/537.36 (KHTML, like Gecko) Chrome/105.0.0.0 Safari/537.36" "ysfine.com"
81.158.122.200 - - [29/Sep/2022:05:43:48 -0700] "GET /world/brit/windsor02.jpg HTTP/1.1" 200 113651 "-" "Mozilla/5.0 (iPhone; CPU iPhone OS 15_6_1 like Mac OS X) AppleWebKit/605.1.15 (KHTML, like Gecko) Version/15.6.1 Mobile/15E148 Safari/604.1" "ysfine.com"
207.46.13.102 - - [29/Sep/2022:05:43:53 -0700] "GET /einstein/eincopen.html HTTP/1.1" 200 6900 "-" "Mozilla/5.0 AppleWebKit/537.36 (KHTML, like Gecko; compatible; bingbot/2.0; +http://www.bing.com/bingbot.htm) Chrome/103.0.5060.134 Safari/537.36" "ysfine.com"
115.64.140.51 - - [29/Sep/2022:05:45:22 -0700] "GET /maga/phys/heisen22.jpg HTTP/1.1" 200 82807 "https://au.images.search.yahoo.com/search/images;_ylt=AwrOuxpakzVjOVUFuAsL5gt.;_ylu=Y29sbwNncTEEcG9zAzEEdnRpZAMEc2VjA3BpdnM-?p=heisenberg&fr2=piv-web&type=E210AU91214G0&fr=mcafee" "Mozilla/5.0 (Windows NT 10.0; Win64; x64) AppleWebKit/537.36 (KHTML, like Gecko) Chrome/105.0.0.0 Safari/537.36" "ysfine.com"
157.55.39.55 - - [29/Sep/2022:05:45:27 -0700] "GET /world/brit/britmu30.jpg HTTP/1.1" 200 93611 "-" "Mozilla/5.0 (compatible; bingbot/2.0; +http://www.bing.com/bingbot.htm)" "ysfine.com"
17.121.115.212 - - [29/Sep/2022:05:45:29 -0700] "GET /home/optics.html HTTP/1.1" 200 4947 "-" "Mozilla/5.0 (Macintosh; Intel Mac OS X 10_15_5) AppleWebKit/605.1.15 (KHTML, like Gecko) Version/13.1.1 Safari/605.1.15 (Applebot/0.1; +http://www.apple.com/go/applebot)" "ysfine.com"
157.55.39.128 - - [29/Sep/2022:05:45:49 -0700] "GET /world/france/nice131.jpg HTTP/1.1" 200 133830 "-" "Mozilla/5.0 (compatible; bingbot/2.0; +http://www.bing.com/bingbot.htm)" "ysfine.com"
157.55.39.55 - - [29/Sep/2022:05:45:57 -0700] "GET /friends/russif.html HTTP/1.1" 404 88 "-" "Mozilla/5.0 AppleWebKit/537.36 (KHTML, like Gecko; compatible; bingbot/2.0; +http://www.bing.com/bingbot.htm) Chrome/103.0.5060.134 Safari/537.36" "ysfine.com"
40.77.167.27 - - [29/Sep/2022:05:46:01 -0700] "GET /newyork/hilton01.jpg HTTP/1.1" 200 97778 "-" "Mozilla/5.0 (compatible; bingbot/2.0; +http://www.bing.com/bingbot.htm)" "ysfine.com"
46.161.27.155 - - [29/Sep/2022:05:46:31 -0700] "GET /wp-login.php HTTP/1.1" 404 88 "http://ysfine.com/wp-login.php" "Mozilla/5.0 (Windows NT 10.0; Win64; x64) AppleWebKit/537.36 (KHTML, like Gecko) Chrome/64.0.3282.140 Safari/537.36 Edge/18.17763" "ysfine.com"
157.55.39.127 - - [29/Sep/2022:05:46:36 -0700] "GET /style/verdi11b.jpg HTTP/1.1" 200 40111 "-" "Mozilla/5.0 (compatible; bingbot/2.0; +http://www.bing.com/bingbot.htm)" "ysfine.com"
107.77.204.198 - - [29/Sep/2022:05:47:13 -0700] "GET /princeton/nasshall01.jpg HTTP/1.1" 200 169242 "https://www.google.com/" "Mozilla/5.0 (iPhone; CPU iPhone OS 16_0 like Mac OS X) AppleWebKit/605.1.15 (KHTML, like Gecko) Version/16.0 Mobile/15E148 Safari/604.1" "ysfine.com"
114.119.128.14 - - [29/Sep/2022:05:47:24 -0700] "GET /archives/proceedings/boston/ford.html HTTP/1.1" 200 666 "https://ysfine.com/archives/proceedings/boston/papers.html" "Mozilla/5.0 (Linux; Android 7.0;) AppleWebKit/537.36 (KHTML, like Gecko) Mobile Safari/537.36 (compatible; PetalBot;+https://webmaster.petalsearch.com/site/petalbot)" "ysfine.com"
157.55.39.55 - - [29/Sep/2022:05:47:47 -0700] "GET /world/ital/bologu15.jpg HTTP/1.1" 200 189843 "-" "Mozilla/5.0 AppleWebKit/537.36 (KHTML, like Gecko; compatible; bingbot/2.0; +http://www.bing.com/bingbot.htm) Chrome/103.0.5060.134 Safari/537.36" "ysfine.com"
157.55.39.127 - - [29/Sep/2022:05:47:57 -0700] "GET /world/poland/jablo15.jpg HTTP/1.1" 200 70254 "-" "Mozilla/5.0 (compatible; bingbot/2.0; +http://www.bing.com/bingbot.htm)" "ysfine.com"
157.55.39.55 - - [29/Sep/2022:05:48:08 -0700] "GET /world/brit/harrow04.jpg HTTP/1.1" 200 118660 "-" "Mozilla/5.0 AppleWebKit/537.36 (KHTML, like Gecko; compatible; bingbot/2.0; +http://www.bing.com/bingbot.htm) Chrome/103.0.5060.134 Safari/537.36" "ysfine.com"
207.46.13.102 - - [29/Sep/2022:05:48:23 -0700] "GET /maga/phys/schrod03b.jpg HTTP/1.1" 200 59475 "-" "Mozilla/5.0 (compatible; bingbot/2.0; +http://www.bing.com/bingbot.htm)" "ysfine.com"
116.240.39.159 - - [29/Sep/2022:05:50:22 -0700] "GET /world/china/dalian81.jpg HTTP/1.1" 200 128563 "https://www.google.com.au/" "Mozilla/5.0 (Macintosh; Intel Mac OS X 10_15_6) AppleWebKit/605.1.15 (KHTML, like Gecko) Version/15.6.1 Safari/605.1.15" "ysfine.com"
108.7.207.232 - - [29/Sep/2022:05:50:46 -0700] "GET /world/japan/nara005.jpg HTTP/1.1" 200 144132 "https://www.gay-fetish-xxx.com/boys-shower-junior-high.html" "Mozilla/5.0 (Windows NT 6.1; Win64; x64) AppleWebKit/537.36 (KHTML, like Gecko) Chrome/63.0.3239.132 Safari/537.36" "ysfine.com"
157.55.39.128 - - [29/Sep/2022:05:51:29 -0700] "GET /world/china/china041.jpg HTTP/1.1" 200 73260 "-" "Mozilla/5.0 (compatible; bingbot/2.0; +http://www.bing.com/bingbot.htm)" "ysfine.com"
