109.158.20.86 - - [26/Sep/2022:14:27:25 -0700] "GET /favicon.ico HTTP/1.1" 404 88 "https://ysfine.com/world/brit/etonharrow.html" "Mozilla/5.0 (iPhone; CPU iPhone OS 15_6_1 like Mac OS X) AppleWebKit/605.1.15 (KHTML, like Gecko) Version/15.6.1 Mobile/15E148 Safari/604.1" "ysfine.com"
92.15.217.117 - - [26/Sep/2022:14:27:34 -0700] "GET /world/brit/etonharrow.html HTTP/1.1" 200 4546 "https://www.google.co.uk/" "Mozilla/5.0 (iPhone; CPU iPhone OS 15_6_1 like Mac OS X) AppleWebKit/605.1.15 (KHTML, like Gecko) Version/15.6.1 Mobile/15E148 Safari/604.1" "ysfine.com"
92.15.217.117 - - [26/Sep/2022:14:27:34 -0700] "GET /world/brit/winston01b.jpg HTTP/1.1" 200 38436 "https://ysfine.com/world/brit/etonharrow.html" "Mozilla/5.0 (iPhone; CPU iPhone OS 15_6_1 like Mac OS X) AppleWebKit/605.1.15 (KHTML, like Gecko) Version/15.6.1 Mobile/15E148 Safari/604.1" "ysfine.com"
92.15.217.117 - - [26/Sep/2022:14:27:34 -0700] "GET /world/brit/nehru11b.jpg HTTP/1.1" 200 43052 "https://ysfine.com/world/brit/etonharrow.html" "Mozilla/5.0 (iPhone; CPU iPhone OS 15_6_1 like Mac OS X) AppleWebKit/605.1.15 (KHTML, like Gecko) Version/15.6.1 Mobile/15E148 Safari/604.1" "ysfine.com"
92.15.217.117 - - [26/Sep/2022:14:27:35 -0700] "GET /kobak/kwk11b.jpg HTTP/1.1" 200 46888 "https://ysfine.com/world/brit/etonharrow.html" "Mozilla/5.0 (iPhone; CPU iPhone OS 15_6_1 like Mac OS X) AppleWebKit/605.1.15 (KHTML, like Gecko) Version/15.6.1 Mobile/15E148 Safari/604.1" "ysfine.com"
92.15.217.117 - - [26/Sep/2022:14:27:35 -0700] "GET /world/brit/eton01b.jpg HTTP/1.1" 200 47771 "https://ysfine.com/world/brit/etonharrow.html" "Mozilla/5.0 (iPhone; CPU iPhone OS 15_6_1 like Mac OS X) AppleWebKit/605.1.15 (KHTML, like Gecko) Version/15.6.1 Mobile/15E148 Safari/604.1" "ysfine.com"
92.15.217.117 - - [26/Sep/2022:14:27:35 -0700] "GET /world/brit/eton02b.jpg HTTP/1.1" 200 39432 "https://ysfine.com/world/brit/etonharrow.html" "Mozilla/5.0 (iPhone; CPU iPhone OS 15_6_1 like Mac OS X) AppleWebKit/605.1.15 (KHTML, like Gecko) Version/15.6.1 Mobile/15E148 Safari/604.1" "ysfine.com"
92.15.217.117 - - [26/Sep/2022:14:27:35 -0700] "GET /kobak/taylor33c.jpg HTTP/1.1" 200 39951 "https://ysfine.com/world/brit/etonharrow.html" "Mozilla/5.0 (iPhone; CPU iPhone OS 15_6_1 like Mac OS X) AppleWebKit/605.1.15 (KHTML, like Gecko) Version/15.6.1 Mobile/15E148 Safari/604.1" "ysfine.com"
92.15.217.117 - - [26/Sep/2022:14:27:35 -0700] "GET /world/brit/eton03b.jpg HTTP/1.1" 200 45141 "https://ysfine.com/world/brit/etonharrow.html" "Mozilla/5.0 (iPhone; CPU iPhone OS 15_6_1 like Mac OS X) AppleWebKit/605.1.15 (KHTML, like Gecko) Version/15.6.1 Mobile/15E148 Safari/604.1" "ysfine.com"
92.15.217.117 - - [26/Sep/2022:14:27:35 -0700] "GET /world/brit/harrow09b.jpg HTTP/1.1" 200 48797 "https://ysfine.com/world/brit/etonharrow.html" "Mozilla/5.0 (iPhone; CPU iPhone OS 15_6_1 like Mac OS X) AppleWebKit/605.1.15 (KHTML, like Gecko) Version/15.6.1 Mobile/15E148 Safari/604.1" "ysfine.com"
92.15.217.117 - - [26/Sep/2022:14:27:35 -0700] "GET /world/brit/harrow04b.jpg HTTP/1.1" 200 48004 "https://ysfine.com/world/brit/etonharrow.html" "Mozilla/5.0 (iPhone; CPU iPhone OS 15_6_1 like Mac OS X) AppleWebKit/605.1.15 (KHTML, like Gecko) Version/15.6.1 Mobile/15E148 Safari/604.1" "ysfine.com"
92.15.217.117 - - [26/Sep/2022:14:27:35 -0700] "GET /world/brit/harrow01b.jpg HTTP/1.1" 200 54632 "https://ysfine.com/world/brit/etonharrow.html" "Mozilla/5.0 (iPhone; CPU iPhone OS 15_6_1 like Mac OS X) AppleWebKit/605.1.15 (KHTML, like Gecko) Version/15.6.1 Mobile/15E148 Safari/604.1" "ysfine.com"
92.15.217.117 - - [26/Sep/2022:14:27:35 -0700] "GET /world/brit/harrow11b.jpg HTTP/1.1" 200 42533 "https://ysfine.com/world/brit/etonharrow.html" "Mozilla/5.0 (iPhone; CPU iPhone OS 15_6_1 like Mac OS X) AppleWebKit/605.1.15 (KHTML, like Gecko) Version/15.6.1 Mobile/15E148 Safari/604.1" "ysfine.com"
92.15.217.117 - - [26/Sep/2022:14:27:35 -0700] "GET /eink/pwk19c.jpg HTTP/1.1" 200 57759 "https://ysfine.com/world/brit/etonharrow.html" "Mozilla/5.0 (iPhone; CPU iPhone OS 15_6_1 like Mac OS X) AppleWebKit/605.1.15 (KHTML, like Gecko) Version/15.6.1 Mobile/15E148 Safari/604.1" "ysfine.com"
92.15.217.117 - - [26/Sep/2022:14:27:35 -0700] "GET /world/brit/harrow12b.jpg HTTP/1.1" 200 45104 "https://ysfine.com/world/brit/etonharrow.html" "Mozilla/5.0 (iPhone; CPU iPhone OS 15_6_1 like Mac OS X) AppleWebKit/605.1.15 (KHTML, like Gecko) Version/15.6.1 Mobile/15E148 Safari/604.1" "ysfine.com"
92.15.217.117 - - [26/Sep/2022:14:27:35 -0700] "GET /world/brit/eton07b.jpg HTTP/1.1" 200 36566 "https://ysfine.com/world/brit/etonharrow.html" "Mozilla/5.0 (iPhone; CPU iPhone OS 15_6_1 like Mac OS X) AppleWebKit/605.1.15 (KHTML, like Gecko) Version/15.6.1 Mobile/15E148 Safari/604.1" "ysfine.com"
92.15.217.117 - - [26/Sep/2022:14:27:35 -0700] "GET /world/brit/windsor02b.jpg HTTP/1.1" 200 40724 "https://ysfine.com/world/brit/etonharrow.html" "Mozilla/5.0 (iPhone; CPU iPhone OS 15_6_1 like Mac OS X) AppleWebKit/605.1.15 (KHTML, like Gecko) Version/15.6.1 Mobile/15E148 Safari/604.1" "ysfine.com"
92.15.217.117 - - [26/Sep/2022:14:27:36 -0700] "GET /favicon.ico HTTP/1.1" 404 88 "https://ysfine.com/world/brit/etonharrow.html" "Mozilla/5.0 (iPhone; CPU iPhone OS 15_6_1 like Mac OS X) AppleWebKit/605.1.15 (KHTML, like Gecko) Version/15.6.1 Mobile/15E148 Safari/604.1" "ysfine.com"
114.119.128.142 - - [26/Sep/2022:14:28:00 -0700] "GET /class54/class5470/total_data/photo_img/1-3.jpg HTTP/1.1" 200 203748 "https://ysfine.com/class54/class5470/total_data/sub_103.htm" "Mozilla/5.0 (Linux; Android 7.0;) AppleWebKit/537.36 (KHTML, like Gecko) Mobile Safari/537.36 (compatible; PetalBot;+https://webmaster.petalsearch.com/site/petalbot)" "ysfine.com"
157.55.39.55 - - [26/Sep/2022:14:28:17 -0700] "GET /einstein/eingali.html HTTP/1.1" 200 2762 "-" "Mozilla/5.0 (compatible; bingbot/2.0; +http://www.bing.com/bingbot.htm)" "ysfine.com"
40.77.167.61 - - [26/Sep/2022:14:29:02 -0700] "GET /maga/invent/marconi03.jpg HTTP/1.1" 200 152837 "-" "Mozilla/5.0 (compatible; bingbot/2.0; +http://www.bing.com/bingbot.htm)" "ysfine.com"
165.73.133.30 - - [26/Sep/2022:14:29:49 -0700] "GET /heisen/heisenberg.html HTTP/1.1" 200 10535 "-" "Mozilla/5.0 (Linux; Android 11; SM-A032F Build/RP1A.201005.001) AppleWebKit/537.36 (KHTML, like Gecko) Chrome/103.0.5060.129 Mobile Safari/537.36" "ysfine.com"
165.73.133.30 - - [26/Sep/2022:14:29:50 -0700] "GET /heisen/heisen66c.jpg HTTP/1.1" 200 43543 "https://ysfine.com/heisen/heisenberg.html" "Mozilla/5.0 (Linux; Android 11; SM-A032F Build/RP1A.201005.001) AppleWebKit/537.36 (KHTML, like Gecko) Chrome/103.0.5060.129 Mobile Safari/537.36" "ysfine.com"
165.73.133.30 - - [26/Sep/2022:14:29:50 -0700] "GET /wigner/wigheis11c.jpg HTTP/1.1" 200 41279 "https://ysfine.com/heisen/heisenberg.html" "Mozilla/5.0 (Linux; Android 11; SM-A032F Build/RP1A.201005.001) AppleWebKit/537.36 (KHTML, like Gecko) Chrome/103.0.5060.129 Mobile Safari/537.36" "ysfine.com"
165.73.133.30 - - [26/Sep/2022:14:29:50 -0700] "GET /heisen/bohrheisen11c.jpg HTTP/1.1" 200 41289 "https://ysfine.com/heisen/heisenberg.html" "Mozilla/5.0 (Linux; Android 11; SM-A032F Build/RP1A.201005.001) AppleWebKit/537.36 (KHTML, like Gecko) Chrome/103.0.5060.129 Mobile Safari/537.36" "ysfine.com"
165.73.133.30 - - [26/Sep/2022:14:29:50 -0700] "GET /heisen/schroheisen33c.jpg HTTP/1.1" 200 47347 "https://ysfine.com/heisen/heisenberg.html" "Mozilla/5.0 (Linux; Android 11; SM-A032F Build/RP1A.201005.001) AppleWebKit/537.36 (KHTML, like Gecko) Chrome/103.0.5060.129 Mobile Safari/537.36" "ysfine.com"
165.73.133.30 - - [26/Sep/2022:14:29:50 -0700] "GET /einstein/einhouse11c.jpg HTTP/1.1" 200 32610 "https://ysfine.com/heisen/heisenberg.html" "Mozilla/5.0 (Linux; Android 11; SM-A032F Build/RP1A.201005.001) AppleWebKit/537.36 (KHTML, like Gecko) Chrome/103.0.5060.129 Mobile Safari/537.36" "ysfine.com"
165.73.133.30 - - [26/Sep/2022:14:29:50 -0700] "GET /heisen/heisen22c.jpg HTTP/1.1" 200 33300 "https://ysfine.com/heisen/heisenberg.html" "Mozilla/5.0 (Linux; Android 11; SM-A032F Build/RP1A.201005.001) AppleWebKit/537.36 (KHTML, like Gecko) Chrome/103.0.5060.129 Mobile Safari/537.36" "ysfine.com"
165.73.133.30 - - [26/Sep/2022:14:29:50 -0700] "GET /einstein/fantova/fanto11c.jpg HTTP/1.1" 200 48308 "https://ysfine.com/heisen/heisenberg.html" "Mozilla/5.0 (Linux; Android 11; SM-A032F Build/RP1A.201005.001) AppleWebKit/537.36 (KHTML, like Gecko) Chrome/103.0.5060.129 Mobile Safari/537.36" "ysfine.com"
165.73.133.30 - - [26/Sep/2022:14:29:50 -0700] "GET /einstein/tsepa11c.jpg HTTP/1.1" 200 28691 "https://ysfine.com/heisen/heisenberg.html" "Mozilla/5.0 (Linux; Android 11; SM-A032F Build/RP1A.201005.001) AppleWebKit/537.36 (KHTML, like Gecko) Chrome/103.0.5060.129 Mobile Safari/537.36" "ysfine.com"
165.73.133.30 - - [26/Sep/2022:14:29:54 -0700] "GET /einstein/einbohr33c.jpg HTTP/1.1" 200 36410 "https://ysfine.com/heisen/heisenberg.html" "Mozilla/5.0 (Linux; Android 11; SM-A032F Build/RP1A.201005.001) AppleWebKit/537.36 (KHTML, like Gecko) Chrome/103.0.5060.129 Mobile Safari/537.36" "ysfine.com"
165.73.133.30 - - [26/Sep/2022:14:29:54 -0700] "GET /wigner/wighome11c.jpg HTTP/1.1" 200 45648 "https://ysfine.com/heisen/heisenberg.html" "Mozilla/5.0 (Linux; Android 11; SM-A032F Build/RP1A.201005.001) AppleWebKit/537.36 (KHTML, like Gecko) Chrome/103.0.5060.129 Mobile Safari/537.36" "ysfine.com"
165.73.133.30 - - [26/Sep/2022:14:29:54 -0700] "GET /heisen/texfiles/einheis01.jpg HTTP/1.1" 200 32462 "https://ysfine.com/heisen/heisenberg.html" "Mozilla/5.0 (Linux; Android 11; SM-A032F Build/RP1A.201005.001) AppleWebKit/537.36 (KHTML, like Gecko) Chrome/103.0.5060.129 Mobile Safari/537.36" "ysfine.com"
165.73.133.30 - - [26/Sep/2022:14:29:54 -0700] "GET /heisen/texfiles/einheis02.jpg HTTP/1.1" 200 27711 "https://ysfine.com/heisen/heisenberg.html" "Mozilla/5.0 (Linux; Android 11; SM-A032F Build/RP1A.201005.001) AppleWebKit/537.36 (KHTML, like Gecko) Chrome/103.0.5060.129 Mobile Safari/537.36" "ysfine.com"
165.73.133.30 - - [26/Sep/2022:14:29:54 -0700] "GET /heisen/texfiles/einheis03.jpg HTTP/1.1" 200 46000 "https://ysfine.com/heisen/heisenberg.html" "Mozilla/5.0 (Linux; Android 11; SM-A032F Build/RP1A.201005.001) AppleWebKit/537.36 (KHTML, like Gecko) Chrome/103.0.5060.129 Mobile Safari/537.36" "ysfine.com"
165.73.133.30 - - [26/Sep/2022:14:29:54 -0700] "GET /heisen/texfiles/einheis05.jpg HTTP/1.1" 200 31787 "https://ysfine.com/heisen/heisenberg.html" "Mozilla/5.0 (Linux; Android 11; SM-A032F Build/RP1A.201005.001) AppleWebKit/537.36 (KHTML, like Gecko) Chrome/103.0.5060.129 Mobile Safari/537.36" "ysfine.com"
165.73.133.30 - - [26/Sep/2022:14:29:54 -0700] "GET /maga/phys/yukadirac53c.jpg HTTP/1.1" 200 40447 "https://ysfine.com/heisen/heisenberg.html" "Mozilla/5.0 (Linux; Android 11; SM-A032F Build/RP1A.201005.001) AppleWebKit/537.36 (KHTML, like Gecko) Chrome/103.0.5060.129 Mobile Safari/537.36" "ysfine.com"
165.73.133.30 - - [26/Sep/2022:14:29:54 -0700] "GET /feynman/ppic/parton88a.jpg HTTP/1.1" 200 55506 "https://ysfine.com/heisen/heisenberg.html" "Mozilla/5.0 (Linux; Android 11; SM-A032F Build/RP1A.201005.001) AppleWebKit/537.36 (KHTML, like Gecko) Chrome/103.0.5060.129 Mobile Safari/537.36" "ysfine.com"
165.73.133.30 - - [26/Sep/2022:14:29:55 -0700] "GET /wigner/wigkim11c.jpg HTTP/1.1" 200 30443 "https://ysfine.com/heisen/heisenberg.html" "Mozilla/5.0 (Linux; Android 11; SM-A032F Build/RP1A.201005.001) AppleWebKit/537.36 (KHTML, like Gecko) Chrome/103.0.5060.129 Mobile Safari/537.36" "ysfine.com"
165.73.133.30 - - [26/Sep/2022:14:29:55 -0700] "GET /dirac/dirheisen31c.jpg HTTP/1.1" 200 43569 "https://ysfine.com/heisen/heisenberg.html" "Mozilla/5.0 (Linux; Android 11; SM-A032F Build/RP1A.201005.001) AppleWebKit/537.36 (KHTML, like Gecko) Chrome/103.0.5060.129 Mobile Safari/537.36" "ysfine.com"
165.73.133.30 - - [26/Sep/2022:14:29:55 -0700] "GET /einstein/math/sp2c.jpg HTTP/1.1" 200 29719 "https://ysfine.com/heisen/heisenberg.html" "Mozilla/5.0 (Linux; Android 11; SM-A032F Build/RP1A.201005.001) AppleWebKit/537.36 (KHTML, like Gecko) Chrome/103.0.5060.129 Mobile Safari/537.36" "ysfine.com"
165.73.133.30 - - [26/Sep/2022:14:29:55 -0700] "GET /dirac/2osc22c.jpg HTTP/1.1" 200 28929 "https://ysfine.com/heisen/heisenberg.html" "Mozilla/5.0 (Linux; Android 11; SM-A032F Build/RP1A.201005.001) AppleWebKit/537.36 (KHTML, like Gecko) Chrome/103.0.5060.129 Mobile Safari/537.36" "ysfine.com"
165.73.133.30 - - [26/Sep/2022:14:29:55 -0700] "GET /dirac/o32c.jpg HTTP/1.1" 200 30707 "https://ysfine.com/heisen/heisenberg.html" "Mozilla/5.0 (Linux; Android 11; SM-A032F Build/RP1A.201005.001) AppleWebKit/537.36 (KHTML, like Gecko) Chrome/103.0.5060.129 Mobile Safari/537.36" "ysfine.com"
165.73.133.30 - - [26/Sep/2022:14:29:56 -0700] "GET /dirac/o32inho22c.jpg HTTP/1.1" 200 33038 "https://ysfine.com/heisen/heisenberg.html" "Mozilla/5.0 (Linux; Android 11; SM-A032F Build/RP1A.201005.001) AppleWebKit/537.36 (KHTML, like Gecko) Chrome/103.0.5060.129 Mobile Safari/537.36" "ysfine.com"
165.73.133.30 - - [26/Sep/2022:14:29:56 -0700] "GET /eink/pwk19c.jpg HTTP/1.1" 200 57759 "https://ysfine.com/heisen/heisenberg.html" "Mozilla/5.0 (Linux; Android 11; SM-A032F Build/RP1A.201005.001) AppleWebKit/537.36 (KHTML, like Gecko) Chrome/103.0.5060.129 Mobile Safari/537.36" "ysfine.com"
165.73.133.30 - - [26/Sep/2022:14:29:56 -0700] "GET /home/figs/sq55c.jpg HTTP/1.1" 200 29581 "https://ysfine.com/heisen/heisenberg.html" "Mozilla/5.0 (Linux; Android 11; SM-A032F Build/RP1A.201005.001) AppleWebKit/537.36 (KHTML, like Gecko) Chrome/103.0.5060.129 Mobile Safari/537.36" "ysfine.com"
165.73.133.30 - - [26/Sep/2022:14:29:57 -0700] "GET /favicon.ico HTTP/1.1" 404 88 "https://ysfine.com/heisen/heisenberg.html" "Mozilla/5.0 (Linux; Android 11; SM-A032F Build/RP1A.201005.001) AppleWebKit/537.36 (KHTML, like Gecko) Chrome/103.0.5060.129 Mobile Safari/537.36" "ysfine.com"
207.46.13.180 - - [26/Sep/2022:14:30:29 -0700] "GET /world/russ/mosriver01.jpg HTTP/1.1" 200 185511 "-" "Mozilla/5.0 (compatible; bingbot/2.0; +http://www.bing.com/bingbot.htm)" "www.ysfine.com"
157.55.39.55 - - [26/Sep/2022:14:31:08 -0700] "GET /wdc/nga06.jpg HTTP/1.1" 200 85089 "-" "Mozilla/5.0 AppleWebKit/537.36 (KHTML, like Gecko; compatible; bingbot/2.0; +http://www.bing.com/bingbot.htm) Chrome/103.0.5060.134 Safari/537.36" "www.ysfine.com"
114.119.128.162 - - [26/Sep/2022:14:31:23 -0700] "GET /class54/class5470/total_data/photo_img/2-97.jpg HTTP/1.1" 200 163391 "https://ysfine.com/class54/class5470/total_data/sub_297.htm" "Mozilla/5.0 (Linux; Android 7.0;) AppleWebKit/537.36 (KHTML, like Gecko) Mobile Safari/537.36 (compatible; PetalBot;+https://webmaster.petalsearch.com/site/petalbot)" "ysfine.com"
51.222.253.1 - - [26/Sep/2022:14:31:29 -0700] "GET /class54/class5470/total_data/sub_8146.htm HTTP/1.1" 200 3519 "-" "Mozilla/5.0 (compatible; AhrefsBot/7.0; +http://ahrefs.com/robot/)" "ysfine.com"
51.222.253.8 - - [26/Sep/2022:14:31:32 -0700] "GET /class54/class5470/total_data/photo_img/8-146.jpg HTTP/1.1" 200 217746 "-" "Mozilla/5.0 (compatible; AhrefsBot/7.0; +http://ahrefs.com/robot/)" "ysfine.com"
72.14.201.75 - - [26/Sep/2022:14:31:39 -0700] "GET /world/brit/etonharrow.html HTTP/1.1" 200 4546 "-" "Mozilla/5.0 (Linux; Android 10; K) AppleWebKit/537.36 (KHTML, like Gecko) Chrome/105.0.0.0 Mobile Safari/537.36" "ysfine.com"
185.191.171.10 - - [26/Sep/2022:14:32:29 -0700] "GET /home/harmoarchi.html HTTP/1.1" 200 3686 "-" "Mozilla/5.0 (compatible; SemrushBot/7~bl; +http://www.semrush.com/bot.html)" "ysfine.com"
157.55.39.55 - - [26/Sep/2022:14:32:58 -0700] "GET /world/baltic/kalin05.jpg HTTP/1.1" 200 94382 "-" "Mozilla/5.0 (compatible; bingbot/2.0; +http://www.bing.com/bingbot.htm)" "www.ysfine.com"
114.119.128.158 - - [26/Sep/2022:14:33:03 -0700] "GET /maga/phil/sisfa12/roma12-56.jpg HTTP/1.1" 200 76937 "https://ysfine.com/maga/phil/sisfa12/frame56.html" "Mozilla/5.0 (Linux; Android 7.0;) AppleWebKit/537.36 (KHTML, like Gecko) Mobile Safari/537.36 (compatible; PetalBot;+https://webmaster.petalsearch.com/site/petalbot)" "ysfine.com"
165.73.133.30 - - [26/Sep/2022:14:33:18 -0700] "GET /favicon.ico HTTP/1.1" 404 88 "https://ysfine.com/heisen/heisenberg.html" "Mozilla/5.0 (Linux; Android 11; SM-A032F Build/RP1A.201005.001) AppleWebKit/537.36 (KHTML, like Gecko) Chrome/103.0.5060.129 Mobile Safari/537.36" "ysfine.com"
185.191.171.40 - - [26/Sep/2022:14:33:20 -0700] "GET /robots.txt HTTP/1.1" 404 88 "-" "Mozilla/5.0 (compatible; SemrushBot/7~bl; +http://www.semrush.com/bot.html)" "www.ysfine.com"
185.191.171.9 - - [26/Sep/2022:14:33:21 -0700] "GET /princeton/prade.html HTTP/1.1" 200 9863 "-" "Mozilla/5.0 (compatible; SemrushBot/7~bl; +http://www.semrush.com/bot.html)" "www.ysfine.com"
47.9.184.72 - - [26/Sep/2022:14:34:17 -0700] "GET /maga/marx.html HTTP/1.1" 200 5871 "https://www.google.com/" "Mozilla/5.0 (Linux; Android 10; Infinix X655D) AppleWebKit/537.36 (KHTML, like Gecko) Chrome/80.0.3987.99 Mobile Safari/537.36" "ysfine.com"
47.9.184.72 - - [26/Sep/2022:14:34:17 -0700] "GET /maga/phil/marxlon01b.jpg HTTP/1.1" 200 55777 "https://ysfine.com/maga/marx.html" "Mozilla/5.0 (Linux; Android 10; Infinix X655D) AppleWebKit/537.36 (KHTML, like Gecko) Chrome/80.0.3987.99 Mobile Safari/537.36" "ysfine.com"
47.9.184.72 - - [26/Sep/2022:14:34:17 -0700] "GET /maga/phil/marxlon600.jpg HTTP/1.1" 200 90900 "https://ysfine.com/maga/marx.html" "Mozilla/5.0 (Linux; Android 10; Infinix X655D) AppleWebKit/537.36 (KHTML, like Gecko) Chrome/80.0.3987.99 Mobile Safari/537.36" "ysfine.com"
47.9.184.72 - - [26/Sep/2022:14:34:17 -0700] "GET /maga/phil/marxber22b.jpg HTTP/1.1" 200 48373 "https://ysfine.com/maga/marx.html" "Mozilla/5.0 (Linux; Android 10; Infinix X655D) AppleWebKit/537.36 (KHTML, like Gecko) Chrome/80.0.3987.99 Mobile Safari/537.36" "ysfine.com"
47.9.184.72 - - [26/Sep/2022:14:34:17 -0700] "GET /maga/phil/marxber600.jpg HTTP/1.1" 200 54098 "https://ysfine.com/maga/marx.html" "Mozilla/5.0 (Linux; Android 10; Infinix X655D) AppleWebKit/537.36 (KHTML, like Gecko) Chrome/80.0.3987.99 Mobile Safari/537.36" "ysfine.com"
47.9.184.72 - - [26/Sep/2022:14:34:17 -0700] "GET /maga/phil/marxmos01b.jpg HTTP/1.1" 200 26995 "https://ysfine.com/maga/marx.html" "Mozilla/5.0 (Linux; Android 10; Infinix X655D) AppleWebKit/537.36 (KHTML, like Gecko) Chrome/80.0.3987.99 Mobile Safari/537.36" "ysfine.com"
47.9.184.72 - - [26/Sep/2022:14:34:17 -0700] "GET /maga/phil/hume02b.jpg HTTP/1.1" 200 52835 "https://ysfine.com/maga/marx.html" "Mozilla/5.0 (Linux; Android 10; Infinix X655D) AppleWebKit/537.36 (KHTML, like Gecko) Chrome/80.0.3987.99 Mobile Safari/537.36" "ysfine.com"
47.9.184.72 - - [26/Sep/2022:14:34:22 -0700] "GET /favicon.ico HTTP/1.1" 404 88 "https://ysfine.com/maga/marx.html" "Mozilla/5.0 (Linux; Android 10; Infinix X655D) AppleWebKit/537.36 (KHTML, like Gecko) Chrome/80.0.3987.99 Mobile Safari/537.36" "ysfine.com"
114.119.128.142 - - [26/Sep/2022:14:34:31 -0700] "GET /class54/class5470/total_data/photo_img/2-23.jpg HTTP/1.1" 200 117940 "https://ysfine.com/class54/class5470/total_data/sub_223.htm" "Mozilla/5.0 (Linux; Android 7.0;) AppleWebKit/537.36 (KHTML, like Gecko) Mobile Safari/537.36 (compatible; PetalBot;+https://webmaster.petalsearch.com/site/petalbot)" "ysfine.com"
114.119.128.142 - - [26/Sep/2022:14:36:14 -0700] "GET /class54/minkk.pdf HTTP/1.1" 200 805339 "https://www.ysfine.com/class54/emailed06.html" "Mozilla/5.0 (Linux; Android 7.0;) AppleWebKit/537.36 (KHTML, like Gecko) Mobile Safari/537.36 (compatible; PetalBot;+https://webmaster.petalsearch.com/site/petalbot)" "www.ysfine.com"
207.46.13.180 - - [26/Sep/2022:14:36:30 -0700] "GET /world/ital/padova01.jpg HTTP/1.1" 200 102668 "-" "Mozilla/5.0 (compatible; bingbot/2.0; +http://www.bing.com/bingbot.htm)" "ysfine.com"
207.46.13.102 - - [26/Sep/2022:14:36:34 -0700] "GET /kobak/alexvic11.jpg HTTP/1.1" 200 100509 "-" "Mozilla/5.0 AppleWebKit/537.36 (KHTML, like Gecko; compatible; bingbot/2.0; +http://www.bing.com/bingbot.htm) Chrome/103.0.5060.134 Safari/537.36" "ysfine.com"
157.55.39.58 - - [26/Sep/2022:14:36:42 -0700] "GET /sbk/2005sorren11.jpg HTTP/1.1" 200 84203 "-" "Mozilla/5.0 (compatible; bingbot/2.0; +http://www.bing.com/bingbot.htm)" "ysfine.com"
66.249.66.44 - - [26/Sep/2022:14:36:46 -0700] "GET /wigner/wigwein00.jpg HTTP/1.1" 200 89514 "-" "Googlebot-Image/1.0" "ysfine.com"
172.225.20.109 - - [26/Sep/2022:14:36:57 -0700] "GET /dirac/dirheisen31b.jpg HTTP/1.1" 200 39248 "-" "Safari/17614.1.25.9.10 CFNetwork/1335.0.3 Darwin/21.6.0" "ysfine.com"
51.222.253.12 - - [26/Sep/2022:14:37:01 -0700] "GET /class54/class5470/total_data/sub_8137.htm HTTP/1.1" 200 3511 "-" "Mozilla/5.0 (compatible; AhrefsBot/7.0; +http://ahrefs.com/robot/)" "ysfine.com"
51.222.253.19 - - [26/Sep/2022:14:37:03 -0700] "GET /class54/class5470/total_data/photo_img/8-137.jpg HTTP/1.1" 200 194069 "-" "Mozilla/5.0 (compatible; AhrefsBot/7.0; +http://ahrefs.com/robot/)" "ysfine.com"
207.46.13.102 - - [26/Sep/2022:14:37:33 -0700] "GET /einstein/places/einha39.jpg HTTP/1.1" 200 123066 "-" "Mozilla/5.0 (compatible; bingbot/2.0; +http://www.bing.com/bingbot.htm)" "ysfine.com"
176.20.100.49 - - [26/Sep/2022:14:37:42 -0700] "GET /feynman/feyn86b.jpg HTTP/1.1" 200 26190 "https://www.google.com/" "Mozilla/5.0 (iPad; CPU OS 14_8 like Mac OS X) AppleWebKit/605.1.15 (KHTML, like Gecko) CriOS/83.0.4103.88 Mobile/15E148 Safari/604.1" "ysfine.com"
114.119.128.142 - - [26/Sep/2022:14:38:00 -0700] "GET /class54/class5470/total_data/sub_405.htm HTTP/1.1" 200 3214 "https://ysfine.com/class54/class5470/total_data/sub_410.htm" "Mozilla/5.0 (Linux; Android 7.0;) AppleWebKit/537.36 (KHTML, like Gecko) Mobile Safari/537.36 (compatible; PetalBot;+https://webmaster.petalsearch.com/site/petalbot)" "ysfine.com"
66.249.66.216 - - [26/Sep/2022:14:38:09 -0700] "GET /wigner/euclid05b.jpg HTTP/1.1" 200 33016 "-" "Googlebot-Image/1.0" "ysfine.com"
185.191.171.22 - - [26/Sep/2022:14:38:18 -0700] "GET /wigner/e(2).html HTTP/1.1" 200 4288 "-" "Mozilla/5.0 (compatible; SemrushBot/7~bl; +http://www.semrush.com/bot.html)" "www.ysfine.com"
157.55.39.55 - - [26/Sep/2022:14:38:58 -0700] "GET /wigner/isomor77c.jpg HTTP/1.1" 200 43414 "-" "Mozilla/5.0 (compatible; bingbot/2.0; +http://www.bing.com/bingbot.htm)" "ysfine.com"
78.128.191.45 - - [26/Sep/2022:14:39:07 -0700] "GET /feynman/feybongo.jpg HTTP/1.1" 200 47448 "https://www.google.com/" "Mozilla/5.0 (X11; Linux x86_64) AppleWebKit/537.36 (KHTML, like Gecko) Chrome/105.0.0.0 Safari/537.36" "ysfine.com"
114.119.130.111 - - [26/Sep/2022:14:39:33 -0700] "GET /robots.txt HTTP/1.1" 404 88 "-" "Mozilla/5.0 (compatible;PetalBot;+https://webmaster.petalsearch.com/site/petalbot)" "ysfine.com"
114.119.128.142 - - [26/Sep/2022:14:39:43 -0700] "GET /home/bio44.html HTTP/1.1" 200 14615 "https://www.ysfine.com/home/bio.html" "Mozilla/5.0 (Linux; Android 7.0;) AppleWebKit/537.36 (KHTML, like Gecko) Mobile Safari/537.36 (compatible; PetalBot;+https://webmaster.petalsearch.com/site/petalbot)" "www.ysfine.com"
207.46.13.102 - - [26/Sep/2022:14:39:43 -0700] "GET /maga/phys/schroheisen33.jpg HTTP/1.1" 200 74235 "-" "Mozilla/5.0 AppleWebKit/537.36 (KHTML, like Gecko; compatible; bingbot/2.0; +http://www.bing.com/bingbot.htm) Chrome/103.0.5060.134 Safari/537.36" "ysfine.com"
66.249.66.210 - - [26/Sep/2022:14:40:36 -0700] "GET /einstein/further10b.jpg HTTP/1.1" 200 31900 "-" "Googlebot-Image/1.0" "ysfine.com"
66.249.66.94 - - [26/Sep/2022:14:43:27 -0700] "GET /wigner/isomor77c.jpg HTTP/1.1" 200 43414 "-" "Googlebot-Image/1.0" "ysfine.com"
157.55.39.55 - - [26/Sep/2022:14:43:28 -0700] "GET /world/baltic/tallin35.jpg HTTP/1.1" 200 203538 "-" "Mozilla/5.0 (compatible; bingbot/2.0; +http://www.bing.com/bingbot.htm)" "ysfine.com"
157.55.39.58 - - [26/Sep/2022:14:44:24 -0700] "GET /wdc/gtown07.jpg HTTP/1.1" 200 134771 "-" "Mozilla/5.0 (compatible; bingbot/2.0; +http://www.bing.com/bingbot.htm)" "ysfine.com"
157.55.39.55 - - [26/Sep/2022:14:44:38 -0700] "GET /feynman/feyyang11b.jpg HTTP/1.1" 200 35104 "-" "Mozilla/5.0 (compatible; bingbot/2.0; +http://www.bing.com/bingbot.htm)" "ysfine.com"
47.9.184.72 - - [26/Sep/2022:14:44:41 -0700] "GET /maga/phil/mao100b.jpg HTTP/1.1" 200 55761 "https://ysfine.com/maga/marx.html" "Mozilla/5.0 (Linux; Android 10; Infinix X655D) AppleWebKit/537.36 (KHTML, like Gecko) Chrome/80.0.3987.99 Mobile Safari/537.36" "ysfine.com"
47.9.184.72 - - [26/Sep/2022:14:44:41 -0700] "GET /maga/phil/chou01b.jpg HTTP/1.1" 200 45775 "https://ysfine.com/maga/marx.html" "Mozilla/5.0 (Linux; Android 10; Infinix X655D) AppleWebKit/537.36 (KHTML, like Gecko) Chrome/80.0.3987.99 Mobile Safari/537.36" "ysfine.com"
47.9.184.72 - - [26/Sep/2022:14:44:43 -0700] "GET /wisdom/mil/tank05b.jpg HTTP/1.1" 200 48742 "https://ysfine.com/maga/marx.html" "Mozilla/5.0 (Linux; Android 10; Infinix X655D) AppleWebKit/537.36 (KHTML, like Gecko) Chrome/80.0.3987.99 Mobile Safari/537.36" "ysfine.com"
47.9.184.72 - - [26/Sep/2022:14:44:43 -0700] "GET /wisdom/mil/sherman44b.jpg HTTP/1.1" 200 34454 "https://ysfine.com/maga/marx.html" "Mozilla/5.0 (Linux; Android 10; Infinix X655D) AppleWebKit/537.36 (KHTML, like Gecko) Chrome/80.0.3987.99 Mobile Safari/537.36" "ysfine.com"
157.55.39.58 - - [26/Sep/2022:14:45:33 -0700] "GET /world/baltic/riga19.jpg HTTP/1.1" 200 61857 "-" "Mozilla/5.0 (compatible; bingbot/2.0; +http://www.bing.com/bingbot.htm)" "ysfine.com"
47.9.184.72 - - [26/Sep/2022:14:45:45 -0700] "GET /einstein/einphil.html HTTP/1.1" 200 2312 "https://ysfine.com/maga/marx.html" "Mozilla/5.0 (Linux; Android 10; Infinix X655D) AppleWebKit/537.36 (KHTML, like Gecko) Chrome/80.0.3987.99 Mobile Safari/537.36" "ysfine.com"
47.9.184.72 - - [26/Sep/2022:14:45:45 -0700] "GET /einstein/newtmax02b.jpg HTTP/1.1" 200 46066 "https://ysfine.com/einstein/einphil.html" "Mozilla/5.0 (Linux; Android 10; Infinix X655D) AppleWebKit/537.36 (KHTML, like Gecko) Chrome/80.0.3987.99 Mobile Safari/537.36" "ysfine.com"
47.9.184.72 - - [26/Sep/2022:14:45:45 -0700] "GET /maga/phil/keigel500.jpg HTTP/1.1" 200 44688 "https://ysfine.com/einstein/einphil.html" "Mozilla/5.0 (Linux; Android 10; Infinix X655D) AppleWebKit/537.36 (KHTML, like Gecko) Chrome/80.0.3987.99 Mobile Safari/537.36" "ysfine.com"
47.9.184.72 - - [26/Sep/2022:14:45:45 -0700] "GET /maga/phil/further08b.jpg HTTP/1.1" 200 58023 "https://ysfine.com/einstein/einphil.html" "Mozilla/5.0 (Linux; Android 10; Infinix X655D) AppleWebKit/537.36 (KHTML, like Gecko) Chrome/80.0.3987.99 Mobile Safari/537.36" "ysfine.com"
47.9.184.72 - - [26/Sep/2022:14:45:45 -0700] "GET /eink/eink61c.jpg HTTP/1.1" 200 34119 "https://ysfine.com/einstein/einphil.html" "Mozilla/5.0 (Linux; Android 10; Infinix X655D) AppleWebKit/537.36 (KHTML, like Gecko) Chrome/80.0.3987.99 Mobile Safari/537.36" "ysfine.com"
185.191.171.40 - - [26/Sep/2022:14:45:54 -0700] "GET /maga/fermi.html HTTP/1.1" 200 3387 "-" "Mozilla/5.0 (compatible; SemrushBot/7~bl; +http://www.semrush.com/bot.html)" "www.ysfine.com"
114.119.128.158 - - [26/Sep/2022:14:46:05 -0700] "GET /class54/class5480/Pictures/1.%C3%AC%C2%A0%C2%91%C3%AC%C2%88%C2%98%C3%AB%C2%B0%C2%8F%C3%AD%C2%99%C2%98%C3%AB%C2%8B%C2%B4/?C=D%3BO%3DA HTTP/1.1" 200 869 "https://www.ysfine.com/class54/class5480/Pictures/1.%c3%ac%c2%a0%c2%91%c3%ac%c2%88%c2%98%c3%ab%c2%b0%c2%8f%c3%ad%c2%99%c2%98%c3%ab%c2%8b%c2%b4/?C=S%3BO%3DA" "Mozilla/5.0 (Linux; Android 7.0;) AppleWebKit/537.36 (KHTML, like Gecko) Mobile Safari/537.36 (compatible; PetalBot;+https://webmaster.petalsearch.com/site/petalbot)" "www.ysfine.com"
47.9.184.72 - - [26/Sep/2022:14:46:19 -0700] "GET /maga/kantao.html HTTP/1.1" 200 1675 "https://ysfine.com/einstein/einphil.html" "Mozilla/5.0 (Linux; Android 10; Infinix X655D) AppleWebKit/537.36 (KHTML, like Gecko) Chrome/80.0.3987.99 Mobile Safari/537.36" "ysfine.com"
47.9.184.72 - - [26/Sep/2022:14:46:20 -0700] "GET /maga/phil/tao06c.jpg HTTP/1.1" 200 59786 "https://ysfine.com/maga/kantao.html" "Mozilla/5.0 (Linux; Android 10; Infinix X655D) AppleWebKit/537.36 (KHTML, like Gecko) Chrome/80.0.3987.99 Mobile Safari/537.36" "ysfine.com"
47.9.184.72 - - [26/Sep/2022:14:46:20 -0700] "GET /maga/phil/tao05c.jpg HTTP/1.1" 200 53511 "https://ysfine.com/maga/kantao.html" "Mozilla/5.0 (Linux; Android 10; Infinix X655D) AppleWebKit/537.36 (KHTML, like Gecko) Chrome/80.0.3987.99 Mobile Safari/537.36" "ysfine.com"
47.9.184.72 - - [26/Sep/2022:14:46:20 -0700] "GET /maga/phil/tao07c.jpg HTTP/1.1" 200 58647 "https://ysfine.com/maga/kantao.html" "Mozilla/5.0 (Linux; Android 10; Infinix X655D) AppleWebKit/537.36 (KHTML, like Gecko) Chrome/80.0.3987.99 Mobile Safari/537.36" "ysfine.com"
47.9.184.72 - - [26/Sep/2022:14:46:48 -0700] "GET /maga/keigel.html HTTP/1.1" 200 6995 "https://ysfine.com/maga/kantao.html" "Mozilla/5.0 (Linux; Android 10; Infinix X655D) AppleWebKit/537.36 (KHTML, like Gecko) Chrome/80.0.3987.99 Mobile Safari/537.36" "ysfine.com"
47.9.184.72 - - [26/Sep/2022:14:46:48 -0700] "GET /kobak/taylor33c.jpg HTTP/1.1" 200 39951 "https://ysfine.com/maga/keigel.html" "Mozilla/5.0 (Linux; Android 10; Infinix X655D) AppleWebKit/537.36 (KHTML, like Gecko) Chrome/80.0.3987.99 Mobile Safari/537.36" "ysfine.com"
47.9.184.72 - - [26/Sep/2022:14:46:48 -0700] "GET /maga/phil/cokebell01c.jpg HTTP/1.1" 200 41667 "https://ysfine.com/maga/keigel.html" "Mozilla/5.0 (Linux; Android 10; Infinix X655D) AppleWebKit/537.36 (KHTML, like Gecko) Chrome/80.0.3987.99 Mobile Safari/537.36" "ysfine.com"
47.9.184.72 - - [26/Sep/2022:14:46:48 -0700] "GET /maga/phil/comet77c.jpg HTTP/1.1" 200 73490 "https://ysfine.com/maga/keigel.html" "Mozilla/5.0 (Linux; Android 10; Infinix X655D) AppleWebKit/537.36 (KHTML, like Gecko) Chrome/80.0.3987.99 Mobile Safari/537.36" "ysfine.com"
47.9.184.72 - - [26/Sep/2022:14:46:48 -0700] "GET /maga/phil/further03c.jpg HTTP/1.1" 200 67765 "https://ysfine.com/maga/keigel.html" "Mozilla/5.0 (Linux; Android 10; Infinix X655D) AppleWebKit/537.36 (KHTML, like Gecko) Chrome/80.0.3987.99 Mobile Safari/537.36" "ysfine.com"
47.9.184.72 - - [26/Sep/2022:14:46:48 -0700] "GET /maga/phil/keigel600.jpg HTTP/1.1" 200 54467 "https://ysfine.com/maga/keigel.html" "Mozilla/5.0 (Linux; Android 10; Infinix X655D) AppleWebKit/537.36 (KHTML, like Gecko) Chrome/80.0.3987.99 Mobile Safari/537.36" "ysfine.com"
47.9.184.72 - - [26/Sep/2022:14:46:48 -0700] "GET /eink/pwk19c.jpg HTTP/1.1" 200 57759 "https://ysfine.com/maga/keigel.html" "Mozilla/5.0 (Linux; Android 10; Infinix X655D) AppleWebKit/537.36 (KHTML, like Gecko) Chrome/80.0.3987.99 Mobile Safari/537.36" "ysfine.com"
47.9.184.72 - - [26/Sep/2022:14:46:48 -0700] "GET /maga/phil/dirackn33.jpg HTTP/1.1" 200 76581 "https://ysfine.com/maga/keigel.html" "Mozilla/5.0 (Linux; Android 10; Infinix X655D) AppleWebKit/537.36 (KHTML, like Gecko) Chrome/80.0.3987.99 Mobile Safari/537.36" "ysfine.com"
185.191.171.17 - - [26/Sep/2022:14:46:55 -0700] "GET /world/cordoba.html HTTP/1.1" 200 5417 "-" "Mozilla/5.0 (compatible; SemrushBot/7~bl; +http://www.semrush.com/bot.html)" "ysfine.com"
157.55.39.55 - - [26/Sep/2022:14:46:59 -0700] "GET /world/china/shanghai008.jpg HTTP/1.1" 200 162156 "-" "Mozilla/5.0 (compatible; bingbot/2.0; +http://www.bing.com/bingbot.htm)" "ysfine.com"
157.55.39.58 - - [26/Sep/2022:14:47:04 -0700] "GET /ffriends/germparis02.jpg HTTP/1.1" 200 168935 "-" "Mozilla/5.0 (compatible; bingbot/2.0; +http://www.bing.com/bingbot.htm)" "ysfine.com"
114.119.128.142 - - [26/Sep/2022:14:47:30 -0700] "GET /beau/korcasia.html HTTP/1.1" 404 88 "https://www.ysfine.com/beau/korean.html" "Mozilla/5.0 (Linux; Android 7.0;) AppleWebKit/537.36 (KHTML, like Gecko) Mobile Safari/537.36 (compatible; PetalBot;+https://webmaster.petalsearch.com/site/petalbot)" "www.ysfine.com"
207.46.13.180 - - [26/Sep/2022:14:47:42 -0700] "GET /feynman/restof11.jpg HTTP/1.1" 200 92124 "-" "Mozilla/5.0 AppleWebKit/537.36 (KHTML, like Gecko; compatible; bingbot/2.0; +http://www.bing.com/bingbot.htm) Chrome/103.0.5060.134 Safari/537.36" "www.ysfine.com"
185.191.171.40 - - [26/Sep/2022:14:48:49 -0700] "GET /feynman/feykant.html HTTP/1.1" 200 3350 "-" "Mozilla/5.0 (compatible; SemrushBot/7~bl; +http://www.semrush.com/bot.html)" "www.ysfine.com"
47.9.184.72 - - [26/Sep/2022:14:48:58 -0700] "GET /einstein/evol22b.jpg HTTP/1.1" 200 29614 "https://ysfine.com/maga/marx.html" "Mozilla/5.0 (Linux; Android 10; Infinix X655D) AppleWebKit/537.36 (KHTML, like Gecko) Chrome/80.0.3987.99 Mobile Safari/537.36" "ysfine.com"
47.9.184.72 - - [26/Sep/2022:14:48:58 -0700] "GET /feynman/feygell66b.jpg HTTP/1.1" 200 28843 "https://ysfine.com/maga/marx.html" "Mozilla/5.0 (Linux; Android 10; Infinix X655D) AppleWebKit/537.36 (KHTML, like Gecko) Chrome/80.0.3987.99 Mobile Safari/537.36" "ysfine.com"
47.9.184.72 - - [26/Sep/2022:14:48:58 -0700] "GET /einstein/einbohr11b.jpg HTTP/1.1" 200 37538 "https://ysfine.com/maga/marx.html" "Mozilla/5.0 (Linux; Android 10; Infinix X655D) AppleWebKit/537.36 (KHTML, like Gecko) Chrome/80.0.3987.99 Mobile Safari/537.36" "ysfine.com"
20.246.17.137 - - [26/Sep/2022:14:49:19 -0700] "GET / HTTP/1.1" 200 15910 "-" "Mozilla/5.0 (Windows NT 10.0; Win64; x64) AppleWebKit/537.36 (KHTML, like Gecko) Chrome/78.0.3904.108 Safari/537.36" "ysfine.com"
20.246.17.137 - - [26/Sep/2022:14:49:19 -0700] "GET / HTTP/1.1" 200 15910 "-" "Mozilla/5.0 (Windows NT 10.0; Win64; x64) AppleWebKit/537.36 (KHTML, like Gecko) Chrome/78.0.3904.108 Safari/537.36" "ysfine.com"
20.246.17.137 - - [26/Sep/2022:14:49:19 -0700] "GET /blog/wp-includes/wlwmanifest.xml HTTP/1.1" 404 73 "-" "Mozilla/5.0 (Windows NT 10.0; Win64; x64) AppleWebKit/537.36 (KHTML, like Gecko) Chrome/78.0.3904.108 Safari/537.36" "ysfine.com"
20.246.17.137 - - [26/Sep/2022:14:49:19 -0700] "GET /web/wp-includes/wlwmanifest.xml HTTP/1.1" 404 73 "-" "Mozilla/5.0 (Windows NT 10.0; Win64; x64) AppleWebKit/537.36 (KHTML, like Gecko) Chrome/78.0.3904.108 Safari/537.36" "ysfine.com"
20.246.17.137 - - [26/Sep/2022:14:49:19 -0700] "GET /wordpress/wp-includes/wlwmanifest.xml HTTP/1.1" 404 73 "-" "Mozilla/5.0 (Windows NT 10.0; Win64; x64) AppleWebKit/537.36 (KHTML, like Gecko) Chrome/78.0.3904.108 Safari/537.36" "ysfine.com"
20.246.17.137 - - [26/Sep/2022:14:49:19 -0700] "GET /website/wp-includes/wlwmanifest.xml HTTP/1.1" 404 73 "-" "Mozilla/5.0 (Windows NT 10.0; Win64; x64) AppleWebKit/537.36 (KHTML, like Gecko) Chrome/78.0.3904.108 Safari/537.36" "ysfine.com"
20.246.17.137 - - [26/Sep/2022:14:49:20 -0700] "GET /news/wp-includes/wlwmanifest.xml HTTP/1.1" 404 73 "-" "Mozilla/5.0 (Windows NT 10.0; Win64; x64) AppleWebKit/537.36 (KHTML, like Gecko) Chrome/78.0.3904.108 Safari/537.36" "ysfine.com"
20.246.17.137 - - [26/Sep/2022:14:49:20 -0700] "GET /shop/wp-includes/wlwmanifest.xml HTTP/1.1" 404 73 "-" "Mozilla/5.0 (Windows NT 10.0; Win64; x64) AppleWebKit/537.36 (KHTML, like Gecko) Chrome/78.0.3904.108 Safari/537.36" "ysfine.com"
20.246.17.137 - - [26/Sep/2022:14:49:20 -0700] "GET /wp1/wp-includes/wlwmanifest.xml HTTP/1.1" 404 73 "-" "Mozilla/5.0 (Windows NT 10.0; Win64; x64) AppleWebKit/537.36 (KHTML, like Gecko) Chrome/78.0.3904.108 Safari/537.36" "ysfine.com"
20.246.17.137 - - [26/Sep/2022:14:49:20 -0700] "GET /test/wp-includes/wlwmanifest.xml HTTP/1.1" 404 73 "-" "Mozilla/5.0 (Windows NT 10.0; Win64; x64) AppleWebKit/537.36 (KHTML, like Gecko) Chrome/78.0.3904.108 Safari/537.36" "ysfine.com"
20.246.17.137 - - [26/Sep/2022:14:49:20 -0700] "GET /site/wp-includes/wlwmanifest.xml HTTP/1.1" 404 73 "-" "Mozilla/5.0 (Windows NT 10.0; Win64; x64) AppleWebKit/537.36 (KHTML, like Gecko) Chrome/78.0.3904.108 Safari/537.36" "ysfine.com"
20.246.17.137 - - [26/Sep/2022:14:49:20 -0700] "GET /cms/wp-includes/wlwmanifest.xml HTTP/1.1" 404 73 "-" "Mozilla/5.0 (Windows NT 10.0; Win64; x64) AppleWebKit/537.36 (KHTML, like Gecko) Chrome/78.0.3904.108 Safari/537.36" "ysfine.com"
20.246.17.137 - - [26/Sep/2022:14:49:20 -0700] "GET /sito/wp-includes/wlwmanifest.xml HTTP/1.1" 404 73 "-" "Mozilla/5.0 (Windows NT 10.0; Win64; x64) AppleWebKit/537.36 (KHTML, like Gecko) Chrome/78.0.3904.108 Safari/537.36" "ysfine.com"
207.46.13.102 - - [26/Sep/2022:14:52:14 -0700] "GET /world/brit/kensington03.jpg HTTP/1.1" 200 75103 "-" "Mozilla/5.0 (compatible; bingbot/2.0; +http://www.bing.com/bingbot.htm)" "ysfine.com"
207.46.13.102 - - [26/Sep/2022:14:53:13 -0700] "GET /world/russ/redsq01.jpg HTTP/1.1" 200 68420 "-" "Mozilla/5.0 AppleWebKit/537.36 (KHTML, like Gecko; compatible; bingbot/2.0; +http://www.bing.com/bingbot.htm) Chrome/103.0.5060.134 Safari/537.36" "www.ysfine.com"
185.191.171.13 - - [26/Sep/2022:14:53:33 -0700] "GET /wdc/umd.html HTTP/1.1" 200 3139 "-" "Mozilla/5.0 (compatible; SemrushBot/7~bl; +http://www.semrush.com/bot.html)" "ysfine.com"
185.191.171.7 - - [26/Sep/2022:14:53:38 -0700] "GET /fbook/friends.html HTTP/1.1" 200 1057 "-" "Mozilla/5.0 (compatible; SemrushBot/7~bl; +http://www.semrush.com/bot.html)" "ysfine.com"
185.191.171.43 - - [26/Sep/2022:14:53:41 -0700] "GET /usca/pgh.html HTTP/1.1" 200 13572 "-" "Mozilla/5.0 (compatible; SemrushBot/7~bl; +http://www.semrush.com/bot.html)" "www.ysfine.com"
51.222.253.8 - - [26/Sep/2022:14:54:49 -0700] "GET / HTTP/1.1" 200 5283 "-" "Mozilla/5.0 (compatible; AhrefsBot/7.0; +http://ahrefs.com/robot/)" "ysfine.com"
207.46.13.180 - - [26/Sep/2022:14:55:11 -0700] "GET /world/ital/verona13.jpg HTTP/1.1" 200 80284 "-" "Mozilla/5.0 (compatible; bingbot/2.0; +http://www.bing.com/bingbot.htm)" "ysfine.com"
198.235.24.133 - - [26/Sep/2022:14:55:21 -0700] "GET / HTTP/1.1" 200 15910 "http://67.195.197.24:80/" "Expanse, a Palo Alto Networks company, searches across the global IPv4 space multiple times per day to identify customers&#39; presences on the Internet. If you would like to be excluded from our scans, please send IP addresses/domains to: scaninfo@paloaltonetworks.com" "www.ysfine.com"
66.249.66.30 - - [26/Sep/2022:14:55:51 -0700] "GET /einstein/bose270.jpg HTTP/1.1" 200 32892 "-" "Googlebot-Image/1.0" "ysfine.com"
73.166.56.10 - - [26/Sep/2022:14:56:07 -0700] "GET /princeton/brooke22.jpg HTTP/1.1" 200 87673 "https://www.google.com/" "Mozilla/5.0 (iPhone; CPU iPhone OS 15_6 like Mac OS X) AppleWebKit/605.1.15 (KHTML, like Gecko) Version/15.6 Mobile/15E148 Safari/604.1" "ysfine.com"
40.77.167.61 - - [26/Sep/2022:14:56:55 -0700] "GET /kobak/namdae01.jpg HTTP/1.1" 200 234546 "-" "Mozilla/5.0 (compatible; bingbot/2.0; +http://www.bing.com/bingbot.htm)" "ysfine.com"
157.55.39.128 - - [26/Sep/2022:14:57:20 -0700] "GET /class54/nam/namleft.html HTTP/1.1" 200 638 "-" "Mozilla/5.0 AppleWebKit/537.36 (KHTML, like Gecko; compatible; bingbot/2.0; +http://www.bing.com/bingbot.htm) Chrome/103.0.5060.134 Safari/537.36" "www.ysfine.com"
51.222.253.8 - - [26/Sep/2022:14:57:48 -0700] "GET /class54/class5470/total_data/sub_8138.htm HTTP/1.1" 200 3511 "-" "Mozilla/5.0 (compatible; AhrefsBot/7.0; +http://ahrefs.com/robot/)" "ysfine.com"
51.222.253.7 - - [26/Sep/2022:14:57:50 -0700] "GET /class54/class5470/total_data/photo_img/8-138.jpg HTTP/1.1" 200 252693 "-" "Mozilla/5.0 (compatible; AhrefsBot/7.0; +http://ahrefs.com/robot/)" "ysfine.com"
207.46.13.102 - - [26/Sep/2022:14:58:14 -0700] "GET /world/france/flore02.jpg HTTP/1.1" 200 94577 "-" "Mozilla/5.0 (compatible; bingbot/2.0; +http://www.bing.com/bingbot.htm)" "www.ysfine.com"
157.55.39.55 - - [26/Sep/2022:14:59:10 -0700] "GET /world/balkan/istan051.jpg HTTP/1.1" 200 77878 "-" "Mozilla/5.0 (compatible; bingbot/2.0; +http://www.bing.com/bingbot.htm)" "ysfine.com"
207.46.13.180 - - [26/Sep/2022:14:59:15 -0700] "GET /sbk/2007manches.jpg HTTP/1.1" 200 95889 "-" "Mozilla/5.0 (compatible; bingbot/2.0; +http://www.bing.com/bingbot.htm)" "ysfine.com"
73.183.48.131 - - [26/Sep/2022:14:59:41 -0700] "GET /world/baltic/kalinhouse.jpg HTTP/1.1" 200 128792 "https://www.google.com/" "Mozilla/5.0 (Macintosh; Intel Mac OS X 10_15_7) AppleWebKit/537.36 (KHTML, like Gecko) Chrome/105.0.0.0 Safari/537.36" "ysfine.com"
185.191.171.15 - - [26/Sep/2022:14:59:47 -0700] "GET /fbook/einstein.html HTTP/1.1" 200 3545 "-" "Mozilla/5.0 (compatible; SemrushBot/7~bl; +http://www.semrush.com/bot.html)" "ysfine.com"
185.191.171.45 - - [26/Sep/2022:14:59:58 -0700] "GET /jobs/germanj.html HTTP/1.1" 200 1298 "-" "Mozilla/5.0 (compatible; SemrushBot/7~bl; +http://www.semrush.com/bot.html)" "ysfine.com"
190.2.146.38 - - [26/Sep/2022:14:59:58 -0700] "GET /world/ital/panth01.jpg HTTP/1.1" 200 100632 "-" "com.google.android.apps.searchlite/688477 (Linux; U; Android 11; en_US; U319AA; Build/RP1A.200720.011; Cronet/104.0.5112.46)" "ysfine.com"
51.222.253.14 - - [26/Sep/2022:15:00:47 -0700] "GET /class54/class5470/total_data/sub_8139.htm HTTP/1.1" 200 3511 "-" "Mozilla/5.0 (compatible; AhrefsBot/7.0; +http://ahrefs.com/robot/)" "ysfine.com"
185.191.171.44 - - [26/Sep/2022:15:00:47 -0700] "GET /dirac/dirfeyn.html HTTP/1.1" 200 6341 "-" "Mozilla/5.0 (compatible; SemrushBot/7~bl; +http://www.semrush.com/bot.html)" "www.ysfine.com"
51.222.253.13 - - [26/Sep/2022:15:00:49 -0700] "GET /class54/class5470/total_data/photo_img/8-139.jpg HTTP/1.1" 200 267788 "-" "Mozilla/5.0 (compatible; AhrefsBot/7.0; +http://ahrefs.com/robot/)" "ysfine.com"
77.88.5.134 - - [26/Sep/2022:15:01:10 -0700] "GET /wigner/wstory.html HTTP/1.1" 404 88 "-" "Mozilla/5.0 (compatible; YandexBot/3.0; +http://yandex.com/bots)" "www.ysfine.com"
77.75.79.62 - - [26/Sep/2022:15:02:02 -0700] "GET /robots.txt HTTP/1.1" 404 88 "-" "Mozilla/5.0 (compatible; SeznamBot/3.2; +http://napoveda.seznam.cz/en/seznambot-intro/)" "ysfine.com"
77.75.79.62 - - [26/Sep/2022:15:02:03 -0700] "GET /newyork/battery11.jpg HTTP/1.1" 304 - "-" "Mozilla/5.0 (compatible; SeznamBot/3.2; +http://napoveda.seznam.cz/en/seznambot-intro/)" "ysfine.com"
77.75.79.62 - - [26/Sep/2022:15:02:04 -0700] "GET /eink/abombs11.jpg HTTP/1.1" 200 186004 "-" "Mozilla/5.0 (compatible; SeznamBot/3.2; +http://napoveda.seznam.cz/en/seznambot-intro/)" "ysfine.com"
77.75.79.62 - - [26/Sep/2022:15:02:09 -0700] "GET /eink/abomb66.jpg HTTP/1.1" 200 86198 "-" "Mozilla/5.0 (compatible; SeznamBot/3.2; +http://napoveda.seznam.cz/en/seznambot-intro/)" "ysfine.com"
77.75.79.62 - - [26/Sep/2022:15:02:11 -0700] "GET /eink/weber88.jpg HTTP/1.1" 200 52192 "-" "Mozilla/5.0 (compatible; SeznamBot/3.2; +http://napoveda.seznam.cz/en/seznambot-intro/)" "ysfine.com"
44.228.64.221 - - [26/Sep/2022:15:02:38 -0700] "HEAD /class54/emailed01.html HTTP/1.1" 200 - "-" "python-requests/2.28.1" "ysfine.com"
44.228.64.221 - - [26/Sep/2022:15:02:39 -0700] "GET /class54/emailed01.html HTTP/1.1" 200 27721 "-" "python-requests/2.28.1" "ysfine.com"
24.133.130.86 - - [26/Sep/2022:15:02:53 -0700] "GET /heisen/bohrheisen11.jpg HTTP/1.1" 200 104546 "https://www.google.com/" "Mozilla/5.0 (Windows NT 10.0; Win64; x64) AppleWebKit/537.36 (KHTML, like Gecko) Chrome/105.0.0.0 Safari/537.36" "ysfine.com"
24.133.130.86 - - [26/Sep/2022:15:02:53 -0700] "GET /dirac/dirheisen31c.jpg HTTP/1.1" 200 43569 "https://www.google.com/" "Mozilla/5.0 (Windows NT 10.0; Win64; x64) AppleWebKit/537.36 (KHTML, like Gecko) Chrome/105.0.0.0 Safari/537.36" "ysfine.com"
98.37.12.30 - - [26/Sep/2022:15:03:03 -0700] "GET /style/cameras/contax.html HTTP/1.1" 200 3773 "-" "Mozilla/5.0 (Macintosh; Intel Mac OS X 10_15_7) AppleWebKit/537.36 (KHTML, like Gecko) Chrome/105.0.0.0 Safari/537.36" "ysfine.com"
157.55.39.55 - - [26/Sep/2022:15:03:10 -0700] "GET /world/israel/jeru57c.jpg HTTP/1.1" 200 37074 "-" "Mozilla/5.0 AppleWebKit/537.36 (KHTML, like Gecko; compatible; bingbot/2.0; +http://www.bing.com/bingbot.htm) Chrome/103.0.5060.134 Safari/537.36" "ysfine.com"
157.55.39.58 - - [26/Sep/2022:15:03:15 -0700] "GET /style/musee/perga22.jpg HTTP/1.1" 200 82370 "-" "Mozilla/5.0 (compatible; bingbot/2.0; +http://www.bing.com/bingbot.htm)" "ysfine.com"
114.119.128.158 - - [26/Sep/2022:15:03:38 -0700] "GET /class54/class5480/Pictures/2.%C3%AA%C2%B8%C2%B0%C3%AB%C2%85%C2%90%C3%AD%C2%96%C2%89%C3%AC%C2%82%C2%AC/ HTTP/1.1" 200 1718 "https://www.ysfine.com/class54/class5480/Pictures/" "Mozilla/5.0 (Linux; Android 7.0;) AppleWebKit/537.36 (KHTML, like Gecko) Mobile Safari/537.36 (compatible; PetalBot;+https://webmaster.petalsearch.com/site/petalbot)" "www.ysfine.com"
207.46.13.180 - - [26/Sep/2022:15:03:53 -0700] "GET /world/france/lyon02.jpg HTTP/1.1" 200 121486 "-" "Mozilla/5.0 (compatible; bingbot/2.0; +http://www.bing.com/bingbot.htm)" "ysfine.com"
51.222.253.8 - - [26/Sep/2022:15:03:54 -0700] "GET /class54/class5470/total_data/sub_8140.htm HTTP/1.1" 200 3511 "-" "Mozilla/5.0 (compatible; AhrefsBot/7.0; +http://ahrefs.com/robot/)" "ysfine.com"
157.55.39.58 - - [26/Sep/2022:15:03:55 -0700] "GET /world/spain/sevif05.jpg HTTP/1.1" 200 240509 "-" "Mozilla/5.0 (compatible; bingbot/2.0; +http://www.bing.com/bingbot.htm)" "www.ysfine.com"
207.46.13.102 - - [26/Sep/2022:15:04:35 -0700] "GET /world/places/ulm05b.jpg HTTP/1.1" 200 40932 "-" "Mozilla/5.0 (compatible; bingbot/2.0; +http://www.bing.com/bingbot.htm)" "ysfine.com"
157.55.39.55 - - [26/Sep/2022:15:05:29 -0700] "GET /kowar/tanks/arisakaguns01b.jpg HTTP/1.1" 200 33229 "-" "Mozilla/5.0 (compatible; bingbot/2.0; +http://www.bing.com/bingbot.htm)" "www.ysfine.com"
114.119.128.162 - - [26/Sep/2022:15:06:09 -0700] "GET /class54/class5470/total_data/photo_img/2-49.jpg HTTP/1.1" 200 155879 "https://ysfine.com/class54/class5470/total_data/sub_249.htm" "Mozilla/5.0 (Linux; Android 7.0;) AppleWebKit/537.36 (KHTML, like Gecko) Mobile Safari/537.36 (compatible; PetalBot;+https://webmaster.petalsearch.com/site/petalbot)" "ysfine.com"
68.191.140.91 - - [26/Sep/2022:15:06:28 -0700] "GET /maga/phil/marxlon01b.jpg HTTP/1.1" 200 55777 "https://www.google.com/" "Mozilla/5.0 (X11; CrOS x86_64 14989.107.0) AppleWebKit/537.36 (KHTML, like Gecko) Chrome/105.0.0.0 Safari/537.36" "ysfine.com"
68.191.140.91 - - [26/Sep/2022:15:06:45 -0700] "GET /maga/invent/edison11b.jpg HTTP/1.1" 200 63993 "https://www.google.com/" "Mozilla/5.0 (X11; CrOS x86_64 14989.107.0) AppleWebKit/537.36 (KHTML, like Gecko) Chrome/105.0.0.0 Safari/537.36" "ysfine.com"
207.46.13.180 - - [26/Sep/2022:15:06:53 -0700] "GET /home/pdugard22.jpg HTTP/1.1" 200 185286 "-" "Mozilla/5.0 (compatible; bingbot/2.0; +http://www.bing.com/bingbot.htm)" "ysfine.com"
51.222.253.9 - - [26/Sep/2022:15:07:01 -0700] "GET /class54/class5470/total_data/sub_8141.htm HTTP/1.1" 200 3511 "-" "Mozilla/5.0 (compatible; AhrefsBot/7.0; +http://ahrefs.com/robot/)" "ysfine.com"
185.191.171.15 - - [26/Sep/2022:15:07:47 -0700] "GET /robots.txt HTTP/1.1" 404 88 "-" "Mozilla/5.0 (compatible; SemrushBot/7~bl; +http://www.semrush.com/bot.html)" "ysfine.com"
185.191.171.41 - - [26/Sep/2022:15:07:48 -0700] "GET /wdc/whx18.html HTTP/1.1" 200 4350 "-" "Mozilla/5.0 (compatible; SemrushBot/7~bl; +http://www.semrush.com/bot.html)" "ysfine.com"
185.191.171.21 - - [26/Sep/2022:15:08:02 -0700] "GET /einstein/einbohr.html HTTP/1.1" 200 6142 "-" "Mozilla/5.0 (compatible; SemrushBot/7~bl; +http://www.semrush.com/bot.html)" "www.ysfine.com"
198.235.24.150 - - [26/Sep/2022:15:08:20 -0700] "GET / HTTP/1.1" 200 15910 "-" "Expanse, a Palo Alto Networks company, searches across the global IPv4 space multiple times per day to identify customers&#39; presences on the Internet. If you would like to be excluded from our scans, please send IP addresses/domains to: scaninfo@paloaltonetworks.com" "ysfine.com"
77.88.5.134 - - [26/Sep/2022:15:08:29 -0700] "GET /robots.txt HTTP/1.1" 404 73 "-" "Mozilla/5.0 (compatible; YandexBot/3.0; +http://yandex.com/bots)" "www.ysfine.com"
77.88.5.86 - - [26/Sep/2022:15:08:33 -0700] "GET /nework/nyrigh.html HTTP/1.1" 404 88 "-" "Mozilla/5.0 (compatible; YandexBot/3.0; +http://yandex.com/bots)" "www.ysfine.com"
95.163.255.100 - - [26/Sep/2022:15:09:16 -0700] "GET /robots.txt HTTP/1.1" 404 73 "-" "Mozilla/5.0 (compatible; Linux x86_64; Mail.RU_Bot/Img/2.0; +https://help.mail.ru/webmaster/indexing/robots)" "ysfine.com"
185.191.171.20 - - [26/Sep/2022:15:09:17 -0700] "GET /dirac/teuncer.html HTTP/1.1" 200 1652 "-" "Mozilla/5.0 (compatible; SemrushBot/7~bl; +http://www.semrush.com/bot.html)" "ysfine.com"
40.77.167.95 - - [26/Sep/2022:15:09:33 -0700] "GET /robots.txt HTTP/1.1" 404 88 "-" "Mozilla/5.0 (compatible; bingbot/2.0; +http://www.bing.com/bingbot.htm)" "www.ysfine.com"
157.55.39.128 - - [26/Sep/2022:15:09:42 -0700] "GET /world/germany/oktf07.jpg HTTP/1.1" 200 95069 "-" "Mozilla/5.0 (compatible; bingbot/2.0; +http://www.bing.com/bingbot.htm)" "www.ysfine.com"
207.46.13.180 - - [26/Sep/2022:15:09:53 -0700] "GET /world/latina/rio055.jpg HTTP/1.1" 200 128369 "-" "Mozilla/5.0 AppleWebKit/537.36 (KHTML, like Gecko; compatible; bingbot/2.0; +http://www.bing.com/bingbot.htm) Chrome/103.0.5060.134 Safari/537.36" "www.ysfine.com"
51.222.253.5 - - [26/Sep/2022:15:10:26 -0700] "GET /class54/class5470/total_data/sub_8142.htm HTTP/1.1" 200 3511 "-" "Mozilla/5.0 (compatible; AhrefsBot/7.0; +http://ahrefs.com/robot/)" "ysfine.com"
51.222.253.2 - - [26/Sep/2022:15:10:35 -0700] "GET /class54/class5470/total_data/photo_img/8-142.jpg HTTP/1.1" 200 255043 "-" "Mozilla/5.0 (compatible; AhrefsBot/7.0; +http://ahrefs.com/robot/)" "ysfine.com"
216.244.66.229 - - [26/Sep/2022:15:11:20 -0700] "GET /robots.txt HTTP/1.1" 404 73 "-" "Mozilla/5.0 (compatible; DotBot/1.2; +https://opensiteexplorer.org/dotbot; help@moz.com)" "www.ysfine.com"
185.191.171.3 - - [26/Sep/2022:15:11:50 -0700] "GET /world/spb.html HTTP/1.1" 200 16118 "-" "Mozilla/5.0 (compatible; SemrushBot/7~bl; +http://www.semrush.com/bot.html)" "www.ysfine.com"
40.77.167.61 - - [26/Sep/2022:15:12:06 -0700] "GET /style/nga55.jpg HTTP/1.1" 200 87065 "-" "Mozilla/5.0 AppleWebKit/537.36 (KHTML, like Gecko; compatible; bingbot/2.0; +http://www.bing.com/bingbot.htm) Chrome/103.0.5060.134 Safari/537.36" "ysfine.com"
188.76.12.10 - - [26/Sep/2022:15:12:32 -0700] "GET /maga/phys/yukadirac53.jpg HTTP/1.1" 200 72355 "https://www.google.com/" "Mozilla/5.0 (iPad; CPU OS 15_5 like Mac OS X) AppleWebKit/605.1.15 (KHTML, like Gecko) CriOS/105.0.5195.147 Mobile/15E148 Safari/604.1" "ysfine.com"
