117.136.81.134 - - [26/Sep/2022:19:34:04 -0700] "GET /maga/naimark.html HTTP/1.1" 200 4603 "https://cn.bing.com/" "Mozilla/5.0 (Linux; Android 12; SAMSUNG SM-S9080) AppleWebKit/537.36 (KHTML, like Gecko) SamsungBrowser/17.0 Chrome/96.0.4664.104 Mobile Safari/537.36" "www.ysfine.com"
117.136.81.134 - - [26/Sep/2022:19:34:04 -0700] "GET /princeton/wightman01b.jpg HTTP/1.1" 200 39820 "https://www.ysfine.com/maga/naimark.html" "Mozilla/5.0 (Linux; Android 12; SAMSUNG SM-S9080) AppleWebKit/537.36 (KHTML, like Gecko) SamsungBrowser/17.0 Chrome/96.0.4664.104 Mobile Safari/537.36" "www.ysfine.com"
117.136.81.134 - - [26/Sep/2022:19:34:04 -0700] "GET /wigner/wig270.jpg HTTP/1.1" 200 43273 "https://www.ysfine.com/maga/naimark.html" "Mozilla/5.0 (Linux; Android 12; SAMSUNG SM-S9080) AppleWebKit/537.36 (KHTML, like Gecko) SamsungBrowser/17.0 Chrome/96.0.4664.104 Mobile Safari/537.36" "www.ysfine.com"
117.136.81.134 - - [26/Sep/2022:19:34:04 -0700] "GET /feynman/feynman270.jpg HTTP/1.1" 200 37830 "https://www.ysfine.com/maga/naimark.html" "Mozilla/5.0 (Linux; Android 12; SAMSUNG SM-S9080) AppleWebKit/537.36 (KHTML, like Gecko) SamsungBrowser/17.0 Chrome/96.0.4664.104 Mobile Safari/537.36" "www.ysfine.com"
117.136.81.134 - - [26/Sep/2022:19:34:04 -0700] "GET /maga/phys/naimar/pewk09b.jpg HTTP/1.1" 200 35133 "https://www.ysfine.com/maga/naimark.html" "Mozilla/5.0 (Linux; Android 12; SAMSUNG SM-S9080) AppleWebKit/537.36 (KHTML, like Gecko) SamsungBrowser/17.0 Chrome/96.0.4664.104 Mobile Safari/537.36" "www.ysfine.com"
117.136.81.134 - - [26/Sep/2022:19:34:04 -0700] "GET /maga/phys/naimar/poincs33b.jpg HTTP/1.1" 200 65195 "https://www.ysfine.com/maga/naimark.html" "Mozilla/5.0 (Linux; Android 12; SAMSUNG SM-S9080) AppleWebKit/537.36 (KHTML, like Gecko) SamsungBrowser/17.0 Chrome/96.0.4664.104 Mobile Safari/537.36" "www.ysfine.com"
117.136.81.134 - - [26/Sep/2022:19:34:04 -0700] "GET /maga/phys/naimar/pewk03b.jpg HTTP/1.1" 200 29359 "https://www.ysfine.com/maga/naimark.html" "Mozilla/5.0 (Linux; Android 12; SAMSUNG SM-S9080) AppleWebKit/537.36 (KHTML, like Gecko) SamsungBrowser/17.0 Chrome/96.0.4664.104 Mobile Safari/537.36" "www.ysfine.com"
117.136.81.134 - - [26/Sep/2022:19:34:04 -0700] "GET /maga/phys/naimar/pewk02b.jpg HTTP/1.1" 200 32109 "https://www.ysfine.com/maga/naimark.html" "Mozilla/5.0 (Linux; Android 12; SAMSUNG SM-S9080) AppleWebKit/537.36 (KHTML, like Gecko) SamsungBrowser/17.0 Chrome/96.0.4664.104 Mobile Safari/537.36" "www.ysfine.com"
117.136.81.134 - - [26/Sep/2022:19:34:04 -0700] "GET /maga/phys/naimar/pewk10b.jpg HTTP/1.1" 200 44175 "https://www.ysfine.com/maga/naimark.html" "Mozilla/5.0 (Linux; Android 12; SAMSUNG SM-S9080) AppleWebKit/537.36 (KHTML, like Gecko) SamsungBrowser/17.0 Chrome/96.0.4664.104 Mobile Safari/537.36" "www.ysfine.com"
117.136.81.134 - - [26/Sep/2022:19:34:04 -0700] "GET /maga/phys/naimar/pewk14b.jpg HTTP/1.1" 200 35927 "https://www.ysfine.com/maga/naimark.html" "Mozilla/5.0 (Linux; Android 12; SAMSUNG SM-S9080) AppleWebKit/537.36 (KHTML, like Gecko) SamsungBrowser/17.0 Chrome/96.0.4664.104 Mobile Safari/537.36" "www.ysfine.com"
117.136.81.134 - - [26/Sep/2022:19:34:07 -0700] "GET /favicon.ico HTTP/1.1" 404 88 "https://www.ysfine.com/maga/naimark.html" "Mozilla/5.0 (Linux; Android 12; SAMSUNG SM-S9080) AppleWebKit/537.36 (KHTML, like Gecko) SamsungBrowser/17.0 Chrome/96.0.4664.104 Mobile Safari/537.36" "www.ysfine.com"
185.191.171.45 - - [26/Sep/2022:19:34:22 -0700] "GET /einstein/standingw.html HTTP/1.1" 200 2754 "-" "Mozilla/5.0 (compatible; SemrushBot/7~bl; +http://www.semrush.com/bot.html)" "www.ysfine.com"
185.191.171.33 - - [26/Sep/2022:19:34:30 -0700] "GET /world/ital/galmil.html HTTP/1.1" 200 1084 "-" "Mozilla/5.0 (compatible; SemrushBot/7~bl; +http://www.semrush.com/bot.html)" "ysfine.com"
157.55.39.128 - - [26/Sep/2022:19:34:56 -0700] "GET /world/france/montmar04.jpg HTTP/1.1" 200 89046 "-" "Mozilla/5.0 (compatible; bingbot/2.0; +http://www.bing.com/bingbot.htm)" "ysfine.com"
123.125.109.45 - - [26/Sep/2022:19:35:23 -0700] "GET / HTTP/1.1" 200 5283 "-" "Sogou web spider/4.0(+http://www.sogou.com/docs/help/webmasters.htm#07)" "ysfine.com"
157.55.39.55 - - [26/Sep/2022:19:35:45 -0700] "GET /world/russ/roskei94.jpg HTTP/1.1" 200 108504 "-" "Mozilla/5.0 (compatible; bingbot/2.0; +http://www.bing.com/bingbot.htm)" "www.ysfine.com"
157.55.39.55 - - [26/Sep/2022:19:35:48 -0700] "GET /world/germany/stutt12.jpg HTTP/1.1" 200 134865 "-" "Mozilla/5.0 (compatible; bingbot/2.0; +http://www.bing.com/bingbot.htm)" "ysfine.com"
157.55.39.55 - - [26/Sep/2022:19:36:35 -0700] "GET /world/china/shanghai081.jpg HTTP/1.1" 200 98928 "-" "Mozilla/5.0 (compatible; bingbot/2.0; +http://www.bing.com/bingbot.htm)" "www.ysfine.com"
193.169.254.211 - - [26/Sep/2022:19:37:59 -0700] "GET / HTTP/1.1" 200 15910 "-" "firefox" "ysfine.com"
157.55.39.58 - - [26/Sep/2022:19:38:53 -0700] "GET /world/germany/johannstra88.jpg HTTP/1.1" 200 65992 "-" "Mozilla/5.0 (compatible; bingbot/2.0; +http://www.bing.com/bingbot.htm)" "ysfine.com"
207.46.13.180 - - [26/Sep/2022:19:39:19 -0700] "GET /maga/phil/nietzsche11b.jpg HTTP/1.1" 200 31647 "-" "Mozilla/5.0 (compatible; bingbot/2.0; +http://www.bing.com/bingbot.htm)" "www.ysfine.com"
157.55.39.58 - - [26/Sep/2022:19:39:42 -0700] "GET /einstein/maxwell55b.jpg HTTP/1.1" 200 36378 "-" "Mozilla/5.0 (compatible; bingbot/2.0; +http://www.bing.com/bingbot.htm)" "www.ysfine.com"
47.14.162.141 - - [26/Sep/2022:19:39:42 -0700] "GET /wisdom/wk96.html HTTP/1.1" 200 68873 "https://www.google.com/" "Mozilla/5.0 (Macintosh; Intel Mac OS X 10_12_6) AppleWebKit/537.36 (KHTML, like Gecko) Chrome/103.0.0.0 Safari/537.36" "ysfine.com"
47.14.162.141 - - [26/Sep/2022:19:39:43 -0700] "GET /favicon.ico HTTP/1.1" 404 88 "https://ysfine.com/wisdom/wk96.html" "Mozilla/5.0 (Macintosh; Intel Mac OS X 10_12_6) AppleWebKit/537.36 (KHTML, like Gecko) Chrome/103.0.0.0 Safari/537.36" "ysfine.com"
40.77.167.61 - - [26/Sep/2022:19:39:51 -0700] "GET /kobak/rheetr22.jpg HTTP/1.1" 200 208598 "-" "Mozilla/5.0 (compatible; bingbot/2.0; +http://www.bing.com/bingbot.htm)" "ysfine.com"
185.191.171.39 - - [26/Sep/2022:19:40:08 -0700] "GET /princeton/campus.html HTTP/1.1" 200 15142 "-" "Mozilla/5.0 (compatible; SemrushBot/7~bl; +http://www.semrush.com/bot.html)" "www.ysfine.com"
40.77.167.61 - - [26/Sep/2022:19:40:22 -0700] "GET /home/top21c.jpg HTTP/1.1" 200 53120 "-" "Mozilla/5.0 (compatible; bingbot/2.0; +http://www.bing.com/bingbot.htm)" "www.ysfine.com"
51.222.253.15 - - [26/Sep/2022:19:40:28 -0700] "GET /class54/class5480/Pictures/1.%C3%AC%C2%A0%C2%91%C3%AC%C2%88%C2%98%C3%AB%C2%B0%C2%8F%C3%AD%C2%99%C2%98%C3%AB%C2%8B%C2%B4/?C=D;O=A HTTP/1.1" 200 869 "-" "Mozilla/5.0 (compatible; AhrefsBot/7.0; +http://ahrefs.com/robot/)" "www.ysfine.com"
86.121.125.121 - - [26/Sep/2022:19:40:46 -0700] "GET /einstein/places/einha05.jpg HTTP/1.1" 200 138021 "https://www.google.com/" "Mozilla/5.0 (Windows NT 10.0; Win64; x64) AppleWebKit/537.36 (KHTML, like Gecko) Chrome/105.0.0.0 Safari/537.36" "ysfine.com"
66.249.66.40 - - [26/Sep/2022:19:40:49 -0700] "GET /people/manko84.jpg HTTP/1.1" 200 50952 "-" "Googlebot-Image/1.0" "ysfine.com"
114.119.128.14 - - [26/Sep/2022:19:41:02 -0700] "GET /newyork HTTP/1.1" 301 1408 "-" "Mozilla/5.0 (Linux; Android 7.0;) AppleWebKit/537.36 (KHTML, like Gecko) Mobile Safari/537.36 (compatible; PetalBot;+https://webmaster.petalsearch.com/site/petalbot)" "www.ysfine.com"
114.119.128.14 - - [26/Sep/2022:19:41:03 -0700] "GET /newyork/ HTTP/1.1" 200 132 "-" "Mozilla/5.0 (Linux; Android 7.0;) AppleWebKit/537.36 (KHTML, like Gecko) Mobile Safari/537.36 (compatible; PetalBot;+https://webmaster.petalsearch.com/site/petalbot)" "www.ysfine.com"
157.55.39.58 - - [26/Sep/2022:19:41:03 -0700] "GET /kobak/rhee48.jpg HTTP/1.1" 200 340529 "-" "Mozilla/5.0 (compatible; bingbot/2.0; +http://www.bing.com/bingbot.htm)" "www.ysfine.com"
114.119.128.14 - - [26/Sep/2022:19:41:04 -0700] "GET /newyork/nyleft.html HTTP/1.1" 200 905 "https://www.ysfine.com/newyork/" "Mozilla/5.0 (Linux; Android 7.0;) AppleWebKit/537.36 (KHTML, like Gecko) Mobile Safari/537.36 (compatible; PetalBot;+https://webmaster.petalsearch.com/site/petalbot)" "www.ysfine.com"
114.119.128.14 - - [26/Sep/2022:19:41:04 -0700] "GET /newyork/nyc.html HTTP/1.1" 200 31389 "https://www.ysfine.com/newyork/" "Mozilla/5.0 (Linux; Android 7.0;) AppleWebKit/537.36 (KHTML, like Gecko) Mobile Safari/537.36 (compatible; PetalBot;+https://webmaster.petalsearch.com/site/petalbot)" "www.ysfine.com"
77.88.5.174 - - [26/Sep/2022:19:41:04 -0700] "GET /einstein/further.html HTTP/1.1" 200 4338 "-" "Mozilla/5.0 (compatible; YandexBot/3.0; +http://yandex.com/bots)" "www.ysfine.com"
207.46.13.102 - - [26/Sep/2022:19:41:52 -0700] "GET /world/russ/spbm06.jpg HTTP/1.1" 200 114511 "-" "Mozilla/5.0 AppleWebKit/537.36 (KHTML, like Gecko; compatible; bingbot/2.0; +http://www.bing.com/bingbot.htm) Chrome/103.0.5060.134 Safari/537.36" "www.ysfine.com"
14.161.23.225 - - [26/Sep/2022:19:44:05 -0700] "GET /fbook/underw100.jpg HTTP/1.1" 200 263265 "https://www.google.com/" "Mozilla/5.0 (Windows NT 10.0; Win64; x64) AppleWebKit/537.36 (KHTML, like Gecko) Chrome/105.0.0.0 Safari/537.36" "ysfine.com"
40.77.167.61 - - [26/Sep/2022:19:44:42 -0700] "GET /einstein/einbike11.jpg HTTP/1.1" 200 169299 "-" "Mozilla/5.0 (compatible; bingbot/2.0; +http://www.bing.com/bingbot.htm)" "ysfine.com"
207.46.13.102 - - [26/Sep/2022:19:45:01 -0700] "GET /world/china/dandongbr03.jpg HTTP/1.1" 200 103186 "-" "Mozilla/5.0 AppleWebKit/537.36 (KHTML, like Gecko; compatible; bingbot/2.0; +http://www.bing.com/bingbot.htm) Chrome/103.0.5060.134 Safari/537.36" "ysfine.com"
157.55.39.58 - - [26/Sep/2022:19:45:03 -0700] "GET /world/china/beijing014.jpg HTTP/1.1" 200 104683 "-" "Mozilla/5.0 AppleWebKit/537.36 (KHTML, like Gecko; compatible; bingbot/2.0; +http://www.bing.com/bingbot.htm) Chrome/103.0.5060.134 Safari/537.36" "www.ysfine.com"
207.46.13.180 - - [26/Sep/2022:19:46:50 -0700] "GET /style/minsko11.jpg HTTP/1.1" 200 120607 "-" "Mozilla/5.0 (compatible; bingbot/2.0; +http://www.bing.com/bingbot.htm)" "ysfine.com"
157.55.39.128 - - [26/Sep/2022:19:46:57 -0700] "GET /eink/parton33a.jpg HTTP/1.1" 200 66275 "-" "Mozilla/5.0 (compatible; bingbot/2.0; +http://www.bing.com/bingbot.htm)" "ysfine.com"
185.191.171.41 - - [26/Sep/2022:19:48:11 -0700] "GET /world/muplace.html HTTP/1.1" 200 22028 "-" "Mozilla/5.0 (compatible; SemrushBot/7~bl; +http://www.semrush.com/bot.html)" "www.ysfine.com"
114.119.137.200 - - [26/Sep/2022:19:49:01 -0700] "GET /robots.txt HTTP/1.1" 404 88 "-" "Mozilla/5.0 (compatible;PetalBot;+https://webmaster.petalsearch.com/site/petalbot)" "ysfine.com"
185.191.171.5 - - [26/Sep/2022:19:49:08 -0700] "GET /wigner/wigheisen.html HTTP/1.1" 200 3346 "-" "Mozilla/5.0 (compatible; SemrushBot/7~bl; +http://www.semrush.com/bot.html)" "ysfine.com"
207.46.13.180 - - [26/Sep/2022:19:49:10 -0700] "GET /usca/pitt/stadium.jpg HTTP/1.1" 200 84535 "-" "Mozilla/5.0 (compatible; bingbot/2.0; +http://www.bing.com/bingbot.htm)" "ysfine.com"
185.191.171.4 - - [26/Sep/2022:19:50:30 -0700] "GET /maga/edison.html HTTP/1.1" 200 4787 "-" "Mozilla/5.0 (compatible; SemrushBot/7~bl; +http://www.semrush.com/bot.html)" "www.ysfine.com"
66.249.66.4 - - [26/Sep/2022:19:50:38 -0700] "GET /robots.txt HTTP/1.1" 404 88 "-" "Mozilla/5.0 (compatible; Googlebot/2.1; +http://www.google.com/bot.html)" "ysfine.com"
40.77.167.61 - - [26/Sep/2022:19:50:43 -0700] "GET /world/latina/rio070.jpg HTTP/1.1" 200 105924 "-" "Mozilla/5.0 AppleWebKit/537.36 (KHTML, like Gecko; compatible; bingbot/2.0; +http://www.bing.com/bingbot.htm) Chrome/103.0.5060.134 Safari/537.36" "ysfine.com"
185.191.171.4 - - [26/Sep/2022:19:50:55 -0700] "GET /world/spb.html HTTP/1.1" 200 16118 "-" "Mozilla/5.0 (compatible; SemrushBot/7~bl; +http://www.semrush.com/bot.html)" "www.ysfine.com"
40.77.167.61 - - [26/Sep/2022:19:51:23 -0700] "GET /world/russ/kazan002.jpg HTTP/1.1" 200 106231 "-" "Mozilla/5.0 (compatible; bingbot/2.0; +http://www.bing.com/bingbot.htm)" "ysfine.com"
17.121.115.110 - - [26/Sep/2022:19:51:26 -0700] "GET /home/feysavior.html HTTP/1.1" 200 2737 "-" "Mozilla/5.0 (Macintosh; Intel Mac OS X 10_15_5) AppleWebKit/605.1.15 (KHTML, like Gecko) Version/13.1.1 Safari/605.1.15 (Applebot/0.1; +http://www.apple.com/go/applebot)" "ysfine.com"
157.55.39.58 - - [26/Sep/2022:19:52:14 -0700] "GET /world/russ/kremtheater11.jpg HTTP/1.1" 200 174356 "-" "Mozilla/5.0 (compatible; bingbot/2.0; +http://www.bing.com/bingbot.htm)" "www.ysfine.com"
185.191.171.38 - - [26/Sep/2022:19:52:56 -0700] "GET /robots.txt HTTP/1.1" 404 88 "-" "Mozilla/5.0 (compatible; SemrushBot/7~bl; +http://www.semrush.com/bot.html)" "www.ysfine.com"
185.191.171.12 - - [26/Sep/2022:19:52:57 -0700] "GET /jobs/usaj.html HTTP/1.1" 200 649 "-" "Mozilla/5.0 (compatible; SemrushBot/7~bl; +http://www.semrush.com/bot.html)" "www.ysfine.com"
185.191.171.15 - - [26/Sep/2022:19:53:14 -0700] "GET /world/veneto.html HTTP/1.1" 200 6676 "-" "Mozilla/5.0 (compatible; SemrushBot/7~bl; +http://www.semrush.com/bot.html)" "ysfine.com"
95.163.255.80 - - [26/Sep/2022:19:53:16 -0700] "GET /robots.txt HTTP/1.1" 404 73 "-" "Mozilla/5.0 (compatible; Linux x86_64; Mail.RU_Bot/Img/2.0; +https://help.mail.ru/webmaster/indexing/robots)" "ysfine.com"
66.249.66.216 - - [26/Sep/2022:19:54:07 -0700] "GET /dirac/dirac63.jpg HTTP/1.1" 304 - "-" "Googlebot-Image/1.0" "ysfine.com"
107.77.202.69 - - [26/Sep/2022:19:55:15 -0700] "GET /princeton/alexan22.jpg HTTP/1.1" 200 175436 "https://www.google.com/" "Mozilla/5.0 (Macintosh; Intel Mac OS X 10_15_7) AppleWebKit/537.36 (KHTML, like Gecko) Chrome/105.0.0.0 Safari/537.36" "ysfine.com"
157.55.39.58 - - [26/Sep/2022:19:55:35 -0700] "GET /world/hungary/hunstu27.jpg HTTP/1.1" 200 105364 "-" "Mozilla/5.0 AppleWebKit/537.36 (KHTML, like Gecko; compatible; bingbot/2.0; +http://www.bing.com/bingbot.htm) Chrome/103.0.5060.134 Safari/537.36" "www.ysfine.com"
185.191.171.13 - - [26/Sep/2022:19:56:10 -0700] "GET /home/easy.html HTTP/1.1" 200 7877 "-" "Mozilla/5.0 (compatible; SemrushBot/7~bl; +http://www.semrush.com/bot.html)" "www.ysfine.com"
34.67.96.123 - - [26/Sep/2022:19:56:16 -0700] "GET /feynman/ptoday89.jpg HTTP/1.1" 200 101842 "-" "Mozilla/5.0 (X11; Ubuntu; Linux x86_64; rv:72.0) Gecko/20100101 Firefox/72.0" "ysfine.com"
185.191.171.11 - - [26/Sep/2022:19:56:25 -0700] "GET /wdc/wasdc.html HTTP/1.1" 200 13715 "-" "Mozilla/5.0 (compatible; SemrushBot/7~bl; +http://www.semrush.com/bot.html)" "www.ysfine.com"
207.46.13.180 - - [26/Sep/2022:19:56:31 -0700] "GET /wdc/lincoln01.jpg HTTP/1.1" 200 45179 "-" "Mozilla/5.0 (compatible; bingbot/2.0; +http://www.bing.com/bingbot.htm)" "ysfine.com"
185.191.171.9 - - [26/Sep/2022:19:57:12 -0700] "GET /maga/lorenuni.html HTTP/1.1" 200 2365 "-" "Mozilla/5.0 (compatible; SemrushBot/7~bl; +http://www.semrush.com/bot.html)" "www.ysfine.com"
95.163.255.80 - - [26/Sep/2022:19:57:22 -0700] "GET /einstein/eins21b.jpg HTTP/1.1" 200 36971 "http://go.mail.ru/search_images" "Mozilla/5.0 (compatible; Linux x86_64; Mail.RU_Bot/Img/2.0; +https://help.mail.ru/webmaster/indexing/robots)" "ysfine.com"
157.55.39.128 - - [26/Sep/2022:19:57:57 -0700] "GET /world/baltic/kantbooks.jpg HTTP/1.1" 200 77805 "-" "Mozilla/5.0 (compatible; bingbot/2.0; +http://www.bing.com/bingbot.htm)" "ysfine.com"
157.55.39.128 - - [26/Sep/2022:19:58:18 -0700] "GET /world/russ/basil07.jpg HTTP/1.1" 200 90530 "-" "Mozilla/5.0 (compatible; bingbot/2.0; +http://www.bing.com/bingbot.htm)" "ysfine.com"
157.55.39.128 - - [26/Sep/2022:19:58:38 -0700] "GET /usca/pitt/steelm02.jpg HTTP/1.1" 200 122294 "-" "Mozilla/5.0 (compatible; bingbot/2.0; +http://www.bing.com/bingbot.htm)" "www.ysfine.com"
147.41.128.35 - - [26/Sep/2022:19:58:43 -0700] "GET /maga/histo/oscar33.jpg HTTP/1.1" 200 140181 "https://www.google.com/" "Mozilla/5.0 (Windows NT 10.0; Win64; x64) AppleWebKit/537.36 (KHTML, like Gecko) Chrome/105.0.0.0 Safari/537.36" "ysfine.com"
185.191.171.3 - - [26/Sep/2022:19:58:54 -0700] "GET /style/rieu.html HTTP/1.1" 200 1211 "-" "Mozilla/5.0 (compatible; SemrushBot/7~bl; +http://www.semrush.com/bot.html)" "www.ysfine.com"
147.41.128.35 - - [26/Sep/2022:19:59:13 -0700] "GET /maga/histo/oscar22.jpg HTTP/1.1" 200 101665 "https://www.google.com/" "Mozilla/5.0 (Windows NT 10.0; Win64; x64) AppleWebKit/537.36 (KHTML, like Gecko) Chrome/105.0.0.0 Safari/537.36" "ysfine.com"
66.249.66.62 - - [26/Sep/2022:20:00:26 -0700] "GET /world/france/nicef15.jpg HTTP/1.1" 200 59653 "-" "Googlebot-Image/1.0" "www.ysfine.com"
185.191.171.16 - - [26/Sep/2022:20:00:29 -0700] "GET /world/kazan22.html HTTP/1.1" 200 13776 "-" "Mozilla/5.0 (compatible; SemrushBot/7~bl; +http://www.semrush.com/bot.html)" "ysfine.com"
185.191.171.35 - - [26/Sep/2022:20:00:34 -0700] "GET /style/tatyana.html HTTP/1.1" 200 8475 "-" "Mozilla/5.0 (compatible; SemrushBot/7~bl; +http://www.semrush.com/bot.html)" "ysfine.com"
207.46.13.180 - - [26/Sep/2022:20:00:51 -0700] "GET /people/sbtwein2.jpg HTTP/1.1" 200 30398 "-" "Mozilla/5.0 (compatible; bingbot/2.0; +http://www.bing.com/bingbot.htm)" "ysfine.com"
207.46.13.102 - - [26/Sep/2022:20:00:53 -0700] "GET /kor/self01.jpg HTTP/1.1" 200 78291 "-" "Mozilla/5.0 (compatible; bingbot/2.0; +http://www.bing.com/bingbot.htm)" "www.ysfine.com"
157.55.39.58 - - [26/Sep/2022:20:01:05 -0700] "GET /world/ital/flor090.jpg HTTP/1.1" 200 149164 "-" "Mozilla/5.0 (compatible; bingbot/2.0; +http://www.bing.com/bingbot.htm)" "ysfine.com"
207.46.13.102 - - [26/Sep/2022:20:01:44 -0700] "GET /world/baltic/riga30.jpg HTTP/1.1" 200 63272 "-" "Mozilla/5.0 (compatible; bingbot/2.0; +http://www.bing.com/bingbot.htm)" "ysfine.com"
157.55.39.55 - - [26/Sep/2022:20:02:19 -0700] "GET /sbk/2007renai.jpg HTTP/1.1" 200 148296 "-" "Mozilla/5.0 (compatible; bingbot/2.0; +http://www.bing.com/bingbot.htm)" "ysfine.com"
93.158.131.175 - - [26/Sep/2022:20:03:07 -0700] "GET /world/russ/volga23.jpg HTTP/1.1" 200 139621 "-" "Mozilla/5.0 (compatible; YandexImageResizer/2.0; +http://yandex.com/bots)" "www.ysfine.com"
64.124.8.53 - - [26/Sep/2022:20:03:42 -0700] "GET /robots.txt HTTP/1.1" 404 88 "-" "Mozilla/5.0 (X11; Linux x86_64) AppleWebKit/537.36 (KHTML, like Gecko) Chrome/61.0.3163.79 Safari/537.36" "www.ysfine.com"
207.46.13.102 - - [26/Sep/2022:20:03:45 -0700] "GET /people/wheemaine.jpg HTTP/1.1" 200 98240 "-" "Mozilla/5.0 AppleWebKit/537.36 (KHTML, like Gecko; compatible; bingbot/2.0; +http://www.bing.com/bingbot.htm) Chrome/103.0.5060.134 Safari/537.36" "ysfine.com"
185.191.171.4 - - [26/Sep/2022:20:04:19 -0700] "GET /home/internal.html HTTP/1.1" 200 2294 "-" "Mozilla/5.0 (compatible; SemrushBot/7~bl; +http://www.semrush.com/bot.html)" "www.ysfine.com"
40.77.167.61 - - [26/Sep/2022:20:04:34 -0700] "GET /world/france/antibes12.jpg HTTP/1.1" 200 150905 "-" "Mozilla/5.0 (compatible; bingbot/2.0; +http://www.bing.com/bingbot.htm)" "ysfine.com"
64.124.8.48 - - [26/Sep/2022:20:05:50 -0700] "GET /robots.txt HTTP/1.1" 404 88 "-" "Mozilla/5.0 (X11; Linux x86_64) AppleWebKit/537.36 (KHTML, like Gecko) Chrome/61.0.3163.79 Safari/537.36" "ysfine.com"
64.124.8.48 - - [26/Sep/2022:20:05:50 -0700] "GET /princeton/index.html HTTP/1.1" 304 - "-" "Mozilla/5.0 (X11; Linux x86_64) AppleWebKit/537.36 (KHTML, like Gecko) Chrome/61.0.3163.79 Safari/537.36" "ysfine.com"
95.163.255.100 - - [26/Sep/2022:20:06:09 -0700] "GET /dirac/diracbul2.jpg HTTP/1.1" 200 31194 "http://go.mail.ru/search_images" "Mozilla/5.0 (compatible; Linux x86_64; Mail.RU_Bot/Img/2.0; +https://help.mail.ru/webmaster/indexing/robots)" "ysfine.com"
185.191.171.37 - - [26/Sep/2022:20:06:16 -0700] "GET /maga/aquinas.html HTTP/1.1" 200 3433 "-" "Mozilla/5.0 (compatible; SemrushBot/7~bl; +http://www.semrush.com/bot.html)" "www.ysfine.com"
157.55.39.128 - - [26/Sep/2022:20:07:19 -0700] "GET /world/germany/hegel21b.jpg HTTP/1.1" 200 52348 "-" "Mozilla/5.0 (compatible; bingbot/2.0; +http://www.bing.com/bingbot.htm)" "www.ysfine.com"
64.124.8.48 - - [26/Sep/2022:20:07:58 -0700] "GET /awards/index.html HTTP/1.1" 200 9993 "-" "Mozilla/5.0 (X11; Linux x86_64) AppleWebKit/537.36 (KHTML, like Gecko) Chrome/61.0.3163.79 Safari/537.36" "ysfine.com"
207.46.13.180 - - [26/Sep/2022:20:08:01 -0700] "GET /world/china/china018b.jpg HTTP/1.1" 200 38858 "-" "Mozilla/5.0 (compatible; bingbot/2.0; +http://www.bing.com/bingbot.htm)" "ysfine.com"
185.191.171.25 - - [26/Sep/2022:20:08:10 -0700] "GET /style/shops.html HTTP/1.1" 200 2829 "-" "Mozilla/5.0 (compatible; SemrushBot/7~bl; +http://www.semrush.com/bot.html)" "www.ysfine.com"
157.55.39.58 - - [26/Sep/2022:20:08:45 -0700] "GET /maga/histo/oscar22.jpg HTTP/1.1" 200 101665 "-" "Mozilla/5.0 AppleWebKit/537.36 (KHTML, like Gecko; compatible; bingbot/2.0; +http://www.bing.com/bingbot.htm) Chrome/103.0.5060.134 Safari/537.36" "ysfine.com"
157.55.39.55 - - [26/Sep/2022:20:09:19 -0700] "GET /world/russ/basil01b.jpg HTTP/1.1" 200 42711 "-" "Mozilla/5.0 (compatible; bingbot/2.0; +http://www.bing.com/bingbot.htm)" "ysfine.com"
185.191.171.43 - - [26/Sep/2022:20:09:26 -0700] "GET /sbk/2010.html HTTP/1.1" 200 14455 "-" "Mozilla/5.0 (compatible; SemrushBot/7~bl; +http://www.semrush.com/bot.html)" "www.ysfine.com"
207.46.13.180 - - [26/Sep/2022:20:10:12 -0700] "GET /world/france/pariso09.jpg HTTP/1.1" 200 109419 "-" "Mozilla/5.0 (compatible; bingbot/2.0; +http://www.bing.com/bingbot.htm)" "www.ysfine.com"
95.163.255.71 - - [26/Sep/2022:20:10:31 -0700] "GET /world/france/arusas01b.jpg HTTP/1.1" 200 78904 "http://go.mail.ru/search_images" "Mozilla/5.0 (compatible; Linux x86_64; Mail.RU_Bot/Img/2.0; +https://help.mail.ru/webmaster/indexing/robots)" "ysfine.com"
207.46.13.102 - - [26/Sep/2022:20:10:34 -0700] "GET /maga/phil/tao06.jpg HTTP/1.1" 200 78164 "-" "Mozilla/5.0 (compatible; bingbot/2.0; +http://www.bing.com/bingbot.htm)" "ysfine.com"
185.191.171.7 - - [26/Sep/2022:20:10:54 -0700] "GET /dirac/dirackim62.html HTTP/1.1" 200 2970 "-" "Mozilla/5.0 (compatible; SemrushBot/7~bl; +http://www.semrush.com/bot.html)" "ysfine.com"
157.55.39.58 - - [26/Sep/2022:20:10:55 -0700] "GET /einstein/emc22.jpg HTTP/1.1" 200 126321 "-" "Mozilla/5.0 (compatible; bingbot/2.0; +http://www.bing.com/bingbot.htm)" "www.ysfine.com"
23.240.99.239 - - [26/Sep/2022:20:11:03 -0700] "GET /maga/phys/naimar/pewk09.jpg HTTP/1.1" 200 54557 "https://images.search.yahoo.com/yhs/search;_ylt=AwrOueqeaTJjpGAW_X40nIlQ?p=vector+invariance+formula&hsimp=yhs-SF01&hspart=Lkry&type=ANYS_D3WKH_set_bcr_%2452462_000000%24&param1=mT_U3OaqFRgW9ZiMp1Ha3xmzYuuvTjdvU3UiP7I__sVc1NuQrHcaRQb6DrutWZKlcgDOFrjBA8ghQNFcrL0XjnSHsWjzh969GKHtyro2dsvzb4OIYvk5N8_dw9ry-fRHHk1x8k9pSAfVi-WVPtmdFxRGnTzzeFcudntmQ6NnfjD9Urj_0pAWNLXII5Mm_Skc_477C0PFBRwvW6hTCjgj2jw8Wc2oj18DUFvtp0HMgcfhk6T9J9bpEUSqyBl1flukciUOE15Jdjwkjk7R1iqcfYpAssJcqBqF4GOgC7np3guqu4cy2vaLgSxzWnvkHCpGzGkcLbBgegjDuMl-vGxz&fr=yhs-Lkry-SF01&fr2=p%3As%2Cv%3Av%2Cm%3Apivot" "Mozilla/5.0 (Macintosh; Intel Mac OS X 10_15_7) AppleWebKit/537.36 (KHTML, like Gecko) Chrome/96.0.4664.55 Safari/537.36" "www.ysfine.com"
185.191.171.5 - - [26/Sep/2022:20:11:10 -0700] "GET /maga/eisenstein.html HTTP/1.1" 200 8460 "-" "Mozilla/5.0 (compatible; SemrushBot/7~bl; +http://www.semrush.com/bot.html)" "ysfine.com"
104.28.94.211 - - [26/Sep/2022:20:11:21 -0700] "GET /wigner/neum/vnc02.jpg HTTP/1.1" 200 122957 "https://www.google.com/" "Mozilla/5.0 (Macintosh; Intel Mac OS X 10_15_6) AppleWebKit/605.1.15 (KHTML, like Gecko) Version/15.6,2 Safari/605.1.15" "ysfine.com"
40.77.167.61 - - [26/Sep/2022:20:12:05 -0700] "GET /world/hungary/kodaly01.jpg HTTP/1.1" 200 157349 "-" "Mozilla/5.0 (compatible; bingbot/2.0; +http://www.bing.com/bingbot.htm)" "ysfine.com"
40.77.167.61 - - [26/Sep/2022:20:12:55 -0700] "GET /feynman/ppic/quapar55c.jpg HTTP/1.1" 200 49178 "-" "Mozilla/5.0 (compatible; bingbot/2.0; +http://www.bing.com/bingbot.htm)" "ysfine.com"
173.73.80.118 - - [26/Sep/2022:20:13:14 -0700] "GET /favicon.ico HTTP/1.1" 404 88 "https://ysfine.com/style/proschanie.html" "Mozilla/5.0 (Windows NT 10.0; Win64; x64) AppleWebKit/537.36 (KHTML, like Gecko) Chrome/105.0.0.0 Safari/537.36 Edg/105.0.1343.50" "ysfine.com"
156.59.237.147 - - [26/Sep/2022:20:13:34 -0700] "GET /feynman/page55.jpg HTTP/1.1" 200 98479 "-" "Mozilla/5.0 (X11; Ubuntu; Linux x86_64; rv:72.0) Gecko/20100101 Firefox/72.0" "www.ysfine.com"
185.191.171.10 - - [26/Sep/2022:20:14:19 -0700] "GET /awards/index.html HTTP/1.1" 200 9993 "-" "Mozilla/5.0 (compatible; SemrushBot/7~bl; +http://www.semrush.com/bot.html)" "ysfine.com"
40.77.167.61 - - [26/Sep/2022:20:16:05 -0700] "GET /usca/pitt/oldterm33b.jpg HTTP/1.1" 200 32151 "-" "Mozilla/5.0 (compatible; bingbot/2.0; +http://www.bing.com/bingbot.htm)" "www.ysfine.com"
157.55.39.128 - - [26/Sep/2022:20:16:10 -0700] "GET /world/munich.html HTTP/1.1" 200 3101 "-" "Mozilla/5.0 (compatible; bingbot/2.0; +http://www.bing.com/bingbot.htm)" "ysfine.com"
207.46.13.102 - - [26/Sep/2022:20:16:14 -0700] "GET /jakella/index.html HTTP/1.1" 200 1693 "-" "Mozilla/5.0 (compatible; bingbot/2.0; +http://www.bing.com/bingbot.htm)" "ysfine.com"
157.55.39.55 - - [26/Sep/2022:20:16:15 -0700] "GET /world/andal.html HTTP/1.1" 200 10099 "-" "Mozilla/5.0 (compatible; bingbot/2.0; +http://www.bing.com/bingbot.htm)" "ysfine.com"
207.46.13.102 - - [26/Sep/2022:20:16:24 -0700] "GET /maga/hermite.html HTTP/1.1" 200 4102 "-" "Mozilla/5.0 (compatible; bingbot/2.0; +http://www.bing.com/bingbot.htm)" "ysfine.com"
40.77.167.61 - - [26/Sep/2022:20:16:29 -0700] "GET /home/dwf33.html HTTP/1.1" 200 7188 "-" "Mozilla/5.0 (compatible; bingbot/2.0; +http://www.bing.com/bingbot.htm)" "ysfine.com"
99.75.50.18 - - [26/Sep/2022:20:17:09 -0700] "GET /wisdom/wk00.html HTTP/1.1" 200 85964 "https://www.google.com/" "Mozilla/5.0 (iPhone; CPU iPhone OS 15_6_1 like Mac OS X) AppleWebKit/605.1.15 (KHTML, like Gecko) Version/15.6.1 Mobile/15E148 Safari/604.1" "ysfine.com"
99.75.50.18 - - [26/Sep/2022:20:17:09 -0700] "GET /favicon.ico HTTP/1.1" 404 88 "https://ysfine.com/wisdom/wk00.html" "Mozilla/5.0 (iPhone; CPU iPhone OS 15_6_1 like Mac OS X) AppleWebKit/605.1.15 (KHTML, like Gecko) Version/15.6.1 Mobile/15E148 Safari/604.1" "ysfine.com"
118.184.177.50 - - [26/Sep/2022:20:17:14 -0700] "GET / HTTP/1.1" 200 5283 "-" "Sogou web spider/4.0(+http://www.sogou.com/docs/help/webmasters.htm#07)" "ysfine.com"
157.55.39.58 - - [26/Sep/2022:20:18:17 -0700] "GET /world/baltic/kalin36b.jpg HTTP/1.1" 200 29962 "-" "Mozilla/5.0 AppleWebKit/537.36 (KHTML, like Gecko; compatible; bingbot/2.0; +http://www.bing.com/bingbot.htm) Chrome/103.0.5060.134 Safari/537.36" "www.ysfine.com"
99.75.50.18 - - [26/Sep/2022:20:18:35 -0700] "GET /wisdom/wk00.html HTTP/1.1" 200 85964 "https://www.google.com/" "Mozilla/5.0 (Macintosh; Intel Mac OS X 10_15_7) AppleWebKit/537.36 (KHTML, like Gecko) Chrome/105.0.0.0 Safari/537.36" "ysfine.com"
99.75.50.18 - - [26/Sep/2022:20:18:35 -0700] "GET /favicon.ico HTTP/1.1" 404 88 "https://ysfine.com/wisdom/wk00.html" "Mozilla/5.0 (Macintosh; Intel Mac OS X 10_15_7) AppleWebKit/537.36 (KHTML, like Gecko) Chrome/105.0.0.0 Safari/537.36" "ysfine.com"
185.191.171.25 - - [26/Sep/2022:20:18:44 -0700] "GET /kowar/war45.html HTTP/1.1" 200 12086 "-" "Mozilla/5.0 (compatible; SemrushBot/7~bl; +http://www.semrush.com/bot.html)" "ysfine.com"
40.77.167.61 - - [26/Sep/2022:20:18:45 -0700] "GET /style/kirovken44.jpg HTTP/1.1" 200 99499 "-" "Mozilla/5.0 (compatible; bingbot/2.0; +http://www.bing.com/bingbot.htm)" "www.ysfine.com"
157.55.39.58 - - [26/Sep/2022:20:18:50 -0700] "GET /world/germany/oktf11.jpg HTTP/1.1" 200 114734 "-" "Mozilla/5.0 (compatible; bingbot/2.0; +http://www.bing.com/bingbot.htm)" "www.ysfine.com"
207.46.13.102 - - [26/Sep/2022:20:19:25 -0700] "GET /style/beetho.html HTTP/1.1" 200 3228 "-" "Mozilla/5.0 (compatible; bingbot/2.0; +http://www.bing.com/bingbot.htm)" "ysfine.com"
40.77.167.61 - - [26/Sep/2022:20:19:27 -0700] "GET /feynman/feygell.html HTTP/1.1" 200 4714 "-" "Mozilla/5.0 (compatible; bingbot/2.0; +http://www.bing.com/bingbot.htm)" "ysfine.com"
157.55.39.58 - - [26/Sep/2022:20:19:30 -0700] "GET /style/restau.html HTTP/1.1" 200 2149 "-" "Mozilla/5.0 (compatible; bingbot/2.0; +http://www.bing.com/bingbot.htm)" "ysfine.com"
157.55.39.55 - - [26/Sep/2022:20:19:35 -0700] "GET /confer/newsgr.html HTTP/1.1" 200 944 "-" "Mozilla/5.0 (compatible; bingbot/2.0; +http://www.bing.com/bingbot.htm)" "ysfine.com"
157.55.39.55 - - [26/Sep/2022:20:19:35 -0700] "GET /philo/marx.html HTTP/1.1" 200 6465 "-" "Mozilla/5.0 (compatible; bingbot/2.0; +http://www.bing.com/bingbot.htm)" "ysfine.com"
40.77.167.61 - - [26/Sep/2022:20:19:45 -0700] "GET /newyork/radioci08c.jpg HTTP/1.1" 200 36077 "-" "Mozilla/5.0 (compatible; bingbot/2.0; +http://www.bing.com/bingbot.htm)" "ysfine.com"
157.55.39.58 - - [26/Sep/2022:20:19:56 -0700] "GET /einstein/dff22.jpg HTTP/1.1" 200 39866 "-" "Mozilla/5.0 (compatible; bingbot/2.0; +http://www.bing.com/bingbot.htm)" "ysfine.com"
193.186.4.64 - - [26/Sep/2022:20:20:02 -0700] "GET /maga/boltzmann.html HTTP/1.1" 200 6052 "-" "Mozilla/5.0 (Linux; Android 10; K) AppleWebKit/537.36 (KHTML, like Gecko) Chrome/105.0.0.0 Mobile Safari/537.36" "ysfine.com"
185.191.171.10 - - [26/Sep/2022:20:20:12 -0700] "GET /people/peo.html HTTP/1.1" 200 13502 "-" "Mozilla/5.0 (compatible; SemrushBot/7~bl; +http://www.semrush.com/bot.html)" "www.ysfine.com"
185.191.171.9 - - [26/Sep/2022:20:20:41 -0700] "GET /robots.txt HTTP/1.1" 404 88 "-" "Mozilla/5.0 (compatible; SemrushBot/7~bl; +http://www.semrush.com/bot.html)" "ysfine.com"
185.191.171.43 - - [26/Sep/2022:20:20:41 -0700] "GET /ffriends/ukrainian.html HTTP/1.1" 200 5606 "-" "Mozilla/5.0 (compatible; SemrushBot/7~bl; +http://www.semrush.com/bot.html)" "ysfine.com"
207.46.13.180 - - [26/Sep/2022:20:20:43 -0700] "GET /awards/index.html HTTP/1.1" 304 - "-" "Mozilla/5.0 AppleWebKit/537.36 (KHTML, like Gecko; compatible; bingbot/2.0; +http://www.bing.com/bingbot.htm) Chrome/103.0.5060.134 Safari/537.36" "www.ysfine.com"
110.21.106.208 - - [26/Sep/2022:20:20:47 -0700] "GET /kowar/tanks/m24.jpg HTTP/1.1" 200 86947 "https://www.google.com/" "Mozilla/5.0 (Windows NT 10.0; Win64; x64) AppleWebKit/537.36 (KHTML, like Gecko) Chrome/105.0.0.0 Safari/537.36" "ysfine.com"
70.60.160.210 - - [26/Sep/2022:20:20:47 -0700] "GET /princeton/alexan22.jpg HTTP/1.1" 200 175436 "https://www.google.com/" "Mozilla/5.0 (Windows NT 10.0; Win64; x64) AppleWebKit/537.36 (KHTML, like Gecko) Chrome/105.0.0.0 Safari/537.36" "ysfine.com"
185.191.171.1 - - [26/Sep/2022:20:20:48 -0700] "GET /jobs/brazilj.html HTTP/1.1" 200 1600 "-" "Mozilla/5.0 (compatible; SemrushBot/7~bl; +http://www.semrush.com/bot.html)" "ysfine.com"
185.191.171.44 - - [26/Sep/2022:20:20:52 -0700] "GET /feynman/feyheg.html HTTP/1.1" 200 6341 "-" "Mozilla/5.0 (compatible; SemrushBot/7~bl; +http://www.semrush.com/bot.html)" "ysfine.com"
207.46.13.102 - - [26/Sep/2022:20:20:56 -0700] "GET /remote/wigner111/frame20.html HTTP/1.1" 200 369 "-" "Mozilla/5.0 (compatible; bingbot/2.0; +http://www.bing.com/bingbot.htm)" "ysfine.com"
114.119.128.158 - - [26/Sep/2022:20:21:23 -0700] "GET /class54/class5470/total_data/photo_img/8-75.jpg HTTP/1.1" 200 171400 "https://ysfine.com/class54/class5470/total_data/sub_875.htm" "Mozilla/5.0 (Linux; Android 7.0;) AppleWebKit/537.36 (KHTML, like Gecko) Mobile Safari/537.36 (compatible; PetalBot;+https://webmaster.petalsearch.com/site/petalbot)" "ysfine.com"
185.191.171.8 - - [26/Sep/2022:20:21:54 -0700] "GET /maga/okun.html HTTP/1.1" 200 883 "-" "Mozilla/5.0 (compatible; SemrushBot/7~bl; +http://www.semrush.com/bot.html)" "www.ysfine.com"
207.46.13.102 - - [26/Sep/2022:20:21:55 -0700] "GET /world/brit/bond03.jpg HTTP/1.1" 200 104673 "-" "Mozilla/5.0 (compatible; bingbot/2.0; +http://www.bing.com/bingbot.htm)" "ysfine.com"
93.158.161.2 - - [26/Sep/2022:20:24:00 -0700] "GET /wigner/wighome11.jpg HTTP/1.1" 200 201679 "-" "Mozilla/5.0 (compatible; YandexImages/3.0; +http://yandex.com/bots)" "ysfine.com"
207.46.13.102 - - [26/Sep/2022:20:24:17 -0700] "GET /world/brit/oxlon07.jpg HTTP/1.1" 200 90178 "-" "Mozilla/5.0 (compatible; bingbot/2.0; +http://www.bing.com/bingbot.htm)" "www.ysfine.com"
157.55.39.55 - - [26/Sep/2022:20:24:31 -0700] "GET /einstein/eincurie11.jpg HTTP/1.1" 200 71229 "-" "Mozilla/5.0 (compatible; bingbot/2.0; +http://www.bing.com/bingbot.htm)" "ysfine.com"
185.191.171.15 - - [26/Sep/2022:20:24:36 -0700] "GET /home/genea.html HTTP/1.1" 200 2872 "-" "Mozilla/5.0 (compatible; SemrushBot/7~bl; +http://www.semrush.com/bot.html)" "www.ysfine.com"
157.55.39.58 - - [26/Sep/2022:20:24:47 -0700] "GET /wigner/taylor02.jpg HTTP/1.1" 200 100248 "-" "Mozilla/5.0 (compatible; bingbot/2.0; +http://www.bing.com/bingbot.htm)" "ysfine.com"
185.191.171.26 - - [26/Sep/2022:20:24:50 -0700] "GET /awards/iao.html HTTP/1.1" 200 2748 "-" "Mozilla/5.0 (compatible; SemrushBot/7~bl; +http://www.semrush.com/bot.html)" "www.ysfine.com"
157.55.39.128 - - [26/Sep/2022:20:24:51 -0700] "GET /wright.html HTTP/1.1" 404 88 "-" "Mozilla/5.0 AppleWebKit/537.36 (KHTML, like Gecko; compatible; bingbot/2.0; +http://www.bing.com/bingbot.htm) Chrome/103.0.5060.134 Safari/537.36" "ysfine.com"
77.88.5.222 - - [26/Sep/2022:20:24:51 -0700] "GET /wigner/wighome11.jpg HTTP/1.1" 200 201679 "-" "Mozilla/5.0 (compatible; YandexImages/3.0; +http://yandex.com/bots)" "ysfine.com"
157.55.39.128 - - [26/Sep/2022:20:25:40 -0700] "GET /wigner/wigkim2.jpg HTTP/1.1" 200 40700 "-" "Mozilla/5.0 (compatible; bingbot/2.0; +http://www.bing.com/bingbot.htm)" "ysfine.com"
207.46.13.102 - - [26/Sep/2022:20:25:46 -0700] "GET /world/ital/verona08b.jpg HTTP/1.1" 200 42862 "-" "Mozilla/5.0 (compatible; bingbot/2.0; +http://www.bing.com/bingbot.htm)" "ysfine.com"
45.26.213.216 - - [26/Sep/2022:20:26:57 -0700] "GET /princeton/annex11b.jpg HTTP/1.1" 200 39639 "https://www.google.com/" "Mozilla/5.0 (iPhone; CPU iPhone OS 15_6 like Mac OS X) AppleWebKit/605.1.15 (KHTML, like Gecko) Version/15.6 Mobile/15E148 Safari/604.1" "ysfine.com"
45.26.213.216 - - [26/Sep/2022:20:27:01 -0700] "GET /princeton/annex11.jpg HTTP/1.1" 200 136808 "https://www.google.com/" "Mozilla/5.0 (iPhone; CPU iPhone OS 15_6 like Mac OS X) AppleWebKit/605.1.15 (KHTML, like Gecko) Version/15.6 Mobile/15E148 Safari/604.1" "ysfine.com"
34.209.79.237 - - [26/Sep/2022:20:27:38 -0700] "GET /world/places/ulm07.jpg HTTP/1.1" 200 114786 "-" "Mozilla/5.0 (X11; Ubuntu; Linux x86_64; rv:72.0) Gecko/20100101 Firefox/72.0" "ysfine.com"
149.28.60.133 - - [26/Sep/2022:20:27:39 -0700] "GET / HTTP/1.1" 200 5283 "http://ysfine.com/" "Mozilla/5.0 (Macintosh; Intel Mac OS X 10.15; rv:105.0) Gecko/20100101 Firefox/105.0" "ysfine.com"
185.191.171.4 - - [26/Sep/2022:20:28:54 -0700] "GET /home/bio33a.html HTTP/1.1" 200 12112 "-" "Mozilla/5.0 (compatible; SemrushBot/7~bl; +http://www.semrush.com/bot.html)" "www.ysfine.com"
157.55.39.55 - - [26/Sep/2022:20:29:31 -0700] "GET /maga/storie.html HTTP/1.1" 404 88 "-" "Mozilla/5.0 (compatible; bingbot/2.0; +http://www.bing.com/bingbot.htm)" "ysfine.com"
157.55.39.55 - - [26/Sep/2022:20:29:35 -0700] "GET /kowar/changdoy01b.jpg HTTP/1.1" 200 49576 "-" "Mozilla/5.0 (compatible; bingbot/2.0; +http://www.bing.com/bingbot.htm)" "ysfine.com"
157.55.39.55 - - [26/Sep/2022:20:29:51 -0700] "GET /world/brit/oxlon03.jpg HTTP/1.1" 200 110026 "-" "Mozilla/5.0 (compatible; bingbot/2.0; +http://www.bing.com/bingbot.htm)" "ysfine.com"
207.46.13.180 - - [26/Sep/2022:20:30:34 -0700] "GET /maga/phil/conic01.jpg HTTP/1.1" 200 70533 "-" "Mozilla/5.0 (compatible; bingbot/2.0; +http://www.bing.com/bingbot.htm)" "ysfine.com"
51.222.253.12 - - [26/Sep/2022:20:30:40 -0700] "GET / HTTP/1.1" 200 5283 "-" "Mozilla/5.0 (compatible; AhrefsBot/7.0; +http://ahrefs.com/robot/)" "ysfine.com"
207.46.13.102 - - [26/Sep/2022:20:30:56 -0700] "GET /eink/wsj21a.jpg HTTP/1.1" 200 117645 "-" "Mozilla/5.0 (compatible; bingbot/2.0; +http://www.bing.com/bingbot.htm)" "www.ysfine.com"
185.191.171.7 - - [26/Sep/2022:20:31:05 -0700] "GET /kobak/repose.html HTTP/1.1" 200 4578 "-" "Mozilla/5.0 (compatible; SemrushBot/7~bl; +http://www.semrush.com/bot.html)" "www.ysfine.com"
207.46.13.180 - - [26/Sep/2022:20:31:24 -0700] "GET /kowar/tanks/stalinorg.jpg HTTP/1.1" 200 135642 "-" "Mozilla/5.0 AppleWebKit/537.36 (KHTML, like Gecko; compatible; bingbot/2.0; +http://www.bing.com/bingbot.htm) Chrome/103.0.5060.134 Safari/537.36" "ysfine.com"
157.55.39.55 - - [26/Sep/2022:20:31:31 -0700] "GET /kowar/tanks/m01.jpg HTTP/1.1" 200 69092 "-" "Mozilla/5.0 (compatible; bingbot/2.0; +http://www.bing.com/bingbot.htm)" "www.ysfine.com"
128.2.149.108 - - [26/Sep/2022:20:32:49 -0700] "GET /einstein/places/einmu17.jpg HTTP/1.1" 200 67347 "https://www.google.com/" "Mozilla/5.0 (Macintosh; Intel Mac OS X 10_15_7) AppleWebKit/537.36 (KHTML, like Gecko) Chrome/105.0.0.0 Safari/537.36" "ysfine.com"
157.55.39.58 - - [26/Sep/2022:20:33:19 -0700] "GET /world/germany/hofbrau11.jpg HTTP/1.1" 200 88584 "-" "Mozilla/5.0 AppleWebKit/537.36 (KHTML, like Gecko; compatible; bingbot/2.0; +http://www.bing.com/bingbot.htm) Chrome/103.0.5060.134 Safari/537.36" "www.ysfine.com"
157.55.39.128 - - [26/Sep/2022:20:33:41 -0700] "GET /class54/choiyk11c.jpg HTTP/1.1" 200 32210 "-" "Mozilla/5.0 (compatible; bingbot/2.0; +http://www.bing.com/bingbot.htm)" "www.ysfine.com"
207.46.13.180 - - [26/Sep/2022:20:33:44 -0700] "GET /ffriends/spastu01.jpg HTTP/1.1" 200 107959 "-" "Mozilla/5.0 (compatible; bingbot/2.0; +http://www.bing.com/bingbot.htm)" "ysfine.com"
157.55.39.58 - - [26/Sep/2022:20:34:29 -0700] "GET /world/russ/redsq51.jpg HTTP/1.1" 200 98644 "-" "Mozilla/5.0 (compatible; bingbot/2.0; +http://www.bing.com/bingbot.htm)" "www.ysfine.com"
51.222.253.4 - - [26/Sep/2022:20:35:41 -0700] "GET /class54/class5480/Pictures/1.%C3%AC%C2%A0%C2%91%C3%AC%C2%88%C2%98%C3%AB%C2%B0%C2%8F%C3%AD%C2%99%C2%98%C3%AB%C2%8B%C2%B4/?C=S;O=A HTTP/1.1" 200 861 "-" "Mozilla/5.0 (compatible; AhrefsBot/7.0; +http://ahrefs.com/robot/)" "www.ysfine.com"
80.252.48.96 - - [26/Sep/2022:20:36:10 -0700] "GET /wigner/neum/pvn03.jpg HTTP/1.1" 200 83757 "https://www.google.com/" "Mozilla/5.0 (Windows NT 10.0; Win64; x64) AppleWebKit/537.36 (KHTML, like Gecko) Chrome/105.0.0.0 Safari/537.36" "ysfine.com"
40.77.167.61 - - [26/Sep/2022:20:36:18 -0700] "GET /sbk/2002ucla11.jpg HTTP/1.1" 200 226282 "-" "Mozilla/5.0 (compatible; bingbot/2.0; +http://www.bing.com/bingbot.htm)" "ysfine.com"
185.191.171.16 - - [26/Sep/2022:20:36:26 -0700] "GET /kobak/shortw.html HTTP/1.1" 200 3128 "-" "Mozilla/5.0 (compatible; SemrushBot/7~bl; +http://www.semrush.com/bot.html)" "www.ysfine.com"
157.55.39.55 - - [26/Sep/2022:20:36:32 -0700] "GET /world/ital/padova09.jpg HTTP/1.1" 200 90335 "-" "Mozilla/5.0 AppleWebKit/537.36 (KHTML, like Gecko; compatible; bingbot/2.0; +http://www.bing.com/bingbot.htm) Chrome/103.0.5060.134 Safari/537.36" "ysfine.com"
201.10.88.192 - - [26/Sep/2022:20:36:36 -0700] "GET /wigner/neum/vnc01.jpg HTTP/1.1" 200 133641 "https://sites.google.com/" "Mozilla/5.0 (Linux; Android 12; SM-A536E) AppleWebKit/537.36 (KHTML, like Gecko) Chrome/105.0.0.0 Mobile Safari/537.36" "ysfine.com"
185.191.171.24 - - [26/Sep/2022:20:36:55 -0700] "GET /style/slavianki.html HTTP/1.1" 200 2686 "-" "Mozilla/5.0 (compatible; SemrushBot/7~bl; +http://www.semrush.com/bot.html)" "www.ysfine.com"
40.77.167.105 - - [26/Sep/2022:20:37:09 -0700] "GET /robots.txt HTTP/1.1" 404 88 "-" "Mozilla/5.0 (compatible; bingbot/2.0; +http://www.bing.com/bingbot.htm)" "www.ysfine.com"
157.55.39.58 - - [26/Sep/2022:20:37:18 -0700] "GET /kowar/panmun04c.jpg HTTP/1.1" 200 32797 "-" "Mozilla/5.0 (compatible; bingbot/2.0; +http://www.bing.com/bingbot.htm)" "www.ysfine.com"
157.55.39.58 - - [26/Sep/2022:20:37:58 -0700] "GET /wdc/kennedyc17.jpg HTTP/1.1" 200 101334 "-" "Mozilla/5.0 (compatible; bingbot/2.0; +http://www.bing.com/bingbot.htm)" "www.ysfine.com"
20.62.224.44 - - [26/Sep/2022:20:38:42 -0700] "GET /world/france/montpar09.jpg HTTP/1.1" 200 138558 "-" "DuckDuckBot/1.1; (+http://duckduckgo.com/duckduckbot.html)" "ysfine.com"
73.8.191.83 - - [26/Sep/2022:20:38:44 -0700] "GET /dirac/dirheisen31b.jpg HTTP/1.1" 200 39248 "https://www.google.com/" "Mozilla/5.0 (Macintosh; Intel Mac OS X 10_15_7) AppleWebKit/537.36 (KHTML, like Gecko) Chrome/105.0.0.0 Safari/537.36" "ysfine.com"
157.55.39.58 - - [26/Sep/2022:20:38:48 -0700] "GET /people/gelman.jpg HTTP/1.1" 200 37899 "-" "Mozilla/5.0 (compatible; bingbot/2.0; +http://www.bing.com/bingbot.htm)" "ysfine.com"
157.55.39.55 - - [26/Sep/2022:20:39:02 -0700] "GET /style/hifi01.jpg HTTP/1.1" 200 61475 "-" "Mozilla/5.0 (compatible; bingbot/2.0; +http://www.bing.com/bingbot.htm)" "ysfine.com"
199.47.82.20 - - [26/Sep/2022:20:39:06 -0700] "GET /robots.txt HTTP/1.1" 404 88 "-" "Turnitin (https://bit.ly/2UvnfoQ)" "ysfine.com"
199.47.82.20 - - [26/Sep/2022:20:39:06 -0700] "GET /robots.txt HTTP/1.1" 404 88 "-" "Turnitin (https://bit.ly/2UvnfoQ)" "ysfine.com"
199.47.82.20 - - [26/Sep/2022:20:39:06 -0700] "GET /awards/index.html HTTP/1.1" 200 9993 "-" "Turnitin (https://bit.ly/2UvnfoQ)" "ysfine.com"
199.47.82.20 - - [26/Sep/2022:20:39:07 -0700] "GET /confer/applied.html HTTP/1.1" 200 3735 "-" "Turnitin (https://bit.ly/2UvnfoQ)" "ysfine.com"
199.47.82.20 - - [26/Sep/2022:20:39:07 -0700] "GET /confer/home/100yrs.html HTTP/1.1" 404 88 "-" "Turnitin (https://bit.ly/2UvnfoQ)" "ysfine.com"
199.47.82.20 - - [26/Sep/2022:20:39:08 -0700] "GET /confer/listall.html HTTP/1.1" 200 6460 "-" "Turnitin (https://bit.ly/2UvnfoQ)" "ysfine.com"
199.47.82.20 - - [26/Sep/2022:20:39:08 -0700] "GET /confer/math.html HTTP/1.1" 200 2175 "-" "Turnitin (https://bit.ly/2UvnfoQ)" "ysfine.com"
199.47.82.20 - - [26/Sep/2022:20:39:09 -0700] "GET /confer/newadd.html HTTP/1.1" 200 1741 "-" "Turnitin (https://bit.ly/2UvnfoQ)" "ysfine.com"
199.47.82.20 - - [26/Sep/2022:20:39:09 -0700] "GET /confer/newsgr.html HTTP/1.1" 200 944 "-" "Turnitin (https://bit.ly/2UvnfoQ)" "ysfine.com"
199.47.82.20 - - [26/Sep/2022:20:39:10 -0700] "GET /confer/particle.html HTTP/1.1" 200 2739 "-" "Turnitin (https://bit.ly/2UvnfoQ)" "ysfine.com"
199.47.82.20 - - [26/Sep/2022:20:39:10 -0700] "GET /confer/popular.html HTTP/1.1" 200 2351 "-" "Turnitin (https://bit.ly/2UvnfoQ)" "ysfine.com"
199.47.82.20 - - [26/Sep/2022:20:39:11 -0700] "GET /confer/quantum.html HTTP/1.1" 200 2560 "-" "Turnitin (https://bit.ly/2UvnfoQ)" "ysfine.com"
199.47.82.20 - - [26/Sep/2022:20:39:11 -0700] "GET /confer/speci.html HTTP/1.1" 200 957 "-" "Turnitin (https://bit.ly/2UvnfoQ)" "ysfine.com"
199.47.82.20 - - [26/Sep/2022:20:39:12 -0700] "GET /confer/stat.html HTTP/1.1" 200 2350 "-" "Turnitin (https://bit.ly/2UvnfoQ)" "ysfine.com"
199.47.82.20 - - [26/Sep/2022:20:39:12 -0700] "GET /dirac/dirk62.html HTTP/1.1" 200 3930 "-" "Turnitin (https://bit.ly/2UvnfoQ)" "ysfine.com"
199.47.82.20 - - [26/Sep/2022:20:39:13 -0700] "GET /dirac/index.html HTTP/1.1" 200 124 "-" "Turnitin (https://bit.ly/2UvnfoQ)" "ysfine.com"
199.47.82.20 - - [26/Sep/2022:20:39:13 -0700] "GET /eink/index.html HTTP/1.1" 200 17659 "-" "Turnitin (https://bit.ly/2UvnfoQ)" "ysfine.com"
199.47.82.20 - - [26/Sep/2022:20:39:14 -0700] "GET /eink/mose.html HTTP/1.1" 200 14315 "-" "Turnitin (https://bit.ly/2UvnfoQ)" "ysfine.com"
199.47.82.20 - - [26/Sep/2022:20:39:14 -0700] "GET /einstein/einbot.html HTTP/1.1" 200 126 "-" "Turnitin (https://bit.ly/2UvnfoQ)" "ysfine.com"
199.47.82.20 - - [26/Sep/2022:20:39:15 -0700] "GET /einstein/eintop.html HTTP/1.1" 200 431 "-" "Turnitin (https://bit.ly/2UvnfoQ)" "ysfine.com"
199.47.82.20 - - [26/Sep/2022:20:39:15 -0700] "GET /feynman/index.html HTTP/1.1" 200 124 "-" "Turnitin (https://bit.ly/2UvnfoQ)" "ysfine.com"
199.47.82.20 - - [26/Sep/2022:20:39:16 -0700] "GET /home/bio.html HTTP/1.1" 200 15244 "-" "Turnitin (https://bit.ly/2UvnfoQ)" "ysfine.com"
199.47.82.20 - - [26/Sep/2022:20:39:16 -0700] "GET /home/bio22.html HTTP/1.1" 200 12823 "-" "Turnitin (https://bit.ly/2UvnfoQ)" "ysfine.com"
199.47.82.20 - - [26/Sep/2022:20:39:17 -0700] "GET /home/bio77.html HTTP/1.1" 200 10474 "-" "Turnitin (https://bit.ly/2UvnfoQ)" "ysfine.com"
185.191.171.12 - - [26/Sep/2022:20:39:17 -0700] "GET /heisen/heisen54.html HTTP/1.1" 200 4526 "-" "Mozilla/5.0 (compatible; SemrushBot/7~bl; +http://www.semrush.com/bot.html)" "ysfine.com"
185.191.171.6 - - [26/Sep/2022:20:39:17 -0700] "GET /world/sfrance.html HTTP/1.1" 200 8453 "-" "Mozilla/5.0 (compatible; SemrushBot/7~bl; +http://www.semrush.com/bot.html)" "www.ysfine.com"
199.47.82.20 - - [26/Sep/2022:20:39:17 -0700] "GET /home/dashen.html HTTP/1.1" 200 4015 "-" "Turnitin (https://bit.ly/2UvnfoQ)" "ysfine.com"
199.47.82.20 - - [26/Sep/2022:20:39:18 -0700] "GET /home/dwf.html HTTP/1.1" 200 4126 "-" "Turnitin (https://bit.ly/2UvnfoQ)" "ysfine.com"
199.47.82.20 - - [26/Sep/2022:20:39:18 -0700] "GET /home/easy.html HTTP/1.1" 200 7877 "-" "Turnitin (https://bit.ly/2UvnfoQ)" "ysfine.com"
199.47.82.20 - - [26/Sep/2022:20:39:19 -0700] "GET /home/genea.html HTTP/1.1" 200 2872 "-" "Turnitin (https://bit.ly/2UvnfoQ)" "ysfine.com"
199.47.82.20 - - [26/Sep/2022:20:39:19 -0700] "GET /home/hmbot.html HTTP/1.1" 200 132 "-" "Turnitin (https://bit.ly/2UvnfoQ)" "ysfine.com"
199.47.82.20 - - [26/Sep/2022:20:39:20 -0700] "GET /home/hmtop.html HTTP/1.1" 200 447 "-" "Turnitin (https://bit.ly/2UvnfoQ)" "ysfine.com"
199.47.82.20 - - [26/Sep/2022:20:39:20 -0700] "GET /houses/myhouse.html HTTP/1.1" 200 1473 "-" "Turnitin (https://bit.ly/2UvnfoQ)" "ysfine.com"
199.47.82.20 - - [26/Sep/2022:20:39:21 -0700] "GET /jobs/index.html HTTP/1.1" 200 123 "-" "Turnitin (https://bit.ly/2UvnfoQ)" "ysfine.com"
199.47.82.20 - - [26/Sep/2022:20:39:21 -0700] "GET /kobak/index.html HTTP/1.1" 200 130 "-" "Turnitin (https://bit.ly/2UvnfoQ)" "ysfine.com"
199.47.82.20 - - [26/Sep/2022:20:39:22 -0700] "GET /maga/deforest.html HTTP/1.1" 200 4660 "-" "Turnitin (https://bit.ly/2UvnfoQ)" "ysfine.com"
199.47.82.20 - - [26/Sep/2022:20:39:22 -0700] "GET /maga/eink/index.html HTTP/1.1" 404 88 "-" "Turnitin (https://bit.ly/2UvnfoQ)" "ysfine.com"
199.47.82.20 - - [26/Sep/2022:20:39:23 -0700] "GET /maga/eink/mose.html HTTP/1.1" 404 88 "-" "Turnitin (https://bit.ly/2UvnfoQ)" "ysfine.com"
199.47.82.20 - - [26/Sep/2022:20:39:23 -0700] "GET /maga/einstein/eincopen.html HTTP/1.1" 404 88 "-" "Turnitin (https://bit.ly/2UvnfoQ)" "ysfine.com"
199.47.82.20 - - [26/Sep/2022:20:39:24 -0700] "GET /maga/einstein/ewk.html HTTP/1.1" 404 88 "-" "Turnitin (https://bit.ly/2UvnfoQ)" "ysfine.com"
199.47.82.20 - - [26/Sep/2022:20:39:24 -0700] "GET /maga/einstein/index.html HTTP/1.1" 404 88 "-" "Turnitin (https://bit.ly/2UvnfoQ)" "ysfine.com"
199.47.82.20 - - [26/Sep/2022:20:39:25 -0700] "GET /maga/herod.html HTTP/1.1" 200 4341 "-" "Turnitin (https://bit.ly/2UvnfoQ)" "ysfine.com"
199.47.82.20 - - [26/Sep/2022:20:39:25 -0700] "GET /maga/home/bio.html HTTP/1.1" 404 88 "-" "Turnitin (https://bit.ly/2UvnfoQ)" "ysfine.com"
199.47.82.20 - - [26/Sep/2022:20:39:26 -0700] "GET /maga/home/index.html HTTP/1.1" 404 88 "-" "Turnitin (https://bit.ly/2UvnfoQ)" "ysfine.com"
199.47.82.20 - - [26/Sep/2022:20:39:26 -0700] "GET /maga/home/yshome.html HTTP/1.1" 404 88 "-" "Turnitin (https://bit.ly/2UvnfoQ)" "ysfine.com"
199.47.82.20 - - [26/Sep/2022:20:39:27 -0700] "GET /maga/kobak/index.html HTTP/1.1" 404 88 "-" "Turnitin (https://bit.ly/2UvnfoQ)" "ysfine.com"
199.47.82.20 - - [26/Sep/2022:20:39:27 -0700] "GET /maga/kobak/shortw.html HTTP/1.1" 404 88 "-" "Turnitin (https://bit.ly/2UvnfoQ)" "ysfine.com"
199.47.82.20 - - [26/Sep/2022:20:39:28 -0700] "GET /maga/kowar/tanks.html HTTP/1.1" 404 88 "-" "Turnitin (https://bit.ly/2UvnfoQ)" "ysfine.com"
199.47.82.20 - - [26/Sep/2022:20:39:28 -0700] "GET /maga/marx.html HTTP/1.1" 200 5871 "-" "Turnitin (https://bit.ly/2UvnfoQ)" "ysfine.com"
199.47.82.20 - - [26/Sep/2022:20:39:29 -0700] "GET /maga/popov.html HTTP/1.1" 200 8651 "-" "Turnitin (https://bit.ly/2UvnfoQ)" "ysfine.com"
199.47.82.20 - - [26/Sep/2022:20:39:29 -0700] "GET /maga/princeton/yspr.html HTTP/1.1" 404 88 "-" "Turnitin (https://bit.ly/2UvnfoQ)" "ysfine.com"
199.47.82.20 - - [26/Sep/2022:20:39:30 -0700] "GET /maga/pupin.html HTTP/1.1" 200 5043 "-" "Turnitin (https://bit.ly/2UvnfoQ)" "ysfine.com"
199.47.82.20 - - [26/Sep/2022:20:39:30 -0700] "GET /maga/style/digilit.html HTTP/1.1" 404 88 "-" "Turnitin (https://bit.ly/2UvnfoQ)" "ysfine.com"
199.47.82.20 - - [26/Sep/2022:20:39:31 -0700] "GET /maga/style/stbot.html HTTP/1.1" 404 88 "-" "Turnitin (https://bit.ly/2UvnfoQ)" "ysfine.com"
199.47.82.20 - - [26/Sep/2022:20:39:31 -0700] "GET /maga/wigner/lunch.html HTTP/1.1" 404 88 "-" "Turnitin (https://bit.ly/2UvnfoQ)" "ysfine.com"
199.47.82.20 - - [26/Sep/2022:20:39:32 -0700] "GET /maga/wigner/wbrill.html HTTP/1.1" 404 88 "-" "Turnitin (https://bit.ly/2UvnfoQ)" "ysfine.com"
66.249.66.92 - - [26/Sep/2022:20:39:32 -0700] "GET /maga/histo/oscar22b.jpg HTTP/1.1" 200 36819 "-" "Googlebot-Image/1.0" "ysfine.com"
199.47.82.20 - - [26/Sep/2022:20:39:32 -0700] "GET /maga/world/baltic/arana.html HTTP/1.1" 404 88 "-" "Turnitin (https://bit.ly/2UvnfoQ)" "ysfine.com"
199.47.82.20 - - [26/Sep/2022:20:39:33 -0700] "GET /people/peo.html HTTP/1.1" 200 13502 "-" "Turnitin (https://bit.ly/2UvnfoQ)" "ysfine.com"
199.47.82.20 - - [26/Sep/2022:20:39:33 -0700] "GET /princeton/prbot.html HTTP/1.1" 200 140 "-" "Turnitin (https://bit.ly/2UvnfoQ)" "ysfine.com"
199.47.82.20 - - [26/Sep/2022:20:39:34 -0700] "GET /princeton/prtop.html HTTP/1.1" 200 389 "-" "Turnitin (https://bit.ly/2UvnfoQ)" "ysfine.com"
199.47.82.20 - - [26/Sep/2022:20:39:34 -0700] "GET /princeton/yspr.html HTTP/1.1" 200 5439 "-" "Turnitin (https://bit.ly/2UvnfoQ)" "ysfine.com"
199.47.82.20 - - [26/Sep/2022:20:39:35 -0700] "GET /sbk/index.html HTTP/1.1" 200 198 "-" "Turnitin (https://bit.ly/2UvnfoQ)" "ysfine.com"
199.47.82.20 - - [26/Sep/2022:20:39:35 -0700] "GET /style/stbot.html HTTP/1.1" 200 122 "-" "Turnitin (https://bit.ly/2UvnfoQ)" "ysfine.com"
199.47.82.20 - - [26/Sep/2022:20:39:36 -0700] "GET /usca/pgh.html HTTP/1.1" 200 13572 "-" "Turnitin (https://bit.ly/2UvnfoQ)" "ysfine.com"
199.47.82.20 - - [26/Sep/2022:20:39:36 -0700] "GET /wdc/index.html HTTP/1.1" 200 141 "-" "Turnitin (https://bit.ly/2UvnfoQ)" "ysfine.com"
