176.31.125.95 - - [26/Sep/2022:10:05:35 -0700] "GET /einstein/ulm.html HTTP/1.1" 200 6713 "-" "Mozilla/5.0 (compatible; MJ12bot/v1.4.8; http://mj12bot.com/)" "ysfine.com"
60.1.189.95 - - [26/Sep/2022:10:05:41 -0700] "GET /kobak/fed3.jpg HTTP/1.1" 404 88 "-" "Mozilla/5.0 (iPhone; CPU iPhone OS 15_6_1 like Mac OS X) AppleWebKit/605.1.15 (KHTML, like Gecko) Version/15.6.1 Mobile/15E148 Safari/604.1" "ysfine.com"
176.31.125.95 - - [26/Sep/2022:10:05:44 -0700] "GET /world/brit/cam27.pdf HTTP/1.1" 200 149978 "-" "Mozilla/5.0 (compatible; MJ12bot/v1.4.8; http://mj12bot.com/)" "ysfine.com"
176.31.125.95 - - [26/Sep/2022:10:05:50 -0700] "GET /robots.txt HTTP/1.1" 404 73 "-" "Mozilla/5.0 (compatible; MJ12bot/v1.4.8; http://mj12bot.com/)" "www.ysfine.com"
207.46.13.102 - - [26/Sep/2022:10:05:57 -0700] "GET /home/dwf.html HTTP/1.1" 304 - "-" "Mozilla/5.0 (compatible; bingbot/2.0; +http://www.bing.com/bingbot.htm)" "www.ysfine.com"
176.31.125.95 - - [26/Sep/2022:10:06:00 -0700] "GET /class54/acs/acs17.jpg HTTP/1.1" 200 213767 "-" "Mozilla/5.0 (compatible; MJ12bot/v1.4.8; http://mj12bot.com/)" "www.ysfine.com"
176.31.125.95 - - [26/Sep/2022:10:06:11 -0700] "GET /class54/acs/acs68.jpg HTTP/1.1" 200 155491 "-" "Mozilla/5.0 (compatible; MJ12bot/v1.4.8; http://mj12bot.com/)" "www.ysfine.com"
176.31.125.95 - - [26/Sep/2022:10:06:25 -0700] "GET /class54/acs/acs75.jpg HTTP/1.1" 200 350922 "-" "Mozilla/5.0 (compatible; MJ12bot/v1.4.8; http://mj12bot.com/)" "www.ysfine.com"
176.31.125.95 - - [26/Sep/2022:10:06:35 -0700] "GET /class54/acs/acs96.jpg HTTP/1.1" 200 174599 "-" "Mozilla/5.0 (compatible; MJ12bot/v1.4.8; http://mj12bot.com/)" "www.ysfine.com"
176.31.125.95 - - [26/Sep/2022:10:06:50 -0700] "GET /class54/stcars/se09.jpg HTTP/1.1" 200 93276 "-" "Mozilla/5.0 (compatible; MJ12bot/v1.4.8; http://mj12bot.com/)" "www.ysfine.com"
176.31.125.95 - - [26/Sep/2022:10:07:00 -0700] "GET /home/tables/tab11.jpg HTTP/1.1" 200 103557 "-" "Mozilla/5.0 (compatible; MJ12bot/v1.4.8; http://mj12bot.com/)" "www.ysfine.com"
176.31.125.95 - - [26/Sep/2022:10:07:11 -0700] "GET /home/tables/tab33.jpg HTTP/1.1" 200 139951 "-" "Mozilla/5.0 (compatible; MJ12bot/v1.4.8; http://mj12bot.com/)" "www.ysfine.com"
176.31.125.95 - - [26/Sep/2022:10:07:21 -0700] "GET /world/kor/sel803.jpg HTTP/1.1" 200 195155 "-" "Mozilla/5.0 (compatible; MJ12bot/v1.4.8; http://mj12bot.com/)" "www.ysfine.com"
66.249.66.3 - - [26/Sep/2022:10:07:22 -0700] "GET /robots.txt HTTP/1.1" 404 88 "-" "Mozilla/5.0 (compatible; Googlebot/2.1; +http://www.google.com/bot.html)" "ysfine.com"
176.31.125.95 - - [26/Sep/2022:10:07:32 -0700] "GET /einstein/ulm.html HTTP/1.1" 200 6713 "-" "Mozilla/5.0 (compatible; MJ12bot/v1.4.8; http://mj12bot.com/)" "www.ysfine.com"
176.31.125.95 - - [26/Sep/2022:10:07:40 -0700] "GET /world/brit/cam27.pdf HTTP/1.1" 200 149978 "-" "Mozilla/5.0 (compatible; MJ12bot/v1.4.8; http://mj12bot.com/)" "www.ysfine.com"
176.31.125.95 - - [26/Sep/2022:10:07:53 -0700] "GET /class54/acs/acs17.jpg HTTP/1.1" 200 213767 "-" "Mozilla/5.0 (compatible; MJ12bot/v1.4.8; http://mj12bot.com/)" "www.ysfine.com"
176.31.125.95 - - [26/Sep/2022:10:08:03 -0700] "GET /class54/acs/acs68.jpg HTTP/1.1" 200 155491 "-" "Mozilla/5.0 (compatible; MJ12bot/v1.4.8; http://mj12bot.com/)" "www.ysfine.com"
176.31.125.95 - - [26/Sep/2022:10:08:22 -0700] "GET /class54/acs/acs96.jpg HTTP/1.1" 200 174599 "-" "Mozilla/5.0 (compatible; MJ12bot/v1.4.8; http://mj12bot.com/)" "www.ysfine.com"
176.31.125.95 - - [26/Sep/2022:10:08:31 -0700] "GET /class54/class5480/Videos/1.%C3%AC%C2%9A%C2%B0%C3%AB%C2%A6%C2%AC%C3%AC%C2%9D%C2%98%20%C3%AC%C2%9E%C2%AC%C3%AD%C2%95%C2%99%C3%AC%C2%8B%C2%9C%C3%AC%C2%A0%C2%88(1948-1954).wmv HTTP/1.1" 200 84851613 "-" "Mozilla/5.0 (compatible; MJ12bot/v1.4.8; http://mj12bot.com/)" "www.ysfine.com"
176.31.125.95 - - [26/Sep/2022:10:08:42 -0700] "GET /class54/class5480/Videos/2.%C3%AC%C2%A1%C2%B8%C3%AC%C2%97%C2%8560%C3%AC%C2%A3%C2%BC%C3%AB%C2%85%C2%84%C3%AB%C2%AC%C2%B8%C3%AC%C2%A7%C2%91%201%C3%AB%C2%B6%C2%80.wmv HTTP/1.1" 200 27160054 "-" "Mozilla/5.0 (compatible; MJ12bot/v1.4.8; http://mj12bot.com/)" "www.ysfine.com"
176.31.125.95 - - [26/Sep/2022:10:08:52 -0700] "GET /class54/class5480/Videos/3.%C3%AC%C2%A1%C2%B8%C3%AC%C2%97%C2%8560%C3%AC%C2%A3%C2%BC%C3%AB%C2%85%C2%84%C3%AB%C2%AC%C2%B8%C3%AC%C2%A7%C2%91%202%C3%AB%C2%B6%C2%80.wmv HTTP/1.1" 200 37680666 "-" "Mozilla/5.0 (compatible; MJ12bot/v1.4.8; http://mj12bot.com/)" "www.ysfine.com"
176.31.125.95 - - [26/Sep/2022:10:09:07 -0700] "GET /class54/stcars/se09.jpg HTTP/1.1" 200 93276 "-" "Mozilla/5.0 (compatible; MJ12bot/v1.4.8; http://mj12bot.com/)" "www.ysfine.com"
176.31.125.95 - - [26/Sep/2022:10:09:15 -0700] "GET /confer/http%C3%84://medres.online/materialsscience/2020 HTTP/1.1" 404 88 "-" "Mozilla/5.0 (compatible; MJ12bot/v1.4.8; http://mj12bot.com/)" "www.ysfine.com"
176.31.125.95 - - [26/Sep/2022:10:09:24 -0700] "GET /home/tables/tab11.jpg HTTP/1.1" 200 103557 "-" "Mozilla/5.0 (compatible; MJ12bot/v1.4.8; http://mj12bot.com/)" "www.ysfine.com"
176.31.125.95 - - [26/Sep/2022:10:09:33 -0700] "GET /home/tables/tab33.jpg HTTP/1.1" 200 139951 "-" "Mozilla/5.0 (compatible; MJ12bot/v1.4.8; http://mj12bot.com/)" "www.ysfine.com"
176.31.125.95 - - [26/Sep/2022:10:09:46 -0700] "GET /kowar/kowar001.jpg HTTP/1.1" 200 240938 "-" "Mozilla/5.0 (compatible; MJ12bot/v1.4.8; http://mj12bot.com/)" "www.ysfine.com"
157.55.39.55 - - [26/Sep/2022:10:09:52 -0700] "GET /feynman/ppic/quantum01.jpg HTTP/1.1" 200 40781 "-" "Mozilla/5.0 (compatible; bingbot/2.0; +http://www.bing.com/bingbot.htm)" "ysfine.com"
51.222.253.12 - - [26/Sep/2022:10:10:00 -0700] "GET /class54/class5470/total_data/sub_533.htm HTTP/1.1" 200 3212 "-" "Mozilla/5.0 (compatible; AhrefsBot/7.0; +http://ahrefs.com/robot/)" "www.ysfine.com"
157.55.39.128 - - [26/Sep/2022:10:10:02 -0700] "GET /world/france/matisse54.jpg HTTP/1.1" 200 141295 "-" "Mozilla/5.0 (compatible; bingbot/2.0; +http://www.bing.com/bingbot.htm)" "ysfine.com"
157.55.39.128 - - [26/Sep/2022:10:10:02 -0700] "GET /usca/pitt/steelm02.jpg HTTP/1.1" 200 122294 "-" "Mozilla/5.0 (compatible; bingbot/2.0; +http://www.bing.com/bingbot.htm)" "ysfine.com"
207.46.13.102 - - [26/Sep/2022:10:10:37 -0700] "GET /einstein/jsbell01b.jpg HTTP/1.1" 200 33090 "-" "Mozilla/5.0 AppleWebKit/537.36 (KHTML, like Gecko; compatible; bingbot/2.0; +http://www.bing.com/bingbot.htm) Chrome/103.0.5060.134 Safari/537.36" "ysfine.com"
207.46.13.180 - - [26/Sep/2022:10:10:54 -0700] "GET /newyork/guggen55.jpg HTTP/1.1" 200 133979 "-" "Mozilla/5.0 (compatible; bingbot/2.0; +http://www.bing.com/bingbot.htm)" "www.ysfine.com"
207.46.13.102 - - [26/Sep/2022:10:11:07 -0700] "GET /wdc/kennedyc04.jpg HTTP/1.1" 200 76587 "-" "Mozilla/5.0 AppleWebKit/537.36 (KHTML, like Gecko; compatible; bingbot/2.0; +http://www.bing.com/bingbot.htm) Chrome/103.0.5060.134 Safari/537.36" "ysfine.com"
157.55.39.55 - - [26/Sep/2022:10:12:52 -0700] "GET /style/cameras/lumixfan11.jpg HTTP/1.1" 200 81585 "-" "Mozilla/5.0 (compatible; bingbot/2.0; +http://www.bing.com/bingbot.htm)" "www.ysfine.com"
207.46.13.180 - - [26/Sep/2022:10:13:36 -0700] "GET /archives/class5470/total_data/sub_748.htm HTTP/1.1" 404 88 "-" "Mozilla/5.0 (compatible; bingbot/2.0; +http://www.bing.com/bingbot.htm)" "ysfine.com"
20.91.199.248 - - [26/Sep/2022:10:13:54 -0700] "GET /wp-admin/includes/ HTTP/1.1" 404 88 "-" "Mozlila/5.0 (Linux; Android 7.0; SM-G892A Bulid/NRD90M; wv) AppleWebKit/537.36 (KHTML, like Gecko) Version/4.0 Chrome/60.0.3112.107 Moblie Safari/537.36" "ysfine.com"
185.191.171.10 - - [26/Sep/2022:10:13:55 -0700] "GET /wdc/umd.html HTTP/1.1" 200 3139 "-" "Mozilla/5.0 (compatible; SemrushBot/7~bl; +http://www.semrush.com/bot.html)" "www.ysfine.com"
20.91.199.248 - - [26/Sep/2022:10:14:10 -0700] "GET /wp-includes/SimplePie/ HTTP/1.1" 404 88 "-" "Mozlila/5.0 (Linux; Android 7.0; SM-G892A Bulid/NRD90M; wv) AppleWebKit/537.36 (KHTML, like Gecko) Version/4.0 Chrome/60.0.3112.107 Moblie Safari/537.36" "ysfine.com"
20.91.199.248 - - [26/Sep/2022:10:14:17 -0700] "GET /wp-includes/customize/ HTTP/1.1" 404 88 "-" "Mozlila/5.0 (Linux; Android 7.0; SM-G892A Bulid/NRD90M; wv) AppleWebKit/537.36 (KHTML, like Gecko) Version/4.0 Chrome/60.0.3112.107 Moblie Safari/537.36" "ysfine.com"
20.91.199.248 - - [26/Sep/2022:10:14:33 -0700] "GET /wp-includes/Requests/ HTTP/1.1" 404 88 "-" "Mozlila/5.0 (Linux; Android 7.0; SM-G892A Bulid/NRD90M; wv) AppleWebKit/537.36 (KHTML, like Gecko) Version/4.0 Chrome/60.0.3112.107 Moblie Safari/537.36" "ysfine.com"
20.91.199.248 - - [26/Sep/2022:10:14:40 -0700] "GET /wp-includes/IXR/ HTTP/1.1" 404 88 "-" "Mozlila/5.0 (Linux; Android 7.0; SM-G892A Bulid/NRD90M; wv) AppleWebKit/537.36 (KHTML, like Gecko) Version/4.0 Chrome/60.0.3112.107 Moblie Safari/537.36" "ysfine.com"
20.91.199.248 - - [26/Sep/2022:10:14:48 -0700] "GET /wp-includes/ID3/ HTTP/1.1" 404 88 "-" "Mozlila/5.0 (Linux; Android 7.0; SM-G892A Bulid/NRD90M; wv) AppleWebKit/537.36 (KHTML, like Gecko) Version/4.0 Chrome/60.0.3112.107 Moblie Safari/537.36" "ysfine.com"
20.91.199.248 - - [26/Sep/2022:10:14:56 -0700] "GET /wp-includes/blocks/ HTTP/1.1" 404 88 "-" "Mozlila/5.0 (Linux; Android 7.0; SM-G892A Bulid/NRD90M; wv) AppleWebKit/537.36 (KHTML, like Gecko) Version/4.0 Chrome/60.0.3112.107 Moblie Safari/537.36" "ysfine.com"
185.191.171.11 - - [26/Sep/2022:10:15:01 -0700] "GET /world/spb.html HTTP/1.1" 200 16118 "-" "Mozilla/5.0 (compatible; SemrushBot/7~bl; +http://www.semrush.com/bot.html)" "ysfine.com"
20.91.199.248 - - [26/Sep/2022:10:15:03 -0700] "GET /wp-includes/rest-api/ HTTP/1.1" 404 88 "-" "Mozlila/5.0 (Linux; Android 7.0; SM-G892A Bulid/NRD90M; wv) AppleWebKit/537.36 (KHTML, like Gecko) Version/4.0 Chrome/60.0.3112.107 Moblie Safari/537.36" "ysfine.com"
40.77.167.61 - - [26/Sep/2022:10:15:06 -0700] "GET /maga/phil/sisfa12/roma12-28.jpg HTTP/1.1" 200 118142 "-" "Mozilla/5.0 (compatible; bingbot/2.0; +http://www.bing.com/bingbot.htm)" "www.ysfine.com"
20.91.199.248 - - [26/Sep/2022:10:15:10 -0700] "GET /wp-includes/images/ HTTP/1.1" 404 88 "-" "Mozlila/5.0 (Linux; Android 7.0; SM-G892A Bulid/NRD90M; wv) AppleWebKit/537.36 (KHTML, like Gecko) Version/4.0 Chrome/60.0.3112.107 Moblie Safari/537.36" "ysfine.com"
20.91.199.248 - - [26/Sep/2022:10:15:18 -0700] "GET /wp-includes/pomo/ HTTP/1.1" 404 88 "-" "Mozlila/5.0 (Linux; Android 7.0; SM-G892A Bulid/NRD90M; wv) AppleWebKit/537.36 (KHTML, like Gecko) Version/4.0 Chrome/60.0.3112.107 Moblie Safari/537.36" "ysfine.com"
66.249.66.93 - - [26/Sep/2022:10:15:49 -0700] "GET /world/brit/britmu37.jpg HTTP/1.1" 200 75466 "-" "Googlebot-Image/1.0" "ysfine.com"
185.191.171.11 - - [26/Sep/2022:10:15:53 -0700] "GET /dirac/dirpoems.html HTTP/1.1" 200 5773 "-" "Mozilla/5.0 (compatible; SemrushBot/7~bl; +http://www.semrush.com/bot.html)" "www.ysfine.com"
51.222.253.14 - - [26/Sep/2022:10:15:54 -0700] "GET /class54/class5470/total_data/sub_534.htm HTTP/1.1" 200 3212 "-" "Mozilla/5.0 (compatible; AhrefsBot/7.0; +http://ahrefs.com/robot/)" "www.ysfine.com"
51.222.253.12 - - [26/Sep/2022:10:15:57 -0700] "GET /class54/class5470/total_data/photo_img/5-34.jpg HTTP/1.1" 200 217107 "-" "Mozilla/5.0 (compatible; AhrefsBot/7.0; +http://ahrefs.com/robot/)" "www.ysfine.com"
207.46.13.180 - - [26/Sep/2022:10:17:05 -0700] "GET /world/ital/repub27.jpg HTTP/1.1" 200 134409 "-" "Mozilla/5.0 (compatible; bingbot/2.0; +http://www.bing.com/bingbot.htm)" "ysfine.com"
167.235.144.170 - - [26/Sep/2022:10:17:12 -0700] "GET /world/russ/ruble11b.jpg HTTP/1.1" 200 45878 "-" "Mozilla/5.0 (X11; Fedora; Linux x86_64) AppleWebKit/537.36 (KHTML, like Gecko) Chrome/79.0.3945.117 Safari/537.36" "ysfine.com"
207.46.13.102 - - [26/Sep/2022:10:17:38 -0700] "GET /maga/invent/edison22b.jpg HTTP/1.1" 200 23585 "-" "Mozilla/5.0 AppleWebKit/537.36 (KHTML, like Gecko; compatible; bingbot/2.0; +http://www.bing.com/bingbot.htm) Chrome/103.0.5060.134 Safari/537.36" "www.ysfine.com"
157.55.39.55 - - [26/Sep/2022:10:17:56 -0700] "GET /class54/emailed.html HTTP/1.1" 200 8184 "-" "Mozilla/5.0 (compatible; bingbot/2.0; +http://www.bing.com/bingbot.htm)" "www.ysfine.com"
157.55.39.55 - - [26/Sep/2022:10:17:56 -0700] "GET /princeton/campus.html HTTP/1.1" 200 15142 "-" "Mozilla/5.0 (compatible; bingbot/2.0; +http://www.bing.com/bingbot.htm)" "www.ysfine.com"
40.77.167.61 - - [26/Sep/2022:10:17:57 -0700] "GET /world/kazan.html HTTP/1.1" 200 13929 "-" "Mozilla/5.0 AppleWebKit/537.36 (KHTML, like Gecko; compatible; bingbot/2.0; +http://www.bing.com/bingbot.htm) Chrome/103.0.5060.134 Safari/537.36" "www.ysfine.com"
207.46.13.180 - - [26/Sep/2022:10:17:58 -0700] "GET /class54/weheard.html HTTP/1.1" 200 5818 "-" "Mozilla/5.0 AppleWebKit/537.36 (KHTML, like Gecko; compatible; bingbot/2.0; +http://www.bing.com/bingbot.htm) Chrome/103.0.5060.134 Safari/537.36" "www.ysfine.com"
207.46.13.180 - - [26/Sep/2022:10:17:58 -0700] "GET /style/songs.html HTTP/1.1" 200 31567 "-" "Mozilla/5.0 (compatible; bingbot/2.0; +http://www.bing.com/bingbot.htm)" "www.ysfine.com"
207.46.13.102 - - [26/Sep/2022:10:17:58 -0700] "GET /wigner/neum/compu.html HTTP/1.1" 200 2267 "-" "Mozilla/5.0 (compatible; bingbot/2.0; +http://www.bing.com/bingbot.htm)" "www.ysfine.com"
40.77.167.61 - - [26/Sep/2022:10:18:07 -0700] "GET /dirac/dirk62.html HTTP/1.1" 200 3930 "-" "Mozilla/5.0 (compatible; bingbot/2.0; +http://www.bing.com/bingbot.htm)" "www.ysfine.com"
40.77.167.61 - - [26/Sep/2022:10:18:08 -0700] "GET /maga/yukawa.html HTTP/1.1" 200 5658 "-" "Mozilla/5.0 (compatible; bingbot/2.0; +http://www.bing.com/bingbot.htm)" "www.ysfine.com"
40.77.167.61 - - [26/Sep/2022:10:18:08 -0700] "GET /style/mushalls.html HTTP/1.1" 200 21398 "-" "Mozilla/5.0 AppleWebKit/537.36 (KHTML, like Gecko; compatible; bingbot/2.0; +http://www.bing.com/bingbot.htm) Chrome/103.0.5060.134 Safari/537.36" "www.ysfine.com"
157.55.39.58 - - [26/Sep/2022:10:19:07 -0700] "GET /sbk/2009lon22.jpg HTTP/1.1" 200 196366 "-" "Mozilla/5.0 (compatible; bingbot/2.0; +http://www.bing.com/bingbot.htm)" "ysfine.com"
157.55.39.128 - - [26/Sep/2022:10:19:23 -0700] "GET /world/russ/spbm02b.jpg HTTP/1.1" 200 48172 "-" "Mozilla/5.0 (compatible; bingbot/2.0; +http://www.bing.com/bingbot.htm)" "ysfine.com"
157.55.39.55 - - [26/Sep/2022:10:19:52 -0700] "GET /world/germany/hegel09.jpg HTTP/1.1" 200 96010 "-" "Mozilla/5.0 (compatible; bingbot/2.0; +http://www.bing.com/bingbot.htm)" "www.ysfine.com"
51.222.253.6 - - [26/Sep/2022:10:22:06 -0700] "GET /class54/class5470/total_data/sub_519.htm HTTP/1.1" 200 3212 "-" "Mozilla/5.0 (compatible; AhrefsBot/7.0; +http://ahrefs.com/robot/)" "www.ysfine.com"
51.222.253.6 - - [26/Sep/2022:10:22:09 -0700] "GET /class54/class5470/total_data/photo_img/5-19.jpg HTTP/1.1" 200 290063 "-" "Mozilla/5.0 (compatible; AhrefsBot/7.0; +http://ahrefs.com/robot/)" "www.ysfine.com"
200.189.56.49 - - [26/Sep/2022:10:22:28 -0700] "GET /wigner/neum/vnc01.jpg HTTP/1.1" 200 133641 "https://sites.google.com/" "Mozilla/5.0 (Windows NT 10.0; Win64; x64) AppleWebKit/537.36 (KHTML, like Gecko) Chrome/105.0.0.0 Safari/537.36" "ysfine.com"
20.187.76.245 - - [26/Sep/2022:10:23:08 -0700] "GET /wp-includes/ID3/license.txt HTTP/1.1" 404 73 "-" "Mozilla/5.0 (Windows NT 10.0; Win64; x64) AppleWebKit/537.36 (KHTML, like Gecko) Chrome/95.0.4638.69 Safari/537.36" "ysfine.com"
20.187.76.245 - - [26/Sep/2022:10:23:08 -0700] "GET /feed/ HTTP/1.1" 404 73 "-" "Mozilla/5.0 (Windows NT 10.0; Win64; x64) AppleWebKit/537.36 (KHTML, like Gecko) Chrome/95.0.4638.69 Safari/537.36" "ysfine.com"
20.187.76.245 - - [26/Sep/2022:10:23:09 -0700] "GET /xmlrpc.php?rsd HTTP/1.1" 500 4933 "-" "Mozilla/5.0 (Windows NT 10.0; Win64; x64) AppleWebKit/537.36 (KHTML, like Gecko) Chrome/95.0.4638.69 Safari/537.36" "ysfine.com"
20.187.76.245 - - [26/Sep/2022:10:23:10 -0700] "GET /blog/wp-includes/wlwmanifest.xml HTTP/1.1" 404 73 "-" "Mozilla/5.0 (Windows NT 10.0; Win64; x64) AppleWebKit/537.36 (KHTML, like Gecko) Chrome/95.0.4638.69 Safari/537.36" "ysfine.com"
20.187.76.245 - - [26/Sep/2022:10:23:11 -0700] "GET /web/wp-includes/wlwmanifest.xml HTTP/1.1" 404 73 "-" "Mozilla/5.0 (Windows NT 10.0; Win64; x64) AppleWebKit/537.36 (KHTML, like Gecko) Chrome/95.0.4638.69 Safari/537.36" "ysfine.com"
20.187.76.245 - - [26/Sep/2022:10:23:12 -0700] "GET /wordpress/wp-includes/wlwmanifest.xml HTTP/1.1" 404 73 "-" "Mozilla/5.0 (Windows NT 10.0; Win64; x64) AppleWebKit/537.36 (KHTML, like Gecko) Chrome/95.0.4638.69 Safari/537.36" "ysfine.com"
20.187.76.245 - - [26/Sep/2022:10:23:13 -0700] "GET /wp/wp-includes/wlwmanifest.xml HTTP/1.1" 404 73 "-" "Mozilla/5.0 (Windows NT 10.0; Win64; x64) AppleWebKit/537.36 (KHTML, like Gecko) Chrome/95.0.4638.69 Safari/537.36" "ysfine.com"
20.187.76.245 - - [26/Sep/2022:10:23:14 -0700] "GET /2020/wp-includes/wlwmanifest.xml HTTP/1.1" 404 73 "-" "Mozilla/5.0 (Windows NT 10.0; Win64; x64) AppleWebKit/537.36 (KHTML, like Gecko) Chrome/95.0.4638.69 Safari/537.36" "ysfine.com"
20.187.76.245 - - [26/Sep/2022:10:23:15 -0700] "GET /2019/wp-includes/wlwmanifest.xml HTTP/1.1" 404 73 "-" "Mozilla/5.0 (Windows NT 10.0; Win64; x64) AppleWebKit/537.36 (KHTML, like Gecko) Chrome/95.0.4638.69 Safari/537.36" "ysfine.com"
20.187.76.245 - - [26/Sep/2022:10:23:16 -0700] "GET /2021/wp-includes/wlwmanifest.xml HTTP/1.1" 404 73 "-" "Mozilla/5.0 (Windows NT 10.0; Win64; x64) AppleWebKit/537.36 (KHTML, like Gecko) Chrome/95.0.4638.69 Safari/537.36" "ysfine.com"
20.187.76.245 - - [26/Sep/2022:10:23:17 -0700] "GET /shop/wp-includes/wlwmanifest.xml HTTP/1.1" 404 73 "-" "Mozilla/5.0 (Windows NT 10.0; Win64; x64) AppleWebKit/537.36 (KHTML, like Gecko) Chrome/95.0.4638.69 Safari/537.36" "ysfine.com"
20.187.76.245 - - [26/Sep/2022:10:23:17 -0700] "GET /wp1/wp-includes/wlwmanifest.xml HTTP/1.1" 404 73 "-" "Mozilla/5.0 (Windows NT 10.0; Win64; x64) AppleWebKit/537.36 (KHTML, like Gecko) Chrome/95.0.4638.69 Safari/537.36" "ysfine.com"
20.187.76.245 - - [26/Sep/2022:10:23:18 -0700] "GET /test/wp-includes/wlwmanifest.xml HTTP/1.1" 404 73 "-" "Mozilla/5.0 (Windows NT 10.0; Win64; x64) AppleWebKit/537.36 (KHTML, like Gecko) Chrome/95.0.4638.69 Safari/537.36" "ysfine.com"
20.187.76.245 - - [26/Sep/2022:10:23:19 -0700] "GET /site/wp-includes/wlwmanifest.xml HTTP/1.1" 404 73 "-" "Mozilla/5.0 (Windows NT 10.0; Win64; x64) AppleWebKit/537.36 (KHTML, like Gecko) Chrome/95.0.4638.69 Safari/537.36" "ysfine.com"
20.187.76.245 - - [26/Sep/2022:10:23:20 -0700] "GET /cms/wp-includes/wlwmanifest.xml HTTP/1.1" 404 73 "-" "Mozilla/5.0 (Windows NT 10.0; Win64; x64) AppleWebKit/537.36 (KHTML, like Gecko) Chrome/95.0.4638.69 Safari/537.36" "ysfine.com"
157.55.39.58 - - [26/Sep/2022:10:23:44 -0700] "GET /world/russ/dnepro22b.jpg HTTP/1.1" 200 32059 "-" "Mozilla/5.0 (compatible; bingbot/2.0; +http://www.bing.com/bingbot.htm)" "www.ysfine.com"
66.249.66.3 - - [26/Sep/2022:10:26:13 -0700] "GET /world/scandi/sto024.jpg HTTP/1.1" 304 - "-" "Googlebot-Image/1.0" "ysfine.com"
77.88.5.81 - - [26/Sep/2022:10:26:47 -0700] "GET /world/budapest.html HTTP/1.1" 200 8325 "-" "Mozilla/5.0 (compatible; YandexBot/3.0; +http://yandex.com/bots)" "www.ysfine.com"
40.77.167.61 - - [26/Sep/2022:10:26:57 -0700] "GET /wigner/gim/gimn02.jpg HTTP/1.1" 200 105634 "-" "Mozilla/5.0 (compatible; bingbot/2.0; +http://www.bing.com/bingbot.htm)" "ysfine.com"
149.150.237.14 - - [26/Sep/2022:10:27:01 -0700] "GET /jobs/koreaj22.jpg HTTP/1.1" 200 195155 "https://www.google.com/" "Mozilla/5.0 (Windows NT 10.0; Win64; x64) AppleWebKit/537.36 (KHTML, like Gecko) Chrome/105.0.0.0 Safari/537.36" "ysfine.com"
207.46.13.102 - - [26/Sep/2022:10:27:39 -0700] "GET /world/places/ulm01b.jpg HTTP/1.1" 200 32131 "-" "Mozilla/5.0 AppleWebKit/537.36 (KHTML, like Gecko; compatible; bingbot/2.0; +http://www.bing.com/bingbot.htm) Chrome/103.0.5060.134 Safari/537.36" "ysfine.com"
95.163.255.110 - - [26/Sep/2022:10:28:16 -0700] "GET /robots.txt HTTP/1.1" 404 73 "-" "Mozilla/5.0 (compatible; Linux x86_64; Mail.RU_Bot/Img/2.0; +https://help.mail.ru/webmaster/indexing/robots)" "ysfine.com"
157.55.39.128 - - [26/Sep/2022:10:28:34 -0700] "GET /dirac/dirheisen31b.jpg HTTP/1.1" 200 39248 "-" "Mozilla/5.0 (compatible; bingbot/2.0; +http://www.bing.com/bingbot.htm)" "www.ysfine.com"
51.222.253.10 - - [26/Sep/2022:10:28:39 -0700] "GET /class54/class5470/total_data/sub_523.htm HTTP/1.1" 200 3212 "-" "Mozilla/5.0 (compatible; AhrefsBot/7.0; +http://ahrefs.com/robot/)" "www.ysfine.com"
51.222.253.12 - - [26/Sep/2022:10:28:41 -0700] "GET /class54/class5470/total_data/photo_img/5-23.jpg HTTP/1.1" 200 253997 "-" "Mozilla/5.0 (compatible; AhrefsBot/7.0; +http://ahrefs.com/robot/)" "www.ysfine.com"
51.222.253.8 - - [26/Sep/2022:10:28:42 -0700] "GET /class54/class5470/total_data/images/mb.css HTTP/1.1" 404 88 "-" "Mozilla/5.0 (compatible; AhrefsBot/7.0; +http://ahrefs.com/robot/)" "www.ysfine.com"
51.222.253.7 - - [26/Sep/2022:10:28:42 -0700] "GET /class54/class5470/total_data/img/menu06_on.gif HTTP/1.1" 200 624 "-" "Mozilla/5.0 (compatible; AhrefsBot/7.0; +http://ahrefs.com/robot/)" "www.ysfine.com"
51.222.253.19 - - [26/Sep/2022:10:28:42 -0700] "GET /class54/class5470/total_data/img/menu08_on.gif HTTP/1.1" 200 813 "-" "Mozilla/5.0 (compatible; AhrefsBot/7.0; +http://ahrefs.com/robot/)" "www.ysfine.com"
51.222.253.3 - - [26/Sep/2022:10:28:43 -0700] "GET /class54/class5470/total_data/img/menu02_on.gif HTTP/1.1" 200 782 "-" "Mozilla/5.0 (compatible; AhrefsBot/7.0; +http://ahrefs.com/robot/)" "www.ysfine.com"
51.222.253.16 - - [26/Sep/2022:10:28:43 -0700] "GET /class54/class5470/total_data/img/menu05_on.gif HTTP/1.1" 200 691 "-" "Mozilla/5.0 (compatible; AhrefsBot/7.0; +http://ahrefs.com/robot/)" "www.ysfine.com"
51.222.253.14 - - [26/Sep/2022:10:28:45 -0700] "GET /class54/class5470/total_data/img/home_logo.gif HTTP/1.1" 200 4562 "-" "Mozilla/5.0 (compatible; AhrefsBot/7.0; +http://ahrefs.com/robot/)" "www.ysfine.com"
185.191.171.19 - - [26/Sep/2022:10:28:45 -0700] "GET /feynman/chewfrau.html HTTP/1.1" 200 3075 "-" "Mozilla/5.0 (compatible; SemrushBot/7~bl; +http://www.semrush.com/bot.html)" "ysfine.com"
51.222.253.9 - - [26/Sep/2022:10:28:46 -0700] "GET /class54/class5470/total_data/img/sm02_off.gif HTTP/1.1" 200 426 "-" "Mozilla/5.0 (compatible; AhrefsBot/7.0; +http://ahrefs.com/robot/)" "www.ysfine.com"
51.222.253.3 - - [26/Sep/2022:10:28:46 -0700] "GET /class54/class5470/total_data/img/menu03_on.gif HTTP/1.1" 200 600 "-" "Mozilla/5.0 (compatible; AhrefsBot/7.0; +http://ahrefs.com/robot/)" "www.ysfine.com"
51.222.253.15 - - [26/Sep/2022:10:28:47 -0700] "GET /class54/class5470/total_data/img/menu07_on.gif HTTP/1.1" 200 578 "-" "Mozilla/5.0 (compatible; AhrefsBot/7.0; +http://ahrefs.com/robot/)" "www.ysfine.com"
51.222.253.9 - - [26/Sep/2022:10:28:48 -0700] "GET /class54/class5470/total_data/img/menu04_on.gif HTTP/1.1" 200 813 "-" "Mozilla/5.0 (compatible; AhrefsBot/7.0; +http://ahrefs.com/robot/)" "www.ysfine.com"
51.222.253.6 - - [26/Sep/2022:10:28:48 -0700] "GET /class54/class5470/total_data/img/bottom_title.gif HTTP/1.1" 200 14467 "-" "Mozilla/5.0 (compatible; AhrefsBot/7.0; +http://ahrefs.com/robot/)" "www.ysfine.com"
51.222.253.6 - - [26/Sep/2022:10:28:49 -0700] "GET /class54/class5470/total_data/img/sm01_on.gif HTTP/1.1" 200 382 "-" "Mozilla/5.0 (compatible; AhrefsBot/7.0; +http://ahrefs.com/robot/)" "www.ysfine.com"
187.21.178.57 - - [26/Sep/2022:10:29:11 -0700] "GET /wigner/neum/vnc01.jpg HTTP/1.1" 200 133641 "https://sites.google.com/" "Mozilla/5.0 (Windows NT 10.0; Win64; x64) AppleWebKit/537.36 (KHTML, like Gecko) Chrome/105.0.0.0 Safari/537.36" "ysfine.com"
157.55.39.128 - - [26/Sep/2022:10:29:44 -0700] "GET /style/musee/uffizi22.jpg HTTP/1.1" 200 131191 "-" "Mozilla/5.0 (compatible; bingbot/2.0; +http://www.bing.com/bingbot.htm)" "ysfine.com"
157.55.39.55 - - [26/Sep/2022:10:30:04 -0700] "GET /eink/underw03.jpg HTTP/1.1" 200 92395 "-" "Mozilla/5.0 (compatible; bingbot/2.0; +http://www.bing.com/bingbot.htm)" "ysfine.com"
157.55.39.55 - - [26/Sep/2022:10:30:55 -0700] "GET /kowar/tanks/sherman50.jpg HTTP/1.1" 200 69232 "-" "Mozilla/5.0 (compatible; bingbot/2.0; +http://www.bing.com/bingbot.htm)" "ysfine.com"
185.191.171.45 - - [26/Sep/2022:10:31:08 -0700] "GET /style/digilit.html HTTP/1.1" 200 8470 "-" "Mozilla/5.0 (compatible; SemrushBot/7~bl; +http://www.semrush.com/bot.html)" "www.ysfine.com"
207.46.13.102 - - [26/Sep/2022:10:31:28 -0700] "GET /wdc/whouse08.jpg HTTP/1.1" 200 56905 "-" "Mozilla/5.0 (compatible; bingbot/2.0; +http://www.bing.com/bingbot.htm)" "www.ysfine.com"
95.163.255.71 - - [26/Sep/2022:10:31:52 -0700] "GET /world/russ/minsk067.jpg HTTP/1.1" 200 105004 "http://go.mail.ru/search_images" "Mozilla/5.0 (compatible; Linux x86_64; Mail.RU_Bot/Img/2.0; +https://help.mail.ru/webmaster/indexing/robots)" "ysfine.com"
157.55.39.128 - - [26/Sep/2022:10:33:24 -0700] "GET /world/ital/verona18.jpg HTTP/1.1" 200 90809 "-" "Mozilla/5.0 (compatible; bingbot/2.0; +http://www.bing.com/bingbot.htm)" "www.ysfine.com"
51.222.253.7 - - [26/Sep/2022:10:34:48 -0700] "GET /class54/class5470/total_data/sub_526.htm HTTP/1.1" 200 3212 "-" "Mozilla/5.0 (compatible; AhrefsBot/7.0; +http://ahrefs.com/robot/)" "www.ysfine.com"
185.191.171.3 - - [26/Sep/2022:10:35:41 -0700] "GET /home/100yrs.html HTTP/1.1" 200 7936 "-" "Mozilla/5.0 (compatible; SemrushBot/7~bl; +http://www.semrush.com/bot.html)" "ysfine.com"
200.14.226.170 - - [26/Sep/2022:10:35:49 -0700] "GET /feynman/feybongo77.jpg HTTP/1.1" 200 104455 "https://www.google.com/" "Mozilla/5.0 (Windows NT 10.0; Win64; x64; rv:105.0) Gecko/20100101 Firefox/105.0" "ysfine.com"
157.55.39.58 - - [26/Sep/2022:10:36:20 -0700] "GET /maga/phys/yukaein.jpg HTTP/1.1" 200 172109 "-" "Mozilla/5.0 AppleWebKit/537.36 (KHTML, like Gecko; compatible; bingbot/2.0; +http://www.bing.com/bingbot.htm) Chrome/103.0.5060.134 Safari/537.36" "ysfine.com"
40.77.167.61 - - [26/Sep/2022:10:36:21 -0700] "GET /dongio/polish.html HTTP/1.1" 404 88 "-" "Mozilla/5.0 (compatible; bingbot/2.0; +http://www.bing.com/bingbot.htm)" "ysfine.com"
97.108.215.53 - - [26/Sep/2022:10:36:39 -0700] "GET /world/poland/jablo07.jpg HTTP/1.1" 200 122193 "https://ysfine.com/dirac/wigsis.html" "Mozilla/5.0 (Windows NT 10.0; Win64; x64) AppleWebKit/537.36 (KHTML, like Gecko) Chrome/105.0.0.0 Safari/537.36" "ysfine.com"
157.55.39.55 - - [26/Sep/2022:10:36:54 -0700] "GET /world/brit/mayfair07.jpg HTTP/1.1" 200 108789 "-" "Mozilla/5.0 (compatible; bingbot/2.0; +http://www.bing.com/bingbot.htm)" "ysfine.com"
97.108.215.53 - - [26/Sep/2022:10:36:55 -0700] "GET /world/poland/jablo20.jpg HTTP/1.1" 200 83156 "https://ysfine.com/dirac/wigsis.html" "Mozilla/5.0 (Windows NT 10.0; Win64; x64) AppleWebKit/537.36 (KHTML, like Gecko) Chrome/105.0.0.0 Safari/537.36" "ysfine.com"
191.217.224.130 - - [26/Sep/2022:10:37:14 -0700] "GET /wigner/neum/vnc01.jpg HTTP/1.1" 200 133641 "https://sites.google.com/" "Mozilla/5.0 (Linux; Android 7.1.2; LM-X410.F) AppleWebKit/537.36 (KHTML, like Gecko) Chrome/105.0.0.0 Mobile Safari/537.36" "ysfine.com"
185.191.171.4 - - [26/Sep/2022:10:37:25 -0700] "GET /world/polandw.html HTTP/1.1" 200 17892 "-" "Mozilla/5.0 (compatible; SemrushBot/7~bl; +http://www.semrush.com/bot.html)" "ysfine.com"
138.99.22.166 - - [26/Sep/2022:10:37:42 -0700] "GET /world/germany/benz13.jpg HTTP/1.1" 200 103872 "https://www.google.com/" "Mozilla/5.0 (Windows NT 10.0; Win64; x64) AppleWebKit/537.36 (KHTML, like Gecko) Chrome/105.0.0.0 Safari/537.36" "ysfine.com"
97.108.215.53 - - [26/Sep/2022:10:37:47 -0700] "GET /feynman/feybial.jpg HTTP/1.1" 200 56284 "https://ysfine.com/dirac/wigsis.html" "Mozilla/5.0 (Windows NT 10.0; Win64; x64) AppleWebKit/537.36 (KHTML, like Gecko) Chrome/105.0.0.0 Safari/537.36" "ysfine.com"
157.55.39.58 - - [26/Sep/2022:10:38:08 -0700] "GET /dirac/bankers11.jpg HTTP/1.1" 200 51708 "-" "Mozilla/5.0 (compatible; bingbot/2.0; +http://www.bing.com/bingbot.htm)" "ysfine.com"
65.182.125.15 - - [26/Sep/2022:10:38:45 -0700] "GET /kobak/somap38.jpg HTTP/1.1" 200 109622 "https://www.google.com/" "Mozilla/5.0 (X11; CrOS x86_64 14989.107.0) AppleWebKit/537.36 (KHTML, like Gecko) Chrome/105.0.0.0 Safari/537.36" "ysfine.com"
79.183.88.122 - - [26/Sep/2022:10:39:39 -0700] "GET /kobak/gazza33.jpg HTTP/1.1" 200 260491 "https://www.bing.com/" "Mozilla/5.0 (Windows NT 10.0; Win64; x64) AppleWebKit/537.36 (KHTML, like Gecko) Chrome/105.0.0.0 Safari/537.36 Edg/105.0.1343.50" "ysfine.com"
66.249.66.208 - - [26/Sep/2022:10:40:48 -0700] "GET /ffriends/mil/roskei19.jpg HTTP/1.1" 200 141773 "-" "Googlebot-Image/1.0" "ysfine.com"
51.222.253.1 - - [26/Sep/2022:10:41:02 -0700] "GET /class54/class5470/total_data/sub_527.htm HTTP/1.1" 200 3212 "-" "Mozilla/5.0 (compatible; AhrefsBot/7.0; +http://ahrefs.com/robot/)" "www.ysfine.com"
51.222.253.5 - - [26/Sep/2022:10:41:04 -0700] "GET /class54/class5470/total_data/photo_img/5-27.jpg HTTP/1.1" 200 243153 "-" "Mozilla/5.0 (compatible; AhrefsBot/7.0; +http://ahrefs.com/robot/)" "www.ysfine.com"
185.191.171.42 - - [26/Sep/2022:10:41:20 -0700] "GET /wdc/georgetown.html HTTP/1.1" 200 3609 "-" "Mozilla/5.0 (compatible; SemrushBot/7~bl; +http://www.semrush.com/bot.html)" "www.ysfine.com"
187.14.111.211 - - [26/Sep/2022:10:42:41 -0700] "GET /wigner/neum/vnc01.jpg HTTP/1.1" 200 133641 "-" "Mozilla/5.0 (Windows NT 10.0; Win64; x64; rv:105.0) Gecko/20100101 Firefox/105.0" "ysfine.com"
95.83.113.238 - - [26/Sep/2022:10:42:51 -0700] "GET /usca/neworl.html HTTP/1.1" 200 14308 "https://yandex.ru/" "Mozilla/5.0 (Linux; arm_64; Android 10; M2003J15SC) AppleWebKit/537.36 (KHTML, like Gecko) Chrome/104.0.5112.102 YaApp_Android/22.91.1 YaSearchBrowser/22.91.1 BroPP/1.0 SA/3 Mobile Safari/537.36" "www.ysfine.com"
95.83.113.238 - - [26/Sep/2022:10:42:52 -0700] "GET /usca/norl/napo00b.jpg HTTP/1.1" 200 31598 "https://www.ysfine.com/usca/neworl.html" "Mozilla/5.0 (Linux; arm_64; Android 10; M2003J15SC) AppleWebKit/537.36 (KHTML, like Gecko) Chrome/104.0.5112.102 YaApp_Android/22.91.1 YaSearchBrowser/22.91.1 BroPP/1.0 SA/3 Mobile Safari/537.36" "www.ysfine.com"
95.83.113.238 - - [26/Sep/2022:10:42:52 -0700] "GET /usca/norl/napo01b.jpg HTTP/1.1" 200 42328 "https://www.ysfine.com/usca/neworl.html" "Mozilla/5.0 (Linux; arm_64; Android 10; M2003J15SC) AppleWebKit/537.36 (KHTML, like Gecko) Chrome/104.0.5112.102 YaApp_Android/22.91.1 YaSearchBrowser/22.91.1 BroPP/1.0 SA/3 Mobile Safari/537.36" "www.ysfine.com"
95.83.113.238 - - [26/Sep/2022:10:42:52 -0700] "GET /usca/norl/napo10b.jpg HTTP/1.1" 200 29910 "https://www.ysfine.com/usca/neworl.html" "Mozilla/5.0 (Linux; arm_64; Android 10; M2003J15SC) AppleWebKit/537.36 (KHTML, like Gecko) Chrome/104.0.5112.102 YaApp_Android/22.91.1 YaSearchBrowser/22.91.1 BroPP/1.0 SA/3 Mobile Safari/537.36" "www.ysfine.com"
95.83.113.238 - - [26/Sep/2022:10:42:52 -0700] "GET /maga/histo/desiree22b.jpg HTTP/1.1" 200 44724 "https://www.ysfine.com/usca/neworl.html" "Mozilla/5.0 (Linux; arm_64; Android 10; M2003J15SC) AppleWebKit/537.36 (KHTML, like Gecko) Chrome/104.0.5112.102 YaApp_Android/22.91.1 YaSearchBrowser/22.91.1 BroPP/1.0 SA/3 Mobile Safari/537.36" "www.ysfine.com"
95.83.113.238 - - [26/Sep/2022:10:42:52 -0700] "GET /maga/histo/desiree21b.jpg HTTP/1.1" 200 40810 "https://www.ysfine.com/usca/neworl.html" "Mozilla/5.0 (Linux; arm_64; Android 10; M2003J15SC) AppleWebKit/537.36 (KHTML, like Gecko) Chrome/104.0.5112.102 YaApp_Android/22.91.1 YaSearchBrowser/22.91.1 BroPP/1.0 SA/3 Mobile Safari/537.36" "www.ysfine.com"
95.83.113.238 - - [26/Sep/2022:10:42:52 -0700] "GET /usca/norl/bour16b.jpg HTTP/1.1" 200 39806 "https://www.ysfine.com/usca/neworl.html" "Mozilla/5.0 (Linux; arm_64; Android 10; M2003J15SC) AppleWebKit/537.36 (KHTML, like Gecko) Chrome/104.0.5112.102 YaApp_Android/22.91.1 YaSearchBrowser/22.91.1 BroPP/1.0 SA/3 Mobile Safari/537.36" "www.ysfine.com"
95.83.113.238 - - [26/Sep/2022:10:42:52 -0700] "GET /usca/norl/napo12b.jpg HTTP/1.1" 200 38672 "https://www.ysfine.com/usca/neworl.html" "Mozilla/5.0 (Linux; arm_64; Android 10; M2003J15SC) AppleWebKit/537.36 (KHTML, like Gecko) Chrome/104.0.5112.102 YaApp_Android/22.91.1 YaSearchBrowser/22.91.1 BroPP/1.0 SA/3 Mobile Safari/537.36" "www.ysfine.com"
95.83.113.238 - - [26/Sep/2022:10:42:52 -0700] "GET /usca/norl/jackson55.jpg HTTP/1.1" 200 76385 "https://www.ysfine.com/usca/neworl.html" "Mozilla/5.0 (Linux; arm_64; Android 10; M2003J15SC) AppleWebKit/537.36 (KHTML, like Gecko) Chrome/104.0.5112.102 YaApp_Android/22.91.1 YaSearchBrowser/22.91.1 BroPP/1.0 SA/3 Mobile Safari/537.36" "www.ysfine.com"
95.83.113.238 - - [26/Sep/2022:10:42:52 -0700] "GET /usca/norl/jackson66b.jpg HTTP/1.1" 200 54940 "https://www.ysfine.com/usca/neworl.html" "Mozilla/5.0 (Linux; arm_64; Android 10; M2003J15SC) AppleWebKit/537.36 (KHTML, like Gecko) Chrome/104.0.5112.102 YaApp_Android/22.91.1 YaSearchBrowser/22.91.1 BroPP/1.0 SA/3 Mobile Safari/537.36" "www.ysfine.com"
95.83.113.238 - - [26/Sep/2022:10:42:52 -0700] "GET /usca/norl/missi37b.jpg HTTP/1.1" 200 34002 "https://www.ysfine.com/usca/neworl.html" "Mozilla/5.0 (Linux; arm_64; Android 10; M2003J15SC) AppleWebKit/537.36 (KHTML, like Gecko) Chrome/104.0.5112.102 YaApp_Android/22.91.1 YaSearchBrowser/22.91.1 BroPP/1.0 SA/3 Mobile Safari/537.36" "www.ysfine.com"
95.83.113.238 - - [26/Sep/2022:10:42:52 -0700] "GET /usca/norl/bour04b.jpg HTTP/1.1" 200 43832 "https://www.ysfine.com/usca/neworl.html" "Mozilla/5.0 (Linux; arm_64; Android 10; M2003J15SC) AppleWebKit/537.36 (KHTML, like Gecko) Chrome/104.0.5112.102 YaApp_Android/22.91.1 YaSearchBrowser/22.91.1 BroPP/1.0 SA/3 Mobile Safari/537.36" "www.ysfine.com"
95.83.113.238 - - [26/Sep/2022:10:42:52 -0700] "GET /usca/norl/napo15b.jpg HTTP/1.1" 200 30847 "https://www.ysfine.com/usca/neworl.html" "Mozilla/5.0 (Linux; arm_64; Android 10; M2003J15SC) AppleWebKit/537.36 (KHTML, like Gecko) Chrome/104.0.5112.102 YaApp_Android/22.91.1 YaSearchBrowser/22.91.1 BroPP/1.0 SA/3 Mobile Safari/537.36" "www.ysfine.com"
95.83.113.238 - - [26/Sep/2022:10:42:52 -0700] "GET /usca/norl/jackson33b.jpg HTTP/1.1" 200 14490 "https://www.ysfine.com/usca/neworl.html" "Mozilla/5.0 (Linux; arm_64; Android 10; M2003J15SC) AppleWebKit/537.36 (KHTML, like Gecko) Chrome/104.0.5112.102 YaApp_Android/22.91.1 YaSearchBrowser/22.91.1 BroPP/1.0 SA/3 Mobile Safari/537.36" "www.ysfine.com"
95.83.113.238 - - [26/Sep/2022:10:42:52 -0700] "GET /usca/norl/fq11b.jpg HTTP/1.1" 200 40400 "https://www.ysfine.com/usca/neworl.html" "Mozilla/5.0 (Linux; arm_64; Android 10; M2003J15SC) AppleWebKit/537.36 (KHTML, like Gecko) Chrome/104.0.5112.102 YaApp_Android/22.91.1 YaSearchBrowser/22.91.1 BroPP/1.0 SA/3 Mobile Safari/537.36" "www.ysfine.com"
95.83.113.238 - - [26/Sep/2022:10:42:52 -0700] "GET /world/china/chongking91b.jpg HTTP/1.1" 200 41029 "https://www.ysfine.com/usca/neworl.html" "Mozilla/5.0 (Linux; arm_64; Android 10; M2003J15SC) AppleWebKit/537.36 (KHTML, like Gecko) Chrome/104.0.5112.102 YaApp_Android/22.91.1 YaSearchBrowser/22.91.1 BroPP/1.0 SA/3 Mobile Safari/537.36" "www.ysfine.com"
95.83.113.238 - - [26/Sep/2022:10:42:52 -0700] "GET /world/china/chongking32b.jpg HTTP/1.1" 200 42255 "https://www.ysfine.com/usca/neworl.html" "Mozilla/5.0 (Linux; arm_64; Android 10; M2003J15SC) AppleWebKit/537.36 (KHTML, like Gecko) Chrome/104.0.5112.102 YaApp_Android/22.91.1 YaSearchBrowser/22.91.1 BroPP/1.0 SA/3 Mobile Safari/537.36" "www.ysfine.com"
95.83.113.238 - - [26/Sep/2022:10:42:52 -0700] "GET /usca/norl/fm12b.jpg HTTP/1.1" 200 44969 "https://www.ysfine.com/usca/neworl.html" "Mozilla/5.0 (Linux; arm_64; Android 10; M2003J15SC) AppleWebKit/537.36 (KHTML, like Gecko) Chrome/104.0.5112.102 YaApp_Android/22.91.1 YaSearchBrowser/22.91.1 BroPP/1.0 SA/3 Mobile Safari/537.36" "www.ysfine.com"
95.83.113.238 - - [26/Sep/2022:10:42:52 -0700] "GET /world/china/shanghai001b.jpg HTTP/1.1" 200 38685 "https://www.ysfine.com/usca/neworl.html" "Mozilla/5.0 (Linux; arm_64; Android 10; M2003J15SC) AppleWebKit/537.36 (KHTML, like Gecko) Chrome/104.0.5112.102 YaApp_Android/22.91.1 YaSearchBrowser/22.91.1 BroPP/1.0 SA/3 Mobile Safari/537.36" "www.ysfine.com"
95.83.113.238 - - [26/Sep/2022:10:42:52 -0700] "GET /usca/norl/bour02b.jpg HTTP/1.1" 200 39485 "https://www.ysfine.com/usca/neworl.html" "Mozilla/5.0 (Linux; arm_64; Android 10; M2003J15SC) AppleWebKit/537.36 (KHTML, like Gecko) Chrome/104.0.5112.102 YaApp_Android/22.91.1 YaSearchBrowser/22.91.1 BroPP/1.0 SA/3 Mobile Safari/537.36" "www.ysfine.com"
95.83.113.238 - - [26/Sep/2022:10:42:52 -0700] "GET /usca/norl/fm01b.jpg HTTP/1.1" 200 36775 "https://www.ysfine.com/usca/neworl.html" "Mozilla/5.0 (Linux; arm_64; Android 10; M2003J15SC) AppleWebKit/537.36 (KHTML, like Gecko) Chrome/104.0.5112.102 YaApp_Android/22.91.1 YaSearchBrowser/22.91.1 BroPP/1.0 SA/3 Mobile Safari/537.36" "www.ysfine.com"
95.83.113.238 - - [26/Sep/2022:10:42:52 -0700] "GET /usca/pitt/fortpitt01b.jpg HTTP/1.1" 200 31243 "https://www.ysfine.com/usca/neworl.html" "Mozilla/5.0 (Linux; arm_64; Android 10; M2003J15SC) AppleWebKit/537.36 (KHTML, like Gecko) Chrome/104.0.5112.102 YaApp_Android/22.91.1 YaSearchBrowser/22.91.1 BroPP/1.0 SA/3 Mobile Safari/537.36" "www.ysfine.com"
95.83.113.238 - - [26/Sep/2022:10:42:52 -0700] "GET /feynman/feygell66b.jpg HTTP/1.1" 200 28843 "https://www.ysfine.com/usca/neworl.html" "Mozilla/5.0 (Linux; arm_64; Android 10; M2003J15SC) AppleWebKit/537.36 (KHTML, like Gecko) Chrome/104.0.5112.102 YaApp_Android/22.91.1 YaSearchBrowser/22.91.1 BroPP/1.0 SA/3 Mobile Safari/537.36" "www.ysfine.com"
95.83.113.238 - - [26/Sep/2022:10:42:52 -0700] "GET /eink/eink61c.jpg HTTP/1.1" 200 34119 "https://www.ysfine.com/usca/neworl.html" "Mozilla/5.0 (Linux; arm_64; Android 10; M2003J15SC) AppleWebKit/537.36 (KHTML, like Gecko) Chrome/104.0.5112.102 YaApp_Android/22.91.1 YaSearchBrowser/22.91.1 BroPP/1.0 SA/3 Mobile Safari/537.36" "www.ysfine.com"
95.83.113.238 - - [26/Sep/2022:10:42:52 -0700] "GET /usca/norl/missi15b.jpg HTTP/1.1" 200 40393 "https://www.ysfine.com/usca/neworl.html" "Mozilla/5.0 (Linux; arm_64; Android 10; M2003J15SC) AppleWebKit/537.36 (KHTML, like Gecko) Chrome/104.0.5112.102 YaApp_Android/22.91.1 YaSearchBrowser/22.91.1 BroPP/1.0 SA/3 Mobile Safari/537.36" "www.ysfine.com"
95.83.113.238 - - [26/Sep/2022:10:42:52 -0700] "GET /usca/norl/canal07b.jpg HTTP/1.1" 200 41350 "https://www.ysfine.com/usca/neworl.html" "Mozilla/5.0 (Linux; arm_64; Android 10; M2003J15SC) AppleWebKit/537.36 (KHTML, like Gecko) Chrome/104.0.5112.102 YaApp_Android/22.91.1 YaSearchBrowser/22.91.1 BroPP/1.0 SA/3 Mobile Safari/537.36" "www.ysfine.com"
95.83.113.238 - - [26/Sep/2022:10:42:52 -0700] "GET /feynman/jacdrum11b.jpg HTTP/1.1" 200 49846 "https://www.ysfine.com/usca/neworl.html" "Mozilla/5.0 (Linux; arm_64; Android 10; M2003J15SC) AppleWebKit/537.36 (KHTML, like Gecko) Chrome/104.0.5112.102 YaApp_Android/22.91.1 YaSearchBrowser/22.91.1 BroPP/1.0 SA/3 Mobile Safari/537.36" "www.ysfine.com"
95.83.113.238 - - [26/Sep/2022:10:42:52 -0700] "GET /usca/norl/jazz01b.jpg HTTP/1.1" 200 31234 "https://www.ysfine.com/usca/neworl.html" "Mozilla/5.0 (Linux; arm_64; Android 10; M2003J15SC) AppleWebKit/537.36 (KHTML, like Gecko) Chrome/104.0.5112.102 YaApp_Android/22.91.1 YaSearchBrowser/22.91.1 BroPP/1.0 SA/3 Mobile Safari/537.36" "www.ysfine.com"
95.83.113.238 - - [26/Sep/2022:10:42:52 -0700] "GET /usca/norl/canal05b.jpg HTTP/1.1" 200 46028 "https://www.ysfine.com/usca/neworl.html" "Mozilla/5.0 (Linux; arm_64; Android 10; M2003J15SC) AppleWebKit/537.36 (KHTML, like Gecko) Chrome/104.0.5112.102 YaApp_Android/22.91.1 YaSearchBrowser/22.91.1 BroPP/1.0 SA/3 Mobile Safari/537.36" "www.ysfine.com"
95.83.113.238 - - [26/Sep/2022:10:42:52 -0700] "GET /usca/norl/canal04b.jpg HTTP/1.1" 200 39061 "https://www.ysfine.com/usca/neworl.html" "Mozilla/5.0 (Linux; arm_64; Android 10; M2003J15SC) AppleWebKit/537.36 (KHTML, like Gecko) Chrome/104.0.5112.102 YaApp_Android/22.91.1 YaSearchBrowser/22.91.1 BroPP/1.0 SA/3 Mobile Safari/537.36" "www.ysfine.com"
95.83.113.238 - - [26/Sep/2022:10:42:52 -0700] "GET /usca/norl/bour31b.jpg HTTP/1.1" 200 47837 "https://www.ysfine.com/usca/neworl.html" "Mozilla/5.0 (Linux; arm_64; Android 10; M2003J15SC) AppleWebKit/537.36 (KHTML, like Gecko) Chrome/104.0.5112.102 YaApp_Android/22.91.1 YaSearchBrowser/22.91.1 BroPP/1.0 SA/3 Mobile Safari/537.36" "www.ysfine.com"
95.83.113.238 - - [26/Sep/2022:10:42:52 -0700] "GET /usca/norl/missi21b.jpg HTTP/1.1" 200 44833 "https://www.ysfine.com/usca/neworl.html" "Mozilla/5.0 (Linux; arm_64; Android 10; M2003J15SC) AppleWebKit/537.36 (KHTML, like Gecko) Chrome/104.0.5112.102 YaApp_Android/22.91.1 YaSearchBrowser/22.91.1 BroPP/1.0 SA/3 Mobile Safari/537.36" "www.ysfine.com"
95.83.113.238 - - [26/Sep/2022:10:42:52 -0700] "GET /usca/norl/missi26b.jpg HTTP/1.1" 200 38185 "https://www.ysfine.com/usca/neworl.html" "Mozilla/5.0 (Linux; arm_64; Android 10; M2003J15SC) AppleWebKit/537.36 (KHTML, like Gecko) Chrome/104.0.5112.102 YaApp_Android/22.91.1 YaSearchBrowser/22.91.1 BroPP/1.0 SA/3 Mobile Safari/537.36" "www.ysfine.com"
95.83.113.238 - - [26/Sep/2022:10:42:52 -0700] "GET /usca/norl/stcharles05b.jpg HTTP/1.1" 200 51195 "https://www.ysfine.com/usca/neworl.html" "Mozilla/5.0 (Linux; arm_64; Android 10; M2003J15SC) AppleWebKit/537.36 (KHTML, like Gecko) Chrome/104.0.5112.102 YaApp_Android/22.91.1 YaSearchBrowser/22.91.1 BroPP/1.0 SA/3 Mobile Safari/537.36" "www.ysfine.com"
95.83.113.238 - - [26/Sep/2022:10:42:52 -0700] "GET /usca/norl/missi04b.jpg HTTP/1.1" 200 34891 "https://www.ysfine.com/usca/neworl.html" "Mozilla/5.0 (Linux; arm_64; Android 10; M2003J15SC) AppleWebKit/537.36 (KHTML, like Gecko) Chrome/104.0.5112.102 YaApp_Android/22.91.1 YaSearchBrowser/22.91.1 BroPP/1.0 SA/3 Mobile Safari/537.36" "www.ysfine.com"
95.83.113.238 - - [26/Sep/2022:10:42:52 -0700] "GET /usca/norl/stcars/stcar21b.jpg HTTP/1.1" 200 33556 "https://www.ysfine.com/usca/neworl.html" "Mozilla/5.0 (Linux; arm_64; Android 10; M2003J15SC) AppleWebKit/537.36 (KHTML, like Gecko) Chrome/104.0.5112.102 YaApp_Android/22.91.1 YaSearchBrowser/22.91.1 BroPP/1.0 SA/3 Mobile Safari/537.36" "www.ysfine.com"
95.83.113.238 - - [26/Sep/2022:10:42:52 -0700] "GET /usca/norl/stcars/stcar54b.jpg HTTP/1.1" 200 64203 "https://www.ysfine.com/usca/neworl.html" "Mozilla/5.0 (Linux; arm_64; Android 10; M2003J15SC) AppleWebKit/537.36 (KHTML, like Gecko) Chrome/104.0.5112.102 YaApp_Android/22.91.1 YaSearchBrowser/22.91.1 BroPP/1.0 SA/3 Mobile Safari/537.36" "www.ysfine.com"
95.83.113.238 - - [26/Sep/2022:10:42:52 -0700] "GET /usca/norl/stcars/stcar11b.jpg HTTP/1.1" 200 48382 "https://www.ysfine.com/usca/neworl.html" "Mozilla/5.0 (Linux; arm_64; Android 10; M2003J15SC) AppleWebKit/537.36 (KHTML, like Gecko) Chrome/104.0.5112.102 YaApp_Android/22.91.1 YaSearchBrowser/22.91.1 BroPP/1.0 SA/3 Mobile Safari/537.36" "www.ysfine.com"
95.83.113.238 - - [26/Sep/2022:10:42:52 -0700] "GET /wigner/bieden11b.jpg HTTP/1.1" 200 34227 "https://www.ysfine.com/usca/neworl.html" "Mozilla/5.0 (Linux; arm_64; Android 10; M2003J15SC) AppleWebKit/537.36 (KHTML, like Gecko) Chrome/104.0.5112.102 YaApp_Android/22.91.1 YaSearchBrowser/22.91.1 BroPP/1.0 SA/3 Mobile Safari/537.36" "www.ysfine.com"
95.83.113.238 - - [26/Sep/2022:10:42:52 -0700] "GET /usca/norl/canal17b.jpg HTTP/1.1" 200 42943 "https://www.ysfine.com/usca/neworl.html" "Mozilla/5.0 (Linux; arm_64; Android 10; M2003J15SC) AppleWebKit/537.36 (KHTML, like Gecko) Chrome/104.0.5112.102 YaApp_Android/22.91.1 YaSearchBrowser/22.91.1 BroPP/1.0 SA/3 Mobile Safari/537.36" "www.ysfine.com"
95.83.113.238 - - [26/Sep/2022:10:42:52 -0700] "GET /usca/norl/canal03b.jpg HTTP/1.1" 200 43614 "https://www.ysfine.com/usca/neworl.html" "Mozilla/5.0 (Linux; arm_64; Android 10; M2003J15SC) AppleWebKit/537.36 (KHTML, like Gecko) Chrome/104.0.5112.102 YaApp_Android/22.91.1 YaSearchBrowser/22.91.1 BroPP/1.0 SA/3 Mobile Safari/537.36" "www.ysfine.com"
95.83.113.238 - - [26/Sep/2022:10:42:52 -0700] "GET /usca/norl/missi32b.jpg HTTP/1.1" 200 44937 "https://www.ysfine.com/usca/neworl.html" "Mozilla/5.0 (Linux; arm_64; Android 10; M2003J15SC) AppleWebKit/537.36 (KHTML, like Gecko) Chrome/104.0.5112.102 YaApp_Android/22.91.1 YaSearchBrowser/22.91.1 BroPP/1.0 SA/3 Mobile Safari/537.36" "www.ysfine.com"
95.83.113.238 - - [26/Sep/2022:10:42:52 -0700] "GET /usca/norl/jazz08b.jpg HTTP/1.1" 200 46018 "https://www.ysfine.com/usca/neworl.html" "Mozilla/5.0 (Linux; arm_64; Android 10; M2003J15SC) AppleWebKit/537.36 (KHTML, like Gecko) Chrome/104.0.5112.102 YaApp_Android/22.91.1 YaSearchBrowser/22.91.1 BroPP/1.0 SA/3 Mobile Safari/537.36" "www.ysfine.com"
95.83.113.238 - - [26/Sep/2022:10:42:52 -0700] "GET /usca/norl/stcars/stcar05b.jpg HTTP/1.1" 200 38162 "https://www.ysfine.com/usca/neworl.html" "Mozilla/5.0 (Linux; arm_64; Android 10; M2003J15SC) AppleWebKit/537.36 (KHTML, like Gecko) Chrome/104.0.5112.102 YaApp_Android/22.91.1 YaSearchBrowser/22.91.1 BroPP/1.0 SA/3 Mobile Safari/537.36" "www.ysfine.com"
95.83.113.238 - - [26/Sep/2022:10:42:52 -0700] "GET /usca/norl/stcars/brake31a.jpg HTTP/1.1" 200 91242 "https://www.ysfine.com/usca/neworl.html" "Mozilla/5.0 (Linux; arm_64; Android 10; M2003J15SC) AppleWebKit/537.36 (KHTML, like Gecko) Chrome/104.0.5112.102 YaApp_Android/22.91.1 YaSearchBrowser/22.91.1 BroPP/1.0 SA/3 Mobile Safari/537.36" "www.ysfine.com"
95.83.113.238 - - [26/Sep/2022:10:42:52 -0700] "GET /usca/norl/stcars/stcar55b.jpg HTTP/1.1" 200 44777 "https://www.ysfine.com/usca/neworl.html" "Mozilla/5.0 (Linux; arm_64; Android 10; M2003J15SC) AppleWebKit/537.36 (KHTML, like Gecko) Chrome/104.0.5112.102 YaApp_Android/22.91.1 YaSearchBrowser/22.91.1 BroPP/1.0 SA/3 Mobile Safari/537.36" "www.ysfine.com"
98.229.102.177 - - [26/Sep/2022:10:42:56 -0700] "GET /princeton/alexan22.jpg HTTP/1.1" 200 175436 "https://www.google.com/" "Mozilla/5.0 (Windows NT 10.0; Win64; x64) AppleWebKit/537.36 (KHTML, like Gecko) Chrome/105.0.0.0 Safari/537.36" "ysfine.com"
95.83.113.238 - - [26/Sep/2022:10:42:58 -0700] "GET /favicon.ico HTTP/1.1" 404 88 "https://www.ysfine.com/usca/neworl.html" "Mozilla/5.0 (Linux; arm_64; Android 10; M2003J15SC) AppleWebKit/537.36 (KHTML, like Gecko) Chrome/104.0.5112.102 YaApp_Android/22.91.1 YaSearchBrowser/22.91.1 BroPP/1.0 SA/3 Mobile Safari/537.36" "www.ysfine.com"
40.77.167.61 - - [26/Sep/2022:10:43:20 -0700] "GET /maga/phys/fermi01b.jpg HTTP/1.1" 200 43862 "-" "Mozilla/5.0 (compatible; bingbot/2.0; +http://www.bing.com/bingbot.htm)" "www.ysfine.com"
159.223.58.244 - - [26/Sep/2022:10:43:20 -0700] "POST / HTTP/1.1" 200 5283 "-" "Mozilla/5.0 (Linux; U; Android 4.4.2; en-US; HM NOTE 1W Build/KOT49H) AppleWebKit/534.30 (KHTML, like Gecko) Version/4.0 UCBrowser/11.0.5.850 U3/0.8.0 Mobile Safari/534.30" "ysfine.com"
207.46.13.102 - - [26/Sep/2022:10:43:25 -0700] "GET /world/germany/vienna21.jpg HTTP/1.1" 200 158348 "-" "Mozilla/5.0 (compatible; bingbot/2.0; +http://www.bing.com/bingbot.htm)" "www.ysfine.com"
159.223.58.244 - - [26/Sep/2022:10:43:26 -0700] "GET /vendor/phpunit/phpunit/src/Util/PHP/eval-stdin.php HTTP/1.1" 404 88 "-" "python-requests/2.28.1" "ysfine.com"
185.191.171.2 - - [26/Sep/2022:10:43:40 -0700] "GET /robots.txt HTTP/1.1" 404 88 "-" "Mozilla/5.0 (compatible; SemrushBot/7~bl; +http://www.semrush.com/bot.html)" "ysfine.com"
185.191.171.39 - - [26/Sep/2022:10:43:43 -0700] "GET /einstein/fieldstr.html HTTP/1.1" 200 4257 "-" "Mozilla/5.0 (compatible; SemrushBot/7~bl; +http://www.semrush.com/bot.html)" "ysfine.com"
40.77.167.61 - - [26/Sep/2022:10:44:50 -0700] "GET /world/germany/berlin016b.jpg HTTP/1.1" 200 27400 "-" "Mozilla/5.0 (compatible; bingbot/2.0; +http://www.bing.com/bingbot.htm)" "ysfine.com"
185.191.171.9 - - [26/Sep/2022:10:44:55 -0700] "GET /wdc/waskor.html HTTP/1.1" 200 7729 "-" "Mozilla/5.0 (compatible; SemrushBot/7~bl; +http://www.semrush.com/bot.html)" "www.ysfine.com"
187.5.56.14 - - [26/Sep/2022:10:45:00 -0700] "GET /wigner/neum/vnc01.jpg HTTP/1.1" 200 133641 "-" "Mozilla/5.0 (Linux; NetCast; U) AppleWebKit/537.36 (KHTML, like Gecko) Chrome/79.0.3945.79 Safari/537.36 SmartTV/10.0 Colt/2.0" "ysfine.com"
185.191.171.10 - - [26/Sep/2022:10:45:54 -0700] "GET /einstein/bose.html HTTP/1.1" 200 2076 "-" "Mozilla/5.0 (compatible; SemrushBot/7~bl; +http://www.semrush.com/bot.html)" "www.ysfine.com"
72.14.201.150 - - [26/Sep/2022:10:45:57 -0700] "GET /einstein/heisenberg.html HTTP/1.1" 200 10552 "-" "Mozilla/5.0 (Linux; Android 10; K) AppleWebKit/537.36 (KHTML, like Gecko) Chrome/105.0.0.0 Mobile Safari/537.36" "ysfine.com"
72.14.201.101 - - [26/Sep/2022:10:45:58 -0700] "GET /dirac/dirfeyn.html HTTP/1.1" 200 6341 "-" "Mozilla/5.0 (Linux; Android 10; K) AppleWebKit/537.36 (KHTML, like Gecko) Chrome/105.0.0.0 Mobile Safari/537.36" "ysfine.com"
77.56.139.101 - - [26/Sep/2022:10:46:44 -0700] "GET /dirac/feydirac300.jpg HTTP/1.1" 200 38223 "https://ysfine.com/dirac/dirfeyn.html" "Mozilla/5.0 (Linux; Android 12; SM-G973F) AppleWebKit/537.36 (KHTML, like Gecko) Chrome/105.0.0.0 Mobile Safari/537.36" "ysfine.com"
77.56.139.101 - - [26/Sep/2022:10:46:44 -0700] "GET /dirac/nicodem11c.jpg HTTP/1.1" 200 72684 "https://ysfine.com/dirac/dirfeyn.html" "Mozilla/5.0 (Linux; Android 12; SM-G973F) AppleWebKit/537.36 (KHTML, like Gecko) Chrome/105.0.0.0 Mobile Safari/537.36" "ysfine.com"
77.56.139.101 - - [26/Sep/2022:10:46:44 -0700] "GET /dirac/sq73c.jpg HTTP/1.1" 200 35501 "https://ysfine.com/dirac/dirfeyn.html" "Mozilla/5.0 (Linux; Android 12; SM-G973F) AppleWebKit/537.36 (KHTML, like Gecko) Chrome/105.0.0.0 Mobile Safari/537.36" "ysfine.com"
77.56.139.101 - - [26/Sep/2022:10:46:44 -0700] "GET /dirac/dfkim11c.jpg HTTP/1.1" 200 34801 "https://ysfine.com/dirac/dirfeyn.html" "Mozilla/5.0 (Linux; Android 12; SM-G973F) AppleWebKit/537.36 (KHTML, like Gecko) Chrome/105.0.0.0 Mobile Safari/537.36" "ysfine.com"
77.56.139.101 - - [26/Sep/2022:10:46:44 -0700] "GET /dirac/2osc22c.jpg HTTP/1.1" 200 28929 "https://ysfine.com/dirac/dirfeyn.html" "Mozilla/5.0 (Linux; Android 12; SM-G973F) AppleWebKit/537.36 (KHTML, like Gecko) Chrome/105.0.0.0 Mobile Safari/537.36" "ysfine.com"
