157.55.39.128 - - [26/Sep/2022:11:42:21 -0700] "GET /people/prosku11.jpg HTTP/1.1" 200 95265 "-" "Mozilla/5.0 AppleWebKit/537.36 (KHTML, like Gecko; compatible; bingbot/2.0; +http://www.bing.com/bingbot.htm) Chrome/103.0.5060.134 Safari/537.36" "www.ysfine.com"
157.55.39.58 - - [26/Sep/2022:11:44:26 -0700] "GET /wigner/mgm01.jpg HTTP/1.1" 200 76875 "-" "Mozilla/5.0 AppleWebKit/537.36 (KHTML, like Gecko; compatible; bingbot/2.0; +http://www.bing.com/bingbot.htm) Chrome/103.0.5060.134 Safari/537.36" "ysfine.com"
17.121.114.116 - - [26/Sep/2022:11:45:25 -0700] "GET /princeton/prtop.html HTTP/1.1" 200 389 "https://ysfine.com/princeton/index.html" "Mozilla/5.0 (Macintosh; Intel Mac OS X 10_15_5) AppleWebKit/605.1.15 (KHTML, like Gecko) Version/13.1.1 Safari/605.1.15 (Applebot/0.1; +http://www.apple.com/go/applebot)" "ysfine.com"
17.121.112.25 - - [26/Sep/2022:11:45:26 -0700] "GET /princeton/prbot.html HTTP/1.1" 200 140 "https://ysfine.com/princeton/index.html" "Mozilla/5.0 (Macintosh; Intel Mac OS X 10_15_5) AppleWebKit/605.1.15 (KHTML, like Gecko) Version/13.1.1 Safari/605.1.15 (Applebot/0.1; +http://www.apple.com/go/applebot)" "ysfine.com"
17.121.114.116 - - [26/Sep/2022:11:45:26 -0700] "GET /princeton/pleft.html HTTP/1.1" 200 670 "https://ysfine.com/princeton/prbot.html" "Mozilla/5.0 (Macintosh; Intel Mac OS X 10_15_5) AppleWebKit/605.1.15 (KHTML, like Gecko) Version/13.1.1 Safari/605.1.15 (Applebot/0.1; +http://www.apple.com/go/applebot)" "ysfine.com"
17.121.112.25 - - [26/Sep/2022:11:45:27 -0700] "GET /princeton/prigh.html HTTP/1.1" 200 5268 "https://ysfine.com/princeton/prbot.html" "Mozilla/5.0 (Macintosh; Intel Mac OS X 10_15_5) AppleWebKit/605.1.15 (KHTML, like Gecko) Version/13.1.1 Safari/605.1.15 (Applebot/0.1; +http://www.apple.com/go/applebot)" "ysfine.com"
157.55.39.128 - - [26/Sep/2022:11:45:42 -0700] "GET /newyork/macy04.jpg HTTP/1.1" 200 235502 "-" "Mozilla/5.0 (compatible; bingbot/2.0; +http://www.bing.com/bingbot.htm)" "www.ysfine.com"
157.55.39.55 - - [26/Sep/2022:11:46:02 -0700] "GET /usca/pitt/fortpitt02b.jpg HTTP/1.1" 200 33944 "-" "Mozilla/5.0 (compatible; bingbot/2.0; +http://www.bing.com/bingbot.htm)" "www.ysfine.com"
51.222.253.20 - - [26/Sep/2022:11:46:18 -0700] "GET /wisdom/wkstorie.html HTTP/1.1" 200 954 "-" "Mozilla/5.0 (compatible; AhrefsBot/7.0; +http://ahrefs.com/robot/)" "www.ysfine.com"
185.191.171.43 - - [26/Sep/2022:11:46:43 -0700] "GET /robots.txt HTTP/1.1" 404 88 "-" "Mozilla/5.0 (compatible; SemrushBot/7~bl; +http://www.semrush.com/bot.html)" "ysfine.com"
185.191.171.22 - - [26/Sep/2022:11:46:45 -0700] "GET /maga/maxedin.html HTTP/1.1" 200 6756 "-" "Mozilla/5.0 (compatible; SemrushBot/7~bl; +http://www.semrush.com/bot.html)" "ysfine.com"
185.191.171.5 - - [26/Sep/2022:11:46:51 -0700] "GET /confer/newsgr.html HTTP/1.1" 200 944 "-" "Mozilla/5.0 (compatible; SemrushBot/7~bl; +http://www.semrush.com/bot.html)" "ysfine.com"
157.55.39.55 - - [26/Sep/2022:11:47:42 -0700] "GET /home/resonance11.jpg HTTP/1.1" 200 55090 "-" "Mozilla/5.0 (compatible; bingbot/2.0; +http://www.bing.com/bingbot.htm)" "ysfine.com"
157.55.39.55 - - [26/Sep/2022:11:47:43 -0700] "GET /kowar/paiksy05b.jpg HTTP/1.1" 200 67237 "-" "Mozilla/5.0 (compatible; bingbot/2.0; +http://www.bing.com/bingbot.htm)" "ysfine.com"
207.46.13.180 - - [26/Sep/2022:11:47:54 -0700] "GET /wigner/gim/gimn37.jpg HTTP/1.1" 200 126136 "-" "Mozilla/5.0 AppleWebKit/537.36 (KHTML, like Gecko; compatible; bingbot/2.0; +http://www.bing.com/bingbot.htm) Chrome/103.0.5060.134 Safari/537.36" "ysfine.com"
2.58.28.159 - - [26/Sep/2022:11:48:05 -0700] "GET /maga/phys/solvayc27c.jpg HTTP/1.1" 200 53464 "https://www.google.fr/" "Mozilla/5.0 (iPhone; CPU iPhone OS 15_6_1 like Mac OS X) AppleWebKit/605.1.15 (KHTML, like Gecko) Version/15.6.1 Mobile/15E148 Safari/604.1" "ysfine.com"
107.77.236.154 - - [26/Sep/2022:11:48:25 -0700] "GET /maga/bohrkierk.html HTTP/1.1" 200 2947 "https://www.google.com/" "Mozilla/5.0 (Linux; Android 11; EA211002) AppleWebKit/537.36 (KHTML, like Gecko) Chrome/90.0.4430.210 Mobile Safari/537.36" "ysfine.com"
107.77.236.154 - - [26/Sep/2022:11:48:26 -0700] "GET /maga/phys/bohr11b.jpg HTTP/1.1" 200 30607 "https://ysfine.com/maga/bohrkierk.html" "Mozilla/5.0 (Linux; Android 11; EA211002) AppleWebKit/537.36 (KHTML, like Gecko) Chrome/90.0.4430.210 Mobile Safari/537.36" "ysfine.com"
107.77.236.154 - - [26/Sep/2022:11:48:26 -0700] "GET /maga/phys/bohr22b.jpg HTTP/1.1" 200 31482 "https://ysfine.com/maga/bohrkierk.html" "Mozilla/5.0 (Linux; Android 11; EA211002) AppleWebKit/537.36 (KHTML, like Gecko) Chrome/90.0.4430.210 Mobile Safari/537.36" "ysfine.com"
107.77.236.154 - - [26/Sep/2022:11:48:26 -0700] "GET /maga/phil/kierke11b.jpg HTTP/1.1" 200 32163 "https://ysfine.com/maga/bohrkierk.html" "Mozilla/5.0 (Linux; Android 11; EA211002) AppleWebKit/537.36 (KHTML, like Gecko) Chrome/90.0.4430.210 Mobile Safari/537.36" "ysfine.com"
107.77.236.154 - - [26/Sep/2022:11:48:26 -0700] "GET /world/france/magots03b.jpg HTTP/1.1" 200 48195 "https://ysfine.com/maga/bohrkierk.html" "Mozilla/5.0 (Linux; Android 11; EA211002) AppleWebKit/537.36 (KHTML, like Gecko) Chrome/90.0.4430.210 Mobile Safari/537.36" "ysfine.com"
107.77.236.154 - - [26/Sep/2022:11:48:26 -0700] "GET /einstein/evol22b.jpg HTTP/1.1" 200 29614 "https://ysfine.com/maga/bohrkierk.html" "Mozilla/5.0 (Linux; Android 11; EA211002) AppleWebKit/537.36 (KHTML, like Gecko) Chrome/90.0.4430.210 Mobile Safari/537.36" "ysfine.com"
107.77.236.154 - - [26/Sep/2022:11:48:26 -0700] "GET /feynman/chewfra2.jpg HTTP/1.1" 200 40458 "https://ysfine.com/maga/bohrkierk.html" "Mozilla/5.0 (Linux; Android 11; EA211002) AppleWebKit/537.36 (KHTML, like Gecko) Chrome/90.0.4430.210 Mobile Safari/537.36" "ysfine.com"
107.77.236.154 - - [26/Sep/2022:11:48:26 -0700] "GET /eink/eink61c.jpg HTTP/1.1" 200 34119 "https://ysfine.com/maga/bohrkierk.html" "Mozilla/5.0 (Linux; Android 11; EA211002) AppleWebKit/537.36 (KHTML, like Gecko) Chrome/90.0.4430.210 Mobile Safari/537.36" "ysfine.com"
107.77.236.154 - - [26/Sep/2022:11:48:28 -0700] "GET /favicon.ico HTTP/1.1" 404 88 "https://ysfine.com/maga/bohrkierk.html" "Mozilla/5.0 (Linux; Android 11; EA211002) AppleWebKit/537.36 (KHTML, like Gecko) Chrome/90.0.4430.210 Mobile Safari/537.36" "ysfine.com"
12.238.51.99 - - [26/Sep/2022:11:48:31 -0700] "GET /maga/schroedinger.html HTTP/1.1" 200 6325 "https://www.google.com/" "Mozilla/5.0 (X11; CrOS x86_64 14909.124.0) AppleWebKit/537.36 (KHTML, like Gecko) Chrome/104.0.0.0 Safari/537.36" "ysfine.com"
18.236.21.177 - - [26/Sep/2022:11:48:31 -0700] "GET / HTTP/1.1" 200 5283 "http://ysfine.com" "Mozilla/5.0 (Macintosh; Intel Mac OS X 10_12_2) AppleWebKit/537.36 (KHTML, like Gecko) Chrome/55.0.2883.95 Safari/537.36" "ysfine.com"
12.238.51.99 - - [26/Sep/2022:11:48:32 -0700] "GET /maga/phys/schrod11b.jpg HTTP/1.1" 200 36796 "https://ysfine.com/maga/schroedinger.html" "Mozilla/5.0 (X11; CrOS x86_64 14909.124.0) AppleWebKit/537.36 (KHTML, like Gecko) Chrome/104.0.0.0 Safari/537.36" "ysfine.com"
12.238.51.99 - - [26/Sep/2022:11:48:32 -0700] "GET /maga/phys/schrod00b.jpg HTTP/1.1" 200 49237 "https://ysfine.com/maga/schroedinger.html" "Mozilla/5.0 (X11; CrOS x86_64 14909.124.0) AppleWebKit/537.36 (KHTML, like Gecko) Chrome/104.0.0.0 Safari/537.36" "ysfine.com"
12.238.51.99 - - [26/Sep/2022:11:48:32 -0700] "GET /maga/phys/schrod22b.jpg HTTP/1.1" 200 25954 "https://ysfine.com/maga/schroedinger.html" "Mozilla/5.0 (X11; CrOS x86_64 14909.124.0) AppleWebKit/537.36 (KHTML, like Gecko) Chrome/104.0.0.0 Safari/537.36" "ysfine.com"
12.238.51.99 - - [26/Sep/2022:11:48:32 -0700] "GET /home/goodbad2.jpg HTTP/1.1" 200 17488 "https://ysfine.com/maga/schroedinger.html" "Mozilla/5.0 (X11; CrOS x86_64 14909.124.0) AppleWebKit/537.36 (KHTML, like Gecko) Chrome/104.0.0.0 Safari/537.36" "ysfine.com"
12.238.51.99 - - [26/Sep/2022:11:48:32 -0700] "GET /people/zeilinger2.jpg HTTP/1.1" 200 30410 "https://ysfine.com/maga/schroedinger.html" "Mozilla/5.0 (X11; CrOS x86_64 14909.124.0) AppleWebKit/537.36 (KHTML, like Gecko) Chrome/104.0.0.0 Safari/537.36" "ysfine.com"
12.238.51.99 - - [26/Sep/2022:11:48:32 -0700] "GET /style/schonbr22b.jpg HTTP/1.1" 200 45463 "https://ysfine.com/maga/schroedinger.html" "Mozilla/5.0 (X11; CrOS x86_64 14909.124.0) AppleWebKit/537.36 (KHTML, like Gecko) Chrome/104.0.0.0 Safari/537.36" "ysfine.com"
12.238.51.99 - - [26/Sep/2022:11:48:32 -0700] "GET /style/augustiner11b.jpg HTTP/1.1" 200 39308 "https://ysfine.com/maga/schroedinger.html" "Mozilla/5.0 (X11; CrOS x86_64 14909.124.0) AppleWebKit/537.36 (KHTML, like Gecko) Chrome/104.0.0.0 Safari/537.36" "ysfine.com"
12.238.51.99 - - [26/Sep/2022:11:48:32 -0700] "GET /wigner/weiss11b.jpg HTTP/1.1" 200 33141 "https://ysfine.com/maga/schroedinger.html" "Mozilla/5.0 (X11; CrOS x86_64 14909.124.0) AppleWebKit/537.36 (KHTML, like Gecko) Chrome/104.0.0.0 Safari/537.36" "ysfine.com"
12.238.51.99 - - [26/Sep/2022:11:48:32 -0700] "GET /maga/phil/freud2.jpg HTTP/1.1" 200 40482 "https://ysfine.com/maga/schroedinger.html" "Mozilla/5.0 (X11; CrOS x86_64 14909.124.0) AppleWebKit/537.36 (KHTML, like Gecko) Chrome/104.0.0.0 Safari/537.36" "ysfine.com"
12.238.51.99 - - [26/Sep/2022:11:48:32 -0700] "GET /world/germany/vienna07b.jpg HTTP/1.1" 200 42124 "https://ysfine.com/maga/schroedinger.html" "Mozilla/5.0 (X11; CrOS x86_64 14909.124.0) AppleWebKit/537.36 (KHTML, like Gecko) Chrome/104.0.0.0 Safari/537.36" "ysfine.com"
12.238.51.99 - - [26/Sep/2022:11:48:32 -0700] "GET /style/vienopera11b.jpg HTTP/1.1" 200 44505 "https://ysfine.com/maga/schroedinger.html" "Mozilla/5.0 (X11; CrOS x86_64 14909.124.0) AppleWebKit/537.36 (KHTML, like Gecko) Chrome/104.0.0.0 Safari/537.36" "ysfine.com"
12.238.51.99 - - [26/Sep/2022:11:48:32 -0700] "GET /world/germany/vienna05b.jpg HTTP/1.1" 200 55394 "https://ysfine.com/maga/schroedinger.html" "Mozilla/5.0 (X11; CrOS x86_64 14909.124.0) AppleWebKit/537.36 (KHTML, like Gecko) Chrome/104.0.0.0 Safari/537.36" "ysfine.com"
12.238.51.99 - - [26/Sep/2022:11:48:32 -0700] "GET /maga/boltz/boltz11b.jpg HTTP/1.1" 200 30538 "https://ysfine.com/maga/schroedinger.html" "Mozilla/5.0 (X11; CrOS x86_64 14909.124.0) AppleWebKit/537.36 (KHTML, like Gecko) Chrome/104.0.0.0 Safari/537.36" "ysfine.com"
12.238.51.99 - - [26/Sep/2022:11:48:33 -0700] "GET /favicon.ico HTTP/1.1" 404 88 "https://ysfine.com/maga/schroedinger.html" "Mozilla/5.0 (X11; CrOS x86_64 14909.124.0) AppleWebKit/537.36 (KHTML, like Gecko) Chrome/104.0.0.0 Safari/537.36" "ysfine.com"
157.55.39.55 - - [26/Sep/2022:11:49:02 -0700] "GET /wdc/willard66.jpg HTTP/1.1" 200 122919 "-" "Mozilla/5.0 (compatible; bingbot/2.0; +http://www.bing.com/bingbot.htm)" "www.ysfine.com"
157.55.39.55 - - [26/Sep/2022:11:49:52 -0700] "GET /world/russ/spb26.jpg HTTP/1.1" 200 89095 "-" "Mozilla/5.0 (compatible; bingbot/2.0; +http://www.bing.com/bingbot.htm)" "ysfine.com"
115.202.64.104 - - [26/Sep/2022:11:50:11 -0700] "GET / HTTP/1.1" 200 5283 "-" "Mozilla/5.0 (Windows NT 5.1) AppleWebKit/537.36 (KHTML like Gecko) Chrome/47.0.2526.80 Safari/537.36 Core/1.47.210.400 QQBrowser/9.3.7546.400" "ysfine.com"
115.202.64.104 - - [26/Sep/2022:11:50:11 -0700] "GET / HTTP/1.1" 200 5283 "-" "Mozilla/5.0 (Windows NT 5.1) AppleWebKit/537.36 (KHTML like Gecko) Chrome/47.0.2526.80 Safari/537.36 Core/1.47.210.400 QQBrowser/9.3.7546.400" "ysfine.com"
115.202.64.104 - - [26/Sep/2022:11:50:12 -0700] "GET /eink/mose.html HTTP/1.1" 200 14315 "-" "Mozilla/5.0 (Windows NT 6.1; WOW64) AppleWebKit/537.36 (KHTML, like Gecko) Chrome/66.0.3359.181 Safari/537.36" "ysfine.com"
115.202.64.104 - - [26/Sep/2022:11:50:13 -0700] "GET /jobs/index.html HTTP/1.1" 200 123 "-" "Mozilla/5.0 (Windows NT 6.1; WOW64) AppleWebKit/537.36 (KHTML, like Gecko) Chrome/66.0.3359.181 Safari/537.36" "ysfine.com"
115.202.64.104 - - [26/Sep/2022:11:50:13 -0700] "GET /eink/index.html HTTP/1.1" 200 17659 "-" "Mozilla/5.0 (Windows NT 6.1; WOW64) AppleWebKit/537.36 (KHTML, like Gecko) Chrome/66.0.3359.181 Safari/537.36" "ysfine.com"
115.202.64.104 - - [26/Sep/2022:11:50:13 -0700] "GET /einstein/index.html HTTP/1.1" 200 135 "-" "Mozilla/5.0 (Windows NT 6.1; WOW64) AppleWebKit/537.36 (KHTML, like Gecko) Chrome/66.0.3359.181 Safari/537.36" "ysfine.com"
115.202.64.104 - - [26/Sep/2022:11:50:13 -0700] "GET /world/ysworld.html HTTP/1.1" 200 3195 "-" "Mozilla/5.0 (Windows NT 6.1; WOW64) AppleWebKit/537.36 (KHTML, like Gecko) Chrome/66.0.3359.181 Safari/537.36" "ysfine.com"
115.202.64.104 - - [26/Sep/2022:11:50:13 -0700] "GET /home/bio.html HTTP/1.1" 200 15244 "-" "Mozilla/5.0 (Windows NT 6.1; WOW64) AppleWebKit/537.36 (KHTML, like Gecko) Chrome/66.0.3359.181 Safari/537.36" "ysfine.com"
115.202.64.104 - - [26/Sep/2022:11:50:13 -0700] "GET /eink/index.html HTTP/1.1" 200 17659 "-" "Mozilla/5.0 (Windows NT 6.1; WOW64) AppleWebKit/537.36 (KHTML, like Gecko) Chrome/66.0.3359.181 Safari/537.36" "ysfine.com"
115.202.64.104 - - [26/Sep/2022:11:50:13 -0700] "GET /home/bio77.html HTTP/1.1" 200 10474 "-" "Mozilla/5.0 (Windows NT 6.1; WOW64) AppleWebKit/537.36 (KHTML, like Gecko) Chrome/66.0.3359.181 Safari/537.36" "ysfine.com"
115.202.64.104 - - [26/Sep/2022:11:50:13 -0700] "GET /home/index.html HTTP/1.1" 200 142 "-" "Mozilla/5.0 (Windows NT 6.1; WOW64) AppleWebKit/537.36 (KHTML, like Gecko) Chrome/66.0.3359.181 Safari/537.36" "ysfine.com"
115.202.64.104 - - [26/Sep/2022:11:50:13 -0700] "GET /yspapers/index.html HTTP/1.1" 200 21306 "-" "Mozilla/5.0 (Windows NT 6.1; WOW64) AppleWebKit/537.36 (KHTML, like Gecko) Chrome/66.0.3359.181 Safari/537.36" "ysfine.com"
115.202.64.104 - - [26/Sep/2022:11:50:14 -0700] "GET /awards/index.html HTTP/1.1" 200 9993 "-" "Mozilla/5.0 (Windows NT 6.1; WOW64) AppleWebKit/537.36 (KHTML, like Gecko) Chrome/66.0.3359.181 Safari/537.36" "ysfine.com"
115.202.64.104 - - [26/Sep/2022:11:50:14 -0700] "GET /princeton/index.html HTTP/1.1" 200 140 "-" "Mozilla/5.0 (Windows NT 6.1; WOW64) AppleWebKit/537.36 (KHTML, like Gecko) Chrome/66.0.3359.181 Safari/537.36" "ysfine.com"
115.202.64.104 - - [26/Sep/2022:11:50:14 -0700] "GET /dirac/index.html HTTP/1.1" 200 124 "-" "Mozilla/5.0 (Windows NT 6.1; WOW64) AppleWebKit/537.36 (KHTML, like Gecko) Chrome/66.0.3359.181 Safari/537.36" "ysfine.com"
115.202.64.104 - - [26/Sep/2022:11:50:14 -0700] "GET /people/peo.html HTTP/1.1" 200 13502 "-" "Mozilla/5.0 (Windows NT 6.1; WOW64) AppleWebKit/537.36 (KHTML, like Gecko) Chrome/66.0.3359.181 Safari/537.36" "ysfine.com"
115.202.64.104 - - [26/Sep/2022:11:50:14 -0700] "GET /wigner/index.html HTTP/1.1" 200 124 "-" "Mozilla/5.0 (Windows NT 6.1; WOW64) AppleWebKit/537.36 (KHTML, like Gecko) Chrome/66.0.3359.181 Safari/537.36" "ysfine.com"
115.202.64.104 - - [26/Sep/2022:11:50:14 -0700] "GET /feynman/index.html HTTP/1.1" 200 124 "-" "Mozilla/5.0 (Windows NT 6.1; WOW64) AppleWebKit/537.36 (KHTML, like Gecko) Chrome/66.0.3359.181 Safari/537.36" "ysfine.com"
115.202.64.104 - - [26/Sep/2022:11:50:14 -0700] "GET /awards/index.html HTTP/1.1" 200 9993 "-" "Mozilla/5.0 (Windows NT 6.1; WOW64) AppleWebKit/537.36 (KHTML, like Gecko) Chrome/66.0.3359.181 Safari/537.36" "ysfine.com"
115.202.64.104 - - [26/Sep/2022:11:50:14 -0700] "GET /usca/pgh.html HTTP/1.1" 200 13572 "-" "Mozilla/5.0 (Windows NT 6.1; WOW64) AppleWebKit/537.36 (KHTML, like Gecko) Chrome/66.0.3359.181 Safari/537.36" "ysfine.com"
115.202.64.104 - - [26/Sep/2022:11:50:15 -0700] "GET /home/facu63.jpg HTTP/1.1" 200 296378 "-" "Mozilla/5.0 (Windows NT 6.1; WOW64) AppleWebKit/537.36 (KHTML, like Gecko) Chrome/66.0.3359.181 Safari/537.36" "ysfine.com"
115.202.64.104 - - [26/Sep/2022:11:50:15 -0700] "GET /world/ysworld.html HTTP/1.1" 200 3195 "-" "Mozilla/5.0 (Windows NT 6.1; WOW64) AppleWebKit/537.36 (KHTML, like Gecko) Chrome/66.0.3359.181 Safari/537.36" "ysfine.com"
115.202.64.104 - - [26/Sep/2022:11:50:15 -0700] "GET /kobak/index.html HTTP/1.1" 200 130 "-" "Mozilla/5.0 (Windows NT 6.1; WOW64) AppleWebKit/537.36 (KHTML, like Gecko) Chrome/66.0.3359.181 Safari/537.36" "ysfine.com"
115.202.64.104 - - [26/Sep/2022:11:50:15 -0700] "GET /home/bio22.html HTTP/1.1" 200 12823 "-" "Mozilla/5.0 (Windows NT 6.1; WOW64) AppleWebKit/537.36 (KHTML, like Gecko) Chrome/66.0.3359.181 Safari/537.36" "ysfine.com"
115.202.64.104 - - [26/Sep/2022:11:50:15 -0700] "GET /home/dashen.html HTTP/1.1" 200 4015 "-" "Mozilla/5.0 (Windows NT 6.1; WOW64) AppleWebKit/537.36 (KHTML, like Gecko) Chrome/66.0.3359.181 Safari/537.36" "ysfine.com"
115.202.64.104 - - [26/Sep/2022:11:50:15 -0700] "GET /maga/herod.html HTTP/1.1" 200 4341 "-" "Mozilla/5.0 (Windows NT 6.1; WOW64) AppleWebKit/537.36 (KHTML, like Gecko) Chrome/66.0.3359.181 Safari/537.36" "ysfine.com"
115.202.64.104 - - [26/Sep/2022:11:50:15 -0700] "GET /dirac/dirk62.html HTTP/1.1" 200 3930 "-" "Mozilla/5.0 (Windows NT 6.1; WOW64) AppleWebKit/537.36 (KHTML, like Gecko) Chrome/66.0.3359.181 Safari/537.36" "ysfine.com"
115.202.64.104 - - [26/Sep/2022:11:50:16 -0700] "GET /home/dwf.html HTTP/1.1" 200 4126 "-" "Mozilla/5.0 (Windows NT 6.1; WOW64) AppleWebKit/537.36 (KHTML, like Gecko) Chrome/66.0.3359.181 Safari/537.36" "ysfine.com"
185.191.171.37 - - [26/Sep/2022:11:50:31 -0700] "GET /newyork/nyc.html HTTP/1.1" 200 31389 "-" "Mozilla/5.0 (compatible; SemrushBot/7~bl; +http://www.semrush.com/bot.html)" "ysfine.com"
185.191.171.10 - - [26/Sep/2022:11:52:23 -0700] "GET /einstein/ewk.html HTTP/1.1" 200 4230 "-" "Mozilla/5.0 (compatible; SemrushBot/7~bl; +http://www.semrush.com/bot.html)" "ysfine.com"
77.75.79.95 - - [26/Sep/2022:11:52:32 -0700] "GET /robots.txt HTTP/1.1" 404 88 "-" "Mozilla/5.0 (compatible; SeznamBot/3.2; +http://napoveda.seznam.cz/en/seznambot-intro/)" "ysfine.com"
77.75.79.95 - - [26/Sep/2022:11:52:33 -0700] "GET /style/cameras/comedians.jpg HTTP/1.1" 200 159639 "-" "Mozilla/5.0 (compatible; SeznamBot/3.2; +http://napoveda.seznam.cz/en/seznambot-intro/)" "ysfine.com"
77.75.79.95 - - [26/Sep/2022:11:52:38 -0700] "GET /world/germany/salzm05.jpg HTTP/1.1" 304 - "-" "Mozilla/5.0 (compatible; SeznamBot/3.2; +http://napoveda.seznam.cz/en/seznambot-intro/)" "ysfine.com"
77.75.79.95 - - [26/Sep/2022:11:52:38 -0700] "GET /world/russ/minsk064.jpg HTTP/1.1" 200 140714 "-" "Mozilla/5.0 (compatible; SeznamBot/3.2; +http://napoveda.seznam.cz/en/seznambot-intro/)" "ysfine.com"
77.75.79.95 - - [26/Sep/2022:11:52:42 -0700] "GET /wigner/bardeen01.jpg HTTP/1.1" 304 - "-" "Mozilla/5.0 (compatible; SeznamBot/3.2; +http://napoveda.seznam.cz/en/seznambot-intro/)" "ysfine.com"
51.222.253.2 - - [26/Sep/2022:11:52:48 -0700] "GET /robots.txt HTTP/1.1" 404 88 "-" "Mozilla/5.0 (compatible; AhrefsBot/7.0; +http://ahrefs.com/robot/)" "ysfine.com"
51.222.253.19 - - [26/Sep/2022:11:52:51 -0700] "GET /world/russ/dnepro11.jpg HTTP/1.1" 200 90450 "-" "Mozilla/5.0 (compatible; AhrefsBot/7.0; +http://ahrefs.com/robot/)" "ysfine.com"
51.222.253.4 - - [26/Sep/2022:11:52:52 -0700] "GET /world/russ/dnepro22.jpg HTTP/1.1" 200 77080 "-" "Mozilla/5.0 (compatible; AhrefsBot/7.0; +http://ahrefs.com/robot/)" "ysfine.com"
157.55.39.58 - - [26/Sep/2022:11:53:17 -0700] "GET /world/ital/lascala05.jpg HTTP/1.1" 200 112061 "-" "Mozilla/5.0 (compatible; bingbot/2.0; +http://www.bing.com/bingbot.htm)" "www.ysfine.com"
157.55.39.58 - - [26/Sep/2022:11:53:18 -0700] "GET /kowar/tanks/bradley.jpg HTTP/1.1" 200 75135 "-" "Mozilla/5.0 (compatible; bingbot/2.0; +http://www.bing.com/bingbot.htm)" "ysfine.com"
157.55.39.58 - - [26/Sep/2022:11:53:18 -0700] "GET /maga/phys/farad27b.jpg HTTP/1.1" 200 36986 "-" "Mozilla/5.0 AppleWebKit/537.36 (KHTML, like Gecko; compatible; bingbot/2.0; +http://www.bing.com/bingbot.htm) Chrome/103.0.5060.134 Safari/537.36" "ysfine.com"
185.191.171.6 - - [26/Sep/2022:11:54:40 -0700] "GET /feynman/chapline.html HTTP/1.1" 200 974 "-" "Mozilla/5.0 (compatible; SemrushBot/7~bl; +http://www.semrush.com/bot.html)" "www.ysfine.com"
207.46.13.102 - - [26/Sep/2022:11:55:07 -0700] "GET /feynman/feyfirm2.jpg HTTP/1.1" 200 36742 "-" "Mozilla/5.0 (compatible; bingbot/2.0; +http://www.bing.com/bingbot.htm)" "ysfine.com"
157.55.39.58 - - [26/Sep/2022:11:56:27 -0700] "GET /newyork/wtc13.jpg HTTP/1.1" 200 144386 "-" "Mozilla/5.0 (compatible; bingbot/2.0; +http://www.bing.com/bingbot.htm)" "ysfine.com"
92.25.109.108 - - [26/Sep/2022:11:56:36 -0700] "GET /heisen/heisen22.jpg HTTP/1.1" 200 82807 "https://www.google.com/" "Mozilla/5.0 (Windows NT 10.0; Win64; x64) AppleWebKit/537.36 (KHTML, like Gecko) Chrome/104.0.5112.102 Safari/537.36 OPR/90.0.4480.117 (Edition std-1)" "ysfine.com"
157.55.39.128 - - [26/Sep/2022:11:57:02 -0700] "GET /world/coke640.jpg HTTP/1.1" 200 46438 "-" "Mozilla/5.0 (compatible; bingbot/2.0; +http://www.bing.com/bingbot.htm)" "www.ysfine.com"
157.55.39.128 - - [26/Sep/2022:11:59:32 -0700] "GET /world/balkan/ath002.jpg HTTP/1.1" 200 244377 "-" "Mozilla/5.0 AppleWebKit/537.36 (KHTML, like Gecko; compatible; bingbot/2.0; +http://www.bing.com/bingbot.htm) Chrome/103.0.5060.134 Safari/537.36" "ysfine.com"
72.14.201.205 - - [26/Sep/2022:11:59:49 -0700] "GET /world/brit/etonharrow.html HTTP/1.1" 200 4546 "-" "Mozilla/5.0 (Linux; Android 10; K) AppleWebKit/537.36 (KHTML, like Gecko) Chrome/105.0.0.0 Mobile Safari/537.36" "ysfine.com"
157.55.39.128 - - [26/Sep/2022:12:00:03 -0700] "GET /world/ital/flor067.jpg HTTP/1.1" 200 138924 "-" "Mozilla/5.0 (compatible; bingbot/2.0; +http://www.bing.com/bingbot.htm)" "ysfine.com"
95.163.255.71 - - [26/Sep/2022:12:00:05 -0700] "GET /robots.txt HTTP/1.1" 404 73 "-" "Mozilla/5.0 (compatible; Linux x86_64; Mail.RU_Bot/Img/2.0; +https://help.mail.ru/webmaster/indexing/robots)" "ysfine.com"
40.77.167.61 - - [26/Sep/2022:12:00:57 -0700] "GET /einstein/chewfra11.jpg HTTP/1.1" 200 73493 "-" "Mozilla/5.0 (compatible; bingbot/2.0; +http://www.bing.com/bingbot.htm)" "ysfine.com"
81.26.245.136 - - [26/Sep/2022:12:01:33 -0700] "GET /princeton/ias11.jpg HTTP/1.1" 200 76978 "https://www.bing.com/" "Mozilla/5.0 (Windows NT 10.0; Win64; x64) AppleWebKit/537.36 (KHTML, like Gecko) Chrome/105.0.0.0 Safari/537.36 Edg/105.0.1343.50" "www.ysfine.com"
66.249.66.44 - - [26/Sep/2022:12:01:51 -0700] "GET /dongio/airlines.html HTTP/1.1" 404 88 "-" "Mozilla/5.0 (Linux; Android 6.0.1; Nexus 5X Build/MMB29P) AppleWebKit/537.36 (KHTML, like Gecko) Chrome/105.0.5195.125 Mobile Safari/537.36 (compatible; Googlebot/2.1; +http://www.google.com/bot.html)" "ysfine.com"
157.55.39.128 - - [26/Sep/2022:12:01:52 -0700] "GET /class54/class5470/total_data/sub_114.htm HTTP/1.1" 200 3292 "-" "Mozilla/5.0 AppleWebKit/537.36 (KHTML, like Gecko; compatible; bingbot/2.0; +http://www.bing.com/bingbot.htm) Chrome/103.0.5060.134 Safari/537.36" "ysfine.com"
207.46.13.180 - - [26/Sep/2022:12:02:25 -0700] "GET /world/brit/bond32.jpg HTTP/1.1" 200 112439 "-" "Mozilla/5.0 (compatible; bingbot/2.0; +http://www.bing.com/bingbot.htm)" "www.ysfine.com"
185.191.171.21 - - [26/Sep/2022:12:02:55 -0700] "GET /kobak/yskor.html HTTP/1.1" 200 9943 "-" "Mozilla/5.0 (compatible; SemrushBot/7~bl; +http://www.semrush.com/bot.html)" "www.ysfine.com"
95.163.255.101 - - [26/Sep/2022:12:03:44 -0700] "GET /feynman/feyn86b.jpg HTTP/1.1" 304 - "http://go.mail.ru/search_images" "Mozilla/5.0 (compatible; Linux x86_64; Mail.RU_Bot/Img/2.0; +https://help.mail.ru/webmaster/indexing/robots)" "ysfine.com"
95.163.255.61 - - [26/Sep/2022:12:03:56 -0700] "GET /dirac/diracbul.jpg HTTP/1.1" 304 - "http://go.mail.ru/search_images" "Mozilla/5.0 (compatible; Linux x86_64; Mail.RU_Bot/Img/2.0; +https://help.mail.ru/webmaster/indexing/robots)" "ysfine.com"
185.191.171.42 - - [26/Sep/2022:12:03:56 -0700] "GET /world/brit/etonharrow.html HTTP/1.1" 200 4546 "-" "Mozilla/5.0 (compatible; SemrushBot/7~bl; +http://www.semrush.com/bot.html)" "ysfine.com"
185.191.171.12 - - [26/Sep/2022:12:04:08 -0700] "GET /maga/landau.html HTTP/1.1" 200 6658 "-" "Mozilla/5.0 (compatible; SemrushBot/7~bl; +http://www.semrush.com/bot.html)" "ysfine.com"
20.24.21.64 - - [26/Sep/2022:12:04:20 -0700] "GET /wp-admin/css/ HTTP/1.1" 404 88 "binance.com" "Mozilla/5.0 (Windows NT 10.0; Win64; x64) AppleWebKit/537.36 (KHTML, like Gecko) Chrome/90.0.4430.85 Safari/537.36" "ysfine.com"
157.55.39.128 - - [26/Sep/2022:12:04:53 -0700] "GET /world/russ/minsk036.jpg HTTP/1.1" 200 98032 "-" "Mozilla/5.0 (compatible; bingbot/2.0; +http://www.bing.com/bingbot.htm)" "www.ysfine.com"
20.24.21.64 - - [26/Sep/2022:12:04:59 -0700] "GET /sites/default/files/ HTTP/1.1" 404 88 "binance.com" "Mozilla/5.0 (Windows NT 10.0; Win64; x64) AppleWebKit/537.36 (KHTML, like Gecko) Chrome/90.0.4430.85 Safari/537.36" "ysfine.com"
157.55.39.58 - - [26/Sep/2022:12:05:08 -0700] "GET /world/russ/tashkent55.jpg HTTP/1.1" 200 87626 "-" "Mozilla/5.0 (compatible; bingbot/2.0; +http://www.bing.com/bingbot.htm)" "www.ysfine.com"
20.24.21.64 - - [26/Sep/2022:12:05:17 -0700] "GET /admin/controller/extension/extension/ HTTP/1.1" 404 88 "binance.com" "Mozilla/5.0 (Windows NT 10.0; Win64; x64) AppleWebKit/537.36 (KHTML, like Gecko) Chrome/90.0.4430.85 Safari/537.36" "ysfine.com"
223.191.49.30 - - [26/Sep/2022:12:05:22 -0700] "GET /feynman/fphoto.html HTTP/1.1" 200 3714 "https://www.google.com/" "Mozilla/5.0 (Linux; Android 9; CPH1859) AppleWebKit/537.36 (KHTML, like Gecko) Chrome/104.0.0.0 Mobile Safari/537.36" "ysfine.com"
223.191.49.30 - - [26/Sep/2022:12:05:23 -0700] "GET /feynman/feynma2.jpg HTTP/1.1" 200 41543 "https://ysfine.com/feynman/fphoto.html" "Mozilla/5.0 (Linux; Android 9; CPH1859) AppleWebKit/537.36 (KHTML, like Gecko) Chrome/104.0.0.0 Mobile Safari/537.36" "ysfine.com"
223.191.49.30 - - [26/Sep/2022:12:05:23 -0700] "GET /feynman/feyn86b.jpg HTTP/1.1" 200 26190 "https://ysfine.com/feynman/fphoto.html" "Mozilla/5.0 (Linux; Android 9; CPH1859) AppleWebKit/537.36 (KHTML, like Gecko) Chrome/104.0.0.0 Mobile Safari/537.36" "ysfine.com"
223.191.49.30 - - [26/Sep/2022:12:05:23 -0700] "GET /feynman/feybongo55b.jpg HTTP/1.1" 200 41455 "https://ysfine.com/feynman/fphoto.html" "Mozilla/5.0 (Linux; Android 9; CPH1859) AppleWebKit/537.36 (KHTML, like Gecko) Chrome/104.0.0.0 Mobile Safari/537.36" "ysfine.com"
223.191.49.30 - - [26/Sep/2022:12:05:23 -0700] "GET /feynman/feyprince2.jpg HTTP/1.1" 200 49143 "https://ysfine.com/feynman/fphoto.html" "Mozilla/5.0 (Linux; Android 9; CPH1859) AppleWebKit/537.36 (KHTML, like Gecko) Chrome/104.0.0.0 Mobile Safari/537.36" "ysfine.com"
223.191.49.30 - - [26/Sep/2022:12:05:23 -0700] "GET /feynman/chapline2.jpg HTTP/1.1" 200 36026 "https://ysfine.com/feynman/fphoto.html" "Mozilla/5.0 (Linux; Android 9; CPH1859) AppleWebKit/537.36 (KHTML, like Gecko) Chrome/104.0.0.0 Mobile Safari/537.36" "ysfine.com"
223.191.49.30 - - [26/Sep/2022:12:05:23 -0700] "GET /world/latina/rio025b.jpg HTTP/1.1" 200 39082 "https://ysfine.com/feynman/fphoto.html" "Mozilla/5.0 (Linux; Android 9; CPH1859) AppleWebKit/537.36 (KHTML, like Gecko) Chrome/104.0.0.0 Mobile Safari/537.36" "ysfine.com"
223.191.49.30 - - [26/Sep/2022:12:05:27 -0700] "GET /favicon.ico HTTP/1.1" 404 88 "https://ysfine.com/feynman/fphoto.html" "Mozilla/5.0 (Linux; Android 9; CPH1859) AppleWebKit/537.36 (KHTML, like Gecko) Chrome/104.0.0.0 Mobile Safari/537.36" "ysfine.com"
223.191.49.30 - - [26/Sep/2022:12:05:34 -0700] "GET /feynman/feybongo55.jpg HTTP/1.1" 200 95645 "https://ysfine.com/feynman/fphoto.html" "Mozilla/5.0 (Linux; Android 9; CPH1859) AppleWebKit/537.36 (KHTML, like Gecko) Chrome/104.0.0.0 Mobile Safari/537.36" "ysfine.com"
20.24.21.64 - - [26/Sep/2022:12:05:36 -0700] "GET /uploads/ HTTP/1.1" 404 88 "binance.com" "Mozilla/5.0 (Windows NT 10.0; Win64; x64) AppleWebKit/537.36 (KHTML, like Gecko) Chrome/90.0.4430.85 Safari/537.36" "ysfine.com"
223.191.49.30 - - [26/Sep/2022:12:05:44 -0700] "GET /feynman/millik.jpg HTTP/1.1" 200 79301 "https://ysfine.com/feynman/fphoto.html" "Mozilla/5.0 (Linux; Android 9; CPH1859) AppleWebKit/537.36 (KHTML, like Gecko) Chrome/104.0.0.0 Mobile Safari/537.36" "ysfine.com"
187.67.173.109 - - [26/Sep/2022:12:05:45 -0700] "GET /wigner/neum/vnc01.jpg HTTP/1.1" 200 133641 "https://sites.google.com/" "Mozilla/5.0 (Linux; Android 9; moto g(6) play) AppleWebKit/537.36 (KHTML, like Gecko) Chrome/105.0.0.0 Mobile Safari/537.36" "ysfine.com"
223.191.49.30 - - [26/Sep/2022:12:05:47 -0700] "GET /feynman/feynart.html HTTP/1.1" 200 10277 "https://ysfine.com/feynman/fphoto.html" "Mozilla/5.0 (Linux; Android 9; CPH1859) AppleWebKit/537.36 (KHTML, like Gecko) Chrome/104.0.0.0 Mobile Safari/537.36" "ysfine.com"
223.191.49.30 - - [26/Sep/2022:12:05:48 -0700] "GET /feynman/ptoday89b.jpg HTTP/1.1" 200 46537 "https://ysfine.com/feynman/feynart.html" "Mozilla/5.0 (Linux; Android 9; CPH1859) AppleWebKit/537.36 (KHTML, like Gecko) Chrome/104.0.0.0 Mobile Safari/537.36" "ysfine.com"
223.191.49.30 - - [26/Sep/2022:12:05:48 -0700] "GET /style/telefon11b.jpg HTTP/1.1" 200 42587 "https://ysfine.com/feynman/feynart.html" "Mozilla/5.0 (Linux; Android 9; CPH1859) AppleWebKit/537.36 (KHTML, like Gecko) Chrome/104.0.0.0 Mobile Safari/537.36" "ysfine.com"
223.191.49.30 - - [26/Sep/2022:12:05:48 -0700] "GET /style/venus02b.jpg HTTP/1.1" 200 50071 "https://ysfine.com/feynman/feynart.html" "Mozilla/5.0 (Linux; Android 9; CPH1859) AppleWebKit/537.36 (KHTML, like Gecko) Chrome/104.0.0.0 Mobile Safari/537.36" "ysfine.com"
223.191.49.30 - - [26/Sep/2022:12:05:48 -0700] "GET /beau/parthen03b.jpg HTTP/1.1" 404 88 "https://ysfine.com/feynman/feynart.html" "Mozilla/5.0 (Linux; Android 9; CPH1859) AppleWebKit/537.36 (KHTML, like Gecko) Chrome/104.0.0.0 Mobile Safari/537.36" "ysfine.com"
223.191.49.30 - - [26/Sep/2022:12:05:48 -0700] "GET /world/russ/twosis22b.jpg HTTP/1.1" 200 23679 "https://ysfine.com/feynman/feynart.html" "Mozilla/5.0 (Linux; Android 9; CPH1859) AppleWebKit/537.36 (KHTML, like Gecko) Chrome/104.0.0.0 Mobile Safari/537.36" "ysfine.com"
223.191.49.30 - - [26/Sep/2022:12:05:48 -0700] "GET /world/germany/franko11b.jpg HTTP/1.1" 200 37524 "https://ysfine.com/feynman/feynart.html" "Mozilla/5.0 (Linux; Android 9; CPH1859) AppleWebKit/537.36 (KHTML, like Gecko) Chrome/104.0.0.0 Mobile Safari/537.36" "ysfine.com"
223.191.49.30 - - [26/Sep/2022:12:05:48 -0700] "GET /world/scandi/vaxdoll33b.jpg HTTP/1.1" 200 56336 "https://ysfine.com/feynman/feynart.html" "Mozilla/5.0 (Linux; Android 9; CPH1859) AppleWebKit/537.36 (KHTML, like Gecko) Chrome/104.0.0.0 Mobile Safari/537.36" "ysfine.com"
223.191.49.30 - - [26/Sep/2022:12:05:48 -0700] "GET /feynman/restof05b.jpg HTTP/1.1" 200 20819 "https://ysfine.com/feynman/feynart.html" "Mozilla/5.0 (Linux; Android 9; CPH1859) AppleWebKit/537.36 (KHTML, like Gecko) Chrome/104.0.0.0 Mobile Safari/537.36" "ysfine.com"
223.191.49.30 - - [26/Sep/2022:12:05:48 -0700] "GET /world/latina/rio073b.jpg HTTP/1.1" 200 38788 "https://ysfine.com/feynman/feynart.html" "Mozilla/5.0 (Linux; Android 9; CPH1859) AppleWebKit/537.36 (KHTML, like Gecko) Chrome/104.0.0.0 Mobile Safari/537.36" "ysfine.com"
20.24.21.64 - - [26/Sep/2022:12:05:54 -0700] "GET /images/ HTTP/1.1" 404 88 "binance.com" "Mozilla/5.0 (Windows NT 10.0; Win64; x64) AppleWebKit/537.36 (KHTML, like Gecko) Chrome/90.0.4430.85 Safari/537.36" "ysfine.com"
223.191.49.30 - - [26/Sep/2022:12:05:56 -0700] "GET /maga/yukawa.html HTTP/1.1" 200 5658 "https://ysfine.com/feynman/fphoto.html" "Mozilla/5.0 (Linux; Android 9; CPH1859) AppleWebKit/537.36 (KHTML, like Gecko) Chrome/104.0.0.0 Mobile Safari/537.36" "ysfine.com"
223.191.49.30 - - [26/Sep/2022:12:05:56 -0700] "GET /people/markov84b.jpg HTTP/1.1" 200 44106 "https://ysfine.com/maga/yukawa.html" "Mozilla/5.0 (Linux; Android 9; CPH1859) AppleWebKit/537.36 (KHTML, like Gecko) Chrome/104.0.0.0 Mobile Safari/537.36" "ysfine.com"
223.191.49.30 - - [26/Sep/2022:12:05:56 -0700] "GET /maga/phys/yukafeyn2.jpg HTTP/1.1" 200 36709 "https://ysfine.com/maga/yukawa.html" "Mozilla/5.0 (Linux; Android 9; CPH1859) AppleWebKit/537.36 (KHTML, like Gecko) Chrome/104.0.0.0 Mobile Safari/537.36" "ysfine.com"
223.191.49.30 - - [26/Sep/2022:12:05:56 -0700] "GET /maga/phys/yukaein2.jpg HTTP/1.1" 200 42863 "https://ysfine.com/maga/yukawa.html" "Mozilla/5.0 (Linux; Android 9; CPH1859) AppleWebKit/537.36 (KHTML, like Gecko) Chrome/104.0.0.0 Mobile Safari/537.36" "ysfine.com"
223.191.49.30 - - [26/Sep/2022:12:05:56 -0700] "GET /maga/phys/yukadirac53b.jpg HTTP/1.1" 200 46220 "https://ysfine.com/maga/yukawa.html" "Mozilla/5.0 (Linux; Android 9; CPH1859) AppleWebKit/537.36 (KHTML, like Gecko) Chrome/104.0.0.0 Mobile Safari/537.36" "ysfine.com"
223.191.49.30 - - [26/Sep/2022:12:05:56 -0700] "GET /maga/phys/yukawa00b.jpg HTTP/1.1" 200 36980 "https://ysfine.com/maga/yukawa.html" "Mozilla/5.0 (Linux; Android 9; CPH1859) AppleWebKit/537.36 (KHTML, like Gecko) Chrome/104.0.0.0 Mobile Safari/537.36" "ysfine.com"
223.191.49.30 - - [26/Sep/2022:12:05:56 -0700] "GET /maga/phys/yukafeyn3.jpg HTTP/1.1" 200 41879 "https://ysfine.com/maga/yukawa.html" "Mozilla/5.0 (Linux; Android 9; CPH1859) AppleWebKit/537.36 (KHTML, like Gecko) Chrome/104.0.0.0 Mobile Safari/537.36" "ysfine.com"
223.191.49.30 - - [26/Sep/2022:12:05:56 -0700] "GET /maga/phys/yukadirac55b.jpg HTTP/1.1" 200 41758 "https://ysfine.com/maga/yukawa.html" "Mozilla/5.0 (Linux; Android 9; CPH1859) AppleWebKit/537.36 (KHTML, like Gecko) Chrome/104.0.0.0 Mobile Safari/537.36" "ysfine.com"
223.191.49.30 - - [26/Sep/2022:12:06:00 -0700] "GET /feynman/feydirac.jpg HTTP/1.1" 200 98378 "https://ysfine.com/feynman/fphoto.html" "Mozilla/5.0 (Linux; Android 9; CPH1859) AppleWebKit/537.36 (KHTML, like Gecko) Chrome/104.0.0.0 Mobile Safari/537.36" "ysfine.com"
51.222.253.15 - - [26/Sep/2022:12:06:05 -0700] "GET /ffriends/ukrainian.html HTTP/1.1" 200 5606 "-" "Mozilla/5.0 (compatible; AhrefsBot/7.0; +http://ahrefs.com/robot/)" "ysfine.com"
185.191.171.40 - - [26/Sep/2022:12:06:05 -0700] "GET /kowar/sampal.html HTTP/1.1" 200 12090 "-" "Mozilla/5.0 (compatible; SemrushBot/7~bl; +http://www.semrush.com/bot.html)" "ysfine.com"
51.222.253.4 - - [26/Sep/2022:12:06:07 -0700] "GET /kowar/tanks/tank05b.jpg HTTP/1.1" 200 48742 "-" "Mozilla/5.0 (compatible; AhrefsBot/7.0; +http://ahrefs.com/robot/)" "ysfine.com"
51.222.253.12 - - [26/Sep/2022:12:06:07 -0700] "GET /ffriends/ukital2.jpg HTTP/1.1" 200 30833 "-" "Mozilla/5.0 (compatible; AhrefsBot/7.0; +http://ahrefs.com/robot/)" "ysfine.com"
207.46.13.102 - - [26/Sep/2022:12:06:08 -0700] "GET /kobak/swr57.jpg HTTP/1.1" 200 118735 "-" "Mozilla/5.0 (compatible; bingbot/2.0; +http://www.bing.com/bingbot.htm)" "ysfine.com"
51.222.253.10 - - [26/Sep/2022:12:06:08 -0700] "GET /world/russ/kharkov12b.jpg HTTP/1.1" 200 28423 "-" "Mozilla/5.0 (compatible; AhrefsBot/7.0; +http://ahrefs.com/robot/)" "ysfine.com"
51.222.253.15 - - [26/Sep/2022:12:06:09 -0700] "GET /world/russ/kharkov15b.jpg HTTP/1.1" 200 22518 "-" "Mozilla/5.0 (compatible; AhrefsBot/7.0; +http://ahrefs.com/robot/)" "ysfine.com"
207.46.13.102 - - [26/Sep/2022:12:06:09 -0700] "GET /world/scandi/copen024.jpg HTTP/1.1" 200 58082 "-" "Mozilla/5.0 (compatible; bingbot/2.0; +http://www.bing.com/bingbot.htm)" "ysfine.com"
51.222.253.20 - - [26/Sep/2022:12:06:09 -0700] "GET /world/russ/kiev049b.jpg HTTP/1.1" 200 46100 "-" "Mozilla/5.0 (compatible; AhrefsBot/7.0; +http://ahrefs.com/robot/)" "ysfine.com"
51.222.253.20 - - [26/Sep/2022:12:06:10 -0700] "GET /world/russ/khahi11b.jpg HTTP/1.1" 200 52164 "-" "Mozilla/5.0 (compatible; AhrefsBot/7.0; +http://ahrefs.com/robot/)" "ysfine.com"
51.222.253.16 - - [26/Sep/2022:12:06:10 -0700] "GET /world/russ/dnepro11b.jpg HTTP/1.1" 200 34233 "-" "Mozilla/5.0 (compatible; AhrefsBot/7.0; +http://ahrefs.com/robot/)" "ysfine.com"
51.222.253.2 - - [26/Sep/2022:12:06:10 -0700] "GET /world/russ/kiev061b.jpg HTTP/1.1" 200 43253 "-" "Mozilla/5.0 (compatible; AhrefsBot/7.0; +http://ahrefs.com/robot/)" "ysfine.com"
51.222.253.20 - - [26/Sep/2022:12:06:11 -0700] "GET /world/russ/ukrastu03b.jpg HTTP/1.1" 200 45822 "-" "Mozilla/5.0 (compatible; AhrefsBot/7.0; +http://ahrefs.com/robot/)" "ysfine.com"
51.222.253.17 - - [26/Sep/2022:12:06:11 -0700] "GET /world/russ/kharkov08b.jpg HTTP/1.1" 200 25206 "-" "Mozilla/5.0 (compatible; AhrefsBot/7.0; +http://ahrefs.com/robot/)" "ysfine.com"
51.222.253.8 - - [26/Sep/2022:12:06:12 -0700] "GET /world/russ/kharkov11b.jpg HTTP/1.1" 200 24662 "-" "Mozilla/5.0 (compatible; AhrefsBot/7.0; +http://ahrefs.com/robot/)" "ysfine.com"
51.222.253.20 - - [26/Sep/2022:12:06:12 -0700] "GET /world/russ/dnepro22b.jpg HTTP/1.1" 200 32059 "-" "Mozilla/5.0 (compatible; AhrefsBot/7.0; +http://ahrefs.com/robot/)" "ysfine.com"
51.222.253.5 - - [26/Sep/2022:12:06:13 -0700] "GET /ffriends/ukradres02b.jpg HTTP/1.1" 200 36636 "-" "Mozilla/5.0 (compatible; AhrefsBot/7.0; +http://ahrefs.com/robot/)" "ysfine.com"
51.222.253.2 - - [26/Sep/2022:12:06:13 -0700] "GET /world/russ/kiev047b.jpg HTTP/1.1" 200 41564 "-" "Mozilla/5.0 (compatible; AhrefsBot/7.0; +http://ahrefs.com/robot/)" "ysfine.com"
51.222.253.17 - - [26/Sep/2022:12:06:13 -0700] "GET /world/russ/khahi99b.jpg HTTP/1.1" 200 46503 "-" "Mozilla/5.0 (compatible; AhrefsBot/7.0; +http://ahrefs.com/robot/)" "ysfine.com"
223.191.49.30 - - [26/Sep/2022:12:06:13 -0700] "GET /feynman/feychin.jpg HTTP/1.1" 200 33472 "https://ysfine.com/feynman/fphoto.html" "Mozilla/5.0 (Linux; Android 9; CPH1859) AppleWebKit/537.36 (KHTML, like Gecko) Chrome/104.0.0.0 Mobile Safari/537.36" "ysfine.com"
20.24.21.64 - - [26/Sep/2022:12:06:13 -0700] "GET /files/ HTTP/1.1" 404 88 "binance.com" "Mozilla/5.0 (Windows NT 10.0; Win64; x64) AppleWebKit/537.36 (KHTML, like Gecko) Chrome/90.0.4430.85 Safari/537.36" "ysfine.com"
51.222.253.14 - - [26/Sep/2022:12:06:14 -0700] "GET /world/russ/kiev053b.jpg HTTP/1.1" 200 49104 "-" "Mozilla/5.0 (compatible; AhrefsBot/7.0; +http://ahrefs.com/robot/)" "ysfine.com"
95.163.255.91 - - [26/Sep/2022:12:07:56 -0700] "GET /wigner/neum/pvn07.jpg HTTP/1.1" 200 101823 "http://go.mail.ru/search_images" "Mozilla/5.0 (compatible; Linux x86_64; Mail.RU_Bot/Img/2.0; +https://help.mail.ru/webmaster/indexing/robots)" "ysfine.com"
77.88.5.50 - - [26/Sep/2022:12:08:38 -0700] "GET /usca/neworl.html HTTP/1.1" 200 14308 "-" "Mozilla/5.0 (compatible; YandexBot/3.0; +http://yandex.com/bots)" "www.ysfine.com"
157.55.39.58 - - [26/Sep/2022:12:08:39 -0700] "GET /wdc/wasmap11.jpg HTTP/1.1" 200 90827 "-" "Mozilla/5.0 (compatible; bingbot/2.0; +http://www.bing.com/bingbot.htm)" "ysfine.com"
77.88.5.166 - - [26/Sep/2022:12:08:42 -0700] "GET /maga/edison.html HTTP/1.1" 200 4787 "-" "Mozilla/5.0 (compatible; YandexBot/3.0; +http://yandex.com/bots)" "www.ysfine.com"
46.6.234.50 - - [26/Sep/2022:12:10:04 -0700] "GET /maga/phys/solvayc27c.jpg HTTP/1.1" 200 53464 "https://www.google.com/" "Mozilla/5.0 (Linux; Android 11; Redmi Note 8 Pro Build/RP1A.200720.011; wv) AppleWebKit/537.36 (KHTML, like Gecko) Version/4.0 Chrome/105.0.5195.136 Mobile Safari/537.36 GoogleApp/13.37.10.26.arm64" "ysfine.com"
185.191.171.14 - - [26/Sep/2022:12:10:15 -0700] "GET /home/dwf33.html HTTP/1.1" 200 7188 "-" "Mozilla/5.0 (compatible; SemrushBot/7~bl; +http://www.semrush.com/bot.html)" "ysfine.com"
114.119.153.212 - - [26/Sep/2022:12:10:48 -0700] "GET /robots.txt HTTP/1.1" 404 88 "-" "Mozilla/5.0 (compatible;PetalBot;+https://webmaster.petalsearch.com/site/petalbot)" "www.ysfine.com"
46.6.234.50 - - [26/Sep/2022:12:11:27 -0700] "GET /maga/phys/schrod03.jpg HTTP/1.1" 200 184623 "https://www.google.com/" "Mozilla/5.0 (Linux; Android 11; Redmi Note 8 Pro Build/RP1A.200720.011; wv) AppleWebKit/537.36 (KHTML, like Gecko) Version/4.0 Chrome/105.0.5195.136 Mobile Safari/537.36 GoogleApp/13.37.10.26.arm64" "ysfine.com"
51.222.253.10 - - [26/Sep/2022:12:12:28 -0700] "GET /einstein/einkim.html HTTP/1.1" 200 3731 "-" "Mozilla/5.0 (compatible; AhrefsBot/7.0; +http://ahrefs.com/robot/)" "ysfine.com"
51.222.253.11 - - [26/Sep/2022:12:12:32 -0700] "GET /einstein/eins47c.jpg HTTP/1.1" 200 43054 "-" "Mozilla/5.0 (compatible; AhrefsBot/7.0; +http://ahrefs.com/robot/)" "ysfine.com"
51.222.253.12 - - [26/Sep/2022:12:12:32 -0700] "GET /einstein/ysturner11c.jpg HTTP/1.1" 200 39604 "-" "Mozilla/5.0 (compatible; AhrefsBot/7.0; +http://ahrefs.com/robot/)" "ysfine.com"
51.222.253.19 - - [26/Sep/2022:12:12:33 -0700] "GET /einstein/eward33d.jpg HTTP/1.1" 200 61786 "-" "Mozilla/5.0 (compatible; AhrefsBot/7.0; +http://ahrefs.com/robot/)" "ysfine.com"
51.222.253.13 - - [26/Sep/2022:12:12:34 -0700] "GET /home/resonance33c.jpg HTTP/1.1" 200 36247 "-" "Mozilla/5.0 (compatible; AhrefsBot/7.0; +http://ahrefs.com/robot/)" "ysfine.com"
185.191.171.37 - - [26/Sep/2022:12:12:34 -0700] "GET /kobak/warstorie.html HTTP/1.1" 200 6645 "-" "Mozilla/5.0 (compatible; SemrushBot/7~bl; +http://www.semrush.com/bot.html)" "ysfine.com"
51.222.253.19 - - [26/Sep/2022:12:12:34 -0700] "GET /einstein/einbohr33c.jpg HTTP/1.1" 200 36410 "-" "Mozilla/5.0 (compatible; AhrefsBot/7.0; +http://ahrefs.com/robot/)" "ysfine.com"
51.222.253.7 - - [26/Sep/2022:12:12:34 -0700] "GET /einstein/orren11c.jpg HTTP/1.1" 200 21314 "-" "Mozilla/5.0 (compatible; AhrefsBot/7.0; +http://ahrefs.com/robot/)" "ysfine.com"
51.222.253.8 - - [26/Sep/2022:12:12:35 -0700] "GET /eink/eink54a.jpg HTTP/1.1" 200 79717 "-" "Mozilla/5.0 (compatible; AhrefsBot/7.0; +http://ahrefs.com/robot/)" "ysfine.com"
51.222.253.17 - - [26/Sep/2022:12:12:35 -0700] "GET /einstein/keigel77a.jpg HTTP/1.1" 200 59466 "-" "Mozilla/5.0 (compatible; AhrefsBot/7.0; +http://ahrefs.com/robot/)" "ysfine.com"
51.222.253.13 - - [26/Sep/2022:12:12:36 -0700] "GET /home/dwf55a.jpg HTTP/1.1" 200 54743 "-" "Mozilla/5.0 (compatible; AhrefsBot/7.0; +http://ahrefs.com/robot/)" "ysfine.com"
72.228.56.12 - - [26/Sep/2022:12:14:15 -0700] "GET /princeton/withers01.jpg HTTP/1.1" 200 113946 "https://www.google.com/" "Mozilla/5.0 (Macintosh; Intel Mac OS X 10_14_6) AppleWebKit/537.36 (KHTML, like Gecko) Chrome/105.0.0.0 Safari/537.36" "ysfine.com"
157.55.39.128 - - [26/Sep/2022:12:14:24 -0700] "GET /einstein/fantova/fanto11.jpg HTTP/1.1" 200 16170 "-" "Mozilla/5.0 (compatible; bingbot/2.0; +http://www.bing.com/bingbot.htm)" "ysfine.com"
157.55.39.128 - - [26/Sep/2022:12:14:26 -0700] "GET /wdc/anna04.jpg HTTP/1.1" 200 109699 "-" "Mozilla/5.0 AppleWebKit/537.36 (KHTML, like Gecko; compatible; bingbot/2.0; +http://www.bing.com/bingbot.htm) Chrome/103.0.5060.134 Safari/537.36" "ysfine.com"
89.22.195.74 - - [26/Sep/2022:12:14:37 -0700] "GET /kobak/sl628.jpg HTTP/1.1" 200 225100 "https://www.google.com/" "Mozilla/5.0 (Linux; Android 11; Redmi Note 9S Build/RKQ1.200826.002; wv) AppleWebKit/537.36 (KHTML, like Gecko) Version/4.0 Chrome/105.0.5195.136 Mobile Safari/537.36 GoogleApp/13.37.10.26.arm64" "ysfine.com"
40.77.167.61 - - [26/Sep/2022:12:14:39 -0700] "GET /sbk/2007waw33.jpg HTTP/1.1" 200 124686 "-" "Mozilla/5.0 AppleWebKit/537.36 (KHTML, like Gecko; compatible; bingbot/2.0; +http://www.bing.com/bingbot.htm) Chrome/103.0.5060.134 Safari/537.36" "ysfine.com"
185.209.222.11 - - [26/Sep/2022:12:14:46 -0700] "GET /philo/marxmos02.jpg HTTP/1.1" 200 74082 "https://www.google.com/" "Mozilla/5.0 (Windows NT 10.0; Win64; x64) AppleWebKit/537.36 (KHTML, like Gecko) Chrome/105.0.0.0 Safari/537.36" "ysfine.com"
40.77.167.61 - - [26/Sep/2022:12:14:48 -0700] "GET /sbk/2013lon06.jpg HTTP/1.1" 200 139293 "-" "Mozilla/5.0 (compatible; bingbot/2.0; +http://www.bing.com/bingbot.htm)" "www.ysfine.com"
2.15.250.158 - - [26/Sep/2022:12:14:58 -0700] "GET /style/tatiana11.jpg HTTP/1.1" 200 146910 "https://www.google.fr/" "Mozilla/5.0 (Macintosh; Intel Mac OS X 10_15_6) AppleWebKit/605.1.15 (KHTML, like Gecko) Version/15.6.1 Safari/605.1.15" "ysfine.com"
185.191.171.41 - - [26/Sep/2022:12:15:46 -0700] "GET /robots.txt HTTP/1.1" 404 88 "-" "Mozilla/5.0 (compatible; SemrushBot/7~bl; +http://www.semrush.com/bot.html)" "www.ysfine.com"
185.191.171.4 - - [26/Sep/2022:12:15:46 -0700] "GET /confer/speci.html HTTP/1.1" 200 957 "-" "Mozilla/5.0 (compatible; SemrushBot/7~bl; +http://www.semrush.com/bot.html)" "www.ysfine.com"
157.55.39.128 - - [26/Sep/2022:12:15:55 -0700] "GET /einstein/places/einmu64.jpg HTTP/1.1" 200 53986 "-" "Mozilla/5.0 (compatible; bingbot/2.0; +http://www.bing.com/bingbot.htm)" "ysfine.com"
185.191.171.5 - - [26/Sep/2022:12:16:01 -0700] "GET /ffriends/kmc.html HTTP/1.1" 200 2186 "-" "Mozilla/5.0 (compatible; SemrushBot/7~bl; +http://www.semrush.com/bot.html)" "www.ysfine.com"
207.46.13.180 - - [26/Sep/2022:12:16:07 -0700] "GET /class54/class5470/total_data/sub_223.htm HTTP/1.1" 200 3410 "-" "Mozilla/5.0 (compatible; bingbot/2.0; +http://www.bing.com/bingbot.htm)" "ysfine.com"
207.46.13.180 - - [26/Sep/2022:12:16:16 -0700] "GET /world/germany/trier36.jpg HTTP/1.1" 200 275321 "-" "Mozilla/5.0 (compatible; bingbot/2.0; +http://www.bing.com/bingbot.htm)" "ysfine.com"
185.191.171.10 - - [26/Sep/2022:12:16:39 -0700] "GET /home/harmoarchi.html HTTP/1.1" 200 3686 "-" "Mozilla/5.0 (compatible; SemrushBot/7~bl; +http://www.semrush.com/bot.html)" "ysfine.com"
157.55.39.55 - - [26/Sep/2022:12:16:44 -0700] "GET /wdc/umd09.jpg HTTP/1.1" 200 98923 "-" "Mozilla/5.0 (compatible; bingbot/2.0; +http://www.bing.com/bingbot.htm)" "ysfine.com"
157.55.39.128 - - [26/Sep/2022:12:16:48 -0700] "GET /style/nga22.jpg HTTP/1.1" 200 132866 "-" "Mozilla/5.0 AppleWebKit/537.36 (KHTML, like Gecko; compatible; bingbot/2.0; +http://www.bing.com/bingbot.htm) Chrome/103.0.5060.134 Safari/537.36" "ysfine.com"
157.55.39.128 - - [26/Sep/2022:12:17:06 -0700] "GET /world/poland/coperni11b.jpg HTTP/1.1" 200 28750 "-" "Mozilla/5.0 (compatible; bingbot/2.0; +http://www.bing.com/bingbot.htm)" "ysfine.com"
157.55.39.128 - - [26/Sep/2022:12:18:55 -0700] "GET /world/germany/verein11.jpg HTTP/1.1" 200 83100 "-" "Mozilla/5.0 (compatible; bingbot/2.0; +http://www.bing.com/bingbot.htm)" "www.ysfine.com"
51.222.253.4 - - [26/Sep/2022:12:19:09 -0700] "GET /einstein/einnobel.html HTTP/1.1" 200 8152 "-" "Mozilla/5.0 (compatible; AhrefsBot/7.0; +http://ahrefs.com/robot/)" "ysfine.com"
51.222.253.8 - - [26/Sep/2022:12:19:11 -0700] "GET /dirac/dirac2.jpg HTTP/1.1" 200 31039 "-" "Mozilla/5.0 (compatible; AhrefsBot/7.0; +http://ahrefs.com/robot/)" "ysfine.com"
51.222.253.1 - - [26/Sep/2022:12:19:11 -0700] "GET /eink/eink17b.jpg HTTP/1.1" 200 34736 "-" "Mozilla/5.0 (compatible; AhrefsBot/7.0; +http://ahrefs.com/robot/)" "ysfine.com"
51.222.253.7 - - [26/Sep/2022:12:19:12 -0700] "GET /eink/emc23b.jpg HTTP/1.1" 200 41966 "-" "Mozilla/5.0 (compatible; AhrefsBot/7.0; +http://ahrefs.com/robot/)" "ysfine.com"
51.222.253.5 - - [26/Sep/2022:12:19:13 -0700] "GET /wigner/wig270.jpg HTTP/1.1" 200 43273 "-" "Mozilla/5.0 (compatible; AhrefsBot/7.0; +http://ahrefs.com/robot/)" "ysfine.com"
51.222.253.8 - - [26/Sep/2022:12:19:14 -0700] "GET /einstein/einstori01.jpg HTTP/1.1" 200 40741 "-" "Mozilla/5.0 (compatible; AhrefsBot/7.0; +http://ahrefs.com/robot/)" "ysfine.com"
51.222.253.4 - - [26/Sep/2022:12:19:14 -0700] "GET /feynman/fb18b.jpg HTTP/1.1" 200 42922 "-" "Mozilla/5.0 (compatible; AhrefsBot/7.0; +http://ahrefs.com/robot/)" "ysfine.com"
40.77.167.61 - - [26/Sep/2022:12:20:40 -0700] "GET /wigner/supper650.jpg HTTP/1.1" 200 60839 "-" "Mozilla/5.0 (compatible; bingbot/2.0; +http://www.bing.com/bingbot.htm)" "www.ysfine.com"
207.46.13.180 - - [26/Sep/2022:12:20:47 -0700] "GET /wdc/ HTTP/1.1" 200 141 "-" "Mozilla/5.0 (compatible; bingbot/2.0; +http://www.bing.com/bingbot.htm)" "www.ysfine.com"
201.139.219.83 - - [26/Sep/2022:12:21:43 -0700] "GET /wigner/neum/vnc01.jpg HTTP/1.1" 200 133641 "https://sites.google.com/" "Mozilla/5.0 (Windows NT 10.0; Win64; x64) AppleWebKit/537.36 (KHTML, like Gecko) Chrome/105.0.0.0 Safari/537.36" "ysfine.com"
207.46.13.180 - - [26/Sep/2022:12:22:17 -0700] "GET /world/russ/ukrastu01.jpg HTTP/1.1" 200 99878 "-" "Mozilla/5.0 (compatible; bingbot/2.0; +http://www.bing.com/bingbot.htm)" "www.ysfine.com"
157.55.39.128 - - [26/Sep/2022:12:22:35 -0700] "GET /style/xiangran55b.jpg HTTP/1.1" 200 39739 "-" "Mozilla/5.0 AppleWebKit/537.36 (KHTML, like Gecko; compatible; bingbot/2.0; +http://www.bing.com/bingbot.htm) Chrome/103.0.5060.134 Safari/537.36" "ysfine.com"
207.46.13.102 - - [26/Sep/2022:12:22:40 -0700] "GET /wdc/willard88.jpg HTTP/1.1" 200 88961 "-" "Mozilla/5.0 (compatible; bingbot/2.0; +http://www.bing.com/bingbot.htm)" "www.ysfine.com"
185.191.171.4 - - [26/Sep/2022:12:23:16 -0700] "GET /world/china22.html HTTP/1.1" 200 12827 "-" "Mozilla/5.0 (compatible; SemrushBot/7~bl; +http://www.semrush.com/bot.html)" "ysfine.com"
185.191.171.9 - - [26/Sep/2022:12:24:27 -0700] "GET /maga/conic.html HTTP/1.1" 200 4049 "-" "Mozilla/5.0 (compatible; SemrushBot/7~bl; +http://www.semrush.com/bot.html)" "www.ysfine.com"
86.99.124.29 - - [26/Sep/2022:12:24:30 -0700] "GET /maga/phil/marxlon01.jpg HTTP/1.1" 200 263404 "https://www.google.com/" "Mozilla/5.0 (Windows NT 10.0; Win64; x64) AppleWebKit/537.36 (KHTML, like Gecko) Chrome/105.0.0.0 Safari/537.36" "ysfine.com"
54.189.128.241 - - [26/Sep/2022:12:24:49 -0700] "GET /usca/pitt/hugh01b.jpg HTTP/1.1" 200 629471 "http://ysfine.com/usca/pitt/hugh01b.jpg" "Mozilla/5.0 (Windows NT 10.0; Win64; x64) AppleWebKit/537.36 (KHTML, like Gecko) Chrome/89.0.4389.114 Safari/537.36" "ysfine.com"
207.46.13.180 - - [26/Sep/2022:12:25:47 -0700] "GET /world/scandi/sto030.jpg HTTP/1.1" 200 108612 "-" "Mozilla/5.0 (compatible; bingbot/2.0; +http://www.bing.com/bingbot.htm)" "ysfine.com"
51.222.253.10 - - [26/Sep/2022:12:26:01 -0700] "GET /dirac/dirackn33.html HTTP/1.1" 200 438 "-" "Mozilla/5.0 (compatible; AhrefsBot/7.0; +http://ahrefs.com/robot/)" "ysfine.com"
51.222.253.16 - - [26/Sep/2022:12:26:05 -0700] "GET /dirac/dirackn33a.jpg HTTP/1.1" 200 77722 "-" "Mozilla/5.0 (compatible; AhrefsBot/7.0; +http://ahrefs.com/robot/)" "ysfine.com"
174.52.96.41 - - [26/Sep/2022:12:28:26 -0700] "GET / HTTP/1.1" 200 5283 "-" "Mozilla/5.0 (iPhone; CPU iPhone OS 15_6_1 like Mac OS X) AppleWebKit/605.1.15 (KHTML, like Gecko) Version/15.6.1 Mobile/15E148 Safari/604.1" "ysfine.com"
174.52.96.41 - - [26/Sep/2022:12:28:26 -0700] "GET /home/eink450.jpg HTTP/1.1" 200 66794 "-" "Mozilla/5.0 (iPhone; CPU iPhone OS 15_6_1 like Mac OS X) AppleWebKit/605.1.15 (KHTML, like Gecko) Version/15.6.1 Mobile/15E148 Safari/604.1" "ysfine.com"
