89.156.64.79 - - [26/Feb/2023:23:19:18 -0800] "GET /style/hibari22b.jpg HTTP/1.1" 200 39644 "https://ysfine.com/style/songs.html" "Mozilla/5.0 (iPhone; CPU iPhone OS 15_6_1 like Mac OS X) AppleWebKit/605.1.15 (KHTML, like Gecko) Version/15.6.1 Mobile/15E148 Safari/604.1" "ysfine.com"
89.156.64.79 - - [26/Feb/2023:23:19:18 -0800] "GET /world/germany/schonbr03b.jpg HTTP/1.1" 200 46623 "https://ysfine.com/style/songs.html" "Mozilla/5.0 (iPhone; CPU iPhone OS 15_6_1 like Mac OS X) AppleWebKit/605.1.15 (KHTML, like Gecko) Version/15.6.1 Mobile/15E148 Safari/604.1" "ysfine.com"
89.156.64.79 - - [26/Feb/2023:23:19:18 -0800] "GET /style/mieko11b.jpg HTTP/1.1" 200 53779 "https://ysfine.com/style/songs.html" "Mozilla/5.0 (iPhone; CPU iPhone OS 15_6_1 like Mac OS X) AppleWebKit/605.1.15 (KHTML, like Gecko) Version/15.6.1 Mobile/15E148 Safari/604.1" "ysfine.com"
89.156.64.79 - - [26/Feb/2023:23:19:18 -0800] "GET /style/hamako11b.jpg HTTP/1.1" 200 33344 "https://ysfine.com/style/songs.html" "Mozilla/5.0 (iPhone; CPU iPhone OS 15_6_1 like Mac OS X) AppleWebKit/605.1.15 (KHTML, like Gecko) Version/15.6.1 Mobile/15E148 Safari/604.1" "ysfine.com"
89.156.64.79 - - [26/Feb/2023:23:19:18 -0800] "GET /style/yasukuni11b.jpg HTTP/1.1" 200 53460 "https://ysfine.com/style/songs.html" "Mozilla/5.0 (iPhone; CPU iPhone OS 15_6_1 like Mac OS X) AppleWebKit/605.1.15 (KHTML, like Gecko) Version/15.6.1 Mobile/15E148 Safari/604.1" "ysfine.com"
89.156.64.79 - - [26/Feb/2023:23:19:18 -0800] "GET /style/brahms2.jpg HTTP/1.1" 200 43601 "https://ysfine.com/style/songs.html" "Mozilla/5.0 (iPhone; CPU iPhone OS 15_6_1 like Mac OS X) AppleWebKit/605.1.15 (KHTML, like Gecko) Version/15.6.1 Mobile/15E148 Safari/604.1" "ysfine.com"
89.156.64.79 - - [26/Feb/2023:23:19:18 -0800] "GET /world/russ/spbm07b.jpg HTTP/1.1" 200 42946 "https://ysfine.com/style/songs.html" "Mozilla/5.0 (iPhone; CPU iPhone OS 15_6_1 like Mac OS X) AppleWebKit/605.1.15 (KHTML, like Gecko) Version/15.6.1 Mobile/15E148 Safari/604.1" "ysfine.com"
89.156.64.79 - - [26/Feb/2023:23:19:18 -0800] "GET /world/russ/ihousem22b.jpg HTTP/1.1" 404 88 "https://ysfine.com/style/songs.html" "Mozilla/5.0 (iPhone; CPU iPhone OS 15_6_1 like Mac OS X) AppleWebKit/605.1.15 (KHTML, like Gecko) Version/15.6.1 Mobile/15E148 Safari/604.1" "ysfine.com"
89.156.64.79 - - [26/Feb/2023:23:19:18 -0800] "GET /world/germany/hofbrau33b.jpg HTTP/1.1" 200 51219 "https://ysfine.com/style/songs.html" "Mozilla/5.0 (iPhone; CPU iPhone OS 15_6_1 like Mac OS X) AppleWebKit/605.1.15 (KHTML, like Gecko) Version/15.6.1 Mobile/15E148 Safari/604.1" "ysfine.com"
89.156.64.79 - - [26/Feb/2023:23:19:18 -0800] "GET /style/shcampus11b.jpg HTTP/1.1" 200 53039 "https://ysfine.com/style/songs.html" "Mozilla/5.0 (iPhone; CPU iPhone OS 15_6_1 like Mac OS X) AppleWebKit/605.1.15 (KHTML, like Gecko) Version/15.6.1 Mobile/15E148 Safari/604.1" "ysfine.com"
89.156.64.79 - - [26/Feb/2023:23:19:18 -0800] "GET /style/akiko55.jpg HTTP/1.1" 200 48868 "https://ysfine.com/style/songs.html" "Mozilla/5.0 (iPhone; CPU iPhone OS 15_6_1 like Mac OS X) AppleWebKit/605.1.15 (KHTML, like Gecko) Version/15.6.1 Mobile/15E148 Safari/604.1" "ysfine.com"
89.156.64.79 - - [26/Feb/2023:23:19:18 -0800] "GET /kobak/105mm2.jpg HTTP/1.1" 200 54167 "https://ysfine.com/style/songs.html" "Mozilla/5.0 (iPhone; CPU iPhone OS 15_6_1 like Mac OS X) AppleWebKit/605.1.15 (KHTML, like Gecko) Version/15.6.1 Mobile/15E148 Safari/604.1" "ysfine.com"
89.156.64.79 - - [26/Feb/2023:23:19:18 -0800] "GET /style/sousa2.jpg HTTP/1.1" 200 42173 "https://ysfine.com/style/songs.html" "Mozilla/5.0 (iPhone; CPU iPhone OS 15_6_1 like Mac OS X) AppleWebKit/605.1.15 (KHTML, like Gecko) Version/15.6.1 Mobile/15E148 Safari/604.1" "ysfine.com"
89.156.64.79 - - [26/Feb/2023:23:19:18 -0800] "GET /style/sarahchang01b.jpg HTTP/1.1" 200 50797 "https://ysfine.com/style/songs.html" "Mozilla/5.0 (iPhone; CPU iPhone OS 15_6_1 like Mac OS X) AppleWebKit/605.1.15 (KHTML, like Gecko) Version/15.6.1 Mobile/15E148 Safari/604.1" "ysfine.com"
89.156.64.79 - - [26/Feb/2023:23:19:18 -0800] "GET /style/zero01b.jpg HTTP/1.1" 200 27421 "https://ysfine.com/style/songs.html" "Mozilla/5.0 (iPhone; CPU iPhone OS 15_6_1 like Mac OS X) AppleWebKit/605.1.15 (KHTML, like Gecko) Version/15.6.1 Mobile/15E148 Safari/604.1" "ysfine.com"
89.156.64.79 - - [26/Feb/2023:23:19:18 -0800] "GET /style/xiangran55b.jpg HTTP/1.1" 200 39739 "https://ysfine.com/style/songs.html" "Mozilla/5.0 (iPhone; CPU iPhone OS 15_6_1 like Mac OS X) AppleWebKit/605.1.15 (KHTML, like Gecko) Version/15.6.1 Mobile/15E148 Safari/604.1" "ysfine.com"
89.156.64.79 - - [26/Feb/2023:23:19:18 -0800] "GET /world/ital/lascala05b.jpg HTTP/1.1" 200 35719 "https://ysfine.com/style/songs.html" "Mozilla/5.0 (iPhone; CPU iPhone OS 15_6_1 like Mac OS X) AppleWebKit/605.1.15 (KHTML, like Gecko) Version/15.6.1 Mobile/15E148 Safari/604.1" "ysfine.com"
89.156.64.79 - - [26/Feb/2023:23:19:18 -0800] "GET /style/flamen2.jpg HTTP/1.1" 200 46908 "https://ysfine.com/style/songs.html" "Mozilla/5.0 (iPhone; CPU iPhone OS 15_6_1 like Mac OS X) AppleWebKit/605.1.15 (KHTML, like Gecko) Version/15.6.1 Mobile/15E148 Safari/604.1" "ysfine.com"
89.156.64.79 - - [26/Feb/2023:23:19:18 -0800] "GET /maga/invent/joak11b.jpg HTTP/1.1" 200 40558 "https://ysfine.com/style/songs.html" "Mozilla/5.0 (iPhone; CPU iPhone OS 15_6_1 like Mac OS X) AppleWebKit/605.1.15 (KHTML, like Gecko) Version/15.6.1 Mobile/15E148 Safari/604.1" "ysfine.com"
89.156.64.79 - - [26/Feb/2023:23:19:18 -0800] "GET /style/xiangran66b.jpg HTTP/1.1" 200 30098 "https://ysfine.com/style/songs.html" "Mozilla/5.0 (iPhone; CPU iPhone OS 15_6_1 like Mac OS X) AppleWebKit/605.1.15 (KHTML, like Gecko) Version/15.6.1 Mobile/15E148 Safari/604.1" "ysfine.com"
89.156.64.79 - - [26/Feb/2023:23:19:18 -0800] "GET /style/xiangran33b.jpg HTTP/1.1" 200 26488 "https://ysfine.com/style/songs.html" "Mozilla/5.0 (iPhone; CPU iPhone OS 15_6_1 like Mac OS X) AppleWebKit/605.1.15 (KHTML, like Gecko) Version/15.6.1 Mobile/15E148 Safari/604.1" "ysfine.com"
89.156.64.79 - - [26/Feb/2023:23:19:18 -0800] "GET /style/yasukuni22b.jpg HTTP/1.1" 200 35342 "https://ysfine.com/style/songs.html" "Mozilla/5.0 (iPhone; CPU iPhone OS 15_6_1 like Mac OS X) AppleWebKit/605.1.15 (KHTML, like Gecko) Version/15.6.1 Mobile/15E148 Safari/604.1" "ysfine.com"
89.156.64.79 - - [26/Feb/2023:23:19:18 -0800] "GET /style/fujiyama2.jpg HTTP/1.1" 200 47368 "https://ysfine.com/style/songs.html" "Mozilla/5.0 (iPhone; CPU iPhone OS 15_6_1 like Mac OS X) AppleWebKit/605.1.15 (KHTML, like Gecko) Version/15.6.1 Mobile/15E148 Safari/604.1" "ysfine.com"
89.156.64.79 - - [26/Feb/2023:23:19:18 -0800] "GET /style/mieko22b.jpg HTTP/1.1" 200 41674 "https://ysfine.com/style/songs.html" "Mozilla/5.0 (iPhone; CPU iPhone OS 15_6_1 like Mac OS X) AppleWebKit/605.1.15 (KHTML, like Gecko) Version/15.6.1 Mobile/15E148 Safari/604.1" "ysfine.com"
89.156.64.79 - - [26/Feb/2023:23:19:18 -0800] "GET /style/chulmo2.jpg HTTP/1.1" 200 49387 "https://ysfine.com/style/songs.html" "Mozilla/5.0 (iPhone; CPU iPhone OS 15_6_1 like Mac OS X) AppleWebKit/605.1.15 (KHTML, like Gecko) Version/15.6.1 Mobile/15E148 Safari/604.1" "ysfine.com"
89.156.64.79 - - [26/Feb/2023:23:19:18 -0800] "GET /kobak/kimkoo01b.jpg HTTP/1.1" 200 35261 "https://ysfine.com/style/songs.html" "Mozilla/5.0 (iPhone; CPU iPhone OS 15_6_1 like Mac OS X) AppleWebKit/605.1.15 (KHTML, like Gecko) Version/15.6.1 Mobile/15E148 Safari/604.1" "ysfine.com"
89.156.64.79 - - [26/Feb/2023:23:19:18 -0800] "GET /style/hibari11b.jpg HTTP/1.1" 200 35625 "https://ysfine.com/style/songs.html" "Mozilla/5.0 (iPhone; CPU iPhone OS 15_6_1 like Mac OS X) AppleWebKit/605.1.15 (KHTML, like Gecko) Version/15.6.1 Mobile/15E148 Safari/604.1" "ysfine.com"
89.156.64.79 - - [26/Feb/2023:23:19:18 -0800] "GET /style/verdi11b.jpg HTTP/1.1" 200 40111 "https://ysfine.com/style/songs.html" "Mozilla/5.0 (iPhone; CPU iPhone OS 15_6_1 like Mac OS X) AppleWebKit/605.1.15 (KHTML, like Gecko) Version/15.6.1 Mobile/15E148 Safari/604.1" "ysfine.com"
89.156.64.79 - - [26/Feb/2023:23:19:18 -0800] "GET /style/yamato2.jpg HTTP/1.1" 200 33922 "https://ysfine.com/style/songs.html" "Mozilla/5.0 (iPhone; CPU iPhone OS 15_6_1 like Mac OS X) AppleWebKit/605.1.15 (KHTML, like Gecko) Version/15.6.1 Mobile/15E148 Safari/604.1" "ysfine.com"
89.156.64.79 - - [26/Feb/2023:23:19:18 -0800] "GET /style/xiangran22b.jpg HTTP/1.1" 200 56332 "https://ysfine.com/style/songs.html" "Mozilla/5.0 (iPhone; CPU iPhone OS 15_6_1 like Mac OS X) AppleWebKit/605.1.15 (KHTML, like Gecko) Version/15.6.1 Mobile/15E148 Safari/604.1" "ysfine.com"
89.156.64.79 - - [26/Feb/2023:23:19:18 -0800] "GET /kobak/jutlandia2.jpg HTTP/1.1" 200 34252 "https://ysfine.com/style/songs.html" "Mozilla/5.0 (iPhone; CPU iPhone OS 15_6_1 like Mac OS X) AppleWebKit/605.1.15 (KHTML, like Gecko) Version/15.6.1 Mobile/15E148 Safari/604.1" "ysfine.com"
89.156.64.79 - - [26/Feb/2023:23:19:18 -0800] "GET /style/beetho11b.jpg HTTP/1.1" 200 51004 "https://ysfine.com/style/songs.html" "Mozilla/5.0 (iPhone; CPU iPhone OS 15_6_1 like Mac OS X) AppleWebKit/605.1.15 (KHTML, like Gecko) Version/15.6.1 Mobile/15E148 Safari/604.1" "ysfine.com"
89.156.64.79 - - [26/Feb/2023:23:19:18 -0800] "GET /world/hungary/hunband01b.jpg HTTP/1.1" 200 46280 "https://ysfine.com/style/songs.html" "Mozilla/5.0 (iPhone; CPU iPhone OS 15_6_1 like Mac OS X) AppleWebKit/605.1.15 (KHTML, like Gecko) Version/15.6.1 Mobile/15E148 Safari/604.1" "ysfine.com"
89.156.64.79 - - [26/Feb/2023:23:19:18 -0800] "GET /world/germany/berlin005b.jpg HTTP/1.1" 200 31205 "https://ysfine.com/style/songs.html" "Mozilla/5.0 (iPhone; CPU iPhone OS 15_6_1 like Mac OS X) AppleWebKit/605.1.15 (KHTML, like Gecko) Version/15.6.1 Mobile/15E148 Safari/604.1" "ysfine.com"
89.156.64.79 - - [26/Feb/2023:23:19:24 -0800] "GET /favicon.ico HTTP/1.1" 404 88 "https://ysfine.com/style/songs.html" "Mozilla/5.0 (iPhone; CPU iPhone OS 15_6_1 like Mac OS X) AppleWebKit/605.1.15 (KHTML, like Gecko) Version/15.6.1 Mobile/15E148 Safari/604.1" "ysfine.com"
207.46.13.220 - - [26/Feb/2023:23:19:43 -0800] "GET /home/figs/sq55c.jpg HTTP/1.1" 200 29581 "-" "Mozilla/5.0 AppleWebKit/537.36 (KHTML, like Gecko; compatible; bingbot/2.0; +http://www.bing.com/bingbot.htm) Chrome/103.0.5060.134 Safari/537.36" "ysfine.com"
66.249.72.158 - - [26/Feb/2023:23:20:46 -0800] "GET /world/ital/padova10.jpg HTTP/1.1" 304 - "-" "Googlebot-Image/1.0" "ysfine.com"
5.188.210.38 - - [26/Feb/2023:23:21:44 -0800] "GET /world/visas.html HTTP/1.1" 200 7643 "https://www.ysfine.com/world/visas.html" "Mozilla/5.0 (Windows NT 6.2; Win64; x64) AppleWebKit/537.36 (KHTML, like Gecko) Chrome/90.0.4430.72 Safari/537.36" "www.ysfine.com"
125.143.67.156 - - [26/Feb/2023:23:21:49 -0800] "GET /feynman/feydirac.jpg HTTP/1.1" 200 98378 "https://www.google.com/" "Mozilla/5.0 (Windows NT 10.0; Win64; x64) AppleWebKit/537.36 (KHTML, like Gecko) Chrome/110.0.0.0 Safari/537.36 Edg/110.0.1587.56" "ysfine.com"
52.167.144.96 - - [26/Feb/2023:23:23:09 -0800] "GET /folks/india05.jpg HTTP/1.1" 200 68888 "-" "Mozilla/5.0 AppleWebKit/537.36 (KHTML, like Gecko; compatible; bingbot/2.0; +http://www.bing.com/bingbot.htm) Chrome/103.0.5060.134 Safari/537.36" "ysfine.com"
66.249.72.133 - - [26/Feb/2023:23:25:27 -0800] "GET /einstein/places/einha36.jpg HTTP/1.1" 200 86437 "-" "Googlebot-Image/1.0" "ysfine.com"
66.249.72.130 - - [26/Feb/2023:23:26:13 -0800] "GET /wigner/grandd.gif HTTP/1.1" 200 173153 "-" "Googlebot-Image/1.0" "ysfine.com"
52.167.144.40 - - [26/Feb/2023:23:26:47 -0800] "GET /bio/kobak/yskor.html HTTP/1.1" 404 88 "-" "Mozilla/5.0 AppleWebKit/537.36 (KHTML, like Gecko; compatible; bingbot/2.0; +http://www.bing.com/bingbot.htm) Chrome/103.0.5060.134 Safari/537.36" "ysfine.com"
77.75.79.31 - - [26/Feb/2023:23:27:34 -0800] "GET /princeton/cleve.html HTTP/1.1" 304 - "-" "Mozilla/5.0 (compatible; SeznamBot/4.0-RC1; +http://napoveda.seznam.cz/seznambot-intro/)" "ysfine.com"
114.119.148.189 - - [26/Feb/2023:23:27:36 -0800] "GET /home/home/fotos/seoul50k.jpg HTTP/1.1" 404 88 "https://ysfine.com/home/photobio.html" "Mozilla/5.0 (Linux; Android 7.0;) AppleWebKit/537.36 (KHTML, like Gecko) Mobile Safari/537.36 (compatible; PetalBot;+https://webmaster.petalsearch.com/site/petalbot)" "ysfine.com"
51.222.253.3 - - [26/Feb/2023:23:27:38 -0800] "GET /class54/class5480/Pictures/4.%C3%AA%C2%B8%C2%B0%C3%AB%C2%85%C2%90%C3%AC%C2%B4%C2%AC%C3%AC%C2%98%C2%81/?C=M;O=A HTTP/1.1" 200 995 "-" "Mozilla/5.0 (compatible; AhrefsBot/7.0; +http://ahrefs.com/robot/)" "www.ysfine.com"
173.252.83.17 - - [26/Feb/2023:23:28:42 -0800] "GET /kobak/taylor400.jpg HTTP/1.1" 200 56181 "-" "facebookexternalhit/1.1 (+http://www.facebook.com/externalhit_uatext.php)" "ysfine.com"
207.46.13.220 - - [26/Feb/2023:23:28:44 -0800] "GET /world/russ/arbat39.jpg HTTP/1.1" 200 125301 "-" "Mozilla/5.0 AppleWebKit/537.36 (KHTML, like Gecko; compatible; bingbot/2.0; +http://www.bing.com/bingbot.htm) Chrome/103.0.5060.134 Safari/537.36" "ysfine.com"
114.119.146.16 - - [26/Feb/2023:23:28:50 -0800] "GET /style/mushalls.html HTTP/1.1" 200 21398 "https://www.ysfine.com/wdc/waskor.html" "Mozilla/5.0 (Linux; Android 7.0;) AppleWebKit/537.36 (KHTML, like Gecko) Mobile Safari/537.36 (compatible; PetalBot;+https://webmaster.petalsearch.com/site/petalbot)" "www.ysfine.com"
216.244.66.229 - - [26/Feb/2023:23:29:05 -0800] "GET /robots.txt HTTP/1.1" 404 73 "-" "Mozilla/5.0 (compatible; DotBot/1.2; +https://opensiteexplorer.org/dotbot; help@moz.com)" "ysfine.com"
114.119.137.125 - - [26/Feb/2023:23:30:25 -0800] "GET /home/yspapers/inokim97c.jpg HTTP/1.1" 200 31832 "https://www.ysfine.com/home/yspapers/index.html" "Mozilla/5.0 (Linux; Android 7.0;) AppleWebKit/537.36 (KHTML, like Gecko) Mobile Safari/537.36 (compatible; PetalBot;+https://webmaster.petalsearch.com/site/petalbot)" "www.ysfine.com"
52.167.144.100 - - [26/Feb/2023:23:32:52 -0800] "GET /wdc/whouse03.jpg HTTP/1.1" 200 88237 "-" "Mozilla/5.0 AppleWebKit/537.36 (KHTML, like Gecko; compatible; bingbot/2.0; +http://www.bing.com/bingbot.htm) Chrome/103.0.5060.134 Safari/537.36" "ysfine.com"
173.252.83.4 - - [26/Feb/2023:23:33:07 -0800] "GET /kobak/1014b.jpg HTTP/1.1" 200 42115 "-" "facebookexternalhit/1.1 (+http://www.facebook.com/externalhit_uatext.php)" "ysfine.com"
66.249.72.130 - - [26/Feb/2023:23:33:56 -0800] "GET /archives/proceedings/boston/maclay.pdf HTTP/1.1" 200 242707 "-" "Mozilla/5.0 (Windows NT 10.0; Win64; x64)AppleWebKit/537.36 (KHTML, like Gecko) Chrome/91.0.4472.101 Safari/537.36 (compatible; GoogleOther)" "ysfine.com"
173.252.83.9 - - [26/Feb/2023:23:34:02 -0800] "GET /ffriends/amkor/amstu21c.jpg HTTP/1.1" 200 38124 "-" "facebookexternalhit/1.1 (+http://www.facebook.com/externalhit_uatext.php)" "ysfine.com"
207.46.13.220 - - [26/Feb/2023:23:35:16 -0800] "GET /maga/conic.html HTTP/1.1" 200 4049 "-" "Mozilla/5.0 AppleWebKit/537.36 (KHTML, like Gecko; compatible; bingbot/2.0; +http://www.bing.com/bingbot.htm) Chrome/103.0.5060.134 Safari/537.36" "www.ysfine.com"
216.244.66.229 - - [26/Feb/2023:23:35:19 -0800] "GET /world/baltic/Thumbs.db HTTP/1.1" 200 8192 "-" "Mozilla/5.0 (compatible; DotBot/1.2; +https://opensiteexplorer.org/dotbot; help@moz.com)" "ysfine.com"
216.244.66.229 - - [26/Feb/2023:23:35:24 -0800] "GET /world/ital/flor022.jpg HTTP/1.1" 200 247312 "-" "Mozilla/5.0 (compatible; DotBot/1.2; +https://opensiteexplorer.org/dotbot; help@moz.com)" "ysfine.com"
216.244.66.229 - - [26/Feb/2023:23:35:30 -0800] "GET /world/ital/itstud11.jpg HTTP/1.1" 200 70806 "-" "Mozilla/5.0 (compatible; DotBot/1.2; +https://opensiteexplorer.org/dotbot; help@moz.com)" "ysfine.com"
216.244.66.229 - - [26/Feb/2023:23:36:03 -0800] "GET /world/ital/padova15b.jpg HTTP/1.1" 200 40651 "-" "Mozilla/5.0 (compatible; DotBot/1.2; +https://opensiteexplorer.org/dotbot; help@moz.com)" "ysfine.com"
40.77.167.186 - - [26/Feb/2023:23:36:17 -0800] "GET /world/scandi/sto012.jpg HTTP/1.1" 200 90173 "-" "Mozilla/5.0 AppleWebKit/537.36 (KHTML, like Gecko; compatible; bingbot/2.0; +http://www.bing.com/bingbot.htm) Chrome/103.0.5060.134 Safari/537.36" "www.ysfine.com"
216.244.66.229 - - [26/Feb/2023:23:36:29 -0800] "GET /world/ital/padova31b.jpg HTTP/1.1" 200 41702 "-" "Mozilla/5.0 (compatible; DotBot/1.2; +https://opensiteexplorer.org/dotbot; help@moz.com)" "ysfine.com"
85.208.98.23 - - [26/Feb/2023:23:38:09 -0800] "GET /robots.txt HTTP/1.1" 404 88 "http://ysfine.com/robots.txt" "Mozilla/5.0 (compatible; SemrushBot-BA; +http://www.semrush.com/bot.html)" "ysfine.com"
173.252.83.1 - - [26/Feb/2023:23:38:25 -0800] "GET /wisdom/kimilsong01b.jpg HTTP/1.1" 200 31223 "-" "facebookexternalhit/1.1 (+http://www.facebook.com/externalhit_uatext.php)" "ysfine.com"
52.167.144.100 - - [26/Feb/2023:23:38:39 -0800] "GET /bio/style/proschanie.html HTTP/1.1" 404 88 "-" "Mozilla/5.0 AppleWebKit/537.36 (KHTML, like Gecko; compatible; bingbot/2.0; +http://www.bing.com/bingbot.htm) Chrome/103.0.5060.134 Safari/537.36" "ysfine.com"
216.244.66.229 - - [26/Feb/2023:23:38:45 -0800] "GET /class54/class5470/total_data/sub_775.htm HTTP/1.1" 200 13296 "-" "Mozilla/5.0 (compatible; DotBot/1.2; +https://opensiteexplorer.org/dotbot; help@moz.com)" "ysfine.com"
40.77.167.186 - - [26/Feb/2023:23:38:57 -0800] "GET /sbk/2008athens11.jpg HTTP/1.1" 200 230511 "-" "Mozilla/5.0 AppleWebKit/537.36 (KHTML, like Gecko; compatible; bingbot/2.0; +http://www.bing.com/bingbot.htm) Chrome/103.0.5060.134 Safari/537.36" "ysfine.com"
216.244.66.229 - - [26/Feb/2023:23:39:04 -0800] "GET /feynman/ppic/hyperell01.jpg HTTP/1.1" 200 26274 "-" "Mozilla/5.0 (compatible; DotBot/1.2; +https://opensiteexplorer.org/dotbot; help@moz.com)" "ysfine.com"
216.244.66.229 - - [26/Feb/2023:23:39:22 -0800] "GET /maga/phys/huy05.jpg HTTP/1.1" 200 233365 "-" "Mozilla/5.0 (compatible; DotBot/1.2; +https://opensiteexplorer.org/dotbot; help@moz.com)" "ysfine.com"
85.208.98.20 - - [26/Feb/2023:23:39:45 -0800] "GET /world/visas.html HTTP/1.1" 200 2626 "-" "Mozilla/5.0 (compatible; SemrushBot-BA; +http://www.semrush.com/bot.html)" "ysfine.com"
216.244.66.229 - - [26/Feb/2023:23:40:12 -0800] "GET /maga/phys/weylbook33.jpg HTTP/1.1" 200 257051 "-" "Mozilla/5.0 (compatible; DotBot/1.2; +https://opensiteexplorer.org/dotbot; help@moz.com)" "ysfine.com"
207.46.13.220 - - [26/Feb/2023:23:40:34 -0800] "GET /world/russ/novik22.jpg HTTP/1.1" 200 54549 "-" "Mozilla/5.0 AppleWebKit/537.36 (KHTML, like Gecko; compatible; bingbot/2.0; +http://www.bing.com/bingbot.htm) Chrome/103.0.5060.134 Safari/537.36" "ysfine.com"
216.244.66.229 - - [26/Feb/2023:23:40:54 -0800] "GET /sbk/1966niagara22.jpg HTTP/1.1" 200 212398 "-" "Mozilla/5.0 (compatible; DotBot/1.2; +https://opensiteexplorer.org/dotbot; help@moz.com)" "ysfine.com"
173.252.83.19 - - [26/Feb/2023:23:40:55 -0800] "GET /figs/pwk450.jpg HTTP/1.1" 200 84171 "-" "facebookexternalhit/1.1 (+http://www.facebook.com/externalhit_uatext.php)" "ysfine.com"
216.244.66.229 - - [26/Feb/2023:23:41:29 -0800] "GET /style/cameras/fed5.jpg HTTP/1.1" 200 85077 "-" "Mozilla/5.0 (compatible; DotBot/1.2; +https://opensiteexplorer.org/dotbot; help@moz.com)" "ysfine.com"
40.77.167.186 - - [26/Feb/2023:23:41:37 -0800] "GET /kobak/carbine22.jpg HTTP/1.1" 200 83498 "-" "Mozilla/5.0 AppleWebKit/537.36 (KHTML, like Gecko; compatible; bingbot/2.0; +http://www.bing.com/bingbot.htm) Chrome/103.0.5060.134 Safari/537.36" "www.ysfine.com"
216.244.66.229 - - [26/Feb/2023:23:42:04 -0800] "GET /style/cameras/japam11.jpg HTTP/1.1" 200 185069 "-" "Mozilla/5.0 (compatible; DotBot/1.2; +https://opensiteexplorer.org/dotbot; help@moz.com)" "ysfine.com"
216.244.66.229 - - [26/Feb/2023:23:42:38 -0800] "GET /style/cameras/leicafx22.jpg HTTP/1.1" 200 112070 "-" "Mozilla/5.0 (compatible; DotBot/1.2; +https://opensiteexplorer.org/dotbot; help@moz.com)" "ysfine.com"
216.244.66.229 - - [26/Feb/2023:23:43:19 -0800] "GET /usca/norl/canal01.jpg HTTP/1.1" 200 121560 "-" "Mozilla/5.0 (compatible; DotBot/1.2; +https://opensiteexplorer.org/dotbot; help@moz.com)" "ysfine.com"
216.244.66.229 - - [26/Feb/2023:23:43:57 -0800] "GET /usca/norl/missi27.jpg HTTP/1.1" 200 118741 "-" "Mozilla/5.0 (compatible; DotBot/1.2; +https://opensiteexplorer.org/dotbot; help@moz.com)" "ysfine.com"
207.46.13.223 - - [26/Feb/2023:23:44:27 -0800] "GET /wdc/stud72.jpg HTTP/1.1" 200 113626 "-" "Mozilla/5.0 AppleWebKit/537.36 (KHTML, like Gecko; compatible; bingbot/2.0; +http://www.bing.com/bingbot.htm) Chrome/103.0.5060.134 Safari/537.36" "ysfine.com"
216.244.66.229 - - [26/Feb/2023:23:44:35 -0800] "GET /wdc/whxmas/whxmas19.jpg HTTP/1.1" 200 134880 "-" "Mozilla/5.0 (compatible; DotBot/1.2; +https://opensiteexplorer.org/dotbot; help@moz.com)" "ysfine.com"
173.252.83.118 - - [26/Feb/2023:23:44:49 -0800] "GET /home/sq600c.jpg HTTP/1.1" 200 18492 "-" "facebookexternalhit/1.1 (+http://www.facebook.com/externalhit_uatext.php)" "ysfine.com"
66.249.72.133 - - [26/Feb/2023:23:45:01 -0800] "GET /world/ital/uffizi12b.jpg HTTP/1.1" 200 49310 "-" "Googlebot-Image/1.0" "ysfine.com"
52.167.144.40 - - [26/Feb/2023:23:45:07 -0800] "GET /world/china/dalian16.jpg HTTP/1.1" 200 76219 "-" "Mozilla/5.0 AppleWebKit/537.36 (KHTML, like Gecko; compatible; bingbot/2.0; +http://www.bing.com/bingbot.htm) Chrome/103.0.5060.134 Safari/537.36" "ysfine.com"
216.244.66.229 - - [26/Feb/2023:23:45:08 -0800] "GET /world/brit/britmu22.jpg HTTP/1.1" 200 121340 "-" "Mozilla/5.0 (compatible; DotBot/1.2; +https://opensiteexplorer.org/dotbot; help@moz.com)" "ysfine.com"
89.247.164.79 - - [26/Feb/2023:23:45:32 -0800] "GET /wigner/wiglittle.pdf HTTP/1.1" 200 2659296 "https://www.google.com/" "Mozilla/5.0 (Windows NT 10.0; Win64; x64; rv:109.0) Gecko/20100101 Firefox/110.0" "ysfine.com"
89.247.164.79 - - [26/Feb/2023:23:45:33 -0800] "GET /favicon.ico HTTP/1.1" 404 88 "https://ysfine.com/" "Mozilla/5.0 (Windows NT 10.0; Win64; x64; rv:109.0) Gecko/20100101 Firefox/110.0" "ysfine.com"
89.247.164.79 - - [26/Feb/2023:23:45:34 -0800] "GET /wigner/wiglittle.pdf HTTP/1.1" 206 37856 "https://www.google.com/" "Mozilla/5.0 (Windows NT 10.0; Win64; x64; rv:109.0) Gecko/20100101 Firefox/110.0" "ysfine.com"
216.244.66.229 - - [26/Feb/2023:23:45:37 -0800] "GET /world/china/beijing110.jpg HTTP/1.1" 200 165609 "-" "Mozilla/5.0 (compatible; DotBot/1.2; +https://opensiteexplorer.org/dotbot; help@moz.com)" "ysfine.com"
216.244.66.229 - - [26/Feb/2023:23:46:18 -0800] "GET /world/france/matisse53.jpg HTTP/1.1" 200 148107 "-" "Mozilla/5.0 (compatible; DotBot/1.2; +https://opensiteexplorer.org/dotbot; help@moz.com)" "ysfine.com"
216.244.66.229 - - [26/Feb/2023:23:46:53 -0800] "GET /world/france/metz07.jpg HTTP/1.1" 200 70585 "-" "Mozilla/5.0 (compatible; DotBot/1.2; +https://opensiteexplorer.org/dotbot; help@moz.com)" "ysfine.com"
216.244.66.229 - - [26/Feb/2023:23:47:24 -0800] "GET /world/france/stras08.jpg HTTP/1.1" 200 97076 "-" "Mozilla/5.0 (compatible; DotBot/1.2; +https://opensiteexplorer.org/dotbot; help@moz.com)" "ysfine.com"
207.46.13.223 - - [26/Feb/2023:23:47:48 -0800] "GET /ysbio/home/comet.html HTTP/1.1" 404 88 "-" "Mozilla/5.0 AppleWebKit/537.36 (KHTML, like Gecko; compatible; bingbot/2.0; +http://www.bing.com/bingbot.htm) Chrome/103.0.5060.134 Safari/537.36" "ysfine.com"
216.244.66.229 - - [26/Feb/2023:23:48:01 -0800] "GET /world/germany/berlin035.jpg HTTP/1.1" 200 90906 "-" "Mozilla/5.0 (compatible; DotBot/1.2; +https://opensiteexplorer.org/dotbot; help@moz.com)" "ysfine.com"
216.244.66.229 - - [26/Feb/2023:23:48:33 -0800] "GET /world/germany/berlin041.jpg HTTP/1.1" 200 80000 "-" "Mozilla/5.0 (compatible; DotBot/1.2; +https://opensiteexplorer.org/dotbot; help@moz.com)" "ysfine.com"
207.46.13.220 - - [26/Feb/2023:23:49:02 -0800] "GET /bio.html HTTP/1.1" 200 18260 "-" "Mozilla/5.0 AppleWebKit/537.36 (KHTML, like Gecko; compatible; bingbot/2.0; +http://www.bing.com/bingbot.htm) Chrome/103.0.5060.134 Safari/537.36" "ysfine.com"
216.244.66.229 - - [26/Feb/2023:23:49:06 -0800] "GET /world/germany/muc063.jpg HTTP/1.1" 200 87985 "-" "Mozilla/5.0 (compatible; DotBot/1.2; +https://opensiteexplorer.org/dotbot; help@moz.com)" "ysfine.com"
216.244.66.229 - - [26/Feb/2023:23:49:33 -0800] "GET /world/hungary/buda106.jpg HTTP/1.1" 200 78392 "-" "Mozilla/5.0 (compatible; DotBot/1.2; +https://opensiteexplorer.org/dotbot; help@moz.com)" "ysfine.com"
71.178.208.102 - - [26/Feb/2023:23:49:56 -0800] "GET /ys11/ HTTP/1.1" 304 - "-" "Mozilla/5.0 (Windows NT 10.0; Win64; x64) AppleWebKit/537.36 (KHTML, like Gecko) Chrome/110.0.0.0 Safari/537.36 Edg/110.0.1587.56" "ysfine.com"
216.244.66.229 - - [26/Feb/2023:23:49:58 -0800] "GET /world/hungary/buda207.jpg HTTP/1.1" 200 118749 "-" "Mozilla/5.0 (compatible; DotBot/1.2; +https://opensiteexplorer.org/dotbot; help@moz.com)" "ysfine.com"
71.178.208.102 - - [26/Feb/2023:23:50:01 -0800] "GET /auto/bio08.html HTTP/1.1" 200 6748 "https://ysfine.com/ys11/" "Mozilla/5.0 (Windows NT 10.0; Win64; x64) AppleWebKit/537.36 (KHTML, like Gecko) Chrome/110.0.0.0 Safari/537.36 Edg/110.0.1587.56" "ysfine.com"
216.244.66.229 - - [26/Feb/2023:23:50:25 -0800] "GET /world/poland/gdnu20.jpg HTTP/1.1" 200 84363 "-" "Mozilla/5.0 (compatible; DotBot/1.2; +https://opensiteexplorer.org/dotbot; help@moz.com)" "ysfine.com"
173.252.83.24 - - [26/Feb/2023:23:50:31 -0800] "GET /people/lipkin02b.jpg HTTP/1.1" 200 44829 "-" "facebookexternalhit/1.1 (+http://www.facebook.com/externalhit_uatext.php)" "ysfine.com"
216.244.66.229 - - [26/Feb/2023:23:50:48 -0800] "GET /world/russ/gum16.jpg HTTP/1.1" 200 112306 "-" "Mozilla/5.0 (compatible; DotBot/1.2; +https://opensiteexplorer.org/dotbot; help@moz.com)" "ysfine.com"
216.244.66.229 - - [26/Feb/2023:23:51:19 -0800] "GET /world/russ/krem03.jpg HTTP/1.1" 200 127335 "-" "Mozilla/5.0 (compatible; DotBot/1.2; +https://opensiteexplorer.org/dotbot; help@moz.com)" "ysfine.com"
216.244.66.229 - - [26/Feb/2023:23:52:00 -0800] "GET /world/russ/minskf10.jpg HTTP/1.1" 200 107672 "-" "Mozilla/5.0 (compatible; DotBot/1.2; +https://opensiteexplorer.org/dotbot; help@moz.com)" "ysfine.com"
95.163.255.80 - - [26/Feb/2023:23:52:33 -0800] "GET /robots.txt HTTP/1.1" 404 73 "-" "Mozilla/5.0 (compatible; Linux x86_64; Mail.RU_Bot/Img/2.0; +https://help.mail.ru/webmaster/indexing/robots)" "www.ysfine.com"
216.244.66.229 - - [26/Feb/2023:23:52:37 -0800] "GET /world/russ/moschurch05.jpg HTTP/1.1" 200 75417 "-" "Mozilla/5.0 (compatible; DotBot/1.2; +https://opensiteexplorer.org/dotbot; help@moz.com)" "ysfine.com"
216.244.66.229 - - [26/Feb/2023:23:53:07 -0800] "GET /world/russ/mosmusic54.jpg HTTP/1.1" 200 71253 "-" "Mozilla/5.0 (compatible; DotBot/1.2; +https://opensiteexplorer.org/dotbot; help@moz.com)" "ysfine.com"
216.244.66.229 - - [26/Feb/2023:23:53:36 -0800] "GET /world/russ/mosriver23.jpg HTTP/1.1" 200 122975 "-" "Mozilla/5.0 (compatible; DotBot/1.2; +https://opensiteexplorer.org/dotbot; help@moz.com)" "ysfine.com"
216.244.66.229 - - [26/Feb/2023:23:54:04 -0800] "GET /world/russ/spbc08.jpg HTTP/1.1" 200 105049 "-" "Mozilla/5.0 (compatible; DotBot/1.2; +https://opensiteexplorer.org/dotbot; help@moz.com)" "ysfine.com"
216.115.235.170 - - [26/Feb/2023:23:54:21 -0800] "GET /kobak/sl628.jpg HTTP/1.1" 200 225100 "https://images.search.yahoo.com/search/images?p=photos+of+seoul%2C+korea+during+the+korean+war&fr=yfp-t-s&imgurl=https%3A%2F%2Fkoreanwarlegacy.org%2Fwp-content%2Fuploads%2F2018%2F10%2Fflickr2920403744.jpg" "Mozilla/5.0 (Windows NT 10.0; Win64; x64) AppleWebKit/537.36 (KHTML, like Gecko) Chrome/109.0.0.0 Safari/537.36" "ysfine.com"
216.244.66.229 - - [26/Feb/2023:23:54:30 -0800] "GET /world/ital/rome132b.jpg HTTP/1.1" 200 28808 "-" "Mozilla/5.0 (compatible; DotBot/1.2; +https://opensiteexplorer.org/dotbot; help@moz.com)" "ysfine.com"
52.167.144.40 - - [26/Feb/2023:23:54:50 -0800] "GET /world/ital/milvio04b.jpg HTTP/1.1" 200 33950 "-" "Mozilla/5.0 AppleWebKit/537.36 (KHTML, like Gecko; compatible; bingbot/2.0; +http://www.bing.com/bingbot.htm) Chrome/103.0.5060.134 Safari/537.36" "ysfine.com"
216.244.66.229 - - [26/Feb/2023:23:54:56 -0800] "GET /world/ital/stcroce14b.jpg HTTP/1.1" 200 41904 "-" "Mozilla/5.0 (compatible; DotBot/1.2; +https://opensiteexplorer.org/dotbot; help@moz.com)" "ysfine.com"
207.46.13.220 - - [26/Feb/2023:23:54:57 -0800] "GET /world/scandi/norw21.jpg HTTP/1.1" 200 94450 "-" "Mozilla/5.0 AppleWebKit/537.36 (KHTML, like Gecko; compatible; bingbot/2.0; +http://www.bing.com/bingbot.htm) Chrome/103.0.5060.134 Safari/537.36" "ysfine.com"
216.244.66.229 - - [26/Feb/2023:23:55:22 -0800] "GET /world/ital/venicef10b.jpg HTTP/1.1" 200 51264 "-" "Mozilla/5.0 (compatible; DotBot/1.2; +https://opensiteexplorer.org/dotbot; help@moz.com)" "ysfine.com"
193.186.4.148 - - [26/Feb/2023:23:55:31 -0800] "GET /dirac/dirk62.html HTTP/1.1" 200 3949 "-" "Mozilla/5.0 (Linux; Android 10; K) AppleWebKit/537.36 (KHTML, like Gecko) Chrome/110.0.0.0 Mobile Safari/537.36" "ysfine.com"
216.244.66.229 - - [26/Feb/2023:23:55:46 -0800] "GET /world/ital/venicej15.jpg HTTP/1.1" 200 108659 "-" "Mozilla/5.0 (compatible; DotBot/1.2; +https://opensiteexplorer.org/dotbot; help@moz.com)" "ysfine.com"
3.211.110.80 - - [26/Feb/2023:23:56:07 -0800] "GET /style/lincolnc.jpg HTTP/1.1" 200 85474 "-" "Mozilla/5.0 (X11; Ubuntu; Linux x86_64; rv:72.0) Gecko/20100101 Firefox/72.0" "ysfine.com"
216.244.66.229 - - [26/Feb/2023:23:56:09 -0800] "GET /world/ital/veronasis01c.jpg HTTP/1.1" 200 42009 "-" "Mozilla/5.0 (compatible; DotBot/1.2; +https://opensiteexplorer.org/dotbot; help@moz.com)" "ysfine.com"
40.77.167.210 - - [26/Feb/2023:23:56:15 -0800] "GET /world/israel/jeru08.jpg HTTP/1.1" 200 179588 "-" "Mozilla/5.0 AppleWebKit/537.36 (KHTML, like Gecko; compatible; bingbot/2.0; +http://www.bing.com/bingbot.htm) Chrome/103.0.5060.134 Safari/537.36" "ysfine.com"
95.163.255.81 - - [26/Feb/2023:23:56:25 -0800] "GET /world/china/dalian72.jpg HTTP/1.1" 200 89129 "http://go.mail.ru/search_images" "Mozilla/5.0 (compatible; Linux x86_64; Mail.RU_Bot/Img/2.0; +https://help.mail.ru/webmaster/indexing/robots)" "www.ysfine.com"
207.46.13.223 - - [26/Feb/2023:23:56:49 -0800] "GET /wdc/waskor014b.jpg HTTP/1.1" 200 26478 "-" "Mozilla/5.0 AppleWebKit/537.36 (KHTML, like Gecko; compatible; bingbot/2.0; +http://www.bing.com/bingbot.htm) Chrome/103.0.5060.134 Safari/537.36" "ysfine.com"
40.77.167.186 - - [26/Feb/2023:23:57:11 -0800] "GET /feynman/restof11.jpg HTTP/1.1" 200 92124 "-" "Mozilla/5.0 AppleWebKit/537.36 (KHTML, like Gecko; compatible; bingbot/2.0; +http://www.bing.com/bingbot.htm) Chrome/103.0.5060.134 Safari/537.36" "www.ysfine.com"
51.222.253.19 - - [26/Feb/2023:23:57:28 -0800] "GET /class54/index.html HTTP/1.1" 200 2554 "-" "Mozilla/5.0 (compatible; AhrefsBot/7.0; +http://ahrefs.com/robot/)" "www.ysfine.com"
40.77.167.210 - - [26/Feb/2023:23:57:34 -0800] "GET /style/cameras/1996ys11.jpg HTTP/1.1" 200 88805 "-" "Mozilla/5.0 AppleWebKit/537.36 (KHTML, like Gecko; compatible; bingbot/2.0; +http://www.bing.com/bingbot.htm) Chrome/103.0.5060.134 Safari/537.36" "ysfine.com"
207.46.13.223 - - [26/Feb/2023:23:57:58 -0800] "GET /world/russ/koryo33b.jpg HTTP/1.1" 200 40206 "-" "Mozilla/5.0 AppleWebKit/537.36 (KHTML, like Gecko; compatible; bingbot/2.0; +http://www.bing.com/bingbot.htm) Chrome/103.0.5060.134 Safari/537.36" "ysfine.com"
173.252.83.2 - - [26/Feb/2023:23:58:00 -0800] "GET /kobak/jeep11.jpg HTTP/1.1" 200 84055 "-" "facebookexternalhit/1.1 (+http://www.facebook.com/externalhit_uatext.php)" "ysfine.com"
40.77.167.186 - - [26/Feb/2023:23:58:39 -0800] "GET /world/baltic/lithu21.jpg HTTP/1.1" 200 70342 "-" "Mozilla/5.0 AppleWebKit/537.36 (KHTML, like Gecko; compatible; bingbot/2.0; +http://www.bing.com/bingbot.htm) Chrome/103.0.5060.134 Safari/537.36" "ysfine.com"
52.167.144.40 - - [26/Feb/2023:23:59:11 -0800] "GET /bio/style/artlove.html HTTP/1.1" 404 88 "-" "Mozilla/5.0 AppleWebKit/537.36 (KHTML, like Gecko; compatible; bingbot/2.0; +http://www.bing.com/bingbot.htm) Chrome/103.0.5060.134 Safari/537.36" "ysfine.com"
173.252.83.18 - - [26/Feb/2023:23:59:16 -0800] "GET /world/ital/palermo02b.jpg HTTP/1.1" 200 38842 "-" "facebookexternalhit/1.1 (+http://www.facebook.com/externalhit_uatext.php)" "ysfine.com"
173.252.83.23 - - [26/Feb/2023:23:59:27 -0800] "GET /ffriends/amkor/amgermany01c.jpg HTTP/1.1" 200 50215 "-" "facebookexternalhit/1.1 (+http://www.facebook.com/externalhit_uatext.php)" "ysfine.com"
40.77.167.186 - - [27/Feb/2023:00:00:01 -0800] "GET /wigner/neum/pvn02.jpg HTTP/1.1" 200 76348 "-" "Mozilla/5.0 AppleWebKit/537.36 (KHTML, like Gecko; compatible; bingbot/2.0; +http://www.bing.com/bingbot.htm) Chrome/103.0.5060.134 Safari/537.36" "www.ysfine.com"
71.178.208.102 - - [27/Feb/2023:00:01:14 -0800] "GET /auto/bio12.html HTTP/1.1" 200 1847 "https://ysfine.com/ys11/" "Mozilla/5.0 (Windows NT 10.0; Win64; x64) AppleWebKit/537.36 (KHTML, like Gecko) Chrome/110.0.0.0 Safari/537.36 Edg/110.0.1587.56" "ysfine.com"
71.178.208.102 - - [27/Feb/2023:00:01:19 -0800] "GET /auto/bio13.html HTTP/1.1" 200 12724 "https://ysfine.com/ys11/" "Mozilla/5.0 (Windows NT 10.0; Win64; x64) AppleWebKit/537.36 (KHTML, like Gecko) Chrome/110.0.0.0 Safari/537.36 Edg/110.0.1587.56" "ysfine.com"
52.167.144.40 - - [27/Feb/2023:00:01:20 -0800] "GET /maga/phys/farad27b.jpg HTTP/1.1" 200 36986 "-" "Mozilla/5.0 AppleWebKit/537.36 (KHTML, like Gecko; compatible; bingbot/2.0; +http://www.bing.com/bingbot.htm) Chrome/103.0.5060.134 Safari/537.36" "ysfine.com"
71.178.208.102 - - [27/Feb/2023:00:01:24 -0800] "GET /auto/bio09.html HTTP/1.1" 200 6139 "https://ysfine.com/ys11/" "Mozilla/5.0 (Windows NT 10.0; Win64; x64) AppleWebKit/537.36 (KHTML, like Gecko) Chrome/110.0.0.0 Safari/537.36 Edg/110.0.1587.56" "ysfine.com"
71.178.208.102 - - [27/Feb/2023:00:01:28 -0800] "GET /auto/bio10.html HTTP/1.1" 200 255 "https://ysfine.com/ys11/" "Mozilla/5.0 (Windows NT 10.0; Win64; x64) AppleWebKit/537.36 (KHTML, like Gecko) Chrome/110.0.0.0 Safari/537.36 Edg/110.0.1587.56" "ysfine.com"
71.178.208.102 - - [27/Feb/2023:00:01:40 -0800] "GET /auto/bio19.html HTTP/1.1" 200 10534 "https://ysfine.com/ys11/" "Mozilla/5.0 (Windows NT 10.0; Win64; x64) AppleWebKit/537.36 (KHTML, like Gecko) Chrome/110.0.0.0 Safari/537.36 Edg/110.0.1587.56" "ysfine.com"
52.167.144.40 - - [27/Feb/2023:00:01:41 -0800] "GET /wdc/whxmas/whxmas12.jpg HTTP/1.1" 200 85147 "-" "Mozilla/5.0 AppleWebKit/537.36 (KHTML, like Gecko; compatible; bingbot/2.0; +http://www.bing.com/bingbot.htm) Chrome/103.0.5060.134 Safari/537.36" "ysfine.com"
52.167.144.40 - - [27/Feb/2023:00:02:21 -0800] "GET /world/hungary/buda043.jpg HTTP/1.1" 200 112469 "-" "Mozilla/5.0 AppleWebKit/537.36 (KHTML, like Gecko; compatible; bingbot/2.0; +http://www.bing.com/bingbot.htm) Chrome/103.0.5060.134 Safari/537.36" "ysfine.com"
66.249.75.108 - - [27/Feb/2023:00:02:31 -0800] "GET /robots.txt HTTP/1.1" 404 88 "-" "Mozilla/5.0 (compatible; Googlebot/2.1; +http://www.google.com/bot.html)" "www.ysfine.com"
66.249.75.104 - - [27/Feb/2023:00:02:31 -0800] "GET /wisdom/cotton11b.jpg HTTP/1.1" 304 - "-" "Googlebot-Image/1.0" "www.ysfine.com"
95.163.255.61 - - [27/Feb/2023:00:03:21 -0800] "GET /world/kazanw.html HTTP/1.1" 404 88 "http://go.mail.ru/search_images" "Mozilla/5.0 (compatible; Linux x86_64; Mail.RU_Bot/Img/2.0; +https://help.mail.ru/webmaster/indexing/robots)" "www.ysfine.com"
136.158.70.42 - - [27/Feb/2023:00:04:44 -0800] "GET /kowar/tanks/garand01.jpg HTTP/1.1" 200 91975 "https://images.search.yahoo.com/search/images;_ylt=AwrO563jY_xjKBQ3cTFXNyoA;_ylu=Y29sbwNncTEEcG9zAzEEdnRpZANMT0MwODlDXzEEc2VjA3BpdnM-?p=John+C.+Garand+personalities+behind+the+evolution+of+firearm&fr2=piv-web&type=E210US91215G0&fr=mcafee" "Mozilla/5.0 (Windows NT 10.0; Win64; x64) AppleWebKit/537.36 (KHTML, like Gecko) Chrome/110.0.0.0 Safari/537.36" "www.ysfine.com"
173.252.83.116 - - [27/Feb/2023:00:04:51 -0800] "GET /ffriends/amkor/kostu05b.jpg HTTP/1.1" 200 40744 "-" "facebookexternalhit/1.1 (+http://www.facebook.com/externalhit_uatext.php)" "ysfine.com"
173.252.83.2 - - [27/Feb/2023:00:04:55 -0800] "GET /world/japan/nara005b.jpg HTTP/1.1" 200 49269 "-" "facebookexternalhit/1.1 (+http://www.facebook.com/externalhit_uatext.php)" "ysfine.com"
173.252.83.7 - - [27/Feb/2023:00:05:02 -0800] "GET /usca/pitt/pghrail11d.jpg HTTP/1.1" 200 45999 "-" "facebookexternalhit/1.1 (+http://www.facebook.com/externalhit_uatext.php)" "ysfine.com"
207.46.13.223 - - [27/Feb/2023:00:05:58 -0800] "GET /world/russ/kiev008.jpg HTTP/1.1" 200 60978 "-" "Mozilla/5.0 AppleWebKit/537.36 (KHTML, like Gecko; compatible; bingbot/2.0; +http://www.bing.com/bingbot.htm) Chrome/103.0.5060.134 Safari/537.36" "ysfine.com"
51.222.253.19 - - [27/Feb/2023:00:06:38 -0800] "GET /style/chopingr.html HTTP/1.1" 200 364 "-" "Mozilla/5.0 (compatible; AhrefsBot/7.0; +http://ahrefs.com/robot/)" "ysfine.com"
51.222.253.11 - - [27/Feb/2023:00:06:41 -0800] "GET /style/chopingr22.jpg HTTP/1.1" 200 59814 "-" "Mozilla/5.0 (compatible; AhrefsBot/7.0; +http://ahrefs.com/robot/)" "ysfine.com"
207.46.13.223 - - [27/Feb/2023:00:06:48 -0800] "GET /princeton/campus.html HTTP/1.1" 200 15141 "-" "Mozilla/5.0 AppleWebKit/537.36 (KHTML, like Gecko; compatible; bingbot/2.0; +http://www.bing.com/bingbot.htm) Chrome/103.0.5060.134 Safari/537.36" "www.ysfine.com"
173.252.83.117 - - [27/Feb/2023:00:07:09 -0800] "GET /fotos/kids20a.jpg HTTP/1.1" 200 58866 "-" "facebookexternalhit/1.1 (+http://www.facebook.com/externalhit_uatext.php)" "ysfine.com"
85.208.98.23 - - [27/Feb/2023:00:08:53 -0800] "GET /robots.txt HTTP/1.1" 404 88 "http://www.ysfine.com/robots.txt" "Mozilla/5.0 (compatible; SemrushBot-BA; +http://www.semrush.com/bot.html)" "www.ysfine.com"
207.46.13.223 - - [27/Feb/2023:00:09:08 -0800] "GET /feynman/restof55.jpg HTTP/1.1" 200 72520 "-" "Mozilla/5.0 AppleWebKit/537.36 (KHTML, like Gecko; compatible; bingbot/2.0; +http://www.bing.com/bingbot.htm) Chrome/103.0.5060.134 Safari/537.36" "www.ysfine.com"
85.208.98.24 - - [27/Feb/2023:00:09:27 -0800] "GET /world/visas.html HTTP/1.1" 200 2626 "-" "Mozilla/5.0 (compatible; SemrushBot-BA; +http://www.semrush.com/bot.html)" "www.ysfine.com"
66.249.72.130 - - [27/Feb/2023:00:09:37 -0800] "GET /world/germany/hegel21.jpg HTTP/1.1" 304 - "-" "Googlebot-Image/1.0" "ysfine.com"
207.46.13.223 - - [27/Feb/2023:00:09:49 -0800] "GET /princeton/campus.html HTTP/1.1" 200 15141 "-" "Mozilla/5.0 AppleWebKit/537.36 (KHTML, like Gecko; compatible; bingbot/2.0; +http://www.bing.com/bingbot.htm) Chrome/103.0.5060.134 Safari/537.36" "www.ysfine.com"
85.208.98.16 - - [27/Feb/2023:00:09:50 -0800] "GET /ysbio/world/visas.html HTTP/1.1" 404 88 "-" "Mozilla/5.0 (compatible; SemrushBot-BA; +http://www.semrush.com/bot.html)" "www.ysfine.com"
40.77.167.210 - - [27/Feb/2023:00:09:56 -0800] "GET /world/japan/nara005b.jpg HTTP/1.1" 200 49269 "-" "Mozilla/5.0 AppleWebKit/537.36 (KHTML, like Gecko; compatible; bingbot/2.0; +http://www.bing.com/bingbot.htm) Chrome/103.0.5060.134 Safari/537.36" "ysfine.com"
207.46.13.223 - - [27/Feb/2023:00:10:00 -0800] "GET /sbk/2009rome11.jpg HTTP/1.1" 200 191357 "-" "Mozilla/5.0 AppleWebKit/537.36 (KHTML, like Gecko; compatible; bingbot/2.0; +http://www.bing.com/bingbot.htm) Chrome/103.0.5060.134 Safari/537.36" "ysfine.com"
114.119.156.77 - - [27/Feb/2023:00:10:56 -0800] "GET /wdc/washmo.html HTTP/1.1" 200 1374 "-" "Mozilla/5.0 (Linux; Android 7.0;) AppleWebKit/537.36 (KHTML, like Gecko) Mobile Safari/537.36 (compatible; PetalBot;+https://webmaster.petalsearch.com/site/petalbot)" "ysfine.com"
71.178.208.102 - - [27/Feb/2023:00:11:02 -0800] "GET /ys22/dondon.html HTTP/1.1" 401 90 "https://ysfine.com/ys11/" "Mozilla/5.0 (Windows NT 10.0; Win64; x64) AppleWebKit/537.36 (KHTML, like Gecko) Chrome/110.0.0.0 Safari/537.36 Edg/110.0.1587.56" "ysfine.com"
71.178.208.102 - - [27/Feb/2023:00:11:14 -0800] "GET /ys11/index.html HTTP/1.1" 304 - "https://www.bing.com/" "Mozilla/5.0 (Windows NT 10.0; Win64; x64; rv:109.0) Gecko/20100101 Firefox/110.0" "www.ysfine.com"
71.178.208.102 - - [27/Feb/2023:00:11:18 -0800] "GET /ys22/dondon.html HTTP/1.1" 401 90 "https://www.ysfine.com/ys11/index.html" "Mozilla/5.0 (Windows NT 10.0; Win64; x64; rv:109.0) Gecko/20100101 Firefox/110.0" "www.ysfine.com"
207.46.13.223 - - [27/Feb/2023:00:11:19 -0800] "GET /world/russ/kazan062.jpg HTTP/1.1" 200 71141 "-" "Mozilla/5.0 AppleWebKit/537.36 (KHTML, like Gecko; compatible; bingbot/2.0; +http://www.bing.com/bingbot.htm) Chrome/103.0.5060.134 Safari/537.36" "ysfine.com"
71.178.208.102 - jake [27/Feb/2023:00:11:19 -0800] "GET /ys22/dondon.html HTTP/1.1" 304 - "https://www.ysfine.com/ys11/index.html" "Mozilla/5.0 (Windows NT 10.0; Win64; x64; rv:109.0) Gecko/20100101 Firefox/110.0" "www.ysfine.com"
52.167.144.40 - - [27/Feb/2023:00:11:43 -0800] "GET /bio/kobak/yskor.html HTTP/1.1" 404 88 "-" "Mozilla/5.0 AppleWebKit/537.36 (KHTML, like Gecko; compatible; bingbot/2.0; +http://www.bing.com/bingbot.htm) Chrome/103.0.5060.134 Safari/537.36" "ysfine.com"
51.222.253.16 - - [27/Feb/2023:00:12:00 -0800] "GET /kowar/tanks/tank54.jpg HTTP/1.1" 200 76330 "-" "Mozilla/5.0 (compatible; AhrefsBot/7.0; +http://ahrefs.com/robot/)" "ysfine.com"
18.214.133.41 - - [27/Feb/2023:00:13:01 -0800] "GET /yspapers/aipproc2005.pdf HTTP/1.1" 200 138062 "-" "Mozilla/5.0 (Windows NT x.y; Win64; x64; rv:10.0) Gecko/20100101 Firefox/10.0" "www.ysfine.com"
18.214.133.41 - - [27/Feb/2023:00:13:01 -0800] "GET /kobak/sohnjd.pdf HTTP/1.1" 200 3257358 "-" "Mozilla/5.0 (Windows NT x.y; Win64; x64; rv:10.0) Gecko/20100101 Firefox/10.0" "www.ysfine.com"
18.214.133.41 - - [27/Feb/2023:00:13:01 -0800] "GET /yspapers/hangz11.pdf HTTP/1.1" 200 407406 "https://www.ysfine.com/yspapers/hangz11.pdf" "Mozilla/5.0 (Windows NT x.y; Win64; x64; rv:10.0) Gecko/20100101 Firefox/10.0" "www.ysfine.com"
18.214.133.41 - - [27/Feb/2023:00:13:01 -0800] "GET /yspapers/optacti.pdf HTTP/1.1" 200 98358 "-" "Mozilla/5.0 (Windows NT x.y; Win64; x64; rv:10.0) Gecko/20100101 Firefox/10.0" "www.ysfine.com"
18.214.133.41 - - [27/Feb/2023:00:13:02 -0800] "GET /yspapers/kim89.pdf HTTP/1.1" 200 304160 "-" "Mozilla/5.0 (Windows NT x.y; Win64; x64; rv:10.0) Gecko/20100101 Firefox/10.0" "www.ysfine.com"
18.214.133.41 - - [27/Feb/2023:00:13:02 -0800] "GET /yspapers/iopbook22.pdf HTTP/1.1" 200 2950375 "-" "Mozilla/5.0 (Windows NT x.y; Win64; x64; rv:10.0) Gecko/20100101 Firefox/10.0" "www.ysfine.com"
18.214.133.41 - - [27/Feb/2023:00:13:02 -0800] "GET /wigner/wiglittle.pdf HTTP/1.1" 200 2659296 "https://www.ysfine.com/wigner/wiglittle.pdf" "Mozilla/5.0 (Windows NT x.y; Win64; x64; rv:10.0) Gecko/20100101 Firefox/10.0" "www.ysfine.com"
18.214.133.41 - - [27/Feb/2023:00:13:02 -0800] "GET /yspapers/phpr.pdf HTTP/1.1" 200 132409 "-" "Mozilla/5.0 (Windows NT x.y; Win64; x64; rv:10.0) Gecko/20100101 Firefox/10.0" "www.ysfine.com"
18.214.133.41 - - [27/Feb/2023:00:13:02 -0800] "GET /yspapers/symmetry14.pdf HTTP/1.1" 200 1079264 "-" "Mozilla/5.0 (Windows NT x.y; Win64; x64; rv:10.0) Gecko/20100101 Firefox/10.0" "www.ysfine.com"
18.214.133.41 - - [27/Feb/2023:00:13:02 -0800] "GET /yspapers/keigel22.pdf HTTP/1.1" 200 19875749 "https://www.ysfine.com/yspapers/keigel22.pdf" "Mozilla/5.0 (Windows NT x.y; Win64; x64; rv:10.0) Gecko/20100101 Firefox/10.0" "www.ysfine.com"
40.77.167.186 - - [27/Feb/2023:00:13:21 -0800] "GET /bio/einstein/places/ulm06c.jpg HTTP/1.1" 404 88 "-" "Mozilla/5.0 AppleWebKit/537.36 (KHTML, like Gecko; compatible; bingbot/2.0; +http://www.bing.com/bingbot.htm) Chrome/103.0.5060.134 Safari/537.36" "ysfine.com"
173.252.83.3 - - [27/Feb/2023:00:13:22 -0800] "GET /world/russ/filippov01b.jpg HTTP/1.1" 200 45154 "-" "facebookexternalhit/1.1 (+http://www.facebook.com/externalhit_uatext.php)" "ysfine.com"
34.207.195.53 - - [27/Feb/2023:00:13:42 -0800] "GET /world/ysworld.html HTTP/1.1" 200 3224 "https://www.google.com/" "Mozilla/5.0 (Windows NT 10.0; Win64; x64) AppleWebKit/537.36 (KHTML, like Gecko) Chrome/79.0.3945.130 Safari/537.36" "ysfine.com"
52.167.144.96 - - [27/Feb/2023:00:14:14 -0800] "GET /style/smithonian.jpg HTTP/1.1" 200 88645 "-" "Mozilla/5.0 AppleWebKit/537.36 (KHTML, like Gecko; compatible; bingbot/2.0; +http://www.bing.com/bingbot.htm) Chrome/103.0.5060.134 Safari/537.36" "ysfine.com"
52.167.144.96 - - [27/Feb/2023:00:14:53 -0800] "GET /ysbio/kobak/sorae/underw.html HTTP/1.1" 404 88 "-" "Mozilla/5.0 AppleWebKit/537.36 (KHTML, like Gecko; compatible; bingbot/2.0; +http://www.bing.com/bingbot.htm) Chrome/103.0.5060.134 Safari/537.36" "ysfine.com"
71.178.208.102 - - [27/Feb/2023:00:15:00 -0800] "GET /fdx/index.html HTTP/1.1" 401 90 "https://ysfine.com/ys11/" "Mozilla/5.0 (Windows NT 10.0; Win64; x64) AppleWebKit/537.36 (KHTML, like Gecko) Chrome/110.0.0.0 Safari/537.36 Edg/110.0.1587.56" "ysfine.com"
40.77.167.186 - - [27/Feb/2023:00:16:52 -0800] "GET /style/hamako33b.jpg HTTP/1.1" 200 44854 "-" "Mozilla/5.0 AppleWebKit/537.36 (KHTML, like Gecko; compatible; bingbot/2.0; +http://www.bing.com/bingbot.htm) Chrome/103.0.5060.134 Safari/537.36" "ysfine.com"
51.222.253.12 - - [27/Feb/2023:00:16:53 -0800] "GET /maga/schrodein.html HTTP/1.1" 200 5672 "-" "Mozilla/5.0 (compatible; AhrefsBot/7.0; +http://ahrefs.com/robot/)" "ysfine.com"
51.222.253.1 - - [27/Feb/2023:00:16:55 -0800] "GET /maga/phys/schrod08b.jpg HTTP/1.1" 200 34216 "-" "Mozilla/5.0 (compatible; AhrefsBot/7.0; +http://ahrefs.com/robot/)" "ysfine.com"
51.222.253.18 - - [27/Feb/2023:00:16:55 -0800] "GET /world/poland/jablo01b.jpg HTTP/1.1" 200 39801 "-" "Mozilla/5.0 (compatible; AhrefsBot/7.0; +http://ahrefs.com/robot/)" "ysfine.com"
51.222.253.1 - - [27/Feb/2023:00:16:56 -0800] "GET /home/comet10b.jpg HTTP/1.1" 200 63249 "-" "Mozilla/5.0 (compatible; AhrefsBot/7.0; +http://ahrefs.com/robot/)" "ysfine.com"
51.222.253.6 - - [27/Feb/2023:00:16:56 -0800] "GET /maga/phys/schrod07b.jpg HTTP/1.1" 200 39702 "-" "Mozilla/5.0 (compatible; AhrefsBot/7.0; +http://ahrefs.com/robot/)" "ysfine.com"
51.222.253.14 - - [27/Feb/2023:00:16:57 -0800] "GET /maga/phys/solvayc27c.jpg HTTP/1.1" 200 53464 "-" "Mozilla/5.0 (compatible; AhrefsBot/7.0; +http://ahrefs.com/robot/)" "ysfine.com"
51.222.253.14 - - [27/Feb/2023:00:16:57 -0800] "GET /maga/phys/tsepa11b.jpg HTTP/1.1" 200 40401 "-" "Mozilla/5.0 (compatible; AhrefsBot/7.0; +http://ahrefs.com/robot/)" "ysfine.com"
51.222.253.17 - - [27/Feb/2023:00:16:57 -0800] "GET /einstein/newton55b.jpg HTTP/1.1" 200 20261 "-" "Mozilla/5.0 (compatible; AhrefsBot/7.0; +http://ahrefs.com/robot/)" "ysfine.com"
51.222.253.9 - - [27/Feb/2023:00:16:58 -0800] "GET /maga/phys/schrod37b.jpg HTTP/1.1" 200 60678 "-" "Mozilla/5.0 (compatible; AhrefsBot/7.0; +http://ahrefs.com/robot/)" "ysfine.com"
51.222.253.1 - - [27/Feb/2023:00:16:58 -0800] "GET /dirac/dirac63b.jpg HTTP/1.1" 200 41617 "-" "Mozilla/5.0 (compatible; AhrefsBot/7.0; +http://ahrefs.com/robot/)" "ysfine.com"
51.222.253.18 - - [27/Feb/2023:00:16:58 -0800] "GET /dirac/dirac44b.jpg HTTP/1.1" 200 36136 "-" "Mozilla/5.0 (compatible; AhrefsBot/7.0; +http://ahrefs.com/robot/)" "ysfine.com"
51.222.253.16 - - [27/Feb/2023:00:16:59 -0800] "GET /maga/phys/schrod03b.jpg HTTP/1.1" 200 59475 "-" "Mozilla/5.0 (compatible; AhrefsBot/7.0; +http://ahrefs.com/robot/)" "ysfine.com"
51.222.253.12 - - [27/Feb/2023:00:17:00 -0800] "GET /maga/phys/schrod33b.jpg HTTP/1.1" 200 48626 "-" "Mozilla/5.0 (compatible; AhrefsBot/7.0; +http://ahrefs.com/robot/)" "ysfine.com"
207.46.13.223 - - [27/Feb/2023:00:17:21 -0800] "GET /einstein/places/ulm05.jpg HTTP/1.1" 200 123607 "-" "Mozilla/5.0 AppleWebKit/537.36 (KHTML, like Gecko; compatible; bingbot/2.0; +http://www.bing.com/bingbot.htm) Chrome/103.0.5060.134 Safari/537.36" "ysfine.com"
173.252.83.117 - - [27/Feb/2023:00:18:18 -0800] "GET /kobak/underw02b.jpg HTTP/1.1" 200 30874 "-" "facebookexternalhit/1.1 (+http://www.facebook.com/externalhit_uatext.php)" "ysfine.com"
71.178.208.102 - - [27/Feb/2023:00:18:19 -0800] "GET /auto/bio10.html HTTP/1.1" 200 2179 "https://ysfine.com/ys11/" "Mozilla/5.0 (Windows NT 10.0; Win64; x64) AppleWebKit/537.36 (KHTML, like Gecko) Chrome/110.0.0.0 Safari/537.36 Edg/110.0.1587.56" "ysfine.com"
71.178.208.102 - - [27/Feb/2023:00:18:38 -0800] "GET /auto/bio10.html HTTP/1.1" 304 - "https://ysfine.com/ys11/" "Mozilla/5.0 (Windows NT 10.0; Win64; x64) AppleWebKit/537.36 (KHTML, like Gecko) Chrome/110.0.0.0 Safari/537.36 Edg/110.0.1587.56" "ysfine.com"
71.178.208.102 - - [27/Feb/2023:00:18:49 -0800] "GET /auto/bio08.html HTTP/1.1" 200 6758 "https://ysfine.com/ys11/" "Mozilla/5.0 (Windows NT 10.0; Win64; x64) AppleWebKit/537.36 (KHTML, like Gecko) Chrome/110.0.0.0 Safari/537.36 Edg/110.0.1587.56" "ysfine.com"
52.167.144.40 - - [27/Feb/2023:00:19:14 -0800] "GET /sbk/1994harv33.jpg HTTP/1.1" 200 195451 "-" "Mozilla/5.0 AppleWebKit/537.36 (KHTML, like Gecko; compatible; bingbot/2.0; +http://www.bing.com/bingbot.htm) Chrome/103.0.5060.134 Safari/537.36" "www.ysfine.com"
173.252.83.14 - - [27/Feb/2023:00:19:53 -0800] "GET /world/russ/spbf04b.jpg HTTP/1.1" 200 48016 "-" "facebookexternalhit/1.1 (+http://www.facebook.com/externalhit_uatext.php)" "ysfine.com"
207.46.13.220 - - [27/Feb/2023:00:20:29 -0800] "GET /folks/philipine15b.jpg HTTP/1.1" 200 46250 "-" "Mozilla/5.0 AppleWebKit/537.36 (KHTML, like Gecko; compatible; bingbot/2.0; +http://www.bing.com/bingbot.htm) Chrome/103.0.5060.134 Safari/537.36" "ysfine.com"
97.83.20.75 - - [27/Feb/2023:00:21:36 -0800] "GET /dirac/dirbust22.jpg HTTP/1.1" 200 88173 "http://www.ysfine.com/dirac/dirkim.html" "webcollage/1.182" "ysfine.com"
195.135.50.126 - - [27/Feb/2023:00:22:05 -0800] "GET /wigner/neupol.html HTTP/1.1" 200 1742 "https://www.google.co.uk/" "Mozilla/5.0 (Macintosh; Intel Mac OS X 10_15_7) AppleWebKit/605.1.15 (KHTML, like Gecko) Version/16.2 Safari/605.1.15" "ysfine.com"
195.135.50.126 - - [27/Feb/2023:00:22:06 -0800] "GET /wigner/hk88b.jpg HTTP/1.1" 200 41438 "https://ysfine.com/wigner/neupol.html" "Mozilla/5.0 (Macintosh; Intel Mac OS X 10_15_7) AppleWebKit/605.1.15 (KHTML, like Gecko) Version/16.2 Safari/605.1.15" "ysfine.com"
195.135.50.126 - - [27/Feb/2023:00:22:06 -0800] "GET /wigner/neupol01b.jpg HTTP/1.1" 200 30797 "https://ysfine.com/wigner/neupol.html" "Mozilla/5.0 (Macintosh; Intel Mac OS X 10_15_7) AppleWebKit/605.1.15 (KHTML, like Gecko) Version/16.2 Safari/605.1.15" "ysfine.com"
